186.155.198.81 - - [09/Jun/2016:08:37:45 -0500] "GET /galeria/nivo-slider/nivo-slider.css HTTP/1.1" 200 1507
186.155.198.81 - - [09/Jun/2016:08:37:45 -0500] "GET /galeria/nivo-slider/demo/style.css HTTP/1.1" 200 2222
186.155.198.81 - - [09/Jun/2016:08:37:45 -0500] "GET /galeria/nivo-slider/demo/scripts/jquery-1.7.1.min.js HTTP/1.1" 200 93868
186.155.198.81 - - [09/Jun/2016:08:37:45 -0500] "GET /galeria/nivo-slider/demo/images/convocatoriasecretaria.jpg HTTP/1.1" 200 129365
186.155.198.81 - - [09/Jun/2016:08:37:45 -0500] "GET /galeria/nivo-slider/jquery.nivo.slider.pack.js HTTP/1.1" 200 11561
186.155.198.81 - - [09/Jun/2016:08:37:45 -0500] "GET /galeria/nivo-slider/themes/default/loading.gif HTTP/1.1" 200 1737
186.155.198.81 - - [09/Jun/2016:08:37:45 -0500] "GET /galeria/nivo-slider/demo/images/4Simple_Slider.png HTTP/1.1" 200 11722
186.155.198.81 - - [09/Jun/2016:08:37:45 -0500] "GET /galeria/nivo-slider/demo/images/vegetal.jpg HTTP/1.1" 200 216080
186.155.198.81 - - [09/Jun/2016:08:37:45 -0500] "GET /galeria/nivo-slider/demo/images/BANNERWELOVEBOGOTA.jpg HTTP/1.1" 200 122775
186.155.198.81 - - [09/Jun/2016:08:37:45 -0500] "GET /galeria/nivo-slider/demo/images/bannergenCAPACITACIONES-01.jpg HTTP/1.1" 200 153433
186.155.198.81 - - [09/Jun/2016:08:37:45 -0500] "GET /galeria/nivo-slider/demo/images/Banner_wgic.jpg HTTP/1.1" 200 139000
186.155.198.81 - - [09/Jun/2016:08:37:45 -0500] "GET /galeria/nivo-slider/demo/images/BANNERBOMBILLAS2.jpg HTTP/1.1" 200 106552
186.155.198.81 - - [09/Jun/2016:08:37:45 -0500] "GET /galeria/nivo-slider/demo/images/ecolecta2016.jpg HTTP/1.1" 200 147170
186.155.198.81 - - [09/Jun/2016:08:37:46 -0500] "GET /galeria/nivo-slider/demo/images/ABC-Plan-de-contigencia.jpg HTTP/1.1" 200 423901
186.58.130.117 - - [09/Jun/2016:08:37:38 -0500] "GET /PORTAL_SIAC/swf/Residuos/textiles/files/guia_textiles.pdf HTTP/1.1" 206 5421860
186.85.106.177 - - [09/Jun/2016:08:37:46 -0500] "POST /forms/lservlet;jsessionid=ac16012b30d61d33f47318c3427fba56ac6fc176761e.e3iSbxaKaheRe34Tax0PchuKax90n6jAmljGr5XDqQLvpAe HTTP/1.1" 200 2
186.155.198.81 - - [09/Jun/2016:08:37:46 -0500] "GET /galeria/nivo-slider/demo/images/banner-llantas2015.jpg HTTP/1.1" 200 268366
186.85.106.177 - - [09/Jun/2016:08:37:46 -0500] "POST /forms/lservlet;jsessionid=ac16012b30d61d33f47318c3427fba56ac6fc176761e.e3iSbxaKaheRe34Tax0PchuKax90n6jAmljGr5XDqQLvpAe HTTP/1.1" 200 699
186.85.106.177 - - [09/Jun/2016:08:37:46 -0500] "GET /imagenes/Srch_frw.gif HTTP/1.1" 200 925
186.155.198.81 - - [09/Jun/2016:08:37:46 -0500] "GET /galeria/nivo-slider/demo/images/caminata-ecologica.jpg HTTP/1.1" 200 192926
186.85.106.177 - - [09/Jun/2016:08:37:46 -0500] "POST /forms/lservlet;jsessionid=ac16012b30d61d33f47318c3427fba56ac6fc176761e.e3iSbxaKaheRe34Tax0PchuKax90n6jAmljGr5XDqQLvpAe HTTP/1.1" 200 10
186.155.198.81 - - [09/Jun/2016:08:37:46 -0500] "GET /galeria/nivo-slider/demo/images/Cmapana-onestidad.jpg HTTP/1.1" 200 141638
186.155.198.81 - - [09/Jun/2016:08:37:46 -0500] "GET /galeria/nivo-slider/demo/images/banner-llantas2.jpg HTTP/1.1" 200 234514
186.155.198.81 - - [09/Jun/2016:08:37:47 -0500] "GET /galeria/nivo-slider/demo/images/9Signos.jpg HTTP/1.1" 200 81776
198.49.128.234 - - [09/Jun/2016:08:37:47 -0500] "GET /galeria/galeria/jquery.fancybox.css?v=2.1.5 HTTP/1.1" 200 4895
198.49.128.234 - - [09/Jun/2016:08:37:47 -0500] "GET /galeria/carrusel/Carrusel/jquery.thumbnailScroller.js HTTP/1.1" 200 8157
186.155.198.81 - - [09/Jun/2016:08:37:47 -0500] "GET /galeria/nivo-slider/demo/images/Ruta-vertimientos-01.jpg HTTP/1.1" 200 130151
186.155.198.81 - - [09/Jun/2016:08:37:47 -0500] "GET /galeria/nivo-slider/demo/images/bolsas-06.jpg HTTP/1.1" 200 210950
186.85.106.177 - - [09/Jun/2016:08:37:47 -0500] "POST /forms/lservlet;jsessionid=ac16012b30d61d33f47318c3427fba56ac6fc176761e.e3iSbxaKaheRe34Tax0PchuKax90n6jAmljGr5XDqQLvpAe HTTP/1.1" 200 2
186.85.106.177 - - [09/Jun/2016:08:37:47 -0500] "POST /forms/lservlet;jsessionid=ac16012b30d61d33f47318c3427fba56ac6fc176761e.e3iSbxaKaheRe34Tax0PchuKax90n6jAmljGr5XDqQLvpAe HTTP/1.1" 200 239
186.85.106.177 - - [09/Jun/2016:08:37:48 -0500] "POST /forms/lservlet;jsessionid=ac16012b30d61d33f47318c3427fba56ac6fc176761e.e3iSbxaKaheRe34Tax0PchuKax90n6jAmljGr5XDqQLvpAe HTTP/1.1" 200 44
186.85.106.177 - - [09/Jun/2016:08:37:48 -0500] "POST /forms/lservlet;jsessionid=ac16012b30d61d33f47318c3427fba56ac6fc176761e.e3iSbxaKaheRe34Tax0PchuKax90n6jAmljGr5XDqQLvpAe HTTP/1.1" 200 15
186.155.198.81 - - [09/Jun/2016:08:37:48 -0500] "GET /galeria/nivo-slider/themes/default/bullets.png HTTP/1.1" 200 1281
186.85.106.177 - - [09/Jun/2016:08:37:49 -0500] "POST /forms/lservlet;jsessionid=ac16012b30d61d33f47318c3427fba56ac6fc176761e.e3iSbxaKaheRe34Tax0PchuKax90n6jAmljGr5XDqQLvpAe HTTP/1.1" 200 2
186.155.198.81 - - [09/Jun/2016:08:37:49 -0500] "GET /galeria/nivo-slider/themes/default/arrows.png HTTP/1.1" 200 824
108.59.8.80 - - [09/Jun/2016:08:37:50 -0500] "GET /StormSDA/userFiles/backup%2027-09-2012/2.jar HTTP/1.0" 200 1892
200.75.51.148 - - [09/Jun/2016:08:37:51 -0500] "GET /huelladecarbono/huella_carbono.html HTTP/1.1" 200 5190
200.75.51.148 - - [09/Jun/2016:08:37:51 -0500] "GET /huelladecarbono/Imagenes/HUELLA_TITLE.jpg HTTP/1.1" 200 8599
186.85.106.177 - - [09/Jun/2016:08:37:51 -0500] "POST /forms/lservlet;jsessionid=ac16012b30d61d33f47318c3427fba56ac6fc176761e.e3iSbxaKaheRe34Tax0PchuKax90n6jAmljGr5XDqQLvpAe HTTP/1.1" 200 69
186.85.106.177 - - [09/Jun/2016:08:37:51 -0500] "POST /forms/lservlet;jsessionid=ac16012b30d61d33f47318c3427fba56ac6fc176761e.e3iSbxaKaheRe34Tax0PchuKax90n6jAmljGr5XDqQLvpAe HTTP/1.1" 200 29
198.49.128.234 - - [09/Jun/2016:08:37:51 -0500] "GET /galeria/nivo-slider/demo/demo.html HTTP/1.1" 200 4522
186.85.106.177 - - [09/Jun/2016:08:37:52 -0500] "POST /forms/lservlet;jsessionid=ac16012b30d61d33f47318c3427fba56ac6fc176761e.e3iSbxaKaheRe34Tax0PchuKax90n6jAmljGr5XDqQLvpAe HTTP/1.1" 200 64
201.245.192.253 - - [09/Jun/2016:08:37:53 -0500] "GET /galeria/nivo-slider/demo/demo.html HTTP/1.1" 200 4522
201.245.192.253 - - [09/Jun/2016:08:37:53 -0500] "GET /galeria/nivo-slider/demo/images/convocatoriasecretaria.jpg HTTP/1.1" 200 129365
201.245.192.253 - - [09/Jun/2016:08:37:53 -0500] "GET /galeria/nivo-slider/demo/images/vegetal.jpg HTTP/1.1" 200 216080
198.49.128.234 - - [09/Jun/2016:08:37:53 -0500] "GET /galeria/nivo-slider/nivo-slider.css HTTP/1.1" 200 1507
198.49.128.234 - - [09/Jun/2016:08:37:53 -0500] "GET /galeria/nivo-slider/themes/pascal/pascal.css HTTP/1.1" 200 2258
198.49.128.234 - - [09/Jun/2016:08:37:53 -0500] "GET /galeria/nivo-slider/themes/orman/orman.css HTTP/1.1" 200 2152
198.49.128.234 - - [09/Jun/2016:08:37:53 -0500] "GET /galeria/nivo-slider/demo/style.css HTTP/1.1" 200 2222
201.245.192.253 - - [09/Jun/2016:08:37:53 -0500] "GET /galeria/nivo-slider/demo/images/bannergenCAPACITACIONES-01.jpg HTTP/1.1" 304 -
201.245.192.253 - - [09/Jun/2016:08:37:53 -0500] "GET /galeria/nivo-slider/demo/images/BANNERBOMBILLAS2.jpg HTTP/1.1" 304 -
198.49.128.234 - - [09/Jun/2016:08:37:54 -0500] "GET /galeria/nivo-slider/demo/images/convocatoriasecretaria.jpg HTTP/1.1" 200 129365
198.49.128.234 - - [09/Jun/2016:08:37:54 -0500] "GET /galeria/nivo-slider/demo/scripts/jquery-1.7.1.min.js HTTP/1.1" 200 93868
186.85.106.177 - - [09/Jun/2016:08:37:55 -0500] "POST /forms/lservlet;jsessionid=ac16012b30d61d33f47318c3427fba56ac6fc176761e.e3iSbxaKaheRe34Tax0PchuKax90n6jAmljGr5XDqQLvpAe HTTP/1.1" 200 52
200.21.21.42 - - [09/Jun/2016:08:37:55 -0500] "GET /galeria/galeria/jquery.fancybox.css?v=2.1.5 HTTP/1.1" 200 4895
200.21.21.42 - - [09/Jun/2016:08:37:55 -0500] "GET /galeria/galeria/jquery.fancybox.js?v=2.1.5 HTTP/1.1" 200 48706
200.21.21.42 - - [09/Jun/2016:08:37:55 -0500] "GET /BLA/boletinlegal/js/jquery.scrollShow.js HTTP/1.1" 200 4586
198.49.128.234 - - [09/Jun/2016:08:37:58 -0500] "GET /galeria/nivo-slider/demo/images/bannergenCAPACITACIONES-01.jpg HTTP/1.1" 200 153433
198.49.128.234 - - [09/Jun/2016:08:37:58 -0500] "GET /galeria/nivo-slider/demo/images/BANNERWELOVEBOGOTA.jpg HTTP/1.1" 200 122775
186.30.182.15 - - [09/Jun/2016:08:37:59 -0500] "GET /galeria/galeria/jquery.fancybox.css?v=2.1.5 HTTP/1.1" 304 -
186.30.182.15 - - [09/Jun/2016:08:37:59 -0500] "GET /BLA/boletinlegal/js/jquery.scrollShow.js HTTP/1.1" 304 -
186.30.182.15 - - [09/Jun/2016:08:37:59 -0500] "GET /galeria/galeria/jquery.fancybox.js?v=2.1.5 HTTP/1.1" 304 -
198.49.128.234 - - [09/Jun/2016:08:38:01 -0500] "GET /galeria/nivo-slider/jquery.nivo.slider.pack.js HTTP/1.1" 200 11561
198.49.128.234 - - [09/Jun/2016:08:38:01 -0500] "GET /galeria/nivo-slider/demo/images/Banner_wgic.jpg HTTP/1.1" 200 139000
198.49.128.234 - - [09/Jun/2016:08:38:01 -0500] "GET /galeria/nivo-slider/demo/images/BANNERBOMBILLAS2.jpg HTTP/1.1" 200 106552
198.49.128.234 - - [09/Jun/2016:08:38:01 -0500] "GET /galeria/nivo-slider/demo/images/ecolecta2016.jpg HTTP/1.1" 200 147170
198.49.128.234 - - [09/Jun/2016:08:38:04 -0500] "GET /galeria/nivo-slider/demo/images/ABC-Plan-de-contigencia.jpg HTTP/1.1" 200 423901
186.85.106.177 - - [09/Jun/2016:08:38:04 -0500] "POST /forms/lservlet;jsessionid=ac16012b30d61d33f47318c3427fba56ac6fc176761e.e3iSbxaKaheRe34Tax0PchuKax90n6jAmljGr5XDqQLvpAe HTTP/1.1" 200 24
198.49.128.234 - - [09/Jun/2016:08:38:05 -0500] "GET /galeria/nivo-slider/themes/default/default.css HTTP/1.1" 200 1569
198.49.128.234 - - [09/Jun/2016:08:38:05 -0500] "GET /galeria/nivo-slider/demo/images/vegetal.jpg HTTP/1.1" 200 216080
186.85.106.177 - - [09/Jun/2016:08:38:04 -0500] "POST /forms/lservlet;jsessionid=ac16012b30d61d33f47318c3427fba56ac6fc176761e.e3iSbxaKaheRe34Tax0PchuKax90n6jAmljGr5XDqQLvpAe HTTP/1.1" 200 4982
186.85.106.177 - - [09/Jun/2016:08:38:05 -0500] "POST /forms/lservlet;jsessionid=ac16012b30d61d33f47318c3427fba56ac6fc176761e.e3iSbxaKaheRe34Tax0PchuKax90n6jAmljGr5XDqQLvpAe HTTP/1.1" 200 20
200.21.21.42 - - [09/Jun/2016:08:38:06 -0500] "GET /BLA/boletinlegal/js/jquery.scrollShow.js HTTP/1.1" 304 -
200.21.21.42 - - [09/Jun/2016:08:38:06 -0500] "GET /galeria/galeria/jquery.fancybox.js?v=2.1.5 HTTP/1.1" 304 -
200.21.21.42 - - [09/Jun/2016:08:38:06 -0500] "GET /galeria/galeria/jquery.fancybox.css?v=2.1.5 HTTP/1.1" 304 -
186.58.130.117 - - [09/Jun/2016:08:37:46 -0500] "GET /PORTAL_SIAC/swf/Residuos/textiles/files/guia_textiles.pdf HTTP/1.1" 206 1454946
198.49.128.234 - - [09/Jun/2016:08:38:08 -0500] "GET /galeria/nivo-slider/demo/images/banner-llantas2015.jpg HTTP/1.1" 200 268366
181.49.77.166 - - [09/Jun/2016:08:38:08 -0500] "POST /forms/lservlet;jsessionid=ac16012b30d6bb4c8f85c2dd41dda87ccae5dc9601ac.e3iSbxaKaheRe34Tax0PchuKax90n6jAmljGr5XDqQLvpAe HTTP/1.1" 200 2
198.49.128.234 - - [09/Jun/2016:08:38:09 -0500] "GET /galeria/nivo-slider/demo/images/caminata-ecologica.jpg HTTP/1.1" 200 192926
198.49.128.234 - - [09/Jun/2016:08:38:10 -0500] "GET /galeria/nivo-slider/demo/images/Cmapana-onestidad.jpg HTTP/1.1" 200 141638
198.49.128.234 - - [09/Jun/2016:08:38:10 -0500] "GET /galeria/nivo-slider/demo/images/banner-llantas2.jpg HTTP/1.1" 200 234514
198.49.128.234 - - [09/Jun/2016:08:38:11 -0500] "GET /galeria/nivo-slider/demo/images/9Signos.jpg HTTP/1.1" 200 81776
198.49.128.234 - - [09/Jun/2016:08:38:11 -0500] "GET /galeria/nivo-slider/demo/images/Ruta-vertimientos-01.jpg HTTP/1.1" 200 130151
198.49.128.234 - - [09/Jun/2016:08:38:11 -0500] "GET /galeria/nivo-slider/demo/images/bolsas-06.jpg HTTP/1.1" 200 210950
186.85.106.177 - - [09/Jun/2016:08:38:11 -0500] "POST /forms/lservlet;jsessionid=ac16012b30d61d33f47318c3427fba56ac6fc176761e.e3iSbxaKaheRe34Tax0PchuKax90n6jAmljGr5XDqQLvpAe HTTP/1.1" 200 2
186.85.106.177 - - [09/Jun/2016:08:38:11 -0500] "POST /forms/lservlet;jsessionid=ac16012b30d61d33f47318c3427fba56ac6fc176761e.e3iSbxaKaheRe34Tax0PchuKax90n6jAmljGr5XDqQLvpAe HTTP/1.1" 200 3214
186.85.106.177 - - [09/Jun/2016:08:38:12 -0500] "POST /forms/lservlet;jsessionid=ac16012b30d61d33f47318c3427fba56ac6fc176761e.e3iSbxaKaheRe34Tax0PchuKax90n6jAmljGr5XDqQLvpAe HTTP/1.1" 200 2
201.245.192.253 - - [09/Jun/2016:08:38:12 -0500] "GET /isolucionsda/g/Bot_MejoramientoOver_ESP.jpg HTTP/1.1" 200 6165
201.245.192.253 - - [09/Jun/2016:08:38:13 -0500] "GET /isolucionsda/g/Bot_AyudaOver.jpg HTTP/1.1" 200 1659
186.85.106.177 - - [09/Jun/2016:08:38:13 -0500] "POST /forms/lservlet;jsessionid=ac16012b30d61d33f47318c3427fba56ac6fc176761e.e3iSbxaKaheRe34Tax0PchuKax90n6jAmljGr5XDqQLvpAe HTTP/1.1" 200 2
201.245.192.253 - - [09/Jun/2016:08:38:13 -0500] "GET /isolucionsda/g/Bot_GlosarioOver.jpg HTTP/1.1" 200 1948
201.245.192.253 - - [09/Jun/2016:08:38:13 -0500] "GET /isolucionsda/g/Bot_DocumentosOver_ESP.jpg HTTP/1.1" 200 5899
186.85.106.177 - - [09/Jun/2016:08:38:13 -0500] "POST /forms/lservlet;jsessionid=ac16012b30d61d33f47318c3427fba56ac6fc176761e.e3iSbxaKaheRe34Tax0PchuKax90n6jAmljGr5XDqQLvpAe HTTP/1.1" 200 2365
108.59.8.80 - - [09/Jun/2016:08:38:13 -0500] "GET /StormSDA/userFiles/backup%2027-09-2012/85.jar HTTP/1.0" 200 2753
186.85.106.177 - - [09/Jun/2016:08:38:13 -0500] "POST /forms/lservlet;jsessionid=ac16012b30d61d33f47318c3427fba56ac6fc176761e.e3iSbxaKaheRe34Tax0PchuKax90n6jAmljGr5XDqQLvpAe HTTP/1.1" 200 2
186.85.106.177 - - [09/Jun/2016:08:38:15 -0500] "POST /forms/lservlet;jsessionid=ac16012b30d61d33f47318c3427fba56ac6fc176761e.e3iSbxaKaheRe34Tax0PchuKax90n6jAmljGr5XDqQLvpAe HTTP/1.1" 200 2
186.85.106.177 - - [09/Jun/2016:08:38:15 -0500] "POST /forms/lservlet;jsessionid=ac16012b30d61d33f47318c3427fba56ac6fc176761e.e3iSbxaKaheRe34Tax0PchuKax90n6jAmljGr5XDqQLvpAe HTTP/1.1" 200 2819
201.245.192.253 - - [09/Jun/2016:08:38:15 -0500] "GET /isolucionsda/FrameSetGeneral.asp?Pagina=Menu.asp&IdModulo=4 HTTP/1.1" 200 6583
186.85.106.177 - - [09/Jun/2016:08:38:15 -0500] "POST /forms/lservlet;jsessionid=ac16012b30d61d33f47318c3427fba56ac6fc176761e.e3iSbxaKaheRe34Tax0PchuKax90n6jAmljGr5XDqQLvpAe HTTP/1.1" 200 2
201.245.192.253 - - [09/Jun/2016:08:38:15 -0500] "GET /isolucionsda/BarraFavoritos.asp HTTP/1.1" 200 911
201.245.192.253 - - [09/Jun/2016:08:38:15 -0500] "GET /isolucionsda/Encabezado.asp?Pagina=Menu.asp&IdModulo=4 HTTP/1.1" 200 15421
201.245.192.253 - - [09/Jun/2016:08:38:15 -0500] "GET /isolucionsda/BarraTitulos.asp?Pagina=Menu.asp&IdModulo=4 HTTP/1.1" 200 6985
201.245.192.253 - - [09/Jun/2016:08:38:15 -0500] "GET /isolucionsda/Menu.asp?Pagina=Menu.asp&IdModulo=4 HTTP/1.1" 200 9695
201.245.192.253 - - [09/Jun/2016:08:38:15 -0500] "GET /isolucionsda/Session.asp?Continue=1 HTTP/1.1" 200 6323
201.245.192.253 - - [09/Jun/2016:08:38:16 -0500] "GET /isolucionsda/g/MenuIcono/ico_doc.jpg HTTP/1.1" 200 3103
201.245.192.253 - - [09/Jun/2016:08:38:16 -0500] "GET /isolucionsda/g/Img_BordeTitulo01.jpg HTTP/1.1" 200 444
201.245.192.253 - - [09/Jun/2016:08:38:16 -0500] "GET /isolucionsda/g/Img_BordeTitulo02.jpg HTTP/1.1" 200 451
186.58.130.117 - - [09/Jun/2016:08:38:07 -0500] "GET /PORTAL_SIAC/swf/Residuos/textiles/files/guia_textiles.pdf HTTP/1.1" 206 1241367
186.85.106.177 - - [09/Jun/2016:08:38:18 -0500] "POST /forms/lservlet;jsessionid=ac16012b30d61d33f47318c3427fba56ac6fc176761e.e3iSbxaKaheRe34Tax0PchuKax90n6jAmljGr5XDqQLvpAe HTTP/1.1" 200 2
186.85.106.177 - - [09/Jun/2016:08:38:18 -0500] "POST /forms/lservlet;jsessionid=ac16012b30d61d33f47318c3427fba56ac6fc176761e.e3iSbxaKaheRe34Tax0PchuKax90n6jAmljGr5XDqQLvpAe HTTP/1.1" 200 2608
186.85.106.177 - - [09/Jun/2016:08:38:18 -0500] "POST /forms/lservlet;jsessionid=ac16012b30d61d33f47318c3427fba56ac6fc176761e.e3iSbxaKaheRe34Tax0PchuKax90n6jAmljGr5XDqQLvpAe HTTP/1.1" 200 2
108.59.8.80 - - [09/Jun/2016:08:38:18 -0500] "GET /StormSDA/userFiles/backup%2027-09-2012/86.jar HTTP/1.0" 200 2753
186.85.106.177 - - [09/Jun/2016:08:38:19 -0500] "POST /forms/lservlet;jsessionid=ac16012b30d61d33f47318c3427fba56ac6fc176761e.e3iSbxaKaheRe34Tax0PchuKax90n6jAmljGr5XDqQLvpAe HTTP/1.1" 200 2
186.85.106.177 - - [09/Jun/2016:08:38:19 -0500] "POST /forms/lservlet;jsessionid=ac16012b30d61d33f47318c3427fba56ac6fc176761e.e3iSbxaKaheRe34Tax0PchuKax90n6jAmljGr5XDqQLvpAe HTTP/1.1" 200 3025
186.85.106.177 - - [09/Jun/2016:08:38:20 -0500] "POST /forms/lservlet;jsessionid=ac16012b30d61d33f47318c3427fba56ac6fc176761e.e3iSbxaKaheRe34Tax0PchuKax90n6jAmljGr5XDqQLvpAe HTTP/1.1" 200 2
108.59.8.80 - - [09/Jun/2016:08:38:20 -0500] "GET /StormSDA/userFiles/backup%2027-09-2012/87.jar HTTP/1.0" 200 2753
66.249.64.198 - - [09/Jun/2016:08:38:20 -0500] "GET /BLA/resoluciones/AUTOS%202014/5110.pdf HTTP/1.1" 304 -
108.59.8.80 - - [09/Jun/2016:08:38:21 -0500] "GET /StormSDA/userFiles/backup%2027-09-2012/88.jar HTTP/1.0" 200 2753
201.245.192.253 - - [09/Jun/2016:08:38:22 -0500] "GET /isolucionsda/FrameSetGeneral.asp?Pagina=ListadoMaestroDocumentosExternos3.asp HTTP/1.1" 200 6666
201.245.192.253 - - [09/Jun/2016:08:38:22 -0500] "GET /isolucionsda/BarraTitulos.asp?Pagina=ListadoMaestroDocumentosExternos3.asp HTTP/1.1" 200 6985
201.245.192.253 - - [09/Jun/2016:08:38:22 -0500] "GET /isolucionsda/Encabezado.asp?Pagina=ListadoMaestroDocumentosExternos3.asp HTTP/1.1" 200 15396
201.245.192.253 - - [09/Jun/2016:08:38:22 -0500] "GET /isolucionsda/BarraFavoritos.asp HTTP/1.1" 200 911
201.245.192.253 - - [09/Jun/2016:08:38:22 -0500] "GET /isolucionsda/Session.asp?Continue=1 HTTP/1.1" 200 6323
201.245.192.253 - - [09/Jun/2016:08:38:22 -0500] "GET /isolucionsda/ListadoMaestroDocumentosExternos3.asp?Pagina=ListadoMaestroDocumentosExternos3.asp HTTP/1.1" 200 9690
186.85.106.177 - - [09/Jun/2016:08:38:23 -0500] "POST /forms/lservlet;jsessionid=ac16012b30d61d33f47318c3427fba56ac6fc176761e.e3iSbxaKaheRe34Tax0PchuKax90n6jAmljGr5XDqQLvpAe HTTP/1.1" 200 99
198.49.128.234 - - [09/Jun/2016:08:38:26 -0500] "GET /galeria/nivo-slider/demo/images/4Simple_Slider.png HTTP/1.1" 200 11722
66.249.64.198 - - [09/Jun/2016:08:38:26 -0500] "GET /BLA/resoluciones/RESOLUCIONES%202007/RES%202007%201401%20AL%201500/RESOLUCION%201406%20DE%202007.pdf HTTP/1.1" 304 -
198.49.128.234 - - [09/Jun/2016:08:38:27 -0500] "GET /galeria/nivo-slider/themes/default/loading.gif HTTP/1.1" 200 1737
198.49.128.234 - - [09/Jun/2016:08:38:27 -0500] "GET /galeria/nivo-slider/themes/default/arrows.png HTTP/1.1" 200 824
198.49.128.234 - - [09/Jun/2016:08:38:28 -0500] "GET /galeria/nivo-slider/themes/default/bullets.png HTTP/1.1" 200 1281
186.85.106.177 - - [09/Jun/2016:08:38:28 -0500] "POST /forms/lservlet;jsessionid=ac16012b30d61d33f47318c3427fba56ac6fc176761e.e3iSbxaKaheRe34Tax0PchuKax90n6jAmljGr5XDqQLvpAe HTTP/1.1" 200 7
201.245.192.253 - - [09/Jun/2016:08:38:29 -0500] "GET /galeria/nivo-slider/demo/demo.html HTTP/1.1" 200 4522
186.85.106.177 - - [09/Jun/2016:08:38:28 -0500] "POST /forms/lservlet;jsessionid=ac16012b30d61d33f47318c3427fba56ac6fc176761e.e3iSbxaKaheRe34Tax0PchuKax90n6jAmljGr5XDqQLvpAe HTTP/1.1" 200 30350
186.85.106.177 - - [09/Jun/2016:08:38:30 -0500] "GET /imagenes/rt_print.gif HTTP/1.1" 200 916
186.85.106.177 - - [09/Jun/2016:08:38:30 -0500] "POST /forms/lservlet;jsessionid=ac16012b30d61d33f47318c3427fba56ac6fc176761e.e3iSbxaKaheRe34Tax0PchuKax90n6jAmljGr5XDqQLvpAe HTTP/1.1" 200 7
186.85.106.177 - - [09/Jun/2016:08:38:30 -0500] "POST /forms/lservlet;jsessionid=ac16012b30d61d33f47318c3427fba56ac6fc176761e.e3iSbxaKaheRe34Tax0PchuKax90n6jAmljGr5XDqQLvpAe HTTP/1.1" 200 27
186.85.106.177 - - [09/Jun/2016:08:38:30 -0500] "POST /forms/lservlet;jsessionid=ac16012b30d61d33f47318c3427fba56ac6fc176761e.e3iSbxaKaheRe34Tax0PchuKax90n6jAmljGr5XDqQLvpAe HTTP/1.1" 200 2
201.245.192.253 - - [09/Jun/2016:08:38:30 -0500] "POST /isolucionsda/ListadoMaestroDocumentosExternos3.asp HTTP/1.1" 200 16655
186.85.106.177 - - [09/Jun/2016:08:38:31 -0500] "POST /forms/lservlet;jsessionid=ac16012b30d61d33f47318c3427fba56ac6fc176761e.e3iSbxaKaheRe34Tax0PchuKax90n6jAmljGr5XDqQLvpAe HTTP/1.1" 200 7
186.85.106.177 - - [09/Jun/2016:08:38:31 -0500] "GET /imagenes/open.gif HTTP/1.1" 200 919
201.245.192.253 - - [09/Jun/2016:08:38:31 -0500] "GET /galeria/nivo-slider/demo/images/convocatoriasecretaria.jpg HTTP/1.1" 304 -
201.245.192.253 - - [09/Jun/2016:08:38:31 -0500] "GET /galeria/nivo-slider/demo/images/vegetal.jpg HTTP/1.1" 200 216080
66.249.64.198 - - [09/Jun/2016:08:38:31 -0500] "GET /BLA/resoluciones/RESOLUCIONES%202010/4626.pdf HTTP/1.1" 304 -
201.245.192.253 - - [09/Jun/2016:08:38:31 -0500] "GET /galeria/nivo-slider/demo/images/bannergenCAPACITACIONES-01.jpg HTTP/1.1" 304 -
108.59.8.80 - - [09/Jun/2016:08:38:31 -0500] "GET /StormSDA/userFiles/backup%2027-09-2012/89.jar HTTP/1.0" 200 2753
201.245.192.253 - - [09/Jun/2016:08:38:32 -0500] "GET /galeria/nivo-slider/demo/images/BANNERBOMBILLAS2.jpg HTTP/1.1" 304 -
201.245.192.253 - - [09/Jun/2016:08:38:32 -0500] "GET /galeria/nivo-slider/demo/images/banner-llantas2015.jpg HTTP/1.1" 304 -
201.245.192.253 - - [09/Jun/2016:08:38:33 -0500] "GET /galeria/nivo-slider/demo/images/caminata-ecologica.jpg HTTP/1.1" 304 -
201.245.192.253 - - [09/Jun/2016:08:38:33 -0500] "GET /galeria/nivo-slider/demo/images/banner-llantas2.jpg HTTP/1.1" 304 -
186.85.106.177 - - [09/Jun/2016:08:38:33 -0500] "POST /forms/lservlet;jsessionid=ac16012b30d61d33f47318c3427fba56ac6fc176761e.e3iSbxaKaheRe34Tax0PchuKax90n6jAmljGr5XDqQLvpAe HTTP/1.1" 200 63042
186.85.106.177 - - [09/Jun/2016:08:38:33 -0500] "POST /forms/lservlet;jsessionid=ac16012b30d61d33f47318c3427fba56ac6fc176761e.e3iSbxaKaheRe34Tax0PchuKax90n6jAmljGr5XDqQLvpAe HTTP/1.1" 200 8
186.85.106.177 - - [09/Jun/2016:08:38:33 -0500] "POST /forms/lservlet;jsessionid=ac16012b30d61d33f47318c3427fba56ac6fc176761e.e3iSbxaKaheRe34Tax0PchuKax90n6jAmljGr5XDqQLvpAe HTTP/1.1" 200 2
201.245.192.253 - - [09/Jun/2016:08:38:33 -0500] "GET /galeria/nivo-slider/demo/images/Ruta-vertimientos-01.jpg HTTP/1.1" 304 -
201.245.192.253 - - [09/Jun/2016:08:38:33 -0500] "GET /galeria/nivo-slider/demo/images/bolsas-06.jpg HTTP/1.1" 304 -
108.59.8.80 - - [09/Jun/2016:08:38:34 -0500] "GET /StormSDA/userFiles/backup%2027-09-2012/90.jar HTTP/1.0" 200 2753
190.9.203.65 - - [09/Jun/2016:08:38:34 -0500] "GET /BLA/boletinlegal/js/jquery.scrollShow.js HTTP/1.1" 200 4586
190.9.203.65 - - [09/Jun/2016:08:38:34 -0500] "GET /galeria/carrusel/Carrusel/jquery.thumbnailScroller.css HTTP/1.1" 200 2066
190.9.203.65 - - [09/Jun/2016:08:38:34 -0500] "GET /galeria/galeria/jquery.fancybox.css?v=2.1.5 HTTP/1.1" 200 4895
190.9.203.65 - - [09/Jun/2016:08:38:34 -0500] "GET /galeria/galeria/jquery.fancybox.js?v=2.1.5 HTTP/1.1" 200 48706
190.9.203.65 - - [09/Jun/2016:08:38:34 -0500] "GET /galeria/carrusel/Carrusel/jquery-ui-1.8.13.custom.min.js HTTP/1.1" 200 10800
190.9.203.65 - - [09/Jun/2016:08:38:34 -0500] "GET /galeria/carrusel/Carrusel/jquery.thumbnailScroller.js HTTP/1.1" 200 8157
190.9.203.65 - - [09/Jun/2016:08:38:36 -0500] "GET /galeria/nivo-slider/demo/demo.html HTTP/1.1" 200 4522
190.9.203.65 - - [09/Jun/2016:08:38:36 -0500] "GET /galeria/nivo-slider/themes/default/default.css HTTP/1.1" 200 1569
190.9.203.65 - - [09/Jun/2016:08:38:36 -0500] "GET /galeria/nivo-slider/themes/pascal/pascal.css HTTP/1.1" 200 2258
190.9.203.65 - - [09/Jun/2016:08:38:36 -0500] "GET /galeria/nivo-slider/themes/orman/orman.css HTTP/1.1" 200 2152
190.9.203.65 - - [09/Jun/2016:08:38:36 -0500] "GET /galeria/nivo-slider/demo/style.css HTTP/1.1" 200 2222
190.9.203.65 - - [09/Jun/2016:08:38:36 -0500] "GET /galeria/nivo-slider/demo/scripts/jquery-1.7.1.min.js HTTP/1.1" 200 93868
190.9.203.65 - - [09/Jun/2016:08:38:36 -0500] "GET /galeria/nivo-slider/nivo-slider.css HTTP/1.1" 200 1507
190.9.203.65 - - [09/Jun/2016:08:38:36 -0500] "GET /galeria/nivo-slider/jquery.nivo.slider.pack.js HTTP/1.1" 200 11561
190.9.203.65 - - [09/Jun/2016:08:38:36 -0500] "GET /galeria/nivo-slider/demo/images/convocatoriasecretaria.jpg HTTP/1.1" 200 129365
190.9.203.65 - - [09/Jun/2016:08:38:36 -0500] "GET /galeria/nivo-slider/demo/images/vegetal.jpg HTTP/1.1" 200 216080
190.9.203.65 - - [09/Jun/2016:08:38:36 -0500] "GET /galeria/nivo-slider/demo/images/BANNERWELOVEBOGOTA.jpg HTTP/1.1" 200 122775
190.9.203.65 - - [09/Jun/2016:08:38:36 -0500] "GET /galeria/nivo-slider/demo/images/bannergenCAPACITACIONES-01.jpg HTTP/1.1" 200 153433
190.9.203.65 - - [09/Jun/2016:08:38:36 -0500] "GET /galeria/nivo-slider/demo/images/Banner_wgic.jpg HTTP/1.1" 200 139000
190.9.203.65 - - [09/Jun/2016:08:38:37 -0500] "GET /galeria/nivo-slider/demo/images/BANNERBOMBILLAS2.jpg HTTP/1.1" 200 106552
190.9.203.65 - - [09/Jun/2016:08:38:37 -0500] "GET /galeria/nivo-slider/demo/images/ecolecta2016.jpg HTTP/1.1" 200 147170
190.9.203.65 - - [09/Jun/2016:08:38:38 -0500] "GET /galeria/nivo-slider/demo/images/ABC-Plan-de-contigencia.jpg HTTP/1.1" 200 423901
190.9.203.65 - - [09/Jun/2016:08:38:38 -0500] "GET /galeria/nivo-slider/demo/images/banner-llantas2015.jpg HTTP/1.1" 200 268366
108.59.8.80 - - [09/Jun/2016:08:38:38 -0500] "GET /StormSDA/userFiles/backup%2027-09-2012/91.jar HTTP/1.0" 200 2753
190.9.203.65 - - [09/Jun/2016:08:38:38 -0500] "GET /galeria/nivo-slider/demo/images/caminata-ecologica.jpg HTTP/1.1" 200 192926
190.9.203.65 - - [09/Jun/2016:08:38:39 -0500] "GET /galeria/nivo-slider/demo/images/Cmapana-onestidad.jpg HTTP/1.1" 200 141638
190.9.203.65 - - [09/Jun/2016:08:38:39 -0500] "GET /galeria/nivo-slider/demo/images/banner-llantas2.jpg HTTP/1.1" 200 234514
186.85.106.177 - - [09/Jun/2016:08:38:39 -0500] "POST /forms/lservlet;jsessionid=ac16012b30d61d33f47318c3427fba56ac6fc176761e.e3iSbxaKaheRe34Tax0PchuKax90n6jAmljGr5XDqQLvpAe HTTP/1.1" 200 1486
186.85.106.177 - - [09/Jun/2016:08:38:40 -0500] "POST /forms/lservlet;jsessionid=ac16012b30d61d33f47318c3427fba56ac6fc176761e.e3iSbxaKaheRe34Tax0PchuKax90n6jAmljGr5XDqQLvpAe HTTP/1.1" 200 2
186.85.106.177 - - [09/Jun/2016:08:38:40 -0500] "POST /forms/lservlet;jsessionid=ac16012b30d61d33f47318c3427fba56ac6fc176761e.e3iSbxaKaheRe34Tax0PchuKax90n6jAmljGr5XDqQLvpAe HTTP/1.1" 200 2
190.9.203.65 - - [09/Jun/2016:08:38:40 -0500] "GET /galeria/nivo-slider/demo/images/9Signos.jpg HTTP/1.1" 200 81776
190.9.203.65 - - [09/Jun/2016:08:38:40 -0500] "GET /galeria/nivo-slider/demo/images/Ruta-vertimientos-01.jpg HTTP/1.1" 200 130151
200.75.51.148 - - [09/Jun/2016:08:38:41 -0500] "GET /huelladecarbono/soluciones.html HTTP/1.1" 200 6658
200.75.51.148 - - [09/Jun/2016:08:38:41 -0500] "GET /huelladecarbono/Scripts/swfobject_modified.js HTTP/1.1" 200 22365
201.245.192.253 - - [09/Jun/2016:08:38:41 -0500] "GET /isolucionsda/g/Bot_MeciOver_ESP.jpg HTTP/1.1" 200 4440
200.75.51.148 - - [09/Jun/2016:08:38:41 -0500] "GET /huelladecarbono/soluciones2.swf HTTP/1.1" 200 44100
200.75.51.148 - - [09/Jun/2016:08:38:41 -0500] "GET /huelladecarbono/Imagenes/SOLUCION_TITLE.jpg HTTP/1.1" 200 5274
186.85.106.177 - - [09/Jun/2016:08:38:41 -0500] "POST /forms/lservlet;jsessionid=ac16012b30d61d33f47318c3427fba56ac6fc176761e.e3iSbxaKaheRe34Tax0PchuKax90n6jAmljGr5XDqQLvpAe HTTP/1.1" 200 109
201.245.189.53 - - [09/Jun/2016:08:38:42 -0500] "-" 408 -
201.245.192.253 - - [09/Jun/2016:08:38:42 -0500] "GET /isolucionsda/FrameSetGeneral.asp?Pagina=BancoConocimiento/M/MECINuevo/MECINuevo.asp&IdModulo=16 HTTP/1.1" 200 6726
201.245.192.253 - - [09/Jun/2016:08:38:42 -0500] "GET /isolucionsda/Encabezado.asp?Pagina=BancoConocimiento/M/MECINuevo/MECINuevo.asp&IdModulo=16 HTTP/1.1" 200 15414
201.245.192.253 - - [09/Jun/2016:08:38:42 -0500] "GET /isolucionsda/BarraTitulos.asp?Pagina=BancoConocimiento/M/MECINuevo/MECINuevo.asp&IdModulo=16 HTTP/1.1" 200 6976
201.245.192.253 - - [09/Jun/2016:08:38:42 -0500] "GET /isolucionsda/BancoConocimiento/M/MECINuevo/MECINuevo.asp?Pagina=BancoConocimiento/M/MECINuevo/MECINuevo.asp&IdModulo=16 HTTP/1.1" 200 15886
201.245.192.253 - - [09/Jun/2016:08:38:42 -0500] "GET /isolucionsda/BarraFavoritos.asp HTTP/1.1" 200 911
201.245.192.253 - - [09/Jun/2016:08:38:42 -0500] "GET /isolucionsda/Session.asp?Continue=1 HTTP/1.1" 200 6323
190.9.203.65 - - [09/Jun/2016:08:38:42 -0500] "GET /galeria/nivo-slider/demo/images/bolsas-06.jpg HTTP/1.1" 200 210950
66.249.64.198 - - [09/Jun/2016:08:38:42 -0500] "GET /BLA/resoluciones/RESOLUCIONES%202007/RES%202007%202601%20AL%202700/RESOLUCION%202647%20DE%202007.pdf HTTP/1.1" 304 -
190.9.203.65 - - [09/Jun/2016:08:38:42 -0500] "GET /galeria/nivo-slider/themes/default/loading.gif HTTP/1.1" 200 1737
190.9.203.65 - - [09/Jun/2016:08:38:42 -0500] "GET /galeria/nivo-slider/demo/images/4Simple_Slider.png HTTP/1.1" 200 11722
201.245.192.253 - - [09/Jun/2016:08:38:42 -0500] "GET /isolucionsda/g/Plantillas/MECI/meci20140.png HTTP/1.1" 200 114550
186.85.106.177 - - [09/Jun/2016:08:38:44 -0500] "POST /forms/lservlet;jsessionid=ac16012b30d61d33f47318c3427fba56ac6fc176761e.e3iSbxaKaheRe34Tax0PchuKax90n6jAmljGr5XDqQLvpAe HTTP/1.1" 200 2
201.245.192.253 - - [09/Jun/2016:08:38:44 -0500] "GET /isolucionsda/FrameSetGlosario.asp?Termino=EXPEDIENTE HTTP/1.1" 200 6506
201.245.192.253 - - [09/Jun/2016:08:38:44 -0500] "GET /isolucionsda/GlosarioDefinicion.asp?CodGlosario=530 HTTP/1.1" 200 7583
201.245.192.253 - - [09/Jun/2016:08:38:44 -0500] "GET /isolucionsda/GlosarioRelacionado.asp?CodGlosario=530&Termino=GlosarioDefinicion.asp?CodGlosario=530 HTTP/1.1" 200 6431
186.85.106.177 - - [09/Jun/2016:08:38:44 -0500] "POST /forms/lservlet;jsessionid=ac16012b30d61d33f47318c3427fba56ac6fc176761e.e3iSbxaKaheRe34Tax0PchuKax90n6jAmljGr5XDqQLvpAe HTTP/1.1" 200 3428
186.85.106.177 - - [09/Jun/2016:08:38:45 -0500] "POST /forms/lservlet;jsessionid=ac16012b30d61d33f47318c3427fba56ac6fc176761e.e3iSbxaKaheRe34Tax0PchuKax90n6jAmljGr5XDqQLvpAe HTTP/1.1" 200 20
201.245.208.187 - - [09/Jun/2016:08:38:46 -0500] "GET /BLA/boletinlegal/js/jquery.scrollShow.js HTTP/1.1" 200 4586
200.75.51.148 - - [09/Jun/2016:08:38:46 -0500] "GET /huelladecarbono/descargas.html HTTP/1.1" 200 5786
200.75.51.148 - - [09/Jun/2016:08:38:46 -0500] "GET /huelladecarbono/Imagenes/DESCARGA_TITLE.jpg HTTP/1.1" 200 5283
200.75.51.148 - - [09/Jun/2016:08:38:46 -0500] "GET /huelladecarbono/Imagenes/hand2.png HTTP/1.1" 200 1415
201.245.208.187 - - [09/Jun/2016:08:38:46 -0500] "GET /galeria/galeria/jquery.fancybox.js?v=2.1.5 HTTP/1.1" 200 48706
201.245.208.187 - - [09/Jun/2016:08:38:46 -0500] "GET /galeria/galeria/jquery.fancybox.css?v=2.1.5 HTTP/1.1" 200 4895
201.245.208.187 - - [09/Jun/2016:08:38:47 -0500] "GET /galeria/carrusel/Carrusel/jquery.thumbnailScroller.css HTTP/1.1" 200 2066
201.245.192.253 - - [09/Jun/2016:08:38:47 -0500] "GET /isolucionsda/g/Bot_ProcesosOver_ESP.jpg HTTP/1.1" 200 4659
201.245.192.253 - - [09/Jun/2016:08:38:47 -0500] "GET /isolucionsda/g/Bot_SiguienteOver.jpg HTTP/1.1" 200 1668
201.245.208.187 - - [09/Jun/2016:08:38:47 -0500] "GET /galeria/carrusel/Carrusel/jquery-ui-1.8.13.custom.min.js HTTP/1.1" 200 10800
201.245.208.187 - - [09/Jun/2016:08:38:47 -0500] "GET /galeria/carrusel/Carrusel/jquery.thumbnailScroller.js HTTP/1.1" 200 8157
201.245.208.187 - - [09/Jun/2016:08:38:47 -0500] "GET /galeria/nivo-slider/demo/demo.html HTTP/1.1" 200 4522
201.245.192.253 - - [09/Jun/2016:08:38:48 -0500] "GET /isolucionsda/g/Bot_AnteriorOver.jpg HTTP/1.1" 200 1752
201.245.208.187 - - [09/Jun/2016:08:38:48 -0500] "GET /galeria/nivo-slider/themes/pascal/pascal.css HTTP/1.1" 200 2258
201.245.208.187 - - [09/Jun/2016:08:38:48 -0500] "GET /galeria/nivo-slider/themes/default/default.css HTTP/1.1" 200 1569
201.245.208.187 - - [09/Jun/2016:08:38:48 -0500] "GET /galeria/nivo-slider/themes/orman/orman.css HTTP/1.1" 200 2152
201.245.208.187 - - [09/Jun/2016:08:38:48 -0500] "GET /galeria/nivo-slider/nivo-slider.css HTTP/1.1" 200 1507
201.245.208.187 - - [09/Jun/2016:08:38:48 -0500] "GET /galeria/nivo-slider/demo/style.css HTTP/1.1" 200 2222
201.245.208.187 - - [09/Jun/2016:08:38:48 -0500] "GET /galeria/nivo-slider/demo/scripts/jquery-1.7.1.min.js HTTP/1.1" 200 93868
201.245.208.187 - - [09/Jun/2016:08:38:48 -0500] "GET /galeria/nivo-slider/demo/images/convocatoriasecretaria.jpg HTTP/1.1" 200 129365
186.85.106.177 - - [09/Jun/2016:08:38:48 -0500] "POST /forms/lservlet;jsessionid=ac16012b30d61d33f47318c3427fba56ac6fc176761e.e3iSbxaKaheRe34Tax0PchuKax90n6jAmljGr5XDqQLvpAe HTTP/1.1" 200 2
201.245.208.187 - - [09/Jun/2016:08:38:48 -0500] "GET /galeria/nivo-slider/jquery.nivo.slider.pack.js HTTP/1.1" 200 11561
201.245.208.187 - - [09/Jun/2016:08:38:48 -0500] "GET /galeria/nivo-slider/demo/images/vegetal.jpg HTTP/1.1" 200 216080
201.245.208.187 - - [09/Jun/2016:08:38:48 -0500] "GET /galeria/nivo-slider/themes/default/loading.gif HTTP/1.1" 200 1737
201.245.208.187 - - [09/Jun/2016:08:38:48 -0500] "GET /galeria/nivo-slider/demo/images/4Simple_Slider.png HTTP/1.1" 200 11722
201.245.208.187 - - [09/Jun/2016:08:38:48 -0500] "GET /galeria/nivo-slider/demo/images/BANNERWELOVEBOGOTA.jpg HTTP/1.1" 200 122775
186.85.106.177 - - [09/Jun/2016:08:38:48 -0500] "POST /forms/lservlet;jsessionid=ac16012b30d61d33f47318c3427fba56ac6fc176761e.e3iSbxaKaheRe34Tax0PchuKax90n6jAmljGr5XDqQLvpAe HTTP/1.1" 200 3224
201.245.208.187 - - [09/Jun/2016:08:38:48 -0500] "GET /galeria/nivo-slider/demo/images/bannergenCAPACITACIONES-01.jpg HTTP/1.1" 200 153433
201.245.192.253 - - [09/Jun/2016:08:38:48 -0500] "POST /isolucionsda/ListadoMaestroDocumentosExternos3.asp HTTP/1.1" 200 16655
186.85.106.177 - - [09/Jun/2016:08:38:49 -0500] "POST /forms/lservlet;jsessionid=ac16012b30d61d33f47318c3427fba56ac6fc176761e.e3iSbxaKaheRe34Tax0PchuKax90n6jAmljGr5XDqQLvpAe HTTP/1.1" 200 2
201.245.208.187 - - [09/Jun/2016:08:38:49 -0500] "GET /galeria/nivo-slider/demo/images/Banner_wgic.jpg HTTP/1.1" 200 139000
186.58.130.117 - - [09/Jun/2016:08:38:16 -0500] "GET /PORTAL_SIAC/swf/Residuos/textiles/files/guia_textiles.pdf HTTP/1.1" 206 3834804
201.245.208.187 - - [09/Jun/2016:08:38:49 -0500] "GET /galeria/nivo-slider/demo/images/BANNERBOMBILLAS2.jpg HTTP/1.1" 200 106552
201.245.208.187 - - [09/Jun/2016:08:38:49 -0500] "GET /galeria/nivo-slider/demo/images/ecolecta2016.jpg HTTP/1.1" 200 147170
201.245.208.187 - - [09/Jun/2016:08:38:49 -0500] "GET /galeria/nivo-slider/demo/images/ABC-Plan-de-contigencia.jpg HTTP/1.1" 200 423901
201.245.208.187 - - [09/Jun/2016:08:38:50 -0500] "GET /galeria/nivo-slider/demo/images/banner-llantas2015.jpg HTTP/1.1" 200 268366
186.85.106.177 - - [09/Jun/2016:08:38:50 -0500] "POST /forms/lservlet;jsessionid=ac16012b30d61d33f47318c3427fba56ac6fc176761e.e3iSbxaKaheRe34Tax0PchuKax90n6jAmljGr5XDqQLvpAe HTTP/1.1" 200 182
201.245.208.187 - - [09/Jun/2016:08:38:50 -0500] "GET /galeria/nivo-slider/demo/images/caminata-ecologica.jpg HTTP/1.1" 200 192926
186.155.19.50 - - [09/Jun/2016:08:38:50 -0500] "GET /galeria/bibloteca/contentflow.js HTTP/1.1" 200 42804
192.168.175.104 - - [09/Jun/2016:08:38:50 -0500] "GET / HTTP/1.0" 200 9990
201.245.208.187 - - [09/Jun/2016:08:38:50 -0500] "GET /galeria/nivo-slider/demo/images/Cmapana-onestidad.jpg HTTP/1.1" 200 141638
186.58.130.117 - - [09/Jun/2016:08:38:49 -0500] "GET /PORTAL_SIAC/swf/Residuos/textiles/files/guia_textiles.pdf HTTP/1.1" 206 648813
201.245.208.187 - - [09/Jun/2016:08:38:51 -0500] "GET /galeria/nivo-slider/demo/images/banner-llantas2.jpg HTTP/1.1" 200 234514
201.245.208.187 - - [09/Jun/2016:08:38:51 -0500] "GET /galeria/nivo-slider/demo/images/9Signos.jpg HTTP/1.1" 200 81776
186.155.19.50 - - [09/Jun/2016:08:38:51 -0500] "GET /galeria/bibloteca/contentflow.css HTTP/1.1" 200 3201
186.155.19.50 - - [09/Jun/2016:08:38:51 -0500] "GET /galeria/bibloteca/mycontentflow.css HTTP/1.1" 200 3110
186.155.19.50 - - [09/Jun/2016:08:38:51 -0500] "GET /galeria/bibloteca/ContentFlowAddOn_white.js HTTP/1.1" 200 2497
201.245.208.187 - - [09/Jun/2016:08:38:52 -0500] "GET /galeria/nivo-slider/demo/images/Ruta-vertimientos-01.jpg HTTP/1.1" 200 130151
201.245.208.187 - - [09/Jun/2016:08:38:52 -0500] "GET /galeria/nivo-slider/demo/images/bolsas-06.jpg HTTP/1.1" 200 210950
186.155.19.50 - - [09/Jun/2016:08:38:52 -0500] "GET /galeria/bibloteca/ContentFlowAddOn_white.css HTTP/1.1" 200 3355
186.155.19.50 - - [09/Jun/2016:08:38:52 -0500] "GET /galeria/bibloteca/img/loader.gif HTTP/1.1" 200 8238
186.155.19.50 - - [09/Jun/2016:08:38:52 -0500] "GET /galeria/bibloteca/img/scrollbar_white.png HTTP/1.1" 200 82
186.155.19.50 - - [09/Jun/2016:08:38:52 -0500] "GET /galeria/bibloteca/img/slider_white.png HTTP/1.1" 200 178
186.58.130.117 - - [09/Jun/2016:08:38:51 -0500] "GET /PORTAL_SIAC/swf/Residuos/textiles/files/guia_textiles.pdf HTTP/1.1" 206 2296997
201.245.192.253 - - [09/Jun/2016:08:38:53 -0500] "GET /isolucionsda/auxlib.js HTTP/1.1" 404 1245
201.245.192.253 - - [09/Jun/2016:08:38:53 -0500] "GET /isolucionsda/g/Bot_ManualOver_ESP.jpg HTTP/1.1" 200 4732
200.75.51.148 - - [09/Jun/2016:08:38:53 -0500] "GET /huelladecarbono/soluciones2.swf HTTP/1.1" 200 44100
186.58.130.117 - - [09/Jun/2016:08:38:53 -0500] "GET /PORTAL_SIAC/swf/Residuos/textiles/files/guia_textiles.pdf HTTP/1.1" 206 2034230
201.245.208.187 - - [09/Jun/2016:08:38:55 -0500] "GET /galeria/nivo-slider/themes/default/arrows.png HTTP/1.1" 200 824
201.245.208.187 - - [09/Jun/2016:08:38:55 -0500] "GET /galeria/nivo-slider/themes/default/bullets.png HTTP/1.1" 200 1281
186.155.19.50 - - [09/Jun/2016:08:38:56 -0500] "GET /galeria/bibloteca/img/scrollbar_black.png HTTP/1.1" 200 82
186.155.19.50 - - [09/Jun/2016:08:38:56 -0500] "GET /galeria/bibloteca/img/slider_black.png HTTP/1.1" 200 175
186.155.19.50 - - [09/Jun/2016:08:38:56 -0500] "GET /galeria/bibloteca/img/1x1_0.5_white.png HTTP/1.1" 200 82
186.155.19.50 - - [09/Jun/2016:08:38:56 -0500] "GET /galeria/bibloteca/img/ajax-loader.gif HTTP/1.1" 200 9427
186.85.106.177 - - [09/Jun/2016:08:38:56 -0500] "POST /forms/lservlet;jsessionid=ac16012b30d61d33f47318c3427fba56ac6fc176761e.e3iSbxaKaheRe34Tax0PchuKax90n6jAmljGr5XDqQLvpAe HTTP/1.1" 200 2
186.85.106.177 - - [09/Jun/2016:08:38:56 -0500] "POST /forms/lservlet;jsessionid=ac16012b30d61d33f47318c3427fba56ac6fc176761e.e3iSbxaKaheRe34Tax0PchuKax90n6jAmljGr5XDqQLvpAe HTTP/1.1" 200 144
186.85.106.177 - - [09/Jun/2016:08:38:56 -0500] "POST /forms/lservlet;jsessionid=ac16012b30d61d33f47318c3427fba56ac6fc176761e.e3iSbxaKaheRe34Tax0PchuKax90n6jAmljGr5XDqQLvpAe HTTP/1.1" 200 7
186.58.130.117 - - [09/Jun/2016:08:38:55 -0500] "GET /PORTAL_SIAC/swf/Residuos/textiles/files/guia_textiles.pdf HTTP/1.1" 206 1522976
186.58.130.117 - - [09/Jun/2016:08:38:57 -0500] "GET /PORTAL_SIAC/swf/Residuos/textiles/files/guia_textiles.pdf HTTP/1.1" 206 841417
186.85.106.177 - - [09/Jun/2016:08:38:58 -0500] "POST /forms/lservlet;jsessionid=ac16012b30d61d33f47318c3427fba56ac6fc176761e.e3iSbxaKaheRe34Tax0PchuKax90n6jAmljGr5XDqQLvpAe HTTP/1.1" 200 133
66.249.64.198 - - [09/Jun/2016:08:38:59 -0500] "GET /BLA/resoluciones/AUTOS%202015/1949.pdf HTTP/1.1" 304 -
186.85.106.177 - - [09/Jun/2016:08:38:59 -0500] "POST /forms/lservlet;jsessionid=ac16012b30d61d33f47318c3427fba56ac6fc176761e.e3iSbxaKaheRe34Tax0PchuKax90n6jAmljGr5XDqQLvpAe HTTP/1.1" 200 2
186.85.106.177 - - [09/Jun/2016:08:38:59 -0500] "POST /forms/lservlet;jsessionid=ac16012b30d61d33f47318c3427fba56ac6fc176761e.e3iSbxaKaheRe34Tax0PchuKax90n6jAmljGr5XDqQLvpAe HTTP/1.1" 200 2542
186.85.106.177 - - [09/Jun/2016:08:39:00 -0500] "POST /forms/lservlet;jsessionid=ac16012b30d61d33f47318c3427fba56ac6fc176761e.e3iSbxaKaheRe34Tax0PchuKax90n6jAmljGr5XDqQLvpAe HTTP/1.1" 200 20
186.58.130.117 - - [09/Jun/2016:08:38:58 -0500] "GET /PORTAL_SIAC/swf/Residuos/textiles/files/guia_textiles.pdf HTTP/1.1" 206 244380
186.85.106.177 - - [09/Jun/2016:08:39:01 -0500] "POST /forms/lservlet;jsessionid=ac16012b30d61d33f47318c3427fba56ac6fc176761e.e3iSbxaKaheRe34Tax0PchuKax90n6jAmljGr5XDqQLvpAe HTTP/1.1" 200 2
186.58.130.117 - - [09/Jun/2016:08:39:00 -0500] "GET /PORTAL_SIAC/swf/Residuos/textiles/files/guia_textiles.pdf HTTP/1.1" 206 197231
186.85.106.177 - - [09/Jun/2016:08:39:01 -0500] "POST /forms/lservlet;jsessionid=ac16012b30d61d33f47318c3427fba56ac6fc176761e.e3iSbxaKaheRe34Tax0PchuKax90n6jAmljGr5XDqQLvpAe HTTP/1.1" 200 3261
186.85.106.177 - - [09/Jun/2016:08:39:01 -0500] "POST /forms/lservlet;jsessionid=ac16012b30d61d33f47318c3427fba56ac6fc176761e.e3iSbxaKaheRe34Tax0PchuKax90n6jAmljGr5XDqQLvpAe HTTP/1.1" 200 2
186.58.130.117 - - [09/Jun/2016:08:39:01 -0500] "GET /PORTAL_SIAC/swf/Residuos/textiles/files/guia_textiles.pdf HTTP/1.1" 206 445718
186.85.106.177 - - [09/Jun/2016:08:39:02 -0500] "POST /forms/lservlet;jsessionid=ac16012b30d61d33f47318c3427fba56ac6fc176761e.e3iSbxaKaheRe34Tax0PchuKax90n6jAmljGr5XDqQLvpAe HTTP/1.1" 200 2
186.85.106.177 - - [09/Jun/2016:08:39:02 -0500] "POST /forms/lservlet;jsessionid=ac16012b30d61d33f47318c3427fba56ac6fc176761e.e3iSbxaKaheRe34Tax0PchuKax90n6jAmljGr5XDqQLvpAe HTTP/1.1" 200 2588
186.85.106.177 - - [09/Jun/2016:08:39:03 -0500] "POST /forms/lservlet;jsessionid=ac16012b30d61d33f47318c3427fba56ac6fc176761e.e3iSbxaKaheRe34Tax0PchuKax90n6jAmljGr5XDqQLvpAe HTTP/1.1" 200 2
201.245.192.253 - - [09/Jun/2016:08:39:03 -0500] "GET /isolucionsda/BancoConocimiento/C/CARTILLAAMBIENTAL/CARTILLAAMBIENTAL.asp HTTP/1.1" 302 146
186.85.106.177 - - [09/Jun/2016:08:39:04 -0500] "POST /forms/lservlet;jsessionid=ac16012b30d61d33f47318c3427fba56ac6fc176761e.e3iSbxaKaheRe34Tax0PchuKax90n6jAmljGr5XDqQLvpAe HTTP/1.1" 200 2
186.58.130.117 - - [09/Jun/2016:08:39:02 -0500] "GET /PORTAL_SIAC/swf/Residuos/textiles/files/guia_textiles.pdf HTTP/1.1" 206 566893
201.245.192.253 - - [09/Jun/2016:08:39:04 -0500] "GET /isolucionsda/BancoConocimiento/C/CARTILLAAMBIENTAL/cartilla%20ambiental0.pdf HTTP/1.1" 200 603262
108.59.8.80 - - [09/Jun/2016:08:39:05 -0500] "GET /StormSDA/userFiles/backup%2027-09-2012/92.jar HTTP/1.0" 200 2753
186.85.106.177 - - [09/Jun/2016:08:39:04 -0500] "POST /forms/lservlet;jsessionid=ac16012b30d61d33f47318c3427fba56ac6fc176761e.e3iSbxaKaheRe34Tax0PchuKax90n6jAmljGr5XDqQLvpAe HTTP/1.1" 200 3081
186.85.106.177 - - [09/Jun/2016:08:39:05 -0500] "POST /forms/lservlet;jsessionid=ac16012b30d61d33f47318c3427fba56ac6fc176761e.e3iSbxaKaheRe34Tax0PchuKax90n6jAmljGr5XDqQLvpAe HTTP/1.1" 200 2
108.59.8.80 - - [09/Jun/2016:08:39:06 -0500] "GET /StormSDA/userFiles/backup%2027-09-2012/93.jar HTTP/1.0" 200 2753
186.58.130.117 - - [09/Jun/2016:08:39:05 -0500] "GET /PORTAL_SIAC/swf/Residuos/textiles/files/guia_textiles.pdf HTTP/1.1" 206 643331
186.155.18.14 - - [09/Jun/2016:08:39:07 -0500] "GET /galeria/carrusel/Carrusel/jquery.thumbnailScroller.css HTTP/1.1" 200 2066
186.85.106.177 - - [09/Jun/2016:08:39:07 -0500] "POST /forms/lservlet;jsessionid=ac16012b30d61d33f47318c3427fba56ac6fc176761e.e3iSbxaKaheRe34Tax0PchuKax90n6jAmljGr5XDqQLvpAe HTTP/1.1" 200 2
108.59.8.80 - - [09/Jun/2016:08:39:08 -0500] "GET /StormSDA/userFiles/backup%2027-09-2012/94.jar HTTP/1.0" 200 2753
186.85.106.177 - - [09/Jun/2016:08:39:07 -0500] "POST /forms/lservlet;jsessionid=ac16012b30d61d33f47318c3427fba56ac6fc176761e.e3iSbxaKaheRe34Tax0PchuKax90n6jAmljGr5XDqQLvpAe HTTP/1.1" 200 3260
186.85.106.177 - - [09/Jun/2016:08:39:08 -0500] "POST /forms/lservlet;jsessionid=ac16012b30d61d33f47318c3427fba56ac6fc176761e.e3iSbxaKaheRe34Tax0PchuKax90n6jAmljGr5XDqQLvpAe HTTP/1.1" 200 2
186.155.18.14 - - [09/Jun/2016:08:39:08 -0500] "GET /galeria/carrusel/Carrusel/jquery-ui-1.8.13.custom.min.js HTTP/1.1" 200 10800
186.155.18.14 - - [09/Jun/2016:08:39:08 -0500] "GET /galeria/nivo-slider/demo/demo.html HTTP/1.1" 200 4522
186.155.18.14 - - [09/Jun/2016:08:39:08 -0500] "GET /galeria/carrusel/Carrusel/jquery.thumbnailScroller.js HTTP/1.1" 200 8157
186.155.18.14 - - [09/Jun/2016:08:39:08 -0500] "GET /galeria/nivo-slider/themes/default/default.css HTTP/1.1" 200 1569
186.155.18.14 - - [09/Jun/2016:08:39:08 -0500] "GET /galeria/nivo-slider/themes/pascal/pascal.css HTTP/1.1" 200 2258
186.155.18.14 - - [09/Jun/2016:08:39:08 -0500] "GET /galeria/nivo-slider/themes/orman/orman.css HTTP/1.1" 200 2152
186.155.18.14 - - [09/Jun/2016:08:39:08 -0500] "GET /galeria/nivo-slider/nivo-slider.css HTTP/1.1" 200 1507
186.155.18.14 - - [09/Jun/2016:08:39:08 -0500] "GET /galeria/nivo-slider/demo/style.css HTTP/1.1" 200 2222
186.155.18.14 - - [09/Jun/2016:08:39:08 -0500] "GET /galeria/nivo-slider/demo/scripts/jquery-1.7.1.min.js HTTP/1.1" 200 93868
186.155.18.14 - - [09/Jun/2016:08:39:09 -0500] "GET /galeria/nivo-slider/jquery.nivo.slider.pack.js HTTP/1.1" 200 11561
186.155.18.14 - - [09/Jun/2016:08:39:09 -0500] "GET /galeria/nivo-slider/demo/images/convocatoriasecretaria.jpg HTTP/1.1" 200 129365
186.155.18.14 - - [09/Jun/2016:08:39:09 -0500] "GET /galeria/nivo-slider/demo/images/vegetal.jpg HTTP/1.1" 200 216080
186.155.18.14 - - [09/Jun/2016:08:39:09 -0500] "GET /galeria/nivo-slider/demo/images/BANNERWELOVEBOGOTA.jpg HTTP/1.1" 200 122775
186.58.130.117 - - [09/Jun/2016:08:39:07 -0500] "GET /PORTAL_SIAC/swf/Residuos/textiles/files/guia_textiles.pdf HTTP/1.1" 206 144087
186.155.18.14 - - [09/Jun/2016:08:39:09 -0500] "GET /galeria/nivo-slider/themes/default/loading.gif HTTP/1.1" 200 1737
186.85.106.177 - - [09/Jun/2016:08:39:09 -0500] "POST /forms/lservlet;jsessionid=ac16012b30d61d33f47318c3427fba56ac6fc176761e.e3iSbxaKaheRe34Tax0PchuKax90n6jAmljGr5XDqQLvpAe HTTP/1.1" 200 2
186.155.18.14 - - [09/Jun/2016:08:39:09 -0500] "GET /galeria/nivo-slider/demo/images/4Simple_Slider.png HTTP/1.1" 200 11722
186.85.106.177 - - [09/Jun/2016:08:39:09 -0500] "POST /forms/lservlet;jsessionid=ac16012b30d61d33f47318c3427fba56ac6fc176761e.e3iSbxaKaheRe34Tax0PchuKax90n6jAmljGr5XDqQLvpAe HTTP/1.1" 200 2238
186.155.18.14 - - [09/Jun/2016:08:39:09 -0500] "GET /galeria/nivo-slider/demo/images/bannergenCAPACITACIONES-01.jpg HTTP/1.1" 200 153433
186.85.106.177 - - [09/Jun/2016:08:39:09 -0500] "POST /forms/lservlet;jsessionid=ac16012b30d61d33f47318c3427fba56ac6fc176761e.e3iSbxaKaheRe34Tax0PchuKax90n6jAmljGr5XDqQLvpAe HTTP/1.1" 200 10
186.58.130.117 - - [09/Jun/2016:08:39:09 -0500] "GET /PORTAL_SIAC/swf/Residuos/textiles/files/guia_textiles.pdf HTTP/1.1" 206 148404
186.155.18.14 - - [09/Jun/2016:08:39:10 -0500] "GET /galeria/nivo-slider/demo/images/Banner_wgic.jpg HTTP/1.1" 200 139000
108.59.8.80 - - [09/Jun/2016:08:39:10 -0500] "GET /StormSDA/userFiles/backup%2027-09-2012/95.jar HTTP/1.0" 200 2876
186.58.130.117 - - [09/Jun/2016:08:39:10 -0500] "GET /PORTAL_SIAC/swf/Residuos/textiles/files/guia_textiles.pdf HTTP/1.1" 206 99245
186.85.106.177 - - [09/Jun/2016:08:39:11 -0500] "POST /forms/lservlet;jsessionid=ac16012b30d61d33f47318c3427fba56ac6fc176761e.e3iSbxaKaheRe34Tax0PchuKax90n6jAmljGr5XDqQLvpAe HTTP/1.1" 200 2
186.85.106.177 - - [09/Jun/2016:08:39:11 -0500] "POST /forms/lservlet;jsessionid=ac16012b30d61d33f47318c3427fba56ac6fc176761e.e3iSbxaKaheRe34Tax0PchuKax90n6jAmljGr5XDqQLvpAe HTTP/1.1" 200 3194
201.245.192.253 - - [09/Jun/2016:08:39:11 -0500] "GET /isolucionsda/g/Bot_AmbientalOver_ESP.jpg HTTP/1.1" 200 5391
186.85.106.177 - - [09/Jun/2016:08:39:11 -0500] "POST /forms/lservlet;jsessionid=ac16012b30d61d33f47318c3427fba56ac6fc176761e.e3iSbxaKaheRe34Tax0PchuKax90n6jAmljGr5XDqQLvpAe HTTP/1.1" 200 2
201.245.192.253 - - [09/Jun/2016:08:39:11 -0500] "GET /isolucionsda/g/Bot_CerrarOver.jpg HTTP/1.1" 200 1873
186.85.106.177 - - [09/Jun/2016:08:39:11 -0500] "POST /forms/lservlet;jsessionid=ac16012b30d61d33f47318c3427fba56ac6fc176761e.e3iSbxaKaheRe34Tax0PchuKax90n6jAmljGr5XDqQLvpAe HTTP/1.1" 200 2
186.155.18.14 - - [09/Jun/2016:08:39:12 -0500] "GET /galeria/nivo-slider/demo/images/BANNERBOMBILLAS2.jpg HTTP/1.1" 200 106552
186.155.18.14 - - [09/Jun/2016:08:39:12 -0500] "GET /galeria/nivo-slider/demo/images/ecolecta2016.jpg HTTP/1.1" 200 147170
186.85.106.177 - - [09/Jun/2016:08:39:12 -0500] "POST /forms/lservlet;jsessionid=ac16012b30d61d33f47318c3427fba56ac6fc176761e.e3iSbxaKaheRe34Tax0PchuKax90n6jAmljGr5XDqQLvpAe HTTP/1.1" 200 3083
186.85.106.177 - - [09/Jun/2016:08:39:12 -0500] "POST /forms/lservlet;jsessionid=ac16012b30d61d33f47318c3427fba56ac6fc176761e.e3iSbxaKaheRe34Tax0PchuKax90n6jAmljGr5XDqQLvpAe HTTP/1.1" 200 2
108.59.8.80 - - [09/Jun/2016:08:39:12 -0500] "GET /StormSDA/userFiles/backup%2027-09-2012/96.jar HTTP/1.0" 200 2753
186.155.18.14 - - [09/Jun/2016:08:39:12 -0500] "GET /galeria/nivo-slider/demo/images/ABC-Plan-de-contigencia.jpg HTTP/1.1" 200 423901
186.155.18.14 - - [09/Jun/2016:08:39:13 -0500] "GET /galeria/nivo-slider/demo/images/banner-llantas2015.jpg HTTP/1.1" 200 268366
186.85.106.177 - - [09/Jun/2016:08:39:13 -0500] "POST /forms/lservlet;jsessionid=ac16012b30d61d33f47318c3427fba56ac6fc176761e.e3iSbxaKaheRe34Tax0PchuKax90n6jAmljGr5XDqQLvpAe HTTP/1.1" 200 2
186.85.106.177 - - [09/Jun/2016:08:39:13 -0500] "POST /forms/lservlet;jsessionid=ac16012b30d61d33f47318c3427fba56ac6fc176761e.e3iSbxaKaheRe34Tax0PchuKax90n6jAmljGr5XDqQLvpAe HTTP/1.1" 200 3289
186.85.106.177 - - [09/Jun/2016:08:39:14 -0500] "POST /forms/lservlet;jsessionid=ac16012b30d61d33f47318c3427fba56ac6fc176761e.e3iSbxaKaheRe34Tax0PchuKax90n6jAmljGr5XDqQLvpAe HTTP/1.1" 200 2
186.155.18.14 - - [09/Jun/2016:08:39:14 -0500] "GET /galeria/nivo-slider/demo/images/caminata-ecologica.jpg HTTP/1.1" 200 192926
186.155.18.14 - - [09/Jun/2016:08:39:14 -0500] "GET /galeria/nivo-slider/demo/images/Cmapana-onestidad.jpg HTTP/1.1" 200 141638
186.155.18.14 - - [09/Jun/2016:08:39:14 -0500] "GET /galeria/nivo-slider/demo/images/banner-llantas2.jpg HTTP/1.1" 200 234514
108.59.8.80 - - [09/Jun/2016:08:39:14 -0500] "GET /StormSDA/userFiles/backup%2027-09-2012/97.jar HTTP/1.0" 200 2753
201.245.192.253 - - [09/Jun/2016:08:39:04 -0500] "GET /isolucionsda/BancoConocimiento/C/CARTILLAAMBIENTAL/cartilla%20ambiental0.pdf HTTP/1.1" 206 4201382
186.85.106.177 - - [09/Jun/2016:08:39:15 -0500] "POST /forms/lservlet;jsessionid=ac16012b30d61d33f47318c3427fba56ac6fc176761e.e3iSbxaKaheRe34Tax0PchuKax90n6jAmljGr5XDqQLvpAe HTTP/1.1" 200 2
186.58.130.117 - - [09/Jun/2016:08:39:11 -0500] "GET /PORTAL_SIAC/swf/Residuos/textiles/files/guia_textiles.pdf HTTP/1.1" 206 561411
66.249.64.198 - - [09/Jun/2016:08:39:15 -0500] "GET /BLA/resoluciones/RESOLUCIONES%202007/RES%202007%202101%20AL%202200/RESOLUCION%202183%20DE%202007.pdf HTTP/1.1" 304 -
186.85.106.177 - - [09/Jun/2016:08:39:15 -0500] "POST /forms/lservlet;jsessionid=ac16012b30d61d33f47318c3427fba56ac6fc176761e.e3iSbxaKaheRe34Tax0PchuKax90n6jAmljGr5XDqQLvpAe HTTP/1.1" 200 2477
186.85.106.177 - - [09/Jun/2016:08:39:16 -0500] "POST /forms/lservlet;jsessionid=ac16012b30d61d33f47318c3427fba56ac6fc176761e.e3iSbxaKaheRe34Tax0PchuKax90n6jAmljGr5XDqQLvpAe HTTP/1.1" 200 2
186.155.18.14 - - [09/Jun/2016:08:39:16 -0500] "GET /galeria/nivo-slider/demo/images/9Signos.jpg HTTP/1.1" 200 81776
108.59.8.80 - - [09/Jun/2016:08:39:16 -0500] "GET /StormSDA/userFiles/backup%2027-09-2012/98.jar HTTP/1.0" 200 2753
