161.10.122.120 - - [09/Jun/2016:06:55:29 -0500] "GET /galeria/galeria/jquery.fancybox.js?v=2.1.5 HTTP/1.1" 200 48706
195.154.185.20 - - [09/Jun/2016:06:55:30 -0500] "GET /PruebasSTORM/StormSDA_pruebas/stormWeb/presentacion.html HTTP/1.0" 200 5109
195.154.185.20 - - [09/Jun/2016:06:55:33 -0500] "GET /PruebasSTORM/StormSDA_pruebas/stormWeb/presentacionOLD.html HTTP/1.0" 200 5105
195.154.185.20 - - [09/Jun/2016:06:55:35 -0500] "GET /PruebasSTORM/StormSDA_pruebas/storm_silv/?C=D;O=A HTTP/1.0" 200 5857
66.249.64.198 - - [09/Jun/2016:06:55:37 -0500] "GET /BLA/resoluciones/RESOLUCIONES%202007/RES%202007%202501%20AL%202600/RESOLUCION%202515%20DE%202007.pdf HTTP/1.1" 304 -
195.154.185.20 - - [09/Jun/2016:06:55:37 -0500] "GET /PruebasSTORM/StormSDA_pruebas/storm_silv/?C=D;O=D HTTP/1.0" 200 5857
195.154.185.20 - - [09/Jun/2016:06:55:39 -0500] "GET /PruebasSTORM/StormSDA_pruebas/storm_silv/?C=M;O=A HTTP/1.0" 200 5857
161.10.122.120 - - [09/Jun/2016:06:55:41 -0500] "GET /BLA/boletinlegal/js/jquery.scrollShow.js HTTP/1.1" 304 -
161.10.122.120 - - [09/Jun/2016:06:55:41 -0500] "GET /galeria/galeria/jquery.fancybox.js?v=2.1.5 HTTP/1.1" 304 -
161.10.122.120 - - [09/Jun/2016:06:55:41 -0500] "GET /galeria/galeria/jquery.fancybox.css?v=2.1.5 HTTP/1.1" 304 -
195.154.185.20 - - [09/Jun/2016:06:55:42 -0500] "GET /PruebasSTORM/StormSDA_pruebas/storm_silv/?C=M;O=D HTTP/1.0" 200 5857
190.242.72.84 - - [09/Jun/2016:06:55:43 -0500] "GET /galeria/galeria/jquery.fancybox.css?v=2.1.5 HTTP/1.1" 200 4895
190.242.72.84 - - [09/Jun/2016:06:55:43 -0500] "GET /BLA/boletinlegal/js/jquery.scrollShow.js HTTP/1.1" 200 4586
190.242.72.84 - - [09/Jun/2016:06:55:43 -0500] "GET /galeria/galeria/jquery.fancybox.js?v=2.1.5 HTTP/1.1" 200 48706
195.154.185.20 - - [09/Jun/2016:06:55:45 -0500] "GET /PruebasSTORM/StormSDA_pruebas/storm_silv/?C=N;O=A HTTP/1.0" 200 5857
195.154.185.20 - - [09/Jun/2016:06:55:49 -0500] "GET /PruebasSTORM/StormSDA_pruebas/storm_silv/?C=N;O=D HTTP/1.0" 200 5857
195.154.185.20 - - [09/Jun/2016:06:55:51 -0500] "GET /PruebasSTORM/StormSDA_pruebas/storm_silv/?C=S;O=A HTTP/1.0" 200 5857
195.154.185.20 - - [09/Jun/2016:06:55:56 -0500] "GET /PruebasSTORM/StormSDA_pruebas/storm_silv/?C=S;O=D HTTP/1.0" 200 5857
186.113.27.164 - - [09/Jun/2016:06:55:57 -0500] "GET /BLA/boletinlegal/js/jquery.scrollShow.js HTTP/1.1" 304 -
186.113.27.164 - - [09/Jun/2016:06:55:57 -0500] "GET /galeria/galeria/jquery.fancybox.css?v=2.1.5 HTTP/1.1" 304 -
186.113.27.164 - - [09/Jun/2016:06:55:57 -0500] "GET /galeria/galeria/jquery.fancybox.js?v=2.1.5 HTTP/1.1" 304 -
66.249.64.201 - - [09/Jun/2016:06:55:59 -0500] "GET /robots.txt HTTP/1.1" 302 312
195.154.185.20 - - [09/Jun/2016:06:55:59 -0500] "GET /PruebasSTORM/StormSDA_pruebas/userFiles/?C=D;O=A HTTP/1.0" 200 5500
195.154.185.20 - - [09/Jun/2016:06:56:04 -0500] "GET /PruebasSTORM/StormSDA_pruebas/userFiles/?C=D;O=D HTTP/1.0" 200 5500
66.249.69.237 - - [09/Jun/2016:06:56:06 -0500] "GET /BLA/boletinlegal/Directivas/2016/Directiva%20No.%2001%20del%2012%20de%20Abril%20de%202016.pdf HTTP/1.1" 304 -
195.154.185.20 - - [09/Jun/2016:06:56:13 -0500] "GET /PruebasSTORM/StormSDA_pruebas/userFiles/?C=M;O=A HTTP/1.0" 200 5500
195.154.185.20 - - [09/Jun/2016:06:56:15 -0500] "GET /PruebasSTORM/StormSDA_pruebas/userFiles/?C=M;O=D HTTP/1.0" 200 5500
66.249.64.243 - - [09/Jun/2016:06:56:15 -0500] "GET /Autoliquidacion/Solicitudes%20relacionadas%20con%20calidad%20del%20aire%20auditiva%20y%20visual/Evaluaci%C3%B3n%20de%20permisos%20de%20emisi%C3%B3n%20para%20fuentes%20fijas/industrias,%20obras%20o%20actividades%20que%20requieren%20permiso%20de%20emisiones%20atmosfe.pdf HTTP/1.1" 200 81090
195.154.185.20 - - [09/Jun/2016:06:56:18 -0500] "GET /PruebasSTORM/StormSDA_pruebas/userFiles/?C=N;O=A HTTP/1.0" 200 5500
195.154.185.20 - - [09/Jun/2016:06:56:22 -0500] "GET /PruebasSTORM/StormSDA_pruebas/userFiles/?C=N;O=D HTTP/1.0" 200 5500
195.154.185.20 - - [09/Jun/2016:06:56:25 -0500] "GET /PruebasSTORM/StormSDA_pruebas/userFiles/?C=S;O=A HTTP/1.0" 200 5500
191.153.40.168 - - [09/Jun/2016:06:56:25 -0500] "GET /galeria/galeria/fotos/GuaymaralTorca3G.jpg HTTP/1.1" 200 330310
195.154.185.20 - - [09/Jun/2016:06:56:29 -0500] "GET /PruebasSTORM/StormSDA_pruebas/userFiles/?C=S;O=D HTTP/1.0" 200 5500
66.249.64.191 - - [09/Jun/2016:06:56:30 -0500] "GET / HTTP/1.1" 302 302
66.249.64.237 - - [09/Jun/2016:06:56:32 -0500] "GET /BLA/boletinlegal/jurisprudencia/analisis/CUADRO%20SENTENCIA%20T-299%20DE%202008.doc HTTP/1.1" 304 -
195.154.185.20 - - [09/Jun/2016:06:56:32 -0500] "GET /PruebasSTORM/StormSDA_pruebas/userFiles/UpdateReg.xml HTTP/1.0" 200 1238
191.153.40.168 - - [09/Jun/2016:06:56:34 -0500] "GET /galeria/galeria/fotos/GuaymaralTorca2G.jpg HTTP/1.1" 200 352295
195.154.185.20 - - [09/Jun/2016:06:56:35 -0500] "GET /PruebasSTORM/StormSDA_pruebas/userFiles/update.txt HTTP/1.0" 200 33
195.154.185.20 - - [09/Jun/2016:06:56:37 -0500] "GET /PruebasSTORM/StormSDA_pruebas/userFiles/user_files/86/?C=D;O=D HTTP/1.0" 200 1756
69.171.230.110 - - [09/Jun/2016:06:56:38 -0500] "GET /BLA/resoluciones/RESOLUCIONES%202010/4484.pdf HTTP/1.1" 304 -
195.154.185.20 - - [09/Jun/2016:06:56:40 -0500] "GET /PruebasSTORM/StormSDA_pruebas/userFiles/user_files/86/?C=M;O=D HTTP/1.0" 200 1756
195.154.185.20 - - [09/Jun/2016:06:56:42 -0500] "GET /PruebasSTORM/StormSDA_pruebas/userFiles/user_files/87/?C=D;O=A HTTP/1.0" 200 1756
195.154.185.20 - - [09/Jun/2016:06:56:44 -0500] "GET /PruebasSTORM/StormSDA_pruebas/userFiles/user_files/87/?C=D;O=D HTTP/1.0" 200 1756
195.154.185.20 - - [09/Jun/2016:06:56:47 -0500] "GET /PruebasSTORM/StormSDA_pruebas/userFiles/user_files/87/?C=M;O=A HTTP/1.0" 200 1756
66.249.64.198 - - [09/Jun/2016:06:56:48 -0500] "GET /BLA/resoluciones/RESOLUCIONES%202013/0074%20.pdf HTTP/1.1" 304 -
195.154.185.20 - - [09/Jun/2016:06:56:49 -0500] "GET /PruebasSTORM/StormSDA_pruebas/userFiles/user_files/87/?C=N;O=A HTTP/1.0" 200 1756
195.154.185.20 - - [09/Jun/2016:06:56:52 -0500] "GET /PruebasSTORM/StormSDA_pruebas/userFiles/user_files/87/?C=S;O=A HTTP/1.0" 200 1756
207.46.13.150 - - [09/Jun/2016:06:56:52 -0500] "GET /BLA/resoluciones/AUTOS%202015/1745.pdf HTTP/1.1" 200 496692
195.154.185.20 - - [09/Jun/2016:06:56:54 -0500] "GET /PruebasSTORM/StormSDA_pruebas/userFiles/user_files/87/asocia.xml HTTP/1.0" 200 5183
191.153.40.168 - - [09/Jun/2016:06:56:56 -0500] "GET /galeria/galeria/fotos/juan-amarillo1G.jpg HTTP/1.1" 200 407260
195.154.185.20 - - [09/Jun/2016:06:56:56 -0500] "GET /PruebasSTORM/StormSDA_pruebas/userFiles/user_files/87/asociaFormula.xml HTTP/1.0" 200 54334
195.154.185.20 - - [09/Jun/2016:06:56:59 -0500] "GET /PruebasSTORM/StormSDA_pruebas/userFiles/user_files/87/desasocia.xml HTTP/1.0" 200 58
66.249.64.198 - - [09/Jun/2016:06:56:59 -0500] "GET /BLA/resoluciones/RESOLUCIONES%202007/RES%202007%201401%20AL%201500/RESOLUCION%201443%20DE%202007.pdf HTTP/1.1" 304 -
192.168.175.104 - - [09/Jun/2016:06:56:59 -0500] "GET / HTTP/1.1" 200 9990
195.154.185.20 - - [09/Jun/2016:06:57:01 -0500] "GET /PruebasSTORM/StormSDA_pruebas/userFiles/user_files/87/desasociaFormula.xml HTTP/1.0" 200 58
195.154.185.20 - - [09/Jun/2016:06:57:03 -0500] "GET /PruebasSTORM/StormSDA_pruebas/userFiles/user_files/90/?C=N;O=D HTTP/1.0" 200 1756
195.154.185.20 - - [09/Jun/2016:06:57:05 -0500] "GET /PruebasSTORM/StormSDA_pruebas/userFiles/user_files/90/?C=S;O=D HTTP/1.0" 200 1756
190.157.78.158 - - [09/Jun/2016:06:57:06 -0500] "GET /BLA/boletinlegal/js/jquery.scrollShow.js HTTP/1.1" 200 4586
190.157.78.158 - - [09/Jun/2016:06:57:06 -0500] "GET /galeria/galeria/jquery.fancybox.css?v=2.1.5 HTTP/1.1" 200 4895
190.157.78.158 - - [09/Jun/2016:06:57:06 -0500] "GET /galeria/galeria/jquery.fancybox.js?v=2.1.5 HTTP/1.1" 200 48706
195.154.185.20 - - [09/Jun/2016:06:57:08 -0500] "GET /PruebasSTORM/StormSDA_pruebas/userFiles/user_files/92/?C=D;O=D HTTP/1.0" 200 1756
66.249.64.198 - - [09/Jun/2016:06:57:10 -0500] "GET /BLA/resoluciones/AUTOS%202015/1052.pdf HTTP/1.1" 304 -
195.154.185.20 - - [09/Jun/2016:06:57:10 -0500] "GET /PruebasSTORM/StormSDA_pruebas/userFiles/user_files/92/?C=N;O=A HTTP/1.0" 200 1756
190.157.78.158 - - [09/Jun/2016:06:57:11 -0500] "GET /BLA/boletinlegal/js/jquery.scrollShow.js HTTP/1.1" 304 -
190.157.78.158 - - [09/Jun/2016:06:57:11 -0500] "GET /galeria/galeria/jquery.fancybox.css?v=2.1.5 HTTP/1.1" 304 -
190.157.78.158 - - [09/Jun/2016:06:57:11 -0500] "GET /galeria/galeria/jquery.fancybox.js?v=2.1.5 HTTP/1.1" 304 -
195.154.185.20 - - [09/Jun/2016:06:57:12 -0500] "GET /PruebasSTORM/StormSDA_pruebas/userFiles/user_files/92/?C=S;O=D HTTP/1.0" 200 1756
201.245.192.253 - - [09/Jun/2016:06:57:14 -0500] "GET /galeria/nivo-slider/demo/demo.html HTTP/1.1" 304 -
195.154.185.20 - - [09/Jun/2016:06:57:15 -0500] "GET /PruebasSTORM/StormSDA_pruebas/userFiles/user_files/93/?C=D;O=D HTTP/1.0" 200 1756
201.245.192.253 - - [09/Jun/2016:06:57:15 -0500] "GET /galeria/nivo-slider/demo/images/convocatoriasecretaria.jpg HTTP/1.1" 304 -
201.245.192.253 - - [09/Jun/2016:06:57:16 -0500] "GET /galeria/nivo-slider/demo/images/vegetal.jpg HTTP/1.1" 304 -
201.245.192.253 - - [09/Jun/2016:06:57:16 -0500] "GET /galeria/nivo-slider/demo/images/bannergenCAPACITACIONES-01.jpg HTTP/1.1" 304 -
195.154.185.20 - - [09/Jun/2016:06:57:17 -0500] "GET /PruebasSTORM/StormSDA_pruebas/userFiles/user_files/93/?C=M;O=D HTTP/1.0" 200 1756
195.154.185.20 - - [09/Jun/2016:06:57:23 -0500] "GET /PruebasSTORM/StormSDA_pruebas/userFiles/user_files/94/?C=D;O=D HTTP/1.0" 200 1756
195.154.185.20 - - [09/Jun/2016:06:57:27 -0500] "GET /PruebasSTORM/StormSDA_pruebas/userFiles/user_files/94/?C=S;O=D HTTP/1.0" 200 1756
186.145.222.9 - - [09/Jun/2016:06:57:29 -0500] "GET /galeria/galeria/jquery.fancybox.css?v=2.1.5 HTTP/1.1" 200 4895
186.145.222.9 - - [09/Jun/2016:06:57:29 -0500] "GET /galeria/galeria/jquery.fancybox.js?v=2.1.5 HTTP/1.1" 200 48706
186.145.222.9 - - [09/Jun/2016:06:57:29 -0500] "GET /BLA/boletinlegal/js/jquery.scrollShow.js HTTP/1.1" 200 4586
195.154.185.20 - - [09/Jun/2016:06:57:31 -0500] "GET /PruebasSTORM/StormSDA_pruebas/userFiles/user_files/95/?C=M;O=D HTTP/1.0" 200 1756
195.154.185.20 - - [09/Jun/2016:06:57:33 -0500] "GET /PruebasSTORM/StormSDA_pruebas/userFiles/user_files/95/?C=S;O=D HTTP/1.0" 200 1756
195.154.185.20 - - [09/Jun/2016:06:57:36 -0500] "GET /PruebasSTORM/StormSDA_pruebas/userFiles/user_files/95/asocia.xml HTTP/1.0" 200 5183
111.119.220.6 - - [09/Jun/2016:06:57:36 -0500] "GET /wp-login.php HTTP/1.1" 404 1018
195.154.185.20 - - [09/Jun/2016:06:57:39 -0500] "GET /PruebasSTORM/StormSDA_pruebas/userFiles/user_files/95/desasocia.xml HTTP/1.0" 200 58
186.145.222.9 - - [09/Jun/2016:06:57:39 -0500] "GET /BLA/boletinlegal/js/jquery.scrollShow.js HTTP/1.1" 304 -
186.145.222.9 - - [09/Jun/2016:06:57:39 -0500] "GET /galeria/galeria/jquery.fancybox.js?v=2.1.5 HTTP/1.1" 304 -
186.145.222.9 - - [09/Jun/2016:06:57:39 -0500] "GET /galeria/galeria/jquery.fancybox.css?v=2.1.5 HTTP/1.1" 304 -
195.154.185.20 - - [09/Jun/2016:06:57:40 -0500] "GET /PruebasSTORM/StormSDA_pruebas/userFiles/user_files/95/desasociaFormula.xml HTTP/1.0" 200 58
195.154.185.20 - - [09/Jun/2016:06:57:42 -0500] "GET /PruebasSTORM/StormSDA_pruebas/userFiles/user_files/96/?C=D;O=A HTTP/1.0" 200 1756
66.249.64.198 - - [09/Jun/2016:06:57:43 -0500] "GET /BLA/resoluciones/AUTOS%202010/0104.pdf HTTP/1.1" 304 -
195.154.185.20 - - [09/Jun/2016:06:57:45 -0500] "GET /PruebasSTORM/StormSDA_pruebas/userFiles/user_files/96/?C=M;O=A HTTP/1.0" 200 1756
195.154.185.20 - - [09/Jun/2016:06:57:47 -0500] "GET /PruebasSTORM/StormSDA_pruebas/userFiles/user_files/96/?C=N;O=A HTTP/1.0" 200 1756
66.249.64.237 - - [09/Jun/2016:06:57:48 -0500] "GET /BLA/boletinlegal/jurisprudencia/analisis/Analisis%20jurisprudencial%20Sentencia%20C-366-11.doc HTTP/1.1" 304 -
195.154.185.20 - - [09/Jun/2016:06:57:50 -0500] "GET /PruebasSTORM/StormSDA_pruebas/userFiles/user_files/96/?C=S;O=A HTTP/1.0" 200 1756
195.154.185.20 - - [09/Jun/2016:06:57:53 -0500] "GET /PruebasSTORM/StormSDA_pruebas/userFiles/user_files/96/asocia.xml HTTP/1.0" 200 5183
66.249.64.198 - - [09/Jun/2016:06:57:54 -0500] "GET /BLA/resoluciones/RESOLUCIONES%202010/4175.pdf HTTP/1.1" 304 -
201.245.192.253 - - [09/Jun/2016:06:57:55 -0500] "GET /galeria/nivo-slider/demo/demo.html HTTP/1.1" 200 4522
201.245.192.253 - - [09/Jun/2016:06:57:55 -0500] "GET /galeria/nivo-slider/demo/images/convocatoriasecretaria.jpg HTTP/1.1" 304 -
201.245.192.253 - - [09/Jun/2016:06:57:55 -0500] "GET /galeria/nivo-slider/demo/images/vegetal.jpg HTTP/1.1" 200 216080
201.245.192.253 - - [09/Jun/2016:06:57:55 -0500] "GET /galeria/nivo-slider/demo/images/bannergenCAPACITACIONES-01.jpg HTTP/1.1" 304 -
201.245.192.253 - - [09/Jun/2016:06:57:55 -0500] "GET /galeria/nivo-slider/demo/images/BANNERBOMBILLAS2.jpg HTTP/1.1" 304 -
195.154.185.20 - - [09/Jun/2016:06:57:56 -0500] "GET /PruebasSTORM/StormSDA_pruebas/userFiles/user_files/96/asociaFormula.xml HTTP/1.0" 200 54334
195.154.185.20 - - [09/Jun/2016:06:57:59 -0500] "GET /PruebasSTORM/StormSDA_pruebas/userFiles/user_files/96/desasocia.xml HTTP/1.0" 200 58
191.153.40.168 - - [09/Jun/2016:06:58:01 -0500] "GET /galeria/galeria/fotos/GuaymaralTorca4G.jpg HTTP/1.1" 200 373786
186.154.0.213 - - [09/Jun/2016:06:58:03 -0500] "GET /BLA/boletinlegal/js/jquery.scrollShow.js HTTP/1.1" 200 4586
186.154.0.213 - - [09/Jun/2016:06:58:03 -0500] "GET /galeria/galeria/jquery.fancybox.css?v=2.1.5 HTTP/1.1" 200 4895
186.154.0.213 - - [09/Jun/2016:06:58:04 -0500] "GET /galeria/galeria/jquery.fancybox.js?v=2.1.5 HTTP/1.1" 200 48706
195.154.185.20 - - [09/Jun/2016:06:58:09 -0500] "GET /PruebasSTORM/StormSDA_pruebas/userFiles/user_files/96/desasociaFormula.xml HTTP/1.0" 200 58
181.61.135.111 - - [09/Jun/2016:06:58:10 -0500] "GET /BLA/resoluciones/AUTOS%202013/0174.pdf HTTP/1.1" 200 3480267
181.61.135.111 - - [09/Jun/2016:06:58:10 -0500] "GET /BLA/resoluciones/AUTOS%202013/0174.pdf HTTP/1.1" 200 3480267
195.154.185.20 - - [09/Jun/2016:06:58:11 -0500] "GET /PruebasSTORM/StormSDA_pruebas/userFiles/user_files/formulas/3/192.xml HTTP/1.0" 200 1026
195.154.185.20 - - [09/Jun/2016:06:58:13 -0500] "GET /PruebasSTORM/StormSDA_pruebas/userFiles/user_files/formulas/3/193.xml HTTP/1.0" 200 1027
195.154.185.20 - - [09/Jun/2016:06:58:15 -0500] "GET /PruebasSTORM/StormSDA_pruebas/userFiles/user_files/formulas/3/221.xml HTTP/1.0" 200 984
195.154.185.20 - - [09/Jun/2016:06:58:19 -0500] "GET /PruebasSTORM/StormSDA_pruebas/userFiles/user_files/formulas/3/319.xml HTTP/1.0" 200 1166
195.154.185.20 - - [09/Jun/2016:06:58:21 -0500] "GET /PruebasSTORM/StormSDA_pruebas/userFiles/user_files/formulas/3/372.xml HTTP/1.0" 200 873
195.154.185.20 - - [09/Jun/2016:06:58:25 -0500] "GET /PruebasSTORM/StormSDA_pruebas/userFiles/user_files/formulas/3/373.xml HTTP/1.0" 200 871
195.154.185.20 - - [09/Jun/2016:06:58:28 -0500] "GET /PruebasSTORM/StormSDA_pruebas/userFiles/user_files/formulas/3/374.xml HTTP/1.0" 200 867
151.80.31.108 - - [09/Jun/2016:06:58:31 -0500] "GET /BLA/resoluciones/RESOLUCIONES%202002/RES%202002%201251-1301/20021299.tif HTTP/1.1" 200 42124
195.154.185.20 - - [09/Jun/2016:06:58:32 -0500] "GET /PruebasSTORM/StormSDA_pruebas/userFiles/user_files/formulas/3/376.xml HTTP/1.0" 200 897
195.154.185.20 - - [09/Jun/2016:06:58:35 -0500] "GET /PruebasSTORM/StormSDA_pruebas/userFiles/user_files/formulas/3/377.xml HTTP/1.0" 200 891
195.154.185.20 - - [09/Jun/2016:06:58:38 -0500] "GET /PruebasSTORM/StormSDA_pruebas/userFiles/user_files/formulas/3/378.xml HTTP/1.0" 200 875
195.154.185.20 - - [09/Jun/2016:06:58:41 -0500] "GET /PruebasSTORM/StormSDA_pruebas/userFiles/user_files/formulas/3/380.xml HTTP/1.0" 200 891
186.154.0.213 - - [09/Jun/2016:06:58:41 -0500] "GET /BLA/boletinlegal/js/jquery.scrollShow.js HTTP/1.1" 304 -
186.154.0.213 - - [09/Jun/2016:06:58:41 -0500] "GET /galeria/galeria/jquery.fancybox.js?v=2.1.5 HTTP/1.1" 304 -
186.154.0.213 - - [09/Jun/2016:06:58:41 -0500] "GET /galeria/galeria/jquery.fancybox.css?v=2.1.5 HTTP/1.1" 304 -
190.24.243.106 - - [09/Jun/2016:06:58:43 -0500] "GET /galeria/galeria/jquery.fancybox.js?v=2.1.5 HTTP/1.1" 200 48706
66.249.64.198 - - [09/Jun/2016:06:58:43 -0500] "GET /BLA/resoluciones/RESOLUCIONES%202014/2401.pdf HTTP/1.1" 304 -
195.154.185.20 - - [09/Jun/2016:06:58:43 -0500] "GET /PruebasSTORM/StormSDA_pruebas/userFiles/user_files/formulas/3/381.xml HTTP/1.0" 200 873
190.24.243.106 - - [09/Jun/2016:06:58:44 -0500] "GET /galeria/galeria/jquery.fancybox.css?v=2.1.5 HTTP/1.1" 200 4895
190.24.243.106 - - [09/Jun/2016:06:58:44 -0500] "GET /galeria/carrusel/Carrusel/jquery-ui-1.8.13.custom.min.js HTTP/1.1" 200 10800
190.24.243.106 - - [09/Jun/2016:06:58:45 -0500] "GET /galeria/carrusel/Carrusel/jquery.thumbnailScroller.js HTTP/1.1" 200 8157
190.24.243.106 - - [09/Jun/2016:06:58:46 -0500] "GET /BLA/boletinlegal/js/jquery.scrollShow.js HTTP/1.1" 200 4586
190.24.243.106 - - [09/Jun/2016:06:58:46 -0500] "GET /galeria/carrusel/Carrusel/jquery.thumbnailScroller.css HTTP/1.1" 200 2066
66.249.64.198 - - [09/Jun/2016:06:58:48 -0500] "GET /BLA/resoluciones/AUTOS%202015/0590.pdf HTTP/1.1" 304 -
195.154.185.20 - - [09/Jun/2016:06:58:50 -0500] "GET /PruebasSTORM/StormSDA_pruebas/userFiles/user_files/formulas/3/382.xml HTTP/1.0" 200 877
195.154.185.20 - - [09/Jun/2016:06:58:52 -0500] "GET /PruebasSTORM/StormSDA_pruebas/userFiles/user_files/formulas/3/383.xml HTTP/1.0" 200 873
190.24.243.106 - - [09/Jun/2016:06:58:52 -0500] "GET /galeria/nivo-slider/demo/demo.html HTTP/1.1" 200 4522
190.24.243.106 - - [09/Jun/2016:06:58:54 -0500] "GET /galeria/nivo-slider/themes/orman/orman.css HTTP/1.1" 200 2152
190.24.243.106 - - [09/Jun/2016:06:58:54 -0500] "GET /galeria/nivo-slider/nivo-slider.css HTTP/1.1" 200 1507
190.24.243.106 - - [09/Jun/2016:06:58:55 -0500] "GET /galeria/nivo-slider/themes/default/default.css HTTP/1.1" 200 1569
195.154.185.20 - - [09/Jun/2016:06:58:55 -0500] "GET /PruebasSTORM/StormSDA_pruebas/userFiles/user_files/formulas/3/384.xml HTTP/1.0" 200 871
190.24.243.106 - - [09/Jun/2016:06:58:55 -0500] "GET /galeria/nivo-slider/demo/style.css HTTP/1.1" 200 2222
190.24.243.106 - - [09/Jun/2016:06:58:56 -0500] "GET /galeria/nivo-slider/themes/pascal/pascal.css HTTP/1.1" 200 2258
190.24.243.106 - - [09/Jun/2016:06:58:56 -0500] "GET /galeria/nivo-slider/demo/images/vegetal.jpg HTTP/1.1" 200 216080
190.24.243.106 - - [09/Jun/2016:06:58:56 -0500] "GET /galeria/nivo-slider/demo/images/convocatoriasecretaria.jpg HTTP/1.1" 200 129365
190.24.243.106 - - [09/Jun/2016:06:58:56 -0500] "GET /galeria/nivo-slider/demo/images/BANNERWELOVEBOGOTA.jpg HTTP/1.1" 200 122775
195.154.185.20 - - [09/Jun/2016:06:58:59 -0500] "GET /PruebasSTORM/StormSDA_pruebas/userFiles/user_files/formulas/3/385.xml HTTP/1.0" 200 875
190.24.243.106 - - [09/Jun/2016:06:59:00 -0500] "GET /galeria/nivo-slider/demo/images/bannergenCAPACITACIONES-01.jpg HTTP/1.1" 200 153433
195.154.185.20 - - [09/Jun/2016:06:59:02 -0500] "GET /PruebasSTORM/StormSDA_pruebas/userFiles/user_files/formulas/3/386.xml HTTP/1.0" 200 877
190.24.243.106 - - [09/Jun/2016:06:59:04 -0500] "GET /galeria/nivo-slider/demo/scripts/jquery-1.7.1.min.js HTTP/1.1" 200 93868
195.154.185.20 - - [09/Jun/2016:06:59:04 -0500] "GET /PruebasSTORM/StormSDA_pruebas/userFiles/user_files/formulas/3/387.xml HTTP/1.0" 200 881
195.154.185.20 - - [09/Jun/2016:06:59:06 -0500] "GET /PruebasSTORM/StormSDA_pruebas/userFiles/user_files/formulas/3/388.xml HTTP/1.0" 200 855
190.24.243.106 - - [09/Jun/2016:06:59:07 -0500] "GET /galeria/nivo-slider/demo/images/Banner_wgic.jpg HTTP/1.1" 200 139000
190.24.243.106 - - [09/Jun/2016:06:59:07 -0500] "GET /galeria/nivo-slider/jquery.nivo.slider.pack.js HTTP/1.1" 200 11561
190.24.243.106 - - [09/Jun/2016:06:59:07 -0500] "GET /galeria/nivo-slider/demo/images/BANNERBOMBILLAS2.jpg HTTP/1.1" 200 106552
190.24.243.106 - - [09/Jun/2016:06:59:08 -0500] "GET /galeria/nivo-slider/demo/images/ecolecta2016.jpg HTTP/1.1" 200 147170
195.154.185.20 - - [09/Jun/2016:06:59:09 -0500] "GET /PruebasSTORM/StormSDA_pruebas/userFiles/user_files/formulas/3/389.xml HTTP/1.0" 200 897
190.24.243.106 - - [09/Jun/2016:06:59:10 -0500] "GET /galeria/nivo-slider/demo/images/ABC-Plan-de-contigencia.jpg HTTP/1.1" 200 423901
66.249.64.198 - - [09/Jun/2016:06:59:10 -0500] "GET /BLA/resoluciones/RESOLUCIONES%202012/0641.pdf HTTP/1.1" 304 -
195.154.185.20 - - [09/Jun/2016:06:59:11 -0500] "GET /PruebasSTORM/StormSDA_pruebas/userFiles/user_files/formulas/3/390.xml HTTP/1.0" 200 911
190.24.243.106 - - [09/Jun/2016:06:59:13 -0500] "GET /galeria/nivo-slider/demo/images/caminata-ecologica.jpg HTTP/1.1" 200 192926
195.154.185.20 - - [09/Jun/2016:06:59:14 -0500] "GET /PruebasSTORM/StormSDA_pruebas/userFiles/user_files/formulas/3/391.xml HTTP/1.0" 200 887
190.24.243.106 - - [09/Jun/2016:06:59:16 -0500] "GET /galeria/nivo-slider/demo/images/banner-llantas2015.jpg HTTP/1.1" 200 268366
190.24.243.106 - - [09/Jun/2016:06:59:16 -0500] "GET /galeria/nivo-slider/demo/images/Cmapana-onestidad.jpg HTTP/1.1" 200 141638
190.24.243.106 - - [09/Jun/2016:06:59:17 -0500] "GET /galeria/nivo-slider/demo/images/banner-llantas2.jpg HTTP/1.1" 200 234514
195.154.185.20 - - [09/Jun/2016:06:59:18 -0500] "GET /PruebasSTORM/StormSDA_pruebas/userFiles/user_files/formulas/3/392.xml HTTP/1.0" 200 887
195.154.185.20 - - [09/Jun/2016:06:59:20 -0500] "GET /PruebasSTORM/StormSDA_pruebas/userFiles/user_files/formulas/3/393.xml HTTP/1.0" 200 895
190.24.243.106 - - [09/Jun/2016:06:59:20 -0500] "GET /galeria/nivo-slider/demo/images/9Signos.jpg HTTP/1.1" 200 81776
190.24.243.106 - - [09/Jun/2016:06:59:22 -0500] "GET /galeria/nivo-slider/demo/images/bolsas-06.jpg HTTP/1.1" 200 210950
195.154.185.20 - - [09/Jun/2016:06:59:22 -0500] "GET /PruebasSTORM/StormSDA_pruebas/userFiles/user_files/formulas/3/394.xml HTTP/1.0" 200 881
190.24.243.106 - - [09/Jun/2016:06:59:24 -0500] "GET /galeria/nivo-slider/demo/images/Ruta-vertimientos-01.jpg HTTP/1.1" 200 130151
195.154.185.20 - - [09/Jun/2016:06:59:24 -0500] "GET /PruebasSTORM/StormSDA_pruebas/userFiles/user_files/formulas/3/395.xml HTTP/1.0" 200 867
190.24.243.106 - - [09/Jun/2016:06:59:26 -0500] "GET /galeria/nivo-slider/demo/images/4Simple_Slider.png HTTP/1.1" 200 11722
190.24.243.106 - - [09/Jun/2016:06:59:26 -0500] "GET /galeria/nivo-slider/themes/default/loading.gif HTTP/1.1" 200 1737
195.154.185.20 - - [09/Jun/2016:06:59:27 -0500] "GET /PruebasSTORM/StormSDA_pruebas/userFiles/user_files/formulas/3/396.xml HTTP/1.0" 200 879
192.168.175.104 - - [09/Jun/2016:06:59:29 -0500] "GET / HTTP/1.0" 200 9990
195.154.185.20 - - [09/Jun/2016:06:59:30 -0500] "GET /PruebasSTORM/StormSDA_pruebas/userFiles/user_files/formulas/3/397.xml HTTP/1.0" 200 879
195.154.185.20 - - [09/Jun/2016:06:59:32 -0500] "GET /PruebasSTORM/StormSDA_pruebas/userFiles/user_files/formulas/3/398.xml HTTP/1.0" 200 865
190.24.243.106 - - [09/Jun/2016:06:59:33 -0500] "GET /galeria/nivo-slider/themes/default/arrows.png HTTP/1.1" 200 824
195.154.185.20 - - [09/Jun/2016:06:59:35 -0500] "GET /PruebasSTORM/StormSDA_pruebas/userFiles/user_files/formulas/3/399.xml HTTP/1.0" 200 863
190.24.243.106 - - [09/Jun/2016:06:59:35 -0500] "GET /galeria/nivo-slider/themes/default/bullets.png HTTP/1.1" 200 1281
195.154.185.20 - - [09/Jun/2016:06:59:38 -0500] "GET /PruebasSTORM/StormSDA_pruebas/userFiles/user_files/formulas/3/400.xml HTTP/1.0" 200 847
66.249.64.198 - - [09/Jun/2016:06:59:38 -0500] "GET /BLA/resoluciones/AUTOS%202012/0096.pdf HTTP/1.1" 304 -
181.49.188.5 - - [09/Jun/2016:06:59:40 -0500] "GET /galeria/galeria/jquery.fancybox.css?v=2.1.5 HTTP/1.1" 200 4895
181.49.188.5 - - [09/Jun/2016:06:59:40 -0500] "GET /galeria/galeria/jquery.fancybox.js?v=2.1.5 HTTP/1.1" 200 48706
181.49.188.5 - - [09/Jun/2016:06:59:40 -0500] "GET /BLA/boletinlegal/js/jquery.scrollShow.js HTTP/1.1" 304 -
195.154.185.20 - - [09/Jun/2016:06:59:40 -0500] "GET /PruebasSTORM/StormSDA_pruebas/userFiles/user_files/formulas/3/401.xml HTTP/1.0" 200 877
195.154.185.20 - - [09/Jun/2016:06:59:42 -0500] "GET /PruebasSTORM/StormSDA_pruebas/userFiles/user_files/formulas/3/402.xml HTTP/1.0" 200 877
69.162.124.232 - - [09/Jun/2016:06:59:44 -0500] "HEAD / HTTP/1.1" 200 -
195.154.185.20 - - [09/Jun/2016:06:59:45 -0500] "GET /PruebasSTORM/StormSDA_pruebas/userFiles/user_files/formulas/3/403.xml HTTP/1.0" 200 873
195.154.185.20 - - [09/Jun/2016:06:59:48 -0500] "GET /PruebasSTORM/StormSDA_pruebas/userFiles/user_files/formulas/3/404.xml HTTP/1.0" 200 883
66.249.64.198 - - [09/Jun/2016:06:59:49 -0500] "GET /BLA/resoluciones/AUTOS%202013/0540.pdf HTTP/1.1" 304 -
186.83.74.180 - - [09/Jun/2016:06:59:50 -0500] "GET /galeria/galeria/jquery.fancybox.css?v=2.1.5 HTTP/1.1" 200 4895
186.83.74.180 - - [09/Jun/2016:06:59:50 -0500] "GET /BLA/boletinlegal/js/jquery.scrollShow.js HTTP/1.1" 200 4586
186.83.74.180 - - [09/Jun/2016:06:59:50 -0500] "GET /galeria/galeria/jquery.fancybox.js?v=2.1.5 HTTP/1.1" 200 48706
195.154.185.20 - - [09/Jun/2016:06:59:50 -0500] "GET /PruebasSTORM/StormSDA_pruebas/userFiles/user_files/formulas/3/405.xml HTTP/1.0" 200 893
195.154.185.20 - - [09/Jun/2016:06:59:52 -0500] "GET /PruebasSTORM/StormSDA_pruebas/userFiles/user_files/formulas/3/406.xml HTTP/1.0" 200 879
191.153.40.168 - - [09/Jun/2016:06:59:54 -0500] "GET /galeria/galeria/fotos/3GuaymaralTorcaG3.jpg HTTP/1.1" 200 39105
195.154.185.20 - - [09/Jun/2016:06:59:55 -0500] "GET /PruebasSTORM/StormSDA_pruebas/userFiles/user_files/formulas/3/407.xml HTTP/1.0" 200 865
195.154.185.20 - - [09/Jun/2016:06:59:58 -0500] "GET /PruebasSTORM/StormSDA_pruebas/userFiles/user_files/formulas/3/408.xml HTTP/1.0" 200 869
181.49.188.5 - - [09/Jun/2016:06:59:58 -0500] "GET /galeria/galeria/jquery.fancybox.css?v=2.1.5 HTTP/1.1" 304 -
181.49.188.5 - - [09/Jun/2016:06:59:58 -0500] "GET /BLA/boletinlegal/js/jquery.scrollShow.js HTTP/1.1" 304 -
181.49.188.5 - - [09/Jun/2016:06:59:58 -0500] "GET /galeria/galeria/jquery.fancybox.js?v=2.1.5 HTTP/1.1" 304 -
186.83.74.180 - - [09/Jun/2016:06:59:59 -0500] "GET /BLA/boletinlegal/js/jquery.scrollShow.js HTTP/1.1" 304 -
186.83.74.180 - - [09/Jun/2016:06:59:59 -0500] "GET /galeria/galeria/jquery.fancybox.css?v=2.1.5 HTTP/1.1" 304 -
186.83.74.180 - - [09/Jun/2016:06:59:59 -0500] "GET /galeria/galeria/jquery.fancybox.js?v=2.1.5 HTTP/1.1" 304 -
66.249.64.248 - - [09/Jun/2016:07:00:00 -0500] "GET /SIG/Gestion%20Recursos%20Financieros/126PA02-PR17%20CONCILIACION%20OPERACIONES%20RECIPROCAS.pdf HTTP/1.1" 304 -
181.49.188.5 - - [09/Jun/2016:07:00:00 -0500] "GET /galeria/galeria/jquery.fancybox.css?v=2.1.5 HTTP/1.1" 200 4895
195.154.185.20 - - [09/Jun/2016:07:00:01 -0500] "GET /PruebasSTORM/StormSDA_pruebas/userFiles/user_files/formulas/3/409.xml HTTP/1.0" 200 869
192.168.175.104 - - [09/Jun/2016:07:00:01 -0500] "GET / HTTP/1.1" 200 9990
195.154.185.20 - - [09/Jun/2016:07:00:03 -0500] "GET /PruebasSTORM/StormSDA_pruebas/userFiles/user_files/formulas/3/410.xml HTTP/1.0" 200 847
66.249.64.198 - - [09/Jun/2016:07:00:05 -0500] "GET /BLA/resoluciones/RESOLUCIONES%202007/RES%202007%202001%20AL%202100/RESOLUCION%202074%20DE%202007.pdf HTTP/1.1" 304 -
195.154.185.20 - - [09/Jun/2016:07:00:06 -0500] "GET /PruebasSTORM/StormSDA_pruebas/userFiles/user_files/formulas/3/411.xml HTTP/1.0" 200 889
191.153.40.168 - - [09/Jun/2016:07:00:06 -0500] "GET /galeria/mapa/TORCA12.jpg HTTP/1.1" 200 24337
191.153.40.168 - - [09/Jun/2016:07:00:07 -0500] "GET /galeria/galeria/fotos/1GuaymaralTorcaG1.jpg HTTP/1.1" 200 36592
195.154.185.20 - - [09/Jun/2016:07:00:08 -0500] "GET /PruebasSTORM/StormSDA_pruebas/userFiles/user_files/formulas/3/412.xml HTTP/1.0" 200 865
66.249.69.198 - - [09/Jun/2016:07:00:08 -0500] "GET /BLA/resoluciones/AUTOS%202011/4212.pdf HTTP/1.1" 200 194253
195.154.185.20 - - [09/Jun/2016:07:00:10 -0500] "GET /PruebasSTORM/StormSDA_pruebas/userFiles/user_files/formulas/3/413.xml HTTP/1.0" 200 879
195.154.185.20 - - [09/Jun/2016:07:00:12 -0500] "GET /PruebasSTORM/StormSDA_pruebas/userFiles/user_files/formulas/3/414.xml HTTP/1.0" 200 857
195.154.185.20 - - [09/Jun/2016:07:00:15 -0500] "GET /PruebasSTORM/StormSDA_pruebas/userFiles/user_files/formulas/3/415.xml HTTP/1.0" 200 871
186.145.222.9 - - [09/Jun/2016:07:00:17 -0500] "GET /galeria/galeria/jquery.fancybox.css?v=2.1.5 HTTP/1.1" 304 -
186.145.222.9 - - [09/Jun/2016:07:00:17 -0500] "GET /BLA/boletinlegal/js/jquery.scrollShow.js HTTP/1.1" 304 -
186.145.222.9 - - [09/Jun/2016:07:00:17 -0500] "GET /galeria/galeria/jquery.fancybox.js?v=2.1.5 HTTP/1.1" 304 -
195.154.185.20 - - [09/Jun/2016:07:00:17 -0500] "GET /PruebasSTORM/StormSDA_pruebas/userFiles/user_files/formulas/3/416.xml HTTP/1.0" 200 871
191.153.40.168 - - [09/Jun/2016:07:00:19 -0500] "GET /galeria/galeria/fotos/GuaymaralTorca1G.jpg HTTP/1.1" 200 539636
195.154.185.20 - - [09/Jun/2016:07:00:20 -0500] "GET /PruebasSTORM/StormSDA_pruebas/userFiles/user_files/formulas/3/417.xml HTTP/1.0" 200 871
195.154.185.20 - - [09/Jun/2016:07:00:22 -0500] "GET /PruebasSTORM/StormSDA_pruebas/userFiles/user_files/formulas/3/418.xml HTTP/1.0" 200 879
195.154.185.20 - - [09/Jun/2016:07:00:24 -0500] "GET /PruebasSTORM/StormSDA_pruebas/userFiles/user_files/formulas/3/419.xml HTTP/1.0" 200 857
195.154.185.20 - - [09/Jun/2016:07:00:27 -0500] "GET /PruebasSTORM/StormSDA_pruebas/userFiles/user_files/formulas/3/420.xml HTTP/1.0" 200 865
181.64.206.93 - - [09/Jun/2016:07:00:28 -0500] "GET /galeria/galeria/jquery.fancybox.css?v=2.1.5 HTTP/1.1" 200 4895
181.64.206.93 - - [09/Jun/2016:07:00:28 -0500] "GET /galeria/galeria/jquery.fancybox.js?v=2.1.5 HTTP/1.1" 200 48706
181.64.206.93 - - [09/Jun/2016:07:00:28 -0500] "GET /BLA/boletinlegal/js/jquery.scrollShow.js HTTP/1.1" 200 4586
195.154.185.20 - - [09/Jun/2016:07:00:28 -0500] "GET /PruebasSTORM/StormSDA_pruebas/userFiles/user_files/formulas/3/421.xml HTTP/1.0" 200 873
195.154.185.20 - - [09/Jun/2016:07:00:30 -0500] "GET /PruebasSTORM/StormSDA_pruebas/userFiles/user_files/formulas/3/422.xml HTTP/1.0" 200 875
201.245.192.253 - - [09/Jun/2016:07:00:32 -0500] "GET /catalogoisis/ HTTP/1.1" 200 8575
66.249.64.198 - - [09/Jun/2016:07:00:32 -0500] "GET /BLA/resoluciones/AUTOS%202007/0902.pdf HTTP/1.1" 304 -
195.154.185.20 - - [09/Jun/2016:07:00:34 -0500] "GET /PruebasSTORM/StormSDA_pruebas/userFiles/user_files/formulas/3/423.xml HTTP/1.0" 200 889
195.154.185.20 - - [09/Jun/2016:07:00:37 -0500] "GET /PruebasSTORM/StormSDA_pruebas/userFiles/user_files/formulas/3/424.xml HTTP/1.0" 200 877
195.154.185.20 - - [09/Jun/2016:07:00:40 -0500] "GET /PruebasSTORM/StormSDA_pruebas/userFiles/user_files/formulas/3/425.xml HTTP/1.0" 200 881
195.154.185.20 - - [09/Jun/2016:07:00:42 -0500] "GET /PruebasSTORM/StormSDA_pruebas/userFiles/user_files/formulas/3/426.xml HTTP/1.0" 200 873
195.154.185.20 - - [09/Jun/2016:07:00:43 -0500] "GET /PruebasSTORM/StormSDA_pruebas/userFiles/user_files/formulas/3/427.xml HTTP/1.0" 200 883
195.154.185.20 - - [09/Jun/2016:07:00:46 -0500] "GET /PruebasSTORM/StormSDA_pruebas/userFiles/user_files/formulas/3/428.xml HTTP/1.0" 200 887
195.154.185.20 - - [09/Jun/2016:07:00:47 -0500] "GET /PruebasSTORM/StormSDA_pruebas/userFiles/user_files/formulas/3/429.xml HTTP/1.0" 200 877
195.154.185.20 - - [09/Jun/2016:07:00:50 -0500] "GET /PruebasSTORM/StormSDA_pruebas/userFiles/user_files/formulas/3/430.xml HTTP/1.0" 200 867
195.154.185.20 - - [09/Jun/2016:07:00:52 -0500] "GET /PruebasSTORM/StormSDA_pruebas/userFiles/user_files/formulas/3/431.xml HTTP/1.0" 200 851
191.153.40.168 - - [09/Jun/2016:07:00:53 -0500] "GET /galeria/galeria/fotos/2GuaymaralTorcaG2.jpg HTTP/1.1" 200 28916
195.154.185.20 - - [09/Jun/2016:07:00:54 -0500] "GET /PruebasSTORM/StormSDA_pruebas/userFiles/user_files/formulas/3/432.xml HTTP/1.0" 200 885
195.154.185.20 - - [09/Jun/2016:07:00:56 -0500] "GET /PruebasSTORM/StormSDA_pruebas/userFiles/user_files/formulas/3/433.xml HTTP/1.0" 200 867
195.154.185.20 - - [09/Jun/2016:07:00:58 -0500] "GET /PruebasSTORM/StormSDA_pruebas/userFiles/user_files/formulas/3/434.xml HTTP/1.0" 200 863
195.154.185.20 - - [09/Jun/2016:07:01:00 -0500] "GET /PruebasSTORM/StormSDA_pruebas/userFiles/user_files/formulas/3/435.xml HTTP/1.0" 200 881
195.154.185.20 - - [09/Jun/2016:07:01:02 -0500] "GET /PruebasSTORM/StormSDA_pruebas/userFiles/user_files/formulas/3/436.xml HTTP/1.0" 200 879
195.154.185.20 - - [09/Jun/2016:07:01:04 -0500] "GET /PruebasSTORM/StormSDA_pruebas/userFiles/user_files/formulas/3/437.xml HTTP/1.0" 200 877
195.154.185.20 - - [09/Jun/2016:07:01:06 -0500] "GET /PruebasSTORM/StormSDA_pruebas/userFiles/user_files/formulas/3/438.xml HTTP/1.0" 200 885
195.154.185.20 - - [09/Jun/2016:07:01:08 -0500] "GET /SIG/index.php?dir=Comunicaciones/&sort=date&order=desc HTTP/1.0" 200 2914
186.154.0.213 - - [09/Jun/2016:07:01:09 -0500] "GET /galeria/carrusel/Carrusel/jquery.thumbnailScroller.css HTTP/1.1" 200 2066
200.93.161.28 - - [09/Jun/2016:07:01:10 -0500] "GET /portalsiaccapacitaciones/list.php? HTTP/1.1" 200 4685
186.154.0.213 - - [09/Jun/2016:07:01:10 -0500] "GET /galeria/carrusel/Carrusel/jquery-ui-1.8.13.custom.min.js HTTP/1.1" 200 10800
186.154.0.213 - - [09/Jun/2016:07:01:10 -0500] "GET /galeria/carrusel/Carrusel/jquery.thumbnailScroller.js HTTP/1.1" 200 8157
195.154.185.20 - - [09/Jun/2016:07:01:10 -0500] "GET /SIG/index.php?dir=Comunicaciones/&sort=name&order=asc HTTP/1.0" 200 2915
66.249.64.198 - - [09/Jun/2016:07:01:11 -0500] "GET /BLA/resoluciones/AUTOS%202009/0025.pdf HTTP/1.1" 304 -
186.31.95.147 - - [09/Jun/2016:07:01:11 -0500] "GET /galeria/galeria/jquery.fancybox.css?v=2.1.5 HTTP/1.1" 200 4895
186.31.95.147 - - [09/Jun/2016:07:01:11 -0500] "GET /galeria/carrusel/Carrusel/jquery.thumbnailScroller.css HTTP/1.1" 200 2066
186.31.95.147 - - [09/Jun/2016:07:01:11 -0500] "GET /BLA/boletinlegal/js/jquery.scrollShow.js HTTP/1.1" 200 4586
186.31.95.147 - - [09/Jun/2016:07:01:11 -0500] "GET /galeria/galeria/jquery.fancybox.js?v=2.1.5 HTTP/1.1" 200 48706
186.31.95.147 - - [09/Jun/2016:07:01:11 -0500] "GET /galeria/carrusel/Carrusel/jquery-ui-1.8.13.custom.min.js HTTP/1.1" 200 10800
186.31.95.147 - - [09/Jun/2016:07:01:11 -0500] "GET /galeria/carrusel/Carrusel/jquery.thumbnailScroller.js HTTP/1.1" 200 8157
186.154.0.213 - - [09/Jun/2016:07:01:12 -0500] "GET /galeria/nivo-slider/demo/demo.html HTTP/1.1" 200 4522
195.154.185.20 - - [09/Jun/2016:07:01:13 -0500] "GET /SIG/index.php?dir=Comunicaciones/&sort=size&order=desc HTTP/1.0" 200 2914
186.154.0.213 - - [09/Jun/2016:07:01:14 -0500] "GET /galeria/nivo-slider/themes/default/default.css HTTP/1.1" 200 1569
186.154.0.213 - - [09/Jun/2016:07:01:14 -0500] "GET /galeria/nivo-slider/themes/pascal/pascal.css HTTP/1.1" 200 2258
186.154.0.213 - - [09/Jun/2016:07:01:14 -0500] "GET /galeria/nivo-slider/themes/orman/orman.css HTTP/1.1" 200 2152
186.154.0.213 - - [09/Jun/2016:07:01:14 -0500] "GET /galeria/nivo-slider/nivo-slider.css HTTP/1.1" 200 1507
186.154.0.213 - - [09/Jun/2016:07:01:14 -0500] "GET /galeria/nivo-slider/demo/style.css HTTP/1.1" 200 2222
186.154.0.213 - - [09/Jun/2016:07:01:14 -0500] "GET /galeria/nivo-slider/demo/scripts/jquery-1.7.1.min.js HTTP/1.1" 200 93868
186.31.95.147 - - [09/Jun/2016:07:01:15 -0500] "GET /galeria/nivo-slider/demo/demo.html HTTP/1.1" 200 4522
186.31.95.147 - - [09/Jun/2016:07:01:15 -0500] "GET /galeria/nivo-slider/themes/default/default.css HTTP/1.1" 200 1569
186.31.95.147 - - [09/Jun/2016:07:01:15 -0500] "GET /galeria/nivo-slider/themes/pascal/pascal.css HTTP/1.1" 200 2258
186.31.95.147 - - [09/Jun/2016:07:01:15 -0500] "GET /galeria/nivo-slider/themes/orman/orman.css HTTP/1.1" 200 2152
186.31.95.147 - - [09/Jun/2016:07:01:15 -0500] "GET /galeria/nivo-slider/nivo-slider.css HTTP/1.1" 200 1507
186.31.95.147 - - [09/Jun/2016:07:01:15 -0500] "GET /galeria/nivo-slider/demo/style.css HTTP/1.1" 200 2222
186.31.95.147 - - [09/Jun/2016:07:01:15 -0500] "GET /galeria/nivo-slider/demo/images/4Simple_Slider.png HTTP/1.1" 200 11722
186.31.95.147 - - [09/Jun/2016:07:01:15 -0500] "GET /galeria/nivo-slider/themes/default/loading.gif HTTP/1.1" 200 1737
195.154.185.20 - - [09/Jun/2016:07:01:15 -0500] "GET /SIG/index.php?dir=Control%20Disciplinario/&sort=date&order=desc HTTP/1.0" 200 2703
186.31.95.147 - - [09/Jun/2016:07:01:16 -0500] "GET /galeria/nivo-slider/demo/images/convocatoriasecretaria.jpg HTTP/1.1" 200 129365
186.31.95.147 - - [09/Jun/2016:07:01:16 -0500] "GET /galeria/nivo-slider/demo/images/vegetal.jpg HTTP/1.1" 200 216080
186.31.95.147 - - [09/Jun/2016:07:01:16 -0500] "GET /galeria/nivo-slider/demo/images/BANNERWELOVEBOGOTA.jpg HTTP/1.1" 200 122775
66.249.64.198 - - [09/Jun/2016:07:01:16 -0500] "GET /BLA/resoluciones/RESOLUCIONES%202012/1297.pdf HTTP/1.1" 304 -
186.31.95.147 - - [09/Jun/2016:07:01:16 -0500] "GET /galeria/nivo-slider/demo/images/bannergenCAPACITACIONES-01.jpg HTTP/1.1" 200 153433
186.31.95.147 - - [09/Jun/2016:07:01:16 -0500] "GET /galeria/nivo-slider/demo/scripts/jquery-1.7.1.min.js HTTP/1.1" 200 93868
186.31.95.147 - - [09/Jun/2016:07:01:16 -0500] "GET /galeria/nivo-slider/jquery.nivo.slider.pack.js HTTP/1.1" 200 11561
186.154.0.213 - - [09/Jun/2016:07:01:17 -0500] "GET /galeria/nivo-slider/demo/images/4Simple_Slider.png HTTP/1.1" 200 11722
186.154.0.213 - - [09/Jun/2016:07:01:17 -0500] "GET /galeria/nivo-slider/themes/default/loading.gif HTTP/1.1" 200 1737
195.154.185.20 - - [09/Jun/2016:07:01:18 -0500] "GET /SIG/index.php?dir=Control%20Disciplinario/&sort=name&order=asc HTTP/1.0" 200 2704
186.154.0.213 - - [09/Jun/2016:07:01:18 -0500] "GET /galeria/nivo-slider/jquery.nivo.slider.pack.js HTTP/1.1" 200 11561
186.154.0.213 - - [09/Jun/2016:07:01:19 -0500] "GET /galeria/nivo-slider/demo/images/convocatoriasecretaria.jpg HTTP/1.1" 200 129365
195.154.185.20 - - [09/Jun/2016:07:01:19 -0500] "GET /SIG/index.php?dir=Control%20Disciplinario/&sort=size&order=desc HTTP/1.0" 200 2703
186.154.0.213 - - [09/Jun/2016:07:01:20 -0500] "GET /galeria/nivo-slider/demo/images/vegetal.jpg HTTP/1.1" 200 216080
186.154.0.213 - - [09/Jun/2016:07:01:20 -0500] "GET /galeria/nivo-slider/demo/images/BANNERWELOVEBOGOTA.jpg HTTP/1.1" 200 122775
195.154.185.20 - - [09/Jun/2016:07:01:21 -0500] "GET /SIG/index.php?dir=Direccionamiento%20Estrategico/&sort=date&order=desc HTTP/1.0" 200 3945
186.154.0.213 - - [09/Jun/2016:07:01:24 -0500] "GET /galeria/nivo-slider/demo/images/bannergenCAPACITACIONES-01.jpg HTTP/1.1" 200 153433
186.154.0.213 - - [09/Jun/2016:07:01:24 -0500] "GET /galeria/nivo-slider/demo/images/Banner_wgic.jpg HTTP/1.1" 200 139000
186.154.0.213 - - [09/Jun/2016:07:01:24 -0500] "GET /galeria/nivo-slider/demo/images/BANNERBOMBILLAS2.jpg HTTP/1.1" 200 106552
186.154.0.213 - - [09/Jun/2016:07:01:24 -0500] "GET /galeria/nivo-slider/demo/images/ecolecta2016.jpg HTTP/1.1" 200 147170
195.154.185.20 - - [09/Jun/2016:07:01:24 -0500] "GET /SIG/index.php?dir=Direccionamiento%20Estrategico/&sort=name&order=asc HTTP/1.0" 200 3946
195.154.185.20 - - [09/Jun/2016:07:01:27 -0500] "GET /SIG/index.php?dir=Direccionamiento%20Estrategico/&sort=size&order=desc HTTP/1.0" 200 3945
186.154.0.213 - - [09/Jun/2016:07:01:28 -0500] "GET /galeria/nivo-slider/demo/images/ABC-Plan-de-contigencia.jpg HTTP/1.1" 200 423901
186.154.0.213 - - [09/Jun/2016:07:01:28 -0500] "GET /galeria/nivo-slider/demo/images/banner-llantas2015.jpg HTTP/1.1" 200 268366
186.154.0.213 - - [09/Jun/2016:07:01:28 -0500] "GET /galeria/nivo-slider/demo/images/caminata-ecologica.jpg HTTP/1.1" 200 192926
186.154.0.213 - - [09/Jun/2016:07:01:28 -0500] "GET /galeria/nivo-slider/demo/images/Cmapana-onestidad.jpg HTTP/1.1" 200 141638
195.154.185.20 - - [09/Jun/2016:07:01:29 -0500] "GET /SIG/index.php?dir=ECS/&sort=date&order=desc HTTP/1.0" 200 16569
181.64.206.93 - - [09/Jun/2016:07:01:30 -0500] "GET /BLA/boletinlegal/js/jquery.scrollShow.js HTTP/1.1" 200 4586
181.64.206.93 - - [09/Jun/2016:07:01:30 -0500] "GET /galeria/galeria/jquery.fancybox.js?v=2.1.5 HTTP/1.1" 200 48706
181.64.206.93 - - [09/Jun/2016:07:01:30 -0500] "GET /galeria/galeria/jquery.fancybox.css?v=2.1.5 HTTP/1.1" 200 4895
186.154.0.213 - - [09/Jun/2016:07:01:31 -0500] "GET /galeria/nivo-slider/demo/images/banner-llantas2.jpg HTTP/1.1" 200 234514
186.154.0.213 - - [09/Jun/2016:07:01:31 -0500] "GET /galeria/nivo-slider/demo/images/9Signos.jpg HTTP/1.1" 200 81776
195.154.185.20 - - [09/Jun/2016:07:01:31 -0500] "GET /SIG/index.php?dir=ECS/&sort=name&order=asc HTTP/1.0" 200 16570
186.154.0.213 - - [09/Jun/2016:07:01:33 -0500] "GET /galeria/nivo-slider/demo/images/bolsas-06.jpg HTTP/1.1" 200 210950
186.154.0.213 - - [09/Jun/2016:07:01:33 -0500] "GET /galeria/nivo-slider/demo/images/Ruta-vertimientos-01.jpg HTTP/1.1" 200 130151
195.154.185.20 - - [09/Jun/2016:07:01:34 -0500] "GET /SIG/index.php?dir=ECS/&sort=size&order=desc HTTP/1.0" 200 16569
186.154.0.213 - - [09/Jun/2016:07:01:36 -0500] "GET /galeria/nivo-slider/themes/default/bullets.png HTTP/1.1" 200 1281
195.154.185.20 - - [09/Jun/2016:07:01:37 -0500] "GET /SIG/index.php?dir=Gestion%20Documental/&sort=date&order=desc HTTP/1.0" 200 5566
66.249.64.198 - - [09/Jun/2016:07:01:38 -0500] "GET /BLA/resoluciones/RESOLUCIONES%202014/0933.pdf HTTP/1.1" 304 -
195.154.185.20 - - [09/Jun/2016:07:01:40 -0500] "GET /SIG/index.php?dir=Gestion%20Documental/&sort=name&order=asc HTTP/1.0" 200 5567
195.154.185.20 - - [09/Jun/2016:07:01:42 -0500] "GET /SIG/index.php?dir=Gestion%20Documental/&sort=size&order=desc HTTP/1.0" 200 5566
186.154.0.213 - - [09/Jun/2016:07:01:45 -0500] "GET /galeria/nivo-slider/themes/default/arrows.png HTTP/1.1" 200 824
195.154.185.20 - - [09/Jun/2016:07:01:45 -0500] "GET /SIG/index.php?dir=Gestion%20Recursos%20Financieros/&sort=date&order=desc HTTP/1.0" 200 8842
51.255.65.42 - - [09/Jun/2016:07:01:46 -0500] "GET /BLA/resoluciones/RESOLUCIONES%202005/RES%202005%202751-2800/00002792.tif HTTP/1.1" 200 382910
195.154.185.20 - - [09/Jun/2016:07:01:47 -0500] "GET /SIG/index.php?dir=Gestion%20Recursos%20Financieros/&sort=name&order=asc HTTP/1.0" 200 8843
66.249.64.198 - - [09/Jun/2016:07:01:49 -0500] "GET /BLA/resoluciones/AUTOS%202013/2370.pdf HTTP/1.1" 304 -
195.154.185.20 - - [09/Jun/2016:07:01:51 -0500] "GET /SIG/index.php?dir=Gestion%20Recursos%20Financieros/&sort=size&order=desc HTTP/1.0" 200 8842
195.154.185.20 - - [09/Jun/2016:07:01:53 -0500] "GET /StormSDA/lib/win32/ HTTP/1.0" 200 1203
195.154.185.20 - - [09/Jun/2016:07:01:55 -0500] "GET /StormSDA/lib/win32/jdic.jar HTTP/1.0" 200 82996
192.168.175.104 - - [09/Jun/2016:07:01:57 -0500] "GET / HTTP/1.1" 200 9990
195.154.185.20 - - [09/Jun/2016:07:01:58 -0500] "GET /StormSDA/lib/win32/jdic_native.jar HTTP/1.0" 200 158802
195.154.185.20 - - [09/Jun/2016:07:02:00 -0500] "GET /StormSDA/stormWeb/presentacion.html HTTP/1.0" 200 4730
195.154.185.20 - - [09/Jun/2016:07:02:03 -0500] "GET /StormSDA/userFiles/ HTTP/1.0" 200 6087
191.153.40.168 - - [09/Jun/2016:07:02:04 -0500] "GET /galeria/galeria/fotos/mirador4G.jpg HTTP/1.1" 200 159827
195.154.185.20 - - [09/Jun/2016:07:02:06 -0500] "GET /StormSDA/userFiles%20-%20Copy%2019-07-2012/ HTTP/1.0" 200 5900
195.154.185.20 - - [09/Jun/2016:07:02:08 -0500] "GET /StormSDA/userFiles%20-%20Copy%2019-07-2012/1.jar HTTP/1.0" 200 2765
195.154.185.20 - - [09/Jun/2016:07:02:11 -0500] "GET /StormSDA/userFiles%20-%20Copy%2019-07-2012/2.jar HTTP/1.0" 200 1892
195.154.185.20 - - [09/Jun/2016:07:02:12 -0500] "GET /StormSDA/userFiles%20-%20Copy%2019-07-2012/85.jar HTTP/1.0" 200 2755
195.154.185.20 - - [09/Jun/2016:07:02:15 -0500] "GET /StormSDA/userFiles%20-%20Copy%2019-07-2012/86.jar HTTP/1.0" 200 2755
195.154.185.20 - - [09/Jun/2016:07:02:17 -0500] "GET /StormSDA/userFiles%20-%20Copy%2019-07-2012/87.jar HTTP/1.0" 200 2755
66.249.64.198 - - [09/Jun/2016:07:02:17 -0500] "GET /BLA/resoluciones/RESOLUCIONES%202007/RES%202007%202801%20AL%202900/RESOLUCION%202848%20DE%202007.pdf HTTP/1.1" 304 -
195.154.185.20 - - [09/Jun/2016:07:02:19 -0500] "GET /StormSDA/userFiles%20-%20Copy%2019-07-2012/88.jar HTTP/1.0" 200 2755
195.154.185.20 - - [09/Jun/2016:07:02:21 -0500] "GET /StormSDA/userFiles%20-%20Copy%2019-07-2012/89.jar HTTP/1.0" 200 2755
191.153.40.168 - - [09/Jun/2016:07:02:22 -0500] "GET /galeria/mapa/3MapaBogot%C3%A1.jpg HTTP/1.1" 200 688183
195.154.185.20 - - [09/Jun/2016:07:02:24 -0500] "GET /StormSDA/userFiles%20-%20Copy%2019-07-2012/90.jar HTTP/1.0" 200 2755
195.154.185.20 - - [09/Jun/2016:07:02:26 -0500] "GET /StormSDA/userFiles%20-%20Copy%2019-07-2012/91.jar HTTP/1.0" 200 2755
195.154.185.20 - - [09/Jun/2016:07:02:29 -0500] "GET /StormSDA/userFiles%20-%20Copy%2019-07-2012/92.jar HTTP/1.0" 200 2755
195.154.185.20 - - [09/Jun/2016:07:02:31 -0500] "GET /StormSDA/userFiles%20-%20Copy%2019-07-2012/93.jar HTTP/1.0" 200 2755
195.154.185.20 - - [09/Jun/2016:07:02:33 -0500] "GET /StormSDA/userFiles%20-%20Copy%2019-07-2012/94.jar HTTP/1.0" 200 2755
195.154.185.20 - - [09/Jun/2016:07:02:35 -0500] "GET /StormSDA/userFiles%20-%20Copy%2019-07-2012/95.jar HTTP/1.0" 200 2878
195.154.185.20 - - [09/Jun/2016:07:02:37 -0500] "GET /StormSDA/userFiles%20-%20Copy%2019-07-2012/96.jar HTTP/1.0" 200 2755
195.154.185.20 - - [09/Jun/2016:07:02:39 -0500] "GET /StormSDA/userFiles%20-%20Copy%2019-07-2012/97.jar HTTP/1.0" 200 2755
195.154.185.20 - - [09/Jun/2016:07:02:42 -0500] "GET /StormSDA/userFiles%20-%20Copy%2019-07-2012/98.jar HTTP/1.0" 200 2755
195.154.185.20 - - [09/Jun/2016:07:02:44 -0500] "GET /StormSDA/userFiles%20-%20Copy%2019-07-2012/StormAdmin.jar HTTP/1.0" 200 622592
66.249.64.198 - - [09/Jun/2016:07:02:44 -0500] "GET /BLA/resoluciones/RESOLUCIONES%202013/0160.pdf HTTP/1.1" 304 -
195.154.185.20 - - [09/Jun/2016:07:02:46 -0500] "GET /StormSDA/userFiles%20-%20Copy%2019-07-2012/basicos.jar HTTP/1.0" 200 379079
195.154.185.20 - - [09/Jun/2016:07:02:48 -0500] "GET /StormSDA/userFiles%20-%20Copy%2019-07-2012/user_files.jnlp HTTP/1.0" 200 1353
195.154.185.20 - - [09/Jun/2016:07:02:50 -0500] "GET /StormSDA/userFiles%20-%20Copy%2019-07-2012/user_files.jnlp.bak HTTP/1.0" 200 616
195.154.185.20 - - [09/Jun/2016:07:02:53 -0500] "GET /StormSDA/userFiles%20-%20Copy%2019-07-2012/user_files/87/ HTTP/1.0" 200 877
201.245.192.253 - - [09/Jun/2016:07:02:53 -0500] "POST /catalogoisis/comb.php HTTP/1.1" 200 7743
201.245.192.253 - - [09/Jun/2016:07:02:54 -0500] "GET /catalogoisis/imagenes/fonest4.gif HTTP/1.1" 404 1396
195.154.185.20 - - [09/Jun/2016:07:02:55 -0500] "GET /StormSDA/userFiles%20-%20Copy%2019-07-2012/user_files/88/ HTTP/1.0" 200 877
195.154.185.20 - - [09/Jun/2016:07:02:57 -0500] "GET /StormSDA/userFiles%20-%20Copy%2019-07-2012/user_files/89/ HTTP/1.0" 200 877
195.154.185.20 - - [09/Jun/2016:07:02:59 -0500] "GET /StormSDA/userFiles%20-%20Copy%2019-07-2012/user_files/90/ HTTP/1.0" 200 877
195.154.185.20 - - [09/Jun/2016:07:03:01 -0500] "GET /StormSDA/userFiles%20-%20Copy%2019-07-2012/user_files/91/ HTTP/1.0" 200 877
195.154.185.20 - - [09/Jun/2016:07:03:03 -0500] "GET /StormSDA/userFiles%20-%20Copy%2019-07-2012/user_files/92/ HTTP/1.0" 200 877
195.154.185.20 - - [09/Jun/2016:07:03:05 -0500] "GET /StormSDA/userFiles%20-%20Copy%2019-07-2012/user_files/93/ HTTP/1.0" 200 877
195.154.185.20 - - [09/Jun/2016:07:03:07 -0500] "GET /StormSDA/userFiles%20-%20Copy%2019-07-2012/user_files/94/ HTTP/1.0" 200 877
195.154.185.20 - - [09/Jun/2016:07:03:10 -0500] "GET /StormSDA/userFiles%20-%20Copy%2019-07-2012/user_files/96/ HTTP/1.0" 200 877
66.249.64.198 - - [09/Jun/2016:07:03:11 -0500] "GET /BLA/resoluciones/AUTOS%202015/1691.pdf HTTP/1.1" 304 -
195.154.185.20 - - [09/Jun/2016:07:03:12 -0500] "GET /StormSDA/userFiles%20-%20Copy%2019-07-2012/user_files/97/ HTTP/1.0" 200 877
191.76.115.215 - - [09/Jun/2016:07:03:14 -0500] "GET /galeria/galeria/jquery.fancybox.css?v=2.1.5 HTTP/1.1" 200 4895
191.76.115.215 - - [09/Jun/2016:07:03:14 -0500] "GET /BLA/boletinlegal/js/jquery.scrollShow.js HTTP/1.1" 200 4586
191.76.115.215 - - [09/Jun/2016:07:03:14 -0500] "GET /galeria/galeria/jquery.fancybox.js?v=2.1.5 HTTP/1.1" 200 48706
195.154.185.20 - - [09/Jun/2016:07:03:14 -0500] "GET /StormSDA/userFiles%20-%20Copy%2019-07-2012/user_files/98/ HTTP/1.0" 200 877
195.154.185.20 - - [09/Jun/2016:07:03:16 -0500] "GET /StormSDA/userFiles%20-%20Copy%2019-07-2012/user_files/formatos/ HTTP/1.0" 200 1518
195.154.185.20 - - [09/Jun/2016:07:03:18 -0500] "GET /StormSDA/userFiles%20-%20Copy%2019-07-2012/user_files/formatos/eventos/ HTTP/1.0" 200 914
191.76.115.215 - - [09/Jun/2016:07:03:23 -0500] "GET /BLA/boletinlegal/js/jquery.scrollShow.js HTTP/1.1" 304 -
191.76.115.215 - - [09/Jun/2016:07:03:23 -0500] "GET /galeria/galeria/jquery.fancybox.js?v=2.1.5 HTTP/1.1" 304 -
191.76.115.215 - - [09/Jun/2016:07:03:23 -0500] "GET /galeria/galeria/jquery.fancybox.css?v=2.1.5 HTTP/1.1" 304 -
195.154.185.20 - - [09/Jun/2016:07:03:23 -0500] "GET /StormSDA/userFiles%20-%20Copy%2019-07-2012/user_files/formulas/ HTTP/1.0" 200 1504
51.255.65.29 - - [09/Jun/2016:07:03:24 -0500] "GET /BLA/resoluciones/AUTOS%202006/AUTOS%202006%202001%20-%202100/00002074.tif HTTP/1.1" 200 58338
195.154.185.20 - - [09/Jun/2016:07:03:25 -0500] "GET /StormSDA/userFiles%20-%20Copy%2019-07-2012/user_files/formulas/2/ HTTP/1.0" 200 902
195.154.185.20 - - [09/Jun/2016:07:03:27 -0500] "GET /StormSDA/userFiles%20-%20Copy%2019-07-2012/user_files/formulas/3/ HTTP/1.0" 200 902
66.249.64.198 - - [09/Jun/2016:07:03:28 -0500] "GET /BLA/resoluciones/AUTOS%202011/0202.pdf HTTP/1.1" 304 -
195.154.185.20 - - [09/Jun/2016:07:03:31 -0500] "GET /StormSDA/userFiles%20-%20Copy%2019-07-2012/user_files/formulas/4/ HTTP/1.0" 200 902
195.154.185.20 - - [09/Jun/2016:07:03:32 -0500] "GET /StormSDA/userFiles%20-%20Copy%2019-07-2012/user_files/listas/ HTTP/1.0" 200 1303
66.249.64.198 - - [09/Jun/2016:07:03:33 -0500] "GET /BLA/resoluciones/RESOLUCIONES%202014/2589.pdf HTTP/1.1" 304 -
195.154.185.20 - - [09/Jun/2016:07:03:35 -0500] "GET /StormSDA/userFiles/backup%2027-09-2012/1.jar HTTP/1.0" 200 2763
195.154.185.20 - - [09/Jun/2016:07:03:36 -0500] "GET /StormSDA/userFiles/backup%2027-09-2012/2.jar HTTP/1.0" 200 1892
195.154.185.20 - - [09/Jun/2016:07:03:38 -0500] "GET /StormSDA/userFiles/backup%2027-09-2012/85.jar HTTP/1.0" 200 2753
132.157.64.109 - - [09/Jun/2016:07:03:38 -0500] "GET /galeria/galeria/jquery.fancybox.css?v=2.1.5 HTTP/1.1" 200 4895
132.157.64.109 - - [09/Jun/2016:07:03:38 -0500] "GET /galeria/galeria/jquery.fancybox.js?v=2.1.5 HTTP/1.1" 200 48706
