186.85.106.177 - - [09/Jun/2016:08:41:43 -0500] "POST /forms/lservlet;jsessionid=ac16012b30d61d33f47318c3427fba56ac6fc176761e.e3iSbxaKaheRe34Tax0PchuKax90n6jAmljGr5XDqQLvpAe HTTP/1.1" 200 3328
186.85.106.177 - - [09/Jun/2016:08:41:44 -0500] "POST /forms/lservlet;jsessionid=ac16012b30d61d33f47318c3427fba56ac6fc176761e.e3iSbxaKaheRe34Tax0PchuKax90n6jAmljGr5XDqQLvpAe HTTP/1.1" 200 2
186.85.106.177 - - [09/Jun/2016:08:41:44 -0500] "POST /forms/lservlet;jsessionid=ac16012b30d61d33f47318c3427fba56ac6fc176761e.e3iSbxaKaheRe34Tax0PchuKax90n6jAmljGr5XDqQLvpAe HTTP/1.1" 200 2
201.245.192.253 - - [09/Jun/2016:08:41:45 -0500] "GET /galeria/nivo-slider/demo/demo.html HTTP/1.1" 304 -
186.85.106.177 - - [09/Jun/2016:08:41:45 -0500] "POST /forms/lservlet;jsessionid=ac16012b30d61d33f47318c3427fba56ac6fc176761e.e3iSbxaKaheRe34Tax0PchuKax90n6jAmljGr5XDqQLvpAe HTTP/1.1" 200 2972
201.245.192.253 - - [09/Jun/2016:08:41:45 -0500] "GET /galeria/nivo-slider/themes/default/default.css HTTP/1.1" 304 -
186.85.106.177 - - [09/Jun/2016:08:41:45 -0500] "POST /forms/lservlet;jsessionid=ac16012b30d61d33f47318c3427fba56ac6fc176761e.e3iSbxaKaheRe34Tax0PchuKax90n6jAmljGr5XDqQLvpAe HTTP/1.1" 200 2
201.245.192.253 - - [09/Jun/2016:08:41:45 -0500] "GET /BLA/boletinlegal/js/jquery.scrollShow.js HTTP/1.1" 200 4586
201.245.192.253 - - [09/Jun/2016:08:41:45 -0500] "GET /galeria/galeria/jquery.fancybox.css?v=2.1.5 HTTP/1.1" 200 4895
201.245.192.253 - - [09/Jun/2016:08:41:45 -0500] "GET /galeria/galeria/jquery.fancybox.js?v=2.1.5 HTTP/1.1" 200 48706
201.245.192.253 - - [09/Jun/2016:08:41:45 -0500] "GET /galeria/carrusel/Carrusel/jquery.thumbnailScroller.css HTTP/1.1" 200 2066
201.245.192.253 - - [09/Jun/2016:08:41:45 -0500] "GET /galeria/carrusel/Carrusel/jquery-ui-1.8.13.custom.min.js HTTP/1.1" 200 10800
201.245.192.253 - - [09/Jun/2016:08:41:45 -0500] "GET /galeria/carrusel/Carrusel/jquery.thumbnailScroller.js HTTP/1.1" 200 8157
201.245.192.253 - - [09/Jun/2016:08:41:46 -0500] "GET /galeria/nivo-slider/demo/images/convocatoriasecretaria.jpg HTTP/1.1" 304 -
201.245.192.253 - - [09/Jun/2016:08:41:46 -0500] "GET /galeria/nivo-slider/demo/images/vegetal.jpg HTTP/1.1" 304 -
201.245.192.253 - - [09/Jun/2016:08:41:46 -0500] "GET /galeria/nivo-slider/demo/images/bannergenCAPACITACIONES-01.jpg HTTP/1.1" 304 -
201.245.192.253 - - [09/Jun/2016:08:41:46 -0500] "GET /galeria/nivo-slider/demo/demo.html HTTP/1.1" 200 4522
201.245.192.253 - - [09/Jun/2016:08:41:46 -0500] "GET /galeria/nivo-slider/themes/default/default.css HTTP/1.1" 200 1569
201.245.192.253 - - [09/Jun/2016:08:41:46 -0500] "GET /galeria/nivo-slider/themes/pascal/pascal.css HTTP/1.1" 200 2258
201.245.192.253 - - [09/Jun/2016:08:41:46 -0500] "GET /galeria/nivo-slider/themes/orman/orman.css HTTP/1.1" 200 2152
201.245.192.253 - - [09/Jun/2016:08:41:46 -0500] "GET /galeria/nivo-slider/nivo-slider.css HTTP/1.1" 200 1507
201.245.192.253 - - [09/Jun/2016:08:41:46 -0500] "GET /galeria/nivo-slider/demo/style.css HTTP/1.1" 200 2222
201.245.192.253 - - [09/Jun/2016:08:41:46 -0500] "GET /galeria/nivo-slider/jquery.nivo.slider.pack.js HTTP/1.1" 200 11561
201.245.192.253 - - [09/Jun/2016:08:41:46 -0500] "GET /galeria/nivo-slider/demo/scripts/jquery-1.7.1.min.js HTTP/1.1" 200 93868
186.85.106.177 - - [09/Jun/2016:08:41:46 -0500] "POST /forms/lservlet;jsessionid=ac16012b30d61d33f47318c3427fba56ac6fc176761e.e3iSbxaKaheRe34Tax0PchuKax90n6jAmljGr5XDqQLvpAe HTTP/1.1" 200 2
201.245.192.253 - - [09/Jun/2016:08:41:46 -0500] "GET /galeria/nivo-slider/demo/images/convocatoriasecretaria.jpg HTTP/1.1" 200 129365
201.245.192.253 - - [09/Jun/2016:08:41:46 -0500] "GET /galeria/nivo-slider/demo/images/vegetal.jpg HTTP/1.1" 200 216080
201.245.192.253 - - [09/Jun/2016:08:41:46 -0500] "GET /galeria/nivo-slider/demo/images/BANNERWELOVEBOGOTA.jpg HTTP/1.1" 200 122775
201.245.192.253 - - [09/Jun/2016:08:41:46 -0500] "GET /galeria/nivo-slider/demo/images/bannergenCAPACITACIONES-01.jpg HTTP/1.1" 200 153433
201.245.192.253 - - [09/Jun/2016:08:41:46 -0500] "GET /galeria/nivo-slider/demo/images/Banner_wgic.jpg HTTP/1.1" 200 139000
201.245.192.253 - - [09/Jun/2016:08:41:46 -0500] "GET /galeria/nivo-slider/demo/images/BANNERBOMBILLAS2.jpg HTTP/1.1" 200 106552
201.245.192.253 - - [09/Jun/2016:08:41:46 -0500] "GET /galeria/nivo-slider/demo/images/ecolecta2016.jpg HTTP/1.1" 200 147170
201.245.192.253 - - [09/Jun/2016:08:41:46 -0500] "GET /galeria/nivo-slider/demo/images/ABC-Plan-de-contigencia.jpg HTTP/1.1" 200 423901
201.245.192.253 - - [09/Jun/2016:08:41:46 -0500] "GET /galeria/nivo-slider/demo/images/banner-llantas2015.jpg HTTP/1.1" 200 268366
186.85.106.177 - - [09/Jun/2016:08:41:46 -0500] "POST /forms/lservlet;jsessionid=ac16012b30d61d33f47318c3427fba56ac6fc176761e.e3iSbxaKaheRe34Tax0PchuKax90n6jAmljGr5XDqQLvpAe HTTP/1.1" 200 3045
186.85.106.177 - - [09/Jun/2016:08:41:46 -0500] "POST /forms/lservlet;jsessionid=ac16012b30d61d33f47318c3427fba56ac6fc176761e.e3iSbxaKaheRe34Tax0PchuKax90n6jAmljGr5XDqQLvpAe HTTP/1.1" 200 2
201.245.192.253 - - [09/Jun/2016:08:41:47 -0500] "GET /galeria/nivo-slider/demo/images/caminata-ecologica.jpg HTTP/1.1" 200 192926
201.245.192.253 - - [09/Jun/2016:08:41:47 -0500] "GET /galeria/nivo-slider/demo/images/Cmapana-onestidad.jpg HTTP/1.1" 200 141638
201.245.192.253 - - [09/Jun/2016:08:41:47 -0500] "GET /galeria/nivo-slider/demo/images/banner-llantas2.jpg HTTP/1.1" 200 234514
201.245.192.253 - - [09/Jun/2016:08:41:47 -0500] "GET /galeria/nivo-slider/demo/images/9Signos.jpg HTTP/1.1" 200 81776
201.245.192.253 - - [09/Jun/2016:08:41:47 -0500] "GET /galeria/nivo-slider/demo/images/Ruta-vertimientos-01.jpg HTTP/1.1" 200 130151
186.85.106.177 - - [09/Jun/2016:08:41:47 -0500] "POST /forms/lservlet;jsessionid=ac16012b30d61d33f47318c3427fba56ac6fc176761e.e3iSbxaKaheRe34Tax0PchuKax90n6jAmljGr5XDqQLvpAe HTTP/1.1" 200 2
201.245.192.253 - - [09/Jun/2016:08:41:47 -0500] "GET /galeria/nivo-slider/demo/images/bolsas-06.jpg HTTP/1.1" 200 210950
201.245.192.253 - - [09/Jun/2016:08:41:47 -0500] "GET /galeria/nivo-slider/demo/images/4Simple_Slider.png HTTP/1.1" 200 11722
201.245.192.253 - - [09/Jun/2016:08:41:48 -0500] "GET /galeria/nivo-slider/themes/default/loading.gif HTTP/1.1" 200 1737
186.85.106.177 - - [09/Jun/2016:08:41:48 -0500] "POST /forms/lservlet;jsessionid=ac16012b30d61d33f47318c3427fba56ac6fc176761e.e3iSbxaKaheRe34Tax0PchuKax90n6jAmljGr5XDqQLvpAe HTTP/1.1" 200 2915
186.85.106.177 - - [09/Jun/2016:08:41:48 -0500] "POST /forms/lservlet;jsessionid=ac16012b30d61d33f47318c3427fba56ac6fc176761e.e3iSbxaKaheRe34Tax0PchuKax90n6jAmljGr5XDqQLvpAe HTTP/1.1" 200 2
172.22.2.1 - - [09/Jun/2016:08:41:49 -0500] "GET /BLA/boletinlegal/style.css HTTP/1.1" 200 9406
172.22.2.1 - - [09/Jun/2016:08:41:49 -0500] "GET /BLA/boletinlegal/styles2.css HTTP/1.1" 200 1838
172.22.2.1 - - [09/Jun/2016:08:41:49 -0500] "GET /BLA/boletinlegal/js/jquery.js HTTP/1.1" 200 57254
172.22.2.1 - - [09/Jun/2016:08:41:49 -0500] "GET /BLA/boletinlegal/js/jquery.scrollTo-min.js HTTP/1.1" 200 1150
172.22.2.1 - - [09/Jun/2016:08:41:49 -0500] "GET /BLA/boletinlegal/images/cabezote%20BLEGAL.jpg HTTP/1.1" 200 118164
172.22.2.1 - - [09/Jun/2016:08:41:49 -0500] "GET /BLA/boletinlegal/images/nuevo.gif HTTP/1.1" 200 26475
172.22.2.1 - - [09/Jun/2016:08:41:49 -0500] "GET /BLA/boletinlegal/images/historia.png HTTP/1.1" 200 52775
172.22.2.1 - - [09/Jun/2016:08:41:49 -0500] "GET /BLA/boletinlegal/images/subscribe-icon-big.png HTTP/1.1" 200 47702
172.22.2.1 - - [09/Jun/2016:08:41:49 -0500] "GET /BLA/boletinlegal/images/arr_l.jpg HTTP/1.1" 200 1979
172.22.2.1 - - [09/Jun/2016:08:41:49 -0500] "GET /BLA/boletinlegal/images/body_bg.jpg HTTP/1.1" 200 1601
172.22.2.1 - - [09/Jun/2016:08:41:49 -0500] "GET /BLA/boletinlegal/images/menu_lft.gif HTTP/1.1" 200 1713
172.22.2.1 - - [09/Jun/2016:08:41:49 -0500] "GET /BLA/boletinlegal/images/menu_rght.gif HTTP/1.1" 200 1627
172.22.2.1 - - [09/Jun/2016:08:41:49 -0500] "GET /BLA/boletinlegal/images/bg_top.jpg HTTP/1.1" 200 522
172.22.2.1 - - [09/Jun/2016:08:41:50 -0500] "GET /BLA/boletinlegal/images/menu_bg.jpg HTTP/1.1" 200 620
172.22.2.1 - - [09/Jun/2016:08:41:50 -0500] "GET /BLA/boletinlegal/images/hover.jpg HTTP/1.1" 200 640
172.22.2.1 - - [09/Jun/2016:08:41:50 -0500] "GET /BLA/boletinlegal/images/text.jpg HTTP/1.1" 200 568
172.22.2.1 - - [09/Jun/2016:08:41:50 -0500] "GET /BLA/boletinlegal/images/screen_1.png HTTP/1.1" 200 202547
172.22.2.1 - - [09/Jun/2016:08:41:50 -0500] "GET /BLA/boletinlegal/images/launch.jpg HTTP/1.1" 200 14577
172.22.2.1 - - [09/Jun/2016:08:41:50 -0500] "GET /BLA/boletinlegal/images/screen_2.png HTTP/1.1" 200 362502
169.57.10.186 - - [09/Jun/2016:08:41:52 -0500] "GET /galeria/galeria/jquery.fancybox.js?v=2.1.5 HTTP/1.1" 200 48706
169.57.10.186 - - [09/Jun/2016:08:41:52 -0500] "GET /BLA/boletinlegal/js/jquery.scrollShow.js HTTP/1.1" 200 4586
169.57.10.186 - - [09/Jun/2016:08:41:52 -0500] "GET /galeria/galeria/jquery.fancybox.css?v=2.1.5 HTTP/1.1" 200 4895
201.245.192.253 - - [09/Jun/2016:08:41:53 -0500] "GET /galeria/nivo-slider/themes/default/arrows.png HTTP/1.1" 200 824
201.245.192.253 - - [09/Jun/2016:08:41:53 -0500] "GET /galeria/nivo-slider/themes/default/bullets.png HTTP/1.1" 200 1281
186.85.106.177 - - [09/Jun/2016:08:41:55 -0500] "POST /forms/lservlet;jsessionid=ac16012b30d61d33f47318c3427fba56ac6fc176761e.e3iSbxaKaheRe34Tax0PchuKax90n6jAmljGr5XDqQLvpAe HTTP/1.1" 200 2
172.22.2.1 - - [09/Jun/2016:08:41:55 -0500] "GET /BLA/boletinlegal/images/screen_3.png HTTP/1.1" 200 210620
172.22.2.1 - - [09/Jun/2016:08:41:55 -0500] "GET /BLA/boletinlegal/images/screen_5.png HTTP/1.1" 200 368876
172.22.2.1 - - [09/Jun/2016:08:41:55 -0500] "GET /BLA/boletinlegal/images/arr_r.jpg HTTP/1.1" 200 1998
172.22.2.1 - - [09/Jun/2016:08:41:55 -0500] "GET /BLA/boletinlegal/images/pdf.gif HTTP/1.1" 200 567
190.25.157.12 - - [09/Jun/2016:08:41:55 -0500] "POST /forms/lservlet;jsessionid=ac16012b30d680020f7b557144439abac99740519192.e3iSbxaKaheRe34Tax0PchuKax90n6jAmljGr5XDqQLvpAe HTTP/1.1" 200 7971
172.22.2.1 - - [09/Jun/2016:08:41:55 -0500] "GET /BLA/boletinlegal/images/footer_bg.jpg HTTP/1.1" 200 586
186.85.106.177 - - [09/Jun/2016:08:41:55 -0500] "POST /forms/lservlet;jsessionid=ac16012b30d61d33f47318c3427fba56ac6fc176761e.e3iSbxaKaheRe34Tax0PchuKax90n6jAmljGr5XDqQLvpAe HTTP/1.1" 200 2611
186.85.106.177 - - [09/Jun/2016:08:41:55 -0500] "POST /forms/lservlet;jsessionid=ac16012b30d61d33f47318c3427fba56ac6fc176761e.e3iSbxaKaheRe34Tax0PchuKax90n6jAmljGr5XDqQLvpAe HTTP/1.1" 200 2
190.25.157.12 - - [09/Jun/2016:08:41:55 -0500] "POST /forms/lservlet;jsessionid=ac16012b30d680020f7b557144439abac99740519192.e3iSbxaKaheRe34Tax0PchuKax90n6jAmljGr5XDqQLvpAe HTTP/1.1" 200 64
190.25.157.12 - - [09/Jun/2016:08:41:55 -0500] "POST /forms/lservlet;jsessionid=ac16012b30d680020f7b557144439abac99740519192.e3iSbxaKaheRe34Tax0PchuKax90n6jAmljGr5XDqQLvpAe HTTP/1.1" 200 2
190.25.157.12 - - [09/Jun/2016:08:41:56 -0500] "POST /forms/lservlet;jsessionid=ac16012b30d680020f7b557144439abac99740519192.e3iSbxaKaheRe34Tax0PchuKax90n6jAmljGr5XDqQLvpAe HTTP/1.1" 200 2
190.25.157.12 - - [09/Jun/2016:08:41:56 -0500] "POST /forms/lservlet;jsessionid=ac16012b30d680020f7b557144439abac99740519192.e3iSbxaKaheRe34Tax0PchuKax90n6jAmljGr5XDqQLvpAe HTTP/1.1" 200 2
186.85.106.177 - - [09/Jun/2016:08:41:58 -0500] "POST /forms/lservlet;jsessionid=ac16012b30d61d33f47318c3427fba56ac6fc176761e.e3iSbxaKaheRe34Tax0PchuKax90n6jAmljGr5XDqQLvpAe HTTP/1.1" 200 2
186.85.106.177 - - [09/Jun/2016:08:41:58 -0500] "POST /forms/lservlet;jsessionid=ac16012b30d61d33f47318c3427fba56ac6fc176761e.e3iSbxaKaheRe34Tax0PchuKax90n6jAmljGr5XDqQLvpAe HTTP/1.1" 200 2647
186.85.106.177 - - [09/Jun/2016:08:41:59 -0500] "POST /forms/lservlet;jsessionid=ac16012b30d61d33f47318c3427fba56ac6fc176761e.e3iSbxaKaheRe34Tax0PchuKax90n6jAmljGr5XDqQLvpAe HTTP/1.1" 200 2
186.85.106.177 - - [09/Jun/2016:08:42:00 -0500] "POST /forms/lservlet;jsessionid=ac16012b30d61d33f47318c3427fba56ac6fc176761e.e3iSbxaKaheRe34Tax0PchuKax90n6jAmljGr5XDqQLvpAe HTTP/1.1" 200 2
186.85.106.177 - - [09/Jun/2016:08:42:00 -0500] "POST /forms/lservlet;jsessionid=ac16012b30d61d33f47318c3427fba56ac6fc176761e.e3iSbxaKaheRe34Tax0PchuKax90n6jAmljGr5XDqQLvpAe HTTP/1.1" 200 3442
186.85.106.177 - - [09/Jun/2016:08:42:00 -0500] "POST /forms/lservlet;jsessionid=ac16012b30d61d33f47318c3427fba56ac6fc176761e.e3iSbxaKaheRe34Tax0PchuKax90n6jAmljGr5XDqQLvpAe HTTP/1.1" 200 2
186.85.106.177 - - [09/Jun/2016:08:42:02 -0500] "POST /forms/lservlet;jsessionid=ac16012b30d61d33f47318c3427fba56ac6fc176761e.e3iSbxaKaheRe34Tax0PchuKax90n6jAmljGr5XDqQLvpAe HTTP/1.1" 200 2
186.85.106.177 - - [09/Jun/2016:08:42:02 -0500] "POST /forms/lservlet;jsessionid=ac16012b30d61d33f47318c3427fba56ac6fc176761e.e3iSbxaKaheRe34Tax0PchuKax90n6jAmljGr5XDqQLvpAe HTTP/1.1" 200 3122
186.85.106.177 - - [09/Jun/2016:08:42:03 -0500] "POST /forms/lservlet;jsessionid=ac16012b30d61d33f47318c3427fba56ac6fc176761e.e3iSbxaKaheRe34Tax0PchuKax90n6jAmljGr5XDqQLvpAe HTTP/1.1" 200 2
172.22.2.1 - - [09/Jun/2016:08:42:03 -0500] "GET /favicon.ico HTTP/1.1" 200 7782
172.22.2.1 - - [09/Jun/2016:08:42:03 -0500] "GET /BLA/boletinlegal/actos.php HTTP/1.1" 200 7656
172.22.2.1 - - [09/Jun/2016:08:42:03 -0500] "GET /BLA/boletinlegal/js/ajax_actos.js HTTP/1.1" 200 1322
172.22.2.1 - - [09/Jun/2016:08:42:03 -0500] "GET /BLA/boletinlegal/niceforms.js HTTP/1.1" 200 22876
172.22.2.1 - - [09/Jun/2016:08:42:03 -0500] "GET /BLA/boletinlegal/niceforms-default.css HTTP/1.1" 200 6694
172.22.2.1 - - [09/Jun/2016:08:42:03 -0500] "GET /BLA/boletinlegal/js/lib.js HTTP/1.1" 200 6474
172.22.2.1 - - [09/Jun/2016:08:42:03 -0500] "GET /BLA/boletinlegal/js/jquery1.js HTTP/1.1" 200 29846
172.22.2.1 - - [09/Jun/2016:08:42:03 -0500] "GET /BLA/boletinlegal/js/popup.js HTTP/1.1" 200 1270
172.22.2.1 - - [09/Jun/2016:08:42:04 -0500] "GET /BLA/boletinlegal/images/green-yellow-blue-pink-th.png HTTP/1.1" 200 7394
172.22.2.1 - - [09/Jun/2016:08:42:04 -0500] "GET /BLA/boletinlegal/images/abajo.png HTTP/1.1" 200 96676
172.22.2.1 - - [09/Jun/2016:08:42:04 -0500] "GET /BLA/boletinlegal/images/footer_bg_l.jpg HTTP/1.1" 200 776
186.85.106.177 - - [09/Jun/2016:08:42:04 -0500] "POST /forms/lservlet;jsessionid=ac16012b30d61d33f47318c3427fba56ac6fc176761e.e3iSbxaKaheRe34Tax0PchuKax90n6jAmljGr5XDqQLvpAe HTTP/1.1" 200 2
172.22.2.1 - - [09/Jun/2016:08:42:04 -0500] "GET /BLA/boletinlegal/img/0.png HTTP/1.1" 200 110
172.22.2.1 - - [09/Jun/2016:08:42:04 -0500] "GET /BLA/boletinlegal/img/select-left.png HTTP/1.1" 200 263
172.22.2.1 - - [09/Jun/2016:08:42:04 -0500] "GET /BLA/boletinlegal/img/select-right.png HTTP/1.1" 200 44019
172.22.2.1 - - [09/Jun/2016:08:42:04 -0500] "GET /BLA/boletinlegal/img/button-left.png HTTP/1.1" 200 57071
172.22.2.1 - - [09/Jun/2016:08:42:04 -0500] "GET /BLA/boletinlegal/img/button-right.png HTTP/1.1" 200 57878
172.22.2.1 - - [09/Jun/2016:08:42:04 -0500] "GET /BLA/boletinlegal/img/button.png HTTP/1.1" 200 43241
186.85.106.177 - - [09/Jun/2016:08:42:04 -0500] "POST /forms/lservlet;jsessionid=ac16012b30d61d33f47318c3427fba56ac6fc176761e.e3iSbxaKaheRe34Tax0PchuKax90n6jAmljGr5XDqQLvpAe HTTP/1.1" 200 2743
186.85.106.177 - - [09/Jun/2016:08:42:04 -0500] "POST /forms/lservlet;jsessionid=ac16012b30d61d33f47318c3427fba56ac6fc176761e.e3iSbxaKaheRe34Tax0PchuKax90n6jAmljGr5XDqQLvpAe HTTP/1.1" 200 2
186.85.106.177 - - [09/Jun/2016:08:42:05 -0500] "POST /forms/lservlet;jsessionid=ac16012b30d61d33f47318c3427fba56ac6fc176761e.e3iSbxaKaheRe34Tax0PchuKax90n6jAmljGr5XDqQLvpAe HTTP/1.1" 200 2
186.85.106.177 - - [09/Jun/2016:08:42:06 -0500] "POST /forms/lservlet;jsessionid=ac16012b30d61d33f47318c3427fba56ac6fc176761e.e3iSbxaKaheRe34Tax0PchuKax90n6jAmljGr5XDqQLvpAe HTTP/1.1" 200 2833
186.85.106.177 - - [09/Jun/2016:08:42:06 -0500] "POST /forms/lservlet;jsessionid=ac16012b30d61d33f47318c3427fba56ac6fc176761e.e3iSbxaKaheRe34Tax0PchuKax90n6jAmljGr5XDqQLvpAe HTTP/1.1" 200 2
186.85.106.177 - - [09/Jun/2016:08:42:07 -0500] "POST /forms/lservlet;jsessionid=ac16012b30d61d33f47318c3427fba56ac6fc176761e.e3iSbxaKaheRe34Tax0PchuKax90n6jAmljGr5XDqQLvpAe HTTP/1.1" 200 2
186.85.106.177 - - [09/Jun/2016:08:42:08 -0500] "POST /forms/lservlet;jsessionid=ac16012b30d61d33f47318c3427fba56ac6fc176761e.e3iSbxaKaheRe34Tax0PchuKax90n6jAmljGr5XDqQLvpAe HTTP/1.1" 200 3143
181.49.69.38 - - [09/Jun/2016:08:42:08 -0500] "POST /forms/lservlet;jsessionid=ac16012b30d6bb4c8f85c2dd41dda87ccae5dc9601ac.e3iSbxaKaheRe34Tax0PchuKax90n6jAmljGr5XDqQLvpAe HTTP/1.1" 200 2
186.85.106.177 - - [09/Jun/2016:08:42:08 -0500] "POST /forms/lservlet;jsessionid=ac16012b30d61d33f47318c3427fba56ac6fc176761e.e3iSbxaKaheRe34Tax0PchuKax90n6jAmljGr5XDqQLvpAe HTTP/1.1" 200 2
186.85.106.177 - - [09/Jun/2016:08:42:09 -0500] "POST /forms/lservlet;jsessionid=ac16012b30d61d33f47318c3427fba56ac6fc176761e.e3iSbxaKaheRe34Tax0PchuKax90n6jAmljGr5XDqQLvpAe HTTP/1.1" 200 2
186.85.106.177 - - [09/Jun/2016:08:42:09 -0500] "POST /forms/lservlet;jsessionid=ac16012b30d61d33f47318c3427fba56ac6fc176761e.e3iSbxaKaheRe34Tax0PchuKax90n6jAmljGr5XDqQLvpAe HTTP/1.1" 200 3186
186.85.106.177 - - [09/Jun/2016:08:42:09 -0500] "POST /forms/lservlet;jsessionid=ac16012b30d61d33f47318c3427fba56ac6fc176761e.e3iSbxaKaheRe34Tax0PchuKax90n6jAmljGr5XDqQLvpAe HTTP/1.1" 200 2
186.85.106.177 - - [09/Jun/2016:08:42:10 -0500] "POST /forms/lservlet;jsessionid=ac16012b30d61d33f47318c3427fba56ac6fc176761e.e3iSbxaKaheRe34Tax0PchuKax90n6jAmljGr5XDqQLvpAe HTTP/1.1" 200 2
66.249.64.232 - - [09/Jun/2016:08:42:11 -0500] "GET /robots.txt HTTP/1.1" 404 1019
186.85.106.177 - - [09/Jun/2016:08:42:10 -0500] "POST /forms/lservlet;jsessionid=ac16012b30d61d33f47318c3427fba56ac6fc176761e.e3iSbxaKaheRe34Tax0PchuKax90n6jAmljGr5XDqQLvpAe HTTP/1.1" 200 3386
186.85.106.177 - - [09/Jun/2016:08:42:11 -0500] "POST /forms/lservlet;jsessionid=ac16012b30d61d33f47318c3427fba56ac6fc176761e.e3iSbxaKaheRe34Tax0PchuKax90n6jAmljGr5XDqQLvpAe HTTP/1.1" 200 2
186.85.106.177 - - [09/Jun/2016:08:42:12 -0500] "POST /forms/lservlet;jsessionid=ac16012b30d61d33f47318c3427fba56ac6fc176761e.e3iSbxaKaheRe34Tax0PchuKax90n6jAmljGr5XDqQLvpAe HTTP/1.1" 200 2
186.85.106.177 - - [09/Jun/2016:08:42:12 -0500] "POST /forms/lservlet;jsessionid=ac16012b30d61d33f47318c3427fba56ac6fc176761e.e3iSbxaKaheRe34Tax0PchuKax90n6jAmljGr5XDqQLvpAe HTTP/1.1" 200 2955
186.85.106.177 - - [09/Jun/2016:08:42:12 -0500] "POST /forms/lservlet;jsessionid=ac16012b30d61d33f47318c3427fba56ac6fc176761e.e3iSbxaKaheRe34Tax0PchuKax90n6jAmljGr5XDqQLvpAe HTTP/1.1" 200 2
172.22.2.1 - - [09/Jun/2016:08:42:13 -0500] "GET /BLA/resoluciones/ HTTP/1.1" 200 8325
172.22.2.1 - - [09/Jun/2016:08:42:13 -0500] "GET /BLA/resoluciones/dlf/styles.css HTTP/1.1" 200 3049
172.22.2.1 - - [09/Jun/2016:08:42:13 -0500] "GET /BLA/resoluciones/dlf/folder.png HTTP/1.1" 200 410
172.22.2.1 - - [09/Jun/2016:08:42:13 -0500] "GET /BLA/resoluciones/dlf/bg.gif HTTP/1.1" 200 54
172.22.2.1 - - [09/Jun/2016:08:42:13 -0500] "GET /favicon.ico HTTP/1.1" 200 7782
186.85.106.177 - - [09/Jun/2016:08:42:15 -0500] "POST /forms/lservlet;jsessionid=ac16012b30d61d33f47318c3427fba56ac6fc176761e.e3iSbxaKaheRe34Tax0PchuKax90n6jAmljGr5XDqQLvpAe HTTP/1.1" 200 2
186.85.106.177 - - [09/Jun/2016:08:42:16 -0500] "POST /forms/lservlet;jsessionid=ac16012b30d61d33f47318c3427fba56ac6fc176761e.e3iSbxaKaheRe34Tax0PchuKax90n6jAmljGr5XDqQLvpAe HTTP/1.1" 200 2799
186.85.106.177 - - [09/Jun/2016:08:42:16 -0500] "POST /forms/lservlet;jsessionid=ac16012b30d61d33f47318c3427fba56ac6fc176761e.e3iSbxaKaheRe34Tax0PchuKax90n6jAmljGr5XDqQLvpAe HTTP/1.1" 200 2
172.22.2.1 - - [09/Jun/2016:08:41:49 -0500] "GET /BLA/boletinlegal/ HTTP/1.1" 200 28619
172.22.2.1 - - [09/Jun/2016:08:42:18 -0500] "GET /BLA/resoluciones/dlf/dirup.png HTTP/1.1" 200 644
172.22.2.1 - - [09/Jun/2016:08:42:18 -0500] "GET /BLA/resoluciones/dlf/pdf.gif HTTP/1.1" 200 272
172.22.2.1 - - [09/Jun/2016:08:42:17 -0500] "GET /BLA/resoluciones/index.php?dir=AUTOS+2015%2F HTTP/1.1" 200 244067
172.22.2.1 - - [09/Jun/2016:08:42:19 -0500] "GET /BLA/resoluciones/AUTOS%202015/0029.pdf HTTP/1.1" 200 581846
186.85.106.177 - - [09/Jun/2016:08:42:19 -0500] "POST /forms/lservlet;jsessionid=ac16012b30d61d33f47318c3427fba56ac6fc176761e.e3iSbxaKaheRe34Tax0PchuKax90n6jAmljGr5XDqQLvpAe HTTP/1.1" 200 149
172.22.2.1 - - [09/Jun/2016:08:42:20 -0500] "GET /BLA/resoluciones/AUTOS%202015/0029.pdf HTTP/1.1" 206 57558
186.85.106.177 - - [09/Jun/2016:08:42:21 -0500] "POST /forms/lservlet;jsessionid=ac16012b30d61d33f47318c3427fba56ac6fc176761e.e3iSbxaKaheRe34Tax0PchuKax90n6jAmljGr5XDqQLvpAe HTTP/1.1" 200 7
172.22.2.1 - - [09/Jun/2016:08:42:21 -0500] "GET /BLA/resoluciones/AUTOS%202015/0029.pdf HTTP/1.1" 206 65536
172.22.2.1 - - [09/Jun/2016:08:42:21 -0500] "GET /BLA/resoluciones/AUTOS%202015/0029.pdf HTTP/1.1" 206 65536
186.85.106.177 - - [09/Jun/2016:08:42:21 -0500] "POST /forms/lservlet;jsessionid=ac16012b30d61d33f47318c3427fba56ac6fc176761e.e3iSbxaKaheRe34Tax0PchuKax90n6jAmljGr5XDqQLvpAe HTTP/1.1" 200 30304
186.85.106.177 - - [09/Jun/2016:08:42:22 -0500] "POST /forms/lservlet;jsessionid=ac16012b30d61d33f47318c3427fba56ac6fc176761e.e3iSbxaKaheRe34Tax0PchuKax90n6jAmljGr5XDqQLvpAe HTTP/1.1" 200 7
186.85.106.177 - - [09/Jun/2016:08:42:22 -0500] "POST /forms/lservlet;jsessionid=ac16012b30d61d33f47318c3427fba56ac6fc176761e.e3iSbxaKaheRe34Tax0PchuKax90n6jAmljGr5XDqQLvpAe HTTP/1.1" 200 2
186.85.106.177 - - [09/Jun/2016:08:42:22 -0500] "POST /forms/lservlet;jsessionid=ac16012b30d61d33f47318c3427fba56ac6fc176761e.e3iSbxaKaheRe34Tax0PchuKax90n6jAmljGr5XDqQLvpAe HTTP/1.1" 200 27
172.22.2.1 - - [09/Jun/2016:08:42:22 -0500] "GET /BLA/resoluciones/AUTOS%202015/0029.pdf HTTP/1.1" 206 65536
186.85.106.177 - - [09/Jun/2016:08:42:23 -0500] "POST /forms/lservlet;jsessionid=ac16012b30d61d33f47318c3427fba56ac6fc176761e.e3iSbxaKaheRe34Tax0PchuKax90n6jAmljGr5XDqQLvpAe HTTP/1.1" 200 7
186.85.106.177 - - [09/Jun/2016:08:42:23 -0500] "POST /forms/lservlet;jsessionid=ac16012b30d61d33f47318c3427fba56ac6fc176761e.e3iSbxaKaheRe34Tax0PchuKax90n6jAmljGr5XDqQLvpAe HTTP/1.1" 200 2
181.143.130.154 - - [09/Jun/2016:08:42:23 -0500] "GET /galeria/galeria/jquery.fancybox.js?v=2.1.5 HTTP/1.0" 200 48706
181.143.130.154 - - [09/Jun/2016:08:42:23 -0500] "GET /galeria/galeria/jquery.fancybox.css?v=2.1.5 HTTP/1.0" 200 4895
181.143.130.154 - - [09/Jun/2016:08:42:23 -0500] "GET /galeria/galeria/fotos/Capellania1P.jpg HTTP/1.0" 200 33952
186.85.106.177 - - [09/Jun/2016:08:42:23 -0500] "POST /forms/lservlet;jsessionid=ac16012b30d61d33f47318c3427fba56ac6fc176761e.e3iSbxaKaheRe34Tax0PchuKax90n6jAmljGr5XDqQLvpAe HTTP/1.1" 200 174
181.143.130.154 - - [09/Jun/2016:08:42:24 -0500] "GET /galeria/galeria/fotos/Capellania2P.jpg HTTP/1.0" 200 35380
181.143.130.154 - - [09/Jun/2016:08:42:24 -0500] "GET /galeria/galeria/fotos/Capellania3P.jpg HTTP/1.0" 200 34835
181.143.130.154 - - [09/Jun/2016:08:42:24 -0500] "GET /galeria/galeria/fotos/Capellania4P.jpg HTTP/1.0" 200 37377
186.85.106.177 - - [09/Jun/2016:08:42:25 -0500] "POST /forms/lservlet;jsessionid=ac16012b30d61d33f47318c3427fba56ac6fc176761e.e3iSbxaKaheRe34Tax0PchuKax90n6jAmljGr5XDqQLvpAe HTTP/1.1" 200 2
186.85.106.177 - - [09/Jun/2016:08:42:25 -0500] "POST /forms/lservlet;jsessionid=ac16012b30d61d33f47318c3427fba56ac6fc176761e.e3iSbxaKaheRe34Tax0PchuKax90n6jAmljGr5XDqQLvpAe HTTP/1.1" 200 106
186.85.106.177 - - [09/Jun/2016:08:42:26 -0500] "POST /forms/lservlet;jsessionid=ac16012b30d61d33f47318c3427fba56ac6fc176761e.e3iSbxaKaheRe34Tax0PchuKax90n6jAmljGr5XDqQLvpAe HTTP/1.1" 200 2
186.85.106.177 - - [09/Jun/2016:08:42:26 -0500] "POST /forms/lservlet;jsessionid=ac16012b30d61d33f47318c3427fba56ac6fc176761e.e3iSbxaKaheRe34Tax0PchuKax90n6jAmljGr5XDqQLvpAe HTTP/1.1" 200 8
186.85.106.177 - - [09/Jun/2016:08:42:26 -0500] "POST /forms/lservlet;jsessionid=ac16012b30d61d33f47318c3427fba56ac6fc176761e.e3iSbxaKaheRe34Tax0PchuKax90n6jAmljGr5XDqQLvpAe HTTP/1.1" 200 2
186.85.106.177 - - [09/Jun/2016:08:42:27 -0500] "POST /forms/lservlet;jsessionid=ac16012b30d61d33f47318c3427fba56ac6fc176761e.e3iSbxaKaheRe34Tax0PchuKax90n6jAmljGr5XDqQLvpAe HTTP/1.1" 200 2
186.85.106.177 - - [09/Jun/2016:08:42:27 -0500] "POST /forms/lservlet;jsessionid=ac16012b30d61d33f47318c3427fba56ac6fc176761e.e3iSbxaKaheRe34Tax0PchuKax90n6jAmljGr5XDqQLvpAe HTTP/1.1" 200 8
186.85.106.177 - - [09/Jun/2016:08:42:27 -0500] "POST /forms/lservlet;jsessionid=ac16012b30d61d33f47318c3427fba56ac6fc176761e.e3iSbxaKaheRe34Tax0PchuKax90n6jAmljGr5XDqQLvpAe HTTP/1.1" 200 2
186.85.106.177 - - [09/Jun/2016:08:42:28 -0500] "POST /forms/lservlet;jsessionid=ac16012b30d61d33f47318c3427fba56ac6fc176761e.e3iSbxaKaheRe34Tax0PchuKax90n6jAmljGr5XDqQLvpAe HTTP/1.1" 200 166
186.85.106.177 - - [09/Jun/2016:08:42:29 -0500] "POST /forms/lservlet;jsessionid=ac16012b30d61d33f47318c3427fba56ac6fc176761e.e3iSbxaKaheRe34Tax0PchuKax90n6jAmljGr5XDqQLvpAe HTTP/1.1" 200 139
186.85.106.177 - - [09/Jun/2016:08:42:30 -0500] "POST /forms/lservlet;jsessionid=ac16012b30d61d33f47318c3427fba56ac6fc176761e.e3iSbxaKaheRe34Tax0PchuKax90n6jAmljGr5XDqQLvpAe HTTP/1.1" 200 1511
186.85.106.177 - - [09/Jun/2016:08:42:30 -0500] "POST /forms/lservlet;jsessionid=ac16012b30d61d33f47318c3427fba56ac6fc176761e.e3iSbxaKaheRe34Tax0PchuKax90n6jAmljGr5XDqQLvpAe HTTP/1.1" 200 2
186.85.106.177 - - [09/Jun/2016:08:42:30 -0500] "POST /forms/lservlet;jsessionid=ac16012b30d61d33f47318c3427fba56ac6fc176761e.e3iSbxaKaheRe34Tax0PchuKax90n6jAmljGr5XDqQLvpAe HTTP/1.1" 200 2
186.85.106.177 - - [09/Jun/2016:08:42:32 -0500] "POST /forms/lservlet;jsessionid=ac16012b30d61d33f47318c3427fba56ac6fc176761e.e3iSbxaKaheRe34Tax0PchuKax90n6jAmljGr5XDqQLvpAe HTTP/1.1" 200 133
186.85.106.177 - - [09/Jun/2016:08:42:36 -0500] "POST /forms/lservlet;jsessionid=ac16012b30d61d33f47318c3427fba56ac6fc176761e.e3iSbxaKaheRe34Tax0PchuKax90n6jAmljGr5XDqQLvpAe HTTP/1.1" 200 2
186.85.106.177 - - [09/Jun/2016:08:42:36 -0500] "POST /forms/lservlet;jsessionid=ac16012b30d61d33f47318c3427fba56ac6fc176761e.e3iSbxaKaheRe34Tax0PchuKax90n6jAmljGr5XDqQLvpAe HTTP/1.1" 200 3038
186.85.106.177 - - [09/Jun/2016:08:42:36 -0500] "POST /forms/lservlet;jsessionid=ac16012b30d61d33f47318c3427fba56ac6fc176761e.e3iSbxaKaheRe34Tax0PchuKax90n6jAmljGr5XDqQLvpAe HTTP/1.1" 200 20
186.85.106.177 - - [09/Jun/2016:08:42:38 -0500] "POST /forms/lservlet;jsessionid=ac16012b30d61d33f47318c3427fba56ac6fc176761e.e3iSbxaKaheRe34Tax0PchuKax90n6jAmljGr5XDqQLvpAe HTTP/1.1" 200 147
190.24.45.53 - - [09/Jun/2016:08:42:39 -0500] "GET /BLA/boletinlegal/js/jquery.scrollShow.js HTTP/1.1" 200 4586
190.24.45.53 - - [09/Jun/2016:08:42:39 -0500] "GET /galeria/galeria/jquery.fancybox.css?v=2.1.5 HTTP/1.1" 200 4895
190.24.45.53 - - [09/Jun/2016:08:42:39 -0500] "GET /galeria/carrusel/Carrusel/jquery.thumbnailScroller.css HTTP/1.1" 200 2066
190.24.45.53 - - [09/Jun/2016:08:42:39 -0500] "GET /galeria/galeria/jquery.fancybox.js?v=2.1.5 HTTP/1.1" 200 48706
190.24.45.53 - - [09/Jun/2016:08:42:39 -0500] "GET /galeria/carrusel/Carrusel/jquery-ui-1.8.13.custom.min.js HTTP/1.1" 200 10800
190.24.45.53 - - [09/Jun/2016:08:42:39 -0500] "GET /galeria/carrusel/Carrusel/jquery.thumbnailScroller.js HTTP/1.1" 200 8157
190.24.45.53 - - [09/Jun/2016:08:42:39 -0500] "GET /galeria/nivo-slider/demo/demo.html HTTP/1.1" 200 4522
186.85.106.177 - - [09/Jun/2016:08:42:40 -0500] "POST /forms/lservlet;jsessionid=ac16012b30d61d33f47318c3427fba56ac6fc176761e.e3iSbxaKaheRe34Tax0PchuKax90n6jAmljGr5XDqQLvpAe HTTP/1.1" 200 2
186.85.106.177 - - [09/Jun/2016:08:42:40 -0500] "POST /forms/lservlet;jsessionid=ac16012b30d61d33f47318c3427fba56ac6fc176761e.e3iSbxaKaheRe34Tax0PchuKax90n6jAmljGr5XDqQLvpAe HTTP/1.1" 200 132
186.85.106.177 - - [09/Jun/2016:08:42:40 -0500] "POST /forms/lservlet;jsessionid=ac16012b30d61d33f47318c3427fba56ac6fc176761e.e3iSbxaKaheRe34Tax0PchuKax90n6jAmljGr5XDqQLvpAe HTTP/1.1" 200 7
186.85.106.177 - - [09/Jun/2016:08:42:41 -0500] "POST /forms/lservlet;jsessionid=ac16012b30d61d33f47318c3427fba56ac6fc176761e.e3iSbxaKaheRe34Tax0PchuKax90n6jAmljGr5XDqQLvpAe HTTP/1.1" 200 2
186.85.106.177 - - [09/Jun/2016:08:42:41 -0500] "POST /forms/lservlet;jsessionid=ac16012b30d61d33f47318c3427fba56ac6fc176761e.e3iSbxaKaheRe34Tax0PchuKax90n6jAmljGr5XDqQLvpAe HTTP/1.1" 200 96
186.85.106.177 - - [09/Jun/2016:08:42:41 -0500] "POST /forms/lservlet;jsessionid=ac16012b30d61d33f47318c3427fba56ac6fc176761e.e3iSbxaKaheRe34Tax0PchuKax90n6jAmljGr5XDqQLvpAe HTTP/1.1" 200 7
190.24.45.53 - - [09/Jun/2016:08:42:41 -0500] "GET /galeria/nivo-slider/nivo-slider.css HTTP/1.1" 200 1507
190.24.45.53 - - [09/Jun/2016:08:42:41 -0500] "GET /galeria/nivo-slider/themes/default/default.css HTTP/1.1" 200 1569
190.24.45.53 - - [09/Jun/2016:08:42:41 -0500] "GET /galeria/nivo-slider/themes/pascal/pascal.css HTTP/1.1" 200 2258
190.24.45.53 - - [09/Jun/2016:08:42:41 -0500] "GET /galeria/nivo-slider/demo/images/convocatoriasecretaria.jpg HTTP/1.1" 200 129365
190.24.45.53 - - [09/Jun/2016:08:42:41 -0500] "GET /galeria/nivo-slider/themes/orman/orman.css HTTP/1.1" 200 2152
190.24.45.53 - - [09/Jun/2016:08:42:41 -0500] "GET /galeria/nivo-slider/demo/style.css HTTP/1.1" 200 2222
190.24.45.53 - - [09/Jun/2016:08:42:41 -0500] "GET /galeria/nivo-slider/demo/scripts/jquery-1.7.1.min.js HTTP/1.1" 200 93868
190.24.45.53 - - [09/Jun/2016:08:42:41 -0500] "GET /galeria/nivo-slider/jquery.nivo.slider.pack.js HTTP/1.1" 200 11561
190.24.45.53 - - [09/Jun/2016:08:42:41 -0500] "GET /galeria/nivo-slider/demo/images/vegetal.jpg HTTP/1.1" 200 216080
190.24.45.53 - - [09/Jun/2016:08:42:41 -0500] "GET /galeria/nivo-slider/demo/images/BANNERWELOVEBOGOTA.jpg HTTP/1.1" 200 122775
190.24.45.53 - - [09/Jun/2016:08:42:42 -0500] "GET /galeria/nivo-slider/demo/images/4Simple_Slider.png HTTP/1.1" 200 11722
190.24.45.53 - - [09/Jun/2016:08:42:42 -0500] "GET /galeria/nivo-slider/themes/default/loading.gif HTTP/1.1" 200 1737
190.24.45.53 - - [09/Jun/2016:08:42:42 -0500] "GET /galeria/nivo-slider/demo/images/bannergenCAPACITACIONES-01.jpg HTTP/1.1" 200 153433
190.24.45.53 - - [09/Jun/2016:08:42:42 -0500] "GET /galeria/nivo-slider/demo/images/Banner_wgic.jpg HTTP/1.1" 200 139000
190.24.45.53 - - [09/Jun/2016:08:42:42 -0500] "GET /galeria/nivo-slider/demo/images/BANNERBOMBILLAS2.jpg HTTP/1.1" 200 106552
190.24.45.53 - - [09/Jun/2016:08:42:42 -0500] "GET /galeria/nivo-slider/demo/images/ecolecta2016.jpg HTTP/1.1" 200 147170
190.24.45.53 - - [09/Jun/2016:08:42:42 -0500] "GET /galeria/nivo-slider/demo/images/ABC-Plan-de-contigencia.jpg HTTP/1.1" 200 423901
190.24.45.53 - - [09/Jun/2016:08:42:42 -0500] "GET /galeria/nivo-slider/demo/images/banner-llantas2015.jpg HTTP/1.1" 200 268366
186.85.106.177 - - [09/Jun/2016:08:42:42 -0500] "POST /forms/lservlet;jsessionid=ac16012b30d61d33f47318c3427fba56ac6fc176761e.e3iSbxaKaheRe34Tax0PchuKax90n6jAmljGr5XDqQLvpAe HTTP/1.1" 200 95
190.24.45.53 - - [09/Jun/2016:08:42:42 -0500] "GET /galeria/nivo-slider/demo/images/caminata-ecologica.jpg HTTP/1.1" 200 192926
190.24.45.53 - - [09/Jun/2016:08:42:42 -0500] "GET /galeria/nivo-slider/demo/images/Cmapana-onestidad.jpg HTTP/1.1" 200 141638
190.24.45.53 - - [09/Jun/2016:08:42:43 -0500] "GET /galeria/nivo-slider/demo/images/banner-llantas2.jpg HTTP/1.1" 200 234514
186.85.106.177 - - [09/Jun/2016:08:42:43 -0500] "POST /forms/lservlet;jsessionid=ac16012b30d61d33f47318c3427fba56ac6fc176761e.e3iSbxaKaheRe34Tax0PchuKax90n6jAmljGr5XDqQLvpAe HTTP/1.1" 200 2
190.24.45.53 - - [09/Jun/2016:08:42:43 -0500] "GET /galeria/nivo-slider/demo/images/9Signos.jpg HTTP/1.1" 200 81776
190.24.45.53 - - [09/Jun/2016:08:42:43 -0500] "GET /galeria/nivo-slider/demo/images/Ruta-vertimientos-01.jpg HTTP/1.1" 200 130151
186.85.106.177 - - [09/Jun/2016:08:42:43 -0500] "POST /forms/lservlet;jsessionid=ac16012b30d61d33f47318c3427fba56ac6fc176761e.e3iSbxaKaheRe34Tax0PchuKax90n6jAmljGr5XDqQLvpAe HTTP/1.1" 200 3354
190.24.45.53 - - [09/Jun/2016:08:42:43 -0500] "GET /galeria/nivo-slider/demo/images/bolsas-06.jpg HTTP/1.1" 200 210950
186.85.106.177 - - [09/Jun/2016:08:42:44 -0500] "POST /forms/lservlet;jsessionid=ac16012b30d61d33f47318c3427fba56ac6fc176761e.e3iSbxaKaheRe34Tax0PchuKax90n6jAmljGr5XDqQLvpAe HTTP/1.1" 200 20
181.49.129.66 - - [09/Jun/2016:08:42:44 -0500] "GET /BLA/boletinlegal/js/jquery.scrollShow.js HTTP/1.1" 200 4586
181.49.129.66 - - [09/Jun/2016:08:42:44 -0500] "GET /galeria/galeria/jquery.fancybox.js?v=2.1.5 HTTP/1.1" 200 48706
181.49.129.66 - - [09/Jun/2016:08:42:45 -0500] "GET /galeria/galeria/jquery.fancybox.css?v=2.1.5 HTTP/1.1" 200 4895
186.85.106.177 - - [09/Jun/2016:08:42:45 -0500] "POST /forms/lservlet;jsessionid=ac16012b30d61d33f47318c3427fba56ac6fc176761e.e3iSbxaKaheRe34Tax0PchuKax90n6jAmljGr5XDqQLvpAe HTTP/1.1" 200 2
172.22.2.1 - - [09/Jun/2016:08:42:45 -0500] "GET /BLA/resoluciones/AUTOS%202015/0113.pdf HTTP/1.1" 200 161803
181.49.129.66 - - [09/Jun/2016:08:42:45 -0500] "GET /galeria/carrusel/Carrusel/jquery.thumbnailScroller.css HTTP/1.1" 200 2066
181.49.129.66 - - [09/Jun/2016:08:42:45 -0500] "GET /galeria/carrusel/Carrusel/jquery-ui-1.8.13.custom.min.js HTTP/1.1" 200 10800
186.85.106.177 - - [09/Jun/2016:08:42:45 -0500] "POST /forms/lservlet;jsessionid=ac16012b30d61d33f47318c3427fba56ac6fc176761e.e3iSbxaKaheRe34Tax0PchuKax90n6jAmljGr5XDqQLvpAe HTTP/1.1" 200 3255
172.22.2.1 - - [09/Jun/2016:08:42:46 -0500] "GET /BLA/resoluciones/AUTOS%202015/0113.pdf HTTP/1.1" 206 65536
172.22.2.1 - - [09/Jun/2016:08:42:46 -0500] "GET /BLA/resoluciones/AUTOS%202015/0113.pdf HTTP/1.1" 206 30731
186.85.106.177 - - [09/Jun/2016:08:42:46 -0500] "POST /forms/lservlet;jsessionid=ac16012b30d61d33f47318c3427fba56ac6fc176761e.e3iSbxaKaheRe34Tax0PchuKax90n6jAmljGr5XDqQLvpAe HTTP/1.1" 200 2
186.85.106.177 - - [09/Jun/2016:08:42:46 -0500] "POST /forms/lservlet;jsessionid=ac16012b30d61d33f47318c3427fba56ac6fc176761e.e3iSbxaKaheRe34Tax0PchuKax90n6jAmljGr5XDqQLvpAe HTTP/1.1" 200 2
181.49.129.66 - - [09/Jun/2016:08:42:46 -0500] "GET /galeria/carrusel/Carrusel/jquery.thumbnailScroller.js HTTP/1.1" 200 8157
186.85.106.177 - - [09/Jun/2016:08:42:47 -0500] "POST /forms/lservlet;jsessionid=ac16012b30d61d33f47318c3427fba56ac6fc176761e.e3iSbxaKaheRe34Tax0PchuKax90n6jAmljGr5XDqQLvpAe HTTP/1.1" 200 3036
186.85.106.177 - - [09/Jun/2016:08:42:47 -0500] "POST /forms/lservlet;jsessionid=ac16012b30d61d33f47318c3427fba56ac6fc176761e.e3iSbxaKaheRe34Tax0PchuKax90n6jAmljGr5XDqQLvpAe HTTP/1.1" 200 2
190.25.90.190 - - [09/Jun/2016:08:42:47 -0500] "GET /galeria/galeria/jquery.fancybox.css?v=2.1.5 HTTP/1.1" 200 4895
186.85.106.177 - - [09/Jun/2016:08:42:49 -0500] "POST /forms/lservlet;jsessionid=ac16012b30d61d33f47318c3427fba56ac6fc176761e.e3iSbxaKaheRe34Tax0PchuKax90n6jAmljGr5XDqQLvpAe HTTP/1.1" 200 2
186.85.106.177 - - [09/Jun/2016:08:42:49 -0500] "POST /forms/lservlet;jsessionid=ac16012b30d61d33f47318c3427fba56ac6fc176761e.e3iSbxaKaheRe34Tax0PchuKax90n6jAmljGr5XDqQLvpAe HTTP/1.1" 200 3011
186.85.106.177 - - [09/Jun/2016:08:42:50 -0500] "POST /forms/lservlet;jsessionid=ac16012b30d61d33f47318c3427fba56ac6fc176761e.e3iSbxaKaheRe34Tax0PchuKax90n6jAmljGr5XDqQLvpAe HTTP/1.1" 200 2
201.245.192.250 - - [09/Jun/2016:08:42:51 -0500] "GET /galeria/nivo-slider/demo/demo.html HTTP/1.1" 304 -
201.245.192.250 - - [09/Jun/2016:08:42:51 -0500] "GET /galeria/nivo-slider/demo/images/convocatoriasecretaria.jpg HTTP/1.1" 304 -
186.85.106.177 - - [09/Jun/2016:08:42:51 -0500] "POST /forms/lservlet;jsessionid=ac16012b30d61d33f47318c3427fba56ac6fc176761e.e3iSbxaKaheRe34Tax0PchuKax90n6jAmljGr5XDqQLvpAe HTTP/1.1" 200 2
201.245.192.250 - - [09/Jun/2016:08:42:51 -0500] "GET /galeria/nivo-slider/demo/images/vegetal.jpg HTTP/1.1" 304 -
201.245.192.250 - - [09/Jun/2016:08:42:51 -0500] "GET /galeria/nivo-slider/demo/images/bannergenCAPACITACIONES-01.jpg HTTP/1.1" 304 -
201.245.192.250 - - [09/Jun/2016:08:42:51 -0500] "GET /galeria/nivo-slider/demo/images/BANNERBOMBILLAS2.jpg HTTP/1.1" 304 -
186.85.106.177 - - [09/Jun/2016:08:42:51 -0500] "POST /forms/lservlet;jsessionid=ac16012b30d61d33f47318c3427fba56ac6fc176761e.e3iSbxaKaheRe34Tax0PchuKax90n6jAmljGr5XDqQLvpAe HTTP/1.1" 200 2987
186.85.106.177 - - [09/Jun/2016:08:42:52 -0500] "POST /forms/lservlet;jsessionid=ac16012b30d61d33f47318c3427fba56ac6fc176761e.e3iSbxaKaheRe34Tax0PchuKax90n6jAmljGr5XDqQLvpAe HTTP/1.1" 200 2
190.24.45.53 - - [09/Jun/2016:08:42:53 -0500] "GET /galeria/nivo-slider/themes/default/arrows.png HTTP/1.1" 200 824
190.24.45.53 - - [09/Jun/2016:08:42:53 -0500] "GET /galeria/nivo-slider/themes/default/bullets.png HTTP/1.1" 200 1281
186.85.106.177 - - [09/Jun/2016:08:42:53 -0500] "POST /forms/lservlet;jsessionid=ac16012b30d61d33f47318c3427fba56ac6fc176761e.e3iSbxaKaheRe34Tax0PchuKax90n6jAmljGr5XDqQLvpAe HTTP/1.1" 200 2
186.85.106.177 - - [09/Jun/2016:08:42:53 -0500] "POST /forms/lservlet;jsessionid=ac16012b30d61d33f47318c3427fba56ac6fc176761e.e3iSbxaKaheRe34Tax0PchuKax90n6jAmljGr5XDqQLvpAe HTTP/1.1" 200 3352
186.85.106.177 - - [09/Jun/2016:08:42:54 -0500] "POST /forms/lservlet;jsessionid=ac16012b30d61d33f47318c3427fba56ac6fc176761e.e3iSbxaKaheRe34Tax0PchuKax90n6jAmljGr5XDqQLvpAe HTTP/1.1" 200 2
181.49.129.66 - - [09/Jun/2016:08:42:54 -0500] "GET /galeria/nivo-slider/demo/demo.html HTTP/1.1" 200 4522
181.49.129.66 - - [09/Jun/2016:08:42:54 -0500] "GET /galeria/nivo-slider/themes/default/default.css HTTP/1.1" 200 1569
181.49.129.66 - - [09/Jun/2016:08:42:55 -0500] "GET /galeria/nivo-slider/demo/scripts/jquery-1.7.1.min.js HTTP/1.1" 200 93868
181.49.129.66 - - [09/Jun/2016:08:42:55 -0500] "GET /galeria/nivo-slider/demo/images/convocatoriasecretaria.jpg HTTP/1.1" 200 129365
181.49.129.66 - - [09/Jun/2016:08:42:55 -0500] "GET /galeria/nivo-slider/themes/pascal/pascal.css HTTP/1.1" 200 2258
181.49.129.66 - - [09/Jun/2016:08:42:55 -0500] "GET /galeria/nivo-slider/demo/style.css HTTP/1.1" 200 2222
181.49.129.66 - - [09/Jun/2016:08:42:55 -0500] "GET /galeria/nivo-slider/nivo-slider.css HTTP/1.1" 200 1507
181.49.129.66 - - [09/Jun/2016:08:42:55 -0500] "GET /galeria/nivo-slider/themes/orman/orman.css HTTP/1.1" 200 2152
181.49.129.66 - - [09/Jun/2016:08:42:55 -0500] "GET /galeria/nivo-slider/demo/images/vegetal.jpg HTTP/1.1" 200 216080
181.49.129.66 - - [09/Jun/2016:08:42:55 -0500] "GET /galeria/nivo-slider/demo/images/Banner_wgic.jpg HTTP/1.1" 200 139000
181.49.129.66 - - [09/Jun/2016:08:42:55 -0500] "GET /galeria/nivo-slider/demo/images/BANNERWELOVEBOGOTA.jpg HTTP/1.1" 200 122775
181.49.129.66 - - [09/Jun/2016:08:42:55 -0500] "GET /galeria/nivo-slider/demo/images/bannergenCAPACITACIONES-01.jpg HTTP/1.1" 200 153433
181.49.129.66 - - [09/Jun/2016:08:42:55 -0500] "GET /galeria/nivo-slider/demo/images/BANNERBOMBILLAS2.jpg HTTP/1.1" 200 106552
186.85.106.177 - - [09/Jun/2016:08:42:55 -0500] "POST /forms/lservlet;jsessionid=ac16012b30d61d33f47318c3427fba56ac6fc176761e.e3iSbxaKaheRe34Tax0PchuKax90n6jAmljGr5XDqQLvpAe HTTP/1.1" 200 2
181.49.129.66 - - [09/Jun/2016:08:42:55 -0500] "GET /galeria/nivo-slider/jquery.nivo.slider.pack.js HTTP/1.1" 200 11561
181.49.129.66 - - [09/Jun/2016:08:42:55 -0500] "GET /galeria/nivo-slider/demo/images/ecolecta2016.jpg HTTP/1.1" 200 147170
181.49.129.66 - - [09/Jun/2016:08:42:55 -0500] "GET /galeria/nivo-slider/demo/images/ABC-Plan-de-contigencia.jpg HTTP/1.1" 200 423901
186.85.106.177 - - [09/Jun/2016:08:42:55 -0500] "POST /forms/lservlet;jsessionid=ac16012b30d61d33f47318c3427fba56ac6fc176761e.e3iSbxaKaheRe34Tax0PchuKax90n6jAmljGr5XDqQLvpAe HTTP/1.1" 200 4948
181.49.129.66 - - [09/Jun/2016:08:42:56 -0500] "GET /galeria/nivo-slider/demo/images/banner-llantas2015.jpg HTTP/1.1" 200 268366
186.85.106.177 - - [09/Jun/2016:08:42:56 -0500] "POST /forms/lservlet;jsessionid=ac16012b30d61d33f47318c3427fba56ac6fc176761e.e3iSbxaKaheRe34Tax0PchuKax90n6jAmljGr5XDqQLvpAe HTTP/1.1" 200 2
181.49.129.66 - - [09/Jun/2016:08:42:56 -0500] "GET /galeria/nivo-slider/demo/images/caminata-ecologica.jpg HTTP/1.1" 200 192926
181.49.129.66 - - [09/Jun/2016:08:42:56 -0500] "GET /galeria/nivo-slider/themes/default/loading.gif HTTP/1.1" 200 1737
181.49.129.66 - - [09/Jun/2016:08:42:56 -0500] "GET /galeria/nivo-slider/demo/images/4Simple_Slider.png HTTP/1.1" 200 11722
181.49.129.66 - - [09/Jun/2016:08:42:56 -0500] "GET /galeria/nivo-slider/demo/images/Cmapana-onestidad.jpg HTTP/1.1" 200 141638
181.49.129.66 - - [09/Jun/2016:08:42:56 -0500] "GET /galeria/nivo-slider/demo/images/banner-llantas2.jpg HTTP/1.1" 200 234514
201.245.192.250 - - [09/Jun/2016:08:42:56 -0500] "GET /isolucionsda/ HTTP/1.1" 302 140
201.245.192.250 - - [09/Jun/2016:08:42:56 -0500] "GET /isolucionsda/ControlDeInicio.asp HTTP/1.1" 200 739
181.49.129.66 - - [09/Jun/2016:08:42:56 -0500] "GET /galeria/nivo-slider/demo/images/9Signos.jpg HTTP/1.1" 200 81776
201.245.192.250 - - [09/Jun/2016:08:42:57 -0500] "GET /isolucionsda/IdentificaUsuario.asp?Pagina1=FrameSetGeneral.asp& HTTP/1.1" 200 5090
181.49.129.66 - - [09/Jun/2016:08:42:57 -0500] "GET /galeria/nivo-slider/demo/images/Ruta-vertimientos-01.jpg HTTP/1.1" 200 130151
181.49.129.66 - - [09/Jun/2016:08:42:57 -0500] "GET /galeria/nivo-slider/demo/images/bolsas-06.jpg HTTP/1.1" 200 210950
186.85.106.177 - - [09/Jun/2016:08:42:57 -0500] "POST /forms/lservlet;jsessionid=ac16012b30d61d33f47318c3427fba56ac6fc176761e.e3iSbxaKaheRe34Tax0PchuKax90n6jAmljGr5XDqQLvpAe HTTP/1.1" 200 2
186.85.106.177 - - [09/Jun/2016:08:42:57 -0500] "POST /forms/lservlet;jsessionid=ac16012b30d61d33f47318c3427fba56ac6fc176761e.e3iSbxaKaheRe34Tax0PchuKax90n6jAmljGr5XDqQLvpAe HTTP/1.1" 200 3132
186.85.106.177 - - [09/Jun/2016:08:42:58 -0500] "POST /forms/lservlet;jsessionid=ac16012b30d61d33f47318c3427fba56ac6fc176761e.e3iSbxaKaheRe34Tax0PchuKax90n6jAmljGr5XDqQLvpAe HTTP/1.1" 200 2
181.49.129.66 - - [09/Jun/2016:08:42:59 -0500] "GET /galeria/nivo-slider/themes/default/arrows.png HTTP/1.1" 200 824
181.49.129.66 - - [09/Jun/2016:08:42:59 -0500] "GET /galeria/nivo-slider/themes/default/bullets.png HTTP/1.1" 200 1281
186.85.106.177 - - [09/Jun/2016:08:42:59 -0500] "POST /forms/lservlet;jsessionid=ac16012b30d61d33f47318c3427fba56ac6fc176761e.e3iSbxaKaheRe34Tax0PchuKax90n6jAmljGr5XDqQLvpAe HTTP/1.1" 200 2
186.85.106.177 - - [09/Jun/2016:08:43:00 -0500] "POST /forms/lservlet;jsessionid=ac16012b30d61d33f47318c3427fba56ac6fc176761e.e3iSbxaKaheRe34Tax0PchuKax90n6jAmljGr5XDqQLvpAe HTTP/1.1" 200 14
190.27.131.75 - - [09/Jun/2016:08:43:01 -0500] "GET /BLA/resoluciones/AUTOS%202014/7293.pdf HTTP/1.1" 200 604156
201.245.192.253 - - [09/Jun/2016:08:43:01 -0500] "GET /galeria/nivo-slider/demo/demo.html HTTP/1.1" 200 4522
186.85.106.177 - - [09/Jun/2016:08:43:01 -0500] "POST /forms/lservlet;jsessionid=ac16012b30d61d33f47318c3427fba56ac6fc176761e.e3iSbxaKaheRe34Tax0PchuKax90n6jAmljGr5XDqQLvpAe HTTP/1.1" 200 14
186.85.106.177 - - [09/Jun/2016:08:43:02 -0500] "POST /forms/lservlet;jsessionid=ac16012b30d61d33f47318c3427fba56ac6fc176761e.e3iSbxaKaheRe34Tax0PchuKax90n6jAmljGr5XDqQLvpAe HTTP/1.1" 200 14
201.245.192.253 - - [09/Jun/2016:08:43:03 -0500] "GET /galeria/nivo-slider/demo/images/convocatoriasecretaria.jpg HTTP/1.1" 200 129365
201.245.192.253 - - [09/Jun/2016:08:43:03 -0500] "GET /galeria/nivo-slider/demo/images/vegetal.jpg HTTP/1.1" 200 216080
201.245.192.253 - - [09/Jun/2016:08:43:03 -0500] "GET /galeria/nivo-slider/demo/images/BANNERWELOVEBOGOTA.jpg HTTP/1.1" 200 122775
201.245.192.253 - - [09/Jun/2016:08:43:03 -0500] "GET /galeria/nivo-slider/demo/images/BANNERBOMBILLAS2.jpg HTTP/1.1" 200 106552
201.245.192.253 - - [09/Jun/2016:08:43:03 -0500] "GET /galeria/nivo-slider/demo/images/Banner_wgic.jpg HTTP/1.1" 200 139000
201.245.192.253 - - [09/Jun/2016:08:43:03 -0500] "GET /galeria/nivo-slider/demo/images/bannergenCAPACITACIONES-01.jpg HTTP/1.1" 200 153433
201.245.192.253 - - [09/Jun/2016:08:43:04 -0500] "GET /galeria/nivo-slider/demo/images/caminata-ecologica.jpg HTTP/1.1" 200 192926
201.245.192.253 - - [09/Jun/2016:08:43:04 -0500] "GET /galeria/nivo-slider/demo/images/Cmapana-onestidad.jpg HTTP/1.1" 200 141638
201.245.192.253 - - [09/Jun/2016:08:43:04 -0500] "GET /galeria/nivo-slider/demo/images/banner-llantas2.jpg HTTP/1.1" 200 234514
201.245.192.253 - - [09/Jun/2016:08:43:04 -0500] "GET /galeria/nivo-slider/demo/images/9Signos.jpg HTTP/1.1" 200 81776
201.245.192.253 - - [09/Jun/2016:08:43:04 -0500] "GET /galeria/nivo-slider/demo/images/Ruta-vertimientos-01.jpg HTTP/1.1" 200 130151
201.245.192.253 - - [09/Jun/2016:08:43:04 -0500] "GET /galeria/nivo-slider/demo/images/banner-llantas2015.jpg HTTP/1.1" 200 268366
201.245.192.253 - - [09/Jun/2016:08:43:04 -0500] "GET /galeria/nivo-slider/demo/images/ABC-Plan-de-contigencia.jpg HTTP/1.1" 200 423901
201.245.192.253 - - [09/Jun/2016:08:43:04 -0500] "GET /galeria/nivo-slider/demo/images/bolsas-06.jpg HTTP/1.1" 200 210950
186.85.106.177 - - [09/Jun/2016:08:43:03 -0500] "POST /forms/lservlet;jsessionid=ac16012b30d61d33f47318c3427fba56ac6fc176761e.e3iSbxaKaheRe34Tax0PchuKax90n6jAmljGr5XDqQLvpAe HTTP/1.1" 200 14
201.245.192.250 - - [09/Jun/2016:08:43:05 -0500] "POST /isolucionsda/IdentificaUsuario.asp?Pagina1=FrameSetGeneral.asp& HTTP/1.1" 200 5027
201.245.192.253 - - [09/Jun/2016:08:43:05 -0500] "GET /galeria/nivo-slider/demo/images/4Simple_Slider.png HTTP/1.1" 200 11722
201.245.192.253 - - [09/Jun/2016:08:43:05 -0500] "GET /galeria/nivo-slider/themes/default/loading.gif HTTP/1.1" 200 1737
186.85.106.177 - - [09/Jun/2016:08:43:05 -0500] "POST /forms/lservlet;jsessionid=ac16012b30d61d33f47318c3427fba56ac6fc176761e.e3iSbxaKaheRe34Tax0PchuKax90n6jAmljGr5XDqQLvpAe HTTP/1.1" 200 15
201.245.192.253 - - [09/Jun/2016:08:43:07 -0500] "GET /galeria/nivo-slider/demo/images/ecolecta2016.jpg HTTP/1.1" 200 147170
201.245.192.253 - - [09/Jun/2016:08:43:07 -0500] "GET /galeria/nivo-slider/themes/default/arrows.png HTTP/1.1" 200 824
201.245.192.253 - - [09/Jun/2016:08:43:07 -0500] "GET /galeria/nivo-slider/themes/default/bullets.png HTTP/1.1" 200 1281
186.85.106.177 - - [09/Jun/2016:08:43:08 -0500] "POST /forms/lservlet;jsessionid=ac16012b30d61d33f47318c3427fba56ac6fc176761e.e3iSbxaKaheRe34Tax0PchuKax90n6jAmljGr5XDqQLvpAe HTTP/1.1" 200 3374
186.85.106.177 - - [09/Jun/2016:08:43:08 -0500] "POST /forms/lservlet;jsessionid=ac16012b30d61d33f47318c3427fba56ac6fc176761e.e3iSbxaKaheRe34Tax0PchuKax90n6jAmljGr5XDqQLvpAe HTTP/1.1" 200 2
190.25.157.12 - - [09/Jun/2016:08:43:08 -0500] "POST /forms/lservlet;jsessionid=ac16012b30d680020f7b557144439abac99740519192.e3iSbxaKaheRe34Tax0PchuKax90n6jAmljGr5XDqQLvpAe HTTP/1.1" 200 2
186.85.106.177 - - [09/Jun/2016:08:43:12 -0500] "POST /forms/lservlet;jsessionid=ac16012b30d61d33f47318c3427fba56ac6fc176761e.e3iSbxaKaheRe34Tax0PchuKax90n6jAmljGr5XDqQLvpAe HTTP/1.1" 200 2
186.85.106.177 - - [09/Jun/2016:08:43:12 -0500] "POST /forms/lservlet;jsessionid=ac16012b30d61d33f47318c3427fba56ac6fc176761e.e3iSbxaKaheRe34Tax0PchuKax90n6jAmljGr5XDqQLvpAe HTTP/1.1" 200 2680
201.245.192.250 - - [09/Jun/2016:08:43:12 -0500] "POST /isolucionsda/IdentificaUsuario.asp?Pagina1=FrameSetGeneral.asp& HTTP/1.1" 302 173
201.245.192.250 - - [09/Jun/2016:08:43:12 -0500] "GET /isolucionsda/FrameSetGeneral.asp?Pagina1=FrameSetGeneral.asp& HTTP/1.1" 200 6485
201.245.192.250 - - [09/Jun/2016:08:43:12 -0500] "GET /isolucionsda/Encabezado.asp?Pagina1=FrameSetGeneral.asp&&Pagina=MagazinHome.asp HTTP/1.1" 200 15514
201.245.192.250 - - [09/Jun/2016:08:43:12 -0500] "GET /isolucionsda/BarraTitulos.asp?Pagina1=FrameSetGeneral.asp&&Pagina=MagazinHome.asp HTTP/1.1" 200 6844
186.85.106.177 - - [09/Jun/2016:08:43:13 -0500] "POST /forms/lservlet;jsessionid=ac16012b30d61d33f47318c3427fba56ac6fc176761e.e3iSbxaKaheRe34Tax0PchuKax90n6jAmljGr5XDqQLvpAe HTTP/1.1" 200 2
201.245.192.250 - - [09/Jun/2016:08:43:12 -0500] "GET /isolucionsda/BarraFavoritos.asp HTTP/1.1" 200 911
201.245.192.250 - - [09/Jun/2016:08:43:12 -0500] "GET /isolucionsda/Session.asp?Continue=1 HTTP/1.1" 200 6195
201.245.192.250 - - [09/Jun/2016:08:43:12 -0500] "GET /isolucionsda/MagazinHome.asp HTTP/1.1" 200 32321
201.245.192.250 - - [09/Jun/2016:08:43:13 -0500] "GET /isolucionsda/g/Bgr_Destacado3399CC.jpg HTTP/1.1" 404 1245
201.245.192.250 - - [09/Jun/2016:08:43:13 -0500] "GET /isolucionsda/TareasSFRedirect.asp HTTP/1.1" 302 195
201.245.192.250 - - [09/Jun/2016:08:43:13 -0500] "GET /isolucionsda/Login.aspx?TARGET=SFContainerFiltrado.aspx&number=55555566536969694557 HTTP/1.1" 302 886
186.85.106.177 - - [09/Jun/2016:08:43:15 -0500] "POST /forms/lservlet;jsessionid=ac16012b30d61d33f47318c3427fba56ac6fc176761e.e3iSbxaKaheRe34Tax0PchuKax90n6jAmljGr5XDqQLvpAe HTTP/1.1" 200 2
201.245.192.250 - - [09/Jun/2016:08:43:15 -0500] "GET /isolucionsda/SFContainerFiltrado.aspx?Number=55555566536969694557 HTTP/1.1" 200 14314
201.245.192.250 - - [09/Jun/2016:08:43:15 -0500] "GET /isolucionsda/DetalleTareas.aspx?Number=55555566536969694557 HTTP/1.1" 200 5355
201.245.192.250 - - [09/Jun/2016:08:43:15 -0500] "GET /isolucionsda/auxlib.js HTTP/1.1" 404 1245
201.245.192.250 - - [09/Jun/2016:08:43:15 -0500] "GET /isolucionsda/infowndpublic.js HTTP/1.1" 404 1245
201.245.192.250 - - [09/Jun/2016:08:43:15 -0500] "GET /isolucionsda/infowndcore.js HTTP/1.1" 404 1245
186.85.106.177 - - [09/Jun/2016:08:43:15 -0500] "POST /forms/lservlet;jsessionid=ac16012b30d61d33f47318c3427fba56ac6fc176761e.e3iSbxaKaheRe34Tax0PchuKax90n6jAmljGr5XDqQLvpAe HTTP/1.1" 200 2941
186.85.106.177 - - [09/Jun/2016:08:43:15 -0500] "POST /forms/lservlet;jsessionid=ac16012b30d61d33f47318c3427fba56ac6fc176761e.e3iSbxaKaheRe34Tax0PchuKax90n6jAmljGr5XDqQLvpAe HTTP/1.1" 200 2
186.85.106.177 - - [09/Jun/2016:08:43:16 -0500] "POST /forms/lservlet;jsessionid=ac16012b30d61d33f47318c3427fba56ac6fc176761e.e3iSbxaKaheRe34Tax0PchuKax90n6jAmljGr5XDqQLvpAe HTTP/1.1" 200 2
186.85.106.177 - - [09/Jun/2016:08:43:17 -0500] "POST /forms/lservlet;jsessionid=ac16012b30d61d33f47318c3427fba56ac6fc176761e.e3iSbxaKaheRe34Tax0PchuKax90n6jAmljGr5XDqQLvpAe HTTP/1.1" 200 3122
186.85.106.177 - - [09/Jun/2016:08:43:17 -0500] "POST /forms/lservlet;jsessionid=ac16012b30d61d33f47318c3427fba56ac6fc176761e.e3iSbxaKaheRe34Tax0PchuKax90n6jAmljGr5XDqQLvpAe HTTP/1.1" 200 2
186.85.106.177 - - [09/Jun/2016:08:43:18 -0500] "POST /forms/lservlet;jsessionid=ac16012b30d61d33f47318c3427fba56ac6fc176761e.e3iSbxaKaheRe34Tax0PchuKax90n6jAmljGr5XDqQLvpAe HTTP/1.1" 200 2
186.85.106.177 - - [09/Jun/2016:08:43:18 -0500] "POST /forms/lservlet;jsessionid=ac16012b30d61d33f47318c3427fba56ac6fc176761e.e3iSbxaKaheRe34Tax0PchuKax90n6jAmljGr5XDqQLvpAe HTTP/1.1" 200 3086
