173.234.159.250 - - [13/Jun/2016:06:01:37 -0500] "GET /PruebasSTORM/StormSDA_pruebas/forms/?C=M;O=D HTTP/1.0" 200 3534
66.249.64.198 - - [13/Jun/2016:06:01:39 -0500] "GET /BLA/resoluciones/RESOLUCIONES%202007/RES%202007%201901%20AL%202000/RESOLUCION%201978%20DE%202007.pdf HTTP/1.1" 304 -
195.154.233.224 - - [13/Jun/2016:06:01:42 -0500] "GET /galeria/galeria/jquery.fancybox.css?v=2.1.5 HTTP/1.1" 200 4895
66.249.64.198 - - [13/Jun/2016:06:01:44 -0500] "GET /BLA/resoluciones/RESOLUCIONES%202009/7433.pdf HTTP/1.1" 304 -
173.234.159.250 - - [13/Jun/2016:06:01:44 -0500] "GET /PruebasSTORM/StormSDA_pruebas/forms/?C=N;O=A HTTP/1.0" 200 3534
66.249.64.198 - - [13/Jun/2016:06:01:49 -0500] "GET /BLA/resoluciones/RESOLUCIONES%202009/2793.pdf HTTP/1.1" 304 -
173.234.159.250 - - [13/Jun/2016:06:01:53 -0500] "GET /PruebasSTORM/StormSDA_pruebas/forms/?C=S;O=D HTTP/1.0" 200 3534
66.249.64.198 - - [13/Jun/2016:06:01:55 -0500] "GET /BLA/resoluciones/AUTOS%202007/3782.pdf HTTP/1.1" 304 -
69.162.124.232 - - [13/Jun/2016:06:01:56 -0500] "HEAD / HTTP/1.1" 200 -
173.234.159.250 - - [13/Jun/2016:06:01:59 -0500] "GET /PruebasSTORM/StormSDA_pruebas/stormWeb/img/?C=D;O=A HTTP/1.0" 200 2984
66.249.64.198 - - [13/Jun/2016:06:02:00 -0500] "GET /BLA/resoluciones/RESOLUCIONES%202008/3261.pdf HTTP/1.1" 304 -
173.234.159.250 - - [13/Jun/2016:06:02:01 -0500] "GET /PruebasSTORM/StormSDA_pruebas/stormWeb/img/?C=M;O=A HTTP/1.0" 200 2984
66.249.64.198 - - [13/Jun/2016:06:02:06 -0500] "GET /BLA/resoluciones/AUTOS%202009/2675.pdf HTTP/1.1" 304 -
173.234.159.250 - - [13/Jun/2016:06:02:07 -0500] "GET /PruebasSTORM/StormSDA_pruebas/stormWeb/img/?C=N;O=D HTTP/1.0" 200 2984
173.234.159.250 - - [13/Jun/2016:06:02:11 -0500] "GET /PruebasSTORM/StormSDA_pruebas/stormWeb/img/?C=S;O=A HTTP/1.0" 200 2984
66.249.64.198 - - [13/Jun/2016:06:02:11 -0500] "GET /BLA/resoluciones/AUTOS%202009/0250.pdf HTTP/1.1" 304 -
173.234.159.250 - - [13/Jun/2016:06:02:14 -0500] "GET /PruebasSTORM/StormSDA_pruebas/userFiles/?C=D;O=A HTTP/1.0" 200 5496
66.249.64.198 - - [13/Jun/2016:06:02:16 -0500] "GET /BLA/resoluciones/RESOLUCIONES%202009/8823.pdf HTTP/1.1" 304 -
192.168.175.104 - - [13/Jun/2016:06:02:17 -0500] "GET / HTTP/1.1" 200 9990
173.234.159.250 - - [13/Jun/2016:06:02:17 -0500] "GET /PruebasSTORM/StormSDA_pruebas/userFiles/?C=M;O=A HTTP/1.0" 200 5496
66.249.64.198 - - [13/Jun/2016:06:02:22 -0500] "GET /BLA/resoluciones/RESOLUCIONES%202009/8957.pdf HTTP/1.1" 304 -
173.234.159.250 - - [13/Jun/2016:06:02:27 -0500] "GET /PruebasSTORM/StormSDA_pruebas/userFiles/?C=N;O=D HTTP/1.0" 200 5496
66.249.64.198 - - [13/Jun/2016:06:02:33 -0500] "GET /BLA/resoluciones/RESOLUCIONES%202014/1091.pdf HTTP/1.1" 304 -
66.249.64.198 - - [13/Jun/2016:06:02:38 -0500] "GET /BLA/resoluciones/RESOLUCIONES%202011/1060.pdf HTTP/1.1" 304 -
66.249.88.228 - - [13/Jun/2016:06:02:38 -0500] "GET /galeria/galeria/jquery.fancybox.css?v=2.1.5 HTTP/1.1" 200 4895
66.249.88.228 - - [13/Jun/2016:06:02:38 -0500] "GET /BLA/boletinlegal/js/jquery.scrollShow.js HTTP/1.1" 200 4586
66.249.88.223 - - [13/Jun/2016:06:02:38 -0500] "GET /galeria/galeria/jquery.fancybox.js?v=2.1.5 HTTP/1.1" 200 48706
173.234.159.250 - - [13/Jun/2016:06:02:40 -0500] "GET /PruebasSTORM/StormSDA_pruebas/userFiles/?C=S;O=A HTTP/1.0" 200 5496
66.249.88.228 - - [13/Jun/2016:06:02:42 -0500] "GET /galeria/galeria/jquery.fancybox.css?v=2.1.5 HTTP/1.1" 304 -
66.249.88.223 - - [13/Jun/2016:06:02:42 -0500] "GET /BLA/boletinlegal/js/jquery.scrollShow.js HTTP/1.1" 304 -
66.249.88.228 - - [13/Jun/2016:06:02:42 -0500] "GET /galeria/galeria/jquery.fancybox.js?v=2.1.5 HTTP/1.1" 304 -
66.249.64.198 - - [13/Jun/2016:06:02:43 -0500] "GET /BLA/resoluciones/AUTOS%202009/0717.pdf HTTP/1.1" 304 -
186.119.119.19 - - [13/Jun/2016:06:02:44 -0500] "GET /BLA/boletinlegal/js/jquery.scrollShow.js HTTP/1.1" 200 4586
186.119.119.19 - - [13/Jun/2016:06:02:44 -0500] "GET /galeria/galeria/jquery.fancybox.css?v=2.1.5 HTTP/1.1" 200 4895
186.119.119.19 - - [13/Jun/2016:06:02:44 -0500] "GET /galeria/galeria/jquery.fancybox.js?v=2.1.5 HTTP/1.1" 200 48706
173.234.159.250 - - [13/Jun/2016:06:02:45 -0500] "GET /PruebasSTORM/StormSDA_pruebas/userFiles/UpdateReg.xml HTTP/1.0" 200 1238
66.249.64.198 - - [13/Jun/2016:06:02:49 -0500] "GET /BLA/resoluciones/AUTOS%202008/0562.pdf HTTP/1.1" 304 -
173.234.159.250 - - [13/Jun/2016:06:02:54 -0500] "GET /PruebasSTORM/StormSDA_pruebas/userFiles/update.txt HTTP/1.0" 200 33
66.249.64.198 - - [13/Jun/2016:06:02:54 -0500] "GET /BLA/resoluciones/RESOLUCIONES%202011/2592.pdf HTTP/1.1" 304 -
66.249.64.198 - - [13/Jun/2016:06:02:59 -0500] "GET /BLA/resoluciones/AUTOS%202014/4585.pdf HTTP/1.1" 200 526505
173.234.159.250 - - [13/Jun/2016:06:03:00 -0500] "GET /PruebasSTORM/StormSDA_pruebas/userFiles/user_files/1/?C=M;O=D HTTP/1.0" 200 1750
173.234.159.250 - - [13/Jun/2016:06:03:04 -0500] "GET /PruebasSTORM/StormSDA_pruebas/userFiles/user_files/1/?C=N;O=A HTTP/1.0" 200 1750
66.249.64.198 - - [13/Jun/2016:06:03:05 -0500] "GET /BLA/resoluciones/AUTOS%202010/6460.pdf HTTP/1.1" 304 -
173.234.159.250 - - [13/Jun/2016:06:03:07 -0500] "GET /PruebasSTORM/StormSDA_pruebas/userFiles/user_files/1/?C=S;O=D HTTP/1.0" 200 1750
66.249.64.198 - - [13/Jun/2016:06:03:16 -0500] "GET /BLA/resoluciones/RESOLUCIONES%202010/3934.pdf HTTP/1.1" 304 -
173.234.159.250 - - [13/Jun/2016:06:03:16 -0500] "GET /PruebasSTORM/StormSDA_pruebas/userFiles/user_files/85/?C=D;O=D HTTP/1.0" 200 1752
173.234.159.250 - - [13/Jun/2016:06:03:19 -0500] "GET /PruebasSTORM/StormSDA_pruebas/userFiles/user_files/85/?C=M;O=D HTTP/1.0" 200 1752
66.249.64.198 - - [13/Jun/2016:06:03:21 -0500] "GET /StormSDA/nsjars/ HTTP/1.1" 200 5601
173.234.159.250 - - [13/Jun/2016:06:03:23 -0500] "GET /PruebasSTORM/StormSDA_pruebas/userFiles/user_files/85/?C=N;O=A HTTP/1.0" 200 1752
66.249.64.198 - - [13/Jun/2016:06:03:26 -0500] "GET /BLA/resoluciones/RESOLUCIONES%202010/5361.pdf HTTP/1.1" 304 -
66.249.64.198 - - [13/Jun/2016:06:03:32 -0500] "GET /BLA/resoluciones/RESOLUCIONES%202010/6842.pdf HTTP/1.1" 304 -
173.234.159.250 - - [13/Jun/2016:06:03:34 -0500] "GET /PruebasSTORM/StormSDA_pruebas/userFiles/user_files/85/?C=S;O=D HTTP/1.0" 200 1752
173.234.159.250 - - [13/Jun/2016:06:03:39 -0500] "GET /PruebasSTORM/StormSDA_pruebas/userFiles/user_files/86/?C=D;O=D HTTP/1.0" 200 1752
66.249.64.198 - - [13/Jun/2016:06:03:42 -0500] "GET /galeria/galeria/jquery.fancybox.css?v=2.1.5 HTTP/1.1" 200 4895
66.249.64.198 - - [13/Jun/2016:06:03:43 -0500] "GET /BLA/resoluciones/AUTOS%202015/0026.pdf HTTP/1.1" 200 167216
173.234.159.250 - - [13/Jun/2016:06:03:45 -0500] "GET /PruebasSTORM/StormSDA_pruebas/userFiles/user_files/86/?C=M;O=D HTTP/1.0" 200 1752
66.249.64.198 - - [13/Jun/2016:06:03:48 -0500] "GET /BLA/resoluciones/Notificaciones/AUTOS%202014/1940.doc HTTP/1.1" 304 -
173.234.159.250 - - [13/Jun/2016:06:03:50 -0500] "GET /PruebasSTORM/StormSDA_pruebas/userFiles/user_files/86/?C=N;O=A HTTP/1.0" 200 1752
192.168.175.104 - - [13/Jun/2016:06:03:52 -0500] "GET / HTTP/1.1" 200 9990
173.234.159.250 - - [13/Jun/2016:06:03:53 -0500] "GET /PruebasSTORM/StormSDA_pruebas/userFiles/user_files/86/?C=S;O=D HTTP/1.0" 200 1752
173.234.159.250 - - [13/Jun/2016:06:04:01 -0500] "GET /PruebasSTORM/StormSDA_pruebas/userFiles/user_files/87/?C=D;O=D HTTP/1.0" 200 1752
66.249.64.198 - - [13/Jun/2016:06:04:04 -0500] "GET /BLA/resoluciones/AUTOS%202012/1474.pdf HTTP/1.1" 200 304081
66.249.64.198 - - [13/Jun/2016:06:04:10 -0500] "GET /BLA/resoluciones/AUTOS%202011/4939.pdf HTTP/1.1" 304 -
173.234.159.250 - - [13/Jun/2016:06:04:10 -0500] "GET /PruebasSTORM/StormSDA_pruebas/userFiles/user_files/87/?C=M;O=D HTTP/1.0" 200 1752
201.244.168.188 - - [13/Jun/2016:06:04:11 -0500] "GET /galeria/galeria/fotos/Humedal-la-Isla2G.jpg HTTP/1.1" 200 207490
173.234.159.250 - - [13/Jun/2016:06:04:13 -0500] "GET /PruebasSTORM/StormSDA_pruebas/userFiles/user_files/87/?C=N;O=A HTTP/1.0" 200 1752
186.84.183.182 - - [13/Jun/2016:06:04:14 -0500] "GET /galeria/nivo-slider/demo/demo.html HTTP/1.1" 200 4453
66.249.64.198 - - [13/Jun/2016:06:04:15 -0500] "GET /BLA/resoluciones/RESOLUCIONES%202011/5133.pdf HTTP/1.1" 200 516301
186.84.183.182 - - [13/Jun/2016:06:04:18 -0500] "GET /galeria/nivo-slider/demo/images/convocatoriasecretaria.jpg HTTP/1.1" 304 -
173.234.159.250 - - [13/Jun/2016:06:04:18 -0500] "GET /PruebasSTORM/StormSDA_pruebas/userFiles/user_files/87/?C=S;O=D HTTP/1.0" 200 1752
66.249.64.198 - - [13/Jun/2016:06:04:20 -0500] "GET /BLA/resoluciones/RESOLUCIONES%202007/RES%202007%204201%20AL%204300/RESOLUCION%204297%20DE%202007.pdf HTTP/1.1" 200 365223
190.159.229.8 - - [13/Jun/2016:06:04:22 -0500] "GET /galeria/galeria/jquery.fancybox.css?v=2.1.5 HTTP/1.1" 200 4895
190.159.229.8 - - [13/Jun/2016:06:04:22 -0500] "GET /BLA/boletinlegal/js/jquery.scrollShow.js HTTP/1.1" 200 4586
190.159.229.8 - - [13/Jun/2016:06:04:22 -0500] "GET /galeria/galeria/jquery.fancybox.js?v=2.1.5 HTTP/1.1" 200 48706
186.84.183.182 - - [13/Jun/2016:06:04:24 -0500] "GET /galeria/nivo-slider/demo/images/vegetal.jpg HTTP/1.1" 304 -
186.84.183.182 - - [13/Jun/2016:06:04:24 -0500] "GET /galeria/nivo-slider/demo/images/BANNERWELOVEBOGOTA.jpg HTTP/1.1" 304 -
66.249.64.198 - - [13/Jun/2016:06:04:26 -0500] "GET /BLA/resoluciones/AUTOS%202007/1784.pdf HTTP/1.1" 200 35284
186.84.183.182 - - [13/Jun/2016:06:04:28 -0500] "GET /galeria/nivo-slider/demo/images/bannergenCAPACITACIONES-01.jpg HTTP/1.1" 304 -
173.234.159.250 - - [13/Jun/2016:06:04:28 -0500] "GET /PruebasSTORM/StormSDA_pruebas/userFiles/user_files/88/?C=D;O=D HTTP/1.0" 200 1752
186.84.183.182 - - [13/Jun/2016:06:04:28 -0500] "GET /galeria/nivo-slider/demo/images/BANNERBOMBILLAS2.jpg HTTP/1.1" 304 -
173.234.159.250 - - [13/Jun/2016:06:04:31 -0500] "GET /PruebasSTORM/StormSDA_pruebas/userFiles/user_files/88/?C=M;O=D HTTP/1.0" 200 1752
190.159.229.8 - - [13/Jun/2016:06:04:31 -0500] "GET /galeria/galeria/jquery.fancybox.js?v=2.1.5 HTTP/1.1" 304 -
190.159.229.8 - - [13/Jun/2016:06:04:31 -0500] "GET /BLA/boletinlegal/js/jquery.scrollShow.js HTTP/1.1" 304 -
66.249.64.198 - - [13/Jun/2016:06:04:31 -0500] "GET /BLA/resoluciones/AUTOS%202013/2503.pdf HTTP/1.1" 200 808135
190.159.229.8 - - [13/Jun/2016:06:04:31 -0500] "GET /galeria/galeria/jquery.fancybox.css?v=2.1.5 HTTP/1.1" 304 -
186.84.183.182 - - [13/Jun/2016:06:04:33 -0500] "GET /galeria/nivo-slider/demo/images/BANNERECOLECTAHOTELES.jpg HTTP/1.1" 304 -
186.84.183.182 - - [13/Jun/2016:06:04:33 -0500] "GET /galeria/nivo-slider/demo/images/ACOPIADORESYGESTORES.jpg HTTP/1.1" 200 118791
173.234.159.250 - - [13/Jun/2016:06:04:34 -0500] "GET /PruebasSTORM/StormSDA_pruebas/userFiles/user_files/88/?C=N;O=A HTTP/1.0" 200 1752
173.234.159.250 - - [13/Jun/2016:06:04:37 -0500] "GET /PruebasSTORM/StormSDA_pruebas/userFiles/user_files/88/?C=S;O=D HTTP/1.0" 200 1752
66.249.64.198 - - [13/Jun/2016:06:04:42 -0500] "GET /BLA/resoluciones/AUTOS%202015/1317.pdf HTTP/1.1" 304 -
173.234.159.250 - - [13/Jun/2016:06:04:49 -0500] "GET /PruebasSTORM/StormSDA_pruebas/userFiles/user_files/89/?C=D;O=D HTTP/1.0" 200 1752
173.234.159.250 - - [13/Jun/2016:06:04:52 -0500] "GET /PruebasSTORM/StormSDA_pruebas/userFiles/user_files/89/?C=M;O=D HTTP/1.0" 200 1752
66.249.64.198 - - [13/Jun/2016:06:04:53 -0500] "GET /BLA/resoluciones/RESOLUCIONES%202008/4072.pdf HTTP/1.1" 304 -
66.249.64.198 - - [13/Jun/2016:06:04:53 -0500] "GET /BLA/resoluciones/AUTOS%202015/0085.pdf HTTP/1.1" 304 -
173.234.159.250 - - [13/Jun/2016:06:04:56 -0500] "GET /PruebasSTORM/StormSDA_pruebas/userFiles/user_files/89/?C=N;O=A HTTP/1.0" 200 1752
173.234.159.250 - - [13/Jun/2016:06:04:58 -0500] "GET /PruebasSTORM/StormSDA_pruebas/userFiles/user_files/89/?C=S;O=D HTTP/1.0" 200 1752
66.249.64.198 - - [13/Jun/2016:06:04:58 -0500] "GET /BLA/resoluciones/AUTOS%202014/2101.pdf HTTP/1.1" 304 -
173.234.159.250 - - [13/Jun/2016:06:05:01 -0500] "GET /PruebasSTORM/StormSDA_pruebas/userFiles/user_files/90/?C=D;O=D HTTP/1.0" 200 1752
66.249.64.198 - - [13/Jun/2016:06:05:04 -0500] "GET /BLA/resoluciones/RESOLUCIONES%202010/0625.pdf HTTP/1.1" 304 -
173.234.159.250 - - [13/Jun/2016:06:05:05 -0500] "GET /PruebasSTORM/StormSDA_pruebas/userFiles/user_files/90/?C=M;O=D HTTP/1.0" 200 1752
66.249.64.198 - - [13/Jun/2016:06:05:09 -0500] "GET /BLA/resoluciones/RESOLUCIONES%202010/3488.pdf HTTP/1.1" 304 -
173.234.159.250 - - [13/Jun/2016:06:05:13 -0500] "GET /PruebasSTORM/StormSDA_pruebas/userFiles/user_files/90/?C=N;O=A HTTP/1.0" 200 1752
66.249.64.198 - - [13/Jun/2016:06:05:14 -0500] "GET /BLA/resoluciones/AUTOS%202015/1591.pdf HTTP/1.1" 304 -
173.234.159.250 - - [13/Jun/2016:06:05:19 -0500] "GET /PruebasSTORM/StormSDA_pruebas/userFiles/user_files/90/?C=S;O=D HTTP/1.0" 200 1752
66.249.64.198 - - [13/Jun/2016:06:05:20 -0500] "GET /BLA/resoluciones/AUTOS%202011/7369.pdf HTTP/1.1" 304 -
190.27.154.125 - - [13/Jun/2016:06:05:21 -0500] "GET /galeria/nivo-slider/demo/demo.html HTTP/1.1" 304 -
190.27.154.125 - - [13/Jun/2016:06:05:21 -0500] "GET /galeria/nivo-slider/demo/images/convocatoriasecretaria.jpg HTTP/1.1" 304 -
190.27.154.125 - - [13/Jun/2016:06:05:22 -0500] "GET /galeria/nivo-slider/demo/images/vegetal.jpg HTTP/1.1" 304 -
190.27.154.125 - - [13/Jun/2016:06:05:22 -0500] "GET /galeria/nivo-slider/demo/images/BANNERECOLECTAHOTELES.jpg HTTP/1.1" 304 -
190.27.154.125 - - [13/Jun/2016:06:05:22 -0500] "GET /galeria/nivo-slider/demo/images/ACOPIADORESYGESTORES.jpg HTTP/1.1" 304 -
173.234.159.250 - - [13/Jun/2016:06:05:24 -0500] "GET /PruebasSTORM/StormSDA_pruebas/userFiles/user_files/91/?C=D;O=D HTTP/1.0" 200 1752
173.234.159.250 - - [13/Jun/2016:06:05:28 -0500] "GET /PruebasSTORM/StormSDA_pruebas/userFiles/user_files/91/?C=M;O=D HTTP/1.0" 200 1752
66.249.64.198 - - [13/Jun/2016:06:05:30 -0500] "GET /BLA/resoluciones/AUTOS%202015/0374.pdf HTTP/1.1" 200 275114
66.249.64.198 - - [13/Jun/2016:06:05:31 -0500] "GET /BLA/resoluciones/RESOLUCIONES%202011/3798.pdf HTTP/1.1" 304 -
66.249.64.198 - - [13/Jun/2016:06:05:36 -0500] "GET /BLA/resoluciones/AUTOS%202008/2286.pdf HTTP/1.1" 304 -
173.234.159.250 - - [13/Jun/2016:06:05:37 -0500] "GET /PruebasSTORM/StormSDA_pruebas/userFiles/user_files/91/?C=N;O=A HTTP/1.0" 200 1752
66.249.64.198 - - [13/Jun/2016:06:05:41 -0500] "GET /BLA/resoluciones/RESOLUCIONES%202014/2654.pdf HTTP/1.1" 304 -
173.234.159.250 - - [13/Jun/2016:06:05:46 -0500] "GET /PruebasSTORM/StormSDA_pruebas/userFiles/user_files/91/?C=S;O=D HTTP/1.0" 200 1752
66.249.64.198 - - [13/Jun/2016:06:05:47 -0500] "GET /BLA/resoluciones/RESOLUCIONES%202010/6781.pdf HTTP/1.1" 304 -
192.168.175.104 - - [13/Jun/2016:06:05:47 -0500] "GET / HTTP/1.0" 200 9990
66.249.64.198 - - [13/Jun/2016:06:05:52 -0500] "GET /BLA/resoluciones/AUTOS%202011/4044.pdf HTTP/1.1" 304 -
173.234.159.250 - - [13/Jun/2016:06:05:53 -0500] "GET /PruebasSTORM/StormSDA_pruebas/userFiles/user_files/92/?C=D;O=D HTTP/1.0" 200 1752
173.234.159.250 - - [13/Jun/2016:06:05:56 -0500] "GET /PruebasSTORM/StormSDA_pruebas/userFiles/user_files/92/?C=M;O=D HTTP/1.0" 200 1752
66.249.64.198 - - [13/Jun/2016:06:05:57 -0500] "GET /BLA/resoluciones/AUTOS%202010/1729.pdf HTTP/1.1" 304 -
173.234.159.250 - - [13/Jun/2016:06:06:00 -0500] "GET /PruebasSTORM/StormSDA_pruebas/userFiles/user_files/92/?C=N;O=A HTTP/1.0" 200 1752
66.249.64.198 - - [13/Jun/2016:06:06:03 -0500] "GET /BLA/resoluciones/AUTOS%202013/0105.pdf HTTP/1.1" 304 -
66.249.64.198 - - [13/Jun/2016:06:06:08 -0500] "GET /BLA/resoluciones/RESOLUCIONES%202009/6888.pdf HTTP/1.1" 304 -
173.234.159.250 - - [13/Jun/2016:06:06:09 -0500] "GET /PruebasSTORM/StormSDA_pruebas/userFiles/user_files/92/?C=S;O=D HTTP/1.0" 200 1752
173.234.159.250 - - [13/Jun/2016:06:06:12 -0500] "GET /PruebasSTORM/StormSDA_pruebas/userFiles/user_files/93/?C=D;O=D HTTP/1.0" 200 1752
173.234.159.250 - - [13/Jun/2016:06:06:16 -0500] "GET /PruebasSTORM/StormSDA_pruebas/userFiles/user_files/93/?C=M;O=D HTTP/1.0" 200 1752
66.249.64.198 - - [13/Jun/2016:06:06:19 -0500] "GET /BLA/resoluciones/RESOLUCIONES%202010/6939.pdf HTTP/1.1" 304 -
66.249.64.198 - - [13/Jun/2016:06:06:19 -0500] "GET /BLA/resoluciones/AUTOS%202015/1445.pdf HTTP/1.1" 304 -
173.234.159.250 - - [13/Jun/2016:06:06:20 -0500] "GET /PruebasSTORM/StormSDA_pruebas/userFiles/user_files/93/?C=N;O=A HTTP/1.0" 200 1752
173.234.159.250 - - [13/Jun/2016:06:06:23 -0500] "GET /PruebasSTORM/StormSDA_pruebas/userFiles/user_files/93/?C=S;O=D HTTP/1.0" 200 1752
66.249.64.198 - - [13/Jun/2016:06:06:24 -0500] "GET /BLA/resoluciones/RESOLUCIONES%202007/RES%202007%20501%20AL%20600/RESOLUCION%200559%20DE%202007.pdf HTTP/1.1" 304 -
173.234.159.250 - - [13/Jun/2016:06:06:26 -0500] "GET /PruebasSTORM/StormSDA_pruebas/userFiles/user_files/94/?C=D;O=D HTTP/1.0" 200 1752
173.234.159.250 - - [13/Jun/2016:06:06:29 -0500] "GET /PruebasSTORM/StormSDA_pruebas/userFiles/user_files/94/?C=M;O=D HTTP/1.0" 200 1752
66.249.69.208 - - [13/Jun/2016:06:06:31 -0500] "GET /BLA/resoluciones/RESOLUCIONES%202009/0132.pdf HTTP/1.1" 304 -
66.249.64.198 - - [13/Jun/2016:06:06:35 -0500] "GET /BLA/resoluciones/RESOLUCIONES%202007/RES%202007%201801%20AL%201900/RESOLUCION%201868%20DE%202007.pdf HTTP/1.1" 304 -
173.234.159.250 - - [13/Jun/2016:06:06:39 -0500] "GET /PruebasSTORM/StormSDA_pruebas/userFiles/user_files/94/?C=N;O=A HTTP/1.0" 200 1752
66.249.64.198 - - [13/Jun/2016:06:06:41 -0500] "GET /BLA/resoluciones/RESOLUCIONES%202011/1765.pdf HTTP/1.1" 304 -
173.234.159.250 - - [13/Jun/2016:06:06:43 -0500] "GET /PruebasSTORM/StormSDA_pruebas/userFiles/user_files/94/?C=S;O=D HTTP/1.0" 200 1752
173.234.159.250 - - [13/Jun/2016:06:06:46 -0500] "GET /PruebasSTORM/StormSDA_pruebas/userFiles/user_files/95/?C=D;O=D HTTP/1.0" 200 1752
173.234.159.250 - - [13/Jun/2016:06:06:49 -0500] "GET /PruebasSTORM/StormSDA_pruebas/userFiles/user_files/95/?C=M;O=D HTTP/1.0" 200 1752
66.249.64.198 - - [13/Jun/2016:06:06:51 -0500] "GET /BLA/resoluciones/RESOLUCIONES%202010/7584.pdf HTTP/1.1" 304 -
69.162.124.232 - - [13/Jun/2016:06:06:56 -0500] "HEAD / HTTP/1.1" 200 -
66.249.64.198 - - [13/Jun/2016:06:06:57 -0500] "GET /BLA/resoluciones/RESOLUCIONES%202010/3269.pdf HTTP/1.1" 304 -
173.234.159.250 - - [13/Jun/2016:06:06:57 -0500] "GET /PruebasSTORM/StormSDA_pruebas/userFiles/user_files/95/?C=N;O=A HTTP/1.0" 200 1752
173.234.159.250 - - [13/Jun/2016:06:07:00 -0500] "GET /PruebasSTORM/StormSDA_pruebas/userFiles/user_files/95/?C=S;O=D HTTP/1.0" 200 1752
66.249.64.198 - - [13/Jun/2016:06:07:02 -0500] "GET /BLA/resoluciones/AUTOS%202013/2964.pdf HTTP/1.1" 304 -
173.234.159.250 - - [13/Jun/2016:06:07:09 -0500] "GET /PruebasSTORM/StormSDA_pruebas/userFiles/user_files/96/?C=D;O=D HTTP/1.0" 200 1752
173.234.159.250 - - [13/Jun/2016:06:07:11 -0500] "GET /PruebasSTORM/StormSDA_pruebas/userFiles/user_files/96/?C=M;O=D HTTP/1.0" 200 1752
192.168.175.104 - - [13/Jun/2016:06:07:15 -0500] "GET / HTTP/1.1" 200 9990
173.234.159.250 - - [13/Jun/2016:06:07:16 -0500] "GET /PruebasSTORM/StormSDA_pruebas/userFiles/user_files/96/?C=N;O=A HTTP/1.0" 200 1752
173.234.159.250 - - [13/Jun/2016:06:07:18 -0500] "GET /PruebasSTORM/StormSDA_pruebas/userFiles/user_files/96/?C=S;O=D HTTP/1.0" 200 1752
66.249.64.198 - - [13/Jun/2016:06:07:24 -0500] "GET /BLA/resoluciones/RESOLUCIONES%202011/0466.pdf HTTP/1.1" 304 -
173.234.159.250 - - [13/Jun/2016:06:07:26 -0500] "GET /PruebasSTORM/StormSDA_pruebas/userFiles/user_files/97/?C=D;O=D HTTP/1.0" 200 1752
66.249.64.198 - - [13/Jun/2016:06:07:29 -0500] "GET /BLA/resoluciones/AUTOS%202013/0768.pdf HTTP/1.1" 304 -
173.234.159.250 - - [13/Jun/2016:06:07:31 -0500] "GET /PruebasSTORM/StormSDA_pruebas/userFiles/user_files/97/?C=M;O=D HTTP/1.0" 200 1752
66.249.64.198 - - [13/Jun/2016:06:07:35 -0500] "GET /BLA/resoluciones/RESOLUCIONES%202011/3877.pdf HTTP/1.1" 304 -
173.234.159.250 - - [13/Jun/2016:06:07:40 -0500] "GET /PruebasSTORM/StormSDA_pruebas/userFiles/user_files/97/?C=N;O=A HTTP/1.0" 200 1752
173.234.159.250 - - [13/Jun/2016:06:07:42 -0500] "GET /PruebasSTORM/StormSDA_pruebas/userFiles/user_files/97/?C=S;O=D HTTP/1.0" 200 1752
66.249.64.198 - - [13/Jun/2016:06:07:48 -0500] "GET /BLA/resoluciones/RESOLUCIONES%202007/RES%202007%203201%20AL%203300/RESOLUCION%203219%20DE%202007.pdf HTTP/1.1" 304 -
173.234.159.250 - - [13/Jun/2016:06:07:51 -0500] "GET /PruebasSTORM/StormSDA_pruebas/userFiles/user_files/98/?C=D;O=D HTTP/1.0" 200 1752
66.249.64.198 - - [13/Jun/2016:06:07:51 -0500] "GET /BLA/resoluciones/RESOLUCIONES%202007/RES%202007%203201%20AL%203300/RESOLUCION%203219%20DE%202007.pdf HTTP/1.1" 304 -
66.249.64.198 - - [13/Jun/2016:06:07:56 -0500] "GET /BLA/resoluciones/AUTOS%202012/2029.pdf HTTP/1.1" 304 -
173.234.159.250 - - [13/Jun/2016:06:07:58 -0500] "GET /PruebasSTORM/StormSDA_pruebas/userFiles/user_files/98/?C=M;O=D HTTP/1.0" 200 1752
173.234.159.250 - - [13/Jun/2016:06:08:06 -0500] "GET /PruebasSTORM/StormSDA_pruebas/userFiles/user_files/98/?C=N;O=A HTTP/1.0" 200 1752
173.234.159.250 - - [13/Jun/2016:06:08:10 -0500] "GET /PruebasSTORM/StormSDA_pruebas/userFiles/user_files/98/?C=S;O=D HTTP/1.0" 200 1752
66.249.64.198 - - [13/Jun/2016:06:08:12 -0500] "GET /BLA/resoluciones/RESOLUCIONES%202010/3578.pdf HTTP/1.1" 304 -
173.234.159.250 - - [13/Jun/2016:06:08:17 -0500] "GET /PruebasSTORM/StormSDA_pruebas/userFiles/user_files/formatos/?C=D;O=D HTTP/1.0" 200 12852
66.249.64.198 - - [13/Jun/2016:06:08:18 -0500] "GET /BLA/resoluciones/AUTOS%202014/6660.pdf HTTP/1.1" 304 -
173.234.159.250 - - [13/Jun/2016:06:08:22 -0500] "GET /PruebasSTORM/StormSDA_pruebas/userFiles/user_files/formatos/?C=M;O=D HTTP/1.0" 200 12852
66.249.64.198 - - [13/Jun/2016:06:08:23 -0500] "GET /BLA/resoluciones/RESOLUCIONES%202009/4470.pdf HTTP/1.1" 304 -
173.234.159.250 - - [13/Jun/2016:06:08:27 -0500] "GET /PruebasSTORM/StormSDA_pruebas/userFiles/user_files/formatos/?C=N;O=A HTTP/1.0" 200 12852
66.249.64.198 - - [13/Jun/2016:06:08:28 -0500] "GET /BLA/resoluciones/RESOLUCIONES%202013/2149.pdf HTTP/1.1" 200 839353
173.234.159.250 - - [13/Jun/2016:06:08:34 -0500] "GET /PruebasSTORM/StormSDA_pruebas/userFiles/user_files/formatos/?C=S;O=D HTTP/1.0" 200 12852
66.249.64.198 - - [13/Jun/2016:06:08:34 -0500] "GET /BLA/resoluciones/RESOLUCIONES%202008/1346.pdf HTTP/1.1" 304 -
173.234.159.250 - - [13/Jun/2016:06:08:39 -0500] "GET /PruebasSTORM/StormSDA_pruebas/userFiles/user_files/formatos/eventos/?C=D;O=A HTTP/1.0" 200 913
66.249.64.198 - - [13/Jun/2016:06:08:39 -0500] "GET /BLA/resoluciones/AUTOS%202011/0235.pdf HTTP/1.1" 200 152483
66.249.75.243 - - [13/Jun/2016:06:08:42 -0500] "GET /BLA/resoluciones/AUTOS%202015/2337.pdf HTTP/1.1" 304 -
173.234.159.250 - - [13/Jun/2016:06:08:43 -0500] "GET /PruebasSTORM/StormSDA_pruebas/userFiles/user_files/formatos/eventos/?C=M;O=A HTTP/1.0" 200 913
173.234.159.250 - - [13/Jun/2016:06:08:45 -0500] "GET /PruebasSTORM/StormSDA_pruebas/userFiles/user_files/formatos/eventos/?C=N;O=D HTTP/1.0" 200 913
66.249.64.198 - - [13/Jun/2016:06:08:50 -0500] "GET /BLA/resoluciones/AUTOS%202010/5474.pdf HTTP/1.1" 200 374130
192.168.175.104 - - [13/Jun/2016:06:08:50 -0500] "GET / HTTP/1.1" 200 9990
173.234.159.250 - - [13/Jun/2016:06:08:51 -0500] "GET /PruebasSTORM/StormSDA_pruebas/userFiles/user_files/formatos/eventos/?C=S;O=A HTTP/1.0" 200 913
173.234.159.250 - - [13/Jun/2016:06:08:55 -0500] "GET /PruebasSTORM/StormSDA_pruebas/userFiles/user_files/formulas/2/44.xml HTTP/1.0" 200 1188
66.249.64.198 - - [13/Jun/2016:06:08:55 -0500] "GET /BLA/resoluciones/RESOLUCIONES%202010/2433.pdf HTTP/1.1" 200 495191
173.234.159.250 - - [13/Jun/2016:06:08:57 -0500] "GET /PruebasSTORM/StormSDA_pruebas/userFiles/user_files/formulas/2/45.xml HTTP/1.0" 200 1245
66.249.64.198 - - [13/Jun/2016:06:09:01 -0500] "GET /BLA/resoluciones/RESOLUCIONES%202009/8062.pdf HTTP/1.1" 304 -
173.234.159.250 - - [13/Jun/2016:06:09:04 -0500] "GET /PruebasSTORM/StormSDA_pruebas/userFiles/user_files/formulas/2/46.xml HTTP/1.0" 200 1205
66.249.64.198 - - [13/Jun/2016:06:09:06 -0500] "GET /BLA/resoluciones/RESOLUCIONES%202009/8827.pdf HTTP/1.1" 304 -
173.234.159.250 - - [13/Jun/2016:06:09:12 -0500] "GET /PruebasSTORM/StormSDA_pruebas/userFiles/user_files/formulas/2/47.xml HTTP/1.0" 200 1218
201.245.192.253 - - [13/Jun/2016:06:09:15 -0500] "GET /galeria/nivo-slider/demo/demo.html HTTP/1.1" 200 4453
201.245.192.253 - - [13/Jun/2016:06:09:16 -0500] "GET /galeria/nivo-slider/demo/images/convocatoriasecretaria.jpg HTTP/1.1" 304 -
201.245.192.253 - - [13/Jun/2016:06:09:16 -0500] "GET /galeria/nivo-slider/demo/images/vegetal.jpg HTTP/1.1" 304 -
201.245.192.253 - - [13/Jun/2016:06:09:16 -0500] "GET /galeria/nivo-slider/demo/images/BANNERWELOVEBOGOTA.jpg HTTP/1.1" 304 -
201.245.192.253 - - [13/Jun/2016:06:09:16 -0500] "GET /galeria/nivo-slider/demo/images/bannergenCAPACITACIONES-01.jpg HTTP/1.1" 304 -
201.245.192.253 - - [13/Jun/2016:06:09:16 -0500] "GET /galeria/nivo-slider/demo/images/Banner_wgic.jpg HTTP/1.1" 304 -
201.245.192.253 - - [13/Jun/2016:06:09:16 -0500] "GET /galeria/nivo-slider/demo/images/BANNERBOMBILLAS2.jpg HTTP/1.1" 304 -
201.245.192.253 - - [13/Jun/2016:06:09:16 -0500] "GET /galeria/nivo-slider/demo/images/BANNERECOLECTAHOTELES.jpg HTTP/1.1" 304 -
201.245.192.253 - - [13/Jun/2016:06:09:16 -0500] "GET /galeria/nivo-slider/demo/images/ACOPIADORESYGESTORES.jpg HTTP/1.1" 200 118791
201.245.192.253 - - [13/Jun/2016:06:09:17 -0500] "GET /galeria/nivo-slider/demo/images/9Signos.jpg HTTP/1.1" 304 -
173.234.159.250 - - [13/Jun/2016:06:09:19 -0500] "GET /PruebasSTORM/StormSDA_pruebas/userFiles/user_files/formulas/2/49.xml HTTP/1.0" 200 1198
66.249.64.198 - - [13/Jun/2016:06:09:20 -0500] "GET /BLA/resoluciones/RESOLUCIONES%202009/1961.pdf HTTP/1.1" 304 -
66.249.64.198 - - [13/Jun/2016:06:09:28 -0500] "GET /BLA/boletinlegal/jurisprudencia/analisis/SENTENCIA%20C-703%20DE%202010.xls HTTP/1.1" 200 38912
173.234.159.250 - - [13/Jun/2016:06:09:33 -0500] "GET /PruebasSTORM/StormSDA_pruebas/userFiles/user_files/formulas/2/50.xml HTTP/1.0" 200 1201
173.234.159.250 - - [13/Jun/2016:06:09:39 -0500] "GET /PruebasSTORM/StormSDA_pruebas/userFiles/user_files/formulas/2/53.xml HTTP/1.0" 200 2092
173.234.159.250 - - [13/Jun/2016:06:09:46 -0500] "GET /PruebasSTORM/StormSDA_pruebas/userFiles/user_files/formulas/2/54.xml HTTP/1.0" 200 2092
66.249.64.198 - - [13/Jun/2016:06:09:49 -0500] "GET /BLA/resoluciones/RESOLUCIONES%202009/8044.pdf HTTP/1.1" 304 -
173.234.159.250 - - [13/Jun/2016:06:09:53 -0500] "GET /PruebasSTORM/StormSDA_pruebas/userFiles/user_files/formulas/2/55.xml HTTP/1.0" 200 2033
173.234.159.250 - - [13/Jun/2016:06:10:01 -0500] "GET /PruebasSTORM/StormSDA_pruebas/userFiles/user_files/formulas/2/56.xml HTTP/1.0" 200 2091
173.234.159.250 - - [13/Jun/2016:06:10:06 -0500] "GET /PruebasSTORM/StormSDA_pruebas/userFiles/user_files/formulas/2/57.xml HTTP/1.0" 200 940
173.234.159.250 - - [13/Jun/2016:06:10:09 -0500] "GET /PruebasSTORM/StormSDA_pruebas/userFiles/user_files/formulas/2/58.xml HTTP/1.0" 200 939
173.234.159.250 - - [13/Jun/2016:06:10:15 -0500] "GET /PruebasSTORM/StormSDA_pruebas/userFiles/user_files/formulas/2/59.xml HTTP/1.0" 200 2096
173.234.159.250 - - [13/Jun/2016:06:10:18 -0500] "GET /PruebasSTORM/StormSDA_pruebas/userFiles/user_files/formulas/2/6.xml HTTP/1.0" 200 888
173.234.159.250 - - [13/Jun/2016:06:10:23 -0500] "GET /PruebasSTORM/StormSDA_pruebas/userFiles/user_files/formulas/2/60.xml HTTP/1.0" 200 2038
66.249.64.198 - - [13/Jun/2016:06:10:27 -0500] "GET /BLA/resoluciones/RESOLUCIONES%202011/2630.pdf HTTP/1.1" 200 349346
173.234.159.250 - - [13/Jun/2016:06:10:31 -0500] "GET /PruebasSTORM/StormSDA_pruebas/userFiles/user_files/formulas/2/61.xml HTTP/1.0" 200 2097
173.234.159.250 - - [13/Jun/2016:06:10:34 -0500] "GET /PruebasSTORM/StormSDA_pruebas/userFiles/user_files/formulas/2/62.xml HTTP/1.0" 200 2097
66.249.64.198 - - [13/Jun/2016:06:10:38 -0500] "GET /BLA/resoluciones/AUTOS%202011/5545.pdf HTTP/1.1" 304 -
66.249.64.198 - - [13/Jun/2016:06:10:43 -0500] "GET /BLA/resoluciones/AUTOS%202008/1412.pdf HTTP/1.1" 200 340105
173.234.159.250 - - [13/Jun/2016:06:10:45 -0500] "GET /PruebasSTORM/StormSDA_pruebas/userFiles/user_files/formulas/2/?C=D;O=A HTTP/1.0" 200 11396
192.168.175.104 - - [13/Jun/2016:06:10:46 -0500] "GET / HTTP/1.0" 200 9990
173.234.159.250 - - [13/Jun/2016:06:10:49 -0500] "GET /PruebasSTORM/StormSDA_pruebas/userFiles/user_files/formulas/2/?C=M;O=A HTTP/1.0" 200 11396
66.249.75.227 - - [13/Jun/2016:06:10:52 -0500] "GET /BLA/resoluciones/AUTOS%202009/0177.pdf HTTP/1.1" 304 -
173.234.159.250 - - [13/Jun/2016:06:10:53 -0500] "GET /PruebasSTORM/StormSDA_pruebas/userFiles/user_files/formulas/2/?C=N;O=A HTTP/1.0" 200 11396
173.234.159.250 - - [13/Jun/2016:06:10:56 -0500] "GET /PruebasSTORM/StormSDA_pruebas/userFiles/user_files/formulas/2/?C=N;O=D HTTP/1.0" 200 11396
173.234.159.250 - - [13/Jun/2016:06:10:59 -0500] "GET /PruebasSTORM/StormSDA_pruebas/userFiles/user_files/formulas/2/?C=S;O=A HTTP/1.0" 200 11396
66.249.64.198 - - [13/Jun/2016:06:11:00 -0500] "GET /BLA/resoluciones/RESOLUCIONES%202007/RES%202007%20801%20AL%20900/RESOLUCION%200834%20DE%202007.pdf HTTP/1.1" 200 486126
66.249.64.198 - - [13/Jun/2016:06:11:05 -0500] "GET /BLA/resoluciones/AUTOS%202015/1444.pdf HTTP/1.1" 200 684693
66.249.64.198 - - [13/Jun/2016:06:11:10 -0500] "GET /BLA/resoluciones/RESOLUCIONES%202010/0461.pdf HTTP/1.1" 304 -
173.234.159.250 - - [13/Jun/2016:06:11:12 -0500] "GET /PruebasSTORM/StormSDA_pruebas/userFiles/user_files/formulas/2/?C=S;O=D HTTP/1.0" 200 11396
173.234.159.250 - - [13/Jun/2016:06:11:20 -0500] "GET /PruebasSTORM/StormSDA_pruebas/userFiles/user_files/formulas/3/10.xml HTTP/1.0" 200 1070
173.234.159.250 - - [13/Jun/2016:06:11:25 -0500] "GET /PruebasSTORM/StormSDA_pruebas/userFiles/user_files/formulas/3/11.xml HTTP/1.0" 200 1046
66.249.64.198 - - [13/Jun/2016:06:11:27 -0500] "GET /BLA/resoluciones/RESOLUCIONES%202008/1004.pdf HTTP/1.1" 200 238939
173.234.159.250 - - [13/Jun/2016:06:11:28 -0500] "GET /PruebasSTORM/StormSDA_pruebas/userFiles/user_files/formulas/3/115.xml HTTP/1.0" 200 782
173.234.159.250 - - [13/Jun/2016:06:11:34 -0500] "GET /PruebasSTORM/StormSDA_pruebas/userFiles/user_files/formulas/3/12.xml HTTP/1.0" 200 1045
66.249.64.238 - - [13/Jun/2016:06:11:40 -0500] "GET /PORTAL_SIAC/swf/Residuos/farmaceutica/images/page36_thumbnail.jpg HTTP/1.1" 200 7821
173.234.159.250 - - [13/Jun/2016:06:11:42 -0500] "GET /PruebasSTORM/StormSDA_pruebas/userFiles/user_files/formulas/3/13.xml HTTP/1.0" 200 1105
173.234.159.250 - - [13/Jun/2016:06:11:48 -0500] "GET /PruebasSTORM/StormSDA_pruebas/userFiles/user_files/formulas/3/14.xml HTTP/1.0" 200 1089
173.234.159.250 - - [13/Jun/2016:06:11:51 -0500] "GET /PruebasSTORM/StormSDA_pruebas/userFiles/user_files/formulas/3/15.xml HTTP/1.0" 200 1587
173.234.159.250 - - [13/Jun/2016:06:11:54 -0500] "GET /PruebasSTORM/StormSDA_pruebas/userFiles/user_files/formulas/3/16.xml HTTP/1.0" 200 1840
69.162.124.232 - - [13/Jun/2016:06:11:56 -0500] "HEAD / HTTP/1.1" 200 -
173.234.159.250 - - [13/Jun/2016:06:11:58 -0500] "GET /PruebasSTORM/StormSDA_pruebas/userFiles/user_files/formulas/3/17.xml HTTP/1.0" 200 1066
173.234.159.250 - - [13/Jun/2016:06:12:00 -0500] "GET /PruebasSTORM/StormSDA_pruebas/userFiles/user_files/formulas/3/175.xml HTTP/1.0" 200 1022
173.234.159.250 - - [13/Jun/2016:06:12:04 -0500] "GET /PruebasSTORM/StormSDA_pruebas/userFiles/user_files/formulas/3/176.xml HTTP/1.0" 200 1022
66.249.64.198 - - [13/Jun/2016:06:12:10 -0500] "GET /BLA/resoluciones/RESOLUCIONES%202007/RES%202007%203601%20AL%203700/RESOLUCION%203690%20DE%202007.pdf HTTP/1.1" 304 -
173.234.159.250 - - [13/Jun/2016:06:12:11 -0500] "GET /PruebasSTORM/StormSDA_pruebas/userFiles/user_files/formulas/3/177.xml HTTP/1.0" 200 1022
192.168.175.104 - - [13/Jun/2016:06:12:13 -0500] "GET / HTTP/1.1" 200 9990
173.234.159.250 - - [13/Jun/2016:06:12:14 -0500] "GET /PruebasSTORM/StormSDA_pruebas/userFiles/user_files/formulas/3/178.xml HTTP/1.0" 200 1022
181.60.136.89 - - [13/Jun/2016:06:12:17 -0500] "GET /BLA/boletinlegal/js/jquery.scrollShow.js HTTP/1.1" 200 4586
181.60.136.89 - - [13/Jun/2016:06:12:17 -0500] "GET /galeria/galeria/jquery.fancybox.js?v=2.1.5 HTTP/1.1" 200 48706
181.60.136.89 - - [13/Jun/2016:06:12:17 -0500] "GET /galeria/galeria/jquery.fancybox.css?v=2.1.5 HTTP/1.1" 200 4895
173.234.159.250 - - [13/Jun/2016:06:12:17 -0500] "GET /PruebasSTORM/StormSDA_pruebas/userFiles/user_files/formulas/3/179.xml HTTP/1.0" 200 1022
173.234.159.250 - - [13/Jun/2016:06:12:20 -0500] "GET /PruebasSTORM/StormSDA_pruebas/userFiles/user_files/formulas/3/18.xml HTTP/1.0" 200 1304
173.234.159.250 - - [13/Jun/2016:06:12:22 -0500] "GET /PruebasSTORM/StormSDA_pruebas/userFiles/user_files/formulas/3/180.xml HTTP/1.0" 200 1022
173.234.159.250 - - [13/Jun/2016:06:12:25 -0500] "GET /PruebasSTORM/StormSDA_pruebas/userFiles/user_files/formulas/3/181.xml HTTP/1.0" 200 1021
66.249.64.238 - - [13/Jun/2016:06:12:26 -0500] "GET /SIG/Gesti%C3%B3n%20Jur%C3%ADdica/126PA05-PR11.pdf HTTP/1.1" 304 -
186.84.183.182 - - [13/Jun/2016:06:12:27 -0500] "GET /forms/frmservlet?config=sia HTTP/1.1" 200 4028
173.234.159.250 - - [13/Jun/2016:06:12:28 -0500] "GET /PruebasSTORM/StormSDA_pruebas/userFiles/user_files/formulas/3/182.xml HTTP/1.0" 200 1021
186.84.183.182 - - [13/Jun/2016:06:12:36 -0500] "GET /forms/java/frmall_jinit.jar HTTP/1.1" 304 -
186.84.183.182 - - [13/Jun/2016:06:12:36 -0500] "GET /forms/java/icons.jar HTTP/1.1" 304 -
186.84.183.182 - - [13/Jun/2016:06:12:36 -0500] "GET /forms/java/java/awt/KeyboardFocusManager.class HTTP/1.1" 404 352
186.84.183.182 - - [13/Jun/2016:06:12:36 -0500] "GET /forms/java/java/awt/KeyboardFocusManager.class HTTP/1.1" 404 352
186.84.183.182 - - [13/Jun/2016:06:12:37 -0500] "GET /forms/java/java/awt/event/MouseWheelListener.class HTTP/1.1" 404 356
186.84.183.182 - - [13/Jun/2016:06:12:37 -0500] "GET /forms/java/java/awt/event/MouseWheelListener.class HTTP/1.1" 404 356
186.84.183.182 - - [13/Jun/2016:06:12:37 -0500] "GET /forms/java/oracle/forms/registry/Registry.dat HTTP/1.1" 200 4213
186.84.183.182 - - [13/Jun/2016:06:12:37 -0500] "GET /forms/java/oracle/forms/registry/default.dat HTTP/1.1" 404 350
186.84.183.182 - - [13/Jun/2016:06:12:37 -0500] "GET /forms/frmservlet?config=sia&acceptLanguage=es-CO&ifcmd=startsession HTTP/1.1" 200 119
186.84.183.182 - - [13/Jun/2016:06:12:37 -0500] "GET /forms/lservlet;jsessionid=ac16012b30d6486c3d2aaa89461a9cffdb1a33a9cedf.e3iSbxaKaheRe34Tax0PchuKax90n6jAmljGr5XDqQLvpAe?ifcmd=getinfo&ifhost=Edgar-PC&ifip=192.168.0.15 HTTP/1.1" 200 8
186.84.183.182 - - [13/Jun/2016:06:12:37 -0500] "POST /forms/lservlet;jsessionid=ac16012b30d6486c3d2aaa89461a9cffdb1a33a9cedf.e3iSbxaKaheRe34Tax0PchuKax90n6jAmljGr5XDqQLvpAe HTTP/1.1" 200 8
186.84.183.182 - - [13/Jun/2016:06:12:38 -0500] "GET /forms/java/oracle/forms/engine/RunformBundle_es_CO.class HTTP/1.1" 404 362
186.84.183.182 - - [13/Jun/2016:06:12:38 -0500] "GET /forms/java/oracle/forms/engine/RunformBundle_es_CO.class HTTP/1.1" 404 362
186.84.183.182 - - [13/Jun/2016:06:12:38 -0500] "GET /forms/java/oracle/forms/engine/RunformBundle_es_CO.properties HTTP/1.1" 404 367
173.234.159.250 - - [13/Jun/2016:06:12:38 -0500] "GET /PruebasSTORM/StormSDA_pruebas/userFiles/user_files/formulas/3/183.xml HTTP/1.0" 200 1022
186.84.183.182 - - [13/Jun/2016:06:12:38 -0500] "POST /forms/lservlet;jsessionid=ac16012b30d6486c3d2aaa89461a9cffdb1a33a9cedf.e3iSbxaKaheRe34Tax0PchuKax90n6jAmljGr5XDqQLvpAe HTTP/1.1" 200 64000
186.84.183.182 - - [13/Jun/2016:06:12:39 -0500] "POST /forms/lservlet;jsessionid=ac16012b30d6486c3d2aaa89461a9cffdb1a33a9cedf.e3iSbxaKaheRe34Tax0PchuKax90n6jAmljGr5XDqQLvpAe HTTP/1.1" 200 64000
186.84.183.182 - - [13/Jun/2016:06:12:39 -0500] "POST /forms/lservlet;jsessionid=ac16012b30d6486c3d2aaa89461a9cffdb1a33a9cedf.e3iSbxaKaheRe34Tax0PchuKax90n6jAmljGr5XDqQLvpAe HTTP/1.1" 200 63623
186.84.183.182 - - [13/Jun/2016:06:12:39 -0500] "HEAD /imagenes/dama_logo.gif HTTP/1.1" 200 -
186.84.183.182 - - [13/Jun/2016:06:12:39 -0500] "GET /imagenes/dama_logo.gif HTTP/1.1" 200 21482
186.84.183.182 - - [13/Jun/2016:06:12:40 -0500] "POST /forms/lservlet;jsessionid=ac16012b30d6486c3d2aaa89461a9cffdb1a33a9cedf.e3iSbxaKaheRe34Tax0PchuKax90n6jAmljGr5XDqQLvpAe HTTP/1.1" 200 2
186.84.183.182 - - [13/Jun/2016:06:12:40 -0500] "POST /forms/lservlet;jsessionid=ac16012b30d6486c3d2aaa89461a9cffdb1a33a9cedf.e3iSbxaKaheRe34Tax0PchuKax90n6jAmljGr5XDqQLvpAe HTTP/1.1" 200 2
173.234.159.250 - - [13/Jun/2016:06:12:41 -0500] "GET /PruebasSTORM/StormSDA_pruebas/userFiles/user_files/formulas/3/184.xml HTTP/1.0" 200 1022
66.249.64.198 - - [13/Jun/2016:06:12:42 -0500] "GET /BLA/resoluciones/AUTOS%202012/2337.pdf HTTP/1.1" 200 2397291
173.234.159.250 - - [13/Jun/2016:06:12:44 -0500] "GET /PruebasSTORM/StormSDA_pruebas/userFiles/user_files/formulas/3/185.xml HTTP/1.0" 200 1022
173.234.159.250 - - [13/Jun/2016:06:12:51 -0500] "GET /PruebasSTORM/StormSDA_pruebas/userFiles/user_files/formulas/3/186.xml HTTP/1.0" 200 1022
186.84.183.182 - - [13/Jun/2016:06:12:52 -0500] "POST /forms/lservlet;jsessionid=ac16012b30d6486c3d2aaa89461a9cffdb1a33a9cedf.e3iSbxaKaheRe34Tax0PchuKax90n6jAmljGr5XDqQLvpAe HTTP/1.1" 200 7996
186.84.183.182 - - [13/Jun/2016:06:12:52 -0500] "POST /forms/lservlet;jsessionid=ac16012b30d6486c3d2aaa89461a9cffdb1a33a9cedf.e3iSbxaKaheRe34Tax0PchuKax90n6jAmljGr5XDqQLvpAe HTTP/1.1" 200 64
186.84.183.182 - - [13/Jun/2016:06:12:53 -0500] "POST /forms/lservlet;jsessionid=ac16012b30d6486c3d2aaa89461a9cffdb1a33a9cedf.e3iSbxaKaheRe34Tax0PchuKax90n6jAmljGr5XDqQLvpAe HTTP/1.1" 200 2
186.84.183.182 - - [13/Jun/2016:06:12:53 -0500] "POST /forms/lservlet;jsessionid=ac16012b30d6486c3d2aaa89461a9cffdb1a33a9cedf.e3iSbxaKaheRe34Tax0PchuKax90n6jAmljGr5XDqQLvpAe HTTP/1.1" 200 2
186.84.183.182 - - [13/Jun/2016:06:12:53 -0500] "POST /forms/lservlet;jsessionid=ac16012b30d6486c3d2aaa89461a9cffdb1a33a9cedf.e3iSbxaKaheRe34Tax0PchuKax90n6jAmljGr5XDqQLvpAe HTTP/1.1" 200 2
186.84.183.182 - - [13/Jun/2016:06:12:56 -0500] "POST /forms/lservlet;jsessionid=ac16012b30d6486c3d2aaa89461a9cffdb1a33a9cedf.e3iSbxaKaheRe34Tax0PchuKax90n6jAmljGr5XDqQLvpAe HTTP/1.1" 200 34716
186.84.183.182 - - [13/Jun/2016:06:12:57 -0500] "GET /imagenes/listval.gif HTTP/1.1" 200 905
186.84.183.182 - - [13/Jun/2016:06:12:57 -0500] "GET /imagenes/tree1.gif HTTP/1.1" 200 1161
186.84.183.182 - - [13/Jun/2016:06:12:57 -0500] "GET /imagenes/listval.gif HTTP/1.1" 200 905
186.84.183.182 - - [13/Jun/2016:06:12:57 -0500] "GET /imagenes/CAMERA3.gif HTTP/1.1" 200 4150
186.84.183.182 - - [13/Jun/2016:06:12:57 -0500] "GET /imagenes/SLIDE1.gif HTTP/1.1" 200 1111
186.84.183.182 - - [13/Jun/2016:06:12:57 -0500] "GET /imagenes/flexcomb.gif HTTP/1.1" 200 1169
186.84.183.182 - - [13/Jun/2016:06:12:57 -0500] "GET /imagenes/GO.gif HTTP/1.1" 200 904
186.84.183.182 - - [13/Jun/2016:06:12:57 -0500] "GET /imagenes/HRTOOLS.gif HTTP/1.1" 200 2238
186.84.183.182 - - [13/Jun/2016:06:12:57 -0500] "GET /imagenes/rt_rec1.gif HTTP/1.1" 200 867
186.84.183.182 - - [13/Jun/2016:06:12:57 -0500] "GET /imagenes/apply.gif HTTP/1.1" 200 903
186.84.183.182 - - [13/Jun/2016:06:12:57 -0500] "GET /imagenes/exit.gif HTTP/1.1" 200 916
186.84.183.182 - - [13/Jun/2016:06:12:57 -0500] "GET /imagenes/LISTVAL.gif HTTP/1.1" 200 905
186.84.183.182 - - [13/Jun/2016:06:12:57 -0500] "GET /imagenes/edit.gif HTTP/1.1" 200 919
186.84.183.182 - - [13/Jun/2016:06:12:57 -0500] "GET /imagenes/rt_rec4.gif HTTP/1.1" 200 865
186.84.183.182 - - [13/Jun/2016:06:12:57 -0500] "GET /imagenes/rt_rec3.gif HTTP/1.1" 200 844
186.84.183.182 - - [13/Jun/2016:06:12:57 -0500] "GET /imagenes/rt_rec2.gif HTTP/1.1" 200 847
186.84.183.182 - - [13/Jun/2016:06:12:58 -0500] "GET /imagenes/rt_rdel.gif HTTP/1.1" 200 899
186.84.183.182 - - [13/Jun/2016:06:12:58 -0500] "GET /imagenes/rt_radd.gif HTTP/1.1" 200 907
186.84.183.182 - - [13/Jun/2016:06:12:58 -0500] "GET /imagenes/rt_quer3.gif HTTP/1.1" 200 939
186.84.183.182 - - [13/Jun/2016:06:12:58 -0500] "GET /imagenes/rt_quer2.gif HTTP/1.1" 200 936
186.84.183.182 - - [13/Jun/2016:06:12:58 -0500] "GET /imagenes/rt_quer1.gif HTTP/1.1" 200 930
186.84.183.182 - - [13/Jun/2016:06:12:58 -0500] "GET /imagenes/rt_save.gif HTTP/1.1" 200 903
186.84.183.182 - - [13/Jun/2016:06:12:58 -0500] "GET /imagenes/rt_pset.gif HTTP/1.1" 200 914
186.84.183.182 - - [13/Jun/2016:06:12:58 -0500] "GET /imagenes/QUEJA.gif HTTP/1.1" 200 1091
186.84.183.182 - - [13/Jun/2016:06:12:58 -0500] "GET /imagenes/ARBOL.gif HTTP/1.1" 200 1026
186.84.183.182 - - [13/Jun/2016:06:12:58 -0500] "GET /imagenes/Clipboard.gif HTTP/1.1" 200 1466
186.84.183.182 - - [13/Jun/2016:06:12:58 -0500] "GET /imagenes/DINERO.gif HTTP/1.1" 200 1766
186.84.183.182 - - [13/Jun/2016:06:12:58 -0500] "GET /imagenes/URGENTE.gif HTTP/1.1" 200 964
186.84.183.182 - - [13/Jun/2016:06:12:58 -0500] "GET /imagenes/TREE4.gif HTTP/1.1" 200 4150
186.84.183.182 - - [13/Jun/2016:06:12:58 -0500] "POST /forms/lservlet;jsessionid=ac16012b30d6486c3d2aaa89461a9cffdb1a33a9cedf.e3iSbxaKaheRe34Tax0PchuKax90n6jAmljGr5XDqQLvpAe HTTP/1.1" 200 7
186.84.183.182 - - [13/Jun/2016:06:12:58 -0500] "POST /forms/lservlet;jsessionid=ac16012b30d6486c3d2aaa89461a9cffdb1a33a9cedf.e3iSbxaKaheRe34Tax0PchuKax90n6jAmljGr5XDqQLvpAe HTTP/1.1" 200 34
186.84.183.182 - - [13/Jun/2016:06:12:58 -0500] "POST /forms/lservlet;jsessionid=ac16012b30d6486c3d2aaa89461a9cffdb1a33a9cedf.e3iSbxaKaheRe34Tax0PchuKax90n6jAmljGr5XDqQLvpAe HTTP/1.1" 200 2
173.234.159.250 - - [13/Jun/2016:06:12:58 -0500] "GET /PruebasSTORM/StormSDA_pruebas/userFiles/user_files/formulas/3/187.xml HTTP/1.0" 200 1022
66.249.75.243 - - [13/Jun/2016:06:13:01 -0500] "GET /BLA/resoluciones/RESOLUCIONES%202011/0878.pdf HTTP/1.1" 304 -
173.234.159.250 - - [13/Jun/2016:06:13:02 -0500] "GET /PruebasSTORM/StormSDA_pruebas/userFiles/user_files/formulas/3/188.xml HTTP/1.0" 200 1022
66.249.64.198 - - [13/Jun/2016:06:13:04 -0500] "GET /BLA/resoluciones/AUTOS%202007/2728.pdf HTTP/1.1" 304 -
173.234.159.250 - - [13/Jun/2016:06:13:06 -0500] "GET /PruebasSTORM/StormSDA_pruebas/userFiles/user_files/formulas/3/189.xml HTTP/1.0" 200 1922
186.84.183.182 - - [13/Jun/2016:06:13:07 -0500] "POST /forms/lservlet;jsessionid=ac16012b30d6486c3d2aaa89461a9cffdb1a33a9cedf.e3iSbxaKaheRe34Tax0PchuKax90n6jAmljGr5XDqQLvpAe HTTP/1.1" 200 2
186.84.183.182 - - [13/Jun/2016:06:13:07 -0500] "POST /forms/lservlet;jsessionid=ac16012b30d6486c3d2aaa89461a9cffdb1a33a9cedf.e3iSbxaKaheRe34Tax0PchuKax90n6jAmljGr5XDqQLvpAe HTTP/1.1" 200 699
186.84.183.182 - - [13/Jun/2016:06:13:07 -0500] "GET /imagenes/Srch_frw.gif HTTP/1.1" 200 925
186.84.183.182 - - [13/Jun/2016:06:13:07 -0500] "POST /forms/lservlet;jsessionid=ac16012b30d6486c3d2aaa89461a9cffdb1a33a9cedf.e3iSbxaKaheRe34Tax0PchuKax90n6jAmljGr5XDqQLvpAe HTTP/1.1" 200 10
186.84.183.182 - - [13/Jun/2016:06:13:07 -0500] "POST /forms/lservlet;jsessionid=ac16012b30d6486c3d2aaa89461a9cffdb1a33a9cedf.e3iSbxaKaheRe34Tax0PchuKax90n6jAmljGr5XDqQLvpAe HTTP/1.1" 200 2
186.84.183.182 - - [13/Jun/2016:06:13:07 -0500] "POST /forms/lservlet;jsessionid=ac16012b30d6486c3d2aaa89461a9cffdb1a33a9cedf.e3iSbxaKaheRe34Tax0PchuKax90n6jAmljGr5XDqQLvpAe HTTP/1.1" 200 227
186.84.183.182 - - [13/Jun/2016:06:13:07 -0500] "POST /forms/lservlet;jsessionid=ac16012b30d6486c3d2aaa89461a9cffdb1a33a9cedf.e3iSbxaKaheRe34Tax0PchuKax90n6jAmljGr5XDqQLvpAe HTTP/1.1" 200 10
66.249.64.198 - - [13/Jun/2016:06:13:09 -0500] "GET /BLA/resoluciones/RESOLUCIONES%202007/RES%202007%204301%20AL%204352/RESOLUCION%204322%20DE%202007.pdf HTTP/1.1" 304 -
173.234.159.250 - - [13/Jun/2016:06:13:09 -0500] "GET /PruebasSTORM/StormSDA_pruebas/userFiles/user_files/formulas/3/190.xml HTTP/1.0" 200 1937
186.84.183.182 - - [13/Jun/2016:06:13:10 -0500] "POST /forms/lservlet;jsessionid=ac16012b30d6486c3d2aaa89461a9cffdb1a33a9cedf.e3iSbxaKaheRe34Tax0PchuKax90n6jAmljGr5XDqQLvpAe HTTP/1.1" 200 24
173.234.159.250 - - [13/Jun/2016:06:13:11 -0500] "GET /PruebasSTORM/StormSDA_pruebas/userFiles/user_files/formulas/3/191.xml HTTP/1.0" 200 1940
186.84.183.182 - - [13/Jun/2016:06:13:10 -0500] "POST /forms/lservlet;jsessionid=ac16012b30d6486c3d2aaa89461a9cffdb1a33a9cedf.e3iSbxaKaheRe34Tax0PchuKax90n6jAmljGr5XDqQLvpAe HTTP/1.1" 200 14
186.84.183.182 - - [13/Jun/2016:06:13:12 -0500] "POST /forms/lservlet;jsessionid=ac16012b30d6486c3d2aaa89461a9cffdb1a33a9cedf.e3iSbxaKaheRe34Tax0PchuKax90n6jAmljGr5XDqQLvpAe HTTP/1.1" 200 14
186.84.183.182 - - [13/Jun/2016:06:13:13 -0500] "POST /forms/lservlet;jsessionid=ac16012b30d6486c3d2aaa89461a9cffdb1a33a9cedf.e3iSbxaKaheRe34Tax0PchuKax90n6jAmljGr5XDqQLvpAe HTTP/1.1" 200 3950
186.84.183.182 - - [13/Jun/2016:06:13:14 -0500] "POST /forms/lservlet;jsessionid=ac16012b30d6486c3d2aaa89461a9cffdb1a33a9cedf.e3iSbxaKaheRe34Tax0PchuKax90n6jAmljGr5XDqQLvpAe HTTP/1.1" 200 2
173.234.159.250 - - [13/Jun/2016:06:13:14 -0500] "GET /PruebasSTORM/StormSDA_pruebas/userFiles/user_files/formulas/3/193.xml HTTP/1.0" 200 1027
66.249.64.198 - - [13/Jun/2016:06:13:14 -0500] "GET /BLA/resoluciones/RESOLUCIONES%202007/RES%202007%202401%20AL%202500/RESOLUCION%202455%20%20DE%202007.pdf HTTP/1.1" 200 577988
173.234.159.250 - - [13/Jun/2016:06:13:17 -0500] "GET /PruebasSTORM/StormSDA_pruebas/userFiles/user_files/formulas/3/221.xml HTTP/1.0" 200 984
186.84.183.182 - - [13/Jun/2016:06:13:18 -0500] "POST /forms/lservlet;jsessionid=ac16012b30d6486c3d2aaa89461a9cffdb1a33a9cedf.e3iSbxaKaheRe34Tax0PchuKax90n6jAmljGr5XDqQLvpAe HTTP/1.1" 200 2
186.84.183.182 - - [13/Jun/2016:06:13:18 -0500] "POST /forms/lservlet;jsessionid=ac16012b30d6486c3d2aaa89461a9cffdb1a33a9cedf.e3iSbxaKaheRe34Tax0PchuKax90n6jAmljGr5XDqQLvpAe HTTP/1.1" 200 14
186.84.183.182 - - [13/Jun/2016:06:13:19 -0500] "POST /forms/lservlet;jsessionid=ac16012b30d6486c3d2aaa89461a9cffdb1a33a9cedf.e3iSbxaKaheRe34Tax0PchuKax90n6jAmljGr5XDqQLvpAe HTTP/1.1" 200 14
173.234.159.250 - - [13/Jun/2016:06:13:21 -0500] "GET /PruebasSTORM/StormSDA_pruebas/userFiles/user_files/formulas/3/222.xml HTTP/1.0" 200 984
186.84.183.182 - - [13/Jun/2016:06:13:20 -0500] "POST /forms/lservlet;jsessionid=ac16012b30d6486c3d2aaa89461a9cffdb1a33a9cedf.e3iSbxaKaheRe34Tax0PchuKax90n6jAmljGr5XDqQLvpAe HTTP/1.1" 200 14
186.84.183.182 - - [13/Jun/2016:06:13:22 -0500] "POST /forms/lservlet;jsessionid=ac16012b30d6486c3d2aaa89461a9cffdb1a33a9cedf.e3iSbxaKaheRe34Tax0PchuKax90n6jAmljGr5XDqQLvpAe HTTP/1.1" 200 131
186.84.183.182 - - [13/Jun/2016:06:13:23 -0500] "POST /forms/lservlet;jsessionid=ac16012b30d6486c3d2aaa89461a9cffdb1a33a9cedf.e3iSbxaKaheRe34Tax0PchuKax90n6jAmljGr5XDqQLvpAe HTTP/1.1" 200 2
173.234.159.250 - - [13/Jun/2016:06:13:23 -0500] "GET /PruebasSTORM/StormSDA_pruebas/userFiles/user_files/formulas/3/223.xml HTTP/1.0" 200 984
186.84.183.182 - - [13/Jun/2016:06:13:23 -0500] "GET /reports/rwservlet/getjobid376099?server=rep_srvapsda HTTP/1.1" 200 47537
173.234.159.250 - - [13/Jun/2016:06:13:25 -0500] "GET /PruebasSTORM/StormSDA_pruebas/userFiles/user_files/formulas/3/224.xml HTTP/1.0" 200 973
173.234.159.250 - - [13/Jun/2016:06:13:28 -0500] "GET /PruebasSTORM/StormSDA_pruebas/userFiles/user_files/formulas/3/225.xml HTTP/1.0" 200 983
186.84.183.182 - - [13/Jun/2016:06:13:30 -0500] "POST /forms/lservlet;jsessionid=ac16012b30d6486c3d2aaa89461a9cffdb1a33a9cedf.e3iSbxaKaheRe34Tax0PchuKax90n6jAmljGr5XDqQLvpAe HTTP/1.1" 200 2
186.84.183.182 - - [13/Jun/2016:06:13:30 -0500] "POST /forms/lservlet;jsessionid=ac16012b30d6486c3d2aaa89461a9cffdb1a33a9cedf.e3iSbxaKaheRe34Tax0PchuKax90n6jAmljGr5XDqQLvpAe HTTP/1.1" 200 14
186.84.183.182 - - [13/Jun/2016:06:13:31 -0500] "POST /forms/lservlet;jsessionid=ac16012b30d6486c3d2aaa89461a9cffdb1a33a9cedf.e3iSbxaKaheRe34Tax0PchuKax90n6jAmljGr5XDqQLvpAe HTTP/1.1" 200 116
186.84.183.182 - - [13/Jun/2016:06:13:32 -0500] "POST /forms/lservlet;jsessionid=ac16012b30d6486c3d2aaa89461a9cffdb1a33a9cedf.e3iSbxaKaheRe34Tax0PchuKax90n6jAmljGr5XDqQLvpAe HTTP/1.1" 200 2
173.234.159.250 - - [13/Jun/2016:06:13:32 -0500] "GET /PruebasSTORM/StormSDA_pruebas/userFiles/user_files/formulas/3/226.xml HTTP/1.0" 200 979
186.84.183.182 - - [13/Jun/2016:06:13:32 -0500] "GET /reports/rwservlet/getjobid376100?server=rep_srvapsda HTTP/1.1" 200 508264
173.234.159.250 - - [13/Jun/2016:06:13:36 -0500] "GET /PruebasSTORM/StormSDA_pruebas/userFiles/user_files/formulas/3/227.xml HTTP/1.0" 200 1153
66.249.64.198 - - [13/Jun/2016:06:13:36 -0500] "GET /BLA/resoluciones/AUTOS%202015/0275.pdf HTTP/1.1" 304 -
173.234.159.250 - - [13/Jun/2016:06:13:43 -0500] "GET /PruebasSTORM/StormSDA_pruebas/userFiles/user_files/formulas/3/228.xml HTTP/1.0" 200 1153
173.234.159.250 - - [13/Jun/2016:06:13:45 -0500] "GET /PruebasSTORM/StormSDA_pruebas/userFiles/user_files/formulas/3/232.xml HTTP/1.0" 200 1151
192.168.175.104 - - [13/Jun/2016:06:13:48 -0500] "GET / HTTP/1.1" 200 9990
173.234.159.250 - - [13/Jun/2016:06:13:49 -0500] "GET /PruebasSTORM/StormSDA_pruebas/userFiles/user_files/formulas/3/233.xml HTTP/1.0" 200 1151
66.249.64.198 - - [13/Jun/2016:06:13:52 -0500] "GET /BLA/resoluciones/AUTOS%202013/0941.pdf HTTP/1.1" 304 -
173.234.159.250 - - [13/Jun/2016:06:13:53 -0500] "GET /PruebasSTORM/StormSDA_pruebas/userFiles/user_files/formulas/3/234.xml HTTP/1.0" 200 1151
173.234.159.250 - - [13/Jun/2016:06:13:56 -0500] "GET /PruebasSTORM/StormSDA_pruebas/userFiles/user_files/formulas/3/235.xml HTTP/1.0" 200 847
173.234.159.250 - - [13/Jun/2016:06:13:59 -0500] "GET /PruebasSTORM/StormSDA_pruebas/userFiles/user_files/formulas/3/236.xml HTTP/1.0" 200 1157
173.234.159.250 - - [13/Jun/2016:06:14:08 -0500] "GET /PruebasSTORM/StormSDA_pruebas/userFiles/user_files/formulas/3/237.xml HTTP/1.0" 200 1163
173.234.159.250 - - [13/Jun/2016:06:14:09 -0500] "GET /PruebasSTORM/StormSDA_pruebas/userFiles/user_files/formulas/3/238.xml HTTP/1.0" 200 1163
66.249.64.198 - - [13/Jun/2016:06:14:14 -0500] "GET /BLA/resoluciones/AUTOS%202013/0244.pdf HTTP/1.1" 200 1858482
66.249.64.198 - - [13/Jun/2016:06:14:19 -0500] "GET /BLA/resoluciones/AUTOS%202015/0422.pdf HTTP/1.1" 304 -
173.234.159.250 - - [13/Jun/2016:06:14:24 -0500] "GET /PruebasSTORM/StormSDA_pruebas/userFiles/user_files/formulas/3/247.xml HTTP/1.0" 200 782
66.249.64.198 - - [13/Jun/2016:06:14:24 -0500] "GET /BLA/resoluciones/RESOLUCIONES%202011/0343.pdf HTTP/1.1" 304 -
173.234.159.250 - - [13/Jun/2016:06:14:26 -0500] "GET /PruebasSTORM/StormSDA_pruebas/userFiles/user_files/formulas/3/254.xml HTTP/1.0" 200 851
