85.112.5.11 - - [13/Jun/2016:02:05:01 -0500] "GET /BLA/boletinlegal/img/textarea-tr.png HTTP/1.1" 200 488
85.112.5.11 - - [13/Jun/2016:02:05:01 -0500] "GET /BLA/boletinlegal/img/textarea-tl.png HTTP/1.1" 200 269
85.112.5.11 - - [13/Jun/2016:02:05:01 -0500] "GET /BLA/boletinlegal/img/textarea-l-off.png HTTP/1.1" 200 168
85.112.5.11 - - [13/Jun/2016:02:05:01 -0500] "GET /BLA/boletinlegal/img/textarea-r-off.png HTTP/1.1" 200 266
85.112.5.11 - - [13/Jun/2016:02:05:01 -0500] "GET /BLA/boletinlegal/img/textarea-br.png HTTP/1.1" 200 488
85.112.5.11 - - [13/Jun/2016:02:05:02 -0500] "GET /BLA/boletinlegal/img/textarea-bl.png HTTP/1.1" 200 265
85.112.5.11 - - [13/Jun/2016:02:05:02 -0500] "GET /BLA/boletinlegal/img/button-right.png HTTP/1.1" 200 57878
85.112.5.11 - - [13/Jun/2016:02:05:02 -0500] "GET /BLA/boletinlegal/img/button-left.png HTTP/1.1" 200 57071
85.112.5.11 - - [13/Jun/2016:02:05:02 -0500] "GET /BLA/boletinlegal/img/button.png HTTP/1.1" 200 43241
66.249.64.198 - - [13/Jun/2016:02:05:02 -0500] "GET /BLA/resoluciones/AUTOS%202013/0198.pdf HTTP/1.1" 304 -
85.112.5.11 - - [13/Jun/2016:02:05:07 -0500] "GET /BLA/boletinlegal/img/textarea-l-over.png HTTP/1.1" 200 167
85.112.5.11 - - [13/Jun/2016:02:05:07 -0500] "GET /BLA/boletinlegal/img/textarea-r-over.png HTTP/1.1" 200 270
66.249.64.198 - - [13/Jun/2016:02:05:13 -0500] "GET /BLA/resoluciones/AUTOS%202013/2225.pdf HTTP/1.1" 200 1792753
74.117.180.23 - - [13/Jun/2016:02:05:18 -0500] "HEAD /BLA/resoluciones/RESOLUCIONES%202011/3396.pdf HTTP/1.1" 200 -
192.168.175.104 - - [13/Jun/2016:02:05:20 -0500] "GET / HTTP/1.1" 200 9990
85.112.5.11 - - [13/Jun/2016:02:05:21 -0500] "GET /BLA/boletinlegal/norma_menu.php HTTP/1.1" 200 5344
85.112.5.11 - - [13/Jun/2016:02:05:21 -0500] "GET /BLA/boletinlegal/swfobject.js HTTP/1.1" 200 9763
85.112.5.11 - - [13/Jun/2016:02:05:21 -0500] "GET /BLA/boletinlegal/js/ajax.js HTTP/1.1" 200 772
85.112.5.11 - - [13/Jun/2016:02:05:22 -0500] "GET /BLA/boletinlegal/js/popup.js HTTP/1.1" 200 1270
85.112.5.11 - - [13/Jun/2016:02:05:22 -0500] "GET /BLA/boletinlegal/js/lib.js HTTP/1.1" 200 6474
85.112.5.11 - - [13/Jun/2016:02:05:22 -0500] "GET /BLA/boletinlegal/js/jquery1.js HTTP/1.1" 200 29846
85.112.5.11 - - [13/Jun/2016:02:05:22 -0500] "GET /BLA/boletinlegal/images/signo-menos.gif HTTP/1.1" 200 13454
85.112.5.11 - - [13/Jun/2016:02:05:22 -0500] "GET /BLA/boletinlegal/images/signo-mas.gif HTTP/1.1" 200 13689
85.112.5.11 - - [13/Jun/2016:02:05:22 -0500] "GET /BLA/boletinlegal/carousel.swf HTTP/1.1" 200 63487
85.112.5.11 - - [13/Jun/2016:02:05:23 -0500] "GET /BLA/boletinlegal/settings.xml HTTP/1.1" 200 2059
85.112.5.11 - - [13/Jun/2016:02:05:24 -0500] "GET /BLA/boletinlegal/images.xml HTTP/1.1" 200 3941
66.249.64.198 - - [13/Jun/2016:02:05:24 -0500] "GET /BLA/resoluciones/RESOLUCIONES%202009/6826.pdf HTTP/1.1" 304 -
85.112.5.11 - - [13/Jun/2016:02:05:24 -0500] "GET /BLA/boletinlegal/images/rui.png HTTP/1.1" 200 469106
85.112.5.11 - - [13/Jun/2016:02:05:24 -0500] "GET /BLA/boletinlegal/images/pev.png HTTP/1.1" 200 404876
85.112.5.11 - - [13/Jun/2016:02:05:24 -0500] "GET /BLA/boletinlegal/images/flor.png HTTP/1.1" 200 587454
85.112.5.11 - - [13/Jun/2016:02:05:24 -0500] "GET /BLA/boletinlegal/images/faun.png HTTP/1.1" 200 613440
85.112.5.11 - - [13/Jun/2016:02:05:24 -0500] "GET /BLA/boletinlegal/images/emis.png HTTP/1.1" 200 448203
85.112.5.11 - - [13/Jun/2016:02:05:24 -0500] "GET /BLA/boletinlegal/images/hidro.png HTTP/1.1" 200 517362
74.117.180.23 - - [13/Jun/2016:02:05:25 -0500] "HEAD /BLA/resoluciones/RESOLUCIONES%202011/3412.pdf HTTP/1.1" 200 -
85.112.5.11 - - [13/Jun/2016:02:05:27 -0500] "GET /BLA/boletinlegal/images/silvi.png HTTP/1.1" 200 588511
85.112.5.11 - - [13/Jun/2016:02:05:27 -0500] "GET /BLA/boletinlegal/images/hume.png HTTP/1.1" 200 481651
85.112.5.11 - - [13/Jun/2016:02:05:27 -0500] "GET /BLA/boletinlegal/images/vert.png HTTP/1.1" 200 485866
186.29.189.163 - - [13/Jun/2016:02:05:25 -0500] "GET /Anexos%20estudio%20Organizacional%20SDA/ANEXO%20No.%203-%20CONTRATACI%C3%93N%20%20OPS%C2%B4s%202008-2012/CONTRATOS%20SDA%202008%20POR%20DEPENDENCIA.xls HTTP/1.1" 200 371712
85.112.5.11 - - [13/Jun/2016:02:05:30 -0500] "GET /BLA/boletinlegal/images/resi.png HTTP/1.1" 200 556571
85.112.5.11 - - [13/Jun/2016:02:05:30 -0500] "GET /BLA/boletinlegal/images/lice.png HTTP/1.1" 200 487297
85.112.5.11 - - [13/Jun/2016:02:05:30 -0500] "GET /BLA/boletinlegal/images/pma.png HTTP/1.1" 200 530205
85.112.5.11 - - [13/Jun/2016:02:05:30 -0500] "GET /BLA/boletinlegal/images/cons.png HTTP/1.1" 200 545034
85.112.5.11 - - [13/Jun/2016:02:05:31 -0500] "GET /BLA/boletinlegal/images/comp-estr.png HTTP/1.1" 200 644020
85.112.5.11 - - [13/Jun/2016:02:05:32 -0500] "GET /BLA/boletinlegal/images/bla.png HTTP/1.1" 200 113997
66.249.64.198 - - [13/Jun/2016:02:05:35 -0500] "GET /BLA/resoluciones/RESOLUCIONES%202010/0818.pdf HTTP/1.1" 304 -
66.249.64.237 - - [13/Jun/2016:02:05:40 -0500] "GET /PruebasSTORM/StormSDA_pruebas/ HTTP/1.1" 200 3560
85.112.5.11 - - [13/Jun/2016:02:05:44 -0500] "GET /BLA/boletinlegal/consulta.php?ordenar=menos HTTP/1.1" 200 186652
66.249.64.198 - - [13/Jun/2016:02:05:45 -0500] "GET /autoliquidacion/TR%C3%81MITES%20VERTIMIENTOS/PERMISOS%20DE%20VERTIMIENTOS/ANEXO%20%205.%20%20MATRIZ%20PAR%C3%81METRSO%20ACTIVDADES%20PRODUCTIVAS.xls HTTP/1.1" 304 -
85.112.5.11 - - [13/Jun/2016:02:05:46 -0500] "GET /BLA/boletinlegal/images/docs.png HTTP/1.1" 200 10288
85.112.5.11 - - [13/Jun/2016:02:05:49 -0500] "GET /BLA/boletinlegal/consulta.php?ordenar=mas HTTP/1.1" 200 186652
66.249.64.198 - - [13/Jun/2016:02:05:51 -0500] "GET /BLA/resoluciones/AUTOS%202011/3603.pdf HTTP/1.1" 304 -
66.249.64.198 - - [13/Jun/2016:02:05:57 -0500] "GET /BLA/resoluciones/RESOLUCIONES%202009/8775.pdf HTTP/1.1" 304 -
66.249.64.198 - - [13/Jun/2016:02:06:02 -0500] "GET /BLA/resoluciones/RESOLUCIONES%202010/0417.pdf HTTP/1.1" 304 -
66.249.64.198 - - [13/Jun/2016:02:06:07 -0500] "GET /BLA/resoluciones/AUTOS%202013/3504.pdf HTTP/1.1" 304 -
66.249.64.198 - - [13/Jun/2016:02:06:12 -0500] "GET /Residuos/maderas/maderas.html HTTP/1.1" 200 1957
66.249.64.198 - - [13/Jun/2016:02:06:21 -0500] "GET /css/style.css HTTP/1.1" 200 3610
66.249.64.198 - - [13/Jun/2016:02:06:21 -0500] "GET /css/bootstrap.min.css HTTP/1.1" 200 105939
195.154.172.137 - - [13/Jun/2016:02:06:23 -0500] "GET /galeria/galeria/jquery.fancybox.css?v=2.1.5 HTTP/1.1" 200 4895
66.249.64.198 - - [13/Jun/2016:02:06:29 -0500] "GET /BLA/resoluciones/RESOLUCIONES%202013/0003.pdf HTTP/1.1" 304 -
74.117.180.23 - - [13/Jun/2016:02:06:31 -0500] "HEAD /BLA/resoluciones/RESOLUCIONES%202011/3416.pdf HTTP/1.1" 200 -
66.249.69.203 - - [13/Jun/2016:02:06:38 -0500] "GET /BLA/resoluciones/RESOLUCIONES%202007/RES%202007%202601%20AL%202700/RESOLUCION%202610%20%20DE%202007.pdf HTTP/1.1" 304 -
66.249.64.198 - - [13/Jun/2016:02:06:39 -0500] "GET /BLA/resoluciones/RESOLUCIONES%202007/RES%202007%201301%20AL%201400/RESOLUCION%201392%20DE%202007.pdf HTTP/1.1" 304 -
66.249.64.198 - - [13/Jun/2016:02:06:45 -0500] "GET /BLA/resoluciones/AUTOS%202013/0041.pdf HTTP/1.1" 304 -
207.46.13.109 - - [13/Jun/2016:02:06:46 -0500] "GET /robots.txt HTTP/1.1" 404 1018
66.249.64.198 - - [13/Jun/2016:02:06:50 -0500] "GET /BLA/resoluciones/RESOLUCIONES%202010/3887.pdf HTTP/1.1" 304 -
157.55.39.116 - - [13/Jun/2016:02:06:49 -0500] "GET /BLA/resoluciones/RESOLUCIONES%202010/ HTTP/1.1" 200 665494
157.55.39.116 - - [13/Jun/2016:02:06:54 -0500] "GET /BLA/resoluciones/RESOLUCIONES%202007/RES%202007%20801%20AL%20900/ HTTP/1.1" 200 24767
40.77.167.26 - - [13/Jun/2016:02:06:54 -0500] "GET /BLA/resoluciones/RESOLUCIONES%202012/?C=S;O=A HTTP/1.1" 200 165810
66.249.64.198 - - [13/Jun/2016:02:06:56 -0500] "GET /BLA/resoluciones/RESOLUCIONES%202011/4560.pdf HTTP/1.1" 304 -
40.77.167.26 - - [13/Jun/2016:02:06:55 -0500] "GET /BLA/resoluciones/RESOLUCIONES%202012/?C=M;O=D HTTP/1.1" 200 165810
69.162.124.232 - - [13/Jun/2016:02:06:56 -0500] "HEAD / HTTP/1.1" 200 -
157.55.39.116 - - [13/Jun/2016:02:06:55 -0500] "GET /BLA/resoluciones/index.php?dir=RESOLUCIONES+2010%2F HTTP/1.1" 200 696267
40.77.167.26 - - [13/Jun/2016:02:06:56 -0500] "GET /BLA/resoluciones/RESOLUCIONES%202010/?C=N;O=D HTTP/1.1" 200 625404
66.249.64.198 - - [13/Jun/2016:02:07:01 -0500] "GET /BLA/resoluciones/AUTOS%202013/1077.pdf HTTP/1.1" 304 -
40.77.167.26 - - [13/Jun/2016:02:06:59 -0500] "GET /BLA/resoluciones/RESOLUCIONES%202010/?C=D;O=D HTTP/1.1" 200 633422
40.77.167.26 - - [13/Jun/2016:02:07:02 -0500] "GET /BLA/resoluciones/index.php?dir=AUTOS+2008%2F HTTP/1.1" 200 569644
66.249.64.198 - - [13/Jun/2016:02:07:06 -0500] "GET /Autoliquidacion/Solicitud%20de%20Clasificaci%C3%B3n%20de%20Impacto%20Ambiental/copia%20de%20anexo%202%20formato%20solicitud%20clasificacif3n%20de%20impacto%20ambiental00.xls HTTP/1.1" 200 103424
192.168.175.104 - - [13/Jun/2016:02:07:07 -0500] "GET / HTTP/1.0" 200 9990
40.77.167.26 - - [13/Jun/2016:02:07:08 -0500] "GET /BLA/resoluciones/RESOLUCIONES%202009/?C=S;O=A HTTP/1.1" 200 625194
66.249.64.198 - - [13/Jun/2016:02:07:12 -0500] "GET /BLA/resoluciones/RESOLUCIONES%202011/4788.pdf HTTP/1.1" 304 -
74.117.180.23 - - [13/Jun/2016:02:07:13 -0500] "HEAD /BLA/resoluciones/RESOLUCIONES%202011/3417.pdf HTTP/1.1" 200 -
40.77.167.26 - - [13/Jun/2016:02:07:12 -0500] "GET /BLA/resoluciones/RESOLUCIONES%202009/?C=M;O=D HTTP/1.1" 200 705374
66.249.64.198 - - [13/Jun/2016:02:07:17 -0500] "GET /BLA/resoluciones/RESOLUCIONES%202010/0514.pdf HTTP/1.1" 304 -
40.77.167.26 - - [13/Jun/2016:02:07:16 -0500] "GET /BLA/resoluciones/RESOLUCIONES%202008/?C=D;O=A HTTP/1.1" 200 705372
40.77.167.26 - - [13/Jun/2016:02:07:20 -0500] "GET /BLA/resoluciones/RESOLUCIONES%202007/RES%202007%204201%20AL%204300/?C=D;O=A HTTP/1.1" 200 24544
40.77.167.26 - - [13/Jun/2016:02:07:20 -0500] "GET /BLA/resoluciones/RESOLUCIONES%202007/RES%202007%203701%20AL%203800/?C=N;O=A HTTP/1.1" 200 24795
66.249.64.198 - - [13/Jun/2016:02:07:23 -0500] "GET /BLA/resoluciones/RESOLUCIONES%202011/0281.pdf HTTP/1.1" 200 89491
40.77.167.26 - - [13/Jun/2016:02:07:21 -0500] "GET /BLA/resoluciones/Autos%202008/?C=N;O=D HTTP/1.1" 200 705570
40.77.167.26 - - [13/Jun/2016:02:07:24 -0500] "GET /BLA/resoluciones/Autos%202008/?C=D;O=D HTTP/1.1" 200 697552
66.249.64.198 - - [13/Jun/2016:02:07:28 -0500] "GET /BLA/resoluciones/RESOLUCIONES%202007/RES%202007%201401%20AL%201500/RESOLUCION%201407%20DE%202007.pdf HTTP/1.1" 304 -
157.55.39.159 - - [13/Jun/2016:02:07:29 -0500] "GET /BLA/resoluciones/RESOLUCIONES%202012/?C=N;O=D HTTP/1.1" 200 165810
40.77.167.26 - - [13/Jun/2016:02:07:28 -0500] "GET /BLA/resoluciones/AUTOS%202011/?C=S;O=A HTTP/1.1" 200 697552
157.55.39.159 - - [13/Jun/2016:02:07:31 -0500] "GET /BLA/resoluciones/RESOLUCIONES%202012/?C=D;O=D HTTP/1.1" 200 165810
66.249.64.198 - - [13/Jun/2016:02:07:33 -0500] "GET /BLA/resoluciones/RESOLUCIONES%202012/0909.pdf HTTP/1.1" 304 -
40.77.167.26 - - [13/Jun/2016:02:07:32 -0500] "GET /BLA/resoluciones/AUTOS%202011/?C=M;O=D HTTP/1.1" 200 697552
157.55.39.159 - - [13/Jun/2016:02:07:32 -0500] "GET /BLA/resoluciones/RESOLUCIONES%202010/?C=S;O=A HTTP/1.1" 200 593332
40.77.167.26 - - [13/Jun/2016:02:07:35 -0500] "GET /BLA/resoluciones/AUTOS%202009/?C=S;O=D HTTP/1.1" 200 511202
66.249.64.198 - - [13/Jun/2016:02:07:39 -0500] "GET /BLA/resoluciones/RESOLUCIONES%202014/2401.pdf HTTP/1.1" 304 -
40.77.167.26 - - [13/Jun/2016:02:07:39 -0500] "GET /BLA/resoluciones/AUTOS%202009/?C=M;O=A HTTP/1.1" 200 511202
157.55.39.159 - - [13/Jun/2016:02:07:37 -0500] "GET /BLA/resoluciones/RESOLUCIONES%202010/?C=M;O=D HTTP/1.1" 200 593332
40.77.167.26 - - [13/Jun/2016:02:07:41 -0500] "GET /BLA/resoluciones/AUTOS%202007/?C=S;O=D HTTP/1.1" 200 625390
66.249.64.198 - - [13/Jun/2016:02:07:44 -0500] "GET /BLA/resoluciones/RESOLUCIONES%202013/0121.pdf HTTP/1.1" 200 586231
40.77.167.26 - - [13/Jun/2016:02:07:44 -0500] "GET /galeria/nivo-slider/demo/demo.html HTTP/1.1" 200 4453
157.55.39.159 - - [13/Jun/2016:02:07:42 -0500] "GET /BLA/resoluciones/RESOLUCIONES%202009/?C=N;O=D HTTP/1.1" 200 601141
40.77.167.26 - - [13/Jun/2016:02:07:45 -0500] "GET /bla/resoluciones/resoluciones%202010/?C=N;O=D HTTP/1.1" 200 705584
66.249.64.198 - - [13/Jun/2016:02:07:50 -0500] "GET /BLA/resoluciones/RESOLUCIONES%202013/1135.pdf HTTP/1.1" 304 -
40.77.167.26 - - [13/Jun/2016:02:07:49 -0500] "GET /BLA/resoluciones/AUTOS%202007/?C=M;O=A HTTP/1.1" 200 625390
157.55.39.159 - - [13/Jun/2016:02:07:48 -0500] "GET /BLA/resoluciones/RESOLUCIONES%202009/?C=D;O=D HTTP/1.1" 200 593123
40.77.167.26 - - [13/Jun/2016:02:07:52 -0500] "GET /bla/resoluciones/resoluciones%202009/?C=S;O=A HTTP/1.1" 200 697356
157.55.39.159 - - [13/Jun/2016:02:07:53 -0500] "GET /BLA/resoluciones/Autos%202008/?C=S;O=A HTTP/1.1" 200 593318
66.249.64.198 - - [13/Jun/2016:02:08:00 -0500] "GET /BLA/resoluciones/RESOLUCIONES%202007/RES%202007%201601%20AL%201725/RESOLUCION%201607%20DE%202007.pdf HTTP/1.1" 304 -
157.55.39.159 - - [13/Jun/2016:02:07:58 -0500] "GET /BLA/resoluciones/Autos%202008/?C=M;O=D HTTP/1.1" 200 665480
157.55.39.159 - - [13/Jun/2016:02:08:03 -0500] "GET /BLA/resoluciones/AUTOS%202011/?C=D;O=D HTTP/1.1" 200 665480
66.249.64.198 - - [13/Jun/2016:02:08:11 -0500] "GET /BLA/resoluciones/RESOLUCIONES%202007/RES%202007%202501%20AL%202600/RESOLUCION%202551%20DE%202007.pdf HTTP/1.1" 304 -
157.55.39.159 - - [13/Jun/2016:02:08:08 -0500] "GET /BLA/resoluciones/AUTOS%202009/?C=N;O=A HTTP/1.1" 200 511202
157.55.39.159 - - [13/Jun/2016:02:08:13 -0500] "GET /BLA/resoluciones/AUTOS%202009/?C=D;O=A HTTP/1.1" 200 511202
66.249.64.198 - - [13/Jun/2016:02:08:17 -0500] "GET /BLA/resoluciones/RESOLUCIONES%202007/RES%202007%20401%20AL%20500/RESOLUCION%200443%20DE%202007.pdf HTTP/1.1" 304 -
157.55.39.159 - - [13/Jun/2016:02:08:16 -0500] "GET /BLA/resoluciones/AUTOS%202007/?C=N;O=A HTTP/1.1" 200 593318
66.249.64.198 - - [13/Jun/2016:02:08:22 -0500] "GET /BLA/resoluciones/RESOLUCIONES%202010/4626.pdf HTTP/1.1" 304 -
40.77.167.26 - - [13/Jun/2016:02:08:22 -0500] "GET /bla/resoluciones/RESOLUCIONES%202011/?C=S;O=D HTTP/1.1" 200 713391
157.55.39.159 - - [13/Jun/2016:02:08:21 -0500] "GET /bla/resoluciones/resoluciones%202011/?C=N;O=A HTTP/1.1" 200 593121
66.249.64.198 - - [13/Jun/2016:02:08:27 -0500] "GET /BLA/resoluciones/RESOLUCIONES%202010/1931.pdf HTTP/1.1" 304 -
40.77.167.26 - - [13/Jun/2016:02:08:25 -0500] "GET /bla/resoluciones/RESOLUCIONES%202011/?C=M;O=A HTTP/1.1" 200 705373
40.77.167.26 - - [13/Jun/2016:02:08:29 -0500] "GET /bla/resoluciones/RESOLUCIONES%202009/?C=M;O=D HTTP/1.1" 200 625194
40.77.167.26 - - [13/Jun/2016:02:08:32 -0500] "GET /BLA/resoluciones/index.php?dir=RESOLUCIONES+2014%2F HTTP/1.1" 200 298770
40.77.167.26 - - [13/Jun/2016:02:08:34 -0500] "GET /BLA/resoluciones/index.php?dir=RESOLUCIONES+2013%2F HTTP/1.1" 200 225505
192.168.175.104 - - [13/Jun/2016:02:08:36 -0500] "GET / HTTP/1.1" 200 9990
66.249.64.198 - - [13/Jun/2016:02:08:38 -0500] "GET /BLA/resoluciones/RESOLUCIONES%202013/0825.pdf HTTP/1.1" 304 -
66.249.64.198 - - [13/Jun/2016:02:08:44 -0500] "GET /BLA/resoluciones/RESOLUCIONES%202011/0025.pdf HTTP/1.1" 304 -
190.143.18.218 - - [13/Jun/2016:02:08:47 -0500] "GET /BLA/resoluciones/RESOLUCIONES%202007/RES%202007%202501%20AL%202600/RESOLUCION%202542%20DE%202007.pdf HTTP/1.1" 200 867071
190.143.18.218 - - [13/Jun/2016:02:08:49 -0500] "GET /favicon.ico HTTP/1.1" 200 7782
190.143.18.218 - - [13/Jun/2016:02:08:49 -0500] "GET /BLA/resoluciones/RESOLUCIONES%202007/RES%202007%202501%20AL%202600/RESOLUCION%202542%20DE%202007.pdf HTTP/1.1" 206 743243
207.46.13.109 - - [13/Jun/2016:02:08:51 -0500] "GET /sia/ HTTP/1.1" 200 2661
157.55.39.159 - - [13/Jun/2016:02:08:47 -0500] "GET /bla/resoluciones/resoluciones%202010/?C=S;O=A HTTP/1.1" 200 665494
207.46.13.109 - - [13/Jun/2016:02:08:52 -0500] "GET /BLA/resoluciones/ HTTP/1.1" 200 8325
66.249.64.198 - - [13/Jun/2016:02:08:54 -0500] "GET /BLA/resoluciones/RESOLUCIONES%202010/7137.pdf HTTP/1.1" 200 399918
157.55.39.159 - - [13/Jun/2016:02:08:52 -0500] "GET /BLA/resoluciones/AUTOS%202007/?C=D;O=A HTTP/1.1" 200 665480
66.249.64.198 - - [13/Jun/2016:02:09:00 -0500] "GET /BLA/resoluciones/AUTOS%202008/0729.pdf HTTP/1.1" 304 -
66.249.69.203 - - [13/Jun/2016:02:09:00 -0500] "GET /BLA/resoluciones/AUTOS%202011/4893.pdf HTTP/1.1" 304 -
157.55.39.159 - - [13/Jun/2016:02:08:57 -0500] "GET /bla/resoluciones/resoluciones%202009/?C=N;O=D HTTP/1.1" 200 665285
157.55.39.159 - - [13/Jun/2016:02:09:02 -0500] "GET /bla/resoluciones/resoluciones%202009/?C=D;O=D HTTP/1.1" 200 665285
157.55.39.159 - - [13/Jun/2016:02:09:07 -0500] "GET /bla/resoluciones/RESOLUCIONES%202011/?C=N;O=A HTTP/1.1" 200 593121
66.249.64.198 - - [13/Jun/2016:02:09:16 -0500] "GET /BLA/resoluciones/RESOLUCIONES%202011/4767.pdf HTTP/1.1" 200 699050
157.55.39.159 - - [13/Jun/2016:02:09:12 -0500] "GET /bla/resoluciones/RESOLUCIONES%202009/?C=N;O=D HTTP/1.1" 200 593123
66.249.64.198 - - [13/Jun/2016:02:09:18 -0500] "GET /BLA/resoluciones/RESOLUCIONES%202007/RES%202007%203401%20AL%203500/RESOLUCION%203469%20DE%202007.pdf HTTP/1.1" 200 369340
66.249.64.198 - - [13/Jun/2016:02:09:21 -0500] "GET /BLA/resoluciones/RESOLUCIONES%202010/0605.pdf HTTP/1.1" 304 -
157.55.39.159 - - [13/Jun/2016:02:09:19 -0500] "GET /bla/resoluciones/RESOLUCIONES%202009/?C=D;O=D HTTP/1.1" 200 593123
66.249.64.198 - - [13/Jun/2016:02:09:27 -0500] "GET /BLA/resoluciones/RESOLUCIONES%202007/RES%202007%201501%20AL%201600/RESOLUCION%201545%20DE%202007.pdf HTTP/1.1" 304 -
157.55.39.159 - - [13/Jun/2016:02:09:24 -0500] "GET /BLA/resoluciones/index.php?dir=RESOLUCIONES+2009%2F HTTP/1.1" 200 602059
40.77.167.26 - - [13/Jun/2016:02:09:31 -0500] "GET /robots.txt HTTP/1.1" 404 1018
157.55.39.159 - - [13/Jun/2016:02:09:30 -0500] "GET /BLA/resoluciones/index.php?dir=RESOLUCIONES%202011/&sort=size&order=asc HTTP/1.1" 200 602059
157.55.39.159 - - [13/Jun/2016:02:09:35 -0500] "GET /bla/resoluciones/resoluciones%202010/?C=M;O=D HTTP/1.1" 200 665494
40.77.167.26 - - [13/Jun/2016:02:08:36 -0500] "GET /BLA/boletinlegal/?/ HTTP/1.1" 200 52190
66.249.64.198 - - [13/Jun/2016:02:09:43 -0500] "GET /BLA/resoluciones/RESOLUCIONES%202010/6285.pdf HTTP/1.1" 304 -
91.192.140.58 - - [13/Jun/2016:02:09:46 -0500] "GET /BLA/resoluciones/RESOLUCIONES%202014/1104.pdf HTTP/1.1" 200 3081032
91.192.140.58 - - [13/Jun/2016:02:09:47 -0500] "GET /favicon.ico HTTP/1.1" 200 7782
91.192.140.58 - - [13/Jun/2016:02:09:47 -0500] "GET /BLA/resoluciones/RESOLUCIONES%202014/1104.pdf HTTP/1.1" 206 3040426
157.55.39.159 - - [13/Jun/2016:02:09:44 -0500] "GET /BLA/resoluciones/index.php?dir=RESOLUCIONES%202011/&sort=date&order=asc HTTP/1.1" 200 602059
157.55.39.159 - - [13/Jun/2016:02:09:50 -0500] "GET /BLA/resoluciones/index.php?dir=AUTOS+2015%2F HTTP/1.1" 200 244067
157.55.39.159 - - [13/Jun/2016:02:09:52 -0500] "GET /BLA/resoluciones/index.php?dir=AUTOS+2009%2F HTTP/1.1" 200 395126
207.46.13.109 - - [13/Jun/2016:02:08:52 -0500] "GET /BLA/boletinlegal/index.php HTTP/1.1" 200 52190
66.249.64.198 - - [13/Jun/2016:02:09:59 -0500] "GET /BLA/resoluciones/RESOLUCIONES%202013/0074%20.pdf HTTP/1.1" 304 -
66.249.64.198 - - [13/Jun/2016:02:10:05 -0500] "GET /BLA/resoluciones/RESOLUCIONES%202011/0216.pdf HTTP/1.1" 304 -
157.55.39.159 - - [13/Jun/2016:02:10:00 -0500] "GET /BLA/resoluciones/Resoluciones%202011/?C=N;O=A HTTP/1.1" 200 665283
40.77.167.26 - - [13/Jun/2016:02:10:05 -0500] "GET /BLA/resoluciones/index.php?dir=RESOLUCIONES+2008%2F HTTP/1.1" 200 794571
66.249.64.198 - - [13/Jun/2016:02:10:10 -0500] "GET /BLA/resoluciones/AUTOS%202007/2022.pdf HTTP/1.1" 304 -
157.55.39.159 - - [13/Jun/2016:02:10:05 -0500] "GET /BLA/resoluciones/Resoluciones%202011/?C=D;O=A HTTP/1.1" 200 665283
40.77.167.26 - - [13/Jun/2016:02:10:10 -0500] "GET /BLA/resoluciones/index.php?dir=RESOLUCIONES%202013/&sort=name&order=desc HTTP/1.1" 200 225504
40.77.167.26 - - [13/Jun/2016:02:10:12 -0500] "GET /BLA/resoluciones/index.php?dir=RESOLUCIONES%202011/&sort=size&order=desc HTTP/1.1" 200 683842
66.249.64.198 - - [13/Jun/2016:02:10:15 -0500] "GET /BLA/resoluciones/RESOLUCIONES%202010/6900.pdf HTTP/1.1" 304 -
192.168.175.104 - - [13/Jun/2016:02:10:18 -0500] "GET / HTTP/1.1" 200 9990
66.249.64.198 - - [13/Jun/2016:02:10:21 -0500] "GET /BLA/resoluciones/RESOLUCIONES%202009/4800.pdf HTTP/1.1" 304 -
66.249.64.242 - - [13/Jun/2016:02:10:22 -0500] "GET /PruebasSTORM/ HTTP/1.1" 200 1844
40.77.167.26 - - [13/Jun/2016:02:10:22 -0500] "GET /BLA/resoluciones/index.php?dir=AUTOS+2014%2F HTTP/1.1" 200 675787
66.249.64.198 - - [13/Jun/2016:02:10:26 -0500] "GET /BLA/resoluciones/RESOLUCIONES%202008/3800.pdf HTTP/1.1" 304 -
40.77.167.26 - - [13/Jun/2016:02:10:26 -0500] "GET /BLA/resoluciones/index.php?dir=AUTOS+2013%2F HTTP/1.1" 200 392591
40.77.167.26 - - [13/Jun/2016:02:10:29 -0500] "GET /BLA/resoluciones/index.php?dir=AUTOS%202012/&sort=size&order=asc HTTP/1.1" 200 257401
66.249.64.198 - - [13/Jun/2016:02:10:32 -0500] "GET /BLA/resoluciones/RESOLUCIONES%202012/1556.pdf HTTP/1.1" 304 -
40.77.167.26 - - [13/Jun/2016:02:10:31 -0500] "GET /BLA/resoluciones/index.php?dir=AUTOS%202012/&sort=date&order=asc HTTP/1.1" 200 257401
206.225.85.18 - - [13/Jun/2016:02:10:34 -0500] "GET /BLA/boletinlegal/js/jquery.scrollShow.js HTTP/1.1" 200 4586
206.225.85.18 - - [13/Jun/2016:02:10:34 -0500] "GET /galeria/galeria/jquery.fancybox.css?v=2.1.5 HTTP/1.1" 200 4895
206.225.85.18 - - [13/Jun/2016:02:10:34 -0500] "GET /galeria/galeria/jquery.fancybox.js?v=2.1.5 HTTP/1.1" 200 48706
206.225.85.18 - - [13/Jun/2016:02:10:34 -0500] "GET /galeria/carrusel/Carrusel/jquery.thumbnailScroller.js HTTP/1.1" 200 8157
206.225.85.18 - - [13/Jun/2016:02:10:34 -0500] "GET /galeria/carrusel/Carrusel/jquery-ui-1.8.13.custom.min.js HTTP/1.1" 200 10800
40.77.167.26 - - [13/Jun/2016:02:10:33 -0500] "GET /BLA/resoluciones/index.php?dir=AUTOS%202010/&sort=name&order=asc HTTP/1.1" 200 256201
206.225.85.18 - - [13/Jun/2016:02:10:35 -0500] "GET /galeria/nivo-slider/demo/demo.html HTTP/1.1" 200 4453
206.225.85.18 - - [13/Jun/2016:02:10:35 -0500] "GET /galeria/nivo-slider/demo/scripts/jquery-1.7.1.min.js HTTP/1.1" 200 93868
206.225.85.18 - - [13/Jun/2016:02:10:35 -0500] "GET /galeria/nivo-slider/jquery.nivo.slider.pack.js HTTP/1.1" 200 11561
40.77.167.26 - - [13/Jun/2016:02:10:35 -0500] "GET /BLA/resoluciones/index.php?dir=AUTOS%202010/&sort=date&order=desc HTTP/1.1" 200 256200
40.77.167.26 - - [13/Jun/2016:02:10:37 -0500] "GET /BLA/resoluciones/index.php?dir=AUTOS%202009/&sort=size&order=asc HTTP/1.1" 200 395126
40.77.167.26 - - [13/Jun/2016:02:10:40 -0500] "GET /BLA/resoluciones/index.php?dir=AUTOS%202009/&sort=name&order=desc HTTP/1.1" 200 395125
66.249.64.198 - - [13/Jun/2016:02:10:42 -0500] "GET /BLA/resoluciones/RESOLUCIONES%202008/0531.pdf HTTP/1.1" 200 837326
40.77.167.26 - - [13/Jun/2016:02:10:43 -0500] "GET /BLA/resoluciones/index.php?dir=AUTOS%202009/&sort=date&order=asc HTTP/1.1" 200 395126
66.249.64.198 - - [13/Jun/2016:02:10:48 -0500] "GET /BLA/resoluciones/RESOLUCIONES%202014/1998.pdf HTTP/1.1" 304 -
40.77.167.26 - - [13/Jun/2016:02:10:46 -0500] "GET /BLA/resoluciones/Resoluciones%202011/?C=S;O=D HTTP/1.1" 200 633212
40.77.167.26 - - [13/Jun/2016:02:10:50 -0500] "GET /BLA/resoluciones/RESOLUCIONES%202008/?C=N;O=A HTTP/1.1" 200 617174
66.249.64.198 - - [13/Jun/2016:02:10:53 -0500] "GET /BLA/resoluciones/AUTOS%202011/2146.pdf HTTP/1.1" 304 -
40.77.167.26 - - [13/Jun/2016:02:10:53 -0500] "GET /BLA/resoluciones/Resoluciones%202011/?C=M;O=A HTTP/1.1" 200 633211
66.249.64.198 - - [13/Jun/2016:02:10:59 -0500] "GET /BLA/resoluciones/AUTOS%202013/0190.pdf HTTP/1.1" 304 -
40.77.167.26 - - [13/Jun/2016:02:10:16 -0500] "GET /BLA/boletinlegal/ HTTP/1.1" 200 52190
66.249.64.198 - - [13/Jun/2016:02:11:20 -0500] "GET /BLA/resoluciones/AUTOS%202009/1177.pdf HTTP/1.1" 304 -
207.46.13.109 - - [13/Jun/2016:02:11:28 -0500] "GET /BLA/resoluciones/index.php?dir=RESOLUCIONES+2011%2F HTTP/1.1" 200 683843
66.249.64.198 - - [13/Jun/2016:02:11:37 -0500] "GET /BLA/resoluciones/RESOLUCIONES%202007/RES%202007%202501%20AL%202600/RESOLUCION%202515%20DE%202007.pdf HTTP/1.1" 304 -
66.249.64.198 - - [13/Jun/2016:02:11:42 -0500] "GET /BLA/resoluciones/RESOLUCIONES%202008/3774.pdf HTTP/1.1" 304 -
66.249.64.242 - - [13/Jun/2016:02:11:48 -0500] "GET /portalsiaccapacitaciones/Soportes%20Capacitaciones%202016/0001.%20MUEVETE%20MEJOR_BTA%20SDM.pdf HTTP/1.1" 304 -
66.249.64.232 - - [13/Jun/2016:02:11:50 -0500] "GET /PruebasSTORM/StormSDA_pruebas/lib/ HTTP/1.1" 200 6446
69.162.124.232 - - [13/Jun/2016:02:11:56 -0500] "HEAD / HTTP/1.1" 200 -
192.168.175.104 - - [13/Jun/2016:02:12:05 -0500] "GET / HTTP/1.0" 200 9990
66.249.64.198 - - [13/Jun/2016:02:12:14 -0500] "GET /BLA/resoluciones/RESOLUCIONES%202007/RES%202007%201726%20AL%201800/RESOLUCION%201749%20DE%202007.pdf HTTP/1.1" 304 -
66.249.64.198 - - [13/Jun/2016:02:12:25 -0500] "GET /BLA/resoluciones/RESOLUCIONES%202007/RES%202007%20101%20AL%20200/RESOLUCION%20019%20DE%202007.pdf HTTP/1.1" 304 -
66.249.64.198 - - [13/Jun/2016:02:12:52 -0500] "GET /BLA/resoluciones/RESOLUCIONES%202013/1016.pdf HTTP/1.1" 304 -
190.27.56.101 - - [13/Jun/2016:02:12:54 -0500] "GET /galeria/galeria/jquery.fancybox.css?v=2.1.5 HTTP/1.1" 200 4895
190.27.56.101 - - [13/Jun/2016:02:12:54 -0500] "GET /BLA/boletinlegal/js/jquery.scrollShow.js HTTP/1.1" 200 4586
190.27.56.101 - - [13/Jun/2016:02:12:54 -0500] "GET /galeria/galeria/jquery.fancybox.js?v=2.1.5 HTTP/1.1" 200 48706
190.27.56.101 - - [13/Jun/2016:02:12:59 -0500] "GET /BLA/boletinlegal/js/jquery.scrollShow.js HTTP/1.1" 304 -
190.27.56.101 - - [13/Jun/2016:02:12:59 -0500] "GET /galeria/galeria/jquery.fancybox.js?v=2.1.5 HTTP/1.1" 304 -
190.27.56.101 - - [13/Jun/2016:02:12:59 -0500] "GET /galeria/galeria/jquery.fancybox.css?v=2.1.5 HTTP/1.1" 304 -
66.249.64.198 - - [13/Jun/2016:02:13:14 -0500] "GET /BLA/resoluciones/RESOLUCIONES%202009/0101.pdf HTTP/1.1" 304 -
66.249.64.232 - - [13/Jun/2016:02:13:19 -0500] "GET /PruebasSTORM/StormSDA_pruebas/storm/ HTTP/1.1" 200 5624
66.249.64.198 - - [13/Jun/2016:02:13:24 -0500] "GET /BLA/resoluciones/AUTOS%202011/3352.pdf HTTP/1.1" 304 -
186.29.189.163 - - [13/Jun/2016:02:13:22 -0500] "GET /Anexos%20estudio%20Organizacional%20SDA/ANEXO%20No.%203-%20CONTRATACI%C3%93N%20%20OPS%C2%B4s%202008-2012/CONTRATOS%20SDA%202008%20POR%20DEPENDENCIA.xls HTTP/1.1" 200 371712
192.168.175.104 - - [13/Jun/2016:02:13:34 -0500] "GET / HTTP/1.1" 200 9990
66.249.64.198 - - [13/Jun/2016:02:13:35 -0500] "GET /autoliquidacion/Solicitudes%20relacionadas%20con%20calidad%20del%20aire%20auditiva%20y%20visual/Registro%20de%20Elementos%20de%20publicidad%20Exterior%20Visual/126pm04-pr16-f-a301%20Formato%20Solicitud%20de%20registro.xls HTTP/1.1" 304 -
66.249.64.198 - - [13/Jun/2016:02:13:41 -0500] "GET /BLA/resoluciones/AUTOS%202014/1361.pdf HTTP/1.1" 304 -
180.76.15.163 - - [13/Jun/2016:02:13:41 -0500] "GET / HTTP/1.1" 301 324
180.76.15.22 - - [13/Jun/2016:02:13:44 -0500] "GET / HTTP/1.1" 301 324
66.249.64.198 - - [13/Jun/2016:02:13:57 -0500] "GET /BLA/resoluciones/AUTOS%202010/5263.pdf HTTP/1.1" 304 -
157.55.39.116 - - [13/Jun/2016:02:14:00 -0500] "GET /galeria/galeria/jquery.fancybox.css?v=2.1.5 HTTP/1.1" 304 -
157.55.39.159 - - [13/Jun/2016:02:14:04 -0500] "GET /BLA/boletinlegal/js/jquery.scrollShow.js HTTP/1.1" 304 -
66.249.64.198 - - [13/Jun/2016:02:14:44 -0500] "GET /BLA/resoluciones/RESOLUCIONES%202010/6375.pdf HTTP/1.1" 304 -
207.46.13.109 - - [13/Jun/2016:02:14:49 -0500] "GET /galeria/galeria/jquery.fancybox.js?v=2.1.5 HTTP/1.1" 304 -
66.249.64.198 - - [13/Jun/2016:02:14:56 -0500] "GET /BLA/resoluciones/RESOLUCIONES%202011/1951.pdf HTTP/1.1" 304 -
66.249.64.198 - - [13/Jun/2016:02:14:58 -0500] "GET /BLA/resoluciones/AUTOS%202014/6159.pdf HTTP/1.1" 304 -
66.249.64.198 - - [13/Jun/2016:02:15:02 -0500] "GET /BLA/resoluciones/RESOLUCIONES%202011/0744.pdf HTTP/1.1" 304 -
66.249.64.198 - - [13/Jun/2016:02:15:08 -0500] "GET /BLA/resoluciones/AUTOS%202008/0234.pdf HTTP/1.1" 304 -
66.249.64.198 - - [13/Jun/2016:02:15:12 -0500] "GET /BLA/resoluciones/RESOLUCIONES%202012/1297.pdf HTTP/1.1" 304 -
74.117.180.23 - - [13/Jun/2016:02:15:14 -0500] "HEAD /BLA/resoluciones/RESOLUCIONES%202011/3418.pdf HTTP/1.1" 200 -
192.168.175.104 - - [13/Jun/2016:02:15:15 -0500] "GET / HTTP/1.1" 200 9990
66.249.64.198 - - [13/Jun/2016:02:15:23 -0500] "GET /BLA/resoluciones/RESOLUCIONES%202007/RES%202007%202401%20AL%202500/RESOLUCION%202488%20DE%202007.pdf HTTP/1.1" 304 -
66.249.64.198 - - [13/Jun/2016:02:15:29 -0500] "GET /BLA/resoluciones/RESOLUCIONES%202011/4242.pdf HTTP/1.1" 304 -
157.55.39.116 - - [13/Jun/2016:02:15:40 -0500] "GET /galeria/carrusel/Carrusel/jquery.thumbnailScroller.js HTTP/1.1" 200 8157
66.249.64.198 - - [13/Jun/2016:02:15:50 -0500] "GET /BLA/resoluciones/RESOLUCIONES%202010/2838.pdf HTTP/1.1" 304 -
66.249.64.198 - - [13/Jun/2016:02:15:56 -0500] "GET /BLA/resoluciones/RESOLUCIONES%202010/0222.pdf HTTP/1.1" 304 -
66.249.69.242 - - [13/Jun/2016:02:16:00 -0500] "GET /BLA/boletinlegal/actas/097-2013.pdf HTTP/1.1" 304 -
66.249.64.198 - - [13/Jun/2016:02:16:01 -0500] "GET /BLA/resoluciones/RESOLUCIONES%202014/0412.pdf HTTP/1.1" 304 -
66.249.64.198 - - [13/Jun/2016:02:16:06 -0500] "GET /BLA/resoluciones/RESOLUCIONES%202013/2596.pdf HTTP/1.1" 304 -
66.249.64.198 - - [13/Jun/2016:02:16:12 -0500] "GET /BLA/resoluciones/RESOLUCIONES%202014/3221.pdf HTTP/1.1" 304 -
66.249.64.232 - - [13/Jun/2016:02:16:17 -0500] "GET /PruebasSTORM/StormSDA_pruebas/forms/ HTTP/1.1" 200 3539
66.249.64.198 - - [13/Jun/2016:02:16:17 -0500] "GET /BLA/resoluciones/RESOLUCIONES%202007/RES%202007%203201%20AL%203300/RESOLUCION%203286%20DE%202007.pdf HTTP/1.1" 304 -
66.249.64.198 - - [13/Jun/2016:02:16:28 -0500] "GET /BLA/resoluciones/RESOLUCIONES%202007/RES%202007%202801%20AL%202900/RESOLUCION%202846%20%20DE%202007.pdf HTTP/1.1" 200 153847
66.249.64.198 - - [13/Jun/2016:02:16:33 -0500] "GET /BLA/resoluciones/RESOLUCIONES%202009/0077.pdf HTTP/1.1" 304 -
66.249.64.198 - - [13/Jun/2016:02:16:35 -0500] "GET /galeria/galeria/jquery.fancybox.css?v=2.1.5 HTTP/1.1" 200 4895
66.249.64.198 - - [13/Jun/2016:02:16:36 -0500] "GET /BLA/boletinlegal/js/jquery.scrollShow.js HTTP/1.1" 200 4586
66.249.64.198 - - [13/Jun/2016:02:16:36 -0500] "GET /galeria/galeria/jquery.fancybox.js?v=2.1.5 HTTP/1.1" 200 48706
190.8.213.218 - - [13/Jun/2016:02:16:38 -0500] "GET /galeria/galeria/fotos/Entrenube2G.jpg HTTP/1.1" 200 111422
66.249.64.198 - - [13/Jun/2016:02:16:39 -0500] "GET /BLA/resoluciones/RESOLUCIONES%202012/1104.pdf HTTP/1.1" 304 -
66.249.64.198 - - [13/Jun/2016:02:16:45 -0500] "GET /BLA/resoluciones/RESOLUCIONES%202010/0366.pdf HTTP/1.1" 200 780526
66.249.64.198 - - [13/Jun/2016:02:16:50 -0500] "GET /BLA/resoluciones/AUTOS%202012/0348.pdf HTTP/1.1" 304 -
66.249.64.198 - - [13/Jun/2016:02:16:55 -0500] "GET /BLA/resoluciones/AUTOS%202012/1641.pdf HTTP/1.1" 304 -
69.162.124.232 - - [13/Jun/2016:02:16:56 -0500] "HEAD / HTTP/1.1" 200 -
66.249.64.198 - - [13/Jun/2016:02:17:00 -0500] "GET /BLA/resoluciones/RESOLUCIONES%202007/RES%202007%202001%20AL%202100/RESOLUCION%202013%20DE%202007.pdf HTTP/1.1" 304 -
127.0.0.1 - - [13/Jun/2016:02:17:03 -0500] "POST /plugins/update-check/1.1/ HTTP/1.0" 404 1021
127.0.0.1 - - [13/Jun/2016:02:17:03 -0500] "POST /themes/update-check/1.1/ HTTP/1.0" 404 1021
127.0.0.1 - - [13/Jun/2016:02:17:03 -0500] "POST /core/version-check/1.7/?version=4.2.2&php=5.5.15&locale=es_ES&mysql=5.6.20&local_package=&blogs=1&users=442&multisite_enabled=0 HTTP/1.0" 404 1021
127.0.0.1 - - [13/Jun/2016:02:17:03 -0500] "POST /themes/update-check/1.1/ HTTP/1.0" 404 1021
127.0.0.1 - - [13/Jun/2016:02:17:03 -0500] "POST /plugins/update-check/1.1/ HTTP/1.0" 404 1021
192.168.175.104 - - [13/Jun/2016:02:17:03 -0500] "GET / HTTP/1.0" 200 9990
66.249.64.198 - - [13/Jun/2016:02:17:11 -0500] "GET /BLA/resoluciones/RESOLUCIONES%202009/7276.pdf HTTP/1.1" 304 -
207.46.13.109 - - [13/Jun/2016:02:17:22 -0500] "GET /robots.txt HTTP/1.1" 404 1018
66.249.64.198 - - [13/Jun/2016:02:17:28 -0500] "GET /BLA/resoluciones/RESOLUCIONES%202011/0626.pdf HTTP/1.1" 304 -
66.249.64.242 - - [13/Jun/2016:02:17:46 -0500] "GET /PruebasSTORM/StormSDA_pruebas/storm_silv/ HTTP/1.1" 200 5858
190.8.213.218 - - [13/Jun/2016:02:17:53 -0500] "GET /galeria/galeria/fotos/mirador4G.jpg HTTP/1.1" 200 159827
66.249.64.198 - - [13/Jun/2016:02:17:55 -0500] "GET /BLA/resoluciones/RESOLUCIONES%202007/RES%202007%20601%20AL%20700/RESOLUCION%200642%20DE%202007.pdf HTTP/1.1" 304 -
190.8.213.218 - - [13/Jun/2016:02:17:55 -0500] "GET /galeria/galeria/fotos/mirador3G.jpg HTTP/1.1" 200 131992
207.46.13.109 - - [13/Jun/2016:02:18:05 -0500] "GET /galeria/carrusel/Carrusel/jquery-ui-1.8.13.custom.min.js HTTP/1.1" 200 10800
66.249.64.198 - - [13/Jun/2016:02:18:05 -0500] "GET /BLA/resoluciones/AUTOS%202014/1331.pdf HTTP/1.1" 304 -
66.249.64.198 - - [13/Jun/2016:02:18:11 -0500] "GET /BLA/resoluciones/RESOLUCIONES%202010/7379.pdf HTTP/1.1" 304 -
66.249.64.198 - - [13/Jun/2016:02:18:16 -0500] "GET /BLA/resoluciones/RESOLUCIONES%202013/0482.pdf HTTP/1.1" 304 -
66.249.64.198 - - [13/Jun/2016:02:18:27 -0500] "GET /BLA/resoluciones/AUTOS%202011/0216.pdf HTTP/1.1" 304 -
192.168.175.104 - - [13/Jun/2016:02:18:32 -0500] "GET / HTTP/1.1" 200 9990
66.249.64.198 - - [13/Jun/2016:02:18:38 -0500] "GET /BLA/resoluciones/AUTOS%202012/1458.pdf HTTP/1.1" 304 -
66.249.64.198 - - [13/Jun/2016:02:18:43 -0500] "GET /BLA/resoluciones/RESOLUCIONES%202007/RES%202007%202201%20AL%202300/RESOLUCION%202293%20DE%202007.pdf HTTP/1.1" 304 -
66.249.64.198 - - [13/Jun/2016:02:18:48 -0500] "GET /BLA/resoluciones/RESOLUCIONES%202008/0146.pdf HTTP/1.1" 304 -
66.249.64.198 - - [13/Jun/2016:02:18:59 -0500] "GET /BLA/resoluciones/RESOLUCIONES%202007/RES%202007%20701%20AL%20800/RESOLUCION%200705%20DE%202007.pdf HTTP/1.1" 304 -
66.249.64.198 - - [13/Jun/2016:02:19:10 -0500] "GET /Residuos/impresion/files/guia_impresion-lit.pdf HTTP/1.1" 304 -
66.249.64.237 - - [13/Jun/2016:02:19:15 -0500] "GET /PruebasSTORM/VideoALOWeb.flv HTTP/1.1" 200 41230700
66.249.64.198 - - [13/Jun/2016:02:19:35 -0500] "GET /BLA/resoluciones/AUTOS%202013/1075.pdf HTTP/1.1" 304 -
66.249.64.198 - - [13/Jun/2016:02:19:36 -0500] "GET /BLA/resoluciones/RESOLUCIONES%202007/RES%202007%201901%20AL%202000/RESOLUCION%201995%20DE%202007.pdf HTTP/1.1" 304 -
66.249.64.198 - - [13/Jun/2016:02:19:37 -0500] "GET /BLA/resoluciones/RESOLUCIONES%202012/0805.pdf HTTP/1.1" 304 -
180.76.15.17 - - [13/Jun/2016:02:19:40 -0500] "GET /BLA/resoluciones/AUTOS%202007/2745.pdf HTTP/1.1" 200 81650
66.249.64.198 - - [13/Jun/2016:02:19:42 -0500] "GET /BLA/resoluciones/RESOLUCIONES%202012/0958.pdf HTTP/1.1" 304 -
66.249.64.198 - - [13/Jun/2016:02:19:59 -0500] "GET /BLA/resoluciones/AUTOS%202010/5348.pdf HTTP/1.1" 304 -
66.249.64.198 - - [13/Jun/2016:02:20:04 -0500] "GET /BLA/resoluciones/AUTOS%202013/1593.pdf HTTP/1.1" 304 -
66.249.64.198 - - [13/Jun/2016:02:20:09 -0500] "GET /BLA/resoluciones/AUTOS%202011/2404.pdf HTTP/1.1" 304 -
192.168.175.104 - - [13/Jun/2016:02:20:12 -0500] "GET / HTTP/1.1" 200 9990
66.249.64.198 - - [13/Jun/2016:02:20:15 -0500] "GET /BLA/resoluciones/RESOLUCIONES%202007/RES%202007%203201%20AL%203300/RESOLUCION%203257%20DE%202007.pdf HTTP/1.1" 304 -
66.249.64.198 - - [13/Jun/2016:02:20:26 -0500] "GET /BLA/resoluciones/RESOLUCIONES%202014/3653.pdf HTTP/1.1" 304 -
66.249.64.198 - - [13/Jun/2016:02:20:31 -0500] "GET /BLA/resoluciones/RESOLUCIONES%202014/1115.pdf HTTP/1.1" 304 -
190.8.213.218 - - [13/Jun/2016:02:20:33 -0500] "GET /galeria/galeria/fotos/1humedal-Burro1G.jpg HTTP/1.1" 200 132804
66.249.64.242 - - [13/Jun/2016:02:20:44 -0500] "GET /PruebasSTORM/StormSDA_pruebas/storm_silv/version.jar.old HTTP/1.1" 200 65063
66.249.64.198 - - [13/Jun/2016:02:20:47 -0500] "GET /BLA/resoluciones/RESOLUCIONES%202010/3849.pdf HTTP/1.1" 304 -
190.8.213.218 - - [13/Jun/2016:02:20:49 -0500] "GET /galeria/galeria/fotos/3humedal-Burro3G.jpg HTTP/1.1" 200 74809
190.8.213.218 - - [13/Jun/2016:02:20:57 -0500] "GET /galeria/galeria/fotos/2humedal-Burro2G.jpg HTTP/1.1" 200 140889
66.249.64.198 - - [13/Jun/2016:02:20:58 -0500] "GET /BLA/resoluciones/RESOLUCIONES%202011/0233.pdf HTTP/1.1" 304 -
66.249.64.198 - - [13/Jun/2016:02:21:03 -0500] "GET /BLA/resoluciones/RESOLUCIONES%202011/5794.pdf HTTP/1.1" 304 -
66.249.64.198 - - [13/Jun/2016:02:21:14 -0500] "GET /BLA/resoluciones/RESOLUCIONES%202013/0034.pdf HTTP/1.1" 304 -
66.249.64.198 - - [13/Jun/2016:02:21:20 -0500] "GET /BLA/resoluciones/AUTOS%202014/0860.pdf HTTP/1.1" 304 -
66.249.64.198 - - [13/Jun/2016:02:21:25 -0500] "GET /BLA/resoluciones/Notificaciones/AUTOS%202014/0799.doc HTTP/1.1" 304 -
66.249.64.198 - - [13/Jun/2016:02:21:36 -0500] "GET /BLA/resoluciones/RESOLUCIONES%202013/0116.pdf HTTP/1.1" 304 -
66.249.64.198 - - [13/Jun/2016:02:21:41 -0500] "GET /BLA/resoluciones/RESOLUCIONES%202008/3330.pdf HTTP/1.1" 304 -
69.162.124.232 - - [13/Jun/2016:02:21:56 -0500] "HEAD / HTTP/1.1" 200 -
66.249.64.198 - - [13/Jun/2016:02:21:57 -0500] "GET /BLA/resoluciones/AUTOS%202013/1646.pdf HTTP/1.1" 304 -
192.168.175.104 - - [13/Jun/2016:02:22:01 -0500] "GET / HTTP/1.0" 200 9990
66.249.64.198 - - [13/Jun/2016:02:22:03 -0500] "GET /BLA/resoluciones/RESOLUCIONES%202009/4937.pdf HTTP/1.1" 304 -
66.249.64.198 - - [13/Jun/2016:02:22:25 -0500] "GET /BLA/resoluciones/RESOLUCIONES%202010/6809.pdf HTTP/1.1" 304 -
66.249.64.198 - - [13/Jun/2016:02:22:35 -0500] "GET /BLA/resoluciones/RESOLUCIONES%202013/0344.pdf HTTP/1.1" 304 -
66.249.64.198 - - [13/Jun/2016:02:22:46 -0500] "GET /BLA/resoluciones/AUTOS%202013/0161.pdf HTTP/1.1" 304 -
66.249.64.198 - - [13/Jun/2016:02:22:51 -0500] "GET /BLA/resoluciones/AUTOS%202015/0198.pdf HTTP/1.1" 304 -
66.249.64.198 - - [13/Jun/2016:02:23:02 -0500] "GET /BLA/resoluciones/RESOLUCIONES%202008/0896.pdf HTTP/1.1" 304 -
66.249.64.198 - - [13/Jun/2016:02:23:13 -0500] "GET /BLA/resoluciones/RESOLUCIONES%202009/2886.pdf HTTP/1.1" 304 -
66.249.64.198 - - [13/Jun/2016:02:23:18 -0500] "GET /BLA/resoluciones/RESOLUCIONES%202012/1391.pdf HTTP/1.1" 304 -
192.168.175.104 - - [13/Jun/2016:02:23:30 -0500] "GET / HTTP/1.1" 200 9990
66.249.64.198 - - [13/Jun/2016:02:23:45 -0500] "GET /BLA/resoluciones/AUTOS%202011/4447.pdf HTTP/1.1" 304 -
66.249.64.198 - - [13/Jun/2016:02:23:56 -0500] "GET /BLA/resoluciones/RESOLUCIONES%202011/1013.pdf HTTP/1.1" 304 -
66.249.64.198 - - [13/Jun/2016:02:24:02 -0500] "GET /BLA/resoluciones/RESOLUCIONES%202010/5757.pdf HTTP/1.1" 304 -
66.249.64.198 - - [13/Jun/2016:02:24:07 -0500] "GET /BLA/resoluciones/RESOLUCIONES%202007/RES%202007%202301%20AL%202400/RESOLUCION%202343%20DE%202007.pdf HTTP/1.1" 304 -
66.249.64.198 - - [13/Jun/2016:02:24:18 -0500] "GET /BLA/resoluciones/AUTOS%202013/2086.pdf HTTP/1.1" 304 -
66.249.64.198 - - [13/Jun/2016:02:24:23 -0500] "GET /BLA/resoluciones/RESOLUCIONES%202009/3813.pdf HTTP/1.1" 304 -
66.249.64.198 - - [13/Jun/2016:02:24:34 -0500] "GET /BLA/resoluciones/RESOLUCIONES%202012/0714.pdf HTTP/1.1" 304 -
190.8.213.218 - - [13/Jun/2016:02:24:38 -0500] "GET /galeria/galeria/fotos/Humedal-techo1G.jpg HTTP/1.1" 200 396540
66.249.64.198 - - [13/Jun/2016:02:24:39 -0500] "GET /BLA/resoluciones/RESOLUCIONES%202010/0238.pdf HTTP/1.1" 304 -
66.249.64.198 - - [13/Jun/2016:02:24:45 -0500] "GET /BLA/resoluciones/AUTOS%202014/7302.pdf HTTP/1.1" 304 -
66.249.64.198 - - [13/Jun/2016:02:24:50 -0500] "GET /BLA/resoluciones/AUTOS%202014/5663.pdf HTTP/1.1" 304 -
66.249.64.198 - - [13/Jun/2016:02:25:01 -0500] "GET /BLA/resoluciones/RESOLUCIONES%202009/6931.pdf HTTP/1.1" 304 -
66.249.64.198 - - [13/Jun/2016:02:25:06 -0500] "GET /BLA/resoluciones/RESOLUCIONES%202012/1307.pdf HTTP/1.1" 304 -
118.102.135.154 - - [13/Jun/2016:02:25:10 -0500] "GET /ecodirectorio/? HTTP/1.1" 200 4742
118.102.135.154 - - [13/Jun/2016:02:25:11 -0500] "GET /ecodirectorio/files/js/swfobject.js HTTP/1.1" 200 10220
192.168.175.104 - - [13/Jun/2016:02:25:11 -0500] "GET / HTTP/1.1" 200 9990
118.102.135.154 - - [13/Jun/2016:02:25:11 -0500] "GET /ecodirectorio/files/js/swfaddress.js HTTP/1.1" 200 15916
66.249.64.198 - - [13/Jun/2016:02:25:14 -0500] "GET /BLA/resoluciones/AUTOS%202012/1942.pdf HTTP/1.1" 304 -
66.249.64.198 - - [13/Jun/2016:02:25:17 -0500] "GET /BLA/resoluciones/RESOLUCIONES%202012/1228.pdf HTTP/1.1" 304 -
66.249.64.198 - - [13/Jun/2016:02:25:23 -0500] "GET /BLA/resoluciones/Notificaciones/AUTOS%202015/2989.doc HTTP/1.1" 304 -
66.249.64.198 - - [13/Jun/2016:02:25:28 -0500] "GET /BLA/resoluciones/AUTOS%202012/1078.pdf HTTP/1.1" 304 -
66.249.64.198 - - [13/Jun/2016:02:25:33 -0500] "GET /BLA/resoluciones/AUTOS%202013/0359.pdf HTTP/1.1" 304 -
66.249.64.198 - - [13/Jun/2016:02:25:50 -0500] "GET /BLA/resoluciones/AUTOS%202013/0953.pdf HTTP/1.1" 304 -
66.249.64.198 - - [13/Jun/2016:02:25:55 -0500] "GET /BLA/resoluciones/RESOLUCIONES%202010/6921.pdf HTTP/1.1" 304 -
66.249.64.198 - - [13/Jun/2016:02:26:11 -0500] "GET /BLA/resoluciones/RESOLUCIONES%202012/1281.pdf HTTP/1.1" 304 -
66.249.64.198 - - [13/Jun/2016:02:26:17 -0500] "GET /BLA/resoluciones/RESOLUCIONES%202007/RES%202007%201401%20AL%201500/RESOLUCION%201443%20DE%202007.pdf HTTP/1.1" 304 -
66.249.64.198 - - [13/Jun/2016:02:26:45 -0500] "GET /BLA/resoluciones/RESOLUCIONES%202010/4175.pdf HTTP/1.1" 304 -
66.249.64.198 - - [13/Jun/2016:02:26:49 -0500] "GET /BLA/resoluciones/AUTOS%202012/1723.pdf HTTP/1.1" 304 -
66.249.64.198 - - [13/Jun/2016:02:26:54 -0500] "GET /BLA/resoluciones/RESOLUCIONES%202007/RES%202007%20401%20AL%20500/RESOLUCION%200412%20DE%202007.pdf HTTP/1.1" 304 -
69.162.124.232 - - [13/Jun/2016:02:26:56 -0500] "HEAD / HTTP/1.1" 200 -
190.8.213.218 - - [13/Jun/2016:02:26:57 -0500] "GET /galeria/galeria/fotos/Humedal-techo3G.jpg HTTP/1.1" 200 378344
192.168.175.104 - - [13/Jun/2016:02:26:59 -0500] "GET / HTTP/1.0" 200 9990
66.249.64.198 - - [13/Jun/2016:02:27:00 -0500] "GET /BLA/resoluciones/RESOLUCIONES%202013/0594.pdf HTTP/1.1" 304 -
66.249.64.198 - - [13/Jun/2016:02:27:05 -0500] "GET /BLA/resoluciones/AUTOS%202011/2888.pdf HTTP/1.1" 304 -
66.249.64.198 - - [13/Jun/2016:02:27:16 -0500] "GET /BLA/resoluciones/AUTOS%202012/2523.pdf HTTP/1.1" 304 -
66.249.64.198 - - [13/Jun/2016:02:27:21 -0500] "GET /BLA/resoluciones/RESOLUCIONES%202007/RES%202007%202601%20AL%202700/RESOLUCION%202643%20DE%202007.pdf HTTP/1.1" 304 -
190.8.213.218 - - [13/Jun/2016:02:27:44 -0500] "GET /galeria/galeria/fotos/Humedal-Santa-Mar%C3%ADa-del-Lago4G.jpg HTTP/1.1" 200 361652
190.8.213.218 - - [13/Jun/2016:02:27:50 -0500] "GET /galeria/galeria/fotos/1GuaymaralTorcaG1.jpg HTTP/1.1" 200 36592
66.249.69.198 - - [13/Jun/2016:02:27:53 -0500] "GET /BLA/resoluciones/RESOLUCIONES%202011/1220.pdf HTTP/1.1" 200 511935
190.8.213.218 - - [13/Jun/2016:02:27:55 -0500] "GET /galeria/galeria/fotos/Humedal-techo2G.jpg HTTP/1.1" 200 358004
192.168.175.104 - - [13/Jun/2016:02:28:28 -0500] "GET / HTTP/1.1" 200 9990
190.8.213.218 - - [13/Jun/2016:02:28:30 -0500] "GET /galeria/galeria/fotos/Humedal-Santa-Mar%C3%ADa-del-Lago1G.jpg HTTP/1.1" 200 290867
190.8.213.218 - - [13/Jun/2016:02:28:31 -0500] "GET /galeria/galeria/fotos/Humedal-Santa-Mar%C3%ADa-del-Lago1G.jpg HTTP/1.1" 206 267774
66.249.64.198 - - [13/Jun/2016:02:29:53 -0500] "GET /BLA/resoluciones/RESOLUCIONES%202013/0025.pdf HTTP/1.1" 304 -
66.249.64.198 - - [13/Jun/2016:02:29:58 -0500] "GET /BLA/resoluciones/RESOLUCIONES%202008/5637.pdf HTTP/1.1" 304 -
66.249.64.198 - - [13/Jun/2016:02:30:09 -0500] "GET /BLA/resoluciones/RESOLUCIONES%202009/1803.pdf HTTP/1.1" 304 -
192.168.175.104 - - [13/Jun/2016:02:30:09 -0500] "GET / HTTP/1.1" 200 9990
66.249.64.198 - - [13/Jun/2016:02:30:14 -0500] "GET /BLA/resoluciones/RESOLUCIONES%202014/3748.pdf HTTP/1.1" 304 -
66.249.64.198 - - [13/Jun/2016:02:30:20 -0500] "GET /BLA/resoluciones/RESOLUCIONES%202012/1725.pdf HTTP/1.1" 304 -
66.249.69.208 - - [13/Jun/2016:02:30:23 -0500] "GET /BLA/resoluciones/AUTOS%202014/0530.pdf HTTP/1.1" 200 714163
66.249.64.198 - - [13/Jun/2016:02:30:25 -0500] "GET /BLA/resoluciones/RESOLUCIONES%202014/0702.pdf HTTP/1.1" 200 26706291
190.8.213.218 - - [13/Jun/2016:02:30:32 -0500] "GET /galeria/galeria/fotos/Capellania1G.jpg HTTP/1.1" 200 373859
190.8.213.218 - - [13/Jun/2016:02:30:32 -0500] "GET /galeria/galeria/fotos/Capellania2G.jpg HTTP/1.1" 200 523013
157.55.39.170 - - [13/Jun/2016:02:30:44 -0500] "GET /SIG/index.php?dir=Comunicaciones%2F HTTP/1.1" 200 2915
66.249.64.198 - - [13/Jun/2016:02:30:52 -0500] "GET /BLA/resoluciones/AUTOS%202013/2399.pdf HTTP/1.1" 304 -
190.8.213.218 - - [13/Jun/2016:02:30:53 -0500] "GET /galeria/galeria/fotos/MeandrodelSay2G.jpg HTTP/1.1" 200 321492
66.249.64.198 - - [13/Jun/2016:02:30:53 -0500] "GET /BLA/resoluciones/RESOLUCIONES%202009/9524.pdf HTTP/1.1" 200 606039
66.249.64.198 - - [13/Jun/2016:02:30:55 -0500] "GET /BLA/resoluciones/RESOLUCIONES%202011/4416.pdf HTTP/1.1" 200 361135
66.249.64.248 - - [13/Jun/2016:02:31:10 -0500] "GET /BLA/boletinlegal/style.css HTTP/1.1" 200 9406
186.29.189.163 - - [13/Jun/2016:02:31:22 -0500] "GET /Anexos%20estudio%20Organizacional%20SDA/ANEXO%20No.%203-%20CONTRATACI%C3%93N%20%20OPS%C2%B4s%202008-2012/CONTRATOS%20SDA%202008%20POR%20DEPENDENCIA.xls HTTP/1.1" 200 371712
190.8.213.218 - - [13/Jun/2016:02:31:30 -0500] "GET /galeria/galeria/fotos/juan-amarillo3G.jpg HTTP/1.1" 200 328975
69.162.124.232 - - [13/Jun/2016:02:31:56 -0500] "HEAD / HTTP/1.1" 200 -
192.168.175.104 - - [13/Jun/2016:02:31:58 -0500] "GET / HTTP/1.0" 200 9990
66.249.75.243 - - [13/Jun/2016:02:33:01 -0500] "GET /BLA/resoluciones/AUTOS%202010/4854.pdf HTTP/1.1" 304 -
66.249.64.198 - - [13/Jun/2016:02:33:26 -0500] "GET /BLA/resoluciones/AUTOS%202014/1306.pdf HTTP/1.1" 304 -
192.168.175.104 - - [13/Jun/2016:02:33:26 -0500] "GET / HTTP/1.1" 200 9990
66.249.64.198 - - [13/Jun/2016:02:33:28 -0500] "GET /BLA/resoluciones/RESOLUCIONES%202009/0132.pdf HTTP/1.1" 304 -
66.249.64.198 - - [13/Jun/2016:02:33:29 -0500] "GET /BLA/resoluciones/RESOLUCIONES%202007/RES%202007%201501%20AL%201600/RESOLUCION%201548%20DE%202007.pdf HTTP/1.1" 304 -
66.249.64.198 - - [13/Jun/2016:02:34:17 -0500] "GET /BLA/resoluciones/RESOLUCIONES%202011/6215.pdf HTTP/1.1" 304 -
66.249.64.198 - - [13/Jun/2016:02:34:23 -0500] "GET /BLA/resoluciones/RESOLUCIONES%202010/7460.pdf HTTP/1.1" 304 -
66.249.64.198 - - [13/Jun/2016:02:34:28 -0500] "GET /BLA/resoluciones/AUTOS%202014/2560.pdf HTTP/1.1" 304 -
66.249.64.198 - - [13/Jun/2016:02:34:39 -0500] "GET /BLA/resoluciones/RESOLUCIONES%202007/RES%202007%201501%20AL%201600/RESOLUCION%201505%20DE%202007.pdf HTTP/1.1" 304 -
66.249.64.198 - - [13/Jun/2016:02:34:55 -0500] "GET /BLA/resoluciones/AUTOS%202015/1972.pdf HTTP/1.1" 304 -
66.249.64.198 - - [13/Jun/2016:02:35:00 -0500] "GET /BLA/resoluciones/AUTOS%202013/2013.pdf HTTP/1.1" 304 -
192.168.175.104 - - [13/Jun/2016:02:35:08 -0500] "GET / HTTP/1.1" 200 9990
66.249.64.198 - - [13/Jun/2016:02:35:11 -0500] "GET /BLA/resoluciones/RESOLUCIONES%202013/0007.pdf HTTP/1.1" 304 -
66.249.64.198 - - [13/Jun/2016:02:35:17 -0500] "GET /BLA/resoluciones/AUTOS%202007/3665.pdf HTTP/1.1" 304 -
66.249.64.198 - - [13/Jun/2016:02:35:22 -0500] "GET /BLA/resoluciones/RESOLUCIONES%202007/RES%202007%201301%20AL%201400/RESOLUCION%201367%20DE%202007.pdf HTTP/1.1" 304 -
66.249.75.243 - - [13/Jun/2016:02:35:33 -0500] "GET /BLA/resoluciones/AUTOS%202007/3060.pdf HTTP/1.1" 304 -
66.249.64.198 - - [13/Jun/2016:02:35:33 -0500] "GET /BLA/resoluciones/AUTOS%202008/2079.pdf HTTP/1.1" 304 -
66.249.64.198 - - [13/Jun/2016:02:35:38 -0500] "GET /BLA/resoluciones/AUTOS%202013/0354.pdf HTTP/1.1" 304 -
66.249.64.198 - - [13/Jun/2016:02:35:44 -0500] "GET /desprendiblespago/controlador HTTP/1.1" 200 2321
66.249.64.198 - - [13/Jun/2016:02:36:00 -0500] "GET /BLA/resoluciones/RESOLUCIONES%202009/6928.pdf HTTP/1.1" 304 -
66.249.64.198 - - [13/Jun/2016:02:36:05 -0500] "GET /BLA/resoluciones/RESOLUCIONES%202014/1026.pdf HTTP/1.1" 304 -
66.249.64.198 - - [13/Jun/2016:02:36:11 -0500] "GET /BLA/resoluciones/AUTOS%202014/3106.pdf HTTP/1.1" 304 -
66.249.64.198 - - [13/Jun/2016:02:36:16 -0500] "GET /BLA/resoluciones/RESOLUCIONES%202013/2088.pdf HTTP/1.1" 304 -
66.249.64.198 - - [13/Jun/2016:02:36:21 -0500] "GET /BLA/resoluciones/RESOLUCIONES%202014/3683.pdf HTTP/1.1" 304 -
66.249.64.198 - - [13/Jun/2016:02:36:27 -0500] "GET /BLA/resoluciones/AUTOS%202015/2337.pdf HTTP/1.1" 304 -
66.249.64.198 - - [13/Jun/2016:02:36:38 -0500] "GET /BLA/resoluciones/RESOLUCIONES%202007/RES%202007%204101%20AL%204200/RESOLUCION%204167%20DE%202007.pdf HTTP/1.1" 304 -
66.249.64.198 - - [13/Jun/2016:02:36:43 -0500] "GET /BLA/resoluciones/RESOLUCIONES%202010/0929.pdf HTTP/1.1" 304 -
66.249.64.198 - - [13/Jun/2016:02:36:48 -0500] "GET /BLA/resoluciones/RESOLUCIONES%202007/RES%202007%203701%20AL%203800/RESOLUCION%203701%20DE%202007.pdf HTTP/1.1" 304 -
66.249.64.198 - - [13/Jun/2016:02:36:54 -0500] "GET /BLA/resoluciones/RESOLUCIONES%202007/RES%202007%202601%20AL%202700/RESOLUCION%202644%20DE%202007.pdf HTTP/1.1" 304 -
69.162.124.232 - - [13/Jun/2016:02:36:56 -0500] "HEAD / HTTP/1.1" 200 -
192.168.175.104 - - [13/Jun/2016:02:36:57 -0500] "GET / HTTP/1.0" 200 9990
66.249.64.198 - - [13/Jun/2016:02:36:59 -0500] "GET /BLA/resoluciones/RESOLUCIONES%202007/RES%202007%202601%20AL%202700/RESOLUCION%202632%20DE%202007.pdf HTTP/1.1" 304 -
66.249.64.198 - - [13/Jun/2016:02:37:13 -0500] "GET /BLA/resoluciones/RESOLUCIONES%202009/3892.pdf HTTP/1.1" 304 -
66.249.64.198 - - [13/Jun/2016:02:37:15 -0500] "GET /BLA/resoluciones/AUTOS%202013/1101.pdf HTTP/1.1" 304 -
66.249.64.198 - - [13/Jun/2016:02:37:21 -0500] "GET /BLA/resoluciones/RESOLUCIONES%202007/RES%202007%202101%20AL%202200/RESOLUCION%202175%20DE%202007.pdf HTTP/1.1" 304 -
66.249.64.198 - - [13/Jun/2016:02:37:26 -0500] "GET /BLA/resoluciones/RESOLUCIONES%202007/RES%202007%203901%20AL%204000/RESOLUCION%203994%20DE%202007.pdf HTTP/1.1" 304 -
66.249.64.198 - - [13/Jun/2016:02:37:32 -0500] "GET /BLA/resoluciones/AUTOS%202010/0101.pdf HTTP/1.1" 304 -
52.3.127.144 - - [13/Jun/2016:02:37:32 -0500] "GET /robots.txt HTTP/1.1" 404 1018
66.249.64.198 - - [13/Jun/2016:02:37:37 -0500] "GET /BLA/resoluciones/AUTOS%202013/1474.pdf HTTP/1.1" 304 -
66.249.64.198 - - [13/Jun/2016:02:37:48 -0500] "GET /BLA/resoluciones/RESOLUCIONES%202010/4743.pdf HTTP/1.1" 304 -
66.249.64.198 - - [13/Jun/2016:02:37:53 -0500] "GET /BLA/resoluciones/RESOLUCIONES%202011/0165.pdf HTTP/1.1" 304 -
