181.156.160.57 - - [13/Jun/2016:04:22:11 -0500] "GET /galeria/galeria/jquery.fancybox.css?v=2.1.5 HTTP/1.1" 200 4895
181.156.160.57 - - [13/Jun/2016:04:22:11 -0500] "GET /BLA/boletinlegal/js/jquery.scrollShow.js HTTP/1.1" 200 4586
181.156.160.57 - - [13/Jun/2016:04:22:11 -0500] "GET /galeria/galeria/jquery.fancybox.js?v=2.1.5 HTTP/1.1" 200 48706
66.249.64.198 - - [13/Jun/2016:04:22:19 -0500] "GET /BLA/resoluciones/AUTOS%202014/0651.pdf HTTP/1.1" 304 -
66.249.64.198 - - [13/Jun/2016:04:22:25 -0500] "GET /BLA/resoluciones/RESOLUCIONES%202007/RES%202007%202201%20AL%202300/RESOLUCION%202238%20DE%202007.pdf HTTP/1.1" 304 -
181.156.160.57 - - [13/Jun/2016:04:22:33 -0500] "GET /BLA/boletinlegal/js/jquery.scrollShow.js HTTP/1.1" 304 -
181.156.160.57 - - [13/Jun/2016:04:22:33 -0500] "GET /galeria/galeria/jquery.fancybox.js?v=2.1.5 HTTP/1.1" 304 -
181.156.160.57 - - [13/Jun/2016:04:22:33 -0500] "GET /galeria/galeria/jquery.fancybox.css?v=2.1.5 HTTP/1.1" 304 -
192.168.175.104 - - [13/Jun/2016:04:22:50 -0500] "GET / HTTP/1.1" 200 9990
66.249.64.198 - - [13/Jun/2016:04:22:57 -0500] "GET /BLA/resoluciones/AUTOS%202013/0921.pdf HTTP/1.1" 304 -
66.249.64.198 - - [13/Jun/2016:04:23:03 -0500] "GET /BLA/resoluciones/AUTOS%202014/6795.pdf HTTP/1.1" 304 -
66.249.64.198 - - [13/Jun/2016:04:23:09 -0500] "GET /BLA/resoluciones/AUTOS%202014/6424.pdf HTTP/1.1" 200 465192
186.6.181.77 - - [13/Jun/2016:04:23:29 -0500] "GET /galeria/galeria/jquery.fancybox.css?v=2.1.5 HTTP/1.1" 200 4895
186.6.181.77 - - [13/Jun/2016:04:23:29 -0500] "GET /BLA/boletinlegal/js/jquery.scrollShow.js HTTP/1.1" 200 4586
186.6.181.77 - - [13/Jun/2016:04:23:29 -0500] "GET /galeria/galeria/jquery.fancybox.js?v=2.1.5 HTTP/1.1" 200 48706
66.249.64.198 - - [13/Jun/2016:04:23:46 -0500] "GET /BLA/resoluciones/RESOLUCIONES%202009/5963.pdf HTTP/1.1" 304 -
186.6.181.77 - - [13/Jun/2016:04:23:51 -0500] "GET /galeria/galeria/jquery.fancybox.css?v=2.1.5 HTTP/1.1" 304 -
186.6.181.77 - - [13/Jun/2016:04:23:51 -0500] "GET /BLA/boletinlegal/js/jquery.scrollShow.js HTTP/1.1" 304 -
186.6.181.77 - - [13/Jun/2016:04:23:51 -0500] "GET /galeria/galeria/jquery.fancybox.js?v=2.1.5 HTTP/1.1" 304 -
66.249.64.198 - - [13/Jun/2016:04:24:08 -0500] "GET /BLA/resoluciones/AUTOS%202015/0058.pdf HTTP/1.1" 304 -
66.249.69.203 - - [13/Jun/2016:04:24:12 -0500] "GET /BLA/resoluciones/AUTOS%202013/3456.pdf HTTP/1.1" 304 -
186.6.181.77 - - [13/Jun/2016:04:24:16 -0500] "GET /BLA/boletinlegal/js/jquery.scrollShow.js HTTP/1.1" 304 -
186.6.181.77 - - [13/Jun/2016:04:24:16 -0500] "GET /galeria/galeria/jquery.fancybox.js?v=2.1.5 HTTP/1.1" 304 -
186.6.181.77 - - [13/Jun/2016:04:24:16 -0500] "GET /galeria/galeria/jquery.fancybox.css?v=2.1.5 HTTP/1.1" 304 -
192.168.175.104 - - [13/Jun/2016:04:24:28 -0500] "GET / HTTP/1.1" 200 9990
66.249.64.198 - - [13/Jun/2016:04:24:40 -0500] "GET /BLA/resoluciones/AUTOS%202014/1924.pdf HTTP/1.1" 304 -
152.61.128.50 - - [13/Jun/2016:04:24:44 -0500] "HEAD / HTTP/1.1" 200 -
66.249.64.198 - - [13/Jun/2016:04:24:51 -0500] "GET /BLA/resoluciones/RESOLUCIONES%202007/RES%202007%20401%20AL%20500/RESOLUCION%200444%20DE%202007.pdf HTTP/1.1" 304 -
66.249.64.198 - - [13/Jun/2016:04:24:56 -0500] "GET /BLA/resoluciones/AUTOS%202014/5591.pdf HTTP/1.1" 304 -
66.249.64.198 - - [13/Jun/2016:04:25:01 -0500] "GET /BLA/resoluciones/RESOLUCIONES%202010/0109.pdf HTTP/1.1" 200 509190
180.76.15.13 - - [13/Jun/2016:04:25:04 -0500] "GET / HTTP/1.1" 200 9990
152.61.128.50 - - [13/Jun/2016:04:24:44 -0500] "GET /arcgis/services/Calidad_del_Agua_WQI/MapServer/WMSServer?SERVICE=WMS&REQUEST=GetCapabilities HTTP/1.1" 503 1020
152.61.128.50 - - [13/Jun/2016:04:25:05 -0500] "GET /arcgis/services/Calidad_del_Agua_WQI/MapServer/WMSServer?WMTVER=1.0.0&REQUEST=capabilities HTTP/1.1" 503 1020
66.249.64.198 - - [13/Jun/2016:04:25:07 -0500] "GET /BLA/resoluciones/AUTOS%202014/3296.pdf HTTP/1.1" 304 -
66.249.64.237 - - [13/Jun/2016:04:25:13 -0500] "GET /portalsiaccapacitaciones/Soportes%20Capacitaciones%202016/0001.%20MUEVETE%20MEJOR_BTA%20SDM.pdf HTTP/1.1" 304 -
66.249.64.198 - - [13/Jun/2016:04:25:18 -0500] "GET /BLA/resoluciones/AUTOS%202014/5110.pdf HTTP/1.1" 304 -
66.249.64.198 - - [13/Jun/2016:04:25:27 -0500] "GET /BLA/resoluciones/AUTOS%202012/2537.pdf HTTP/1.1" 304 -
180.76.15.147 - - [13/Jun/2016:04:25:35 -0500] "GET / HTTP/1.1" 200 9990
195.154.187.115 - - [13/Jun/2016:04:25:39 -0500] "GET /robots.txt HTTP/1.0" 404 1015
195.154.187.115 - - [13/Jun/2016:04:25:41 -0500] "GET /StormSDA/userFiles/user_files/89/?C=N;O=D HTTP/1.0" 200 813
195.154.187.115 - - [13/Jun/2016:04:25:43 -0500] "GET /StormSDA/userFiles/user_files/89/?C=S;O=A HTTP/1.0" 200 813
195.154.187.115 - - [13/Jun/2016:04:25:45 -0500] "GET /StormSDA/userFiles/user_files/90/?C=D;O=D HTTP/1.0" 200 813
195.154.187.115 - - [13/Jun/2016:04:25:47 -0500] "GET /StormSDA/userFiles/user_files/90/?C=M;O=A HTTP/1.0" 200 813
195.154.187.115 - - [13/Jun/2016:04:25:48 -0500] "GET /StormSDA/userFiles/user_files/90/?C=N;O=A HTTP/1.0" 200 813
195.154.187.115 - - [13/Jun/2016:04:25:50 -0500] "GET /StormSDA/userFiles/user_files/90/?C=N;O=D HTTP/1.0" 200 813
195.154.187.115 - - [13/Jun/2016:04:25:52 -0500] "GET /StormSDA/userFiles/user_files/90/?C=S;O=A HTTP/1.0" 200 813
195.154.187.115 - - [13/Jun/2016:04:25:55 -0500] "GET /StormSDA/userFiles/user_files/90/?C=S;O=D HTTP/1.0" 200 813
195.154.187.115 - - [13/Jun/2016:04:25:57 -0500] "GET /StormSDA/userFiles/user_files/91/?C=D;O=A HTTP/1.0" 200 813
195.154.187.115 - - [13/Jun/2016:04:25:58 -0500] "GET /StormSDA/userFiles/user_files/91/?C=D;O=D HTTP/1.0" 200 813
195.154.187.115 - - [13/Jun/2016:04:26:00 -0500] "GET /StormSDA/userFiles/user_files/91/?C=M;O=A HTTP/1.0" 200 813
195.154.187.115 - - [13/Jun/2016:04:26:02 -0500] "GET /StormSDA/userFiles/user_files/91/?C=M;O=D HTTP/1.0" 200 813
195.154.187.115 - - [13/Jun/2016:04:26:03 -0500] "GET /StormSDA/userFiles/user_files/91/?C=N;O=A HTTP/1.0" 200 813
195.154.187.115 - - [13/Jun/2016:04:26:05 -0500] "GET /StormSDA/userFiles/user_files/91/?C=N;O=D HTTP/1.0" 200 813
195.154.187.115 - - [13/Jun/2016:04:26:07 -0500] "GET /StormSDA/userFiles/user_files/91/?C=S;O=A HTTP/1.0" 200 813
195.154.187.115 - - [13/Jun/2016:04:26:09 -0500] "GET /StormSDA/userFiles/user_files/91/?C=S;O=D HTTP/1.0" 200 813
195.154.187.115 - - [13/Jun/2016:04:26:11 -0500] "GET /StormSDA/userFiles/user_files/92/?C=D;O=A HTTP/1.0" 200 813
195.154.187.115 - - [13/Jun/2016:04:26:12 -0500] "GET /StormSDA/userFiles/user_files/92/?C=D;O=D HTTP/1.0" 200 813
195.154.187.115 - - [13/Jun/2016:04:26:14 -0500] "GET /StormSDA/userFiles/user_files/92/?C=M;O=A HTTP/1.0" 200 813
195.154.187.115 - - [13/Jun/2016:04:26:16 -0500] "GET /StormSDA/userFiles/user_files/92/?C=M;O=D HTTP/1.0" 200 813
195.154.187.115 - - [13/Jun/2016:04:26:18 -0500] "GET /StormSDA/userFiles/user_files/92/?C=N;O=A HTTP/1.0" 200 813
192.168.175.104 - - [13/Jun/2016:04:26:19 -0500] "GET / HTTP/1.0" 200 9990
195.154.187.115 - - [13/Jun/2016:04:26:20 -0500] "GET /StormSDA/userFiles/user_files/97/?C=M;O=A HTTP/1.0" 200 813
195.154.187.115 - - [13/Jun/2016:04:26:22 -0500] "GET /StormSDA/userFiles/user_files/97/?C=M;O=D HTTP/1.0" 200 813
195.154.187.115 - - [13/Jun/2016:04:26:24 -0500] "GET /StormSDA/userFiles/user_files/97/?C=N;O=A HTTP/1.0" 200 813
195.154.187.115 - - [13/Jun/2016:04:26:26 -0500] "GET /StormSDA/userFiles/user_files/97/?C=N;O=D HTTP/1.0" 200 813
195.154.187.115 - - [13/Jun/2016:04:26:27 -0500] "GET /StormSDA/userFiles/user_files/97/?C=S;O=A HTTP/1.0" 200 813
195.154.187.115 - - [13/Jun/2016:04:26:29 -0500] "GET /StormSDA/userFiles/user_files/97/?C=S;O=D HTTP/1.0" 200 813
195.154.187.115 - - [13/Jun/2016:04:26:31 -0500] "GET /StormSDA/userFiles/user_files/98/?C=D;O=A HTTP/1.0" 200 813
195.154.187.115 - - [13/Jun/2016:04:26:33 -0500] "GET /StormSDA/userFiles/user_files/98/?C=D;O=D HTTP/1.0" 200 813
66.249.64.198 - - [13/Jun/2016:04:26:33 -0500] "GET /BLA/resoluciones/AUTOS%202013/3376.pdf HTTP/1.1" 304 -
195.154.187.115 - - [13/Jun/2016:04:26:34 -0500] "GET /StormSDA/userFiles/user_files/98/?C=M;O=A HTTP/1.0" 200 813
195.154.187.115 - - [13/Jun/2016:04:26:36 -0500] "GET /StormSDA/userFiles/user_files/98/?C=M;O=D HTTP/1.0" 200 813
195.154.187.115 - - [13/Jun/2016:04:26:38 -0500] "GET /StormSDA/userFiles/user_files/98/?C=N;O=A HTTP/1.0" 200 813
195.154.187.115 - - [13/Jun/2016:04:26:40 -0500] "GET /StormSDA/userFiles/user_files/98/?C=N;O=D HTTP/1.0" 200 813
195.154.187.115 - - [13/Jun/2016:04:26:42 -0500] "GET /StormSDA/userFiles/user_files/98/?C=S;O=A HTTP/1.0" 200 813
195.154.187.115 - - [13/Jun/2016:04:26:43 -0500] "GET /StormSDA/userFiles/user_files/98/?C=S;O=D HTTP/1.0" 200 813
66.249.64.198 - - [13/Jun/2016:04:26:44 -0500] "GET /BLA/resoluciones/AUTOS%202011/7676.pdf HTTP/1.1" 200 115503
195.154.187.115 - - [13/Jun/2016:04:26:47 -0500] "GET /StormSDA/userFiles/user_files/?C=D;O=A HTTP/1.0" 200 8984
195.154.187.115 - - [13/Jun/2016:04:26:49 -0500] "GET /robots.txt HTTP/1.0" 404 1015
66.249.64.198 - - [13/Jun/2016:04:26:51 -0500] "GET /BLA/resoluciones/AUTOS%202007/1046.pdf HTTP/1.1" 304 -
195.154.187.115 - - [13/Jun/2016:04:26:52 -0500] "GET /StormSDA/userFiles/user_files/?C=D;O=A HTTP/1.1" 200 8985
195.154.187.115 - - [13/Jun/2016:04:26:54 -0500] "GET /StormSDA/userFiles/user_files/?C=D;O=D HTTP/1.0" 200 8984
195.154.187.115 - - [13/Jun/2016:04:26:56 -0500] "GET /StormSDA/userFiles/user_files/?C=M;O=A HTTP/1.0" 200 8984
69.162.124.232 - - [13/Jun/2016:04:26:56 -0500] "HEAD / HTTP/1.1" 200 -
195.154.187.115 - - [13/Jun/2016:04:26:58 -0500] "GET /StormSDA/userFiles/user_files/?C=M;O=A HTTP/1.1" 200 8985
195.154.187.115 - - [13/Jun/2016:04:27:00 -0500] "GET /StormSDA/userFiles/user_files/?C=N;O=D HTTP/1.1" 200 8985
66.249.64.198 - - [13/Jun/2016:04:27:06 -0500] "GET /BLA/resoluciones/RESOLUCIONES%202008/4268.pdf HTTP/1.1" 200 498287
195.154.187.115 - - [13/Jun/2016:04:27:09 -0500] "GET /StormSDA/userFiles/user_files/?C=S;O=A HTTP/1.1" 200 8985
195.154.187.115 - - [13/Jun/2016:04:27:11 -0500] "GET /StormSDA/userFiles/user_files/Str_Informe.xml HTTP/1.1" 200 346
195.154.187.115 - - [13/Jun/2016:04:27:13 -0500] "GET /StormSDA/userFiles/user_files/formatos/?C=N;O=D HTTP/1.0" 200 1454
195.154.187.115 - - [13/Jun/2016:04:27:14 -0500] "GET /StormSDA/userFiles/user_files/formatos/?C=S;O=A HTTP/1.0" 200 1454
195.154.187.115 - - [13/Jun/2016:04:27:16 -0500] "GET /StormSDA/userFiles/user_files/formatos/?C=S;O=D HTTP/1.0" 200 1454
66.249.64.198 - - [13/Jun/2016:04:27:16 -0500] "GET /BLA/resoluciones/AUTOS%202012/1515.pdf HTTP/1.1" 200 436349
195.154.187.115 - - [13/Jun/2016:04:27:18 -0500] "GET /StormSDA/userFiles/user_files/formatos/eventos/?C=D;O=A HTTP/1.0" 200 850
195.154.187.115 - - [13/Jun/2016:04:27:19 -0500] "GET /StormSDA/userFiles/user_files/formatos/eventos/?C=D;O=D HTTP/1.1" 200 851
195.154.187.115 - - [13/Jun/2016:04:27:21 -0500] "GET /StormSDA/userFiles/user_files/formatos/eventos/?C=M;O=D HTTP/1.1" 200 851
66.249.64.243 - - [13/Jun/2016:04:27:22 -0500] "GET /Autoliquidacion/Solicitudes%20relacionadas%20con%20calidad%20del%20aire%20auditiva%20y%20visual/Acompa%C3%B1amiento%20para%20muestreo%20isocin%C3%A9tico%20y%20o%20determinaciones%20de%20emisiones%20a%20fuentes%20fijas/formato%20chequeo%20de%20boquillas.pdf HTTP/1.1" 200 161702
195.154.187.115 - - [13/Jun/2016:04:27:22 -0500] "GET /StormSDA/userFiles/user_files/formatos/eventos/?C=N;O=A HTTP/1.1" 200 851
195.154.187.115 - - [13/Jun/2016:04:27:24 -0500] "GET /StormSDA/userFiles/user_files/formatos/eventos/?C=N;O=D HTTP/1.0" 200 850
195.154.187.115 - - [13/Jun/2016:04:27:26 -0500] "GET /StormSDA/userFiles/user_files/formatos/eventos/?C=S;O=A HTTP/1.0" 200 850
66.249.64.198 - - [13/Jun/2016:04:27:27 -0500] "GET /BLA/resoluciones/RESOLUCIONES%202010/1199.pdf HTTP/1.1" 200 103936
195.154.187.115 - - [13/Jun/2016:04:27:27 -0500] "GET /StormSDA/userFiles/user_files/formatos/eventos/?C=S;O=D HTTP/1.1" 200 851
195.154.187.115 - - [13/Jun/2016:04:27:29 -0500] "GET /StormSDA/userFiles/user_files/formulas/2/?C=D;O=A HTTP/1.0" 200 838
195.154.187.115 - - [13/Jun/2016:04:27:30 -0500] "GET /StormSDA/userFiles/user_files/formulas/2/?C=D;O=D HTTP/1.1" 200 839
195.154.187.115 - - [13/Jun/2016:04:27:32 -0500] "GET /StormSDA/userFiles/user_files/formulas/2/?C=M;O=A HTTP/1.0" 200 838
195.154.187.115 - - [13/Jun/2016:04:27:34 -0500] "GET /StormSDA/userFiles/user_files/formulas/2/?C=M;O=D HTTP/1.1" 200 839
195.154.187.115 - - [13/Jun/2016:04:27:35 -0500] "GET /StormSDA/userFiles/user_files/formulas/2/?C=N;O=A HTTP/1.1" 200 839
195.154.187.115 - - [13/Jun/2016:04:27:37 -0500] "GET /StormSDA/userFiles/user_files/formulas/2/?C=N;O=D HTTP/1.0" 200 838
66.249.64.198 - - [13/Jun/2016:04:27:38 -0500] "GET /BLA/resoluciones/RESOLUCIONES%202009/9442.pdf HTTP/1.1" 200 432972
195.154.187.115 - - [13/Jun/2016:04:27:39 -0500] "GET /StormSDA/userFiles/user_files/formulas/2/?C=S;O=A HTTP/1.0" 200 838
195.154.187.115 - - [13/Jun/2016:04:27:40 -0500] "GET /StormSDA/userFiles/user_files/formulas/2/?C=S;O=D HTTP/1.1" 200 839
195.154.187.115 - - [13/Jun/2016:04:27:42 -0500] "GET /StormSDA/userFiles/user_files/formulas/3/?C=D;O=A HTTP/1.0" 200 838
66.249.64.198 - - [13/Jun/2016:04:27:43 -0500] "GET /BLA/resoluciones/AUTOS%202007/3158.pdf HTTP/1.1" 200 140859
195.154.187.115 - - [13/Jun/2016:04:27:45 -0500] "GET /StormSDA/userFiles/user_files/formulas/3/?C=D;O=D HTTP/1.1" 200 839
195.154.187.115 - - [13/Jun/2016:04:27:46 -0500] "GET /StormSDA/userFiles/user_files/formulas/3/?C=M;O=A HTTP/1.0" 200 838
195.154.187.115 - - [13/Jun/2016:04:27:48 -0500] "GET /StormSDA/userFiles/user_files/formulas/3/?C=M;O=D HTTP/1.1" 200 839
192.168.175.104 - - [13/Jun/2016:04:27:48 -0500] "GET / HTTP/1.1" 200 9990
66.249.64.198 - - [13/Jun/2016:04:27:49 -0500] "GET /BLA/resoluciones/RESOLUCIONES%202011/6053.pdf HTTP/1.1" 304 -
195.154.187.115 - - [13/Jun/2016:04:27:50 -0500] "GET /StormSDA/userFiles/user_files/formulas/3/?C=N;O=A HTTP/1.1" 200 839
195.154.187.115 - - [13/Jun/2016:04:27:51 -0500] "GET /StormSDA/userFiles/user_files/formulas/3/?C=N;O=D HTTP/1.0" 200 838
195.154.187.115 - - [13/Jun/2016:04:27:53 -0500] "GET /StormSDA/userFiles/user_files/formulas/3/?C=S;O=A HTTP/1.0" 200 838
66.249.64.198 - - [13/Jun/2016:04:27:54 -0500] "GET /BLA/resoluciones/AUTOS%202007/3352.pdf HTTP/1.1" 304 -
195.154.187.115 - - [13/Jun/2016:04:27:55 -0500] "GET /StormSDA/userFiles/user_files/formulas/3/?C=S;O=D HTTP/1.1" 200 839
195.154.187.115 - - [13/Jun/2016:04:27:56 -0500] "GET /StormSDA/userFiles/user_files/formulas/4/?C=D;O=A HTTP/1.0" 200 838
195.154.187.115 - - [13/Jun/2016:04:27:58 -0500] "GET /StormSDA/userFiles/user_files/formulas/4/?C=D;O=D HTTP/1.1" 200 839
66.249.64.198 - - [13/Jun/2016:04:28:00 -0500] "GET /BLA/resoluciones/RESOLUCIONES%202008/4546.pdf HTTP/1.1" 304 -
195.154.187.115 - - [13/Jun/2016:04:28:00 -0500] "GET /StormSDA/userFiles/user_files/formulas/4/?C=M;O=A HTTP/1.0" 200 838
195.154.187.115 - - [13/Jun/2016:04:28:01 -0500] "GET /StormSDA/userFiles/user_files/formulas/4/?C=M;O=D HTTP/1.1" 200 839
195.154.187.115 - - [13/Jun/2016:04:28:04 -0500] "GET /StormSDA/userFiles/user_files/formulas/4/?C=N;O=A HTTP/1.1" 200 839
66.249.64.198 - - [13/Jun/2016:04:28:05 -0500] "GET /BLA/resoluciones/RESOLUCIONES%202008/4546.pdf HTTP/1.1" 304 -
195.154.187.115 - - [13/Jun/2016:04:28:06 -0500] "GET /StormSDA/userFiles/user_files/formulas/4/?C=N;O=D HTTP/1.0" 200 838
195.154.187.115 - - [13/Jun/2016:04:28:08 -0500] "GET /StormSDA/userFiles/user_files/formulas/4/?C=S;O=A HTTP/1.0" 200 838
195.154.187.115 - - [13/Jun/2016:04:28:10 -0500] "GET /StormSDA/userFiles/user_files/formulas/4/?C=S;O=D HTTP/1.1" 200 839
66.249.64.198 - - [13/Jun/2016:04:28:10 -0500] "GET /BLA/resoluciones/RESOLUCIONES%202007/RES%202007%203101%20AL%203200/RESOLUCION%203135%20DE%202007.pdf HTTP/1.1" 304 -
195.154.187.115 - - [13/Jun/2016:04:28:11 -0500] "GET /StormSDA/userFiles/user_files/formulas/?C=D;O=A HTTP/1.0" 200 1440
195.154.187.115 - - [13/Jun/2016:04:28:13 -0500] "GET /StormSDA/userFiles/user_files/formulas/?C=D;O=D HTTP/1.0" 200 1440
195.154.187.115 - - [13/Jun/2016:04:28:15 -0500] "GET /StormSDA/userFiles/user_files/formulas/?C=M;O=A HTTP/1.0" 200 1440
66.249.64.198 - - [13/Jun/2016:04:28:16 -0500] "GET /BLA/resoluciones/AUTOS%202008/1486.pdf HTTP/1.1" 304 -
195.154.187.115 - - [13/Jun/2016:04:28:17 -0500] "GET /StormSDA/userFiles/user_files/formulas/?C=M;O=D HTTP/1.0" 200 1440
195.154.187.115 - - [13/Jun/2016:04:28:19 -0500] "GET /StormSDA/userFiles/user_files/formulas/?C=N;O=A HTTP/1.0" 200 1440
27.0.57.39 - - [13/Jun/2016:04:28:20 -0500] "GET /wp-login.php HTTP/1.1" 404 1018
195.154.187.115 - - [13/Jun/2016:04:28:20 -0500] "GET /StormSDA/userFiles/user_files/formulas/?C=N;O=D HTTP/1.0" 200 1440
66.249.64.198 - - [13/Jun/2016:04:28:21 -0500] "GET /BLA/resoluciones/AUTOS%202011/3849.pdf HTTP/1.1" 304 -
195.154.187.115 - - [13/Jun/2016:04:28:22 -0500] "GET /StormSDA/userFiles/user_files/formulas/?C=S;O=A HTTP/1.0" 200 1440
195.154.187.115 - - [13/Jun/2016:04:28:24 -0500] "GET /StormSDA/userFiles/user_files/formulas/?C=S;O=D HTTP/1.0" 200 1440
195.154.187.115 - - [13/Jun/2016:04:28:25 -0500] "GET /StormSDA/userFiles/user_files/listas/0.xml HTTP/1.0" 200 90
66.249.64.198 - - [13/Jun/2016:04:28:27 -0500] "GET /BLA/resoluciones/AUTOS%202013/2355.pdf HTTP/1.1" 304 -
195.154.187.115 - - [13/Jun/2016:04:28:27 -0500] "GET /StormSDA/userFiles/user_files/listas/1.xml HTTP/1.0" 200 190
195.154.187.115 - - [13/Jun/2016:04:28:29 -0500] "GET /StormSDA/userFiles/user_files/listas/?C=D;O=A HTTP/1.0" 200 1239
195.154.187.115 - - [13/Jun/2016:04:28:30 -0500] "GET /StormSDA/userFiles/user_files/listas/?C=D;O=D HTTP/1.0" 200 1239
66.249.64.198 - - [13/Jun/2016:04:28:32 -0500] "GET /BLA/resoluciones/RESOLUCIONES%202012/0905.pdf HTTP/1.1" 304 -
195.154.187.115 - - [13/Jun/2016:04:28:32 -0500] "GET /StormSDA/userFiles/user_files/listas/?C=M;O=D HTTP/1.0" 200 1239
195.154.187.115 - - [13/Jun/2016:04:28:34 -0500] "GET /StormSDA/userFiles/user_files/str_areas.xml HTTP/1.1" 200 111
195.154.187.115 - - [13/Jun/2016:04:28:36 -0500] "GET /StormSDA/userFiles/user_files/str_expresiones.xml HTTP/1.1" 200 1502
66.249.64.198 - - [13/Jun/2016:04:28:37 -0500] "GET /BLA/resoluciones/RESOLUCIONES%202009/4055.pdf HTTP/1.1" 304 -
195.154.187.115 - - [13/Jun/2016:04:28:37 -0500] "GET /StormSDA/userFiles/user_files/str_moneda.xml HTTP/1.1" 200 327
195.154.187.115 - - [13/Jun/2016:04:28:39 -0500] "GET /galeria/carrusel/Carrusel/?C=N;O=A HTTP/1.0" 200 2896
195.154.187.115 - - [13/Jun/2016:04:28:41 -0500] "GET /galeria/carrusel/Carrusel/?C=S;O=D HTTP/1.0" 200 2896
66.249.64.198 - - [13/Jun/2016:04:28:43 -0500] "GET /BLA/resoluciones/RESOLUCIONES%202011/0079.pdf HTTP/1.1" 304 -
195.154.187.115 - - [13/Jun/2016:04:28:43 -0500] "GET /galeria/carrusel/Carrusel/jquery_thumbnail_scroller.html HTTP/1.0" 200 4405
195.154.187.115 - - [13/Jun/2016:04:28:45 -0500] "GET /galeria/carrusel/Carrusel/jquery_thumbnail_scroller_horizontal_full.html HTTP/1.0" 200 4236
195.154.187.115 - - [13/Jun/2016:04:28:47 -0500] "GET /galeria/carrusel/Carrusel/jquery_thumbnail_scroller_vertical.html HTTP/1.0" 200 3683
66.249.64.198 - - [13/Jun/2016:04:28:48 -0500] "GET /BLA/resoluciones/RESOLUCIONES%202008/4606.pdf HTTP/1.1" 304 -
195.154.187.115 - - [13/Jun/2016:04:28:49 -0500] "GET /galeria/carrusel/Carrusel/jquery_thumbnail_scroller_vertical_full.html HTTP/1.0" 200 3709
195.154.187.115 - - [13/Jun/2016:04:28:51 -0500] "GET /galeria/galeria/?C=D;O=D HTTP/1.0" 200 3177
195.154.187.115 - - [13/Jun/2016:04:28:53 -0500] "GET /galeria/galeria/?C=M;O=D HTTP/1.0" 200 3177
66.249.64.198 - - [13/Jun/2016:04:28:54 -0500] "GET /BLA/resoluciones/AUTOS%202008/1917.pdf HTTP/1.1" 304 -
195.154.187.115 - - [13/Jun/2016:04:28:54 -0500] "GET /galeria/galeria/?C=N;O=A HTTP/1.0" 200 3177
195.154.187.115 - - [13/Jun/2016:04:28:56 -0500] "GET /galeria/galeria/?C=S;O=D HTTP/1.0" 200 3177
66.249.64.198 - - [13/Jun/2016:04:28:59 -0500] "GET /BLA/resoluciones/AUTOS%202011/2818.pdf HTTP/1.1" 304 -
195.154.187.115 - - [13/Jun/2016:04:28:58 -0500] "GET /galeria/galeria/fotos/?C=D;O=A HTTP/1.0" 200 92146
195.154.187.115 - - [13/Jun/2016:04:29:01 -0500] "GET /galeria/galeria/fotos/?C=D;O=D HTTP/1.0" 200 92146
66.249.64.198 - - [13/Jun/2016:04:29:04 -0500] "GET /BLA/resoluciones/RESOLUCIONES%202011/4881.pdf HTTP/1.1" 304 -
195.154.187.115 - - [13/Jun/2016:04:29:04 -0500] "GET /galeria/galeria/fotos/?C=M;O=A HTTP/1.0" 200 92146
195.154.187.115 - - [13/Jun/2016:04:29:07 -0500] "GET /galeria/galeria/fotos/?C=M;O=D HTTP/1.0" 200 92146
66.249.64.198 - - [13/Jun/2016:04:29:10 -0500] "GET /BLA/resoluciones/RESOLUCIONES%202008/5462.pdf HTTP/1.1" 200 227765
195.154.187.115 - - [13/Jun/2016:04:29:09 -0500] "GET /galeria/galeria/fotos/?C=N;O=A HTTP/1.0" 200 92146
195.154.187.115 - - [13/Jun/2016:04:29:12 -0500] "GET /galeria/galeria/fotos/?C=N;O=D HTTP/1.0" 200 92146
66.249.64.198 - - [13/Jun/2016:04:29:15 -0500] "GET /BLA/resoluciones/RESOLUCIONES%202011/1331.pdf HTTP/1.1" 304 -
195.154.187.115 - - [13/Jun/2016:04:29:15 -0500] "GET /galeria/galeria/fotos/?C=S;O=A HTTP/1.0" 200 92146
66.249.69.165 - - [13/Jun/2016:04:29:19 -0500] "GET /Autoliquidacion/Solicitudes%20relacionadas%20con%20calidad%20del%20aire%20auditiva%20y%20visual/Acompa%C3%B1amiento%20para%20muestreo%20isocin%C3%A9tico%20y%20o%20determinaciones%20de%20emisiones%20a%20fuentes%20fijas/lineamientos%20Construccion%20Mues%20Emision%20.pdf HTTP/1.1" 304 -
66.249.64.198 - - [13/Jun/2016:04:29:21 -0500] "GET /BLA/resoluciones/AUTOS%202011/6826.pdf HTTP/1.1" 304 -
66.249.64.198 - - [13/Jun/2016:04:29:26 -0500] "GET /BLA/resoluciones/AUTOS%202012/1194.pdf HTTP/1.1" 304 -
192.168.175.104 - - [13/Jun/2016:04:29:27 -0500] "GET / HTTP/1.1" 200 9990
195.154.187.115 - - [13/Jun/2016:04:29:27 -0500] "GET /galeria/galeria/fotos/?C=S;O=D HTTP/1.0" 200 92146
195.154.187.115 - - [13/Jun/2016:04:29:29 -0500] "GET /galeria/galeria/helpers/?C=M;O=D HTTP/1.0" 200 2161
195.154.187.115 - - [13/Jun/2016:04:29:31 -0500] "GET /galeria/galeria/helpers/?C=S;O=D HTTP/1.0" 200 2161
66.249.64.198 - - [13/Jun/2016:04:29:31 -0500] "GET /BLA/resoluciones/AUTOS%202008/0351.pdf HTTP/1.1" 304 -
195.154.187.115 - - [13/Jun/2016:04:29:33 -0500] "GET /galeria/nivo-slider/demo/?C=D;O=A HTTP/1.0" 200 2948
195.154.187.115 - - [13/Jun/2016:04:29:35 -0500] "GET /galeria/nivo-slider/demo/?C=M;O=A HTTP/1.0" 200 2948
195.154.187.115 - - [13/Jun/2016:04:29:37 -0500] "GET /galeria/nivo-slider/demo/?C=N;O=D HTTP/1.0" 200 2948
66.249.64.198 - - [13/Jun/2016:04:29:37 -0500] "GET /BLA/resoluciones/AUTOS%202011/6440.pdf HTTP/1.1" 304 -
195.154.187.115 - - [13/Jun/2016:04:29:39 -0500] "GET /galeria/nivo-slider/demo/?C=S;O=A HTTP/1.0" 200 2948
195.154.187.115 - - [13/Jun/2016:04:29:41 -0500] "GET /galeria/nivo-slider/demo/Galeria1.htm HTTP/1.0" 200 1842
66.249.64.198 - - [13/Jun/2016:04:29:42 -0500] "GET /BLA/resoluciones/AUTOS%202008/1999.pdf HTTP/1.1" 304 -
195.154.187.115 - - [13/Jun/2016:04:29:43 -0500] "GET /galeria/nivo-slider/demo/demo.html HTTP/1.0" 200 4453
195.154.187.115 - - [13/Jun/2016:04:29:45 -0500] "GET /galeria/nivo-slider/demo/demoOLD.html HTTP/1.0" 200 9758
195.154.187.115 - - [13/Jun/2016:04:29:48 -0500] "GET /galeria/nivo-slider/demo/scripts/?C=D;O=D HTTP/1.0" 200 1031
66.249.64.198 - - [13/Jun/2016:04:29:50 -0500] "GET /BLA/resoluciones/RESOLUCIONES%202014/2738.pdf HTTP/1.1" 304 -
195.154.187.115 - - [13/Jun/2016:04:29:50 -0500] "GET /galeria/nivo-slider/demo/scripts/?C=M;O=D HTTP/1.0" 200 1031
195.154.187.115 - - [13/Jun/2016:04:29:52 -0500] "GET /galeria/nivo-slider/demo/scripts/?C=N;O=A HTTP/1.0" 200 1031
66.249.64.198 - - [13/Jun/2016:04:29:53 -0500] "GET /BLA/resoluciones/AUTOS%202007/1863.pdf HTTP/1.1" 304 -
195.154.187.115 - - [13/Jun/2016:04:29:54 -0500] "GET /galeria/nivo-slider/demo/style.css HTTP/1.0" 200 2222
195.154.187.115 - - [13/Jun/2016:04:29:56 -0500] "GET /galeria/nivo-slider/themes/?C=D;O=A HTTP/1.0" 200 1421
195.154.187.115 - - [13/Jun/2016:04:29:58 -0500] "GET /galeria/nivo-slider/themes/?C=M;O=A HTTP/1.0" 200 1421
66.249.64.198 - - [13/Jun/2016:04:29:58 -0500] "GET /BLA/resoluciones/AUTOS%202009/2928.pdf HTTP/1.1" 304 -
195.154.187.115 - - [13/Jun/2016:04:30:00 -0500] "GET /galeria/nivo-slider/themes/?C=N;O=D HTTP/1.0" 200 1421
195.154.187.115 - - [13/Jun/2016:04:30:01 -0500] "GET /galeria/nivo-slider/themes/?C=S;O=D HTTP/1.0" 200 1421
195.154.187.115 - - [13/Jun/2016:04:30:04 -0500] "GET /huelladecarbono/descargas.html HTTP/1.0" 200 5786
66.249.64.198 - - [13/Jun/2016:04:30:04 -0500] "GET /BLA/resoluciones/Notificaciones/AUTOS%202014/2991.doc HTTP/1.1" 304 -
195.154.187.115 - - [13/Jun/2016:04:30:05 -0500] "GET /huelladecarbono/index.html HTTP/1.0" 200 5211
195.154.187.115 - - [13/Jun/2016:04:30:07 -0500] "GET /huelladecarbono/soluciones.html HTTP/1.0" 200 6658
66.249.64.198 - - [13/Jun/2016:04:30:09 -0500] "GET /BLA/resoluciones/AUTOS%202009/2399.pdf HTTP/1.1" 304 -
195.154.187.115 - - [13/Jun/2016:04:30:09 -0500] "GET /portalsiaccapacitaciones/Cronograma%20de%20visitas%202015/?C=D;O=A HTTP/1.0" 200 1109
195.154.187.115 - - [13/Jun/2016:04:30:11 -0500] "GET /portalsiaccapacitaciones/Cronograma%20de%20visitas%202015/?C=M;O=A HTTP/1.0" 200 1109
195.154.187.115 - - [13/Jun/2016:04:30:13 -0500] "GET /portalsiaccapacitaciones/Cronograma%20de%20visitas%202015/?C=N;O=D HTTP/1.0" 200 1109
195.154.187.115 - - [13/Jun/2016:04:30:14 -0500] "GET /portalsiaccapacitaciones/Cronograma%20de%20visitas%202015/?C=S;O=A HTTP/1.0" 200 1109
66.249.64.198 - - [13/Jun/2016:04:30:15 -0500] "GET /BLA/resoluciones/RESOLUCIONES%202007/RES%202007%203101%20AL%203200/RESOLUCION%203141%20%20DE%202007.pdf HTTP/1.1" 304 -
66.249.64.198 - - [13/Jun/2016:04:30:20 -0500] "GET /BLA/resoluciones/RESOLUCIONES%202007/RES%202007%20801%20AL%20900/RESOLUCION%200823%20DE%202007.pdf HTTP/1.1" 304 -
66.249.64.198 - - [13/Jun/2016:04:30:25 -0500] "GET /BLA/resoluciones/AUTOS%202013/2422.pdf HTTP/1.1" 304 -
66.249.64.198 - - [13/Jun/2016:04:30:31 -0500] "GET /BLA/resoluciones/RESOLUCIONES%202007/RES%202007%20801%20AL%20900/RESOLUCION%200821%20DE%202007.pdf HTTP/1.1" 304 -
66.249.64.198 - - [13/Jun/2016:04:30:36 -0500] "GET /BLA/resoluciones/RESOLUCIONES%202007/RES%202007%203901%20AL%204000/RESOLUCION%203962%20DE%202007.pdf HTTP/1.1" 304 -
66.249.64.198 - - [13/Jun/2016:04:30:42 -0500] "GET /BLA/resoluciones/AUTOS%202008/2767.pdf HTTP/1.1" 304 -
66.249.64.198 - - [13/Jun/2016:04:30:47 -0500] "GET /BLA/resoluciones/RESOLUCIONES%202013/1060.pdf HTTP/1.1" 200 812152
66.249.64.198 - - [13/Jun/2016:04:30:52 -0500] "GET /BLA/resoluciones/AUTOS%202014/5244.pdf HTTP/1.1" 304 -
66.249.64.198 - - [13/Jun/2016:04:30:58 -0500] "GET /BLA/resoluciones/AUTOS%202014/4019.pdf HTTP/1.1" 304 -
66.249.64.198 - - [13/Jun/2016:04:31:03 -0500] "GET /BLA/resoluciones/AUTOS%202008/0413.pdf HTTP/1.1" 304 -
66.249.64.198 - - [13/Jun/2016:04:31:09 -0500] "GET /BLA/resoluciones/AUTOS%202011/0258.pdf HTTP/1.1" 304 -
192.168.175.104 - - [13/Jun/2016:04:31:18 -0500] "GET / HTTP/1.0" 200 9990
66.249.64.198 - - [13/Jun/2016:04:31:26 -0500] "GET /BLA/resoluciones/AUTOS%202014/4328.pdf HTTP/1.1" 304 -
66.249.64.198 - - [13/Jun/2016:04:31:26 -0500] "GET /BLA/resoluciones/AUTOS%202011/5442.pdf HTTP/1.1" 200 142252
66.249.69.203 - - [13/Jun/2016:04:31:45 -0500] "GET /BLA/resoluciones/AUTOS%202013/0981.pdf HTTP/1.1" 304 -
66.249.64.198 - - [13/Jun/2016:04:31:52 -0500] "GET /BLA/resoluciones/RESOLUCIONES%202010/6585.pdf HTTP/1.1" 304 -
69.162.124.232 - - [13/Jun/2016:04:31:56 -0500] "HEAD / HTTP/1.1" 200 -
66.249.64.198 - - [13/Jun/2016:04:31:57 -0500] "GET /BLA/resoluciones/AUTOS%202010/5781.pdf HTTP/1.1" 304 -
66.249.64.198 - - [13/Jun/2016:04:32:03 -0500] "GET /BLA/resoluciones/RESOLUCIONES%202010/6783.pdf HTTP/1.1" 304 -
66.249.64.198 - - [13/Jun/2016:04:32:08 -0500] "GET /BLA/resoluciones/RESOLUCIONES%202009/3488.pdf HTTP/1.1" 200 656831
66.249.64.198 - - [13/Jun/2016:04:32:13 -0500] "GET /BLA/resoluciones/RESOLUCIONES%202009/3024.pdf HTTP/1.1" 304 -
66.249.64.198 - - [13/Jun/2016:04:32:19 -0500] "GET /BLA/resoluciones/AUTOS%202013/1438.pdf HTTP/1.1" 304 -
66.249.64.198 - - [13/Jun/2016:04:32:30 -0500] "GET /BLA/resoluciones/RESOLUCIONES%202007/RES%202007%20901%20AL%201000/RESOLUCION%200905%20DE%202007.pdf HTTP/1.1" 304 -
66.249.64.248 - - [13/Jun/2016:04:32:35 -0500] "GET /ecodirectorio/files/res/downloads/download_0100.pdf HTTP/1.1" 304 -
66.249.64.243 - - [13/Jun/2016:04:32:40 -0500] "GET /ecodirectorio/files/res/downloads/download_0100.pdf HTTP/1.1" 304 -
192.168.175.104 - - [13/Jun/2016:04:32:47 -0500] "GET / HTTP/1.1" 200 9990
66.249.64.198 - - [13/Jun/2016:04:32:47 -0500] "GET /BLA/resoluciones/RESOLUCIONES%202009/9108.pdf HTTP/1.1" 304 -
66.249.64.198 - - [13/Jun/2016:04:32:51 -0500] "GET /BLA/resoluciones/AUTOS%202015/1892.pdf HTTP/1.1" 304 -
66.249.64.198 - - [13/Jun/2016:04:32:57 -0500] "GET /BLA/resoluciones/AUTOS%202009/0058.pdf HTTP/1.1" 304 -
66.249.64.198 - - [13/Jun/2016:04:33:02 -0500] "GET /BLA/resoluciones/RESOLUCIONES%202009/3667.pdf HTTP/1.1" 304 -
66.249.64.198 - - [13/Jun/2016:04:33:07 -0500] "GET /BLA/resoluciones/RESOLUCIONES%202009/2375.pdf HTTP/1.1" 304 -
66.249.64.198 - - [13/Jun/2016:04:33:13 -0500] "GET /BLA/resoluciones/AUTOS%202013/2678.pdf HTTP/1.1" 200 228387
66.249.64.198 - - [13/Jun/2016:04:33:18 -0500] "GET /BLA/resoluciones/RESOLUCIONES%202007/RES%202007%20401%20AL%20500/RESOLUCION%200500%20DE%202007.pdf HTTP/1.1" 304 -
66.249.64.198 - - [13/Jun/2016:04:33:24 -0500] "GET /BLA/resoluciones/RESOLUCIONES%202007/RES%202007%20401%20AL%20500/RESOLUCION%200500%20DE%202007.pdf HTTP/1.1" 304 -
66.249.64.198 - - [13/Jun/2016:04:33:34 -0500] "GET /BLA/resoluciones/RESOLUCIONES%202009/9393.pdf HTTP/1.1" 304 -
66.249.64.198 - - [13/Jun/2016:04:33:40 -0500] "GET /BLA/resoluciones/AUTOS%202007/1857.pdf HTTP/1.1" 304 -
66.249.64.198 - - [13/Jun/2016:04:33:45 -0500] "GET /BLA/resoluciones/AUTOS%202007/3489.pdf HTTP/1.1" 304 -
66.249.64.198 - - [13/Jun/2016:04:33:51 -0500] "GET /BLA/resoluciones/RESOLUCIONES%202007/RES%202007%202901%20AL%203000/RESOLUCION%202913%20DE%202007.pdf HTTP/1.1" 304 -
66.249.64.198 - - [13/Jun/2016:04:33:56 -0500] "GET /BLA/resoluciones/index.php?dir=RESOLUCIONES+2007%2FRES+2007+4001+AL+4100%2F HTTP/1.1" 200 26864
188.129.145.249 - - [13/Jun/2016:04:34:10 -0500] "GET /wp-login.php HTTP/1.1" 404 1018
66.249.64.198 - - [13/Jun/2016:04:34:12 -0500] "GET /BLA/resoluciones/RESOLUCIONES%202010/1939.pdf HTTP/1.1" 200 748783
192.168.175.104 - - [13/Jun/2016:04:34:24 -0500] "GET / HTTP/1.1" 200 9990
66.249.64.198 - - [13/Jun/2016:04:34:34 -0500] "GET /BLA/resoluciones/RESOLUCIONES%202007/RES%202007%201%20AL%20100/RESOLUCION%200057%20DE%202007.pdf HTTP/1.1" 304 -
66.249.64.198 - - [13/Jun/2016:04:34:39 -0500] "GET /BLA/resoluciones/RESOLUCIONES%202007/RES%202007%203201%20AL%203300/RESOLUCION%203210%20DE%202007.pdf HTTP/1.1" 304 -
66.249.64.198 - - [13/Jun/2016:04:34:45 -0500] "GET /BLA/resoluciones/AUTOS%202011/6839.pdf HTTP/1.1" 304 -
66.249.64.198 - - [13/Jun/2016:04:34:50 -0500] "GET /BLA/resoluciones/AUTOS%202014/2187.pdf HTTP/1.1" 304 -
66.249.64.198 - - [13/Jun/2016:04:34:55 -0500] "GET /BLA/resoluciones/RESOLUCIONES%202014/3169.pdf HTTP/1.1" 304 -
66.249.64.198 - - [13/Jun/2016:04:35:01 -0500] "GET /BLA/resoluciones/RESOLUCIONES%202013/1245.pdf HTTP/1.1" 304 -
66.249.64.198 - - [13/Jun/2016:04:35:17 -0500] "GET /BLA/resoluciones/RESOLUCIONES%202009/0407.pdf HTTP/1.1" 304 -
66.249.64.198 - - [13/Jun/2016:04:35:17 -0500] "GET /BLA/resoluciones/Notificaciones/AUTOS%202014/4219.doc HTTP/1.1" 304 -
66.249.64.198 - - [13/Jun/2016:04:35:22 -0500] "GET /BLA/resoluciones/RESOLUCIONES%202013/1308.pdf HTTP/1.1" 304 -
66.249.64.198 - - [13/Jun/2016:04:35:28 -0500] "GET /BLA/resoluciones/AUTOS%202015/0527.pdf HTTP/1.1" 200 187549
66.249.64.198 - - [13/Jun/2016:04:35:39 -0500] "GET /BLA/resoluciones/AUTOS%202013/0286.pdf HTTP/1.1" 304 -
66.249.64.198 - - [13/Jun/2016:04:35:49 -0500] "GET /BLA/resoluciones/RESOLUCIONES%202009/2455.pdf HTTP/1.1" 304 -
66.249.64.198 - - [13/Jun/2016:04:35:55 -0500] "GET /BLA/resoluciones/RESOLUCIONES%202010/4452.pdf HTTP/1.1" 304 -
66.249.64.198 - - [13/Jun/2016:04:36:00 -0500] "GET /BLA/resoluciones/RESOLUCIONES%202013/0318.pdf HTTP/1.1" 200 2349418
123.126.113.85 - - [13/Jun/2016:04:36:03 -0500] "GET /resoluciones/RESOLUCIONES%202009/0458.pdf HTTP/1.1" 404 1018
66.249.64.198 - - [13/Jun/2016:04:36:06 -0500] "GET /BLA/resoluciones/RESOLUCIONES%202009/6622.pdf HTTP/1.1" 304 -
123.126.113.85 - - [13/Jun/2016:04:36:14 -0500] "GET /resoluciones/RESOLUCIONES%202009/0419.pdf HTTP/1.1" 404 1018
192.168.175.104 - - [13/Jun/2016:04:36:17 -0500] "GET / HTTP/1.0" 200 9990
66.249.64.198 - - [13/Jun/2016:04:36:22 -0500] "GET /BLA/resoluciones/AUTOS%202011/6748.pdf HTTP/1.1" 200 139236
66.249.64.198 - - [13/Jun/2016:04:36:33 -0500] "GET /BLA/resoluciones/RESOLUCIONES%202008/2605.pdf HTTP/1.1" 200 188389
66.249.64.198 - - [13/Jun/2016:04:36:54 -0500] "GET /BLA/resoluciones/RESOLUCIONES%202009/7871.pdf HTTP/1.1" 200 326102
69.162.124.232 - - [13/Jun/2016:04:36:56 -0500] "HEAD / HTTP/1.1" 200 -
66.249.64.198 - - [13/Jun/2016:04:37:00 -0500] "GET /BLA/resoluciones/RESOLUCIONES%202007/RES%202007%202001%20AL%202100/RESOLUCION%202082%20DE%202007.pdf HTTP/1.1" 304 -
66.249.64.198 - - [13/Jun/2016:04:37:10 -0500] "GET /BLA/resoluciones/RESOLUCIONES%202013/0391.pdf HTTP/1.1" 200 396931
66.249.64.198 - - [13/Jun/2016:04:37:22 -0500] "GET /transparencia/directorioservidores/julio2015.xlsx HTTP/1.1" 304 -
66.249.64.198 - - [13/Jun/2016:04:37:22 -0500] "GET /BLA/resoluciones/AUTOS%202014/0208.pdf HTTP/1.1" 304 -
66.249.64.198 - - [13/Jun/2016:04:37:32 -0500] "GET /BLA/resoluciones/RESOLUCIONES%202008/0894.pdf HTTP/1.1" 304 -
192.168.175.104 - - [13/Jun/2016:04:37:46 -0500] "GET / HTTP/1.1" 200 9990
66.249.64.198 - - [13/Jun/2016:04:38:45 -0500] "GET /BLA/resoluciones/AUTOS%202014/6627.pdf HTTP/1.1" 200 384306
66.249.64.198 - - [13/Jun/2016:04:38:47 -0500] "GET /BLA/resoluciones/AUTOS%202015/5153.pdf HTTP/1.1" 304 -
66.249.64.198 - - [13/Jun/2016:04:38:48 -0500] "GET /BLA/resoluciones/AUTOS%202012/1645.pdf HTTP/1.1" 200 329490
66.249.64.238 - - [13/Jun/2016:04:37:52 -0500] "GET /BLA/boletinlegal/index.php HTTP/1.1" 200 49099
208.115.113.91 - - [13/Jun/2016:04:39:01 -0500] "GET /robots.txt HTTP/1.1" 404 1019
66.249.64.198 - - [13/Jun/2016:04:39:03 -0500] "GET /BLA/resoluciones/RESOLUCIONES%202007/RES%202007%204301%20AL%204352/RESOLUCION%204306%20DE%202007.pdf HTTP/1.1" 200 1042275
66.249.64.198 - - [13/Jun/2016:04:39:05 -0500] "GET /BLA/resoluciones/RESOLUCIONES%202009/6814.pdf HTTP/1.1" 304 -
66.249.64.198 - - [13/Jun/2016:04:39:06 -0500] "GET /BLA/resoluciones/RESOLUCIONES%202009/0732.pdf HTTP/1.1" 200 292249
66.249.64.198 - - [13/Jun/2016:04:39:07 -0500] "GET /BLA/resoluciones/RESOLUCIONES%202007/RES%202007%201201%20AL%201300/RESOLUCION%201216%20DE%202007.pdf HTTP/1.1" 304 -
66.249.64.198 - - [13/Jun/2016:04:39:15 -0500] "GET /BLA/resoluciones/RESOLUCIONES%202009/2740.pdf HTTP/1.1" 200 481427
66.249.69.203 - - [13/Jun/2016:04:39:18 -0500] "GET /BLA/resoluciones/RESOLUCIONES%202011/1610.pdf HTTP/1.1" 200 77567
66.249.64.198 - - [13/Jun/2016:04:39:20 -0500] "GET /BLA/resoluciones/AUTOS%202011/6983.pdf HTTP/1.1" 200 167007
192.168.175.104 - - [13/Jun/2016:04:39:22 -0500] "GET / HTTP/1.1" 200 9990
66.249.64.198 - - [13/Jun/2016:04:39:25 -0500] "GET /BLA/resoluciones/RESOLUCIONES%202009/2467.pdf HTTP/1.1" 200 617854
66.249.64.198 - - [13/Jun/2016:04:39:31 -0500] "GET /BLA/resoluciones/RESOLUCIONES%202011/6124.pdf HTTP/1.1" 304 -
66.249.64.198 - - [13/Jun/2016:04:39:52 -0500] "GET /BLA/resoluciones/AUTOS%202014/3415.pdf HTTP/1.1" 304 -
66.249.64.198 - - [13/Jun/2016:04:39:58 -0500] "GET /BLA/resoluciones/RESOLUCIONES%202011/0711.pdf HTTP/1.1" 304 -
66.249.64.198 - - [13/Jun/2016:04:40:03 -0500] "GET /BLA/resoluciones/RESOLUCIONES%202010/1566.pdf HTTP/1.1" 304 -
66.249.64.198 - - [13/Jun/2016:04:40:19 -0500] "GET /BLA/resoluciones/RESOLUCIONES%202009/3237.pdf HTTP/1.1" 304 -
66.249.64.198 - - [13/Jun/2016:04:40:30 -0500] "GET /BLA/resoluciones/RESOLUCIONES%202009/2113.pdf HTTP/1.1" 304 -
66.249.64.198 - - [13/Jun/2016:04:40:36 -0500] "GET /BLA/resoluciones/RESOLUCIONES%202014/4030.pdf HTTP/1.1" 304 -
66.249.64.198 - - [13/Jun/2016:04:40:46 -0500] "GET /BLA/resoluciones/RESOLUCIONES%202010/0907.pdf HTTP/1.1" 304 -
66.249.64.198 - - [13/Jun/2016:04:40:52 -0500] "GET /BLA/resoluciones/RESOLUCIONES%202011/5332.pdf HTTP/1.1" 304 -
66.249.64.198 - - [13/Jun/2016:04:40:57 -0500] "GET /BLA/resoluciones/RESOLUCIONES%202007/RES%202007%20901%20AL%201000/RESOLUCION%200978%20DE%202007.pdf HTTP/1.1" 304 -
121.242.176.6 - - [13/Jun/2016:04:41:01 -0500] "GET /BLA/resoluciones/AUTOS%202013/0356.pdf HTTP/1.1" 200 298209
66.249.64.198 - - [13/Jun/2016:04:41:08 -0500] "GET /BLA/resoluciones/RESOLUCIONES%202008/4506.pdf HTTP/1.1" 304 -
66.249.64.198 - - [13/Jun/2016:04:41:13 -0500] "GET /BLA/resoluciones/AUTOS%202012/3019.pdf HTTP/1.1" 200 442442
192.168.175.104 - - [13/Jun/2016:04:41:16 -0500] "GET / HTTP/1.0" 200 9990
66.249.64.198 - - [13/Jun/2016:04:41:46 -0500] "GET /BLA/resoluciones/AUTOS%202013/2802.pdf HTTP/1.1" 304 -
69.162.124.232 - - [13/Jun/2016:04:41:56 -0500] "HEAD / HTTP/1.1" 200 -
66.249.64.198 - - [13/Jun/2016:04:42:02 -0500] "GET /BLA/resoluciones/RESOLUCIONES%202011/1697.pdf HTTP/1.1" 200 66807
157.55.39.200 - - [13/Jun/2016:04:42:13 -0500] "GET /robots.txt HTTP/1.1" 301 334
157.55.39.200 - - [13/Jun/2016:04:42:19 -0500] "GET / HTTP/1.1" 301 324
51.254.141.46 - - [13/Jun/2016:04:42:24 -0500] "GET /robots.txt HTTP/1.0" 404 1015
51.254.141.46 - - [13/Jun/2016:04:42:26 -0500] "GET /PruebasSTORM/StormSDA_pruebas/userFiles/user_files/formulas/3/528.xml HTTP/1.0" 200 979
51.254.141.46 - - [13/Jun/2016:04:42:30 -0500] "GET /PruebasSTORM/StormSDA_pruebas/userFiles/user_files/formulas/3/529.xml HTTP/1.0" 200 974
51.254.141.46 - - [13/Jun/2016:04:42:32 -0500] "GET /PruebasSTORM/StormSDA_pruebas/userFiles/user_files/formulas/3/530.xml HTTP/1.0" 200 981
40.77.167.32 - - [13/Jun/2016:04:42:32 -0500] "GET / HTTP/1.1" 200 9990
40.77.167.38 - - [13/Jun/2016:04:42:33 -0500] "GET / HTTP/1.1" 200 9990
51.254.141.46 - - [13/Jun/2016:04:42:34 -0500] "GET /PruebasSTORM/StormSDA_pruebas/userFiles/user_files/formulas/3/531.xml HTTP/1.0" 200 995
51.254.141.46 - - [13/Jun/2016:04:42:37 -0500] "GET /PruebasSTORM/StormSDA_pruebas/userFiles/user_files/formulas/3/532.xml HTTP/1.0" 200 975
51.254.141.46 - - [13/Jun/2016:04:42:39 -0500] "GET /PruebasSTORM/StormSDA_pruebas/userFiles/user_files/formulas/3/533.xml HTTP/1.0" 200 981
66.249.64.198 - - [13/Jun/2016:04:42:40 -0500] "GET /BLA/resoluciones/RESOLUCIONES%202014/0939.pdf HTTP/1.1" 304 -
51.254.141.46 - - [13/Jun/2016:04:42:41 -0500] "GET /PruebasSTORM/StormSDA_pruebas/userFiles/user_files/formulas/3/534.xml HTTP/1.0" 200 981
192.168.175.104 - - [13/Jun/2016:04:42:45 -0500] "GET / HTTP/1.1" 200 9990
51.254.141.46 - - [13/Jun/2016:04:42:45 -0500] "GET /PruebasSTORM/StormSDA_pruebas/userFiles/user_files/formulas/3/535.xml HTTP/1.0" 200 1007
51.254.141.46 - - [13/Jun/2016:04:42:48 -0500] "GET /PruebasSTORM/StormSDA_pruebas/userFiles/user_files/formulas/3/536.xml HTTP/1.0" 200 989
51.254.141.46 - - [13/Jun/2016:04:42:50 -0500] "GET /PruebasSTORM/StormSDA_pruebas/userFiles/user_files/formulas/3/537.xml HTTP/1.0" 200 995
66.249.64.198 - - [13/Jun/2016:04:42:51 -0500] "GET /BLA/resoluciones/RESOLUCIONES%202010/6099.pdf HTTP/1.1" 304 -
51.254.141.46 - - [13/Jun/2016:04:42:53 -0500] "GET /PruebasSTORM/StormSDA_pruebas/userFiles/user_files/formulas/3/538.xml HTTP/1.0" 200 797
51.254.141.46 - - [13/Jun/2016:04:42:55 -0500] "GET /PruebasSTORM/StormSDA_pruebas/userFiles/user_files/formulas/3/539.xml HTTP/1.0" 200 802
66.249.64.198 - - [13/Jun/2016:04:42:56 -0500] "GET /BLA/resoluciones/RESOLUCIONES%202008/5553.pdf HTTP/1.1" 304 -
51.254.141.46 - - [13/Jun/2016:04:42:58 -0500] "GET /PruebasSTORM/StormSDA_pruebas/userFiles/user_files/formulas/3/540.xml HTTP/1.0" 200 1996
51.254.141.46 - - [13/Jun/2016:04:43:01 -0500] "GET /PruebasSTORM/StormSDA_pruebas/userFiles/user_files/formulas/3/541.xml HTTP/1.0" 200 1980
66.249.64.198 - - [13/Jun/2016:04:43:01 -0500] "GET /BLA/resoluciones/RESOLUCIONES%202009/9751.pdf HTTP/1.1" 200 384154
51.254.141.46 - - [13/Jun/2016:04:43:04 -0500] "GET /PruebasSTORM/StormSDA_pruebas/userFiles/user_files/formulas/3/542.xml HTTP/1.0" 200 4955
51.254.141.46 - - [13/Jun/2016:04:43:06 -0500] "GET /PruebasSTORM/StormSDA_pruebas/userFiles/user_files/formulas/3/543.xml HTTP/1.0" 200 842
66.249.64.198 - - [13/Jun/2016:04:43:07 -0500] "GET /BLA/resoluciones/RESOLUCIONES%202009/2514.pdf HTTP/1.1" 304 -
51.254.141.46 - - [13/Jun/2016:04:43:08 -0500] "GET /PruebasSTORM/StormSDA_pruebas/userFiles/user_files/formulas/3/544.xml HTTP/1.0" 200 978
51.254.141.46 - - [13/Jun/2016:04:43:10 -0500] "GET /PruebasSTORM/StormSDA_pruebas/userFiles/user_files/formulas/3/546.xml HTTP/1.0" 200 977
51.254.141.46 - - [13/Jun/2016:04:43:13 -0500] "GET /PruebasSTORM/StormSDA_pruebas/userFiles/user_files/formulas/3/547.xml HTTP/1.0" 200 981
51.254.141.46 - - [13/Jun/2016:04:43:15 -0500] "GET /PruebasSTORM/StormSDA_pruebas/userFiles/user_files/formulas/3/548.xml HTTP/1.0" 200 979
51.254.141.46 - - [13/Jun/2016:04:43:17 -0500] "GET /PruebasSTORM/StormSDA_pruebas/userFiles/user_files/formulas/3/549.xml HTTP/1.0" 200 1003
66.249.64.198 - - [13/Jun/2016:04:43:18 -0500] "GET /BLA/resoluciones/RESOLUCIONES%202010/1799.pdf HTTP/1.1" 304 -
66.249.64.198 - - [13/Jun/2016:04:43:19 -0500] "GET /BLA/resoluciones/RESOLUCIONES%202010/1799.pdf HTTP/1.1" 304 -
51.254.141.46 - - [13/Jun/2016:04:43:19 -0500] "GET /PruebasSTORM/StormSDA_pruebas/userFiles/user_files/formulas/3/550.xml HTTP/1.0" 200 986
51.254.141.46 - - [13/Jun/2016:04:43:22 -0500] "GET /PruebasSTORM/StormSDA_pruebas/userFiles/user_files/formulas/3/551.xml HTTP/1.0" 200 993
51.254.141.46 - - [13/Jun/2016:04:43:24 -0500] "GET /PruebasSTORM/StormSDA_pruebas/userFiles/user_files/formulas/3/552.xml HTTP/1.0" 200 1002
51.254.141.46 - - [13/Jun/2016:04:43:26 -0500] "GET /PruebasSTORM/StormSDA_pruebas/userFiles/user_files/formulas/3/553.xml HTTP/1.0" 200 1014
51.254.141.46 - - [13/Jun/2016:04:43:28 -0500] "GET /PruebasSTORM/StormSDA_pruebas/userFiles/user_files/formulas/3/554.xml HTTP/1.0" 200 1002
51.254.141.46 - - [13/Jun/2016:04:43:30 -0500] "GET /PruebasSTORM/StormSDA_pruebas/userFiles/user_files/formulas/3/555.xml HTTP/1.0" 200 999
51.254.141.46 - - [13/Jun/2016:04:43:32 -0500] "GET /PruebasSTORM/StormSDA_pruebas/userFiles/user_files/formulas/3/556.xml HTTP/1.0" 200 1006
66.249.64.198 - - [13/Jun/2016:04:43:34 -0500] "GET /BLA/resoluciones/AUTOS%202008/0340.pdf HTTP/1.1" 200 251067
51.254.141.46 - - [13/Jun/2016:04:43:34 -0500] "GET /PruebasSTORM/StormSDA_pruebas/userFiles/user_files/formulas/3/557.xml HTTP/1.0" 200 995
51.254.141.46 - - [13/Jun/2016:04:43:37 -0500] "GET /PruebasSTORM/StormSDA_pruebas/userFiles/user_files/formulas/3/558.xml HTTP/1.0" 200 1003
51.254.141.46 - - [13/Jun/2016:04:43:39 -0500] "GET /PruebasSTORM/StormSDA_pruebas/userFiles/user_files/formulas/3/559.xml HTTP/1.0" 200 991
66.249.64.198 - - [13/Jun/2016:04:43:39 -0500] "GET /BLA/resoluciones/AUTOS%202014/2240.pdf HTTP/1.1" 304 -
51.254.141.46 - - [13/Jun/2016:04:43:40 -0500] "GET /PruebasSTORM/StormSDA_pruebas/userFiles/user_files/formulas/3/560.xml HTTP/1.0" 200 993
51.254.141.46 - - [13/Jun/2016:04:43:43 -0500] "GET /PruebasSTORM/StormSDA_pruebas/userFiles/user_files/formulas/3/561.xml HTTP/1.0" 200 989
66.249.64.198 - - [13/Jun/2016:04:43:45 -0500] "GET /BLA/resoluciones/AUTOS%202014/1623.pdf HTTP/1.1" 304 -
51.254.141.46 - - [13/Jun/2016:04:43:45 -0500] "GET /PruebasSTORM/StormSDA_pruebas/userFiles/user_files/formulas/3/562.xml HTTP/1.0" 200 989
51.254.141.46 - - [13/Jun/2016:04:43:47 -0500] "GET /PruebasSTORM/StormSDA_pruebas/userFiles/user_files/formulas/3/563.xml HTTP/1.0" 200 991
51.254.141.46 - - [13/Jun/2016:04:43:49 -0500] "GET /PruebasSTORM/StormSDA_pruebas/userFiles/user_files/formulas/3/564.xml HTTP/1.0" 200 994
66.249.64.198 - - [13/Jun/2016:04:43:50 -0500] "GET /BLA/resoluciones/RESOLUCIONES%202014/1299.pdf HTTP/1.1" 304 -
51.254.141.46 - - [13/Jun/2016:04:43:52 -0500] "GET /PruebasSTORM/StormSDA_pruebas/userFiles/user_files/formulas/3/565.xml HTTP/1.0" 200 1005
51.254.141.46 - - [13/Jun/2016:04:43:53 -0500] "GET /PruebasSTORM/StormSDA_pruebas/userFiles/user_files/formulas/3/566.xml HTTP/1.0" 200 1000
51.254.141.46 - - [13/Jun/2016:04:43:55 -0500] "GET /PruebasSTORM/StormSDA_pruebas/userFiles/user_files/formulas/3/567.xml HTTP/1.0" 200 1006
66.249.64.198 - - [13/Jun/2016:04:43:55 -0500] "GET /BLA/resoluciones/AUTOS%202013/0497.pdf HTTP/1.1" 304 -
51.254.141.46 - - [13/Jun/2016:04:43:57 -0500] "GET /PruebasSTORM/StormSDA_pruebas/userFiles/user_files/formulas/3/568.xml HTTP/1.0" 200 1004
51.254.141.46 - - [13/Jun/2016:04:43:59 -0500] "GET /PruebasSTORM/StormSDA_pruebas/userFiles/user_files/formulas/3/569.xml HTTP/1.0" 200 1008
66.249.64.198 - - [13/Jun/2016:04:44:01 -0500] "GET /BLA/resoluciones/AUTOS%202014/1966.pdf HTTP/1.1" 304 -
51.254.141.46 - - [13/Jun/2016:04:44:01 -0500] "GET /PruebasSTORM/StormSDA_pruebas/userFiles/user_files/formulas/3/570.xml HTTP/1.0" 200 1005
51.254.141.46 - - [13/Jun/2016:04:44:03 -0500] "GET /PruebasSTORM/StormSDA_pruebas/userFiles/user_files/formulas/3/571.xml HTTP/1.0" 200 1006
66.249.64.198 - - [13/Jun/2016:04:44:06 -0500] "GET /BLA/resoluciones/RESOLUCIONES%202007/RES%202007%201401%20AL%201500/RESOLUCION%201453%20DE%202007.pdf HTTP/1.1" 304 -
51.254.141.46 - - [13/Jun/2016:04:44:07 -0500] "GET /PruebasSTORM/StormSDA_pruebas/userFiles/user_files/formulas/3/572.xml HTTP/1.0" 200 1006
51.254.141.46 - - [13/Jun/2016:04:44:09 -0500] "GET /PruebasSTORM/StormSDA_pruebas/userFiles/user_files/formulas/3/573.xml HTTP/1.0" 200 1000
51.254.141.46 - - [13/Jun/2016:04:44:11 -0500] "GET /PruebasSTORM/StormSDA_pruebas/userFiles/user_files/formulas/3/574.xml HTTP/1.0" 200 991
66.249.64.198 - - [13/Jun/2016:04:44:12 -0500] "GET /BLA/resoluciones/RESOLUCIONES%202007/RES%202007%203501%20AL%203600/RESOLUCION%203532%20DE%202007.pdf HTTP/1.1" 304 -
51.254.141.46 - - [13/Jun/2016:04:44:13 -0500] "GET /PruebasSTORM/StormSDA_pruebas/userFiles/user_files/formulas/3/575.xml HTTP/1.0" 200 990
51.254.141.46 - - [13/Jun/2016:04:44:15 -0500] "GET /PruebasSTORM/StormSDA_pruebas/userFiles/user_files/formulas/3/576.xml HTTP/1.0" 200 977
66.249.64.198 - - [13/Jun/2016:04:44:17 -0500] "GET /BLA/resoluciones/AUTOS%202015/0082.pdf HTTP/1.1" 304 -
51.254.141.46 - - [13/Jun/2016:04:44:17 -0500] "GET /PruebasSTORM/StormSDA_pruebas/userFiles/user_files/formulas/3/577.xml HTTP/1.0" 200 1017
192.168.175.104 - - [13/Jun/2016:04:44:20 -0500] "GET / HTTP/1.1" 200 9990
51.254.141.46 - - [13/Jun/2016:04:44:20 -0500] "GET /PruebasSTORM/StormSDA_pruebas/userFiles/user_files/formulas/3/578.xml HTTP/1.0" 200 1016
51.254.141.46 - - [13/Jun/2016:04:44:22 -0500] "GET /PruebasSTORM/StormSDA_pruebas/userFiles/user_files/formulas/3/579.xml HTTP/1.0" 200 1029
66.249.64.198 - - [13/Jun/2016:04:44:22 -0500] "GET /BLA/resoluciones/RESOLUCIONES%202007/RES%202007%20701%20AL%20800/RESOLUCION%200724%20DE%202007.pdf HTTP/1.1" 200 250111
51.254.141.46 - - [13/Jun/2016:04:44:25 -0500] "GET /PruebasSTORM/StormSDA_pruebas/userFiles/user_files/formulas/3/580.xml HTTP/1.0" 200 1032
51.254.141.46 - - [13/Jun/2016:04:44:27 -0500] "GET /PruebasSTORM/StormSDA_pruebas/userFiles/user_files/formulas/3/588.xml HTTP/1.0" 200 1027
51.254.141.46 - - [13/Jun/2016:04:44:29 -0500] "GET /PruebasSTORM/StormSDA_pruebas/userFiles/user_files/formulas/3/590.xml HTTP/1.0" 200 1005
51.254.141.46 - - [13/Jun/2016:04:44:31 -0500] "GET /PruebasSTORM/StormSDA_pruebas/userFiles/user_files/formulas/3/591.xml HTTP/1.0" 200 997
51.254.141.46 - - [13/Jun/2016:04:44:34 -0500] "GET /PruebasSTORM/StormSDA_pruebas/userFiles/user_files/formulas/3/597.xml HTTP/1.0" 200 1001
51.254.141.46 - - [13/Jun/2016:04:44:36 -0500] "GET /PruebasSTORM/StormSDA_pruebas/userFiles/user_files/formulas/3/615.xml HTTP/1.0" 200 995
51.254.141.46 - - [13/Jun/2016:04:44:38 -0500] "GET /PruebasSTORM/StormSDA_pruebas/userFiles/user_files/formulas/3/616.xml HTTP/1.0" 200 1002
51.254.141.46 - - [13/Jun/2016:04:44:40 -0500] "GET /PruebasSTORM/StormSDA_pruebas/userFiles/user_files/formulas/3/617.xml HTTP/1.0" 200 1008
51.254.141.46 - - [13/Jun/2016:04:44:43 -0500] "GET /PruebasSTORM/StormSDA_pruebas/userFiles/user_files/formulas/3/618.xml HTTP/1.0" 200 1006
51.254.141.46 - - [13/Jun/2016:04:44:45 -0500] "GET /PruebasSTORM/StormSDA_pruebas/userFiles/user_files/formulas/3/619.xml HTTP/1.0" 200 1010
51.254.141.46 - - [13/Jun/2016:04:44:47 -0500] "GET /PruebasSTORM/StormSDA_pruebas/userFiles/user_files/formulas/3/620.xml HTTP/1.0" 200 1007
51.254.141.46 - - [13/Jun/2016:04:44:50 -0500] "GET /PruebasSTORM/StormSDA_pruebas/userFiles/user_files/formulas/3/621.xml HTTP/1.0" 200 1008
51.254.141.46 - - [13/Jun/2016:04:44:52 -0500] "GET /PruebasSTORM/StormSDA_pruebas/userFiles/user_files/formulas/3/622.xml HTTP/1.0" 200 1008
51.254.141.46 - - [13/Jun/2016:04:44:55 -0500] "GET /PruebasSTORM/StormSDA_pruebas/userFiles/user_files/formulas/3/624.xml HTTP/1.0" 200 1016
66.249.64.198 - - [13/Jun/2016:04:44:55 -0500] "GET /BLA/resoluciones/AUTOS%202008/1723.pdf HTTP/1.1" 304 -
51.254.141.46 - - [13/Jun/2016:04:44:57 -0500] "GET /PruebasSTORM/StormSDA_pruebas/userFiles/user_files/formulas/3/631.xml HTTP/1.0" 200 984
51.254.141.46 - - [13/Jun/2016:04:45:00 -0500] "GET /PruebasSTORM/StormSDA_pruebas/userFiles/user_files/formulas/3/632.xml HTTP/1.0" 200 983
66.249.64.198 - - [13/Jun/2016:04:45:00 -0500] "GET /BLA/resoluciones/AUTOS%202008/2722.pdf HTTP/1.1" 304 -
51.254.141.46 - - [13/Jun/2016:04:45:02 -0500] "GET /PruebasSTORM/StormSDA_pruebas/userFiles/user_files/formulas/3/633.xml HTTP/1.0" 200 995
51.254.141.46 - - [13/Jun/2016:04:45:05 -0500] "GET /PruebasSTORM/StormSDA_pruebas/userFiles/user_files/formulas/3/634.xml HTTP/1.0" 200 1007
66.249.64.198 - - [13/Jun/2016:04:45:06 -0500] "GET /BLA/resoluciones/AUTOS%202014/5964.pdf HTTP/1.1" 304 -
