66.249.88.228 - - [13/Jun/2016:00:29:42 -0500] "GET /galeria/nivo-slider/themes/default/default.css HTTP/1.1" 200 1569
66.249.88.233 - - [13/Jun/2016:00:29:42 -0500] "GET /galeria/nivo-slider/demo/style.css HTTP/1.1" 200 2222
66.249.88.228 - - [13/Jun/2016:00:29:42 -0500] "GET /galeria/nivo-slider/jquery.nivo.slider.pack.js HTTP/1.1" 200 11561
66.249.88.223 - - [13/Jun/2016:00:29:42 -0500] "GET /galeria/nivo-slider/demo/images/convocatoriasecretaria.jpg HTTP/1.1" 200 129365
66.249.88.223 - - [13/Jun/2016:00:29:42 -0500] "GET /galeria/nivo-slider/demo/scripts/jquery-1.7.1.min.js HTTP/1.1" 200 93868
66.249.88.223 - - [13/Jun/2016:00:29:42 -0500] "GET /galeria/nivo-slider/themes/orman/orman.css HTTP/1.1" 200 2152
66.249.88.228 - - [13/Jun/2016:00:29:42 -0500] "GET /galeria/nivo-slider/demo/images/bannergenCAPACITACIONES-01.jpg HTTP/1.1" 200 153433
66.249.88.228 - - [13/Jun/2016:00:29:42 -0500] "GET /galeria/nivo-slider/demo/images/Ruta-vertimientos-01.jpg HTTP/1.1" 200 130151
66.249.88.223 - - [13/Jun/2016:00:29:42 -0500] "GET /galeria/nivo-slider/demo/images/ACOPIADORESYGESTORES.jpg HTTP/1.1" 200 118791
66.249.88.223 - - [13/Jun/2016:00:29:42 -0500] "GET /galeria/nivo-slider/demo/images/BANNERWELOVEBOGOTA.jpg HTTP/1.1" 200 122775
66.249.88.223 - - [13/Jun/2016:00:29:42 -0500] "GET /galeria/nivo-slider/themes/pascal/pascal.css HTTP/1.1" 200 2258
66.249.88.233 - - [13/Jun/2016:00:29:42 -0500] "GET /galeria/nivo-slider/demo/images/banner-llantas2.jpg HTTP/1.1" 200 234514
66.249.88.223 - - [13/Jun/2016:00:29:42 -0500] "GET /galeria/nivo-slider/demo/images/vegetal.jpg HTTP/1.1" 200 216080
66.249.88.233 - - [13/Jun/2016:00:29:42 -0500] "GET /galeria/nivo-slider/demo/images/bolsas-06.jpg HTTP/1.1" 200 210950
66.249.88.228 - - [13/Jun/2016:00:29:42 -0500] "GET /galeria/nivo-slider/demo/images/BANNERECOLECTAHOTELES.jpg HTTP/1.1" 200 127813
66.249.88.233 - - [13/Jun/2016:00:29:42 -0500] "GET /galeria/nivo-slider/demo/images/Banner_wgic.jpg HTTP/1.1" 200 139000
66.249.88.233 - - [13/Jun/2016:00:29:42 -0500] "GET /galeria/nivo-slider/demo/images/9Signos.jpg HTTP/1.1" 200 81776
66.249.88.233 - - [13/Jun/2016:00:29:42 -0500] "GET /galeria/nivo-slider/demo/images/ABC-Plan-de-contigencia.jpg HTTP/1.1" 200 423901
66.249.88.223 - - [13/Jun/2016:00:29:42 -0500] "GET /galeria/nivo-slider/demo/images/caminata-ecologica.jpg HTTP/1.1" 200 192926
66.249.88.228 - - [13/Jun/2016:00:29:42 -0500] "GET /galeria/nivo-slider/demo/images/Cmapana-onestidad.jpg HTTP/1.1" 200 141638
66.249.88.223 - - [13/Jun/2016:00:29:42 -0500] "GET /galeria/nivo-slider/demo/images/BANNERBOMBILLAS2.jpg HTTP/1.1" 200 106552
66.249.88.223 - - [13/Jun/2016:00:29:42 -0500] "GET /galeria/nivo-slider/demo/images/4Simple_Slider.png HTTP/1.1" 200 11722
66.249.88.228 - - [13/Jun/2016:00:29:42 -0500] "GET /galeria/nivo-slider/themes/default/loading.gif HTTP/1.1" 200 1737
74.117.180.23 - - [13/Jun/2016:00:29:44 -0500] "HEAD /BLA/resoluciones/RESOLUCIONES%202011/3003.pdf HTTP/1.1" 200 -
66.249.64.198 - - [13/Jun/2016:00:29:44 -0500] "GET /BLA/resoluciones/AUTOS%202011/4709.pdf HTTP/1.1" 304 -
66.249.88.223 - - [13/Jun/2016:00:29:46 -0500] "GET /galeria/nivo-slider/themes/default/arrows.png HTTP/1.1" 200 824
66.249.88.228 - - [13/Jun/2016:00:29:46 -0500] "GET /galeria/nivo-slider/themes/default/bullets.png HTTP/1.1" 200 1281
66.249.64.198 - - [13/Jun/2016:00:29:50 -0500] "GET /BLA/resoluciones/AUTOS%202011/4568.pdf HTTP/1.1" 304 -
74.117.180.23 - - [13/Jun/2016:00:29:53 -0500] "HEAD /BLA/resoluciones/RESOLUCIONES%202011/2923.pdf HTTP/1.1" 200 -
66.249.64.198 - - [13/Jun/2016:00:29:55 -0500] "GET /BLA/resoluciones/AUTOS%202007/1066.pdf HTTP/1.1" 304 -
66.249.64.198 - - [13/Jun/2016:00:30:00 -0500] "GET /BLA/resoluciones/AUTOS%202009/2655.pdf HTTP/1.1" 304 -
66.249.64.198 - - [13/Jun/2016:00:30:06 -0500] "GET /BLA/resoluciones/RESOLUCIONES%202009/6103.pdf HTTP/1.1" 304 -
66.249.64.198 - - [13/Jun/2016:00:30:11 -0500] "GET /BLA/resoluciones/AUTOS%202010/4398.pdf HTTP/1.1" 304 -
74.117.180.23 - - [13/Jun/2016:00:30:11 -0500] "HEAD /BLA/resoluciones/RESOLUCIONES%202011/3026.pdf HTTP/1.1" 200 -
66.249.64.198 - - [13/Jun/2016:00:30:16 -0500] "GET /BLA/resoluciones/RESOLUCIONES%202010/0366.pdf HTTP/1.1" 200 780526
66.249.64.198 - - [13/Jun/2016:00:30:22 -0500] "GET /BLA/resoluciones/AUTOS%202013/3658.pdf HTTP/1.1" 304 -
66.249.64.198 - - [13/Jun/2016:00:30:27 -0500] "GET /BLA/resoluciones/RESOLUCIONES%202007/RES%202007%202701%20AL%202800/RESOLUCION%202768%20%20DE%202007.pdf HTTP/1.1" 304 -
66.249.64.198 - - [13/Jun/2016:00:30:44 -0500] "GET /BLA/resoluciones/RESOLUCIONES%202009/9191.pdf HTTP/1.1" 304 -
66.249.64.198 - - [13/Jun/2016:00:30:54 -0500] "GET /BLA/resoluciones/AUTOS%202012/2900.pdf HTTP/1.1" 304 -
192.168.175.104 - - [13/Jun/2016:00:30:55 -0500] "GET / HTTP/1.1" 200 9990
66.249.64.198 - - [13/Jun/2016:00:31:05 -0500] "GET /BLA/resoluciones/AUTOS%202014/0478.pdf HTTP/1.1" 304 -
66.249.64.198 - - [13/Jun/2016:00:31:10 -0500] "GET /BLA/resoluciones/RESOLUCIONES%202007/RES%202007%201601%20AL%201725/RESOLUCION%201605%20DE%202007.pdf HTTP/1.1" 304 -
66.249.64.198 - - [13/Jun/2016:00:31:16 -0500] "GET /BLA/resoluciones/AUTOS%202014/1877.pdf HTTP/1.1" 304 -
181.133.180.176 - - [13/Jun/2016:00:31:18 -0500] "GET /galeria/galeria/jquery.fancybox.css?v=2.1.5 HTTP/1.1" 200 4895
181.133.180.176 - - [13/Jun/2016:00:31:18 -0500] "GET /BLA/boletinlegal/js/jquery.scrollShow.js HTTP/1.1" 200 4586
181.133.180.176 - - [13/Jun/2016:00:31:18 -0500] "GET /galeria/galeria/jquery.fancybox.js?v=2.1.5 HTTP/1.1" 200 48706
66.249.64.198 - - [13/Jun/2016:00:31:21 -0500] "GET /BLA/resoluciones/RESOLUCIONES%202007/RES%202007%201%20AL%20100/RESOLUCION%200085%20DE%202007.pdf HTTP/1.1" 304 -
66.249.64.198 - - [13/Jun/2016:00:31:27 -0500] "GET /BLA/resoluciones/AUTOS%202011/6551.pdf HTTP/1.1" 304 -
66.249.64.198 - - [13/Jun/2016:00:31:37 -0500] "GET /BLA/resoluciones/AUTOS%202010/5397.pdf HTTP/1.1" 304 -
181.133.180.176 - - [13/Jun/2016:00:31:24 -0500] "GET /videos/CRRFFS.mp4 HTTP/1.1" 200 286784363
181.133.180.176 - - [13/Jun/2016:00:31:40 -0500] "GET /BLA/boletinlegal/js/jquery.scrollShow.js HTTP/1.1" 304 -
181.133.180.176 - - [13/Jun/2016:00:31:40 -0500] "GET /galeria/galeria/jquery.fancybox.css?v=2.1.5 HTTP/1.1" 304 -
181.133.180.176 - - [13/Jun/2016:00:31:40 -0500] "GET /galeria/galeria/jquery.fancybox.js?v=2.1.5 HTTP/1.1" 304 -
181.133.180.176 - - [13/Jun/2016:00:31:43 -0500] "GET /videos/CRRFFS.mp4 HTTP/1.1" 206 1
66.249.64.198 - - [13/Jun/2016:00:31:48 -0500] "GET /BLA/resoluciones/AUTOS%202014/3258.pdf HTTP/1.1" 304 -
66.249.64.198 - - [13/Jun/2016:00:31:54 -0500] "GET /BLA/resoluciones/RESOLUCIONES%202007/RES%202007%201801%20AL%201900/RESOLUCION%201823%20%20DE%202007.pdf HTTP/1.1" 304 -
69.162.124.232 - - [13/Jun/2016:00:31:56 -0500] "HEAD / HTTP/1.1" 200 -
181.49.74.2 - - [13/Jun/2016:00:31:56 -0500] "GET /galeria/galeria/jquery.fancybox.css?v=2.1.5 HTTP/1.1" 200 4895
181.49.74.2 - - [13/Jun/2016:00:31:57 -0500] "GET /BLA/boletinlegal/js/jquery.scrollShow.js HTTP/1.1" 200 4586
181.49.74.2 - - [13/Jun/2016:00:31:57 -0500] "GET /galeria/galeria/jquery.fancybox.js?v=2.1.5 HTTP/1.1" 200 48706
66.249.64.198 - - [13/Jun/2016:00:31:59 -0500] "GET /BLA/resoluciones/AUTOS%202015/2108.pdf HTTP/1.1" 200 598214
68.180.231.36 - - [13/Jun/2016:00:32:01 -0500] "GET /BLA/resoluciones/AUTOS%202005/3363.pdf HTTP/1.1" 200 29253
181.49.74.2 - - [13/Jun/2016:00:32:02 -0500] "GET /BLA/boletinlegal/js/jquery.scrollShow.js HTTP/1.1" 304 -
181.49.74.2 - - [13/Jun/2016:00:32:02 -0500] "GET /galeria/galeria/jquery.fancybox.css?v=2.1.5 HTTP/1.1" 304 -
181.49.74.2 - - [13/Jun/2016:00:32:02 -0500] "GET /galeria/galeria/jquery.fancybox.js?v=2.1.5 HTTP/1.1" 304 -
74.117.180.23 - - [13/Jun/2016:00:32:04 -0500] "HEAD /BLA/resoluciones/RESOLUCIONES%202011/2977.pdf HTTP/1.1" 200 -
66.249.64.198 - - [13/Jun/2016:00:32:10 -0500] "GET /BLA/resoluciones/AUTOS%202014/5640.pdf HTTP/1.1" 304 -
187.188.182.111 - - [13/Jun/2016:00:32:11 -0500] "GET /BLA/boletinlegal/js/jquery.scrollShow.js HTTP/1.1" 200 4586
187.188.182.111 - - [13/Jun/2016:00:32:11 -0500] "GET /galeria/galeria/jquery.fancybox.js?v=2.1.5 HTTP/1.1" 200 48706
187.188.182.111 - - [13/Jun/2016:00:32:11 -0500] "GET /galeria/galeria/jquery.fancybox.css?v=2.1.5 HTTP/1.1" 200 4895
66.249.64.198 - - [13/Jun/2016:00:32:15 -0500] "GET /BLA/resoluciones/AUTOS%202015/1751.pdf HTTP/1.1" 304 -
66.249.64.198 - - [13/Jun/2016:00:32:21 -0500] "GET /BLA/resoluciones/RESOLUCIONES%202013/1269.pdf HTTP/1.1" 304 -
194.177.255.170 - - [13/Jun/2016:00:32:28 -0500] "GET /blog/wp-admin/ HTTP/1.1" 404 1018
187.188.182.111 - - [13/Jun/2016:00:32:34 -0500] "GET /BLA/boletinlegal/js/jquery.scrollShow.js HTTP/1.1" 304 -
187.188.182.111 - - [13/Jun/2016:00:32:34 -0500] "GET /galeria/galeria/jquery.fancybox.js?v=2.1.5 HTTP/1.1" 304 -
187.188.182.111 - - [13/Jun/2016:00:32:34 -0500] "GET /galeria/galeria/jquery.fancybox.css?v=2.1.5 HTTP/1.1" 304 -
74.117.180.23 - - [13/Jun/2016:00:32:34 -0500] "HEAD /BLA/resoluciones/RESOLUCIONES%202011/3029.pdf HTTP/1.1" 200 -
66.249.64.198 - - [13/Jun/2016:00:32:37 -0500] "GET /BLA/resoluciones/RESOLUCIONES%202009/1149.pdf HTTP/1.1" 304 -
192.168.175.104 - - [13/Jun/2016:00:32:39 -0500] "GET / HTTP/1.0" 200 9990
180.76.15.137 - - [13/Jun/2016:00:32:42 -0500] "GET / HTTP/1.1" 200 9990
66.249.64.198 - - [13/Jun/2016:00:32:42 -0500] "GET /BLA/resoluciones/AUTOS%202014/5793.pdf HTTP/1.1" 304 -
66.249.64.198 - - [13/Jun/2016:00:32:48 -0500] "GET /BLA/resoluciones/AUTOS%202009/3068.pdf HTTP/1.1" 200 119914
66.249.64.198 - - [13/Jun/2016:00:32:53 -0500] "GET /BLA/resoluciones/AUTOS%202014/1229.pdf HTTP/1.1" 304 -
181.133.180.176 - - [13/Jun/2016:00:31:43 -0500] "GET /videos/CRRFFS.mp4 HTTP/1.1" 206 279830815
66.249.64.198 - - [13/Jun/2016:00:32:58 -0500] "GET /BLA/resoluciones/RESOLUCIONES%202008/3431.pdf HTTP/1.1" 304 -
181.60.226.100 - - [13/Jun/2016:00:33:00 -0500] "GET /BLA/resoluciones/RESOLUCIONES%202009/8344.pdf HTTP/1.1" 200 503298
181.60.226.100 - - [13/Jun/2016:00:33:00 -0500] "GET /favicon.ico HTTP/1.1" 200 7782
66.249.64.198 - - [13/Jun/2016:00:33:04 -0500] "GET /BLA/resoluciones/RESOLUCIONES%202010/3815.pdf HTTP/1.1" 304 -
66.249.75.52 - - [13/Jun/2016:00:33:09 -0500] "GET /BLA/resoluciones/RESOLUCIONES%202007/RES%202007%203101%20AL%203200/RESOLUCION%203186%20DE%202007.pdf HTTP/1.1" 304 -
186.155.18.24 - - [13/Jun/2016:00:33:14 -0500] "GET /galeria/galeria/jquery.fancybox.css?v=2.1.5 HTTP/1.1" 200 4895
186.155.18.24 - - [13/Jun/2016:00:33:14 -0500] "GET /galeria/carrusel/Carrusel/jquery.thumbnailScroller.css HTTP/1.1" 200 2066
186.155.18.24 - - [13/Jun/2016:00:33:14 -0500] "GET /galeria/galeria/jquery.fancybox.js?v=2.1.5 HTTP/1.1" 200 48706
186.155.18.24 - - [13/Jun/2016:00:33:14 -0500] "GET /BLA/boletinlegal/js/jquery.scrollShow.js HTTP/1.1" 200 4586
186.155.18.24 - - [13/Jun/2016:00:33:15 -0500] "GET /galeria/carrusel/Carrusel/jquery-ui-1.8.13.custom.min.js HTTP/1.1" 200 10800
186.155.18.24 - - [13/Jun/2016:00:33:16 -0500] "GET /galeria/carrusel/Carrusel/jquery.thumbnailScroller.js HTTP/1.1" 200 8157
66.249.64.198 - - [13/Jun/2016:00:33:16 -0500] "GET /BLA/resoluciones/RESOLUCIONES%202009/0421.pdf HTTP/1.1" 304 -
186.155.18.24 - - [13/Jun/2016:00:33:16 -0500] "GET /galeria/nivo-slider/demo/demo.html HTTP/1.1" 200 4453
186.155.18.24 - - [13/Jun/2016:00:33:19 -0500] "GET /galeria/nivo-slider/themes/default/default.css HTTP/1.1" 200 1569
186.155.18.24 - - [13/Jun/2016:00:33:19 -0500] "GET /galeria/nivo-slider/themes/pascal/pascal.css HTTP/1.1" 200 2258
186.155.18.24 - - [13/Jun/2016:00:33:19 -0500] "GET /galeria/nivo-slider/themes/orman/orman.css HTTP/1.1" 200 2152
186.155.18.24 - - [13/Jun/2016:00:33:19 -0500] "GET /galeria/nivo-slider/nivo-slider.css HTTP/1.1" 200 1507
186.155.18.24 - - [13/Jun/2016:00:33:19 -0500] "GET /galeria/nivo-slider/demo/scripts/jquery-1.7.1.min.js HTTP/1.1" 200 93868
186.155.18.24 - - [13/Jun/2016:00:33:19 -0500] "GET /galeria/nivo-slider/demo/images/convocatoriasecretaria.jpg HTTP/1.1" 200 129365
186.155.18.24 - - [13/Jun/2016:00:33:19 -0500] "GET /galeria/nivo-slider/jquery.nivo.slider.pack.js HTTP/1.1" 200 11561
186.155.18.24 - - [13/Jun/2016:00:33:19 -0500] "GET /galeria/nivo-slider/demo/images/vegetal.jpg HTTP/1.1" 200 216080
186.155.18.24 - - [13/Jun/2016:00:33:19 -0500] "GET /galeria/nivo-slider/demo/style.css HTTP/1.1" 200 2222
186.155.18.24 - - [13/Jun/2016:00:33:20 -0500] "GET /galeria/nivo-slider/demo/images/BANNERWELOVEBOGOTA.jpg HTTP/1.1" 200 122775
186.155.18.24 - - [13/Jun/2016:00:33:20 -0500] "GET /galeria/nivo-slider/demo/images/bannergenCAPACITACIONES-01.jpg HTTP/1.1" 200 153433
186.155.18.24 - - [13/Jun/2016:00:33:20 -0500] "GET /galeria/nivo-slider/demo/images/Banner_wgic.jpg HTTP/1.1" 200 139000
66.249.64.198 - - [13/Jun/2016:00:33:20 -0500] "GET /BLA/resoluciones/RESOLUCIONES%202010/4768.pdf HTTP/1.1" 304 -
186.155.18.24 - - [13/Jun/2016:00:33:20 -0500] "GET /galeria/nivo-slider/themes/default/loading.gif HTTP/1.1" 200 1737
186.155.18.24 - - [13/Jun/2016:00:33:21 -0500] "GET /galeria/nivo-slider/demo/images/4Simple_Slider.png HTTP/1.1" 200 11722
186.155.18.24 - - [13/Jun/2016:00:33:21 -0500] "GET /galeria/nivo-slider/demo/images/BANNERBOMBILLAS2.jpg HTTP/1.1" 200 106552
186.155.18.24 - - [13/Jun/2016:00:33:21 -0500] "GET /galeria/nivo-slider/demo/images/BANNERECOLECTAHOTELES.jpg HTTP/1.1" 200 127813
186.155.18.24 - - [13/Jun/2016:00:33:21 -0500] "GET /galeria/nivo-slider/demo/images/ABC-Plan-de-contigencia.jpg HTTP/1.1" 200 423901
186.155.18.24 - - [13/Jun/2016:00:33:22 -0500] "GET /galeria/nivo-slider/demo/images/ACOPIADORESYGESTORES.jpg HTTP/1.1" 200 118791
186.155.18.24 - - [13/Jun/2016:00:33:22 -0500] "GET /galeria/nivo-slider/demo/images/caminata-ecologica.jpg HTTP/1.1" 200 192926
186.155.18.24 - - [13/Jun/2016:00:33:22 -0500] "GET /galeria/nivo-slider/demo/images/Cmapana-onestidad.jpg HTTP/1.1" 200 141638
186.155.18.24 - - [13/Jun/2016:00:33:23 -0500] "GET /galeria/nivo-slider/demo/images/banner-llantas2.jpg HTTP/1.1" 200 234514
186.155.18.24 - - [13/Jun/2016:00:33:23 -0500] "GET /galeria/nivo-slider/demo/images/9Signos.jpg HTTP/1.1" 200 81776
186.155.18.24 - - [13/Jun/2016:00:33:24 -0500] "GET /galeria/nivo-slider/demo/images/Ruta-vertimientos-01.jpg HTTP/1.1" 200 130151
186.155.18.24 - - [13/Jun/2016:00:33:24 -0500] "GET /galeria/nivo-slider/demo/images/bolsas-06.jpg HTTP/1.1" 200 210950
180.76.15.141 - - [13/Jun/2016:00:33:25 -0500] "GET / HTTP/1.1" 200 9990
66.249.64.198 - - [13/Jun/2016:00:33:25 -0500] "GET /BLA/resoluciones/AUTOS%202014/1042.pdf HTTP/1.1" 304 -
74.117.180.23 - - [13/Jun/2016:00:33:26 -0500] "HEAD /BLA/resoluciones/RESOLUCIONES%202011/2930.pdf HTTP/1.1" 200 -
66.249.64.198 - - [13/Jun/2016:00:33:31 -0500] "GET /BLA/resoluciones/RESOLUCIONES%202007/RES%202007%201001%20AL%201100/RESOLUCION%201073%20DE%202007.pdf HTTP/1.1" 304 -
186.155.18.24 - - [13/Jun/2016:00:33:36 -0500] "GET /galeria/nivo-slider/themes/default/arrows.png HTTP/1.1" 200 824
186.155.18.24 - - [13/Jun/2016:00:33:36 -0500] "GET /galeria/nivo-slider/themes/default/bullets.png HTTP/1.1" 200 1281
66.249.64.198 - - [13/Jun/2016:00:33:36 -0500] "GET /BLA/resoluciones/RESOLUCIONES%202008/3992.pdf HTTP/1.1" 304 -
66.249.64.198 - - [13/Jun/2016:00:33:47 -0500] "GET /BLA/resoluciones/RESOLUCIONES%202011/4208.pdf HTTP/1.1" 304 -
66.249.64.198 - - [13/Jun/2016:00:33:52 -0500] "GET /BLA/resoluciones/RESOLUCIONES%202008/0287.pdf HTTP/1.1" 304 -
74.117.180.23 - - [13/Jun/2016:00:33:56 -0500] "HEAD /BLA/resoluciones/RESOLUCIONES%202011/3049.pdf HTTP/1.1" 200 -
66.249.64.198 - - [13/Jun/2016:00:33:58 -0500] "GET /BLA/resoluciones/RESOLUCIONES%202008/4510.pdf HTTP/1.1" 304 -
66.249.64.198 - - [13/Jun/2016:00:34:03 -0500] "GET /BLA/resoluciones/RESOLUCIONES%202007/RES%202007%203901%20AL%204000/RESOLUCION%203979%20DE%202007.pdf HTTP/1.1" 304 -
192.168.175.104 - - [13/Jun/2016:00:34:09 -0500] "GET / HTTP/1.1" 200 9990
66.249.64.198 - - [13/Jun/2016:00:34:09 -0500] "GET /BLA/resoluciones/AUTOS%202014/2309.pdf HTTP/1.1" 304 -
66.249.64.198 - - [13/Jun/2016:00:34:24 -0500] "GET /BLA/resoluciones/RESOLUCIONES%202009/0457.pdf HTTP/1.1" 304 -
66.249.64.198 - - [13/Jun/2016:00:34:25 -0500] "GET /BLA/resoluciones/AUTOS%202011/7651.pdf HTTP/1.1" 304 -
66.249.64.198 - - [13/Jun/2016:00:34:36 -0500] "GET /BLA/resoluciones/RESOLUCIONES%202009/3906.pdf HTTP/1.1" 304 -
66.249.64.248 - - [13/Jun/2016:00:34:41 -0500] "GET /Anexos%20estudio%20Organizacional%20SDA/ANEXO%20No.%208%20-%20MATRICES%20DE%20REGISTRO%20Y%20DE%20SALIDA%20MEDICI%C3%93N%20CARGAS%20LABORALES%20SDA/1.1%20Oficina%20de%20Control%20Int/OCI.xls HTTP/1.1" 304 -
66.249.64.198 - - [13/Jun/2016:00:34:46 -0500] "GET /BLA/resoluciones/RESOLUCIONES%202010/4322.pdf HTTP/1.1" 304 -
66.249.64.198 - - [13/Jun/2016:00:34:52 -0500] "GET /BLA/resoluciones/RESOLUCIONES%202009/4841.pdf HTTP/1.1" 304 -
66.249.64.198 - - [13/Jun/2016:00:34:57 -0500] "GET /BLA/resoluciones/RESOLUCIONES%202009/2765.pdf HTTP/1.1" 304 -
195.154.172.143 - - [13/Jun/2016:00:35:02 -0500] "GET /galeria/galeria/jquery.fancybox.css?v=2.1.5 HTTP/1.1" 200 4895
66.249.64.198 - - [13/Jun/2016:00:35:03 -0500] "GET /BLA/resoluciones/AUTOS%202015/1937.pdf HTTP/1.1" 304 -
66.249.64.198 - - [13/Jun/2016:00:35:13 -0500] "GET /BLA/resoluciones/RESOLUCIONES%202007/RES%202007%20301%20AL%20400/RESOLUCION%200329%20DE%202007.pdf HTTP/1.1" 304 -
66.249.64.198 - - [13/Jun/2016:00:35:19 -0500] "GET /BLA/resoluciones/RESOLUCIONES%202007/RES%202007%202301%20AL%202400/RESOLUCION%202391%20DE%202007.pdf HTTP/1.1" 304 -
74.117.180.23 - - [13/Jun/2016:00:35:19 -0500] "HEAD /BLA/resoluciones/RESOLUCIONES%202011/3031.pdf HTTP/1.1" 200 -
66.249.64.198 - - [13/Jun/2016:00:35:24 -0500] "GET /BLA/resoluciones/RESOLUCIONES%202011/0823.pdf HTTP/1.1" 304 -
66.249.64.198 - - [13/Jun/2016:00:35:30 -0500] "GET /BLA/resoluciones/RESOLUCIONES%202009/3895.pdf HTTP/1.1" 304 -
74.117.180.23 - - [13/Jun/2016:00:35:35 -0500] "HEAD /BLA/resoluciones/RESOLUCIONES%202011/3050.pdf HTTP/1.1" 200 -
66.249.64.198 - - [13/Jun/2016:00:35:35 -0500] "GET /BLA/resoluciones/RESOLUCIONES%202010/3701.pdf HTTP/1.1" 304 -
66.249.64.198 - - [13/Jun/2016:00:35:40 -0500] "GET /BLA/resoluciones/RESOLUCIONES%202010/1773.pdf HTTP/1.1" 304 -
66.249.64.198 - - [13/Jun/2016:00:35:46 -0500] "GET /BLA/resoluciones/RESOLUCIONES%202010/4217.pdf HTTP/1.1" 304 -
66.249.64.198 - - [13/Jun/2016:00:35:51 -0500] "GET /BLA/resoluciones/RESOLUCIONES%202009/1690.pdf HTTP/1.1" 304 -
192.168.175.104 - - [13/Jun/2016:00:35:54 -0500] "GET / HTTP/1.1" 200 9990
66.249.64.198 - - [13/Jun/2016:00:35:57 -0500] "GET /BLA/resoluciones/RESOLUCIONES%202010/0634.pdf HTTP/1.1" 304 -
66.249.64.198 - - [13/Jun/2016:00:36:02 -0500] "GET /BLA/resoluciones/RESOLUCIONES%202011/3477.pdf HTTP/1.1" 304 -
74.117.180.23 - - [13/Jun/2016:00:36:04 -0500] "HEAD /BLA/resoluciones/RESOLUCIONES%202011/3035.pdf HTTP/1.1" 200 -
66.249.64.198 - - [13/Jun/2016:00:36:13 -0500] "GET /BLA/resoluciones/RESOLUCIONES%202009/2869.pdf HTTP/1.1" 304 -
66.249.64.198 - - [13/Jun/2016:00:36:18 -0500] "GET /BLA/resoluciones/RESOLUCIONES%202013/1334.pdf HTTP/1.1" 304 -
66.249.64.198 - - [13/Jun/2016:00:36:29 -0500] "GET /BLA/resoluciones/AUTOS%202011/0276.pdf HTTP/1.1" 304 -
66.249.64.198 - - [13/Jun/2016:00:36:34 -0500] "GET /BLA/resoluciones/AUTOS%202008/0207.pdf HTTP/1.1" 304 -
52.3.127.144 - - [13/Jun/2016:00:36:38 -0500] "GET /robots.txt HTTP/1.1" 404 1018
66.249.64.248 - - [13/Jun/2016:00:36:40 -0500] "GET /BLA/boletinlegal/Circulares/2011/Circular%20No.%203%20del%2016%20de%20Junio%20de%202011.pdf HTTP/1.1" 304 -
66.249.64.198 - - [13/Jun/2016:00:36:45 -0500] "GET /BLA/resoluciones/Notificaciones/AUTOS%202013/2663.doc HTTP/1.1" 304 -
74.117.180.23 - - [13/Jun/2016:00:36:51 -0500] "HEAD /BLA/resoluciones/RESOLUCIONES%202011/3061.pdf HTTP/1.1" 200 -
66.249.64.198 - - [13/Jun/2016:00:36:56 -0500] "GET /BLA/resoluciones/AUTOS%202008/1925.pdf HTTP/1.1" 304 -
69.162.124.232 - - [13/Jun/2016:00:36:56 -0500] "HEAD / HTTP/1.1" 200 -
66.249.64.238 - - [13/Jun/2016:00:37:02 -0500] "GET /BLA/boletinlegal/Circulares/2013/Circular%20No.%206%20del%2019%20de%20julio%20de%202013.pdf HTTP/1.1" 304 -
74.117.180.23 - - [13/Jun/2016:00:37:07 -0500] "HEAD /BLA/resoluciones/RESOLUCIONES%202011/3036.pdf HTTP/1.1" 200 -
74.117.180.23 - - [13/Jun/2016:00:37:12 -0500] "HEAD /BLA/resoluciones/RESOLUCIONES%202011/3004.pdf HTTP/1.1" 200 -
66.249.64.198 - - [13/Jun/2016:00:37:12 -0500] "GET /BLA/resoluciones/AUTOS%202011/3675.pdf HTTP/1.1" 304 -
68.180.231.36 - - [13/Jun/2016:00:37:17 -0500] "GET /BLA/resoluciones/index.php?dir=Notificaciones%2FREGISTROS+2015%2F HTTP/1.1" 200 19557
66.249.64.198 - - [13/Jun/2016:00:37:23 -0500] "GET /BLA/resoluciones/AUTOS%202013/3456.pdf HTTP/1.1" 304 -
66.249.64.198 - - [13/Jun/2016:00:37:28 -0500] "GET /BLA/resoluciones/AUTOS%202014/5508.pdf HTTP/1.1" 304 -
52.3.127.144 - - [13/Jun/2016:00:37:32 -0500] "GET /BLA/boletinlegal/js/jquery.scrollShow.js HTTP/1.1" 200 4586
192.168.175.104 - - [13/Jun/2016:00:37:36 -0500] "GET / HTTP/1.0" 200 9990
74.117.180.23 - - [13/Jun/2016:00:37:42 -0500] "HEAD /BLA/resoluciones/RESOLUCIONES%202011/3062.pdf HTTP/1.1" 200 -
157.55.39.223 - - [13/Jun/2016:00:37:44 -0500] "GET /robots.txt HTTP/1.1" 404 1018
66.249.64.198 - - [13/Jun/2016:00:37:45 -0500] "GET /BLA/resoluciones/AUTOS%202007/0684.pdf HTTP/1.1" 200 307172
157.55.39.223 - - [13/Jun/2016:00:37:55 -0500] "GET /galeria/nivo-slider/demo/demo.html HTTP/1.1" 200 4453
66.249.64.237 - - [13/Jun/2016:00:38:12 -0500] "GET /Autoliquidacion/TR%C3%81MITES%20MINER%C3%8DA/126PM04PR39FA2ListaChequeoMineria1-guia-.xls HTTP/1.1" 304 -
66.249.64.198 - - [13/Jun/2016:00:38:23 -0500] "GET /BLA/resoluciones/RESOLUCIONES%202008/4954.pdf HTTP/1.1" 304 -
66.249.64.165 - - [13/Jun/2016:00:38:39 -0500] "GET /Autoliquidacion/Solicitudes%20relacionadas%20con%20calidad%20del%20aire%20auditiva%20y%20visual/Acompa%C3%B1amiento%20para%20muestreo%20isocin%C3%A9tico%20y%20o%20determinaciones%20de%20emisiones%20a%20fuentes%20fijas/lineamientos%20Construccion%20Mues%20Emision%20.pdf HTTP/1.1" 304 -
74.117.180.23 - - [13/Jun/2016:00:38:41 -0500] "HEAD /BLA/resoluciones/RESOLUCIONES%202011/3051.pdf HTTP/1.1" 200 -
157.55.39.89 - - [13/Jun/2016:00:38:43 -0500] "GET /galeria/galeria/fotos/Humedal-Tibanica4P.jpg HTTP/1.1" 200 26708
66.249.64.198 - - [13/Jun/2016:00:38:44 -0500] "GET /BLA/resoluciones/AUTOS%202013/3713.pdf HTTP/1.1" 304 -
194.177.255.170 - - [13/Jun/2016:00:38:48 -0500] "GET /wp/wp-admin/ HTTP/1.1" 404 1018
201.223.120.78 - - [13/Jun/2016:00:38:56 -0500] "GET /galeria/galeria/jquery.fancybox.css?v=2.1.5 HTTP/1.1" 200 4895
201.223.120.78 - - [13/Jun/2016:00:38:56 -0500] "GET /BLA/boletinlegal/js/jquery.scrollShow.js HTTP/1.1" 200 4586
201.223.120.78 - - [13/Jun/2016:00:38:56 -0500] "GET /galeria/galeria/jquery.fancybox.js?v=2.1.5 HTTP/1.1" 200 48706
192.168.175.104 - - [13/Jun/2016:00:39:07 -0500] "GET / HTTP/1.1" 200 9990
201.223.120.78 - - [13/Jun/2016:00:39:20 -0500] "GET /BLA/boletinlegal/js/jquery.scrollShow.js HTTP/1.1" 304 -
201.223.120.78 - - [13/Jun/2016:00:39:20 -0500] "GET /galeria/galeria/jquery.fancybox.js?v=2.1.5 HTTP/1.1" 304 -
201.223.120.78 - - [13/Jun/2016:00:39:20 -0500] "GET /galeria/galeria/jquery.fancybox.css?v=2.1.5 HTTP/1.1" 304 -
66.249.64.198 - - [13/Jun/2016:00:39:27 -0500] "GET /BLA/resoluciones/RESOLUCIONES%202011/0492.pdf HTTP/1.1" 304 -
74.117.180.23 - - [13/Jun/2016:00:39:30 -0500] "HEAD /BLA/resoluciones/RESOLUCIONES%202011/3064.pdf HTTP/1.1" 200 -
74.117.180.23 - - [13/Jun/2016:00:39:39 -0500] "HEAD /BLA/resoluciones/RESOLUCIONES%202011/3052.pdf HTTP/1.1" 200 -
74.117.180.23 - - [13/Jun/2016:00:39:39 -0500] "HEAD /BLA/resoluciones/RESOLUCIONES%202011/3037.pdf HTTP/1.1" 200 -
66.249.64.198 - - [13/Jun/2016:00:39:49 -0500] "GET /BLA/resoluciones/RESOLUCIONES%202009/2381.pdf HTTP/1.1" 200 454788
66.249.75.235 - - [13/Jun/2016:00:39:58 -0500] "GET /BLA/resoluciones/RESOLUCIONES%202007/RES%202007%204301%20AL%204352/RESOLUCION%204336%20DE%202007.pdf HTTP/1.1" 304 -
66.249.64.198 - - [13/Jun/2016:00:40:00 -0500] "GET /BLA/resoluciones/RESOLUCIONES%202007/RES%202007%202001%20AL%202100/RESOLUCION%202084%20DE%202007.pdf HTTP/1.1" 304 -
74.117.180.23 - - [13/Jun/2016:00:40:02 -0500] "HEAD /BLA/resoluciones/RESOLUCIONES%202011/3007.pdf HTTP/1.1" 200 -
66.249.64.198 - - [13/Jun/2016:00:40:10 -0500] "GET /BLA/resoluciones/RESOLUCIONES%202007/RES%202007%202301%20AL%202400/RESOLUCION%202364%20DE%202007.pdf HTTP/1.1" 200 86115
74.117.180.23 - - [13/Jun/2016:00:40:19 -0500] "HEAD /BLA/resoluciones/RESOLUCIONES%202011/3038.pdf HTTP/1.1" 200 -
157.55.39.89 - - [13/Jun/2016:00:40:20 -0500] "GET /galeria/galeria/fotos/11.jpg HTTP/1.1" 200 204796
66.249.64.198 - - [13/Jun/2016:00:40:21 -0500] "GET /BLA/resoluciones/AUTOS%202012/0352.pdf HTTP/1.1" 304 -
66.249.64.198 - - [13/Jun/2016:00:40:43 -0500] "GET /BLA/resoluciones/RESOLUCIONES%202007/RES%202007%201201%20AL%201300/RESOLUCION%201277%20DE%202007.pdf HTTP/1.1" 200 965490
66.249.64.198 - - [13/Jun/2016:00:40:48 -0500] "GET /BLA/resoluciones/AUTOS%202014/4659.pdf HTTP/1.1" 304 -
192.168.175.104 - - [13/Jun/2016:00:40:51 -0500] "GET / HTTP/1.1" 200 9990
74.117.180.23 - - [13/Jun/2016:00:40:51 -0500] "HEAD /BLA/resoluciones/RESOLUCIONES%202011/2988.pdf HTTP/1.1" 200 -
74.117.180.23 - - [13/Jun/2016:00:40:56 -0500] "HEAD /BLA/resoluciones/RESOLUCIONES%202011/3068.pdf HTTP/1.1" 200 -
66.249.64.198 - - [13/Jun/2016:00:40:59 -0500] "GET /BLA/resoluciones/AUTOS%202009/0709.pdf HTTP/1.1" 200 111041
66.249.64.198 - - [13/Jun/2016:00:41:04 -0500] "GET /BLA/resoluciones/RESOLUCIONES%202007/RES%202007%202601%20AL%202700/RESOLUCION%202672%20DE%202007.pdf HTTP/1.1" 200 1892135
74.117.180.23 - - [13/Jun/2016:00:41:08 -0500] "HEAD /BLA/resoluciones/RESOLUCIONES%202011/3040.pdf HTTP/1.1" 200 -
66.249.64.198 - - [13/Jun/2016:00:41:10 -0500] "GET /BLA/resoluciones/RESOLUCIONES%202007/RES%202007%20401%20AL%20500/RESOLUCION%200490%20DE%202007.pdf HTTP/1.1" 200 423907
66.249.64.198 - - [13/Jun/2016:00:41:15 -0500] "GET /BLA/resoluciones/RESOLUCIONES%202007/RES%202007%201001%20AL%201100/RESOLUCION%201017%20DE%202007.pdf HTTP/1.1" 304 -
74.117.180.23 - - [13/Jun/2016:00:41:17 -0500] "HEAD /BLA/resoluciones/RESOLUCIONES%202011/3055.pdf HTTP/1.1" 200 -
66.249.64.198 - - [13/Jun/2016:00:41:21 -0500] "GET /BLA/resoluciones/RESOLUCIONES%202009/2470.pdf HTTP/1.1" 304 -
74.117.180.23 - - [13/Jun/2016:00:41:32 -0500] "HEAD /BLA/resoluciones/RESOLUCIONES%202011/3098.pdf HTTP/1.1" 200 -
66.249.64.198 - - [13/Jun/2016:00:41:42 -0500] "GET /BLA/resoluciones/RESOLUCIONES%202007/RES%202007%202201%20AL%202300/RESOLUCION%202220%20DE%202007.pdf HTTP/1.1" 200 437487
66.249.64.238 - - [13/Jun/2016:00:41:48 -0500] "GET /POT-2013/Cartografia/34_EST_ORDENAMIENTO%20PARA%20EL%20SUELO_RURAL.pdf HTTP/1.1" 200 3028053
69.162.124.232 - - [13/Jun/2016:00:41:56 -0500] "HEAD / HTTP/1.1" 200 -
74.117.180.23 - - [13/Jun/2016:00:41:57 -0500] "HEAD /BLA/resoluciones/RESOLUCIONES%202011/3099.pdf HTTP/1.1" 200 -
66.249.64.198 - - [13/Jun/2016:00:42:04 -0500] "GET /BLA/resoluciones/AUTOS%202008/3433.pdf HTTP/1.1" 200 179930
186.113.81.36 - - [13/Jun/2016:00:42:14 -0500] "GET /galeria/galeria/jquery.fancybox.css?v=2.1.5 HTTP/1.1" 200 4895
186.113.81.36 - - [13/Jun/2016:00:42:14 -0500] "GET /BLA/boletinlegal/js/jquery.scrollShow.js HTTP/1.1" 200 4586
186.113.81.36 - - [13/Jun/2016:00:42:14 -0500] "GET /galeria/galeria/jquery.fancybox.js?v=2.1.5 HTTP/1.1" 200 48706
186.113.81.36 - - [13/Jun/2016:00:42:21 -0500] "GET /BLA/boletinlegal/js/jquery.scrollShow.js HTTP/1.1" 304 -
186.113.81.36 - - [13/Jun/2016:00:42:21 -0500] "GET /galeria/galeria/jquery.fancybox.js?v=2.1.5 HTTP/1.1" 304 -
186.113.81.36 - - [13/Jun/2016:00:42:21 -0500] "GET /galeria/galeria/jquery.fancybox.css?v=2.1.5 HTTP/1.1" 304 -
66.249.64.198 - - [13/Jun/2016:00:42:26 -0500] "GET /BLA/resoluciones/AUTOS%202015/0178.pdf HTTP/1.1" 304 -
66.249.64.198 - - [13/Jun/2016:00:42:31 -0500] "GET /BLA/resoluciones/RESOLUCIONES%202007/RES%202007%202401%20AL%202500/RESOLUCION%202477%20DE%202007.pdf HTTP/1.1" 304 -
50.139.210.15 - - [13/Jun/2016:00:42:33 -0500] "GET /webdav/x32.php?host=&time=60&port=1 HTTP/1.1" 404 1018
192.168.175.104 - - [13/Jun/2016:00:42:34 -0500] "GET / HTTP/1.0" 200 9990
66.249.64.198 - - [13/Jun/2016:00:42:36 -0500] "GET /BLA/resoluciones/RESOLUCIONES%202014/0300.pdf HTTP/1.1" 304 -
74.117.180.23 - - [13/Jun/2016:00:42:39 -0500] "HEAD /BLA/resoluciones/RESOLUCIONES%202011/3008.pdf HTTP/1.1" 200 -
66.249.64.198 - - [13/Jun/2016:00:42:42 -0500] "GET /BLA/resoluciones/AUTOS%202013/1609.pdf HTTP/1.1" 200 432136
66.249.64.198 - - [13/Jun/2016:00:42:47 -0500] "GET /BLA/resoluciones/RESOLUCIONES%202011/1572.pdf HTTP/1.1" 304 -
74.117.180.23 - - [13/Jun/2016:00:42:59 -0500] "HEAD /BLA/resoluciones/RESOLUCIONES%202011/3100.pdf HTTP/1.1" 200 -
66.249.64.198 - - [13/Jun/2016:00:43:03 -0500] "GET /BLA/resoluciones/RESOLUCIONES%202011/3776.pdf HTTP/1.1" 304 -
66.249.64.198 - - [13/Jun/2016:00:43:25 -0500] "GET /BLA/resoluciones/RESOLUCIONES%202010/0427.pdf HTTP/1.1" 304 -
66.249.64.198 - - [13/Jun/2016:00:43:36 -0500] "GET /BLA/resoluciones/RESOLUCIONES%202007/RES%202007%204101%20AL%204200/RESOLUCION%204182%20DE%202007.pdf HTTP/1.1" 304 -
66.249.64.198 - - [13/Jun/2016:00:43:41 -0500] "GET /BLA/resoluciones/AUTOS%202007/0327.pdf HTTP/1.1" 304 -
66.249.64.198 - - [13/Jun/2016:00:43:52 -0500] "GET /BLA/resoluciones/AUTOS%202007/1541.pdf HTTP/1.1" 304 -
74.117.180.23 - - [13/Jun/2016:00:44:00 -0500] "HEAD /BLA/resoluciones/RESOLUCIONES%202011/3011.pdf HTTP/1.1" 200 -
74.117.180.23 - - [13/Jun/2016:00:44:00 -0500] "HEAD /BLA/resoluciones/RESOLUCIONES%202011/3069.pdf HTTP/1.1" 200 -
74.117.180.23 - - [13/Jun/2016:00:44:02 -0500] "HEAD /BLA/resoluciones/RESOLUCIONES%202011/3056.pdf HTTP/1.1" 200 -
66.249.64.198 - - [13/Jun/2016:00:44:03 -0500] "GET /BLA/resoluciones/RESOLUCIONES%202007/RES%202007%203001%20AL%203100/RESOLUCION%203044%20%20DE%202007.pdf HTTP/1.1" 304 -
192.168.175.104 - - [13/Jun/2016:00:44:05 -0500] "GET / HTTP/1.1" 200 9990
66.249.64.198 - - [13/Jun/2016:00:44:08 -0500] "GET /BLA/resoluciones/AUTOS%202013/2557.pdf HTTP/1.1" 304 -
66.249.64.198 - - [13/Jun/2016:00:44:13 -0500] "GET /BLA/resoluciones/AUTOS%202008/2092.pdf HTTP/1.1" 304 -
66.249.64.198 - - [13/Jun/2016:00:44:19 -0500] "GET /BLA/resoluciones/RESOLUCIONES%202008/0025.pdf HTTP/1.1" 304 -
157.55.39.170 - - [13/Jun/2016:00:44:26 -0500] "GET /POT-2013/Cartografia/11_Areas_Actividad_Extractiva_2013_V1.pdf HTTP/1.1" 304 -
66.249.64.198 - - [13/Jun/2016:00:44:30 -0500] "GET /BLA/resoluciones/RESOLUCIONES%202010/0801.pdf HTTP/1.1" 304 -
66.249.64.198 - - [13/Jun/2016:00:44:35 -0500] "GET /BLA/resoluciones/AUTOS%202013/1063.pdf HTTP/1.1" 304 -
66.249.64.198 - - [13/Jun/2016:00:44:40 -0500] "GET /BLA/resoluciones/AUTOS%202011/6362.pdf HTTP/1.1" 304 -
66.249.64.198 - - [13/Jun/2016:00:44:46 -0500] "GET /BLA/resoluciones/RESOLUCIONES%202008/5413.pdf HTTP/1.1" 304 -
66.249.64.198 - - [13/Jun/2016:00:44:51 -0500] "GET /BLA/resoluciones/AUTOS%202009/0530.pdf HTTP/1.1" 200 365571
66.249.64.198 - - [13/Jun/2016:00:44:57 -0500] "GET /BLA/resoluciones/RESOLUCIONES%202008/1824.pdf HTTP/1.1" 304 -
66.249.64.198 - - [13/Jun/2016:00:45:02 -0500] "GET /BLA/resoluciones/RESOLUCIONES%202007/RES%202007%20601%20AL%20700/RESOLUCION%200675%20DE%202007.pdf HTTP/1.1" 304 -
66.249.64.198 - - [13/Jun/2016:00:45:13 -0500] "GET /BLA/resoluciones/RESOLUCIONES%202014/0073.pdf HTTP/1.1" 304 -
74.117.180.23 - - [13/Jun/2016:00:45:18 -0500] "HEAD /BLA/resoluciones/RESOLUCIONES%202011/3059.pdf HTTP/1.1" 200 -
66.249.64.198 - - [13/Jun/2016:00:45:18 -0500] "GET /BLA/resoluciones/RESOLUCIONES%202013/2139.pdf HTTP/1.1" 304 -
194.177.255.170 - - [13/Jun/2016:00:45:20 -0500] "GET /old/wp-admin/ HTTP/1.1" 404 1018
66.249.64.198 - - [13/Jun/2016:00:45:24 -0500] "GET /BLA/resoluciones/RESOLUCIONES%202007/RES%202007%201101%20AL%201200/RESOLUCION%201107%20DE%202007.pdf HTTP/1.1" 304 -
66.249.64.198 - - [13/Jun/2016:00:45:40 -0500] "GET /BLA/resoluciones/AUTOS%202007/0712.pdf HTTP/1.1" 200 348853
66.249.64.198 - - [13/Jun/2016:00:45:45 -0500] "GET /BLA/resoluciones/RESOLUCIONES%202009/2502.pdf HTTP/1.1" 304 -
50.139.210.15 - - [13/Jun/2016:00:45:48 -0500] "GET /webdav/x32.php?host=&time=60&port=1 HTTP/1.1" 404 1018
192.168.175.104 - - [13/Jun/2016:00:45:50 -0500] "GET / HTTP/1.1" 200 9990
66.249.64.198 - - [13/Jun/2016:00:45:51 -0500] "GET /BLA/resoluciones/RESOLUCIONES%202011/1137.pdf HTTP/1.1" 304 -
66.249.64.198 - - [13/Jun/2016:00:46:23 -0500] "GET /BLA/resoluciones/AUTOS%202010/3619.pdf HTTP/1.1" 304 -
66.249.75.243 - - [13/Jun/2016:00:46:29 -0500] "GET /BLA/resoluciones/AUTOS%202014/0656.pdf HTTP/1.1" 200 668628
74.117.180.23 - - [13/Jun/2016:00:46:39 -0500] "HEAD /BLA/resoluciones/RESOLUCIONES%202011/3070.pdf HTTP/1.1" 200 -
66.249.64.237 - - [13/Jun/2016:00:46:40 -0500] "GET /BLA/boletinlegal/Directivas/2015/Directiva%20No.%2001%20del%2014%20de%20Enero%20de%202015.pdf HTTP/1.1" 304 -
66.249.64.198 - - [13/Jun/2016:00:46:45 -0500] "GET /BLA/resoluciones/AUTOS%202013/0199.pdf HTTP/1.1" 304 -
74.117.180.23 - - [13/Jun/2016:00:46:47 -0500] "HEAD /BLA/resoluciones/RESOLUCIONES%202011/3102.pdf HTTP/1.1" 200 -
74.117.180.23 - - [13/Jun/2016:00:46:56 -0500] "HEAD /BLA/resoluciones/RESOLUCIONES%202011/3012.pdf HTTP/1.1" 200 -
69.162.124.232 - - [13/Jun/2016:00:46:56 -0500] "HEAD / HTTP/1.1" 200 -
186.28.227.62 - - [13/Jun/2016:00:47:01 -0500] "GET /galeria/galeria/jquery.fancybox.js?v=2.1.5 HTTP/1.1" 304 -
186.28.227.62 - - [13/Jun/2016:00:47:01 -0500] "GET /galeria/galeria/jquery.fancybox.css?v=2.1.5 HTTP/1.1" 304 -
186.28.227.62 - - [13/Jun/2016:00:47:01 -0500] "GET /BLA/boletinlegal/js/jquery.scrollShow.js HTTP/1.1" 304 -
66.249.64.198 - - [13/Jun/2016:00:47:01 -0500] "GET /Autoliquidacion/Solicitud%20de%20Licencia%20Ambiental/Solicitud%20de%20licencia%20ambiental.....pdf HTTP/1.1" 304 -
91.121.184.8 - - [13/Jun/2016:00:47:08 -0500] "GET /robots.txt HTTP/1.0" 404 1018
91.121.184.8 - - [13/Jun/2016:00:47:08 -0500] "GET /robots.txt HTTP/1.0" 404 1018
91.121.184.8 - - [13/Jun/2016:00:47:09 -0500] "GET /catalogoisis/ HTTP/1.0" 200 8575
66.249.64.198 - - [13/Jun/2016:00:47:23 -0500] "GET /BLA/resoluciones/AUTOS%202013/2491.pdf HTTP/1.1" 304 -
187.149.115.93 - - [13/Jun/2016:00:47:23 -0500] "GET /BLA/boletinlegal/js/jquery.scrollShow.js HTTP/1.1" 200 4586
187.149.115.93 - - [13/Jun/2016:00:47:23 -0500] "GET /galeria/galeria/jquery.fancybox.css?v=2.1.5 HTTP/1.1" 200 4895
187.149.115.93 - - [13/Jun/2016:00:47:23 -0500] "GET /galeria/galeria/jquery.fancybox.js?v=2.1.5 HTTP/1.1" 200 48706
66.249.64.198 - - [13/Jun/2016:00:47:28 -0500] "GET /BLA/resoluciones/RESOLUCIONES%202007/RES%202007%202201%20AL%202300/RESOLUCION%202241%20DE%202007.pdf HTTP/1.1" 304 -
192.168.175.104 - - [13/Jun/2016:00:47:32 -0500] "GET / HTTP/1.0" 200 9990
187.149.115.93 - - [13/Jun/2016:00:47:34 -0500] "GET /BLA/boletinlegal/js/jquery.scrollShow.js HTTP/1.1" 304 -
187.149.115.93 - - [13/Jun/2016:00:47:34 -0500] "GET /galeria/galeria/jquery.fancybox.js?v=2.1.5 HTTP/1.1" 304 -
187.149.115.93 - - [13/Jun/2016:00:47:34 -0500] "GET /galeria/galeria/jquery.fancybox.css?v=2.1.5 HTTP/1.1" 304 -
207.46.13.175 - - [13/Jun/2016:00:47:42 -0500] "GET /pot-2013/cartografia/14_sistema%20de%20movilidad_subsistema%20vial_feb.pdf HTTP/1.1" 200 4617200
66.249.64.198 - - [13/Jun/2016:00:47:44 -0500] "GET /BLA/resoluciones/RESOLUCIONES%202009/2918.pdf HTTP/1.1" 304 -
66.249.64.198 - - [13/Jun/2016:00:47:49 -0500] "GET /BLA/resoluciones/AUTOS%202010/1271.pdf HTTP/1.1" 304 -
66.249.64.198 - - [13/Jun/2016:00:48:00 -0500] "GET /BLA/resoluciones/AUTOS%202015/1951.pdf HTTP/1.1" 304 -
74.117.180.23 - - [13/Jun/2016:00:48:02 -0500] "HEAD /BLA/resoluciones/RESOLUCIONES%202011/3108.pdf HTTP/1.1" 200 -
91.121.184.8 - - [13/Jun/2016:00:47:08 -0500] "GET /BLA/boletinlegal/ HTTP/1.0" 200 52190
66.249.64.198 - - [13/Jun/2016:00:48:27 -0500] "GET /BLA/resoluciones/RESOLUCIONES%202007/RES%202007%202901%20AL%203000/RESOLUCION%202966%20DE%202007.pdf HTTP/1.1" 304 -
74.117.180.23 - - [13/Jun/2016:00:48:31 -0500] "HEAD /BLA/resoluciones/RESOLUCIONES%202011/3119.pdf HTTP/1.1" 200 -
66.249.64.198 - - [13/Jun/2016:00:48:33 -0500] "GET /BLA/resoluciones/AUTOS%202007/2704.pdf HTTP/1.1" 304 -
66.249.64.198 - - [13/Jun/2016:00:48:38 -0500] "GET /BLA/resoluciones/RESOLUCIONES%202009/9670.pdf HTTP/1.1" 304 -
66.249.64.198 - - [13/Jun/2016:00:48:49 -0500] "GET /BLA/resoluciones/AUTOS%202011/7394.pdf HTTP/1.1" 304 -
66.249.75.243 - - [13/Jun/2016:00:48:55 -0500] "GET /BLA/resoluciones/RESOLUCIONES%202009/6056.pdf HTTP/1.1" 200 485015
74.117.180.23 - - [13/Jun/2016:00:48:57 -0500] "HEAD /BLA/resoluciones/RESOLUCIONES%202011/3019.pdf HTTP/1.1" 200 -
192.168.175.104 - - [13/Jun/2016:00:49:03 -0500] "GET / HTTP/1.1" 200 9990
74.117.180.23 - - [13/Jun/2016:00:49:07 -0500] "HEAD /BLA/resoluciones/RESOLUCIONES%202011/3136.pdf HTTP/1.1" 200 -
74.117.180.23 - - [13/Jun/2016:00:49:08 -0500] "HEAD /BLA/resoluciones/RESOLUCIONES%202011/3113.pdf HTTP/1.1" 200 -
66.249.64.198 - - [13/Jun/2016:00:49:11 -0500] "GET /BLA/resoluciones/AUTOS%202015/1209.pdf HTTP/1.1" 304 -
66.249.64.198 - - [13/Jun/2016:00:49:16 -0500] "GET /BLA/resoluciones/RESOLUCIONES%202014/2233.pdf HTTP/1.1" 304 -
66.249.64.198 - - [13/Jun/2016:00:49:21 -0500] "GET /BLA/resoluciones/RESOLUCIONES%202007/RES%202007%20501%20AL%20600/RESOLUCION%200585%20%20DE%202007.pdf HTTP/1.1" 304 -
66.249.64.198 - - [13/Jun/2016:00:49:27 -0500] "GET /BLA/resoluciones/RESOLUCIONES%202009/4363.pdf HTTP/1.1" 304 -
66.249.64.198 - - [13/Jun/2016:00:49:32 -0500] "GET /BLA/resoluciones/RESOLUCIONES%202009/4078.pdf HTTP/1.1" 304 -
66.249.64.198 - - [13/Jun/2016:00:49:37 -0500] "GET /BLA/resoluciones/RESOLUCIONES%202010/3748.pdf HTTP/1.1" 304 -
66.249.64.198 - - [13/Jun/2016:00:49:48 -0500] "GET /BLA/resoluciones/Notificaciones/REGISTROS%202015/0315.doc HTTP/1.1" 200 199680
190.248.224.214 - - [13/Jun/2016:00:49:49 -0500] "GET /galeria/galeria/jquery.fancybox.css?v=2.1.5 HTTP/1.1" 200 4895
190.248.224.214 - - [13/Jun/2016:00:49:49 -0500] "GET /BLA/boletinlegal/js/jquery.scrollShow.js HTTP/1.1" 200 4586
190.248.224.214 - - [13/Jun/2016:00:49:49 -0500] "GET /galeria/galeria/jquery.fancybox.js?v=2.1.5 HTTP/1.1" 200 48706
66.249.64.198 - - [13/Jun/2016:00:49:54 -0500] "GET /BLA/resoluciones/RESOLUCIONES%202012/1780.pdf HTTP/1.1" 304 -
190.248.224.214 - - [13/Jun/2016:00:49:58 -0500] "GET /galeria/galeria/jquery.fancybox.js?v=2.1.5 HTTP/1.1" 304 -
190.248.224.214 - - [13/Jun/2016:00:49:58 -0500] "GET /BLA/boletinlegal/js/jquery.scrollShow.js HTTP/1.1" 304 -
190.248.224.214 - - [13/Jun/2016:00:49:58 -0500] "GET /galeria/galeria/jquery.fancybox.css?v=2.1.5 HTTP/1.1" 304 -
187.210.230.87 - - [13/Jun/2016:00:49:59 -0500] "GET /galeria/galeria/jquery.fancybox.css?v=2.1.5 HTTP/1.1" 200 4895
187.210.230.87 - - [13/Jun/2016:00:49:59 -0500] "GET /galeria/galeria/jquery.fancybox.js?v=2.1.5 HTTP/1.1" 200 48706
187.210.230.87 - - [13/Jun/2016:00:49:59 -0500] "GET /BLA/boletinlegal/js/jquery.scrollShow.js HTTP/1.1" 200 4586
74.117.180.23 - - [13/Jun/2016:00:50:00 -0500] "HEAD /BLA/resoluciones/RESOLUCIONES%202011/3138.pdf HTTP/1.1" 200 -
66.249.64.198 - - [13/Jun/2016:00:50:04 -0500] "GET /BLA/resoluciones/AUTOS%202011/7795.pdf HTTP/1.1" 304 -
190.248.224.214 - - [13/Jun/2016:00:50:06 -0500] "GET /galeria/galeria/jquery.fancybox.css?v=2.1.5 HTTP/1.1" 200 4895
190.248.224.214 - - [13/Jun/2016:00:50:06 -0500] "GET /galeria/galeria/jquery.fancybox.js?v=2.1.5 HTTP/1.1" 200 48706
190.248.224.214 - - [13/Jun/2016:00:50:06 -0500] "GET /BLA/boletinlegal/js/jquery.scrollShow.js HTTP/1.1" 200 4586
187.210.230.87 - - [13/Jun/2016:00:50:08 -0500] "GET /BLA/boletinlegal/js/jquery.scrollShow.js HTTP/1.1" 304 -
187.210.230.87 - - [13/Jun/2016:00:50:08 -0500] "GET /galeria/galeria/jquery.fancybox.js?v=2.1.5 HTTP/1.1" 304 -
187.210.230.87 - - [13/Jun/2016:00:50:08 -0500] "GET /galeria/galeria/jquery.fancybox.css?v=2.1.5 HTTP/1.1" 304 -
66.249.64.198 - - [13/Jun/2016:00:50:33 -0500] "GET /BLA/resoluciones/RESOLUCIONES%202007/RES%202007%202801%20AL%202900/RESOLUCION%202875%20DE%202007.pdf HTTP/1.1" 304 -
74.82.47.2 - - [13/Jun/2016:00:50:36 -0500] "GET / HTTP/1.1" 200 9990
66.249.64.198 - - [13/Jun/2016:00:50:37 -0500] "GET /BLA/resoluciones/AUTOS%202011/3778.pdf HTTP/1.1" 304 -
186.155.162.4 - - [13/Jun/2016:00:50:37 -0500] "GET /galeria/galeria/jquery.fancybox.css?v=2.1.5 HTTP/1.1" 200 4895
186.155.162.4 - - [13/Jun/2016:00:50:37 -0500] "GET /BLA/boletinlegal/js/jquery.scrollShow.js HTTP/1.1" 200 4586
186.155.162.4 - - [13/Jun/2016:00:50:37 -0500] "GET /galeria/galeria/jquery.fancybox.js?v=2.1.5 HTTP/1.1" 200 48706
66.249.64.198 - - [13/Jun/2016:00:50:42 -0500] "GET /BLA/resoluciones/AUTOS%202014/2498.pdf HTTP/1.1" 304 -
66.249.64.198 - - [13/Jun/2016:00:50:48 -0500] "GET /BLA/resoluciones/AUTOS%202013/0339.pdf HTTP/1.1" 304 -
192.168.175.104 - - [13/Jun/2016:00:50:48 -0500] "GET / HTTP/1.1" 200 9990
66.249.75.243 - - [13/Jun/2016:00:50:50 -0500] "GET /BLA/resoluciones/RESOLUCIONES%202007/RES%202007%202901%20AL%203000/RESOLUCION%202948%20DE%202007.pdf HTTP/1.1" 304 -
186.155.162.4 - - [13/Jun/2016:00:50:52 -0500] "GET /BLA/boletinlegal/js/jquery.scrollShow.js HTTP/1.1" 304 -
186.155.162.4 - - [13/Jun/2016:00:50:52 -0500] "GET /galeria/galeria/jquery.fancybox.js?v=2.1.5 HTTP/1.1" 304 -
186.155.162.4 - - [13/Jun/2016:00:50:52 -0500] "GET /galeria/galeria/jquery.fancybox.css?v=2.1.5 HTTP/1.1" 304 -
74.117.180.23 - - [13/Jun/2016:00:50:58 -0500] "HEAD /BLA/resoluciones/RESOLUCIONES%202011/3046.pdf HTTP/1.1" 200 -
74.117.180.23 - - [13/Jun/2016:00:51:02 -0500] "HEAD /BLA/resoluciones/RESOLUCIONES%202011/3120.pdf HTTP/1.1" 200 -
66.249.64.198 - - [13/Jun/2016:00:51:04 -0500] "GET /BLA/resoluciones/RESOLUCIONES%202010/1437.pdf HTTP/1.1" 304 -
66.249.64.198 - - [13/Jun/2016:00:51:20 -0500] "GET /BLA/resoluciones/RESOLUCIONES%202013/0024.pdf HTTP/1.1" 304 -
66.249.64.198 - - [13/Jun/2016:00:51:25 -0500] "GET /BLA/resoluciones/RESOLUCIONES%202013/0806.pdf HTTP/1.1" 304 -
66.249.64.198 - - [13/Jun/2016:00:51:31 -0500] "GET /BLA/resoluciones/AUTOS%202009/1489.pdf HTTP/1.1" 304 -
74.117.180.23 - - [13/Jun/2016:00:51:32 -0500] "HEAD /BLA/resoluciones/RESOLUCIONES%202011/3047.pdf HTTP/1.1" 200 -
66.249.64.198 - - [13/Jun/2016:00:51:36 -0500] "GET /BLA/resoluciones/AUTOS%202015/0276.pdf HTTP/1.1" 304 -
66.249.64.198 - - [13/Jun/2016:00:51:42 -0500] "GET /BLA/resoluciones/RESOLUCIONES%202010/7839.pdf HTTP/1.1" 304 -
186.113.10.143 - - [13/Jun/2016:00:51:51 -0500] "GET /galeria/nivo-slider/demo/images/BANNERECOLECTAHOTELES.jpg HTTP/1.1" 304 -
66.249.64.198 - - [13/Jun/2016:00:51:53 -0500] "GET /BLA/resoluciones/RESOLUCIONES%202014/0610.pdf HTTP/1.1" 304 -
69.162.124.232 - - [13/Jun/2016:00:51:56 -0500] "HEAD / HTTP/1.1" 200 -
66.249.64.198 - - [13/Jun/2016:00:51:58 -0500] "GET /BLA/resoluciones/RESOLUCIONES%202010/4624.pdf HTTP/1.1" 304 -
74.117.180.23 - - [13/Jun/2016:00:52:03 -0500] "HEAD /BLA/resoluciones/RESOLUCIONES%202011/3114.pdf HTTP/1.1" 200 -
66.249.64.198 - - [13/Jun/2016:00:52:20 -0500] "GET /BLA/resoluciones/AUTOS%202010/0428.pdf HTTP/1.1" 304 -
66.249.64.198 - - [13/Jun/2016:00:52:30 -0500] "GET /BLA/resoluciones/AUTOS%202014/3623.pdf HTTP/1.1" 200 2145907
192.168.175.104 - - [13/Jun/2016:00:52:31 -0500] "GET / HTTP/1.0" 200 9990
190.248.224.214 - - [13/Jun/2016:00:52:34 -0500] "GET /BLA/boletinlegal/js/jquery.scrollShow.js HTTP/1.1" 200 4586
190.248.224.214 - - [13/Jun/2016:00:52:34 -0500] "GET /galeria/galeria/jquery.fancybox.css?v=2.1.5 HTTP/1.1" 200 4895
190.248.224.214 - - [13/Jun/2016:00:52:34 -0500] "GET /galeria/galeria/jquery.fancybox.js?v=2.1.5 HTTP/1.1" 200 48706
74.117.180.23 - - [13/Jun/2016:00:52:39 -0500] "HEAD /BLA/resoluciones/RESOLUCIONES%202011/3060.pdf HTTP/1.1" 200 -
190.248.224.214 - - [13/Jun/2016:00:52:44 -0500] "GET /galeria/galeria/jquery.fancybox.css?v=2.1.5 HTTP/1.1" 304 -
190.248.224.214 - - [13/Jun/2016:00:52:44 -0500] "GET /BLA/boletinlegal/js/jquery.scrollShow.js HTTP/1.1" 304 -
190.248.224.214 - - [13/Jun/2016:00:52:44 -0500] "GET /galeria/galeria/jquery.fancybox.js?v=2.1.5 HTTP/1.1" 304 -
207.46.13.109 - - [13/Jun/2016:00:52:55 -0500] "GET /stormWeb/ HTTP/1.1" 404 1018
207.46.13.109 - - [13/Jun/2016:00:52:55 -0500] "GET /BLA/resoluciones/AUTOS%202013/0684.pdf HTTP/1.1" 200 767162
66.249.64.198 - - [13/Jun/2016:00:52:57 -0500] "GET /BLA/resoluciones/RESOLUCIONES%202008/4765.pdf HTTP/1.1" 304 -
207.46.13.109 - - [13/Jun/2016:00:52:59 -0500] "GET /BLA/resoluciones/AUTOS%202015/0042.pdf HTTP/1.1" 200 833208
66.249.75.243 - - [13/Jun/2016:00:53:15 -0500] "GET /BLA/resoluciones/RESOLUCIONES%202013/0783.pdf HTTP/1.1" 304 -
74.117.180.23 - - [13/Jun/2016:00:53:17 -0500] "HEAD /BLA/resoluciones/RESOLUCIONES%202011/3116.pdf HTTP/1.1" 200 -
66.249.64.248 - - [13/Jun/2016:00:53:19 -0500] "GET /POT-2013/Cartografia/26_Espacio_Publico_2013_V1.pdf HTTP/1.1" 304 -
74.117.180.23 - - [13/Jun/2016:00:53:20 -0500] "HEAD /BLA/resoluciones/RESOLUCIONES%202011/3139.pdf HTTP/1.1" 200 -
66.249.64.198 - - [13/Jun/2016:00:53:24 -0500] "GET /BLA/resoluciones/RESOLUCIONES%202009/3794.pdf HTTP/1.1" 304 -
74.117.180.23 - - [13/Jun/2016:00:53:28 -0500] "HEAD /BLA/resoluciones/RESOLUCIONES%202011/3121.pdf HTTP/1.1" 200 -
66.249.64.198 - - [13/Jun/2016:00:53:35 -0500] "GET /BLA/resoluciones/AUTOS%202011/1564.pdf HTTP/1.1" 304 -
66.249.64.198 - - [13/Jun/2016:00:53:51 -0500] "GET /BLA/resoluciones/RESOLUCIONES%202009/3912.pdf HTTP/1.1" 304 -
74.117.180.23 - - [13/Jun/2016:00:54:00 -0500] "HEAD /BLA/resoluciones/RESOLUCIONES%202011/3048.pdf HTTP/1.1" 200 -
192.168.175.104 - - [13/Jun/2016:00:54:01 -0500] "GET / HTTP/1.1" 200 9990
66.249.64.198 - - [13/Jun/2016:00:54:02 -0500] "GET /BLA/resoluciones/RESOLUCIONES%202007/RES%202007%202901%20AL%203000/RESOLUCION%202981%20DE%202007.pdf HTTP/1.1" 304 -
186.46.226.64 - - [13/Jun/2016:00:54:15 -0500] "GET /galeria/galeria/jquery.fancybox.css?v=2.1.5 HTTP/1.1" 200 4895
186.46.226.64 - - [13/Jun/2016:00:54:17 -0500] "GET /BLA/boletinlegal/js/jquery.scrollShow.js HTTP/1.1" 200 4586
186.46.226.64 - - [13/Jun/2016:00:54:17 -0500] "GET /galeria/galeria/jquery.fancybox.js?v=2.1.5 HTTP/1.1" 200 48706
66.249.64.198 - - [13/Jun/2016:00:54:18 -0500] "GET /BLA/resoluciones/RESOLUCIONES%202007/RES%202007%202901%20AL%203000/RESOLUCION%202984%20%20DE%202007.pdf HTTP/1.1" 304 -
74.117.180.23 - - [13/Jun/2016:00:54:29 -0500] "HEAD /BLA/resoluciones/RESOLUCIONES%202011/3141.pdf HTTP/1.1" 200 -
66.249.64.198 - - [13/Jun/2016:00:54:34 -0500] "GET /BLA/resoluciones/AUTOS%202013/0931.pdf HTTP/1.1" 304 -
186.86.184.87 - - [13/Jun/2016:00:55:00 -0500] "GET /BLA/boletinlegal/js/jquery.scrollShow.js HTTP/1.1" 200 4586
186.86.184.87 - - [13/Jun/2016:00:55:00 -0500] "GET /galeria/galeria/jquery.fancybox.css?v=2.1.5 HTTP/1.1" 200 4895
186.86.184.87 - - [13/Jun/2016:00:55:00 -0500] "GET /galeria/galeria/jquery.fancybox.js?v=2.1.5 HTTP/1.1" 200 48706
186.46.226.64 - - [13/Jun/2016:00:55:11 -0500] "GET /galeria/galeria/jquery.fancybox.css?v=2.1.5 HTTP/1.1" 304 -
186.46.226.64 - - [13/Jun/2016:00:55:15 -0500] "GET /BLA/boletinlegal/js/jquery.scrollShow.js HTTP/1.1" 304 -
186.46.226.64 - - [13/Jun/2016:00:55:15 -0500] "GET /galeria/galeria/jquery.fancybox.js?v=2.1.5 HTTP/1.1" 304 -
74.117.180.23 - - [13/Jun/2016:00:55:21 -0500] "HEAD /BLA/resoluciones/RESOLUCIONES%202011/3122.pdf HTTP/1.1" 200 -
74.117.180.23 - - [13/Jun/2016:00:55:31 -0500] "HEAD /BLA/resoluciones/RESOLUCIONES%202011/3142.pdf HTTP/1.1" 200 -
186.155.162.4 - - [13/Jun/2016:00:55:34 -0500] "GET /galeria/carrusel/Carrusel/jquery.thumbnailScroller.css HTTP/1.1" 200 2066
186.155.162.4 - - [13/Jun/2016:00:55:36 -0500] "GET /galeria/nivo-slider/demo/demo.html HTTP/1.1" 200 4453
186.155.162.4 - - [13/Jun/2016:00:55:37 -0500] "GET /galeria/nivo-slider/themes/default/default.css HTTP/1.1" 200 1569
186.155.162.4 - - [13/Jun/2016:00:55:37 -0500] "GET /galeria/nivo-slider/nivo-slider.css HTTP/1.1" 200 1507
186.155.162.4 - - [13/Jun/2016:00:55:37 -0500] "GET /galeria/nivo-slider/demo/style.css HTTP/1.1" 200 2222
186.155.162.4 - - [13/Jun/2016:00:55:37 -0500] "GET /galeria/carrusel/Carrusel/jquery.thumbnailScroller.js HTTP/1.1" 200 8157
186.155.162.4 - - [13/Jun/2016:00:55:38 -0500] "GET /galeria/nivo-slider/demo/scripts/jquery-1.7.1.min.js HTTP/1.1" 200 93868
186.155.162.4 - - [13/Jun/2016:00:55:39 -0500] "GET /galeria/nivo-slider/themes/pascal/pascal.css HTTP/1.1" 200 2258
186.155.162.4 - - [13/Jun/2016:00:55:39 -0500] "GET /galeria/nivo-slider/jquery.nivo.slider.pack.js HTTP/1.1" 200 11561
186.155.162.4 - - [13/Jun/2016:00:55:41 -0500] "GET /galeria/carrusel/Carrusel/jquery-ui-1.8.13.custom.min.js HTTP/1.1" 200 10800
186.155.162.4 - - [13/Jun/2016:00:55:42 -0500] "GET /galeria/nivo-slider/themes/orman/orman.css HTTP/1.1" 200 2152
186.155.162.4 - - [13/Jun/2016:00:55:44 -0500] "GET /galeria/nivo-slider/themes/default/loading.gif HTTP/1.1" 200 1737
186.155.162.4 - - [13/Jun/2016:00:55:45 -0500] "GET /galeria/nivo-slider/demo/images/4Simple_Slider.png HTTP/1.1" 200 11722
192.168.175.104 - - [13/Jun/2016:00:55:46 -0500] "GET / HTTP/1.1" 200 9990
186.155.162.4 - - [13/Jun/2016:00:55:49 -0500] "GET /galeria/nivo-slider/demo/images/convocatoriasecretaria.jpg HTTP/1.1" 200 129365
186.155.162.4 - - [13/Jun/2016:00:55:52 -0500] "GET /galeria/nivo-slider/demo/images/vegetal.jpg HTTP/1.1" 200 216080
186.155.162.4 - - [13/Jun/2016:00:55:52 -0500] "GET /galeria/nivo-slider/demo/images/BANNERWELOVEBOGOTA.jpg HTTP/1.1" 200 122775
186.155.162.4 - - [13/Jun/2016:00:55:52 -0500] "GET /galeria/nivo-slider/demo/images/bannergenCAPACITACIONES-01.jpg HTTP/1.1" 200 153433
186.155.162.4 - - [13/Jun/2016:00:55:52 -0500] "GET /galeria/nivo-slider/demo/images/BANNERBOMBILLAS2.jpg HTTP/1.1" 200 106552
186.155.162.4 - - [13/Jun/2016:00:56:00 -0500] "GET /galeria/nivo-slider/demo/images/Banner_wgic.jpg HTTP/1.1" 200 139000
186.155.162.4 - - [13/Jun/2016:00:56:04 -0500] "GET /galeria/nivo-slider/demo/images/BANNERECOLECTAHOTELES.jpg HTTP/1.1" 200 127813
