66.249.66.175 - - [29/Jun/2016:02:26:23 -0500] "GET /BLA/resoluciones/RESOLUCIONES%202013/1279.pdf HTTP/1.1" 304 -
66.249.66.175 - - [29/Jun/2016:02:26:37 -0500] "GET /BLA/resoluciones/RESOLUCIONES%202013/0344.pdf HTTP/1.1" 304 -
201.245.192.253 - - [29/Jun/2016:02:26:49 -0500] "POST /forms/lservlet;jsessionid=ac16012b30d6a9805714b08e4799806aff7a12903620.e3iSbxaKaheRe34Tax0PchuKax90n6jAmljGr5XDqQLvpAe HTTP/1.1" 200 2
51.255.65.41 - - [29/Jun/2016:02:26:50 -0500] "GET /BLA/resoluciones/index.php?dir=AUTOS%202013/&sort=size&order=desc HTTP/1.1" 200 392590
66.249.66.175 - - [29/Jun/2016:02:27:06 -0500] "GET /BLA/resoluciones/AUTOS%202013/1617.pdf HTTP/1.1" 304 -
66.249.66.175 - - [29/Jun/2016:02:27:07 -0500] "GET /BLA/resoluciones/RESOLUCIONES%202012/0805.pdf HTTP/1.1" 304 -
66.249.66.175 - - [29/Jun/2016:02:27:19 -0500] "GET /BLA/resoluciones/AUTOS%202013/1646.pdf HTTP/1.1" 304 -
66.249.66.175 - - [29/Jun/2016:02:27:30 -0500] "GET /BLA/resoluciones/AUTOS%202007/2909.pdf HTTP/1.1" 200 68696
66.249.66.175 - - [29/Jun/2016:02:27:34 -0500] "GET /BLA/resoluciones/RESOLUCIONES%202008/0896.pdf HTTP/1.1" 304 -
66.249.66.175 - - [29/Jun/2016:02:27:40 -0500] "GET /BLA/resoluciones/RESOLUCIONES%202014/0985.pdf HTTP/1.1" 304 -
69.162.124.232 - - [29/Jun/2016:02:27:50 -0500] "HEAD / HTTP/1.1" 200 -
66.249.66.175 - - [29/Jun/2016:02:28:01 -0500] "GET /BLA/resoluciones/RESOLUCIONES%202007/RES%202007%202001%20AL%202100/RESOLUCION%202013%20DE%202007.pdf HTTP/1.1" 304 -
66.249.66.175 - - [29/Jun/2016:02:28:08 -0500] "GET /BLA/resoluciones/AUTOS%202007/0823.pdf HTTP/1.1" 200 150954
66.249.66.175 - - [29/Jun/2016:02:28:08 -0500] "GET /BLA/resoluciones/RESOLUCIONES%202008/5735.pdf HTTP/1.1" 304 -
66.249.66.175 - - [29/Jun/2016:02:28:29 -0500] "GET /BLA/resoluciones/AUTOS%202014/0629.pdf HTTP/1.1" 304 -
192.168.175.104 - - [29/Jun/2016:02:28:48 -0500] "GET / HTTP/1.1" 200 9990
201.245.192.253 - - [29/Jun/2016:02:28:49 -0500] "POST /forms/lservlet;jsessionid=ac16012b30d6a9805714b08e4799806aff7a12903620.e3iSbxaKaheRe34Tax0PchuKax90n6jAmljGr5XDqQLvpAe HTTP/1.1" 200 2
66.249.66.175 - - [29/Jun/2016:02:28:51 -0500] "GET /BLA/resoluciones/AUTOS%202015/1402.pdf HTTP/1.1" 304 -
36.73.149.19 - - [29/Jun/2016:02:28:59 -0500] "GET /wp-login.php HTTP/1.1" 404 1019
66.249.66.175 - - [29/Jun/2016:02:29:12 -0500] "GET /BLA/resoluciones/AUTOS%202014/5110.pdf HTTP/1.1" 304 -
66.249.66.175 - - [29/Jun/2016:02:29:33 -0500] "GET /BLA/resoluciones/AUTOS%202015/2755.pdf HTTP/1.1" 304 -
66.249.66.175 - - [29/Jun/2016:02:29:54 -0500] "GET /BLA/resoluciones/RESOLUCIONES%202012/0031.pdf HTTP/1.1" 304 -
192.168.175.104 - - [29/Jun/2016:02:30:01 -0500] "GET / HTTP/1.1" 200 9990
51.255.65.29 - - [29/Jun/2016:02:30:05 -0500] "GET /BLA/resoluciones/RESOLUCIONES%202004/RES%202004%20901-950/00000925.tif HTTP/1.1" 200 94056
66.249.66.175 - - [29/Jun/2016:02:30:15 -0500] "GET /BLA/resoluciones/AUTOS%202014/2220.pdf HTTP/1.1" 304 -
66.249.66.175 - - [29/Jun/2016:02:30:22 -0500] "GET /BLA/resoluciones/RESOLUCIONES%202009/5270.pdf HTTP/1.1" 304 -
66.249.66.175 - - [29/Jun/2016:02:30:29 -0500] "GET /BLA/resoluciones/RESOLUCIONES%202012/0958.pdf HTTP/1.1" 304 -
66.249.66.175 - - [29/Jun/2016:02:30:36 -0500] "GET /BLA/resoluciones/RESOLUCIONES%202014/3683.pdf HTTP/1.1" 304 -
201.245.192.253 - - [29/Jun/2016:02:30:49 -0500] "POST /forms/lservlet;jsessionid=ac16012b30d6a9805714b08e4799806aff7a12903620.e3iSbxaKaheRe34Tax0PchuKax90n6jAmljGr5XDqQLvpAe HTTP/1.1" 200 2
66.249.66.175 - - [29/Jun/2016:02:30:50 -0500] "GET /BLA/resoluciones/RESOLUCIONES%202012/0641.pdf HTTP/1.1" 304 -
192.168.175.104 - - [29/Jun/2016:02:30:55 -0500] "GET / HTTP/1.0" 200 9990
66.249.66.175 - - [29/Jun/2016:02:30:57 -0500] "GET /BLA/resoluciones/RESOLUCIONES%202014/2004.pdf HTTP/1.1" 304 -
190.157.101.85 - - [29/Jun/2016:02:30:58 -0500] "GET /BLA/resoluciones/RESOLUCIONES%202007/RES%202007%202401%20AL%202500/RESOLUCION%202410%20DE%202007.pdf HTTP/1.1" 200 396489
190.157.101.85 - - [29/Jun/2016:02:30:58 -0500] "GET /favicon.ico HTTP/1.1" 200 7782
66.249.66.175 - - [29/Jun/2016:02:30:59 -0500] "GET /BLA/resoluciones/RESOLUCIONES%202007/RES%202007%203401%20AL%203500/RESOLUCION%203423%20DE%202007.pdf HTTP/1.1" 200 360833
66.249.66.175 - - [29/Jun/2016:02:31:13 -0500] "GET /BLA/resoluciones/RESOLUCIONES%202011/5156.pdf HTTP/1.1" 304 -
66.249.66.175 - - [29/Jun/2016:02:31:18 -0500] "GET /BLA/resoluciones/RESOLUCIONES%202010/4626.pdf HTTP/1.1" 304 -
66.249.66.175 - - [29/Jun/2016:02:31:25 -0500] "GET /BLA/resoluciones/AUTOS%202012/0348.pdf HTTP/1.1" 304 -
66.249.66.175 - - [29/Jun/2016:02:31:32 -0500] "GET /BLA/resoluciones/AUTOS%202015/0489.pdf HTTP/1.1" 304 -
66.249.66.175 - - [29/Jun/2016:02:31:39 -0500] "GET /BLA/resoluciones/RESOLUCIONES%202009/0077.pdf HTTP/1.1" 304 -
66.249.66.175 - - [29/Jun/2016:02:31:46 -0500] "GET /BLA/resoluciones/AUTOS%202011/2146.pdf HTTP/1.1" 304 -
66.249.66.175 - - [29/Jun/2016:02:32:50 -0500] "GET /BLA/resoluciones/AUTOS%202013/1178.pdf HTTP/1.1" 304 -
201.245.192.253 - - [29/Jun/2016:02:32:50 -0500] "POST /forms/lservlet;jsessionid=ac16012b30d6a9805714b08e4799806aff7a12903620.e3iSbxaKaheRe34Tax0PchuKax90n6jAmljGr5XDqQLvpAe HTTP/1.1" 200 2
69.162.124.232 - - [29/Jun/2016:02:32:50 -0500] "HEAD / HTTP/1.1" 200 -
66.249.66.175 - - [29/Jun/2016:02:33:04 -0500] "GET /BLA/resoluciones/AUTOS%202008/0234.pdf HTTP/1.1" 304 -
66.249.66.175 - - [29/Jun/2016:02:33:11 -0500] "GET /BLA/resoluciones/AUTOS%202012/1584.pdf HTTP/1.1" 304 -
66.249.66.175 - - [29/Jun/2016:02:33:14 -0500] "GET /BLA/resoluciones/AUTOS%202007/0586.pdf HTTP/1.1" 200 124209
66.249.66.175 - - [29/Jun/2016:02:33:18 -0500] "GET /BLA/resoluciones/Notificaciones/AUTOS%202014/5836.doc HTTP/1.1" 304 -
66.249.66.175 - - [29/Jun/2016:02:33:40 -0500] "GET /BLA/resoluciones/RESOLUCIONES%202010/4406.pdf HTTP/1.1" 200 518899
66.249.66.177 - - [29/Jun/2016:02:33:46 -0500] "GET /BLA/boletinlegal/jurisprudencia/analisis/G__Jurisp.%20Junio%202014_Sent%20Tutela%20Drumond.docx HTTP/1.1" 304 -
192.168.175.104 - - [29/Jun/2016:02:33:47 -0500] "GET / HTTP/1.1" 200 9990
66.249.66.175 - - [29/Jun/2016:02:34:06 -0500] "GET /BLA/resoluciones/AUTOS%202007/2840.pdf HTTP/1.1" 200 159125
66.249.66.183 - - [29/Jun/2016:02:34:07 -0500] "GET /BLA/boletinlegal/jurisprudencia/analisis/Analisis%20Sentencia%20T-1077,%202%20corregida.doc HTTP/1.1" 304 -
66.249.66.177 - - [29/Jun/2016:02:34:14 -0500] "GET /BLA/boletinlegal/Circulares/2010/Circular%2006%20de%208%20de%20septiembre%20de%202010.pdf HTTP/1.1" 304 -
66.249.66.175 - - [29/Jun/2016:02:34:21 -0500] "GET /BLA/resoluciones/RESOLUCIONES%202010/2280.pdf HTTP/1.1" 304 -
66.249.66.175 - - [29/Jun/2016:02:34:23 -0500] "GET /BLA/resoluciones/RESOLUCIONES%202010/0086.pdf HTTP/1.1" 200 512955
66.249.66.177 - - [29/Jun/2016:02:34:35 -0500] "GET /BLA/boletinlegal/jurisprudencia/analisis/Analisis%20jurisprudencial%20Sentencia%20C-366-11.doc HTTP/1.1" 304 -
201.245.192.253 - - [29/Jun/2016:02:34:50 -0500] "POST /forms/lservlet;jsessionid=ac16012b30d6a9805714b08e4799806aff7a12903620.e3iSbxaKaheRe34Tax0PchuKax90n6jAmljGr5XDqQLvpAe HTTP/1.1" 200 2
192.168.175.104 - - [29/Jun/2016:02:34:59 -0500] "GET / HTTP/1.1" 200 9990
66.249.66.175 - - [29/Jun/2016:02:35:00 -0500] "GET /BLA/resoluciones/RESOLUCIONES%202007/RES%202007%203701%20AL%203800/RESOLUCION%203704%20DE%202007.pdf HTTP/1.1" 200 810090
66.249.66.175 - - [29/Jun/2016:02:35:03 -0500] "GET /BLA/resoluciones/RESOLUCIONES%202011/5794.pdf HTTP/1.1" 304 -
66.249.66.175 - - [29/Jun/2016:02:35:38 -0500] "GET /BLA/resoluciones/AUTOS%202013/0198.pdf HTTP/1.1" 304 -
192.168.175.104 - - [29/Jun/2016:02:35:53 -0500] "GET / HTTP/1.0" 200 9990
66.249.66.175 - - [29/Jun/2016:02:36:31 -0500] "GET /BLA/resoluciones/AUTOS%202010/0157.pdf HTTP/1.1" 200 179313
201.245.192.253 - - [29/Jun/2016:02:36:50 -0500] "POST /forms/lservlet;jsessionid=ac16012b30d6a9805714b08e4799806aff7a12903620.e3iSbxaKaheRe34Tax0PchuKax90n6jAmljGr5XDqQLvpAe HTTP/1.1" 200 2
66.249.66.175 - - [29/Jun/2016:02:36:56 -0500] "GET /BLA/resoluciones/AUTOS%202013/0219.pdf HTTP/1.1" 304 -
66.249.66.175 - - [29/Jun/2016:02:37:17 -0500] "GET /BLA/resoluciones/RESOLUCIONES%202011/5892.pdf HTTP/1.1" 200 499833
40.77.167.83 - - [29/Jun/2016:02:37:20 -0500] "GET /dama/libreria/php/apread.php HTTP/1.1" 404 1019
66.249.66.175 - - [29/Jun/2016:02:37:24 -0500] "GET /BLA/resoluciones/RESOLUCIONES%202007/RES%202007%201001%20AL%201100/RESOLUCION%201043%20DE%202007.pdf HTTP/1.1" 304 -
66.249.66.175 - - [29/Jun/2016:02:37:37 -0500] "GET /BLA/resoluciones/RESOLUCIONES%202010/6417.pdf HTTP/1.1" 304 -
66.249.66.175 - - [29/Jun/2016:02:37:45 -0500] "GET /BLA/resoluciones/RESOLUCIONES%202007/RES%202007%202201%20AL%202300/RESOLUCION%202243%20DE%202007.pdf HTTP/1.1" 304 -
69.162.124.232 - - [29/Jun/2016:02:37:50 -0500] "HEAD / HTTP/1.1" 200 -
66.249.66.175 - - [29/Jun/2016:02:37:52 -0500] "GET /BLA/resoluciones/AUTOS%202013/3427.pdf HTTP/1.1" 304 -
66.249.66.175 - - [29/Jun/2016:02:38:06 -0500] "GET /BLA/resoluciones/RESOLUCIONES%202007/RES%202007%20401%20AL%20500/RESOLUCION%200444%20DE%202007.pdf HTTP/1.1" 304 -
66.249.66.175 - - [29/Jun/2016:02:38:34 -0500] "GET /BLA/resoluciones/RESOLUCIONES%202007/RES%202007%201501%20AL%201600/RESOLUCION%201547%20DE%202007.pdf HTTP/1.1" 304 -
66.249.66.175 - - [29/Jun/2016:02:38:41 -0500] "GET /BLA/resoluciones/RESOLUCIONES%202012/0581.pdf HTTP/1.1" 304 -
66.249.66.175 - - [29/Jun/2016:02:38:45 -0500] "GET /BLA/resoluciones/AUTOS%202007/1231.pdf HTTP/1.1" 200 279181
192.168.175.104 - - [29/Jun/2016:02:38:45 -0500] "GET / HTTP/1.1" 200 9990
66.249.66.175 - - [29/Jun/2016:02:38:48 -0500] "GET /BLA/resoluciones/AUTOS%202014/1924.pdf HTTP/1.1" 304 -
201.245.192.253 - - [29/Jun/2016:02:38:50 -0500] "POST /forms/lservlet;jsessionid=ac16012b30d6a9805714b08e4799806aff7a12903620.e3iSbxaKaheRe34Tax0PchuKax90n6jAmljGr5XDqQLvpAe HTTP/1.1" 200 2
66.249.66.175 - - [29/Jun/2016:02:38:55 -0500] "GET /BLA/resoluciones/RESOLUCIONES%202011/1881.pdf HTTP/1.1" 304 -
66.249.66.175 - - [29/Jun/2016:02:39:28 -0500] "GET /BLA/resoluciones/RESOLUCIONES%202010/3246.pdf HTTP/1.1" 200 753364
181.133.31.18 - - [29/Jun/2016:02:39:36 -0500] "GET /galeria/galeria/jquery.fancybox.css?v=2.1.5 HTTP/1.1" 200 4895
181.133.31.18 - - [29/Jun/2016:02:39:36 -0500] "GET /galeria/galeria/jquery.fancybox.js?v=2.1.5 HTTP/1.1" 200 48706
181.133.31.18 - - [29/Jun/2016:02:39:36 -0500] "GET /BLA/boletinlegal/js/jquery.scrollShow.js HTTP/1.1" 200 4586
66.249.66.175 - - [29/Jun/2016:02:39:51 -0500] "GET /BLA/resoluciones/AUTOS%202007/1619.pdf HTTP/1.1" 304 -
192.168.175.104 - - [29/Jun/2016:02:39:57 -0500] "GET / HTTP/1.1" 200 9990
66.249.66.175 - - [29/Jun/2016:02:39:58 -0500] "GET /BLA/resoluciones/RESOLUCIONES%202008/0681.pdf HTTP/1.1" 304 -
66.249.66.175 - - [29/Jun/2016:02:40:09 -0500] "GET /BLA/resoluciones/AUTOS%202007/0961.pdf HTTP/1.1" 200 127397
66.249.66.175 - - [29/Jun/2016:02:40:12 -0500] "GET /BLA/resoluciones/RESOLUCIONES%202009/8707.pdf HTTP/1.1" 200 582806
164.132.161.45 - - [29/Jun/2016:02:40:21 -0500] "GET /BLA/resoluciones/RESOLUCIONES%202006/RES%202006%201401-1450/00001431.tif HTTP/1.1" 200 294380
66.249.66.175 - - [29/Jun/2016:02:40:40 -0500] "GET /BLA/resoluciones/AUTOS%202013/2391.pdf HTTP/1.1" 304 -
66.249.66.175 - - [29/Jun/2016:02:40:50 -0500] "GET /autoliquidacion/TR%C3%83%20MITES%20VERTIMIENTOS/PERMISOS%20DE%20VERTIMIENTOS/ANEXO%204.%20formulario%20Unico%20nacional%20de%20solicitud%20de%20permiso%20de%20vertimientos.doc HTTP/1.1" 404 1018
201.245.192.253 - - [29/Jun/2016:02:40:50 -0500] "POST /forms/lservlet;jsessionid=ac16012b30d6a9805714b08e4799806aff7a12903620.e3iSbxaKaheRe34Tax0PchuKax90n6jAmljGr5XDqQLvpAe HTTP/1.1" 200 2
192.168.175.104 - - [29/Jun/2016:02:40:51 -0500] "GET / HTTP/1.0" 200 9990
24.211.171.240 - - [29/Jun/2016:02:41:25 -0500] "GET /webdav/x32.php?host=CallMeMrLocator&time=75&port=78 HTTP/1.1" 404 1018
180.76.15.146 - - [29/Jun/2016:02:41:37 -0500] "GET /BLA/resoluciones/RESOLUCIONES%202009/6013.pdf HTTP/1.1" 200 380332
5.9.85.4 - - [29/Jun/2016:02:42:46 -0500] "GET /robots.txt HTTP/1.0" 301 334
69.162.124.232 - - [29/Jun/2016:02:42:50 -0500] "HEAD / HTTP/1.1" 200 -
5.9.85.4 - - [29/Jun/2016:02:42:50 -0500] "GET /antecedentes-cumbre-2012/ HTTP/1.0" 301 349
201.245.192.253 - - [29/Jun/2016:02:42:51 -0500] "POST /forms/lservlet;jsessionid=ac16012b30d6a9805714b08e4799806aff7a12903620.e3iSbxaKaheRe34Tax0PchuKax90n6jAmljGr5XDqQLvpAe HTTP/1.1" 200 2
192.168.175.104 - - [29/Jun/2016:02:43:43 -0500] "GET / HTTP/1.1" 200 9990
66.249.66.175 - - [29/Jun/2016:02:44:19 -0500] "GET /BLA/resoluciones/AUTOS%202012/0096.pdf HTTP/1.1" 304 -
66.249.66.175 - - [29/Jun/2016:02:44:25 -0500] "GET /BLA/resoluciones/AUTOS%202007/0952.pdf HTTP/1.1" 200 24042
51.255.65.39 - - [29/Jun/2016:02:44:25 -0500] "GET /BLA/resoluciones/RESOLUCIONES%202006/RES%202006%20%202951-3000/00002991.tif HTTP/1.1" 200 36938
66.249.66.175 - - [29/Jun/2016:02:44:47 -0500] "GET /BLA/resoluciones/RESOLUCIONES%202014/1301.pdf HTTP/1.1" 304 -
201.245.192.253 - - [29/Jun/2016:02:44:51 -0500] "POST /forms/lservlet;jsessionid=ac16012b30d6a9805714b08e4799806aff7a12903620.e3iSbxaKaheRe34Tax0PchuKax90n6jAmljGr5XDqQLvpAe HTTP/1.1" 200 2
192.168.175.104 - - [29/Jun/2016:02:44:55 -0500] "GET / HTTP/1.1" 200 9990
192.168.175.104 - - [29/Jun/2016:02:45:49 -0500] "GET / HTTP/1.0" 200 9990
40.77.167.66 - - [29/Jun/2016:02:45:54 -0500] "GET /dlf/styles.css HTTP/1.1" 404 1018
66.249.66.175 - - [29/Jun/2016:02:46:06 -0500] "GET /BLA/resoluciones/AUTOS%202007/2542.pdf HTTP/1.1" 200 456111
66.249.66.175 - - [29/Jun/2016:02:46:16 -0500] "GET /BLA/resoluciones/RESOLUCIONES%202010/4825.pdf HTTP/1.1" 200 753225
66.249.66.175 - - [29/Jun/2016:02:46:40 -0500] "GET /BLA/resoluciones/RESOLUCIONES%202012/1114.pdf HTTP/1.1" 304 -
201.245.192.253 - - [29/Jun/2016:02:46:51 -0500] "POST /forms/lservlet;jsessionid=ac16012b30d6a9805714b08e4799806aff7a12903620.e3iSbxaKaheRe34Tax0PchuKax90n6jAmljGr5XDqQLvpAe HTTP/1.1" 200 2
66.249.66.175 - - [29/Jun/2016:02:46:53 -0500] "GET /BLA/resoluciones/RESOLUCIONES%202007/RES%202007%202501%20AL%202600/RESOLUCION%202542%20DE%202007.pdf HTTP/1.1" 304 -
66.249.66.175 - - [29/Jun/2016:02:47:22 -0500] "GET /BLA/resoluciones/RESOLUCIONES%202007/RES%202007%20701%20AL%20800/RESOLUCION%200705%20DE%202007.pdf HTTP/1.1" 304 -
69.162.124.232 - - [29/Jun/2016:02:47:50 -0500] "HEAD / HTTP/1.1" 200 -
66.249.66.175 - - [29/Jun/2016:02:48:04 -0500] "GET /BLA/resoluciones/RESOLUCIONES%202007/RES%202007%203201%20AL%203300/RESOLUCION%203257%20DE%202007.pdf HTTP/1.1" 304 -
164.132.161.13 - - [29/Jun/2016:02:48:04 -0500] "GET /BLA/resoluciones/RESOLUCIONES%202006/RES%202006%202501-2550/00002534.tif HTTP/1.1" 200 54780
66.249.66.175 - - [29/Jun/2016:02:48:19 -0500] "GET /BLA/resoluciones/AUTOS%202007/2389.pdf HTTP/1.1" 200 67133
128.127.164.70 - - [29/Jun/2016:02:48:21 -0500] "GET /galeria/galeria/jquery.fancybox.css?v=2.1.5 HTTP/1.1" 200 4895
128.127.164.70 - - [29/Jun/2016:02:48:21 -0500] "GET /BLA/boletinlegal/js/jquery.scrollShow.js HTTP/1.1" 200 4586
128.127.164.70 - - [29/Jun/2016:02:48:21 -0500] "GET /galeria/galeria/jquery.fancybox.js?v=2.1.5 HTTP/1.1" 200 48706
66.249.66.175 - - [29/Jun/2016:02:48:38 -0500] "GET /BLA/resoluciones/RESOLUCIONES%202014/1460.pdf HTTP/1.1" 304 -
192.168.175.104 - - [29/Jun/2016:02:48:41 -0500] "GET / HTTP/1.1" 200 9990
128.127.164.70 - - [29/Jun/2016:02:48:43 -0500] "GET /galeria/galeria/jquery.fancybox.css?v=2.1.5 HTTP/1.1" 304 -
128.127.164.70 - - [29/Jun/2016:02:48:43 -0500] "GET /galeria/galeria/jquery.fancybox.js?v=2.1.5 HTTP/1.1" 304 -
128.127.164.70 - - [29/Jun/2016:02:48:43 -0500] "GET /BLA/boletinlegal/js/jquery.scrollShow.js HTTP/1.1" 304 -
201.245.192.253 - - [29/Jun/2016:02:48:51 -0500] "POST /forms/lservlet;jsessionid=ac16012b30d6a9805714b08e4799806aff7a12903620.e3iSbxaKaheRe34Tax0PchuKax90n6jAmljGr5XDqQLvpAe HTTP/1.1" 200 2
164.132.161.13 - - [29/Jun/2016:02:48:56 -0500] "GET /BLA/resoluciones/RESOLUCIONES%202006/RES%202006%201101-1150/00001104.tif HTTP/1.1" 200 267460
66.249.66.175 - - [29/Jun/2016:02:49:12 -0500] "GET /BLA/resoluciones/Notificaciones/AUTOS%202015/1711.doc HTTP/1.1" 200 191488
192.168.175.104 - - [29/Jun/2016:02:49:53 -0500] "GET / HTTP/1.1" 200 9990
66.249.66.175 - - [29/Jun/2016:02:50:38 -0500] "GET /BLA/resoluciones/AUTOS%202015/0835.pdf HTTP/1.1" 304 -
66.249.66.175 - - [29/Jun/2016:02:50:45 -0500] "GET /BLA/resoluciones/RESOLUCIONES%202007/RES%202007%202201%20AL%202300/RESOLUCION%202293%20DE%202007.pdf HTTP/1.1" 304 -
192.168.175.104 - - [29/Jun/2016:02:50:47 -0500] "GET / HTTP/1.0" 200 9990
201.245.192.253 - - [29/Jun/2016:02:50:52 -0500] "POST /forms/lservlet;jsessionid=ac16012b30d6a9805714b08e4799806aff7a12903620.e3iSbxaKaheRe34Tax0PchuKax90n6jAmljGr5XDqQLvpAe HTTP/1.1" 200 2
123.125.71.108 - - [29/Jun/2016:02:51:07 -0500] "GET /BLA/resoluciones/RESOLUCIONES%202009/6013.pdf HTTP/1.1" 200 380332
66.249.66.175 - - [29/Jun/2016:02:51:21 -0500] "GET /BLA/resoluciones/RESOLUCIONES%202009/1717.pdf HTTP/1.1" 304 -
151.80.31.157 - - [29/Jun/2016:02:51:31 -0500] "GET /BLA/resoluciones/RESOLUCIONES%202002/RES%202002%201701-1750/20021746.tif HTTP/1.1" 200 41594
66.249.66.175 - - [29/Jun/2016:02:51:42 -0500] "GET /BLA/resoluciones/AUTOS%202013/2399.pdf HTTP/1.1" 304 -
66.249.66.175 - - [29/Jun/2016:02:52:31 -0500] "GET /BLA/resoluciones/RESOLUCIONES%202009/5692.pdf HTTP/1.1" 304 -
69.162.124.232 - - [29/Jun/2016:02:52:50 -0500] "HEAD / HTTP/1.1" 200 -
201.245.192.253 - - [29/Jun/2016:02:52:52 -0500] "POST /forms/lservlet;jsessionid=ac16012b30d6a9805714b08e4799806aff7a12903620.e3iSbxaKaheRe34Tax0PchuKax90n6jAmljGr5XDqQLvpAe HTTP/1.1" 200 2
40.77.167.30 - - [29/Jun/2016:02:53:15 -0500] "GET /sig/gestion%20recursos%20financieros/126pa02-pr20%20registro%20de%20diferidos.pdf HTTP/1.1" 200 231681
192.168.175.104 - - [29/Jun/2016:02:53:39 -0500] "GET / HTTP/1.1" 200 9990
192.3.106.42 - - [29/Jun/2016:02:54:01 -0500] "GET /html/languages/es_es/main.js HTTP/1.0" 404 1019
66.249.66.175 - - [29/Jun/2016:02:54:43 -0500] "GET / HTTP/1.1" 200 9990
66.249.66.175 - - [29/Jun/2016:02:54:44 -0500] "GET /BLA/resoluciones/RESOLUCIONES%202013/0074%20.pdf HTTP/1.1" 304 -
192.168.175.104 - - [29/Jun/2016:02:54:51 -0500] "GET / HTTP/1.1" 200 9990
201.245.192.253 - - [29/Jun/2016:02:54:52 -0500] "POST /forms/lservlet;jsessionid=ac16012b30d6a9805714b08e4799806aff7a12903620.e3iSbxaKaheRe34Tax0PchuKax90n6jAmljGr5XDqQLvpAe HTTP/1.1" 200 2
66.249.66.132 - - [29/Jun/2016:02:55:06 -0500] "GET /robots.txt HTTP/1.1" 302 312
66.249.66.128 - - [29/Jun/2016:02:55:06 -0500] "GET / HTTP/1.1" 302 302
66.249.66.175 - - [29/Jun/2016:02:55:20 -0500] "GET /BLA/resoluciones/AUTOS%202013/0174.pdf HTTP/1.1" 304 -
192.168.175.104 - - [29/Jun/2016:02:55:45 -0500] "GET / HTTP/1.0" 200 9990
66.249.66.175 - - [29/Jun/2016:02:55:55 -0500] "GET /BLA/resoluciones/AUTOS%202011/2404.pdf HTTP/1.1" 304 -
164.132.161.20 - - [29/Jun/2016:02:56:17 -0500] "GET /BLA/resoluciones/RESOLUCIONES%202003/RES%202003%201551-1601/20031565.tif HTTP/1.1" 200 159678
66.249.66.175 - - [29/Jun/2016:02:56:23 -0500] "GET /BLA/resoluciones/RESOLUCIONES%202010/2414.pdf HTTP/1.1" 304 -
51.255.65.89 - - [29/Jun/2016:02:56:34 -0500] "GET /BLA/resoluciones/AUTOS%202006/AUTOS%202006%201001-1100/00001065.tif HTTP/1.1" 200 41004
66.249.66.175 - - [29/Jun/2016:02:56:49 -0500] "GET /transparencia/directorioservidores/abril2016.xlsx HTTP/1.1" 304 -
201.245.192.253 - - [29/Jun/2016:02:56:52 -0500] "POST /forms/lservlet;jsessionid=ac16012b30d6a9805714b08e4799806aff7a12903620.e3iSbxaKaheRe34Tax0PchuKax90n6jAmljGr5XDqQLvpAe HTTP/1.1" 200 2
190.242.83.52 - - [29/Jun/2016:02:57:21 -0500] "GET /galeria/galeria/jquery.fancybox.css?v=2.1.5 HTTP/1.1" 200 4895
190.242.83.52 - - [29/Jun/2016:02:57:21 -0500] "GET /BLA/boletinlegal/js/jquery.scrollShow.js HTTP/1.1" 200 4586
190.242.83.52 - - [29/Jun/2016:02:57:21 -0500] "GET /galeria/galeria/jquery.fancybox.js?v=2.1.5 HTTP/1.1" 200 48706
190.242.83.52 - - [29/Jun/2016:02:57:30 -0500] "GET /BLA/boletinlegal/js/jquery.scrollShow.js HTTP/1.1" 304 -
190.242.83.52 - - [29/Jun/2016:02:57:30 -0500] "GET /galeria/galeria/jquery.fancybox.js?v=2.1.5 HTTP/1.1" 304 -
190.242.83.52 - - [29/Jun/2016:02:57:30 -0500] "GET /galeria/galeria/jquery.fancybox.css?v=2.1.5 HTTP/1.1" 304 -
66.249.66.175 - - [29/Jun/2016:02:57:31 -0500] "GET /BLA/resoluciones/AUTOS%202015/0499.pdf HTTP/1.1" 200 1519425
69.162.124.232 - - [29/Jun/2016:02:57:50 -0500] "HEAD / HTTP/1.1" 200 -
66.249.66.175 - - [29/Jun/2016:02:58:15 -0500] "GET /BLA/resoluciones/RESOLUCIONES%202009/6931.pdf HTTP/1.1" 304 -
192.168.175.104 - - [29/Jun/2016:02:58:37 -0500] "GET / HTTP/1.1" 200 9990
66.249.66.171 - - [29/Jun/2016:02:58:44 -0500] "GET / HTTP/1.1" 200 9990
201.245.192.253 - - [29/Jun/2016:02:58:53 -0500] "POST /forms/lservlet;jsessionid=ac16012b30d6a9805714b08e4799806aff7a12903620.e3iSbxaKaheRe34Tax0PchuKax90n6jAmljGr5XDqQLvpAe HTTP/1.1" 200 2
66.249.66.175 - - [29/Jun/2016:02:59:11 -0500] "GET /BLA/circulares/6.pdf HTTP/1.1" 200 4657752
192.168.175.104 - - [29/Jun/2016:02:59:50 -0500] "GET / HTTP/1.1" 200 9990
66.249.66.175 - - [29/Jun/2016:03:00:02 -0500] "GET /BLA/resoluciones/RESOLUCIONES%202014/0565.pdf HTTP/1.1" 304 -
112.134.195.221 - - [29/Jun/2016:03:00:32 -0500] "GET /wp-login.php HTTP/1.1" 404 1019
192.168.175.104 - - [29/Jun/2016:03:00:43 -0500] "GET / HTTP/1.0" 200 9990
201.245.192.253 - - [29/Jun/2016:03:00:53 -0500] "POST /forms/lservlet;jsessionid=ac16012b30d6a9805714b08e4799806aff7a12903620.e3iSbxaKaheRe34Tax0PchuKax90n6jAmljGr5XDqQLvpAe HTTP/1.1" 200 2
125.162.3.227 - - [29/Jun/2016:03:01:00 -0500] "GET /wp-login.php HTTP/1.1" 404 1018
24.211.171.240 - - [29/Jun/2016:03:01:08 -0500] "GET /webdav/x32.php?host=gantaa305&time=60&port=80 HTTP/1.1" 404 1018
51.255.65.63 - - [29/Jun/2016:03:01:12 -0500] "GET /BLA/resoluciones/RESOLUCIONES%202002/RES%202002%20401-450/00000410.tif HTTP/1.1" 200 56720
180.76.15.6 - - [29/Jun/2016:03:01:20 -0500] "GET /BLA/resoluciones/RESOLUCIONES%202009/3912.pdf HTTP/1.1" 200 412596
123.125.71.12 - - [29/Jun/2016:03:01:44 -0500] "GET /BLA/resoluciones/RESOLUCIONES%202009/3912.pdf HTTP/1.1" 200 412596
66.249.66.181 - - [29/Jun/2016:03:02:07 -0500] "GET /autoliquidacion/Solicitudes%20relacionadas%20con%20calidad%20del%20aire%20auditiva%20y%20visual/Registro%20de%20Elementos%20de%20publicidad%20Exterior%20Visual/126pm04-pr16-f-a301%20Formato%20Solicitud%20de%20registro.xls HTTP/1.1" 304 -
69.162.124.232 - - [29/Jun/2016:03:02:50 -0500] "HEAD / HTTP/1.1" 200 -
201.245.192.253 - - [29/Jun/2016:03:02:53 -0500] "POST /forms/lservlet;jsessionid=ac16012b30d6a9805714b08e4799806aff7a12903620.e3iSbxaKaheRe34Tax0PchuKax90n6jAmljGr5XDqQLvpAe HTTP/1.1" 200 2
51.255.65.42 - - [29/Jun/2016:03:02:57 -0500] "GET /BLA/resoluciones/RESOLUCIONES%202004/RES%202004%201551-1600/00001584.tif HTTP/1.1" 200 44554
192.168.175.104 - - [29/Jun/2016:03:03:36 -0500] "GET / HTTP/1.1" 200 9990
192.168.175.104 - - [29/Jun/2016:03:04:48 -0500] "GET / HTTP/1.1" 200 9990
201.245.192.253 - - [29/Jun/2016:03:04:53 -0500] "POST /forms/lservlet;jsessionid=ac16012b30d6a9805714b08e4799806aff7a12903620.e3iSbxaKaheRe34Tax0PchuKax90n6jAmljGr5XDqQLvpAe HTTP/1.1" 200 2
66.249.66.175 - - [29/Jun/2016:03:05:38 -0500] "GET /BLA/resoluciones/RESOLUCIONES%202014/0702.pdf HTTP/1.1" 304 -
192.168.175.104 - - [29/Jun/2016:03:05:41 -0500] "GET / HTTP/1.0" 200 9990
207.46.13.24 - - [29/Jun/2016:03:06:07 -0500] "GET /SIG/index.php?dir=Participaci\xc3\x83\xc2\xb3n/&sort=date&order=asc HTTP/1.1" 200 4705
207.46.13.24 - - [29/Jun/2016:03:06:07 -0500] "GET /SIG/index.php?dir=Planeaci\xc3\x83\xc2\xb3n%20Ambiental/&sort=date&order=asc HTTP/1.1" 200 4726
207.46.13.24 - - [29/Jun/2016:03:06:07 -0500] "GET /SIG/index.php?dir=Planeaci\xc3\x83\xc2\xb3n%20Ambiental/&sort=size&order=asc HTTP/1.1" 200 4726
207.46.13.24 - - [29/Jun/2016:03:06:07 -0500] "GET /SIG/index.php?dir=Gesti\xc3\xb3n%20Ambiental/&sort=name&order=desc HTTP/1.1" 200 4710
207.46.13.24 - - [29/Jun/2016:03:06:08 -0500] "GET /SIG/index.php?dir=Gesti\xc3\x83\xc2\xb3n%20de%20Recursos%20F\xc3\x83\xc2\xadsicos/&sort=name&order=desc HTTP/1.1" 200 4755
207.46.13.24 - - [29/Jun/2016:03:06:08 -0500] "GET /SIG/Gesti%C3%83%C2%B3n%20de%20Recursos%20F%C3%83%C2%ADsicos/126PA04-PR25.pdf HTTP/1.1" 404 1019
207.46.13.24 - - [29/Jun/2016:03:06:08 -0500] "GET /SIG/Gestion%20Recursos%20Financieros/126PA02-PR27%20TRAMITE%20PAGOS.pdf HTTP/1.1" 200 453550
207.46.13.24 - - [29/Jun/2016:03:06:08 -0500] "GET /Anexos%20estudio%20Organizacional%20SDA/index.php?dir=ANEXO%20No.11-PROYECTO%20DE%20DECRETO%20MODIFICATORIO%20PLANTA%20DE%20CARGOS%20SDA/&sort=name&order=desc HTTP/1.1" 200 2568
207.46.13.24 - - [29/Jun/2016:03:06:09 -0500] "GET /BLA/boletinlegal/registro/index.php HTTP/1.1" 200 2721
207.46.13.24 - - [29/Jun/2016:03:06:09 -0500] "GET /SIG/Gesti%C3%83%C2%B3n%20de%20Recursos%20F%C3%83%C2%ADsicos/126PA04-PR38.pdf HTTP/1.1" 404 1019
207.46.13.24 - - [29/Jun/2016:03:06:09 -0500] "GET /POT-2013/Cartografia/03_Suelos%20de%20Protecci%C3%B3n.pdf HTTP/1.1" 200 3680887
207.46.13.24 - - [29/Jun/2016:03:06:09 -0500] "GET /SIG/index.php?dir=Gesti%F3n+Jur%EDdica%2F HTTP/1.1" 200 4099
207.46.13.24 - - [29/Jun/2016:03:06:10 -0500] "GET /SIG/Gestion%20Recursos%20Financieros/126PA02-PR23%20REGISTRO%20RESPONSABILIDADES.pdf HTTP/1.1" 200 245792
207.46.13.24 - - [29/Jun/2016:03:06:10 -0500] "GET /SIG/Gestion%20Documental/126PA06-PR13%20CONTROL%20DOCUMENTOS%20EXTERNOS-NORMOGRAMA.pdf HTTP/1.1" 200 273455
207.46.13.24 - - [29/Jun/2016:03:06:11 -0500] "GET /POT-2013/index.php?dir=memoria%20justificativa/&sort=name&order=desc HTTP/1.1" 200 2483
207.46.13.24 - - [29/Jun/2016:03:06:11 -0500] "GET /Anexos%20estudio%20Organizacional%20SDA/index.php?dir=ANEXO%20No.%208%20-%20MATRICES%20DE%20REGISTRO%20Y%20DE%20SALIDA%20MEDICI\xc3\x83\xc2\x93N%20CARGAS%20LABORALES%20SDA/1.3%20Oficina%20de%20com/&sort=name&order=asc HTTP/1.1" 200 6397
207.46.13.24 - - [29/Jun/2016:03:06:11 -0500] "GET /Anexos%20estudio%20Organizacional%20SDA/index.php?dir=ANEXO%20No.%208%20-%20MATRICES%20DE%20REGISTRO%20Y%20DE%20SALIDA%20MEDICI\xc3\x83\xc2\x93N%20CARGAS%20LABORALES%20SDA/1.%20Despacho%20del%20Secretario/&sort=size&order=asc HTTP/1.1" 200 6421
207.46.13.24 - - [29/Jun/2016:03:06:12 -0500] "GET /PORTAL_SIAC/swf/?C=D;O=A HTTP/1.1" 200 6173
207.46.13.24 - - [29/Jun/2016:03:06:12 -0500] "GET /SIG/index.php?dir=ECS/&sort=date&order=asc HTTP/1.1" 200 16570
207.46.13.24 - - [29/Jun/2016:03:06:12 -0500] "GET /SIG/index.php?dir=ECS/&sort=name&order=desc HTTP/1.1" 200 16569
207.46.13.24 - - [29/Jun/2016:03:06:12 -0500] "GET /SIG/Gesti%C3%83%C2%B3n%20de%20Recursos%20F%C3%83%C2%ADsicos/126PA04-PR23.pdf HTTP/1.1" 404 1019
207.46.13.24 - - [29/Jun/2016:03:06:13 -0500] "GET /Anexos%20estudio%20Organizacional%20SDA/index.php?dir=ANEXO%20No.11-PROYECTO%20DE%20DECRETO%20MODIFICATORIO%20PLANTA%20DE%20CARGOS%20SDA/&sort=size&order=asc HTTP/1.1" 200 2569
207.46.13.24 - - [29/Jun/2016:03:06:13 -0500] "GET /SIG/Gesti%C3%83%C2%B3n%20de%20Recursos%20F%C3%83%C2%ADsicos/126PA04-PR29.pdf HTTP/1.1" 404 1019
207.46.13.24 - - [29/Jun/2016:03:06:13 -0500] "GET /Anexos%20estudio%20Organizacional%20SDA/ANEXO%20No.%201-%20NORMAS%20LEGALES%20DE%20ESTRUCTURA%20Y%20PLANTA/Acuerdo%209%20de%201990%20Concejo%20de%20Bogot%C3%A1..htm HTTP/1.1" 200 34207
207.46.13.24 - - [29/Jun/2016:03:06:13 -0500] "GET /SIG/Gestion%20Recursos%20Financieros/126PA02-PR09%20SOLICITUD%20Y%20EXPEDICION%20CDP.pdf HTTP/1.1" 200 273078
207.46.13.24 - - [29/Jun/2016:03:06:14 -0500] "GET / HTTP/1.1" 200 9990
157.55.39.112 - - [29/Jun/2016:03:06:34 -0500] "GET /SIG/index.php?dir=Gesti\xc3\xb3n%20de%20Recursos%20Inform\xc3\xa1ticos%20y%20Tecnol\xc3\xb3gicos/&sort=date&order=asc HTTP/1.1" 200 4807
157.55.39.112 - - [29/Jun/2016:03:06:34 -0500] "GET /SIG/index.php?dir=Gesti\xc3\xb3n%20de%20Recursos%20Inform\xc3\xa1ticos%20y%20Tecnol\xc3\xb3gicos/&sort=name&order=desc HTTP/1.1" 200 4806
157.55.39.112 - - [29/Jun/2016:03:06:34 -0500] "GET /SIG/index.php?dir=Gesti\xc3\xb3n%20de%20Recursos%20Inform\xc3\xa1ticos%20y%20Tecnol\xc3\xb3gicos/&sort=size&order=asc HTTP/1.1" 200 4807
190.157.234.90 - - [29/Jun/2016:03:06:34 -0500] "GET /galeria/galeria/jquery.fancybox.css?v=2.1.5 HTTP/1.1" 200 4895
190.157.234.90 - - [29/Jun/2016:03:06:34 -0500] "GET /BLA/boletinlegal/js/jquery.scrollShow.js HTTP/1.1" 200 4586
190.157.234.90 - - [29/Jun/2016:03:06:34 -0500] "GET /galeria/galeria/jquery.fancybox.js?v=2.1.5 HTTP/1.1" 200 48706
157.55.39.112 - - [29/Jun/2016:03:06:34 -0500] "GET /catalogoisis/ HTTP/1.1" 200 8575
157.55.39.112 - - [29/Jun/2016:03:06:35 -0500] "GET /SIG/index.php?dir=Gesti\xc3\x83\xc2\xb3n%20de%20Recursos%20Inform\xc3\x83\xc2\xa1ticos%20y%20Tecnol\xc3\x83\xc2\xb3gicos/&sort=size&order=asc HTTP/1.1" 200 4825
157.55.39.112 - - [29/Jun/2016:03:06:35 -0500] "GET /SIG/index.php?dir=Gesti\xc3\x83\xc2\xb3n%20de%20Recursos%20F\xc3\x83\xc2\xadsicos/&sort=size&order=asc HTTP/1.1" 200 4756
157.55.39.112 - - [29/Jun/2016:03:06:35 -0500] "GET /Anexos%20estudio%20Organizacional%20SDA/index.php?dir=ANEXO%20No.%208%20-%20MATRICES%20DE%20REGISTRO%20Y%20DE%20SALIDA%20MEDICI\xc3\x83\xe2\x80\x9cN%20CARGAS%20LABORALES%20SDA/&sort=date&order=asc HTTP/1.1" 200 6253
157.55.39.112 - - [29/Jun/2016:03:06:35 -0500] "GET /Anexos%20estudio%20Organizacional%20SDA/index.php?dir=ANEXO%20No.%208%20-%20MATRICES%20DE%20REGISTRO%20Y%20DE%20SALIDA%20MEDICI\xc3\x83\xc2\x93N%20CARGAS%20LABORALES%20SDA/6.%20Direcci\xc3\x83\xc2\xb3n%20Corporativa/&sort=date&order=asc HTTP/1.1" 200 6424
157.55.39.112 - - [29/Jun/2016:03:06:36 -0500] "GET /SIG/Gestion%20Recursos%20Financieros/126PA02-PR21%20RELACION%20DE%20AUTORIZACION.pdf HTTP/1.1" 200 272934
157.55.39.112 - - [29/Jun/2016:03:06:36 -0500] "GET /Anexos%20estudio%20Organizacional%20SDA/index.php?dir=ANEXO%20No.%207%20-%20PROYECTO%20DE%20DECRETO%20MODIFICATORIO%20DE%20ESTRUCTURA%20DE%20LA%20SDA/&sort=date&order=asc HTTP/1.1" 200 2594
157.55.39.112 - - [29/Jun/2016:03:06:36 -0500] "GET /SIG/Gesti%C3%83%C2%B3n%20de%20Recursos%20F%C3%83%C2%ADsicos/126PA04-PR28.pdf HTTP/1.1" 404 1019
157.55.39.112 - - [29/Jun/2016:03:06:36 -0500] "GET /SIG/Gestion%20Recursos%20Financieros/126PA02-PR19%20CAUSACION%20Y%20PAGO%20NOMINA.pdf HTTP/1.1" 200 182603
157.55.39.112 - - [29/Jun/2016:03:06:37 -0500] "GET /PORTAL_SIAC/swf/?C=N;O=D HTTP/1.1" 200 6173
157.55.39.112 - - [29/Jun/2016:03:06:37 -0500] "GET /Anexos%20estudio%20Organizacional%20SDA/index.php?dir=ANEXO%20No.%208%20-%20MATRICES%20DE%20REGISTRO%20Y%20DE%20SALIDA%20MEDICI\xc3\x83\xc2\x83\xc3\x82\xc2\x93N%20CARGAS%20LABORALES%20SDA/&sort=date&order=desc HTTP/1.1" 200 6261
157.55.39.112 - - [29/Jun/2016:03:06:37 -0500] "GET /SIG/Gesti%C3%83%C2%B3n%20de%20Recursos%20F%C3%83%C2%ADsicos/126PA04-PR06.pdf HTTP/1.1" 404 1019
157.55.39.112 - - [29/Jun/2016:03:06:37 -0500] "GET /SIG/index.php?dir=Gesti\xc3\xb3n%20de%20Recursos%20F\xc3\xadsicos/&sort=name&order=desc HTTP/1.1" 200 4743
157.55.39.112 - - [29/Jun/2016:03:06:38 -0500] "GET /SIG/index.php?dir=Gesti\xc3\x83\xc2\xb3n%20de%20Recursos%20F\xc3\x83\xc2\xadsicos/&sort=date&order=asc HTTP/1.1" 200 4756
157.55.39.112 - - [29/Jun/2016:03:06:38 -0500] "GET /SIG/index.php?dir=Gesti\xc3\xb3n%20Talento%20Humano/&sort=name&order=desc HTTP/1.1" 200 4725
190.157.234.90 - - [29/Jun/2016:03:06:38 -0500] "GET /BLA/boletinlegal/js/jquery.scrollShow.js HTTP/1.1" 304 -
190.157.234.90 - - [29/Jun/2016:03:06:38 -0500] "GET /galeria/galeria/jquery.fancybox.js?v=2.1.5 HTTP/1.1" 304 -
190.157.234.90 - - [29/Jun/2016:03:06:38 -0500] "GET /galeria/galeria/jquery.fancybox.css?v=2.1.5 HTTP/1.1" 304 -
201.245.192.253 - - [29/Jun/2016:03:06:53 -0500] "POST /forms/lservlet;jsessionid=ac16012b30d6a9805714b08e4799806aff7a12903620.e3iSbxaKaheRe34Tax0PchuKax90n6jAmljGr5XDqQLvpAe HTTP/1.1" 200 2
157.55.39.112 - - [29/Jun/2016:03:06:54 -0500] "GET /Anexos%20estudio%20Organizacional%20SDA/index.php?dir=ANEXO%20No.%202%20-%20EJECUCIONES%20PRESUPUESTALES%202008-2011%20Y%20PRESUPUESTO%202012/&sort=date&order=asc HTTP/1.1" 200 3708
110.93.223.94 - - [29/Jun/2016:03:06:54 -0500] "GET /wp-login.php HTTP/1.1" 404 1019
207.46.13.24 - - [29/Jun/2016:03:06:14 -0500] "GET /BLA/boletinlegal/ HTTP/1.1" 200 52190
66.249.66.175 - - [29/Jun/2016:03:07:24 -0500] "GET /BLA/resoluciones/RESOLUCIONES%202009/4698.pdf HTTP/1.1" 304 -
157.55.39.112 - - [29/Jun/2016:03:06:38 -0500] "GET /BLA/boletinlegal/index.php HTTP/1.1" 200 52190
69.162.124.232 - - [29/Jun/2016:03:07:50 -0500] "HEAD / HTTP/1.1" 200 -
157.55.39.112 - - [29/Jun/2016:03:08:07 -0500] "GET /SIG/Gesti%C3%B3n%20Ambiental/126PM03-PR28.pdf HTTP/1.1" 200 223075
184.172.172.26 - - [29/Jun/2016:03:08:09 -0500] "GET /wp-admin/ HTTP/1.1" 404 1018
192.168.175.104 - - [29/Jun/2016:03:08:34 -0500] "GET / HTTP/1.1" 200 9990
66.249.66.175 - - [29/Jun/2016:03:08:48 -0500] "GET /BLA/resoluciones/RESOLUCIONES%202013/0847.pdf HTTP/1.1" 304 -
201.245.192.253 - - [29/Jun/2016:03:08:54 -0500] "POST /forms/lservlet;jsessionid=ac16012b30d6a9805714b08e4799806aff7a12903620.e3iSbxaKaheRe34Tax0PchuKax90n6jAmljGr5XDqQLvpAe HTTP/1.1" 200 2
66.249.69.203 - - [29/Jun/2016:03:09:24 -0500] "GET /BLA/resoluciones/RESOLUCIONES%202007/RES%202007%201301%20AL%201400/RESOLUCION%201307%20DE%202007.pdf HTTP/1.1" 200 269444
192.168.175.104 - - [29/Jun/2016:03:09:47 -0500] "GET / HTTP/1.1" 200 9990
157.55.39.112 - - [29/Jun/2016:03:09:53 -0500] "GET /BLA/boletinlegal/Directivas/2011/Directiva%20No.%205%20del%2029%20de%20Agosto%20de%202011.pdf HTTP/1.1" 200 444404
192.168.175.104 - - [29/Jun/2016:03:10:39 -0500] "GET / HTTP/1.0" 200 9990
213.143.61.94 - - [29/Jun/2016:03:10:49 -0500] "GET /galeria/galeria/jquery.fancybox.css?v=2.1.5 HTTP/1.1" 200 4895
213.143.61.94 - - [29/Jun/2016:03:10:49 -0500] "GET /BLA/boletinlegal/js/jquery.scrollShow.js HTTP/1.1" 200 4586
213.143.61.94 - - [29/Jun/2016:03:10:50 -0500] "GET /galeria/galeria/jquery.fancybox.js?v=2.1.5 HTTP/1.1" 200 48706
201.245.192.253 - - [29/Jun/2016:03:10:54 -0500] "POST /forms/lservlet;jsessionid=ac16012b30d6a9805714b08e4799806aff7a12903620.e3iSbxaKaheRe34Tax0PchuKax90n6jAmljGr5XDqQLvpAe HTTP/1.1" 200 2
213.143.61.94 - - [29/Jun/2016:03:11:01 -0500] "GET /BLA/boletinlegal/js/jquery.scrollShow.js HTTP/1.1" 304 -
213.143.61.94 - - [29/Jun/2016:03:11:01 -0500] "GET /galeria/galeria/jquery.fancybox.js?v=2.1.5 HTTP/1.1" 304 -
213.143.61.94 - - [29/Jun/2016:03:11:01 -0500] "GET /galeria/galeria/jquery.fancybox.css?v=2.1.5 HTTP/1.1" 304 -
190.158.220.92 - - [29/Jun/2016:03:11:19 -0500] "GET /BLA/resoluciones/RESOLUCIONES%202014/3748.pdf HTTP/1.1" 200 533853
190.158.220.92 - - [29/Jun/2016:03:11:19 -0500] "GET /favicon.ico HTTP/1.1" 200 7782
190.158.220.92 - - [29/Jun/2016:03:11:19 -0500] "GET /BLA/resoluciones/RESOLUCIONES%202014/3748.pdf HTTP/1.1" 206 45101
180.76.15.154 - - [29/Jun/2016:03:11:21 -0500] "GET /BLA/resoluciones/RESOLUCIONES%202010/7015.pdf HTTP/1.1" 200 1878090
164.132.161.28 - - [29/Jun/2016:03:11:21 -0500] "GET /BLA/resoluciones/RESOLUCIONES%202003/RES%202003%202101-2150/20032113.tif HTTP/1.1" 200 86868
220.181.108.186 - - [29/Jun/2016:03:11:29 -0500] "GET /BLA/resoluciones/RESOLUCIONES%202010/7015.pdf HTTP/1.1" 200 1878090
180.76.15.160 - - [29/Jun/2016:03:11:35 -0500] "GET /BLA/resoluciones/RESOLUCIONES%202007/RES%202007%201801%20AL%201900/RESOLUCION%201837%20DE%202007.pdf HTTP/1.1" 200 100497
190.158.220.92 - - [29/Jun/2016:03:11:43 -0500] "GET /BLA/resoluciones/RESOLUCIONES%202014/3748.pdf HTTP/1.1" 200 533853
190.158.220.92 - - [29/Jun/2016:03:11:43 -0500] "GET /BLA/resoluciones/RESOLUCIONES%202014/3748.pdf HTTP/1.1" 206 7065
66.249.66.175 - - [29/Jun/2016:03:11:51 -0500] "GET /BLA/resoluciones/Notificaciones/AUTOS%202014/5643.doc HTTP/1.1" 304 -
123.125.71.34 - - [29/Jun/2016:03:11:58 -0500] "GET /BLA/resoluciones/RESOLUCIONES%202007/RES%202007%201801%20AL%201900/RESOLUCION%201837%20DE%202007.pdf HTTP/1.1" 200 100497
69.162.124.232 - - [29/Jun/2016:03:12:50 -0500] "HEAD / HTTP/1.1" 200 -
201.245.192.253 - - [29/Jun/2016:03:12:54 -0500] "POST /forms/lservlet;jsessionid=ac16012b30d6a9805714b08e4799806aff7a12903620.e3iSbxaKaheRe34Tax0PchuKax90n6jAmljGr5XDqQLvpAe HTTP/1.1" 200 2
66.249.66.175 - - [29/Jun/2016:03:13:08 -0500] "GET /BLA/resoluciones/AUTOS%202014/3556.pdf HTTP/1.1" 304 -
192.168.175.104 - - [29/Jun/2016:03:13:31 -0500] "GET / HTTP/1.1" 200 9990
164.132.161.91 - - [29/Jun/2016:03:14:04 -0500] "GET /BLA/resoluciones/AUTOS%202006/AUTOS%202006%203301%20-%203418/00003332.tif HTTP/1.1" 200 81614
51.255.65.2 - - [29/Jun/2016:03:14:32 -0500] "GET /BLA/resoluciones/AUTOS%202006/AUTOS%202006%201601%20-%201700/00001687.tif HTTP/1.1" 200 71496
184.172.172.26 - - [29/Jun/2016:03:14:40 -0500] "GET /test/wp-admin/ HTTP/1.1" 404 1018
192.168.175.104 - - [29/Jun/2016:03:14:45 -0500] "GET / HTTP/1.1" 200 9990
201.245.192.253 - - [29/Jun/2016:03:14:54 -0500] "POST /forms/lservlet;jsessionid=ac16012b30d6a9805714b08e4799806aff7a12903620.e3iSbxaKaheRe34Tax0PchuKax90n6jAmljGr5XDqQLvpAe HTTP/1.1" 200 2
66.249.66.175 - - [29/Jun/2016:03:15:00 -0500] "GET /BLA/resoluciones/RESOLUCIONES%202012/1557.pdf HTTP/1.1" 304 -
51.255.65.46 - - [29/Jun/2016:03:15:10 -0500] "GET /BLA/resoluciones/RESOLUCIONES%202005/RES%202005%20851-900/00000895.tif HTTP/1.1" 200 238112
66.249.66.175 - - [29/Jun/2016:03:15:14 -0500] "GET /autoliquidacion/TR%C3%81MITES%20MINER%C3%8DA/126PM04-PR39-M-A6-V5.0%20Terminos%20de%20referencia%20PMRRA[1].doc HTTP/1.1" 304 -
66.249.66.175 - - [29/Jun/2016:03:15:21 -0500] "GET /BLA/resoluciones/RESOLUCIONES%202013/1138.pdf HTTP/1.1" 304 -
191.95.145.229 - - [29/Jun/2016:03:15:31 -0500] "GET /galeria/galeria/jquery.fancybox.css?v=2.1.5 HTTP/1.1" 200 4895
191.95.145.229 - - [29/Jun/2016:03:15:31 -0500] "GET /BLA/boletinlegal/js/jquery.scrollShow.js HTTP/1.1" 200 4586
191.95.145.229 - - [29/Jun/2016:03:15:31 -0500] "GET /galeria/galeria/jquery.fancybox.js?v=2.1.5 HTTP/1.1" 200 48706
192.168.175.104 - - [29/Jun/2016:03:15:37 -0500] "GET / HTTP/1.0" 200 9990
66.249.66.175 - - [29/Jun/2016:03:15:50 -0500] "GET /BLA/resoluciones/RESOLUCIONES%202014/3653.pdf HTTP/1.1" 304 -
191.95.145.229 - - [29/Jun/2016:03:15:58 -0500] "GET /galeria/galeria/jquery.fancybox.css?v=2.1.5 HTTP/1.1" 304 -
191.95.145.229 - - [29/Jun/2016:03:15:58 -0500] "GET /BLA/boletinlegal/js/jquery.scrollShow.js HTTP/1.1" 304 -
191.95.145.229 - - [29/Jun/2016:03:15:58 -0500] "GET /galeria/galeria/jquery.fancybox.js?v=2.1.5 HTTP/1.1" 304 -
66.249.66.175 - - [29/Jun/2016:03:16:02 -0500] "GET /BLA/resoluciones/RESOLUCIONES%202008/2121.pdf HTTP/1.1" 304 -
66.249.66.175 - - [29/Jun/2016:03:16:53 -0500] "GET /BLA/resoluciones/AUTOS%202014/1361.pdf HTTP/1.1" 304 -
201.245.192.253 - - [29/Jun/2016:03:16:55 -0500] "POST /forms/lservlet;jsessionid=ac16012b30d6a9805714b08e4799806aff7a12903620.e3iSbxaKaheRe34Tax0PchuKax90n6jAmljGr5XDqQLvpAe HTTP/1.1" 200 2
66.249.66.175 - - [29/Jun/2016:03:17:07 -0500] "GET /BLA/resoluciones/RESOLUCIONES%202012/1230.pdf HTTP/1.1" 304 -
157.55.39.198 - - [29/Jun/2016:03:17:09 -0500] "GET / HTTP/1.1" 301 324
66.249.66.175 - - [29/Jun/2016:03:17:42 -0500] "GET /BLA/resoluciones/RESOLUCIONES%202009/4361.pdf HTTP/1.1" 304 -
136.243.152.18 - - [29/Jun/2016:03:17:46 -0500] "GET /robots.txt HTTP/1.0" 404 1019
136.243.152.18 - - [29/Jun/2016:03:17:48 -0500] "GET /galeria/nivo-slider/demo/images/Ni%C3%B1os01.jpg HTTP/1.1" 200 143176
69.162.124.232 - - [29/Jun/2016:03:17:50 -0500] "HEAD / HTTP/1.1" 200 -
136.243.152.18 - - [29/Jun/2016:03:17:50 -0500] "GET /galeria/nivo-slider/demo/images/Ni%C3%B1os02.jpg HTTP/1.1" 200 152461
136.243.152.18 - - [29/Jun/2016:03:17:52 -0500] "GET /galeria/nivo-slider/demo/images/Ni%C3%B1os03.jpg HTTP/1.1" 200 164616
136.243.152.18 - - [29/Jun/2016:03:17:55 -0500] "GET /galeria/nivo-slider/demo/images/Ni%C3%B1osCafam1_1.jpg HTTP/1.1" 200 199527
136.243.152.18 - - [29/Jun/2016:03:17:57 -0500] "GET /galeria/nivo-slider/demo/images/Ni%C3%B1osCafam2_1.jpg HTTP/1.1" 200 182432
66.249.66.175 - - [29/Jun/2016:03:18:09 -0500] "GET /BLA/resoluciones/RESOLUCIONES%202010/4484.pdf HTTP/1.1" 304 -
51.255.65.19 - - [29/Jun/2016:03:18:23 -0500] "GET /BLA/resoluciones/RESOLUCIONES%202004/RES%202004%201951-2000/00001965.tif HTTP/1.1" 200 96674
66.249.66.175 - - [29/Jun/2016:03:18:24 -0500] "GET /BLA/resoluciones/RESOLUCIONES%202012/1391.pdf HTTP/1.1" 304 -
192.168.175.104 - - [29/Jun/2016:03:18:30 -0500] "GET / HTTP/1.1" 200 9990
66.249.66.175 - - [29/Jun/2016:03:18:31 -0500] "GET /transparencia/directorioservidores/2016/enero2016.xlsx HTTP/1.1" 304 -
66.249.66.175 - - [29/Jun/2016:03:18:38 -0500] "GET /BLA/resoluciones/AUTOS%202014/7200.pdf HTTP/1.1" 304 -
66.249.66.175 - - [29/Jun/2016:03:18:45 -0500] "GET /BLA/resoluciones/RESOLUCIONES%202013/1262.pdf HTTP/1.1" 304 -
201.245.192.253 - - [29/Jun/2016:03:18:55 -0500] "POST /forms/lservlet;jsessionid=ac16012b30d6a9805714b08e4799806aff7a12903620.e3iSbxaKaheRe34Tax0PchuKax90n6jAmljGr5XDqQLvpAe HTTP/1.1" 200 2
66.249.66.175 - - [29/Jun/2016:03:19:06 -0500] "GET /BLA/resoluciones/AUTOS%202010/0104.pdf HTTP/1.1" 304 -
66.249.66.175 - - [29/Jun/2016:03:19:11 -0500] "GET /BLA/resoluciones/RESOLUCIONES%202014/0407.pdf HTTP/1.1" 200 519742
66.249.66.175 - - [29/Jun/2016:03:19:20 -0500] "GET /BLA/resoluciones/AUTOS%202014/2668.pdf HTTP/1.1" 304 -
66.249.66.175 - - [29/Jun/2016:03:19:27 -0500] "GET /BLA/resoluciones/RESOLUCIONES%202014/0915.pdf HTTP/1.1" 304 -
66.249.66.175 - - [29/Jun/2016:03:19:39 -0500] "GET /BLA/resoluciones/AUTOS%202013/1415.pdf HTTP/1.1" 304 -
192.168.175.104 - - [29/Jun/2016:03:19:43 -0500] "GET / HTTP/1.1" 200 9990
66.249.66.175 - - [29/Jun/2016:03:20:31 -0500] "GET /BLA/resoluciones/AUTOS%202014/5661.pdf HTTP/1.1" 304 -
192.168.175.104 - - [29/Jun/2016:03:20:35 -0500] "GET / HTTP/1.0" 200 9990
201.245.192.253 - - [29/Jun/2016:03:20:55 -0500] "POST /forms/lservlet;jsessionid=ac16012b30d6a9805714b08e4799806aff7a12903620.e3iSbxaKaheRe34Tax0PchuKax90n6jAmljGr5XDqQLvpAe HTTP/1.1" 200 2
184.172.172.26 - - [29/Jun/2016:03:20:56 -0500] "GET /wordpress/wp-admin/ HTTP/1.1" 404 1018
5.3.176.222 - - [29/Jun/2016:03:20:58 -0500] "GET / HTTP/1.0" 200 9990
5.3.176.222 - - [29/Jun/2016:03:20:59 -0500] "GET / HTTP/1.0" 200 9990
5.3.176.222 - - [29/Jun/2016:03:21:00 -0500] "GET / HTTP/1.0" 200 9990
5.3.176.222 - - [29/Jun/2016:03:21:01 -0500] "GET / HTTP/1.0" 200 9990
5.3.176.222 - - [29/Jun/2016:03:21:01 -0500] "GET / HTTP/1.0" 200 9990
203.130.249.91 - - [29/Jun/2016:03:21:04 -0500] "GET /catalogoisis/ HTTP/1.1" 200 8575
173.208.94.218 - - [29/Jun/2016:03:21:05 -0500] "GET / HTTP/1.1" 301 324
180.76.15.13 - - [29/Jun/2016:03:21:06 -0500] "GET /BLA/resoluciones/Notificaciones/AUTOS%202015/4431.doc HTTP/1.1" 200 179712
203.130.249.91 - - [29/Jun/2016:03:21:02 -0500] "GET /BLA/boletinlegal/ HTTP/1.1" 200 12235
186.31.155.245 - - [29/Jun/2016:03:21:10 -0500] "GET /BLA/resoluciones/AUTOS%202015/2169.pdf HTTP/1.1" 200 341093
123.125.71.89 - - [29/Jun/2016:03:21:41 -0500] "GET /BLA/resoluciones/Notificaciones/AUTOS%202015/4431.doc HTTP/1.1" 200 179712
186.31.155.245 - - [29/Jun/2016:03:22:03 -0500] "GET /apple-touch-icon-120x120-precomposed.png HTTP/1.1" 404 1120
186.31.155.245 - - [29/Jun/2016:03:22:04 -0500] "GET /apple-touch-icon-120x120.png HTTP/1.1" 404 1120
186.31.155.245 - - [29/Jun/2016:03:22:04 -0500] "GET /apple-touch-icon.png HTTP/1.1" 404 1120
186.31.155.245 - - [29/Jun/2016:03:22:04 -0500] "GET /apple-touch-icon.png HTTP/1.1" 404 1120
68.180.231.50 - - [29/Jun/2016:03:22:30 -0500] "GET /robots.txt HTTP/1.1" 404 1019
68.180.231.50 - - [29/Jun/2016:03:22:30 -0500] "GET /dama/libreria/php/decide.php?patron=03.1305020113&numm=2 HTTP/1.1" 404 1019
66.249.66.175 - - [29/Jun/2016:03:22:31 -0500] "GET /BLA/resoluciones/RESOLUCIONES%202007/RES%202007%204001%20AL%204100/RESOLUCION%204092%20DE%202007.pdf HTTP/1.1" 200 1137443
69.162.124.232 - - [29/Jun/2016:03:22:50 -0500] "HEAD / HTTP/1.1" 200 -
66.249.66.175 - - [29/Jun/2016:03:22:54 -0500] "GET /BLA/resoluciones/AUTOS%202015/0593.pdf HTTP/1.1" 304 -
201.245.192.253 - - [29/Jun/2016:03:22:55 -0500] "POST /forms/lservlet;jsessionid=ac16012b30d6a9805714b08e4799806aff7a12903620.e3iSbxaKaheRe34Tax0PchuKax90n6jAmljGr5XDqQLvpAe HTTP/1.1" 200 2
192.168.175.104 - - [29/Jun/2016:03:23:29 -0500] "GET / HTTP/1.1" 200 9990
66.249.66.170 - - [29/Jun/2016:03:24:23 -0500] "GET / HTTP/1.1" 200 9990
192.168.175.104 - - [29/Jun/2016:03:24:41 -0500] "GET / HTTP/1.1" 200 9990
201.245.192.253 - - [29/Jun/2016:03:24:55 -0500] "POST /forms/lservlet;jsessionid=ac16012b30d6a9805714b08e4799806aff7a12903620.e3iSbxaKaheRe34Tax0PchuKax90n6jAmljGr5XDqQLvpAe HTTP/1.1" 200 2
66.249.66.175 - - [29/Jun/2016:03:25:19 -0500] "GET /BLA/resoluciones/RESOLUCIONES%202011/6454.pdf HTTP/1.1" 304 -
81.43.64.180 - - [29/Jun/2016:03:25:20 -0500] "GET /galeria/galeria/jquery.fancybox.css?v=2.1.5 HTTP/1.1" 200 4895
81.43.64.180 - - [29/Jun/2016:03:25:20 -0500] "GET /BLA/boletinlegal/js/jquery.scrollShow.js HTTP/1.1" 200 4586
81.43.64.180 - - [29/Jun/2016:03:25:20 -0500] "GET /galeria/galeria/jquery.fancybox.js?v=2.1.5 HTTP/1.1" 200 48706
192.168.175.104 - - [29/Jun/2016:03:25:33 -0500] "GET / HTTP/1.0" 200 9990
81.43.64.180 - - [29/Jun/2016:03:25:40 -0500] "GET /galeria/galeria/jquery.fancybox.css?v=2.1.5 HTTP/1.1" 304 -
81.43.64.180 - - [29/Jun/2016:03:25:40 -0500] "GET /galeria/galeria/jquery.fancybox.js?v=2.1.5 HTTP/1.1" 304 -
81.43.64.180 - - [29/Jun/2016:03:25:40 -0500] "GET /BLA/boletinlegal/js/jquery.scrollShow.js HTTP/1.1" 304 -
68.180.231.36 - - [29/Jun/2016:03:26:27 -0500] "GET /BLA/boletinlegal/jurisprudencia/analisis/analisis%20sentencia%20C-1007-2011-1.doc HTTP/1.1" 200 35328
66.249.66.175 - - [29/Jun/2016:03:26:29 -0500] "GET /BLA/resoluciones/RESOLUCIONES%202012/0714.pdf HTTP/1.1" 304 -
190.159.8.94 - - [29/Jun/2016:03:26:48 -0500] "GET /galeria/galeria/fotos/Capellania2G.jpg HTTP/1.1" 200 523013
190.159.8.94 - - [29/Jun/2016:03:26:53 -0500] "GET /galeria/galeria/fotos/Capellania3G.jpg HTTP/1.1" 200 515718
190.159.8.94 - - [29/Jun/2016:03:26:55 -0500] "GET /galeria/galeria/fotos/Capellania1G.jpg HTTP/1.1" 200 373859
201.245.192.253 - - [29/Jun/2016:03:26:56 -0500] "POST /forms/lservlet;jsessionid=ac16012b30d6a9805714b08e4799806aff7a12903620.e3iSbxaKaheRe34Tax0PchuKax90n6jAmljGr5XDqQLvpAe HTTP/1.1" 200 2
51.255.65.2 - - [29/Jun/2016:03:27:08 -0500] "GET /BLA/resoluciones/AUTOS%202006/AUTOS%202006%202201%20-%202300/00002270.tif HTTP/1.1" 200 72048
190.159.8.94 - - [29/Jun/2016:03:27:10 -0500] "GET /galeria/galeria/fotos/Capellania4G.jpg HTTP/1.1" 200 567842
184.172.172.26 - - [29/Jun/2016:03:27:16 -0500] "GET /blog/wp-admin/ HTTP/1.1" 404 1018
190.159.8.94 - - [29/Jun/2016:03:27:16 -0500] "GET /galeria/galeria/fotos/MeandrodelSay2G.jpg HTTP/1.1" 200 321492
190.159.8.94 - - [29/Jun/2016:03:27:19 -0500] "GET /galeria/galeria/fotos/juan-amarillo4G.jpg HTTP/1.1" 200 202445
190.159.8.94 - - [29/Jun/2016:03:27:24 -0500] "GET /galeria/galeria/fotos/juan-amarillo3G.jpg HTTP/1.1" 200 328975
66.249.66.175 - - [29/Jun/2016:03:27:25 -0500] "GET /BLA/resoluciones/RESOLUCIONES%202014/0532.pdf HTTP/1.1" 304 -
66.249.66.175 - - [29/Jun/2016:03:27:30 -0500] "GET /BLA/resoluciones/RESOLUCIONES%202007/RES%202007%202901%20AL%203000/RESOLUCION%202906%20DE%202007.pdf HTTP/1.1" 200 591615
66.249.66.175 - - [29/Jun/2016:03:27:39 -0500] "GET /BLA/resoluciones/RESOLUCIONES%202007/RES%202007%202401%20AL%202500/RESOLUCION%202436%20DE%202007.pdf HTTP/1.1" 304 -
69.162.124.232 - - [29/Jun/2016:03:27:50 -0500] "HEAD / HTTP/1.1" 200 -
66.249.66.175 - - [29/Jun/2016:03:28:08 -0500] "GET /BLA/resoluciones/RESOLUCIONES%202010/6491.pdf HTTP/1.1" 304 -
164.132.161.89 - - [29/Jun/2016:03:28:13 -0500] "GET /BLA/resoluciones/RESOLUCIONES%202004/RES%202004%20801-850/00000809.tif HTTP/1.1" 200 128332
164.132.161.31 - - [29/Jun/2016:03:28:22 -0500] "GET /BLA/resoluciones/RESOLUCIONES%202003/RES%202003%201451-1500/20031487.tif HTTP/1.1" 200 161042
192.168.175.104 - - [29/Jun/2016:03:28:27 -0500] "GET / HTTP/1.1" 200 9990
201.245.192.253 - - [29/Jun/2016:03:28:56 -0500] "POST /forms/lservlet;jsessionid=ac16012b30d6a9805714b08e4799806aff7a12903620.e3iSbxaKaheRe34Tax0PchuKax90n6jAmljGr5XDqQLvpAe HTTP/1.1" 200 2
66.249.66.175 - - [29/Jun/2016:03:29:10 -0500] "GET /BLA/resoluciones/RESOLUCIONES%202011/2054.pdf HTTP/1.1" 200 308991
180.76.15.34 - - [29/Jun/2016:03:29:27 -0500] "GET / HTTP/1.1" 200 9990
192.168.175.104 - - [29/Jun/2016:03:29:38 -0500] "GET / HTTP/1.1" 200 9990
66.249.66.175 - - [29/Jun/2016:03:29:53 -0500] "GET /BLA/resoluciones/RESOLUCIONES%202013/0350.pdf HTTP/1.1" 304 -
180.76.15.149 - - [29/Jun/2016:03:30:04 -0500] "GET / HTTP/1.1" 200 9990
66.249.66.175 - - [29/Jun/2016:03:30:21 -0500] "GET /BLA/resoluciones/Notificaciones/AUTOS%202014/3581.doc HTTP/1.1" 304 -
192.168.175.104 - - [29/Jun/2016:03:30:31 -0500] "GET / HTTP/1.0" 200 9990
66.249.66.175 - - [29/Jun/2016:03:30:50 -0500] "GET /BLA/resoluciones/RESOLUCIONES%202010/3388.pdf HTTP/1.1" 200 862281
201.245.192.253 - - [29/Jun/2016:03:30:56 -0500] "POST /forms/lservlet;jsessionid=ac16012b30d6a9805714b08e4799806aff7a12903620.e3iSbxaKaheRe34Tax0PchuKax90n6jAmljGr5XDqQLvpAe HTTP/1.1" 200 2
123.125.71.36 - - [29/Jun/2016:03:31:13 -0500] "GET /BLA/resoluciones/AUTOS%202015/0727.pdf HTTP/1.1" 200 526781
180.76.15.143 - - [29/Jun/2016:03:31:23 -0500] "GET /BLA/resoluciones/AUTOS%202015/0727.pdf HTTP/1.1" 200 526781
90.56.169.60 - - [29/Jun/2016:03:31:56 -0500] "GET /webdav/x32.php?host=%2024.197.250.113%20&time=60&port=80 HTTP/1.1" 404 1018
66.249.66.175 - - [29/Jun/2016:03:32:31 -0500] "GET /BLA/resoluciones/RESOLUCIONES%202011/2607.pdf HTTP/1.1" 200 351769
66.249.66.175 - - [29/Jun/2016:03:32:49 -0500] "GET /BLA/resoluciones/RESOLUCIONES%202007/RES%202007%204301%20AL%204352/RESOLUCION%204323%20DE%202007.pdf HTTP/1.1" 304 -
69.162.124.232 - - [29/Jun/2016:03:32:50 -0500] "HEAD / HTTP/1.1" 200 -
201.245.192.253 - - [29/Jun/2016:03:32:56 -0500] "POST /forms/lservlet;jsessionid=ac16012b30d6a9805714b08e4799806aff7a12903620.e3iSbxaKaheRe34Tax0PchuKax90n6jAmljGr5XDqQLvpAe HTTP/1.1" 200 2
