164.132.161.43 - - [29/Jun/2016:01:51:07 -0500] "GET /BLA/resoluciones/index.php?dir=RESOLUCIONES%202016/&sort=name&order=desc HTTP/1.1" 200 3741
192.168.175.104 - - [29/Jun/2016:01:51:08 -0500] "GET / HTTP/1.0" 200 9990
66.249.66.183 - - [29/Jun/2016:01:51:44 -0500] "GET /Anexos%20estudio%20Organizacional%20SDA/ANEXO%20No.%203-%20CONTRATACI%C3%93N%20%20OPS%C2%B4s%202008-2012/CONTRATOS%20SDA%202012%20POR%20DEPENDENCIA.xls HTTP/1.1" 304 -
131.161.8.252 - - [29/Jun/2016:01:52:13 -0500] "GET /manual_funciones_Listado/2.1.2.%20Subdireccion%20de%20Proyectos%20y%20Cooperacion%20Internacional/Profesional%20Universitario%20219-05.pdf HTTP/1.1" 404 1018
201.245.192.253 - - [29/Jun/2016:01:52:45 -0500] "POST /forms/lservlet;jsessionid=ac16012b30d6a9805714b08e4799806aff7a12903620.e3iSbxaKaheRe34Tax0PchuKax90n6jAmljGr5XDqQLvpAe HTTP/1.1" 200 2
69.162.124.232 - - [29/Jun/2016:01:52:50 -0500] "HEAD / HTTP/1.1" 200 -
66.249.66.175 - - [29/Jun/2016:01:52:56 -0500] "GET /BLA/resoluciones/RESOLUCIONES%202010/0018.pdf HTTP/1.1" 200 408177
201.245.192.253 - - [29/Jun/2016:01:53:07 -0500] "GET /galeria/nivo-slider/demo/images/BANNERVISORGEOGRAFICO.jpg HTTP/1.1" 304 -
66.249.66.175 - - [29/Jun/2016:01:53:17 -0500] "GET /BLA/resoluciones/RESOLUCIONES%202007/RES%202007%201001%20AL%201100/RESOLUCION%201098%20DE%202007.pdf HTTP/1.1" 200 327228
66.249.66.175 - - [29/Jun/2016:01:53:22 -0500] "GET /BLA/resoluciones/RESOLUCIONES%202009/8650.pdf HTTP/1.1" 304 -
201.245.192.253 - - [29/Jun/2016:01:53:47 -0500] "GET /galeria/nivo-slider/demo/images/BANNERMADERALEGAL.jpg HTTP/1.1" 304 -
66.249.66.175 - - [29/Jun/2016:01:53:50 -0500] "GET /BLA/resoluciones/AUTOS%202007/1166.pdf HTTP/1.1" 200 27201
192.168.175.104 - - [29/Jun/2016:01:53:59 -0500] "GET / HTTP/1.1" 200 9990
201.245.192.253 - - [29/Jun/2016:01:54:07 -0500] "GET /galeria/nivo-slider/demo/images/BANNERINVITACIONECOLECTA3.jpg HTTP/1.1" 304 -
66.249.66.175 - - [29/Jun/2016:01:54:13 -0500] "GET /autoliquidacion/index.php?dir=PERMISO%20DE%20OCUPACION%20DE%20SUELO/&sort=name&order=desc HTTP/1.1" 200 2342
201.245.192.253 - - [29/Jun/2016:01:54:45 -0500] "POST /forms/lservlet;jsessionid=ac16012b30d6a9805714b08e4799806aff7a12903620.e3iSbxaKaheRe34Tax0PchuKax90n6jAmljGr5XDqQLvpAe HTTP/1.1" 200 2
66.249.66.175 - - [29/Jun/2016:01:55:07 -0500] "GET /BLA/resoluciones/AUTOS%202011/2888.pdf HTTP/1.1" 304 -
192.168.175.104 - - [29/Jun/2016:01:55:14 -0500] "GET / HTTP/1.1" 200 9990
66.249.66.175 - - [29/Jun/2016:01:55:30 -0500] "GET /BLA/resoluciones/AUTOS%202014/7070.pdf HTTP/1.1" 200 169772
164.132.161.57 - - [29/Jun/2016:01:55:39 -0500] "GET /BLA/resoluciones/RESOLUCIONES%202006/RES%202006%201451-1500/00001459.tif HTTP/1.1" 200 238118
66.249.66.175 - - [29/Jun/2016:01:55:46 -0500] "GET /BLA/resoluciones/AUTOS%202013/2025.pdf HTTP/1.1" 200 432656
66.249.66.175 - - [29/Jun/2016:01:55:56 -0500] "GET /BLA/resoluciones/AUTOS%202007/3260.pdf HTTP/1.1" 200 456252
192.168.175.104 - - [29/Jun/2016:01:56:06 -0500] "GET / HTTP/1.0" 200 9990
66.249.66.175 - - [29/Jun/2016:01:56:26 -0500] "GET /BLA/resoluciones/AUTOS%202007/1264.pdf HTTP/1.1" 200 141119
190.163.30.216 - - [29/Jun/2016:01:56:31 -0500] "GET /BLA/resoluciones/AUTOS%202014/0605.pdf HTTP/1.1" 200 914650
66.249.66.175 - - [29/Jun/2016:01:56:31 -0500] "GET /BLA/resoluciones/AUTOS%202010/4447.pdf HTTP/1.1" 304 -
201.245.192.253 - - [29/Jun/2016:01:56:45 -0500] "POST /forms/lservlet;jsessionid=ac16012b30d6a9805714b08e4799806aff7a12903620.e3iSbxaKaheRe34Tax0PchuKax90n6jAmljGr5XDqQLvpAe HTTP/1.1" 200 2
66.249.66.175 - - [29/Jun/2016:01:57:14 -0500] "GET /BLA/resoluciones/AUTOS%202013/0135.pdf HTTP/1.1" 304 -
69.162.124.232 - - [29/Jun/2016:01:57:50 -0500] "HEAD / HTTP/1.1" 200 -
66.249.66.187 - - [29/Jun/2016:01:58:13 -0500] "GET /POT-2013/index.php?dir=Cartografia%2F HTTP/1.1" 200 11465
66.249.66.183 - - [29/Jun/2016:01:58:18 -0500] "GET /BLA/boletinlegal/Directivas/2016/Directiva%20No.%2002%20del%2019%20de%20Abril%20de%202016.pdf HTTP/1.1" 304 -
66.249.66.175 - - [29/Jun/2016:01:58:20 -0500] "GET /BLA/resoluciones/AUTOS%202010/0115.pdf HTTP/1.1" 200 181579
66.249.66.175 - - [29/Jun/2016:01:58:24 -0500] "GET /BLA/resoluciones/AUTOS%202014/2875.pdf HTTP/1.1" 200 601390
66.249.66.180 - - [29/Jun/2016:01:58:26 -0500] "GET /BLA/boletinlegal/Circulares/2010/Circular%2005%20de%208%20de%20septiembre%20de%202010.pdf HTTP/1.1" 304 -
150.70.173.43 - - [29/Jun/2016:01:58:31 -0500] "GET /BLA/resoluciones/AUTOS%202014/0605.pdf HTTP/1.1" 200 914650
201.245.192.253 - - [29/Jun/2016:01:58:46 -0500] "POST /forms/lservlet;jsessionid=ac16012b30d6a9805714b08e4799806aff7a12903620.e3iSbxaKaheRe34Tax0PchuKax90n6jAmljGr5XDqQLvpAe HTTP/1.1" 200 2
66.249.66.175 - - [29/Jun/2016:01:58:52 -0500] "GET /BLA/resoluciones/RESOLUCIONES%202010/0238.pdf HTTP/1.1" 304 -
192.168.175.104 - - [29/Jun/2016:01:58:59 -0500] "GET / HTTP/1.1" 200 9990
51.255.65.80 - - [29/Jun/2016:01:59:11 -0500] "GET /BLA/resoluciones/RESOLUCIONES%202004/RES%202004%201751-1800/00001779.tif HTTP/1.1" 200 147462
66.249.66.175 - - [29/Jun/2016:01:59:12 -0500] "GET /BLA/resoluciones/RESOLUCIONES%202007/RES%202007%20401%20AL%20500/RESOLUCION%200412%20DE%202007.pdf HTTP/1.1" 304 -
66.249.66.175 - - [29/Jun/2016:01:59:14 -0500] "GET /BLA/resoluciones/RESOLUCIONES%202011/2537.pdf HTTP/1.1" 304 -
51.255.65.22 - - [29/Jun/2016:01:59:14 -0500] "GET /BLA/resoluciones/AUTOS%202006/AUTOS%202006%202201%20-%202300/00002231.tif HTTP/1.1" 200 57312
66.249.66.175 - - [29/Jun/2016:01:59:20 -0500] "GET /BLA/resoluciones/AUTOS%202014/6259.pdf HTTP/1.1" 304 -
66.249.66.175 - - [29/Jun/2016:01:59:27 -0500] "GET /BLA/resoluciones/AUTOS%202015/0269.pdf HTTP/1.1" 304 -
5.3.176.222 - - [29/Jun/2016:01:59:31 -0500] "GET / HTTP/1.0" 200 9990
5.3.176.222 - - [29/Jun/2016:01:59:32 -0500] "GET / HTTP/1.0" 200 9990
5.3.176.222 - - [29/Jun/2016:01:59:33 -0500] "GET / HTTP/1.0" 200 9990
5.3.176.222 - - [29/Jun/2016:01:59:33 -0500] "GET / HTTP/1.0" 200 9990
5.3.176.222 - - [29/Jun/2016:01:59:34 -0500] "GET / HTTP/1.0" 200 9990
66.249.66.175 - - [29/Jun/2016:01:59:34 -0500] "GET /BLA/resoluciones/AUTOS%202015/2023.pdf HTTP/1.1" 304 -
66.249.66.175 - - [29/Jun/2016:01:59:41 -0500] "GET /BLA/resoluciones/RESOLUCIONES%202011/1013.pdf HTTP/1.1" 304 -
66.249.66.175 - - [29/Jun/2016:01:59:48 -0500] "GET /BLA/resoluciones/RESOLUCIONES%202007/RES%202007%203901%20AL%204000/RESOLUCION%203988%20DE%202007.pdf HTTP/1.1" 200 770902
66.249.66.175 - - [29/Jun/2016:01:59:50 -0500] "GET /BLA/resoluciones/AUTOS%202014/7302.pdf HTTP/1.1" 304 -
66.249.66.175 - - [29/Jun/2016:01:59:55 -0500] "GET /BLA/resoluciones/AUTOS%202015/2006.pdf HTTP/1.1" 304 -
66.249.66.175 - - [29/Jun/2016:02:00:02 -0500] "GET /BLA/resoluciones/RESOLUCIONES%202007/RES%202007%201%20AL%20100/RESOLUCION%200090%20DE%202007.pdf HTTP/1.1" 200 478837
66.249.66.175 - - [29/Jun/2016:02:00:03 -0500] "GET /BLA/resoluciones/RESOLUCIONES%202011/6097.pdf HTTP/1.1" 304 -
66.249.66.175 - - [29/Jun/2016:02:00:04 -0500] "GET /BLA/resoluciones/AUTOS%202007/3287.pdf HTTP/1.1" 200 163718
192.168.175.104 - - [29/Jun/2016:02:00:12 -0500] "GET / HTTP/1.1" 200 9990
66.249.66.175 - - [29/Jun/2016:02:00:23 -0500] "GET /BLA/resoluciones/AUTOS%202007/0715.pdf HTTP/1.1" 200 83886
66.249.66.175 - - [29/Jun/2016:02:00:24 -0500] "GET /BLA/resoluciones/AUTOS%202010/2424.pdf HTTP/1.1" 200 1460038
66.249.66.175 - - [29/Jun/2016:02:00:26 -0500] "GET /BLA/resoluciones/RESOLUCIONES%202013/1223.pdf HTTP/1.1" 304 -
66.249.66.175 - - [29/Jun/2016:02:00:37 -0500] "GET /BLA/resoluciones/AUTOS%202007/0558.pdf HTTP/1.1" 200 317715
66.249.66.175 - - [29/Jun/2016:02:00:38 -0500] "GET /BLA/resoluciones/Resoluciones%202011/6416.pdf HTTP/1.1" 304 -
66.249.66.175 - - [29/Jun/2016:02:00:40 -0500] "GET /BLA/resoluciones/AUTOS%202014/4306.pdf HTTP/1.1" 200 587009
201.245.192.253 - - [29/Jun/2016:02:00:46 -0500] "POST /forms/lservlet;jsessionid=ac16012b30d6a9805714b08e4799806aff7a12903620.e3iSbxaKaheRe34Tax0PchuKax90n6jAmljGr5XDqQLvpAe HTTP/1.1" 200 2
192.168.175.104 - - [29/Jun/2016:02:01:03 -0500] "GET / HTTP/1.0" 200 9990
66.249.66.175 - - [29/Jun/2016:02:01:05 -0500] "GET /BLA/resoluciones/AUTOS%202007/1129.pdf HTTP/1.1" 200 47747
180.76.15.137 - - [29/Jun/2016:02:01:18 -0500] "GET /BLA/resoluciones/Notificaciones/AUTOS%202014/5710.doc HTTP/1.1" 200 154624
111.13.102.5 - - [29/Jun/2016:02:01:37 -0500] "GET /BLA/resoluciones/Notificaciones/AUTOS%202014/5710.doc HTTP/1.1" 200 154624
66.249.66.175 - - [29/Jun/2016:02:01:48 -0500] "GET /BLA/resoluciones/RESOLUCIONES%202013/0116.pdf HTTP/1.1" 304 -
66.249.66.175 - - [29/Jun/2016:02:02:06 -0500] "GET /BLA/resoluciones/AUTOS%202011/0216.pdf HTTP/1.1" 304 -
66.249.66.175 - - [29/Jun/2016:02:02:13 -0500] "GET /BLA/resoluciones/RESOLUCIONES%202007/RES%202007%20801%20AL%20900/RESOLUCION%200852%20DE%202007.pdf HTTP/1.1" 200 445218
51.255.65.19 - - [29/Jun/2016:02:02:17 -0500] "GET /BLA/resoluciones/AUTOS%202006/AUTOS%202006%201201-1300/00001216.tif HTTP/1.1" 200 42854
201.245.192.253 - - [29/Jun/2016:02:02:46 -0500] "POST /forms/lservlet;jsessionid=ac16012b30d6a9805714b08e4799806aff7a12903620.e3iSbxaKaheRe34Tax0PchuKax90n6jAmljGr5XDqQLvpAe HTTP/1.1" 200 2
69.162.124.232 - - [29/Jun/2016:02:02:50 -0500] "HEAD / HTTP/1.1" 200 -
66.249.66.175 - - [29/Jun/2016:02:03:05 -0500] "GET /BLA/resoluciones/RESOLUCIONES%202012/0972.pdf HTTP/1.1" 304 -
66.249.66.175 - - [29/Jun/2016:02:03:12 -0500] "GET /BLA/resoluciones/AUTOS%202014/5583.pdf HTTP/1.1" 304 -
66.249.66.175 - - [29/Jun/2016:02:03:28 -0500] "GET /BLA/resoluciones/AUTOS%202014/5702.pdf HTTP/1.1" 304 -
66.249.66.175 - - [29/Jun/2016:02:03:33 -0500] "GET /BLA/resoluciones/AUTOS%202011/5715.pdf HTTP/1.1" 304 -
66.249.66.175 - - [29/Jun/2016:02:03:40 -0500] "GET /BLA/resoluciones/AUTOS%202015/2096.pdf HTTP/1.1" 304 -
66.249.66.175 - - [29/Jun/2016:02:03:47 -0500] "GET /BLA/resoluciones/AUTOS%202012/1884.pdf HTTP/1.1" 304 -
66.249.66.175 - - [29/Jun/2016:02:03:54 -0500] "GET /BLA/resoluciones/RESOLUCIONES%202012/1725.pdf HTTP/1.1" 304 -
192.168.175.104 - - [29/Jun/2016:02:03:57 -0500] "GET / HTTP/1.1" 200 9990
66.249.66.175 - - [29/Jun/2016:02:04:22 -0500] "GET /BLA/resoluciones/RESOLUCIONES%202007/RES%202007%201501%20AL%201600/RESOLUCION%201577%20DE%202007.pdf HTTP/1.1" 304 -
186.77.138.113 - - [29/Jun/2016:02:04:26 -0500] "-" 408 -
66.249.66.175 - - [29/Jun/2016:02:04:29 -0500] "GET /BLA/resoluciones/AUTOS%202009/2625.pdf HTTP/1.1" 304 -
66.249.66.175 - - [29/Jun/2016:02:04:43 -0500] "GET /autoliquidacion/TR%C3%81MITES%20ACEITES-RESIDUOS-ESTACIONES/REG.%20GENERADOR/ANEXO%203.%20CARTA%20PARA%20SOLICITUD%20DE%20INSCRIPCI%C3%93N%20COMO%20GENERADOR%20RESPEL.doc HTTP/1.1" 200 212993
201.245.192.253 - - [29/Jun/2016:02:04:46 -0500] "POST /forms/lservlet;jsessionid=ac16012b30d6a9805714b08e4799806aff7a12903620.e3iSbxaKaheRe34Tax0PchuKax90n6jAmljGr5XDqQLvpAe HTTP/1.1" 200 2
66.249.66.180 - - [29/Jun/2016:02:04:51 -0500] "GET /Autoliquidacion/Solicitudes%20relacionadas%20con%20calidad%20del%20aire%20auditiva%20y%20visual/Acompa%C3%B1amiento%20para%20muestreo%20isocin%C3%A9tico%20y%20o%20determinaciones%20de%20emisiones%20a%20fuentes%20fijas/lineamientos%20Construccion%20Mues%20Emision%20.pdf HTTP/1.1" 200 352369
66.249.66.175 - - [29/Jun/2016:02:04:57 -0500] "GET /BLA/resoluciones/RESOLUCIONES%202010/2215.pdf HTTP/1.1" 200 471322
66.249.66.175 - - [29/Jun/2016:02:04:58 -0500] "GET /BLA/resoluciones/AUTOS%202013/1309.pdf HTTP/1.1" 200 1761463
66.249.66.175 - - [29/Jun/2016:02:05:05 -0500] "GET /BLA/resoluciones/RESOLUCIONES%202014/0049.pdf HTTP/1.1" 304 -
66.249.66.175 - - [29/Jun/2016:02:05:09 -0500] "GET /BLA/resoluciones/RESOLUCIONES%202010/3482.pdf HTTP/1.1" 200 524897
192.168.175.104 - - [29/Jun/2016:02:05:10 -0500] "GET / HTTP/1.1" 200 9990
66.249.66.175 - - [29/Jun/2016:02:05:12 -0500] "GET /transparencia/directorioservidores/septiembre2015.xlsx HTTP/1.1" 304 -
66.249.66.175 - - [29/Jun/2016:02:05:13 -0500] "GET /BLA/resoluciones/RESOLUCIONES%202010/4396.pdf HTTP/1.1" 200 490007
66.249.66.175 - - [29/Jun/2016:02:05:19 -0500] "GET /BLA/resoluciones/RESOLUCIONES%202007/RES%202007%202501%20AL%202600/RESOLUCION%202515%20DE%202007.pdf HTTP/1.1" 304 -
66.249.66.175 - - [29/Jun/2016:02:05:25 -0500] "GET /BLA/resoluciones/RESOLUCIONES%202010/2544.pdf HTTP/1.1" 200 490147
66.249.66.175 - - [29/Jun/2016:02:05:36 -0500] "GET /BLA/directivas/2011/3.pdf HTTP/1.1" 200 910420
164.132.161.77 - - [29/Jun/2016:02:05:38 -0500] "GET /autoliquidacion/index.php?dir=TR%C1MITES+ACEITES-RESIDUOS-ESTACIONES%2F HTTP/1.1" 200 3113
66.249.66.175 - - [29/Jun/2016:02:05:40 -0500] "GET /BLA/resoluciones/AUTOS%202014/6479.pdf HTTP/1.1" 304 -
157.55.39.213 - - [29/Jun/2016:02:05:42 -0500] "GET /BLA/resoluciones/AUTOS%202015/0042.pdf HTTP/1.1" 200 833208
66.249.66.175 - - [29/Jun/2016:02:05:56 -0500] "GET /BLA/resoluciones/RESOLUCIONES%202010/7260.pdf HTTP/1.1" 200 306575
192.168.175.104 - - [29/Jun/2016:02:06:02 -0500] "GET / HTTP/1.0" 200 9990
66.249.66.175 - - [29/Jun/2016:02:06:08 -0500] "GET /BLA/resoluciones/AUTOS%202013/1474.pdf HTTP/1.1" 304 -
199.115.117.99 - - [29/Jun/2016:02:06:22 -0500] "GET /cache/370881741/index.cgi HTTP/1.1" 404 1018
206.53.226.251 - - [29/Jun/2016:02:06:40 -0500] "GET /galeria/nivo-slider/demo/images/Banner-GAE3.jpg HTTP/1.1" 304 -
201.245.192.253 - - [29/Jun/2016:02:06:46 -0500] "POST /forms/lservlet;jsessionid=ac16012b30d6a9805714b08e4799806aff7a12903620.e3iSbxaKaheRe34Tax0PchuKax90n6jAmljGr5XDqQLvpAe HTTP/1.1" 200 2
209.126.127.49 - - [29/Jun/2016:02:07:25 -0500] "GET /robots.txt HTTP/1.0" 301 334
209.126.127.49 - - [29/Jun/2016:02:07:30 -0500] "GET / HTTP/1.0" 301 324
69.162.124.232 - - [29/Jun/2016:02:07:50 -0500] "HEAD / HTTP/1.1" 200 -
157.55.39.112 - - [29/Jun/2016:02:08:13 -0500] "GET / HTTP/1.1" 200 9990
157.55.39.112 - - [29/Jun/2016:02:08:15 -0500] "GET /BLA/boletinlegal/Circulares/2009/Circular%20Instructiva%20-%20Memorando%202009IE24363.pdf HTTP/1.1" 200 1544636
157.55.39.112 - - [29/Jun/2016:02:08:16 -0500] "GET /BLA/boletinlegal/Circulares/2010/Circular%2003%20de%2015%20de%20marzo%20de%202010.pdf HTTP/1.1" 200 299174
157.55.39.112 - - [29/Jun/2016:02:08:18 -0500] "GET /BLA/boletinlegal/Circulares/2012/Circular%20No.%202%20del%2014%20de%20Marzo%20de%202012.pdf HTTP/1.1" 200 113666
157.55.39.112 - - [29/Jun/2016:02:08:18 -0500] "GET /BLA/boletinlegal/Circulares/2012/Circular%20No.%208%20del%2021%20de%20Agosto%20de%202012.pdf HTTP/1.1" 200 963197
157.55.39.112 - - [29/Jun/2016:02:08:22 -0500] "GET /BLA/boletinlegal/Circulares/2013/Circular%20No.%207%20del%201%20de%20Agosto%20de%202013.pdf HTTP/1.1" 200 340934
157.55.39.112 - - [29/Jun/2016:02:08:23 -0500] "GET /BLA/boletinlegal/Circulares/2012/Circular%20No.%2016%20del%2022%20de%20octubre%20de%202012.pdf HTTP/1.1" 200 381186
157.55.39.112 - - [29/Jun/2016:02:08:24 -0500] "GET /BLA/boletinlegal/Directivas/2009/Directiva%20No.%20del%2023%20de%20Diciembre%20de%202009.pdf HTTP/1.1" 200 1636862
157.55.39.112 - - [29/Jun/2016:02:08:26 -0500] "GET /BLA/boletinlegal/actas/acta%20de%20acuerdo%2001%20adop%20regla%20inter%20CISPAER.pdf HTTP/1.1" 200 837068
157.55.39.112 - - [29/Jun/2016:02:08:27 -0500] "GET /BLA/boletinlegal/actas/374122.pdf HTTP/1.1" 200 181942
157.55.39.112 - - [29/Jun/2016:02:08:28 -0500] "GET /BLA/boletinlegal/Directivas/2011/Directiva%20No.%203%20del%2027%20de%20Mayo%20de%202011.pdf HTTP/1.1" 200 910420
157.55.39.112 - - [29/Jun/2016:02:08:28 -0500] "GET /BLA/boletinlegal/Directivas/2011/Directiva%20No.%202%20del%2017%20de%20Mayo%20de%202011.pdf HTTP/1.1" 200 495382
157.55.39.112 - - [29/Jun/2016:02:08:30 -0500] "GET /BLA/boletinlegal/actas/097-2013.pdf HTTP/1.1" 200 164183
157.55.39.112 - - [29/Jun/2016:02:08:31 -0500] "GET /BLA/boletinlegal/Directivas/2011/Directiva%20No.%208%20del%2020%20de%20Septiembre%20de%202011.pdf HTTP/1.1" 200 727150
157.55.39.112 - - [29/Jun/2016:02:08:31 -0500] "GET /BLA/boletinlegal/documentos-importantes.php HTTP/1.1" 200 4822
157.55.39.112 - - [29/Jun/2016:02:08:32 -0500] "GET /BLA/boletinlegal/Directivas/2013/Directiva%20No.%203%20del%2016%20de%20julio%20de%202013.pdf HTTP/1.1" 200 127414
157.55.39.112 - - [29/Jun/2016:02:08:32 -0500] "GET /BLA/boletinlegal/Directivas/2011/Directiva%20No.%205%20del%2029%20de%20Agosto%20de%202011.pdf HTTP/1.1" 200 444404
157.55.39.112 - - [29/Jun/2016:02:08:33 -0500] "GET /BLA/boletinlegal/Directivas/2015/Directiva%20No.%2001%20del%2014%20de%20Enero%20de%202015.pdf HTTP/1.1" 200 1416322
157.55.39.112 - - [29/Jun/2016:02:08:34 -0500] "GET /BLA/boletinlegal/Directivas/2014/Directiva%20No.%205%20del%2026%20de%20Diciembre%20de%202014.pdf HTTP/1.1" 200 3424865
157.55.39.112 - - [29/Jun/2016:02:08:37 -0500] "GET /BLA/boletinlegal/Directivas/2013/Directiva%20No.%202%20del%2004%20de%20Abril%20de%202013.pdf HTTP/1.1" 200 1182671
157.55.39.112 - - [29/Jun/2016:02:08:37 -0500] "GET /BLA/boletinlegal/Circulares/2011/Circular%20No.%202%20del%2031%20de%20Mayo%20de%202011.pdf HTTP/1.1" 200 496778
157.55.39.112 - - [29/Jun/2016:02:08:38 -0500] "GET /BLA/boletinlegal/Circulares/2011/Circular%20No.%202%20del%2026%20de%20Mayo%20de%202011.pdf HTTP/1.1" 200 644194
157.55.39.112 - - [29/Jun/2016:02:08:39 -0500] "GET /BLA/boletinlegal/Circulares/2011/Circular%20No.%201%20del%2023%20de%20Febrero%20de%202011.pdf HTTP/1.1" 200 540140
157.55.39.112 - - [29/Jun/2016:02:08:39 -0500] "GET /BLA/boletinlegal/Circulares/2011/Circular%20No.%201%20del%2012%20de%20Abril%20de%202011.pdf HTTP/1.1" 200 366269
157.55.39.112 - - [29/Jun/2016:02:08:40 -0500] "GET /BLA/boletinlegal/actas/acta%20de%20acuerdo%2002%20adop%20regla%20inter%20mesa%20salud%20ambie.pdf HTTP/1.1" 200 479782
66.249.66.175 - - [29/Jun/2016:02:08:42 -0500] "GET /BLA/resoluciones/RESOLUCIONES%202007/RES%202007%201501%20AL%201600/RESOLUCION%201513%20DE%202007.pdf HTTP/1.1" 200 573325
157.55.39.112 - - [29/Jun/2016:02:08:42 -0500] "GET /BLA/boletinlegal/jurisprudencia/analisis/Analisis%20Jurisprudencia%20Sent%202000-00005-01.doc HTTP/1.1" 200 52736
157.55.39.112 - - [29/Jun/2016:02:08:43 -0500] "GET /BLA/boletinlegal/conceptos.php HTTP/1.1" 200 6162
157.55.39.112 - - [29/Jun/2016:02:08:44 -0500] "GET /BLA/boletinlegal/Directivas/2012/Directiva%20No.%201%20del%2030%20de%20octubre%20de%202012.pdf HTTP/1.1" 200 1522771
157.55.39.112 - - [29/Jun/2016:02:08:44 -0500] "GET /BLA/boletinlegal/Directivas/2011/Directiva%20No.%206%20del%208%20de%20Septiembre%20de%202011.pdf HTTP/1.1" 200 996625
157.55.39.112 - - [29/Jun/2016:02:08:44 -0500] "GET /BLA/boletinlegal/Circulares/2013/Circular%20No.%202%20del%2022%20de%20enero%20de%202013.pdf HTTP/1.1" 200 85466
157.55.39.112 - - [29/Jun/2016:02:08:45 -0500] "GET /BLA/boletinlegal/Circulares/2012/Circular%20No.%2013%20del%2006%20de%20Septiembre%20de%202012.pdf HTTP/1.1" 200 351421
157.55.39.112 - - [29/Jun/2016:02:08:45 -0500] "GET /BLA/boletinlegal/Circulares/2012/Circular%20No.%2011%20del%2027%20de%20Agosto%20de%202012.pdf HTTP/1.1" 200 526945
201.245.192.253 - - [29/Jun/2016:02:08:47 -0500] "POST /forms/lservlet;jsessionid=ac16012b30d6a9805714b08e4799806aff7a12903620.e3iSbxaKaheRe34Tax0PchuKax90n6jAmljGr5XDqQLvpAe HTTP/1.1" 200 2
207.46.13.24 - - [29/Jun/2016:02:08:48 -0500] "GET /css/ HTTP/1.1" 200 1153
207.46.13.24 - - [29/Jun/2016:02:08:48 -0500] "GET /PORTAL_SIAC/ HTTP/1.1" 200 1215
207.46.13.24 - - [29/Jun/2016:02:08:48 -0500] "GET /pga/tablas.htm HTTP/1.1" 404 1015
207.46.13.24 - - [29/Jun/2016:02:08:49 -0500] "GET /BLA/boletinlegal/Circulares/2010/Circular%2001%20de%2018%20de%20febrero%20de%202010.pdf HTTP/1.1" 200 72083
207.46.13.24 - - [29/Jun/2016:02:08:49 -0500] "GET /BLA/boletinlegal/Circulares/2011/Circular%20No.%209%20del%2003%20de%20Noviembre%20de%202011.pdf HTTP/1.1" 200 54568
207.46.13.24 - - [29/Jun/2016:02:08:50 -0500] "GET /BLA/boletinlegal/Circulares/2011/Circular%20No.%208%20del%2020%20de%20Septiembre%20de%202011.pdf HTTP/1.1" 200 285158
207.46.13.24 - - [29/Jun/2016:02:08:51 -0500] "GET /BLA/boletinlegal/Circulares/2011/Circular%20No.%206%20del%2029%20de%20Julio%20de%202011.pdf HTTP/1.1" 200 262144
207.46.13.24 - - [29/Jun/2016:02:08:51 -0500] "GET /BLA/boletinlegal/Circulares/2012/Circular%20No.%207%20del%2008%20de%20Agosto%20de%202012.pdf HTTP/1.1" 200 972955
207.46.13.24 - - [29/Jun/2016:02:08:52 -0500] "GET /BLA/boletinlegal/Circulares/2012/Circular%20No.%206%20del%2025%20de%20Mayo%20de%202012.pdf HTTP/1.1" 200 387391
207.46.13.24 - - [29/Jun/2016:02:08:53 -0500] "GET /BLA/boletinlegal/Circulares/2012/Circular%20No.%203%20del%2023%20de%20Marzo%20de%202012.pdf HTTP/1.1" 200 572950
207.46.13.24 - - [29/Jun/2016:02:08:53 -0500] "GET /BLA/boletinlegal/jurisprudencia/analisis/CUADRO%20SENTENCIA%20T-299%20DE%202008.doc HTTP/1.1" 200 40960
207.46.13.24 - - [29/Jun/2016:02:08:54 -0500] "GET /BLA/boletinlegal/Circulares/2012/Circular%20No.%2014%20del%2011%20de%20Septiembre%20de%202012.pdf HTTP/1.1" 200 3427471
207.46.13.24 - - [29/Jun/2016:02:08:55 -0500] "GET /BLA/boletinlegal/Directivas/2011/Directiva%20No.%204%20del%2028%20de%20Junio%20de%202011.pdf HTTP/1.1" 200 960158
207.46.13.24 - - [29/Jun/2016:02:08:55 -0500] "GET /BLA/boletinlegal/Circulares/2011/Circular%20No.%204%20del%2012%20de%20Agosto%20de%202011.pdf HTTP/1.1" 200 601047
192.168.175.104 - - [29/Jun/2016:02:08:56 -0500] "GET / HTTP/1.1" 200 9990
207.46.13.24 - - [29/Jun/2016:02:08:56 -0500] "GET /BLA/boletinlegal/Circulares/2011/Circular%20No.%203%20del%2023%20de%20Junio%20de%202011.pdf HTTP/1.1" 200 1452758
207.46.13.24 - - [29/Jun/2016:02:08:56 -0500] "GET /BLA/boletinlegal/Directivas/2014/Directiva%20No.%204%20del%2006%20de%20Junio%20de%202014.pdf HTTP/1.1" 200 236794
207.46.13.24 - - [29/Jun/2016:02:08:57 -0500] "GET /BLA/boletinlegal/Directivas/2011/Directiva%20No.%2010%20del%2028%20de%20Septiembre%20de%202011.pdf HTTP/1.1" 200 465887
207.46.13.24 - - [29/Jun/2016:02:08:58 -0500] "GET /BLA/boletinlegal/Circulares/2013/Circular%20No.%204%20del%2005%20de%20junio%20de%202013.pdf HTTP/1.1" 200 130461
51.255.65.3 - - [29/Jun/2016:02:08:58 -0500] "GET /BLA/resoluciones/RESOLUCIONES%202003/RES%202003%20851-900/895.tif HTTP/1.1" 200 427600
207.46.13.24 - - [29/Jun/2016:02:08:58 -0500] "GET /BLA/boletinlegal/Circulares/2013/Circular%20No.%201%20del%2014%20de%20enero%20de%202013.pdf HTTP/1.1" 200 1298384
207.46.13.24 - - [29/Jun/2016:02:08:59 -0500] "GET /BLA/boletinlegal/Circulares/2010/Circular%2004%20de%2021%20de%20abril%20de%202010.pdf HTTP/1.1" 200 682373
207.46.13.24 - - [29/Jun/2016:02:09:00 -0500] "GET /BLA/boletinlegal/Circulares/2012/Circular%20No.%2012%20del%2028%20de%20Agosto%20de%202012.pdf HTTP/1.1" 200 369945
40.77.167.83 - - [29/Jun/2016:02:09:14 -0500] "GET /pot/pot15.htm HTTP/1.1" 404 1015
40.77.167.83 - - [29/Jun/2016:02:09:15 -0500] "GET /BLA/ HTTP/1.1" 200 538
40.77.167.83 - - [29/Jun/2016:02:09:16 -0500] "GET /BLA/boletinlegal/Circulares/2009/Circular%20No.%2035%20del%2024%20de%20Diciembre%20de%202009.pdf HTTP/1.1" 200 578234
40.77.167.83 - - [29/Jun/2016:02:09:17 -0500] "GET /BLA/boletinlegal/Circulares/2010/Circular%2002%20de%2025%20de%20febrero%20de%202010.pdf HTTP/1.1" 200 233254
40.77.167.83 - - [29/Jun/2016:02:09:18 -0500] "GET /BLA/boletinlegal/Directivas/2011/Directiva%20No.%209%20del%2023%20de%20Septiembre%20de%202011.pdf HTTP/1.1" 200 326687
40.77.167.83 - - [29/Jun/2016:02:09:18 -0500] "GET /BLA/boletinlegal/Circulares/2011/Circular%20No.%207%20del%2023%20de%20Diciembre%20de%202011.pdf HTTP/1.1" 200 1107785
40.77.167.83 - - [29/Jun/2016:02:09:20 -0500] "GET /BLA/boletinlegal/Circulares/2011/Circular%20No.%207%20del%2015%20de%20Septiembre%20de%202011.pdf HTTP/1.1" 200 314873
40.77.167.83 - - [29/Jun/2016:02:09:22 -0500] "GET /BLA/boletinlegal/Circulares/2011/Circular%20No.%205%20del%2014%20de%20Julio%20de%202011.pdf HTTP/1.1" 200 1488992
40.77.167.83 - - [29/Jun/2016:02:09:23 -0500] "GET /BLA/boletinlegal/Circulares/2011/Circular%20No.%205%20del%2012%20de%20Agosto%20de%202011.pdf HTTP/1.1" 200 431796
40.77.167.83 - - [29/Jun/2016:02:09:23 -0500] "GET /BLA/boletinlegal/Circulares/2012/Circular%20No.%205%20del%2027%20de%20Abril%20de%202012.pdf HTTP/1.1" 200 216613
40.77.167.83 - - [29/Jun/2016:02:09:24 -0500] "GET /BLA/boletinlegal/Circulares/2012/Circular%20No.%204%20del%2019%20de%20abril%20de%202012.pdf HTTP/1.1" 200 253045
40.77.167.83 - - [29/Jun/2016:02:09:26 -0500] "GET /BLA/boletinlegal/doctrina.php HTTP/1.1" 200 5010
40.77.167.83 - - [29/Jun/2016:02:09:26 -0500] "GET /BLA/boletinlegal/normativa.php HTTP/1.1" 200 7057
40.77.167.83 - - [29/Jun/2016:02:09:27 -0500] "GET /BLA/boletinlegal/Circulares/2012/Circular%20No.%2015%20del%2022%20de%20octubre%20de%202012.pdf HTTP/1.1" 200 486506
40.77.167.83 - - [29/Jun/2016:02:09:27 -0500] "GET /BLA/boletinlegal/Directivas/2014/Directiva%20No.%201%20del%2010%20de%20Abril%20de%202014.pdf HTTP/1.1" 200 258865
40.77.167.83 - - [29/Jun/2016:02:09:28 -0500] "GET /BLA/boletinlegal/Circulares/2015/Circular%20No.%202%20del%201%20de%20julio%20de%202015.pdf HTTP/1.1" 200 752890
40.77.167.83 - - [29/Jun/2016:02:09:29 -0500] "GET /BLA/boletinlegal/Circulares/2014/Circular%20No.%203%20del%2014%20de%20Noviembre%20de%202014.pdf HTTP/1.1" 200 104132
40.77.167.83 - - [29/Jun/2016:02:09:29 -0500] "GET /BLA/boletinlegal/Directivas/2016/Directiva%20No.%2002%20del%2019%20de%20Abril%20de%202016.pdf HTTP/1.1" 200 11898321
40.77.167.83 - - [29/Jun/2016:02:09:30 -0500] "GET /BLA/boletinlegal/Directivas/2016/Directiva%20No.%2001%20del%2012%20de%20Abril%20de%202016.pdf HTTP/1.1" 200 868354
40.77.167.83 - - [29/Jun/2016:02:09:30 -0500] "GET /BLA/boletinlegal/Directivas/2013/Directiva%20No.%201%20del%2004%20de%20Abril%20de%202013.pdf HTTP/1.1" 200 472003
40.77.167.83 - - [29/Jun/2016:02:09:31 -0500] "GET /BLA/boletinlegal/Circulares/2011/Circular%20No.%203%20del%2016%20de%20Junio%20de%202011.pdf HTTP/1.1" 200 346378
40.77.167.83 - - [29/Jun/2016:02:09:38 -0500] "GET /BLA/boletinlegal/Directivas/2011/Directiva%20No.%201%20del%205%20de%20Abril%20de%202011.pdf HTTP/1.1" 200 971292
40.77.167.83 - - [29/Jun/2016:02:09:39 -0500] "GET /BLA/boletinlegal/Circulares/2014/Circular%20No.%201%20del%2008%20de%20Mayo%20de%202014.pdf HTTP/1.1" 200 180124
40.77.167.83 - - [29/Jun/2016:02:09:40 -0500] "GET /BLA/boletinlegal/Circulares/2011/Circular%20003%20de%20Febrero%20de%202011.pdf HTTP/1.1" 200 224758
40.77.167.83 - - [29/Jun/2016:02:09:41 -0500] "GET /BLA/boletinlegal/Directivas/2014/Directiva%20No.%203%20del%2020%20de%20Mayo%20de%202014.pdf HTTP/1.1" 200 504420
40.77.167.83 - - [29/Jun/2016:02:09:41 -0500] "GET /BLA/boletinlegal/Circulares/2010/Circular%2006%20de%208%20de%20septiembre%20de%202010.pdf HTTP/1.1" 200 4657752
181.61.139.237 - - [29/Jun/2016:02:09:52 -0500] "GET /BLA/boletinlegal/registro/index.php HTTP/1.1" 200 2721
181.61.139.237 - - [29/Jun/2016:02:09:54 -0500] "GET /BLA/boletinlegal/registro/assets/css/lay.css HTTP/1.1" 200 588
181.61.139.237 - - [29/Jun/2016:02:09:54 -0500] "GET /BLA/boletinlegal/registro/assets/css/contact.css HTTP/1.1" 200 3025
181.61.139.237 - - [29/Jun/2016:02:09:54 -0500] "GET /BLA/boletinlegal/registro/assets/img/contact/ajax-loader.gif HTTP/1.1" 200 673
181.61.139.237 - - [29/Jun/2016:02:09:54 -0500] "GET /BLA/boletinlegal/registro/captcha.php HTTP/1.1" 200 1713
181.61.139.237 - - [29/Jun/2016:02:09:54 -0500] "GET /BLA/boletinlegal/registro/assets/img/lay/bg.jpg HTTP/1.1" 200 309
181.61.139.237 - - [29/Jun/2016:02:09:54 -0500] "GET /BLA/boletinlegal/registro/assets/img/lay/center.jpg HTTP/1.1" 200 480
181.61.139.237 - - [29/Jun/2016:02:09:54 -0500] "GET /BLA/boletinlegal/registro/assets/img/contact/email.png HTTP/1.1" 200 641
181.61.139.237 - - [29/Jun/2016:02:09:54 -0500] "GET /BLA/boletinlegal/registro/assets/img/lay/top.jpg HTTP/1.1" 200 17190
181.61.139.237 - - [29/Jun/2016:02:09:54 -0500] "GET /BLA/boletinlegal/registro/assets/img/contact/user_suit.png HTTP/1.1" 200 748
181.61.139.237 - - [29/Jun/2016:02:09:55 -0500] "GET /BLA/boletinlegal/registro/assets/img/contact/send_button.png HTTP/1.1" 200 256
181.61.139.237 - - [29/Jun/2016:02:09:55 -0500] "GET /BLA/boletinlegal/registro/assets/img/lay/bot.jpg HTTP/1.1" 200 1641
181.61.139.237 - - [29/Jun/2016:02:09:59 -0500] "GET /BLA/boletinlegal/images/screen_3.png HTTP/1.1" 200 210620
181.61.139.237 - - [29/Jun/2016:02:09:59 -0500] "GET /BLA/boletinlegal/images/arr_r.jpg HTTP/1.1" 200 1998
181.61.139.237 - - [29/Jun/2016:02:09:41 -0500] "GET /BLA/boletinlegal/index.php? HTTP/1.1" 200 16331
192.168.175.104 - - [29/Jun/2016:02:10:08 -0500] "GET / HTTP/1.1" 200 9990
181.61.139.237 - - [29/Jun/2016:02:10:10 -0500] "GET /BLA/boletinlegal/normativa.php HTTP/1.1" 200 7057
181.61.139.237 - - [29/Jun/2016:02:10:13 -0500] "GET /BLA/boletinlegal/actos.php HTTP/1.1" 200 7660
181.61.139.237 - - [29/Jun/2016:02:10:13 -0500] "GET /BLA/boletinlegal/js/lib.js HTTP/1.1" 200 6474
181.61.139.237 - - [29/Jun/2016:02:10:14 -0500] "GET /BLA/boletinlegal/images/green-yellow-blue-pink-th.png HTTP/1.1" 200 7394
181.61.139.237 - - [29/Jun/2016:02:10:18 -0500] "GET /BLA/boletinlegal/normativa.php HTTP/1.1" 200 7057
186.32.131.159 - - [29/Jun/2016:02:10:19 -0500] "GET /galeria/galeria/jquery.fancybox.css?v=2.1.5 HTTP/1.1" 200 4895
186.32.131.159 - - [29/Jun/2016:02:10:19 -0500] "GET /BLA/boletinlegal/js/jquery.scrollShow.js HTTP/1.1" 200 4586
186.32.131.159 - - [29/Jun/2016:02:10:19 -0500] "GET /galeria/galeria/jquery.fancybox.js?v=2.1.5 HTTP/1.1" 200 48706
181.61.139.237 - - [29/Jun/2016:02:09:49 -0500] "GET /BLA/boletinlegal/index.php HTTP/1.1" 200 20427
40.77.167.83 - - [29/Jun/2016:02:10:41 -0500] "GET /robots.txt HTTP/1.1" 404 1015
186.32.131.159 - - [29/Jun/2016:02:10:46 -0500] "GET /galeria/galeria/jquery.fancybox.css?v=2.1.5 HTTP/1.1" 304 -
186.32.131.159 - - [29/Jun/2016:02:10:46 -0500] "GET /BLA/boletinlegal/js/jquery.scrollShow.js HTTP/1.1" 304 -
186.32.131.159 - - [29/Jun/2016:02:10:46 -0500] "GET /galeria/galeria/jquery.fancybox.js?v=2.1.5 HTTP/1.1" 304 -
201.245.192.253 - - [29/Jun/2016:02:10:47 -0500] "POST /forms/lservlet;jsessionid=ac16012b30d6a9805714b08e4799806aff7a12903620.e3iSbxaKaheRe34Tax0PchuKax90n6jAmljGr5XDqQLvpAe HTTP/1.1" 200 2
181.61.139.237 - - [29/Jun/2016:02:10:55 -0500] "GET /BLA/boletinlegal/consulta_normativa.php?tipo=Decreto&sector=residuos&ano=2005&resuelve=4741 HTTP/1.1" 200 454
181.61.139.237 - - [29/Jun/2016:02:10:57 -0500] "GET /BLA/boletinlegal/consulta_normativa.php?tipo=Decreto&sector=residuos&ano=2005&resuelve=4741 HTTP/1.1" 200 454
192.168.175.104 - - [29/Jun/2016:02:11:00 -0500] "GET / HTTP/1.0" 200 9990
181.61.139.237 - - [29/Jun/2016:02:11:02 -0500] "GET /BLA/boletinlegal/consulta_normativa.php?tipo=Decreto&sector=residuos&ano=2005&resuelve=4741 HTTP/1.1" 200 454
40.77.167.83 - - [29/Jun/2016:02:09:32 -0500] "GET /BLA/boletinlegal/index.php HTTP/1.1" 200 52190
181.61.139.237 - - [29/Jun/2016:02:11:07 -0500] "GET /BLA/boletinlegal/registro/index.php HTTP/1.1" 200 2721
181.61.139.237 - - [29/Jun/2016:02:11:08 -0500] "GET /BLA/boletinlegal/registro/captcha.php HTTP/1.1" 200 1706
181.61.139.237 - - [29/Jun/2016:02:11:15 -0500] "GET /BLA/boletinlegal/normativa.php HTTP/1.1" 200 7057
181.61.139.237 - - [29/Jun/2016:02:11:15 -0500] "GET /BLA/boletinlegal/styles2.css HTTP/1.1" 200 1838
181.61.139.237 - - [29/Jun/2016:02:11:16 -0500] "GET /BLA/boletinlegal/style.css HTTP/1.1" 200 9406
181.61.139.237 - - [29/Jun/2016:02:11:16 -0500] "GET /BLA/boletinlegal/niceforms-default.css HTTP/1.1" 200 6694
181.61.139.237 - - [29/Jun/2016:02:11:16 -0500] "GET /BLA/boletinlegal/js/ajax_normativa.js HTTP/1.1" 200 1154
181.61.139.237 - - [29/Jun/2016:02:11:16 -0500] "GET /BLA/boletinlegal/niceforms.js HTTP/1.1" 200 22876
181.61.139.237 - - [29/Jun/2016:02:11:16 -0500] "GET /BLA/boletinlegal/images/subscribe-icon-big.png HTTP/1.1" 200 47702
181.61.139.237 - - [29/Jun/2016:02:11:16 -0500] "GET /BLA/boletinlegal/images/historia.png HTTP/1.1" 200 52775
181.61.139.237 - - [29/Jun/2016:02:11:16 -0500] "GET /BLA/boletinlegal/images/cabezote%20BLEGAL.jpg HTTP/1.1" 200 118164
181.61.139.237 - - [29/Jun/2016:02:11:16 -0500] "GET /BLA/boletinlegal/images/abajo.png HTTP/1.1" 200 96676
181.61.139.237 - - [29/Jun/2016:02:11:16 -0500] "GET /BLA/boletinlegal/images/body_bg.jpg HTTP/1.1" 200 1601
181.61.139.237 - - [29/Jun/2016:02:11:17 -0500] "GET /BLA/boletinlegal/images/menu_lft.gif HTTP/1.1" 200 1713
181.61.139.237 - - [29/Jun/2016:02:11:17 -0500] "GET /BLA/boletinlegal/images/menu_rght.gif HTTP/1.1" 200 1627
181.61.139.237 - - [29/Jun/2016:02:11:17 -0500] "GET /BLA/boletinlegal/images/bg_top.jpg HTTP/1.1" 200 522
181.61.139.237 - - [29/Jun/2016:02:11:17 -0500] "GET /BLA/boletinlegal/images/menu_bg.jpg HTTP/1.1" 200 620
181.61.139.237 - - [29/Jun/2016:02:11:17 -0500] "GET /BLA/boletinlegal/images/hover.jpg HTTP/1.1" 200 640
181.61.139.237 - - [29/Jun/2016:02:11:17 -0500] "GET /BLA/boletinlegal/images/text.jpg HTTP/1.1" 200 568
181.61.139.237 - - [29/Jun/2016:02:11:17 -0500] "GET /BLA/boletinlegal/images/footer_bg.jpg HTTP/1.1" 200 586
181.61.139.237 - - [29/Jun/2016:02:11:17 -0500] "GET /BLA/boletinlegal/images/footer_bg_l.jpg HTTP/1.1" 200 776
181.61.139.237 - - [29/Jun/2016:02:11:18 -0500] "GET /BLA/boletinlegal/img/0.png HTTP/1.1" 200 110
181.61.139.237 - - [29/Jun/2016:02:11:18 -0500] "GET /BLA/boletinlegal/img/select-left.png HTTP/1.1" 200 263
181.61.139.237 - - [29/Jun/2016:02:11:19 -0500] "GET /BLA/boletinlegal/img/select-right.png HTTP/1.1" 200 44019
181.61.139.237 - - [29/Jun/2016:02:11:19 -0500] "GET /BLA/boletinlegal/img/button.png HTTP/1.1" 200 43241
181.61.139.237 - - [29/Jun/2016:02:11:19 -0500] "GET /BLA/boletinlegal/img/button-right.png HTTP/1.1" 200 57878
181.61.139.237 - - [29/Jun/2016:02:11:19 -0500] "GET /BLA/boletinlegal/img/button-left.png HTTP/1.1" 200 57071
66.249.66.177 - - [29/Jun/2016:02:09:56 -0500] "GET /BLA/boletinlegal/ HTTP/1.1" 200 52190
66.249.66.180 - - [29/Jun/2016:02:11:21 -0500] "GET /BLA/boletinlegal/Circulares/2014/Circular%20No.%201%20del%2008%20de%20Mayo%20de%202014.pdf HTTP/1.1" 304 -
40.77.167.83 - - [29/Jun/2016:02:11:25 -0500] "GET /BLA/boletinlegal/Circulares/2010/Circular%2005%20de%208%20de%20septiembre%20de%202010.pdf HTTP/1.1" 200 2146608
40.77.167.83 - - [29/Jun/2016:02:11:25 -0500] "GET /BLA/boletinlegal/Circulares/2013/Circular%20No.%205%20del%2013%20de%20junio%20de%202013.pdf HTTP/1.1" 200 110904
66.249.66.177 - - [29/Jun/2016:02:11:39 -0500] "GET /Autoliquidacion/Grupo%20Forestal%20-%20Industria%20de%20la%20Madera/Solicitud%20Certificaci%C3%B3n.pdf HTTP/1.1" 200 78408
52.3.105.23 - - [29/Jun/2016:02:12:05 -0500] "GET /robots.txt HTTP/1.1" 404 1018
66.249.66.175 - - [29/Jun/2016:02:12:34 -0500] "GET /BLA/resoluciones/RESOLUCIONES%202007/RES%202007%202901%20AL%203000/RESOLUCION%202960%20DE%202007.pdf HTTP/1.1" 200 363293
201.245.192.253 - - [29/Jun/2016:02:12:47 -0500] "POST /forms/lservlet;jsessionid=ac16012b30d6a9805714b08e4799806aff7a12903620.e3iSbxaKaheRe34Tax0PchuKax90n6jAmljGr5XDqQLvpAe HTTP/1.1" 200 2
69.162.124.232 - - [29/Jun/2016:02:12:50 -0500] "HEAD / HTTP/1.1" 200 -
52.3.105.23 - - [29/Jun/2016:02:12:51 -0500] "GET /BLA/boletinlegal/actas/acta%20de%20acuerdo%2002%20adop%20regla%20inter%20mesa%20salud%20ambie.pdf HTTP/1.1" 200 479782
66.249.66.175 - - [29/Jun/2016:02:12:58 -0500] "GET /BLA/resoluciones/AUTOS%202013/2931.pdf HTTP/1.1" 200 408970
66.249.66.175 - - [29/Jun/2016:02:13:03 -0500] "GET /BLA/resoluciones/AUTOS%202013/1099.pdf HTTP/1.1" 304 -
181.61.139.237 - - [29/Jun/2016:02:13:24 -0500] "GET /BLA/boletinlegal/conceptos.php HTTP/1.1" 200 6162
181.61.139.237 - - [29/Jun/2016:02:13:41 -0500] "GET /BLA/boletinlegal/consulta_conceptos.php?no=147&solicitante=&radicado_entrada=&fecha_concepto=2016&objeto= HTTP/1.1" 200 567
66.249.66.175 - - [29/Jun/2016:02:13:47 -0500] "GET /BLA/resoluciones/RESOLUCIONES%202007/RES%202007%201301%20AL%201400/RESOLUCION%201392%20DE%202007.pdf HTTP/1.1" 304 -
181.61.139.237 - - [29/Jun/2016:02:13:50 -0500] "GET /BLA/boletinlegal/jurisprudencia.php HTTP/1.1" 200 12511
181.61.139.237 - - [29/Jun/2016:02:13:50 -0500] "GET /BLA/boletinlegal/images/jurisprudencia.png HTTP/1.1" 200 66721
181.61.139.237 - - [29/Jun/2016:02:13:50 -0500] "GET /BLA/boletinlegal/images/sub_ul_li.gif HTTP/1.1" 200 343
181.61.139.237 - - [29/Jun/2016:02:13:50 -0500] "GET /BLA/boletinlegal/images/hover.png HTTP/1.1" 200 59469
192.168.175.104 - - [29/Jun/2016:02:13:54 -0500] "GET / HTTP/1.1" 200 9990
181.61.139.237 - - [29/Jun/2016:02:14:01 -0500] "GET /BLA/boletinlegal/doctrina.php HTTP/1.1" 200 5010
181.61.139.237 - - [29/Jun/2016:02:14:01 -0500] "GET /BLA/boletinlegal/js/ajax_doctrina.js HTTP/1.1" 200 772
181.61.139.237 - - [29/Jun/2016:02:14:05 -0500] "GET /BLA/boletinlegal/actos.php HTTP/1.1" 200 7660
66.249.66.180 - - [29/Jun/2016:02:14:12 -0500] "GET /BLA/boletinlegal/Circulares/2011/Circular%20No.%203%20del%2023%20de%20Junio%20de%202011.pdf HTTP/1.1" 304 -
181.61.139.237 - - [29/Jun/2016:02:14:15 -0500] "GET /BLA/boletinlegal/normativa.php HTTP/1.1" 200 7057
181.61.139.237 - - [29/Jun/2016:02:14:31 -0500] "GET /BLA/boletinlegal/documentos-importantes.php HTTP/1.1" 200 4822
181.61.139.237 - - [29/Jun/2016:02:14:31 -0500] "GET /BLA/boletinlegal/img/textarea-tr.png HTTP/1.1" 200 488
181.61.139.237 - - [29/Jun/2016:02:14:31 -0500] "GET /BLA/boletinlegal/img/textarea-tl.png HTTP/1.1" 200 269
181.61.139.237 - - [29/Jun/2016:02:14:31 -0500] "GET /BLA/boletinlegal/img/textarea-bl.png HTTP/1.1" 200 265
181.61.139.237 - - [29/Jun/2016:02:14:31 -0500] "GET /BLA/boletinlegal/img/textarea-l-off.png HTTP/1.1" 200 168
181.61.139.237 - - [29/Jun/2016:02:14:27 -0500] "GET /BLA/boletinlegal/index.php HTTP/1.1" 200 16331
181.61.139.237 - - [29/Jun/2016:02:14:29 -0500] "GET /BLA/boletinlegal/index.php HTTP/1.1" 200 16331
201.245.192.253 - - [29/Jun/2016:02:14:47 -0500] "POST /forms/lservlet;jsessionid=ac16012b30d6a9805714b08e4799806aff7a12903620.e3iSbxaKaheRe34Tax0PchuKax90n6jAmljGr5XDqQLvpAe HTTP/1.1" 200 2
66.249.66.175 - - [29/Jun/2016:02:14:54 -0500] "GET /BLA/resoluciones/RESOLUCIONES%202009/0101.pdf HTTP/1.1" 304 -
192.168.175.104 - - [29/Jun/2016:02:15:07 -0500] "GET / HTTP/1.1" 200 9990
66.249.66.175 - - [29/Jun/2016:02:15:15 -0500] "GET /BLA/resoluciones/AUTOS%202007/2813.pdf HTTP/1.1" 200 227770
66.249.66.181 - - [29/Jun/2016:02:15:22 -0500] "GET / HTTP/1.1" 200 9990
66.249.66.175 - - [29/Jun/2016:02:15:41 -0500] "GET /BLA/resoluciones/AUTOS%202007/2617.pdf HTTP/1.1" 200 28242
66.249.66.175 - - [29/Jun/2016:02:15:57 -0500] "GET /BLA/resoluciones/AUTOS%202011/4309.pdf HTTP/1.1" 304 -
192.168.175.104 - - [29/Jun/2016:02:15:59 -0500] "GET / HTTP/1.0" 200 9990
66.249.66.175 - - [29/Jun/2016:02:16:10 -0500] "GET /BLA/resoluciones/RESOLUCIONES%202010/4853.pdf HTTP/1.1" 200 753897
66.249.66.175 - - [29/Jun/2016:02:16:17 -0500] "GET /BLA/resoluciones/RESOLUCIONES%202007/RES%202007%204001%20AL%204100/RESOLUCION%204045%20DE%202007.pdf HTTP/1.1" 304 -
66.249.66.175 - - [29/Jun/2016:02:16:23 -0500] "GET /BLA/resoluciones/RESOLUCIONES%202010/3042.pdf HTTP/1.1" 200 358064
157.55.39.213 - - [29/Jun/2016:02:16:23 -0500] "GET /robots.txt HTTP/1.1" 404 1018
157.55.39.213 - - [29/Jun/2016:02:16:24 -0500] "GET /stormWeb/ HTTP/1.1" 404 1018
66.249.66.175 - - [29/Jun/2016:02:16:34 -0500] "GET /BLA/resoluciones/RESOLUCIONES%202010/2713.pdf HTTP/1.1" 200 377390
201.245.192.253 - - [29/Jun/2016:02:16:48 -0500] "POST /forms/lservlet;jsessionid=ac16012b30d6a9805714b08e4799806aff7a12903620.e3iSbxaKaheRe34Tax0PchuKax90n6jAmljGr5XDqQLvpAe HTTP/1.1" 200 2
66.249.66.175 - - [29/Jun/2016:02:17:15 -0500] "GET /BLA/resoluciones/RESOLUCIONES%202011/2646.pdf HTTP/1.1" 304 -
164.132.161.93 - - [29/Jun/2016:02:17:23 -0500] "GET /BLA/resoluciones/AUTOS%202006/AUTOS%202006%202401%20-%202500/00002476.tif HTTP/1.1" 200 78720
66.249.66.175 - - [29/Jun/2016:02:17:29 -0500] "GET /BLA/resoluciones/RESOLUCIONES%202010/4492.pdf HTTP/1.1" 304 -
66.249.66.175 - - [29/Jun/2016:02:17:32 -0500] "GET /autoliquidacion/Solicitud%20de%20expedici%C3%B3n%20de%20certificados%20de%20estado%20de%20conservaci%C3%B3n%20ambiental%20(CECA)/Aplicativo.html HTTP/1.1" 200 359
66.249.66.175 - - [29/Jun/2016:02:17:44 -0500] "GET /BLA/resoluciones/AUTOS%202007/1435.pdf HTTP/1.1" 200 29297
66.249.66.175 - - [29/Jun/2016:02:17:48 -0500] "GET /BLA/resoluciones/AUTOS%202007/3517.pdf HTTP/1.1" 200 419100
69.162.124.232 - - [29/Jun/2016:02:17:50 -0500] "HEAD / HTTP/1.1" 200 -
127.0.0.1 - - [29/Jun/2016:02:17:53 -0500] "POST /plugins/update-check/1.1/ HTTP/1.0" 404 1021
127.0.0.1 - - [29/Jun/2016:02:17:53 -0500] "POST /themes/update-check/1.1/ HTTP/1.0" 404 1021
127.0.0.1 - - [29/Jun/2016:02:17:53 -0500] "POST /core/version-check/1.7/?version=4.2.2&php=5.5.15&locale=es_ES&mysql=5.6.20&local_package=&blogs=1&users=507&multisite_enabled=0 HTTP/1.0" 404 1021
127.0.0.1 - - [29/Jun/2016:02:17:53 -0500] "POST /themes/update-check/1.1/ HTTP/1.0" 404 1021
127.0.0.1 - - [29/Jun/2016:02:17:53 -0500] "POST /plugins/update-check/1.1/ HTTP/1.0" 404 1021
66.249.66.175 - - [29/Jun/2016:02:17:57 -0500] "GET /BLA/resoluciones/RESOLUCIONES%202010/6787.pdf HTTP/1.1" 304 -
66.249.66.175 - - [29/Jun/2016:02:18:18 -0500] "GET /BLA/resoluciones/Autos%202008/0177.pdf HTTP/1.1" 200 105525
66.249.66.175 - - [29/Jun/2016:02:18:25 -0500] "GET /BLA/resoluciones/AUTOS%202015/1960.pdf HTTP/1.1" 304 -
66.249.66.175 - - [29/Jun/2016:02:18:32 -0500] "GET /BLA/resoluciones/RESOLUCIONES%202014/2495.pdf HTTP/1.1" 304 -
66.249.66.175 - - [29/Jun/2016:02:18:40 -0500] "GET /BLA/resoluciones/AUTOS%202007/2724.pdf HTTP/1.1" 200 76494
201.245.192.253 - - [29/Jun/2016:02:18:48 -0500] "POST /forms/lservlet;jsessionid=ac16012b30d6a9805714b08e4799806aff7a12903620.e3iSbxaKaheRe34Tax0PchuKax90n6jAmljGr5XDqQLvpAe HTTP/1.1" 200 2
192.168.175.104 - - [29/Jun/2016:02:18:52 -0500] "GET / HTTP/1.1" 200 9990
66.249.66.175 - - [29/Jun/2016:02:19:06 -0500] "GET /BLA/resoluciones/RESOLUCIONES%202010/3584.pdf HTTP/1.1" 200 505673
66.249.66.175 - - [29/Jun/2016:02:19:28 -0500] "GET /BLA/resoluciones/RESOLUCIONES%202011/4062.pdf HTTP/1.1" 304 -
52.3.105.23 - - [29/Jun/2016:02:19:34 -0500] "GET /robots.txt HTTP/1.1" 404 1018
66.249.66.175 - - [29/Jun/2016:02:19:35 -0500] "GET /BLA/resoluciones/RESOLUCIONES%202007/RES%202007%201401%20AL%201500/RESOLUCION%201443%20DE%202007.pdf HTTP/1.1" 304 -
66.249.66.180 - - [29/Jun/2016:02:19:43 -0500] "GET / HTTP/1.1" 200 9990
66.249.66.175 - - [29/Jun/2016:02:19:56 -0500] "GET /BLA/resoluciones/RESOLUCIONES%202007/RES%202007%202601%20AL%202700/RESOLUCION%202679%20DE%202007.pdf HTTP/1.1" 304 -
192.168.175.104 - - [29/Jun/2016:02:20:05 -0500] "GET / HTTP/1.1" 200 9990
151.80.31.162 - - [29/Jun/2016:02:20:23 -0500] "GET /BLA/resoluciones/RESOLUCIONES%202003/RES%202003%202001-2051/20032028.tif HTTP/1.1" 200 119812
66.249.66.175 - - [29/Jun/2016:02:20:38 -0500] "GET /BLA/resoluciones/RESOLUCIONES%202010/1282.pdf HTTP/1.1" 200 101316
66.249.66.175 - - [29/Jun/2016:02:20:46 -0500] "GET /BLA/resoluciones/RESOLUCIONES%202009/4955.pdf HTTP/1.1" 304 -
201.245.192.253 - - [29/Jun/2016:02:20:48 -0500] "POST /forms/lservlet;jsessionid=ac16012b30d6a9805714b08e4799806aff7a12903620.e3iSbxaKaheRe34Tax0PchuKax90n6jAmljGr5XDqQLvpAe HTTP/1.1" 200 2
66.249.66.175 - - [29/Jun/2016:02:20:54 -0500] "GET /BLA/resoluciones/RESOLUCIONES%202010/1851.pdf HTTP/1.1" 200 489755
192.168.175.104 - - [29/Jun/2016:02:20:58 -0500] "GET / HTTP/1.0" 200 9990
51.255.65.80 - - [29/Jun/2016:02:21:10 -0500] "GET /BLA/resoluciones/RESOLUCIONES%202003/RES%202003%20051-100/2003RES88.tif HTTP/1.1" 200 301356
66.249.66.175 - - [29/Jun/2016:02:21:21 -0500] "GET /BLA/resoluciones/RESOLUCIONES%202010/3779.pdf HTTP/1.1" 304 -
66.249.66.175 - - [29/Jun/2016:02:21:22 -0500] "GET /BLA/resoluciones/RESOLUCIONES%202010/1882.pdf HTTP/1.1" 200 354232
66.249.66.175 - - [29/Jun/2016:02:21:28 -0500] "GET /BLA/resoluciones/RESOLUCIONES%202008/0146.pdf HTTP/1.1" 304 -
66.249.66.175 - - [29/Jun/2016:02:22:10 -0500] "GET /BLA/resoluciones/RESOLUCIONES%202008/0282.pdf HTTP/1.1" 304 -
66.249.66.175 - - [29/Jun/2016:02:22:24 -0500] "GET /BLA/resoluciones/RESOLUCIONES%202011/0216.pdf HTTP/1.1" 304 -
66.249.66.175 - - [29/Jun/2016:02:22:31 -0500] "GET /BLA/resoluciones/RESOLUCIONES%202013/0372.pdf HTTP/1.1" 304 -
66.249.66.175 - - [29/Jun/2016:02:22:35 -0500] "GET /BLA/resoluciones/AUTOS%202007/0210.pdf HTTP/1.1" 200 70372
66.249.66.175 - - [29/Jun/2016:02:22:38 -0500] "GET /BLA/resoluciones/AUTOS%202013/1882.pdf HTTP/1.1" 304 -
66.249.66.175 - - [29/Jun/2016:02:22:45 -0500] "GET /BLA/resoluciones/RESOLUCIONES%202013/0824.pdf HTTP/1.1" 304 -
201.245.192.253 - - [29/Jun/2016:02:22:48 -0500] "POST /forms/lservlet;jsessionid=ac16012b30d6a9805714b08e4799806aff7a12903620.e3iSbxaKaheRe34Tax0PchuKax90n6jAmljGr5XDqQLvpAe HTTP/1.1" 200 2
69.162.124.232 - - [29/Jun/2016:02:22:50 -0500] "HEAD / HTTP/1.1" 200 -
164.132.161.69 - - [29/Jun/2016:02:22:53 -0500] "GET /BLA/resoluciones/RESOLUCIONES%202004/RES%202004%201951-2000/00001972.tif HTTP/1.1" 200 211710
66.249.66.175 - - [29/Jun/2016:02:23:06 -0500] "GET /BLA/resoluciones/AUTOS%202014/3301.pdf HTTP/1.1" 304 -
192.168.175.104 - - [29/Jun/2016:02:23:50 -0500] "GET / HTTP/1.1" 200 9990
66.249.66.175 - - [29/Jun/2016:02:24:02 -0500] "GET /BLA/resoluciones/AUTOS%202015/0262.pdf HTTP/1.1" 304 -
51.255.65.33 - - [29/Jun/2016:02:24:11 -0500] "GET /BLA/resoluciones/RESOLUCIONES%202005/RES%202005%201351-1400/00001381.tif HTTP/1.1" 200 166666
66.249.66.175 - - [29/Jun/2016:02:24:16 -0500] "GET /BLA/resoluciones/AUTOS%202014/7387.pdf HTTP/1.1" 304 -
66.249.66.175 - - [29/Jun/2016:02:24:23 -0500] "GET /BLA/resoluciones/RESOLUCIONES%202007/RES%202007%203001%20AL%203100/RESOLUCION%203038%20DE%202007.pdf HTTP/1.1" 304 -
66.249.66.175 - - [29/Jun/2016:02:24:39 -0500] "GET /BLA/resoluciones/RESOLUCIONES%202010/4275.pdf HTTP/1.1" 200 634462
66.249.66.175 - - [29/Jun/2016:02:24:43 -0500] "GET /BLA/resoluciones/AUTOS%202007/3321.pdf HTTP/1.1" 200 200564
180.76.15.147 - - [29/Jun/2016:02:24:44 -0500] "GET / HTTP/1.1" 200 9990
201.245.192.253 - - [29/Jun/2016:02:24:49 -0500] "POST /forms/lservlet;jsessionid=ac16012b30d6a9805714b08e4799806aff7a12903620.e3iSbxaKaheRe34Tax0PchuKax90n6jAmljGr5XDqQLvpAe HTTP/1.1" 200 2
181.61.139.237 - - [29/Jun/2016:02:24:56 -0500] "GET /BLA/boletinlegal/styles2.css HTTP/1.1" 200 1838
181.61.139.237 - - [29/Jun/2016:02:24:56 -0500] "GET /BLA/boletinlegal/style.css HTTP/1.1" 200 9406
181.61.139.237 - - [29/Jun/2016:02:24:56 -0500] "GET /BLA/boletinlegal/js/jquery.scrollTo-min.js HTTP/1.1" 200 1150
181.61.139.237 - - [29/Jun/2016:02:24:56 -0500] "GET /BLA/boletinlegal/js/jquery.scrollShow.js HTTP/1.1" 200 4586
181.61.139.237 - - [29/Jun/2016:02:24:56 -0500] "GET /BLA/boletinlegal/js/jquery.js HTTP/1.1" 200 57254
181.61.139.237 - - [29/Jun/2016:02:24:56 -0500] "GET /BLA/boletinlegal/images/nuevo.gif HTTP/1.1" 200 26475
181.61.139.237 - - [29/Jun/2016:02:24:56 -0500] "GET /BLA/boletinlegal/images/historia.png HTTP/1.1" 200 52775
181.61.139.237 - - [29/Jun/2016:02:24:56 -0500] "GET /BLA/boletinlegal/images/cabezote%20BLEGAL.jpg HTTP/1.1" 200 118164
181.61.139.237 - - [29/Jun/2016:02:24:56 -0500] "GET /BLA/boletinlegal/images/subscribe-icon-big.png HTTP/1.1" 200 47702
181.61.139.237 - - [29/Jun/2016:02:24:56 -0500] "GET /BLA/boletinlegal/images/arr_l.jpg HTTP/1.1" 200 1979
181.61.139.237 - - [29/Jun/2016:02:24:56 -0500] "GET /BLA/boletinlegal/images/screen_1.png HTTP/1.1" 200 202547
181.61.139.237 - - [29/Jun/2016:02:24:56 -0500] "GET /BLA/boletinlegal/images/launch.jpg HTTP/1.1" 200 14577
181.61.139.237 - - [29/Jun/2016:02:24:57 -0500] "GET /BLA/boletinlegal/images/screen_2.png HTTP/1.1" 200 362502
181.61.139.237 - - [29/Jun/2016:02:24:57 -0500] "GET /BLA/boletinlegal/images/body_bg.jpg HTTP/1.1" 200 1601
181.61.139.237 - - [29/Jun/2016:02:24:57 -0500] "GET /BLA/boletinlegal/images/menu_lft.gif HTTP/1.1" 200 1713
181.61.139.237 - - [29/Jun/2016:02:24:57 -0500] "GET /BLA/boletinlegal/images/menu_rght.gif HTTP/1.1" 200 1627
181.61.139.237 - - [29/Jun/2016:02:24:57 -0500] "GET /BLA/boletinlegal/images/bg_top.jpg HTTP/1.1" 200 522
181.61.139.237 - - [29/Jun/2016:02:24:57 -0500] "GET /BLA/boletinlegal/images/menu_bg.jpg HTTP/1.1" 200 620
181.61.139.237 - - [29/Jun/2016:02:24:57 -0500] "GET /BLA/boletinlegal/images/hover.jpg HTTP/1.1" 200 640
181.61.139.237 - - [29/Jun/2016:02:24:57 -0500] "GET /BLA/boletinlegal/images/text.jpg HTTP/1.1" 200 568
181.61.139.237 - - [29/Jun/2016:02:25:02 -0500] "GET /BLA/boletinlegal/images/screen_3.png HTTP/1.1" 200 210620
181.61.139.237 - - [29/Jun/2016:02:25:02 -0500] "GET /BLA/boletinlegal/images/arr_r.jpg HTTP/1.1" 200 1998
181.61.139.237 - - [29/Jun/2016:02:25:02 -0500] "GET /BLA/boletinlegal/images/pdf.gif HTTP/1.1" 200 567
181.61.139.237 - - [29/Jun/2016:02:25:02 -0500] "GET /BLA/boletinlegal/images/screen_5.png HTTP/1.1" 200 368876
181.61.139.237 - - [29/Jun/2016:02:25:02 -0500] "GET /BLA/boletinlegal/images/footer_bg.jpg HTTP/1.1" 200 586
192.168.175.104 - - [29/Jun/2016:02:25:02 -0500] "GET / HTTP/1.1" 200 9990
180.76.15.14 - - [29/Jun/2016:02:25:16 -0500] "GET / HTTP/1.1" 200 9990
66.249.66.175 - - [29/Jun/2016:02:25:22 -0500] "GET /BLA/resoluciones/RESOLUCIONES%202012/0619.pdf HTTP/1.1" 200 443982
66.249.66.175 - - [29/Jun/2016:02:25:33 -0500] "GET /BLA/resoluciones/RESOLUCIONES%202007/RES%202007%202401%20AL%202500/RESOLUCION%202413%20DE%202007.pdf HTTP/1.1" 200 380673
181.61.139.237 - - [29/Jun/2016:02:24:56 -0500] "GET /BLA/boletinlegal/index.php HTTP/1.1" 200 52190
181.61.139.237 - - [29/Jun/2016:02:25:52 -0500] "GET /BLA/boletinlegal/images/footer_bg_l.jpg HTTP/1.1" 200 776
181.61.139.237 - - [29/Jun/2016:02:25:52 -0500] "GET /BLA/boletinlegal/images/img_1.jpg HTTP/1.1" 200 8067
181.61.139.237 - - [29/Jun/2016:02:25:52 -0500] "GET /BLA/boletinlegal/images/group.png HTTP/1.1" 200 47853
181.61.139.237 - - [29/Jun/2016:02:25:52 -0500] "GET /BLA/boletinlegal/images/People.png HTTP/1.1" 200 45676
181.61.139.237 - - [29/Jun/2016:02:25:52 -0500] "GET /BLA/boletinlegal/images/symbol5.gif HTTP/1.1" 200 2857
181.61.139.237 - - [29/Jun/2016:02:25:52 -0500] "GET /BLA/boletinlegal/images/img_3.jpg HTTP/1.1" 200 1841
192.168.175.104 - - [29/Jun/2016:02:25:57 -0500] "GET / HTTP/1.0" 200 9990
