69.162.124.232 - - [01/Jul/2016:01:07:46 -0500] "HEAD / HTTP/1.1" 200 -
66.249.66.175 - - [01/Jul/2016:01:08:21 -0500] "GET /BLA/resoluciones/RESOLUCIONES%202007/RES%202007%203801%20AL%203900/RESOLUCION%203870%20DE%202007.pdf HTTP/1.1" 200 308289
66.249.66.175 - - [01/Jul/2016:01:08:25 -0500] "GET /BLA/resoluciones/RESOLUCIONES%202012/0031.pdf HTTP/1.1" 304 -
201.245.192.253 - - [01/Jul/2016:01:08:30 -0500] "POST /forms/lservlet;jsessionid=ac16012b30d6a9805714b08e4799806aff7a12903620.e3iSbxaKaheRe34Tax0PchuKax90n6jAmljGr5XDqQLvpAe HTTP/1.1" 200 2
66.249.66.175 - - [01/Jul/2016:01:08:37 -0500] "GET /BLA/resoluciones/RESOLUCIONES%202010/4794.pdf HTTP/1.1" 200 773092
190.159.63.62 - - [01/Jul/2016:01:08:48 -0500] "POST /forms/lservlet;jsessionid=ac16012b30d63a7d1896caa74f03a593f2c7990c3af3.e3iSbxaKaheRe34Tax0PchuKax90n6jAmljGr5XDqQLvpAe HTTP/1.1" 200 2
66.249.66.175 - - [01/Jul/2016:01:08:53 -0500] "GET /BLA/resoluciones/RESOLUCIONES%202010/4233.pdf HTTP/1.1" 200 431447
66.249.66.175 - - [01/Jul/2016:01:09:22 -0500] "GET /BLA/resoluciones/RESOLUCIONES%202011/0091.pdf HTTP/1.1" 304 -
201.245.192.253 - - [01/Jul/2016:01:09:26 -0500] "POST /forms/lservlet;jsessionid=ac16012b30d6ac51536b689c47bf924fe69bbb08bba2.e3iSbxaKaheRe34Tax0PchuKax90n6jAmljGr5XDqQLvpAe HTTP/1.1" 200 2
181.55.130.122 - - [01/Jul/2016:01:09:51 -0500] "GET /galeria/galeria/jquery.fancybox.css?v=2.1.5 HTTP/1.1" 200 4895
181.55.130.122 - - [01/Jul/2016:01:09:51 -0500] "GET /BLA/boletinlegal/js/jquery.scrollShow.js HTTP/1.1" 200 4586
181.55.130.122 - - [01/Jul/2016:01:09:51 -0500] "GET /galeria/galeria/jquery.fancybox.js?v=2.1.5 HTTP/1.1" 200 48706
181.55.130.122 - - [01/Jul/2016:01:10:24 -0500] "GET /galeria/galeria/jquery.fancybox.css?v=2.1.5 HTTP/1.1" 304 -
181.55.130.122 - - [01/Jul/2016:01:10:24 -0500] "GET /BLA/boletinlegal/js/jquery.scrollShow.js HTTP/1.1" 304 -
181.55.130.122 - - [01/Jul/2016:01:10:24 -0500] "GET /galeria/galeria/jquery.fancybox.js?v=2.1.5 HTTP/1.1" 304 -
201.245.192.253 - - [01/Jul/2016:01:10:31 -0500] "POST /forms/lservlet;jsessionid=ac16012b30d6a9805714b08e4799806aff7a12903620.e3iSbxaKaheRe34Tax0PchuKax90n6jAmljGr5XDqQLvpAe HTTP/1.1" 200 2
190.159.63.62 - - [01/Jul/2016:01:10:48 -0500] "POST /forms/lservlet;jsessionid=ac16012b30d63a7d1896caa74f03a593f2c7990c3af3.e3iSbxaKaheRe34Tax0PchuKax90n6jAmljGr5XDqQLvpAe HTTP/1.1" 200 2
66.249.66.175 - - [01/Jul/2016:01:10:55 -0500] "GET /BLA/resoluciones/AUTOS%202011/2146.pdf HTTP/1.1" 304 -
66.249.66.175 - - [01/Jul/2016:01:11:17 -0500] "GET /BLA/resoluciones/AUTOS%202015/1052.pdf HTTP/1.1" 304 -
201.245.192.253 - - [01/Jul/2016:01:11:26 -0500] "POST /forms/lservlet;jsessionid=ac16012b30d6ac51536b689c47bf924fe69bbb08bba2.e3iSbxaKaheRe34Tax0PchuKax90n6jAmljGr5XDqQLvpAe HTTP/1.1" 200 2
66.249.66.175 - - [01/Jul/2016:01:11:29 -0500] "GET /BLA/resoluciones/AUTOS%202012/0800.pdf HTTP/1.1" 200 157832
192.168.175.104 - - [01/Jul/2016:01:11:46 -0500] "GET / HTTP/1.1" 200 9990
66.249.66.175 - - [01/Jul/2016:01:12:11 -0500] "GET /BLA/resoluciones/Autos%202008/0457.pdf HTTP/1.1" 200 95761
192.168.175.104 - - [01/Jul/2016:01:12:16 -0500] "GET / HTTP/1.0" 200 9990
66.249.66.180 - - [01/Jul/2016:01:12:30 -0500] "GET /Autoliquidacion/Grupo%20Forestal%20-%20Industria%20de%20la%20Madera/Lista%20de%20chequeo-Registro%20del%20libro%20operaciones.pdf HTTP/1.1" 404 1019
201.245.192.253 - - [01/Jul/2016:01:12:31 -0500] "POST /forms/lservlet;jsessionid=ac16012b30d6a9805714b08e4799806aff7a12903620.e3iSbxaKaheRe34Tax0PchuKax90n6jAmljGr5XDqQLvpAe HTTP/1.1" 200 2
192.168.175.104 - - [01/Jul/2016:01:12:31 -0500] "GET / HTTP/1.1" 200 9990
69.162.124.232 - - [01/Jul/2016:01:12:45 -0500] "HEAD / HTTP/1.1" 200 -
190.159.63.62 - - [01/Jul/2016:01:12:48 -0500] "POST /forms/lservlet;jsessionid=ac16012b30d63a7d1896caa74f03a593f2c7990c3af3.e3iSbxaKaheRe34Tax0PchuKax90n6jAmljGr5XDqQLvpAe HTTP/1.1" 200 2
66.249.66.175 - - [01/Jul/2016:01:12:53 -0500] "GET /BLA/resoluciones/RESOLUCIONES%202011/3325.pdf HTTP/1.1" 200 767058
66.249.66.175 - - [01/Jul/2016:01:12:55 -0500] "GET /BLA/resoluciones/RESOLUCIONES%202007/RES%202007%203601%20AL%203700/RESOLUCION%203632%20DE%202007.pdf HTTP/1.1" 200 654997
66.249.66.175 - - [01/Jul/2016:01:13:08 -0500] "GET /BLA/resoluciones/RESOLUCIONES%202010/4716.pdf HTTP/1.1" 200 451796
164.132.161.39 - - [01/Jul/2016:01:13:26 -0500] "GET /BLA/resoluciones/RESOLUCIONES%202006/RES%202006%201951-2000/00001953.tif HTTP/1.1" 200 315294
201.245.192.253 - - [01/Jul/2016:01:13:27 -0500] "POST /forms/lservlet;jsessionid=ac16012b30d6ac51536b689c47bf924fe69bbb08bba2.e3iSbxaKaheRe34Tax0PchuKax90n6jAmljGr5XDqQLvpAe HTTP/1.1" 200 2
66.249.66.175 - - [01/Jul/2016:01:13:48 -0500] "GET /BLA/resoluciones/AUTOS%202007/2901.pdf HTTP/1.1" 200 84517
51.255.65.78 - - [01/Jul/2016:01:13:51 -0500] "GET /BLA/resoluciones/RESOLUCIONES%202004/RES%202004%202251-2300/00002298.tif HTTP/1.1" 200 98148
201.245.192.253 - - [01/Jul/2016:01:14:31 -0500] "POST /forms/lservlet;jsessionid=ac16012b30d6a9805714b08e4799806aff7a12903620.e3iSbxaKaheRe34Tax0PchuKax90n6jAmljGr5XDqQLvpAe HTTP/1.1" 200 2
164.132.161.70 - - [01/Jul/2016:01:14:46 -0500] "GET /BLA/resoluciones/RESOLUCIONES%202005/RES%202005%202751-2800/00002798.tif HTTP/1.1" 200 55168
66.249.66.175 - - [01/Jul/2016:01:14:48 -0500] "GET /BLA/resoluciones/RESOLUCIONES%202011/4062.pdf HTTP/1.1" 304 -
190.159.63.62 - - [01/Jul/2016:01:14:48 -0500] "POST /forms/lservlet;jsessionid=ac16012b30d63a7d1896caa74f03a593f2c7990c3af3.e3iSbxaKaheRe34Tax0PchuKax90n6jAmljGr5XDqQLvpAe HTTP/1.1" 200 2
40.77.167.44 - - [01/Jul/2016:01:15:02 -0500] "GET /BLA/boletinlegal/js/jquery.scrollShow.js HTTP/1.1" 200 4586
66.249.66.175 - - [01/Jul/2016:01:15:21 -0500] "GET /BLA/resoluciones/RESOLUCIONES%202013/1279.pdf HTTP/1.1" 304 -
201.245.192.253 - - [01/Jul/2016:01:15:27 -0500] "POST /forms/lservlet;jsessionid=ac16012b30d6ac51536b689c47bf924fe69bbb08bba2.e3iSbxaKaheRe34Tax0PchuKax90n6jAmljGr5XDqQLvpAe HTTP/1.1" 200 2
66.249.66.175 - - [01/Jul/2016:01:15:42 -0500] "GET /BLA/resoluciones/RESOLUCIONES%202010/3779.pdf HTTP/1.1" 304 -
66.249.66.175 - - [01/Jul/2016:01:15:57 -0500] "GET /BLA/resoluciones/RESOLUCIONES%202008/0146.pdf HTTP/1.1" 304 -
66.249.66.184 - - [01/Jul/2016:01:16:00 -0500] "GET /phpold/AjaxPhpCode/PDFs/Ajax_Chat_and_JSON.pdf HTTP/1.1" 404 1019
66.249.66.175 - - [01/Jul/2016:01:16:08 -0500] "GET /BLA/resoluciones/RESOLUCIONES%202007/RES%202007%202601%20AL%202700/RESOLUCION%202662%20DE%202007.pdf HTTP/1.1" 200 467211
66.249.66.175 - - [01/Jul/2016:01:16:11 -0500] "GET /BLA/resoluciones/RESOLUCIONES%202007/RES%202007%20501%20AL%20600/RESOLUCION%200507%20DE%202007.pdf HTTP/1.1" 304 -
66.249.66.175 - - [01/Jul/2016:01:16:15 -0500] "GET /BLA/resoluciones/AUTOS%202008/1005.pdf HTTP/1.1" 200 77248
201.245.192.253 - - [01/Jul/2016:01:16:31 -0500] "POST /forms/lservlet;jsessionid=ac16012b30d6a9805714b08e4799806aff7a12903620.e3iSbxaKaheRe34Tax0PchuKax90n6jAmljGr5XDqQLvpAe HTTP/1.1" 200 2
66.249.66.175 - - [01/Jul/2016:01:16:32 -0500] "GET /BLA/resoluciones/RESOLUCIONES%202010/0453.pdf HTTP/1.1" 200 111846
66.249.66.175 - - [01/Jul/2016:01:16:35 -0500] "GET /resoluciones/RESOLUCIONES%202009/3691.pdf HTTP/1.1" 404 1018
192.168.175.104 - - [01/Jul/2016:01:16:45 -0500] "GET / HTTP/1.1" 200 9990
66.249.66.175 - - [01/Jul/2016:01:16:48 -0500] "GET /BLA/resoluciones/RESOLUCIONES%202007/RES%202007%203901%20AL%204000/RESOLUCION%203963%20DE%202007.pdf HTTP/1.1" 200 295247
190.159.63.62 - - [01/Jul/2016:01:16:48 -0500] "POST /forms/lservlet;jsessionid=ac16012b30d63a7d1896caa74f03a593f2c7990c3af3.e3iSbxaKaheRe34Tax0PchuKax90n6jAmljGr5XDqQLvpAe HTTP/1.1" 200 2
192.168.175.104 - - [01/Jul/2016:01:17:14 -0500] "GET / HTTP/1.0" 200 9990
201.245.192.253 - - [01/Jul/2016:01:17:27 -0500] "POST /forms/lservlet;jsessionid=ac16012b30d6ac51536b689c47bf924fe69bbb08bba2.e3iSbxaKaheRe34Tax0PchuKax90n6jAmljGr5XDqQLvpAe HTTP/1.1" 200 2
192.168.175.104 - - [01/Jul/2016:01:17:29 -0500] "GET / HTTP/1.1" 200 9990
66.249.66.175 - - [01/Jul/2016:01:17:30 -0500] "GET /BLA/resoluciones/AUTOS%202014/4230.pdf HTTP/1.1" 304 -
164.132.161.76 - - [01/Jul/2016:01:17:39 -0500] "GET /BLA/resoluciones/RESOLUCIONES%202002/RES%202002%20501-550/00000532.tif HTTP/1.1" 200 108940
66.249.66.175 - - [01/Jul/2016:01:17:44 -0500] "GET /BLA/resoluciones/RESOLUCIONES%202007/RES%202007%202401%20AL%202500/RESOLUCION%202436%20DE%202007.pdf HTTP/1.1" 304 -
69.162.124.232 - - [01/Jul/2016:01:17:45 -0500] "HEAD / HTTP/1.1" 200 -
180.76.15.152 - - [01/Jul/2016:01:17:48 -0500] "GET /PruebasSTORM/StormSDA_pruebas/nsjars/ HTTP/1.1" 200 4116
66.249.66.175 - - [01/Jul/2016:01:18:11 -0500] "GET /resoluciones/RESOLUCIONES%202009/1726.pdf HTTP/1.1" 404 1018
66.249.66.175 - - [01/Jul/2016:01:18:13 -0500] "GET /BLA/resoluciones/RESOLUCIONES%202007/RES%202007%203001%20AL%203100/RESOLUCION%203038%20DE%202007.pdf HTTP/1.1" 304 -
66.249.66.177 - - [01/Jul/2016:01:18:20 -0500] "GET /galeria/galeria/fotos/ HTTP/1.1" 200 92151
66.249.66.175 - - [01/Jul/2016:01:18:26 -0500] "GET /BLA/resoluciones/RESOLUCIONES%202010/2912.pdf HTTP/1.1" 200 491183
201.245.192.253 - - [01/Jul/2016:01:18:32 -0500] "POST /forms/lservlet;jsessionid=ac16012b30d6a9805714b08e4799806aff7a12903620.e3iSbxaKaheRe34Tax0PchuKax90n6jAmljGr5XDqQLvpAe HTTP/1.1" 200 2
164.132.161.82 - - [01/Jul/2016:01:18:38 -0500] "GET /BLA/resoluciones/RESOLUCIONES%202004/RES%202004%202251-2300/00002269.tif HTTP/1.1" 200 117090
190.159.63.62 - - [01/Jul/2016:01:18:48 -0500] "POST /forms/lservlet;jsessionid=ac16012b30d63a7d1896caa74f03a593f2c7990c3af3.e3iSbxaKaheRe34Tax0PchuKax90n6jAmljGr5XDqQLvpAe HTTP/1.1" 200 2
66.249.66.175 - - [01/Jul/2016:01:18:51 -0500] "GET /BLA/resoluciones/AUTOS%202013/1617.pdf HTTP/1.1" 304 -
66.249.66.175 - - [01/Jul/2016:01:18:52 -0500] "GET /BLA/resoluciones/AUTOS%202013/2013.pdf HTTP/1.1" 304 -
66.249.66.175 - - [01/Jul/2016:01:18:56 -0500] "GET /BLA/resoluciones/RESOLUCIONES%202007/RES%202007%202101%20AL%202200/RESOLUCION%202125%20DE%202007.pdf HTTP/1.1" 304 -
66.249.66.175 - - [01/Jul/2016:01:19:04 -0500] "GET /BLA/resoluciones/RESOLUCIONES%202010/2458.pdf HTTP/1.1" 200 495125
66.249.66.175 - - [01/Jul/2016:01:19:10 -0500] "GET /BLA/resoluciones/RESOLUCIONES%202012/0834.pdf HTTP/1.1" 304 -
66.249.66.175 - - [01/Jul/2016:01:19:16 -0500] "GET /BLA/resoluciones/RESOLUCIONES%202007/RES%202007%201401%20AL%201500/RESOLUCION%201435%20DE%202007.pdf HTTP/1.1" 200 202991
66.249.66.175 - - [01/Jul/2016:01:19:25 -0500] "GET /BLA/resoluciones/RESOLUCIONES%202013/0344.pdf HTTP/1.1" 304 -
201.245.192.253 - - [01/Jul/2016:01:19:27 -0500] "POST /forms/lservlet;jsessionid=ac16012b30d6ac51536b689c47bf924fe69bbb08bba2.e3iSbxaKaheRe34Tax0PchuKax90n6jAmljGr5XDqQLvpAe HTTP/1.1" 200 2
66.249.66.175 - - [01/Jul/2016:01:19:30 -0500] "GET /BLA/resoluciones/AUTOS%202007/2611.pdf HTTP/1.1" 200 28523
66.249.66.173 - - [01/Jul/2016:01:19:43 -0500] "GET /dama/libreria/pdf/reportesredaire/anuales/2000.pdf HTTP/1.1" 404 1015
66.249.66.175 - - [01/Jul/2016:01:19:44 -0500] "GET /BLA/resoluciones/AUTOS%202007/2309.pdf HTTP/1.1" 200 42478
66.249.66.175 - - [01/Jul/2016:01:19:46 -0500] "GET /BLA/resoluciones/RESOLUCIONES%202007/RES%202007%202401%20AL%202500/RESOLUCION%202488%20DE%202007.pdf HTTP/1.1" 304 -
66.249.66.180 - - [01/Jul/2016:01:19:50 -0500] "GET /portel_dama/libreria/php/2006/ECOSISTEMAS%20FINAL%20web_mz27/x%20restauracion/sitio/55_artic/xtras/13.pdf HTTP/1.1" 404 1019
66.249.66.175 - - [01/Jul/2016:01:19:53 -0500] "GET /BLA/resoluciones/AUTOS%202013/1882.pdf HTTP/1.1" 304 -
66.249.66.175 - - [01/Jul/2016:01:20:00 -0500] "GET /BLA/resoluciones/RESOLUCIONES%202013/0372.pdf HTTP/1.1" 304 -
66.249.66.175 - - [01/Jul/2016:01:20:04 -0500] "GET /BLA/resoluciones/AUTOS%202007/3839.pdf HTTP/1.1" 200 118356
66.249.66.175 - - [01/Jul/2016:01:20:08 -0500] "GET /BLA/resoluciones/AUTOS%202012/1114.pdf HTTP/1.1" 304 -
66.249.66.175 - - [01/Jul/2016:01:20:20 -0500] "GET /BLA/resoluciones/AUTOS%202007/2239.pdf HTTP/1.1" 200 185516
66.249.66.175 - - [01/Jul/2016:01:20:30 -0500] "GET /BLA/resoluciones/RESOLUCIONES%202010/3887.pdf HTTP/1.1" 304 -
201.245.192.253 - - [01/Jul/2016:01:20:32 -0500] "POST /forms/lservlet;jsessionid=ac16012b30d6a9805714b08e4799806aff7a12903620.e3iSbxaKaheRe34Tax0PchuKax90n6jAmljGr5XDqQLvpAe HTTP/1.1" 200 2
66.249.66.175 - - [01/Jul/2016:01:20:34 -0500] "GET /BLA/resoluciones/RESOLUCIONES%202010/3270.pdf HTTP/1.1" 200 489059
66.249.66.175 - - [01/Jul/2016:01:20:35 -0500] "GET /BLA/resoluciones/RESOLUCIONES%202011/3470.pdf HTTP/1.1" 200 540274
66.249.66.175 - - [01/Jul/2016:01:20:36 -0500] "GET /BLA/resoluciones/AUTOS%202013/2391.pdf HTTP/1.1" 304 -
66.249.66.175 - - [01/Jul/2016:01:20:43 -0500] "GET /BLA/resoluciones/RESOLUCIONES%202009/4955.pdf HTTP/1.1" 304 -
190.159.63.62 - - [01/Jul/2016:01:20:48 -0500] "POST /forms/lservlet;jsessionid=ac16012b30d63a7d1896caa74f03a593f2c7990c3af3.e3iSbxaKaheRe34Tax0PchuKax90n6jAmljGr5XDqQLvpAe HTTP/1.1" 200 2
66.249.66.175 - - [01/Jul/2016:01:20:51 -0500] "GET /BLA/resoluciones/RESOLUCIONES%202010/3729.pdf HTTP/1.1" 200 569340
190.106.196.54 - - [01/Jul/2016:01:20:56 -0500] "GET /galeria/nivo-slider/demo/images/banner-llantas2.jpg HTTP/1.1" 200 234514
180.76.15.135 - - [01/Jul/2016:01:21:14 -0500] "GET / HTTP/1.1" 200 9990
201.245.192.253 - - [01/Jul/2016:01:21:28 -0500] "POST /forms/lservlet;jsessionid=ac16012b30d6ac51536b689c47bf924fe69bbb08bba2.e3iSbxaKaheRe34Tax0PchuKax90n6jAmljGr5XDqQLvpAe HTTP/1.1" 200 2
66.249.66.175 - - [01/Jul/2016:01:21:35 -0500] "GET /BLA/resoluciones/AUTOS%202013/0534.pdf HTTP/1.1" 200 903669
180.76.15.19 - - [01/Jul/2016:01:21:36 -0500] "GET / HTTP/1.1" 200 9990
192.168.175.104 - - [01/Jul/2016:01:21:43 -0500] "GET / HTTP/1.1" 200 9990
51.255.65.26 - - [01/Jul/2016:01:21:55 -0500] "GET /BLA/resoluciones/RESOLUCIONES%202004/RES%202004%20901-950/00000913.tif HTTP/1.1" 200 89466
192.168.175.104 - - [01/Jul/2016:01:22:13 -0500] "GET / HTTP/1.0" 200 9990
66.249.66.175 - - [01/Jul/2016:01:22:24 -0500] "GET /BLA/resoluciones/AUTOS%202007/2023.pdf HTTP/1.1" 200 66416
66.249.66.175 - - [01/Jul/2016:01:22:26 -0500] "GET /BLA/resoluciones/Autos%202008/0388.pdf HTTP/1.1" 200 244947
192.168.175.104 - - [01/Jul/2016:01:22:27 -0500] "GET / HTTP/1.1" 200 9990
201.245.192.253 - - [01/Jul/2016:01:22:32 -0500] "POST /forms/lservlet;jsessionid=ac16012b30d6a9805714b08e4799806aff7a12903620.e3iSbxaKaheRe34Tax0PchuKax90n6jAmljGr5XDqQLvpAe HTTP/1.1" 200 2
66.249.66.187 - - [01/Jul/2016:01:22:32 -0500] "GET /POT-2013/SEGUIMIENTO/Microsoft%20Word%20-%20seguimiento_evaluacion%20POT%20Oct%2029.doc.pdf HTTP/1.1" 200 791863
66.249.66.175 - - [01/Jul/2016:01:22:42 -0500] "GET /BLA/resoluciones/RESOLUCIONES%202010/1714.pdf HTTP/1.1" 200 383438
69.162.124.232 - - [01/Jul/2016:01:22:45 -0500] "HEAD / HTTP/1.1" 200 -
66.249.66.171 - - [01/Jul/2016:01:22:46 -0500] "GET /robots.txt HTTP/1.1" 404 1018
66.249.66.171 - - [01/Jul/2016:01:22:46 -0500] "GET /POT-2013/SEGUIMIENTO/Microsoft%20Word%20-%20seguimiento_evaluacion%20POT%20Oct%2029.doc.pdf HTTP/1.1" 200 791863
190.159.63.62 - - [01/Jul/2016:01:22:48 -0500] "POST /forms/lservlet;jsessionid=ac16012b30d63a7d1896caa74f03a593f2c7990c3af3.e3iSbxaKaheRe34Tax0PchuKax90n6jAmljGr5XDqQLvpAe HTTP/1.1" 200 2
66.249.66.175 - - [01/Jul/2016:01:22:56 -0500] "GET /BLA/resoluciones/RESOLUCIONES%202010/0102.pdf HTTP/1.1" 200 489610
66.249.66.180 - - [01/Jul/2016:01:22:58 -0500] "GET /portel_dama/libreria/php/2006/ECOSISTEMAS%20FINAL%20web_mz27/restauracion/sitio/22_proye/xtras_in/4.pdf HTTP/1.1" 404 1019
66.249.66.181 - - [01/Jul/2016:01:23:00 -0500] "GET /SIG/Gestion%20Recursos%20Financieros/126PA02-PR17%20CONCILIACION%20OPERACIONES%20RECIPROCAS.pdf HTTP/1.1" 304 -
66.249.66.175 - - [01/Jul/2016:01:23:21 -0500] "GET /BLA/resoluciones/AUTOS%202015/0262.pdf HTTP/1.1" 304 -
164.132.161.45 - - [01/Jul/2016:01:23:24 -0500] "GET /BLA/resoluciones/RESOLUCIONES%202006/RES%202006%201501-1550/00001548.tif HTTP/1.1" 200 219014
66.249.66.175 - - [01/Jul/2016:01:23:25 -0500] "GET /BLA/resoluciones/RESOLUCIONES%202007/RES%202007%201501%20AL%201600/RESOLUCION%201579%20DE%202007.pdf HTTP/1.1" 200 222784
201.245.192.253 - - [01/Jul/2016:01:23:28 -0500] "POST /forms/lservlet;jsessionid=ac16012b30d6ac51536b689c47bf924fe69bbb08bba2.e3iSbxaKaheRe34Tax0PchuKax90n6jAmljGr5XDqQLvpAe HTTP/1.1" 200 2
66.249.66.175 - - [01/Jul/2016:01:23:28 -0500] "GET /BLA/resoluciones/RESOLUCIONES%202007/RES%202007%203201%20AL%203300/RESOLUCION%203294%20DE%202007.pdf HTTP/1.1" 304 -
66.249.66.175 - - [01/Jul/2016:01:23:44 -0500] "GET /BLA/resoluciones/RESOLUCIONES%202010/0406.pdf HTTP/1.1" 200 515303
66.249.66.175 - - [01/Jul/2016:01:23:52 -0500] "GET /BLA/resoluciones/AUTOS%202008/0729.pdf HTTP/1.1" 304 -
66.249.66.180 - - [01/Jul/2016:01:23:53 -0500] "GET /portel_dama/libreria/php/2006/ECOSISTEMAS%20FINAL%20web_mz27/x%20restauracion/sitio/55_artic/xtras/10.pdf HTTP/1.1" 404 1019
66.249.66.175 - - [01/Jul/2016:01:23:57 -0500] "GET /BLA/resoluciones/RESOLUCIONES%202008/1025.pdf HTTP/1.1" 304 -
66.249.66.175 - - [01/Jul/2016:01:23:59 -0500] "GET /BLA/resoluciones/RESOLUCIONES%202010/3009.pdf HTTP/1.1" 200 291365
66.249.66.187 - - [01/Jul/2016:01:24:00 -0500] "GET /ial/presentaciones/pte1/1.pdf HTTP/1.1" 404 1015
66.249.66.175 - - [01/Jul/2016:01:24:01 -0500] "GET /BLA/resoluciones/RESOLUCIONES%202010/0420.pdf HTTP/1.1" 200 500701
66.249.66.175 - - [01/Jul/2016:01:24:04 -0500] "GET /BLA/resoluciones/AUTOS%202013/1646.pdf HTTP/1.1" 304 -
66.249.66.175 - - [01/Jul/2016:01:24:07 -0500] "GET /BLA/resoluciones/RESOLUCIONES%202010/2982.pdf HTTP/1.1" 200 988560
66.249.66.181 - - [01/Jul/2016:01:24:19 -0500] "GET /ecodirectorio/files/res/downloads/download_0052.pdf HTTP/1.1" 304 -
66.249.66.175 - - [01/Jul/2016:01:24:22 -0500] "GET /BLA/resoluciones/RESOLUCIONES%202010/0969.pdf HTTP/1.1" 200 433271
66.249.66.175 - - [01/Jul/2016:01:24:26 -0500] "GET /BLA/resoluciones/RESOLUCIONES%202012/0641.pdf HTTP/1.1" 304 -
201.245.192.253 - - [01/Jul/2016:01:24:32 -0500] "POST /forms/lservlet;jsessionid=ac16012b30d6a9805714b08e4799806aff7a12903620.e3iSbxaKaheRe34Tax0PchuKax90n6jAmljGr5XDqQLvpAe HTTP/1.1" 200 2
66.249.66.175 - - [01/Jul/2016:01:24:40 -0500] "GET /BLA/resoluciones/AUTOS%202008/0234.pdf HTTP/1.1" 304 -
66.249.66.175 - - [01/Jul/2016:01:24:47 -0500] "GET /BLA/resoluciones/RESOLUCIONES%202008/5735.pdf HTTP/1.1" 304 -
190.159.63.62 - - [01/Jul/2016:01:24:48 -0500] "POST /forms/lservlet;jsessionid=ac16012b30d63a7d1896caa74f03a593f2c7990c3af3.e3iSbxaKaheRe34Tax0PchuKax90n6jAmljGr5XDqQLvpAe HTTP/1.1" 200 2
66.249.66.170 - - [01/Jul/2016:01:24:48 -0500] "GET /dama/libreria/pdf/varios2006/IGA2004.pdf HTTP/1.1" 404 1015
66.249.66.175 - - [01/Jul/2016:01:24:54 -0500] "GET /BLA/resoluciones/RESOLUCIONES%202010/4492.pdf HTTP/1.1" 304 -
24.211.171.240 - - [01/Jul/2016:01:24:58 -0500] "GET /webdav/x32.php?host=185.34.104.13&time=60&port=80 HTTP/1.1" 404 1018
66.249.66.175 - - [01/Jul/2016:01:25:01 -0500] "GET /BLA/resoluciones/RESOLUCIONES%202010/4733.pdf HTTP/1.1" 200 290481
66.249.66.171 - - [01/Jul/2016:01:25:03 -0500] "GET /ial/presentaciones/pte1/1.pdf HTTP/1.1" 404 1018
66.249.66.175 - - [01/Jul/2016:01:25:09 -0500] "GET /autoliquidacion/TR%C3%81MITES%20MINER%C3%8DA/126PM04-PR39-M-A6-V5.0%20Terminos%20de%20referencia%20PMRRA[1].doc HTTP/1.1" 304 -
66.249.66.175 - - [01/Jul/2016:01:25:16 -0500] "GET /BLA/resoluciones/RESOLUCIONES%202007/RES%202007%201401%20AL%201500/RESOLUCION%201402%20DE%202007.pdf HTTP/1.1" 304 -
66.249.66.175 - - [01/Jul/2016:01:25:18 -0500] "GET /BLA/resoluciones/AUTOS%202007/2143.pdf HTTP/1.1" 200 200629
66.249.66.175 - - [01/Jul/2016:01:25:25 -0500] "GET /BLA/resoluciones/AUTOS%202011/3603.pdf HTTP/1.1" 304 -
201.245.192.253 - - [01/Jul/2016:01:25:28 -0500] "POST /forms/lservlet;jsessionid=ac16012b30d6ac51536b689c47bf924fe69bbb08bba2.e3iSbxaKaheRe34Tax0PchuKax90n6jAmljGr5XDqQLvpAe HTTP/1.1" 200 2
66.249.66.175 - - [01/Jul/2016:01:25:37 -0500] "GET /BLA/resoluciones/AUTOS%202012/0434.pdf HTTP/1.1" 304 -
66.249.66.175 - - [01/Jul/2016:01:25:45 -0500] "GET /BLA/resoluciones/RESOLUCIONES%202008/3835.pdf HTTP/1.1" 304 -
51.255.65.60 - - [01/Jul/2016:01:26:01 -0500] "GET /BLA/resoluciones/RESOLUCIONES%202003/RES%202003%20001-050/2003RES24.tif HTTP/1.1" 200 155268
66.249.66.175 - - [01/Jul/2016:01:26:06 -0500] "GET /BLA/resoluciones/AUTOS%202014/4477.pdf HTTP/1.1" 304 -
190.159.63.62 - - [01/Jul/2016:01:26:18 -0500] "POST /forms/lservlet;jsessionid=ac16012b30d63a7d1896caa74f03a593f2c7990c3af3.e3iSbxaKaheRe34Tax0PchuKax90n6jAmljGr5XDqQLvpAe HTTP/1.1" 200 2053
190.159.63.62 - - [01/Jul/2016:01:26:18 -0500] "POST /forms/lservlet;jsessionid=ac16012b30d63a7d1896caa74f03a593f2c7990c3af3.e3iSbxaKaheRe34Tax0PchuKax90n6jAmljGr5XDqQLvpAe HTTP/1.1" 200 78
190.159.63.62 - - [01/Jul/2016:01:26:19 -0500] "POST /forms/lservlet;jsessionid=ac16012b30d63a7d1896caa74f03a593f2c7990c3af3.e3iSbxaKaheRe34Tax0PchuKax90n6jAmljGr5XDqQLvpAe HTTP/1.1" 200 86
190.159.63.62 - - [01/Jul/2016:01:26:19 -0500] "POST /forms/lservlet;jsessionid=ac16012b30d63a7d1896caa74f03a593f2c7990c3af3.e3iSbxaKaheRe34Tax0PchuKax90n6jAmljGr5XDqQLvpAe HTTP/1.1" 200 -
66.249.66.175 - - [01/Jul/2016:01:26:21 -0500] "GET /BLA/resoluciones/AUTOS%202013/2851.pdf HTTP/1.1" 304 -
201.245.192.253 - - [01/Jul/2016:01:26:32 -0500] "POST /forms/lservlet;jsessionid=ac16012b30d6a9805714b08e4799806aff7a12903620.e3iSbxaKaheRe34Tax0PchuKax90n6jAmljGr5XDqQLvpAe HTTP/1.1" 200 2
66.249.66.175 - - [01/Jul/2016:01:26:37 -0500] "GET /resoluciones/RESOLUCIONES%202008/2956.pdf HTTP/1.1" 404 1018
192.168.175.104 - - [01/Jul/2016:01:26:41 -0500] "GET / HTTP/1.1" 200 9990
66.249.66.175 - - [01/Jul/2016:01:26:42 -0500] "GET /BLA/resoluciones/RESOLUCIONES%202007/RES%202007%20201%20AL%20300/RESOLUCION%200281%20DE%202007.pdf HTTP/1.1" 304 -
192.168.175.104 - - [01/Jul/2016:01:27:11 -0500] "GET / HTTP/1.0" 200 9990
66.249.66.175 - - [01/Jul/2016:01:27:25 -0500] "GET /BLA/resoluciones/RESOLUCIONES%202013/0074%20.pdf HTTP/1.1" 304 -
192.168.175.104 - - [01/Jul/2016:01:27:26 -0500] "GET / HTTP/1.1" 200 9990
201.245.192.253 - - [01/Jul/2016:01:27:28 -0500] "POST /forms/lservlet;jsessionid=ac16012b30d6ac51536b689c47bf924fe69bbb08bba2.e3iSbxaKaheRe34Tax0PchuKax90n6jAmljGr5XDqQLvpAe HTTP/1.1" 200 2
49.147.183.176 - - [01/Jul/2016:01:27:30 -0500] "GET /wp-login.php HTTP/1.1" 404 1019
51.255.65.3 - - [01/Jul/2016:01:27:34 -0500] "GET /BLA/resoluciones/RESOLUCIONES%202005/RES%202005%202651-2700/00002651.tif HTTP/1.1" 200 361040
69.162.124.232 - - [01/Jul/2016:01:27:45 -0500] "HEAD / HTTP/1.1" 200 -
66.249.66.175 - - [01/Jul/2016:01:27:54 -0500] "GET /autoliquidacion/Solicitudes%20relacionadas%20con%20calidad%20del%20aire%20auditiva%20y%20visual/Registro%20de%20Elementos%20de%20publicidad%20Exterior%20Visual/126pm04-pr16-f-a301%20Formato%20Solicitud%20de%20registro.xls HTTP/1.1" 304 -
157.55.39.198 - - [01/Jul/2016:01:28:08 -0500] "GET / HTTP/1.1" 301 324
201.245.192.253 - - [01/Jul/2016:01:28:33 -0500] "POST /forms/lservlet;jsessionid=ac16012b30d6a9805714b08e4799806aff7a12903620.e3iSbxaKaheRe34Tax0PchuKax90n6jAmljGr5XDqQLvpAe HTTP/1.1" 200 2
5.3.127.226 - - [01/Jul/2016:01:28:52 -0500] "GET / HTTP/1.0" 200 9990
5.3.127.226 - - [01/Jul/2016:01:28:53 -0500] "GET / HTTP/1.0" 200 9990
5.3.127.226 - - [01/Jul/2016:01:28:53 -0500] "GET / HTTP/1.0" 200 9990
5.3.127.226 - - [01/Jul/2016:01:28:54 -0500] "GET / HTTP/1.0" 200 9990
5.3.127.226 - - [01/Jul/2016:01:28:54 -0500] "GET / HTTP/1.0" 200 9990
66.249.66.175 - - [01/Jul/2016:01:29:13 -0500] "GET /BLA/resoluciones/AUTOS%202011/0188.pdf HTTP/1.1" 304 -
201.245.192.253 - - [01/Jul/2016:01:29:28 -0500] "POST /forms/lservlet;jsessionid=ac16012b30d6ac51536b689c47bf924fe69bbb08bba2.e3iSbxaKaheRe34Tax0PchuKax90n6jAmljGr5XDqQLvpAe HTTP/1.1" 200 2
164.132.161.3 - - [01/Jul/2016:01:29:58 -0500] "GET /bsc_sda/ HTTP/1.1" 200 4347
180.76.15.10 - - [01/Jul/2016:01:29:59 -0500] "GET /BLA/resoluciones/Notificaciones/AUTOS%202014/5710.doc HTTP/1.1" 200 154624
180.76.15.159 - - [01/Jul/2016:01:30:02 -0500] "GET /BLA/resoluciones/Notificaciones/AUTOS%202014/5710.doc HTTP/1.1" 200 154624
49.147.183.176 - - [01/Jul/2016:01:30:07 -0500] "GET /wp-login.php HTTP/1.1" 404 1018
66.249.66.184 - - [01/Jul/2016:01:30:32 -0500] "GET /POT-2013/Cartografia/09_EEP.pdf HTTP/1.1" 304 -
50.62.177.85 - - [01/Jul/2016:01:30:33 -0500] "POST /xmlrpc.php HTTP/1.1" 302 308
201.245.192.253 - - [01/Jul/2016:01:30:33 -0500] "POST /forms/lservlet;jsessionid=ac16012b30d6a9805714b08e4799806aff7a12903620.e3iSbxaKaheRe34Tax0PchuKax90n6jAmljGr5XDqQLvpAe HTTP/1.1" 200 2
66.249.66.177 - - [01/Jul/2016:01:30:46 -0500] "GET /Autoliquidacion/PERMISO%20DE%20OCUPACION%20DE%20SUELO/FORMATO%20DE%20SOLICITUD%20PERMISO%20DE%20CAUCES%20POC%20MODIFICADO_29072014.xls HTTP/1.1" 200 723456
66.249.66.175 - - [01/Jul/2016:01:30:53 -0500] "GET /BLA/resoluciones/RESOLUCIONES%202007/RES%202007%203301%20AL%203400/RESOLUCION%203386%20DE%202007.pdf HTTP/1.1" 304 -
66.249.66.175 - - [01/Jul/2016:01:31:15 -0500] "GET /BLA/resoluciones/AUTOS%202013/0622.pdf HTTP/1.1" 304 -
66.249.66.175 - - [01/Jul/2016:01:31:16 -0500] "GET /BLA/resoluciones/RESOLUCIONES%202010/2335.pdf HTTP/1.1" 200 188236
66.249.66.175 - - [01/Jul/2016:01:31:29 -0500] "GET /BLA/resoluciones/RESOLUCIONES%202011/3340.pdf HTTP/1.1" 200 613208
201.245.192.253 - - [01/Jul/2016:01:31:29 -0500] "POST /forms/lservlet;jsessionid=ac16012b30d6ac51536b689c47bf924fe69bbb08bba2.e3iSbxaKaheRe34Tax0PchuKax90n6jAmljGr5XDqQLvpAe HTTP/1.1" 200 2
66.249.66.175 - - [01/Jul/2016:01:31:32 -0500] "GET /BLA/resoluciones/RESOLUCIONES%202010/0314.pdf HTTP/1.1" 200 120238
192.168.175.104 - - [01/Jul/2016:01:31:39 -0500] "GET / HTTP/1.1" 200 9990
66.249.66.175 - - [01/Jul/2016:01:31:43 -0500] "GET /BLA/resoluciones/AUTOS%202013/3508.pdf HTTP/1.1" 304 -
66.249.66.175 - - [01/Jul/2016:01:31:46 -0500] "GET /BLA/resoluciones/AUTOS%202012/0469.pdf HTTP/1.1" 200 174095
66.249.66.175 - - [01/Jul/2016:01:31:57 -0500] "GET /BLA/resoluciones/RESOLUCIONES%202010/6000.pdf HTTP/1.1" 304 -
192.168.175.104 - - [01/Jul/2016:01:32:10 -0500] "GET / HTTP/1.0" 200 9990
164.132.161.43 - - [01/Jul/2016:01:32:22 -0500] "GET /BLA/resoluciones/RESOLUCIONES%202005/RES%202005%20501-550/00000506.tif HTTP/1.1" 200 381968
192.168.175.104 - - [01/Jul/2016:01:32:24 -0500] "GET / HTTP/1.1" 200 9990
201.245.192.253 - - [01/Jul/2016:01:32:33 -0500] "POST /forms/lservlet;jsessionid=ac16012b30d6a9805714b08e4799806aff7a12903620.e3iSbxaKaheRe34Tax0PchuKax90n6jAmljGr5XDqQLvpAe HTTP/1.1" 200 2
69.162.124.232 - - [01/Jul/2016:01:32:45 -0500] "HEAD / HTTP/1.1" 200 -
66.249.66.175 - - [01/Jul/2016:01:33:09 -0500] "GET /BLA/resoluciones/AUTOS%202012/1781.pdf HTTP/1.1" 304 -
164.132.161.57 - - [01/Jul/2016:01:33:29 -0500] "GET /BLA/resoluciones/RESOLUCIONES%202003/RES%202003%201601-1650/20031608.tif HTTP/1.1" 200 80026
201.245.192.253 - - [01/Jul/2016:01:33:29 -0500] "POST /forms/lservlet;jsessionid=ac16012b30d6ac51536b689c47bf924fe69bbb08bba2.e3iSbxaKaheRe34Tax0PchuKax90n6jAmljGr5XDqQLvpAe HTTP/1.1" 200 2
66.249.66.175 - - [01/Jul/2016:01:33:38 -0500] "GET /BLA/resoluciones/RESOLUCIONES%202010/6900.pdf HTTP/1.1" 304 -
186.114.62.57 - - [01/Jul/2016:01:33:50 -0500] "GET /BLA/resoluciones/RESOLUCIONES%202010/5880.pdf HTTP/1.1" 200 405386
186.114.62.57 - - [01/Jul/2016:01:33:51 -0500] "GET /favicon.ico HTTP/1.1" 200 7782
151.80.31.168 - - [01/Jul/2016:01:34:19 -0500] "GET /BLA/resoluciones/AUTOS%202006/AUTOS%202006%202101%20-%202200/00002198.tif HTTP/1.1" 200 103706
201.245.192.253 - - [01/Jul/2016:01:34:33 -0500] "POST /forms/lservlet;jsessionid=ac16012b30d6a9805714b08e4799806aff7a12903620.e3iSbxaKaheRe34Tax0PchuKax90n6jAmljGr5XDqQLvpAe HTTP/1.1" 200 2
66.249.66.175 - - [01/Jul/2016:01:34:40 -0500] "GET /BLA/resoluciones/RESOLUCIONES%202011/2546.pdf HTTP/1.1" 200 761300
66.249.66.175 - - [01/Jul/2016:01:34:59 -0500] "GET /BLA/resoluciones/AUTOS%202007/0911.pdf HTTP/1.1" 200 70079
66.249.66.175 - - [01/Jul/2016:01:35:06 -0500] "GET /BLA/resoluciones/AUTOS%202007/0225.pdf HTTP/1.1" 200 17094
66.249.66.175 - - [01/Jul/2016:01:35:15 -0500] "GET /BLA/resoluciones/AUTOS%202007/0576.pdf HTTP/1.1" 200 233686
66.249.66.175 - - [01/Jul/2016:01:35:17 -0500] "GET /BLA/resoluciones/RESOLUCIONES%202010/3107.pdf HTTP/1.1" 200 543507
66.249.66.175 - - [01/Jul/2016:01:35:21 -0500] "GET /BLA/resoluciones/AUTOS%202007/0916.pdf HTTP/1.1" 200 257731
186.114.62.57 - - [01/Jul/2016:01:35:25 -0500] "GET /galeria/nivo-slider/demo/demo.html HTTP/1.1" 304 -
186.114.62.57 - - [01/Jul/2016:01:35:26 -0500] "GET /galeria/nivo-slider/demo/images/convocatoriasecretaria.jpg HTTP/1.1" 304 -
186.114.62.57 - - [01/Jul/2016:01:35:26 -0500] "GET /galeria/nivo-slider/demo/images/BANNERVISORGEOGRAFICO.jpg HTTP/1.1" 304 -
186.114.62.57 - - [01/Jul/2016:01:35:26 -0500] "GET /galeria/nivo-slider/demo/images/vegetal.jpg HTTP/1.1" 304 -
186.114.62.57 - - [01/Jul/2016:01:35:26 -0500] "GET /galeria/nivo-slider/demo/images/bannergenCAPACITACIONES-01.jpg HTTP/1.1" 304 -
186.114.62.57 - - [01/Jul/2016:01:35:26 -0500] "GET /galeria/nivo-slider/demo/images/BANNERMADERALEGAL.jpg HTTP/1.1" 304 -
186.114.62.57 - - [01/Jul/2016:01:35:26 -0500] "GET /galeria/nivo-slider/demo/images/BANNERINVITACIONECOLECTA3.jpg HTTP/1.1" 304 -
186.114.62.57 - - [01/Jul/2016:01:35:26 -0500] "GET /galeria/nivo-slider/demo/images/ACOPIADORESYGESTORES.jpg HTTP/1.1" 304 -
201.245.192.253 - - [01/Jul/2016:01:35:29 -0500] "POST /forms/lservlet;jsessionid=ac16012b30d6ac51536b689c47bf924fe69bbb08bba2.e3iSbxaKaheRe34Tax0PchuKax90n6jAmljGr5XDqQLvpAe HTTP/1.1" 200 2
186.114.62.57 - - [01/Jul/2016:01:35:35 -0500] "GET /BLA/boletinlegal/actos.php HTTP/1.1" 200 7660
66.249.66.175 - - [01/Jul/2016:01:35:40 -0500] "GET /BLA/resoluciones/AUTOS%202015/0590.pdf HTTP/1.1" 304 -
186.114.62.57 - - [01/Jul/2016:01:35:30 -0500] "GET /BLA/boletinlegal/index.php? HTTP/1.1" 200 16331
186.114.62.57 - - [01/Jul/2016:01:35:50 -0500] "GET /BLA/boletinlegal/consulta_actos.php?tipo=autos&no=7067&usuario=&sector=&fecha=2014&resuelve= HTTP/1.1" 200 626
186.114.62.57 - - [01/Jul/2016:01:35:53 -0500] "GET /BLA/boletinlegal/consulta_actos.php?tipo=autos&no=7067&usuario=&sector=&fecha=2014&resuelve= HTTP/1.1" 200 626
66.249.66.175 - - [01/Jul/2016:01:35:56 -0500] "GET /BLA/resoluciones/AUTOS%202007/1395.pdf HTTP/1.1" 200 39481
66.249.66.175 - - [01/Jul/2016:01:36:25 -0500] "GET /BLA/resoluciones/RESOLUCIONES%202012/0725.pdf HTTP/1.1" 200 376644
51.255.65.41 - - [01/Jul/2016:01:36:27 -0500] "GET /BLA/resoluciones/RESOLUCIONES%202006/RES%202006%201-50/00000024.tif HTTP/1.1" 200 47872
201.245.192.253 - - [01/Jul/2016:01:36:34 -0500] "POST /forms/lservlet;jsessionid=ac16012b30d6a9805714b08e4799806aff7a12903620.e3iSbxaKaheRe34Tax0PchuKax90n6jAmljGr5XDqQLvpAe HTTP/1.1" 200 2
192.168.175.104 - - [01/Jul/2016:01:36:38 -0500] "GET / HTTP/1.1" 200 9990
192.168.175.104 - - [01/Jul/2016:01:37:08 -0500] "GET / HTTP/1.0" 200 9990
192.168.175.104 - - [01/Jul/2016:01:37:22 -0500] "GET / HTTP/1.1" 200 9990
201.245.192.253 - - [01/Jul/2016:01:37:29 -0500] "POST /forms/lservlet;jsessionid=ac16012b30d6ac51536b689c47bf924fe69bbb08bba2.e3iSbxaKaheRe34Tax0PchuKax90n6jAmljGr5XDqQLvpAe HTTP/1.1" 200 2
66.249.66.175 - - [01/Jul/2016:01:37:38 -0500] "GET /BLA/resoluciones/AUTOS%202007/2017.pdf HTTP/1.1" 200 139550
69.162.124.232 - - [01/Jul/2016:01:37:45 -0500] "HEAD / HTTP/1.1" 200 -
66.249.66.175 - - [01/Jul/2016:01:37:58 -0500] "GET /BLA/resoluciones/RESOLUCIONES%202007/RES%202007%201401%20AL%201500/RESOLUCION%201485%20DE%202007.pdf HTTP/1.1" 200 257885
66.249.66.175 - - [01/Jul/2016:01:38:10 -0500] "GET /BLA/resoluciones/AUTOS%202013/0359.pdf HTTP/1.1" 304 -
66.249.66.175 - - [01/Jul/2016:01:38:18 -0500] "GET /BLA/resoluciones/RESOLUCIONES%202012/1228.pdf HTTP/1.1" 304 -
201.245.192.253 - - [01/Jul/2016:01:38:34 -0500] "POST /forms/lservlet;jsessionid=ac16012b30d6a9805714b08e4799806aff7a12903620.e3iSbxaKaheRe34Tax0PchuKax90n6jAmljGr5XDqQLvpAe HTTP/1.1" 200 2
181.52.74.178 - - [01/Jul/2016:01:38:54 -0500] "GET /BLA/boletinlegal/js/jquery.scrollShow.js HTTP/1.1" 200 4586
181.52.74.178 - - [01/Jul/2016:01:38:54 -0500] "GET /galeria/galeria/jquery.fancybox.js?v=2.1.5 HTTP/1.1" 200 48706
181.52.74.178 - - [01/Jul/2016:01:38:57 -0500] "GET /galeria/galeria/jquery.fancybox.css?v=2.1.5 HTTP/1.1" 200 4895
181.52.74.178 - - [01/Jul/2016:01:39:05 -0500] "GET /BLA/boletinlegal/js/jquery.scrollShow.js HTTP/1.1" 304 -
181.52.74.178 - - [01/Jul/2016:01:39:05 -0500] "GET /galeria/galeria/jquery.fancybox.js?v=2.1.5 HTTP/1.1" 304 -
181.52.74.178 - - [01/Jul/2016:01:39:05 -0500] "GET /galeria/galeria/jquery.fancybox.css?v=2.1.5 HTTP/1.1" 304 -
186.114.62.57 - - [01/Jul/2016:01:39:17 -0500] "GET /BLA/resoluciones/ HTTP/1.1" 200 8325
186.114.62.57 - - [01/Jul/2016:01:39:19 -0500] "GET /BLA/resoluciones/index.php?dir=AUTOS+2010%2F HTTP/1.1" 200 256690
52.3.105.23 - - [01/Jul/2016:01:39:28 -0500] "GET /robots.txt HTTP/1.1" 404 1018
182.75.56.82 - - [01/Jul/2016:01:39:29 -0500] "GET /galeria/galeria/jquery.fancybox.css?v=2.1.5 HTTP/1.1" 200 4895
182.75.56.82 - - [01/Jul/2016:01:39:29 -0500] "GET /BLA/boletinlegal/js/jquery.scrollShow.js HTTP/1.1" 200 4586
182.75.56.82 - - [01/Jul/2016:01:39:29 -0500] "GET /galeria/carrusel/Carrusel/jquery.thumbnailScroller.css HTTP/1.1" 200 2066
182.75.56.82 - - [01/Jul/2016:01:39:29 -0500] "GET /galeria/galeria/jquery.fancybox.js?v=2.1.5 HTTP/1.1" 200 48706
201.245.192.253 - - [01/Jul/2016:01:39:30 -0500] "POST /forms/lservlet;jsessionid=ac16012b30d6ac51536b689c47bf924fe69bbb08bba2.e3iSbxaKaheRe34Tax0PchuKax90n6jAmljGr5XDqQLvpAe HTTP/1.1" 200 2
182.75.56.82 - - [01/Jul/2016:01:39:30 -0500] "GET /galeria/carrusel/Carrusel/jquery-ui-1.8.13.custom.min.js HTTP/1.1" 200 10800
182.75.56.82 - - [01/Jul/2016:01:39:32 -0500] "GET /galeria/carrusel/Carrusel/jquery.thumbnailScroller.js HTTP/1.1" 200 8157
182.75.56.82 - - [01/Jul/2016:01:39:32 -0500] "GET /galeria/nivo-slider/demo/demo.html HTTP/1.1" 200 4680
182.75.56.82 - - [01/Jul/2016:01:39:32 -0500] "GET /galeria/nivo-slider/themes/orman/orman.css HTTP/1.1" 200 2152
182.75.56.82 - - [01/Jul/2016:01:39:32 -0500] "GET /galeria/nivo-slider/nivo-slider.css HTTP/1.1" 200 1507
182.75.56.82 - - [01/Jul/2016:01:39:32 -0500] "GET /galeria/nivo-slider/themes/default/default.css HTTP/1.1" 200 1569
182.75.56.82 - - [01/Jul/2016:01:39:32 -0500] "GET /galeria/nivo-slider/demo/style.css HTTP/1.1" 200 2222
182.75.56.82 - - [01/Jul/2016:01:39:32 -0500] "GET /galeria/nivo-slider/themes/pascal/pascal.css HTTP/1.1" 200 2258
182.75.56.82 - - [01/Jul/2016:01:39:33 -0500] "GET /galeria/nivo-slider/jquery.nivo.slider.pack.js HTTP/1.1" 200 11561
182.75.56.82 - - [01/Jul/2016:01:39:33 -0500] "GET /galeria/nivo-slider/demo/images/convocatoriasecretaria.jpg HTTP/1.1" 200 129365
182.75.56.82 - - [01/Jul/2016:01:39:33 -0500] "GET /galeria/nivo-slider/demo/scripts/jquery-1.7.1.min.js HTTP/1.1" 200 93868
182.75.56.82 - - [01/Jul/2016:01:39:33 -0500] "GET /galeria/nivo-slider/demo/images/BANNERVISORGEOGRAFICO.jpg HTTP/1.1" 200 78514
182.75.56.82 - - [01/Jul/2016:01:39:33 -0500] "GET /galeria/nivo-slider/demo/images/vegetal.jpg HTTP/1.1" 200 216080
182.75.56.82 - - [01/Jul/2016:01:39:33 -0500] "GET /galeria/nivo-slider/demo/images/BANNERWELOVEBOGOTA.jpg HTTP/1.1" 200 122775
182.75.56.82 - - [01/Jul/2016:01:39:33 -0500] "GET /galeria/nivo-slider/themes/default/loading.gif HTTP/1.1" 200 1737
182.75.56.82 - - [01/Jul/2016:01:39:34 -0500] "GET /galeria/nivo-slider/demo/images/4Simple_Slider.png HTTP/1.1" 200 11722
182.75.56.82 - - [01/Jul/2016:01:39:34 -0500] "GET /galeria/nivo-slider/demo/images/bannergenCAPACITACIONES-01.jpg HTTP/1.1" 200 153433
182.75.56.82 - - [01/Jul/2016:01:39:34 -0500] "GET /galeria/nivo-slider/demo/images/BANNERMADERALEGAL.jpg HTTP/1.1" 200 165750
182.75.56.82 - - [01/Jul/2016:01:39:34 -0500] "GET /galeria/nivo-slider/demo/images/Banner_wgic.jpg HTTP/1.1" 200 139000
182.75.56.82 - - [01/Jul/2016:01:39:34 -0500] "GET /galeria/nivo-slider/demo/images/BANNERINVITACIONECOLECTA3.jpg HTTP/1.1" 200 97021
182.75.56.82 - - [01/Jul/2016:01:39:34 -0500] "GET /galeria/nivo-slider/demo/images/ABC-Plan-de-contigencia.jpg HTTP/1.1" 200 423901
182.75.56.82 - - [01/Jul/2016:01:39:34 -0500] "GET /galeria/nivo-slider/demo/images/ACOPIADORESYGESTORES.jpg HTTP/1.1" 200 118791
182.75.56.82 - - [01/Jul/2016:01:39:35 -0500] "GET /galeria/nivo-slider/demo/images/caminata-ecologica.jpg HTTP/1.1" 200 192926
182.75.56.82 - - [01/Jul/2016:01:39:35 -0500] "GET /galeria/nivo-slider/demo/images/Cmapana-onestidad.jpg HTTP/1.1" 200 141638
182.75.56.82 - - [01/Jul/2016:01:39:36 -0500] "GET /galeria/nivo-slider/demo/images/banner-llantas2.jpg HTTP/1.1" 200 234514
66.249.66.175 - - [01/Jul/2016:01:39:37 -0500] "GET /BLA/resoluciones/RESOLUCIONES%202013/0825.pdf HTTP/1.1" 304 -
182.75.56.82 - - [01/Jul/2016:01:39:37 -0500] "GET /galeria/nivo-slider/demo/images/9Signos.jpg HTTP/1.1" 200 81776
182.75.56.82 - - [01/Jul/2016:01:39:38 -0500] "GET /galeria/nivo-slider/demo/images/Ruta-vertimientos-01.jpg HTTP/1.1" 200 130151
182.75.56.82 - - [01/Jul/2016:01:39:38 -0500] "GET /galeria/nivo-slider/demo/images/bolsas-06.jpg HTTP/1.1" 200 210950
186.114.62.57 - - [01/Jul/2016:01:39:37 -0500] "GET /BLA/resoluciones/index.php?dir=RESOLUCIONES+2010%2F HTTP/1.1" 200 1289008
182.75.56.82 - - [01/Jul/2016:01:39:43 -0500] "GET /galeria/nivo-slider/themes/default/arrows.png HTTP/1.1" 200 824
182.75.56.82 - - [01/Jul/2016:01:39:43 -0500] "GET /galeria/nivo-slider/themes/default/bullets.png HTTP/1.1" 200 1281
186.114.62.57 - - [01/Jul/2016:01:40:01 -0500] "GET /BLA/resoluciones/RESOLUCIONES%202010/5080.pdf HTTP/1.1" 200 499799
207.46.13.170 - - [01/Jul/2016:01:40:13 -0500] "GET /SIG/Gesti%C3%B3n%20Ambiental/126PM03-PR02.pdf HTTP/1.1" 200 287591
66.249.66.175 - - [01/Jul/2016:01:40:27 -0500] "GET /BLA/resoluciones/AUTOS%202013/1593.pdf HTTP/1.1" 304 -
201.245.192.253 - - [01/Jul/2016:01:40:34 -0500] "POST /forms/lservlet;jsessionid=ac16012b30d6a9805714b08e4799806aff7a12903620.e3iSbxaKaheRe34Tax0PchuKax90n6jAmljGr5XDqQLvpAe HTTP/1.1" 200 2
186.114.62.57 - - [01/Jul/2016:01:40:37 -0500] "GET /BLA/resoluciones/RESOLUCIONES%202010/5880.pdf HTTP/1.1" 200 405386
52.3.105.23 - - [01/Jul/2016:01:40:46 -0500] "GET /BLA/boletinlegal/registro/index.php HTTP/1.1" 200 2721
66.249.66.175 - - [01/Jul/2016:01:40:55 -0500] "GET /BLA/resoluciones/AUTOS%202007/2805.pdf HTTP/1.1" 200 186708
66.249.66.175 - - [01/Jul/2016:01:41:00 -0500] "GET /BLA/resoluciones/RESOLUCIONES%202007/RES%202007%202901%20AL%203000/RESOLUCION%202905%20DE%202007.pdf HTTP/1.1" 304 -
66.249.66.175 - - [01/Jul/2016:01:41:12 -0500] "GET /BLA/resoluciones/RESOLUCIONES%202011/4536.pdf HTTP/1.1" 200 117900
201.245.192.253 - - [01/Jul/2016:01:41:30 -0500] "POST /forms/lservlet;jsessionid=ac16012b30d6ac51536b689c47bf924fe69bbb08bba2.e3iSbxaKaheRe34Tax0PchuKax90n6jAmljGr5XDqQLvpAe HTTP/1.1" 200 2
192.168.175.104 - - [01/Jul/2016:01:41:36 -0500] "GET / HTTP/1.1" 200 9990
66.249.66.175 - - [01/Jul/2016:01:41:56 -0500] "GET /BLA/resoluciones/RESOLUCIONES%202010/4146.pdf HTTP/1.1" 200 752377
192.168.175.104 - - [01/Jul/2016:01:42:06 -0500] "GET / HTTP/1.0" 200 9990
192.168.175.104 - - [01/Jul/2016:01:42:20 -0500] "GET / HTTP/1.1" 200 9990
201.245.192.253 - - [01/Jul/2016:01:42:34 -0500] "POST /forms/lservlet;jsessionid=ac16012b30d6a9805714b08e4799806aff7a12903620.e3iSbxaKaheRe34Tax0PchuKax90n6jAmljGr5XDqQLvpAe HTTP/1.1" 200 2
69.162.124.232 - - [01/Jul/2016:01:42:45 -0500] "HEAD / HTTP/1.1" 200 -
66.249.66.175 - - [01/Jul/2016:01:42:56 -0500] "GET /BLA/resoluciones/RESOLUCIONES%202010/4128.pdf HTTP/1.1" 200 761831
104.148.71.34 - - [01/Jul/2016:01:42:58 -0500] "GET http://www.sbjudge1.com/azenv.php HTTP/1.0" 404 1020
104.148.71.34 - - [01/Jul/2016:01:42:58 -0500] "CONNECT www.alipay.com:443 HTTP/1.0" 405 942
66.249.66.175 - - [01/Jul/2016:01:43:09 -0500] "GET /BLA/resoluciones/RESOLUCIONES%202010/2040.pdf HTTP/1.1" 200 191509
66.249.66.175 - - [01/Jul/2016:01:43:10 -0500] "GET /BLA/resoluciones/RESOLUCIONES%202010/0115.pdf HTTP/1.1" 200 515212
66.249.66.175 - - [01/Jul/2016:01:43:22 -0500] "GET /BLA/resoluciones/RESOLUCIONES%202010/0098.pdf HTTP/1.1" 200 501393
201.245.192.253 - - [01/Jul/2016:01:43:30 -0500] "POST /forms/lservlet;jsessionid=ac16012b30d6ac51536b689c47bf924fe69bbb08bba2.e3iSbxaKaheRe34Tax0PchuKax90n6jAmljGr5XDqQLvpAe HTTP/1.1" 200 2
81.45.89.219 - - [01/Jul/2016:01:44:03 -0500] "GET /ecodirectorio/? HTTP/1.1" 200 4742
81.45.89.219 - - [01/Jul/2016:01:44:03 -0500] "GET /ecodirectorio/files/js/swfaddress.js HTTP/1.1" 200 15916
81.45.89.219 - - [01/Jul/2016:01:44:03 -0500] "GET /ecodirectorio/files/js/swfobject.js HTTP/1.1" 200 10220
81.45.89.219 - - [01/Jul/2016:01:44:05 -0500] "GET /ecodirectorio/files/book.swf HTTP/1.1" 200 4502
81.45.89.219 - - [01/Jul/2016:01:44:06 -0500] "GET /ecodirectorio/files/framework.swf HTTP/1.1" 200 567171
81.45.89.219 - - [01/Jul/2016:01:44:07 -0500] "GET /ecodirectorio/files/res/other/mag.swf HTTP/1.1" 200 252652
81.45.89.219 - - [01/Jul/2016:01:44:08 -0500] "GET /ecodirectorio/files/res/other/toolbar.swf HTTP/1.1" 200 8011
81.45.89.219 - - [01/Jul/2016:01:44:08 -0500] "GET /ecodirectorio/files/res/languages/es/magazine.xml HTTP/1.1" 200 497
81.45.89.219 - - [01/Jul/2016:01:44:08 -0500] "GET /ecodirectorio/files/res/languages/en/magazine.xml HTTP/1.1" 200 473
81.45.89.219 - - [01/Jul/2016:01:44:08 -0500] "GET /ecodirectorio/files/res/languages/fr/magazine.xml HTTP/1.1" 200 497
81.45.89.219 - - [01/Jul/2016:01:44:08 -0500] "GET /ecodirectorio/files/res/languages/ar/magazine.xml HTTP/1.1" 200 354
81.45.89.219 - - [01/Jul/2016:01:44:08 -0500] "GET /ecodirectorio/files/res/languages/it/magazine.xml HTTP/1.1" 200 474
81.45.89.219 - - [01/Jul/2016:01:44:08 -0500] "GET /ecodirectorio/files/res/languages/jp/magazine.xml HTTP/1.1" 200 483
81.45.89.219 - - [01/Jul/2016:01:44:08 -0500] "GET /ecodirectorio/files/res/languages/de/magazine.xml HTTP/1.1" 200 479
81.45.89.219 - - [01/Jul/2016:01:44:08 -0500] "GET /ecodirectorio/files/res/languages/es/bookmarks.xml HTTP/1.1" 200 647
81.45.89.219 - - [01/Jul/2016:01:44:08 -0500] "GET /ecodirectorio/files/res/languages/pl/magazine.xml HTTP/1.1" 200 521
81.45.89.219 - - [01/Jul/2016:01:44:09 -0500] "GET /ecodirectorio/files/res/languages/en/bookmarks.xml HTTP/1.1" 200 631
81.45.89.219 - - [01/Jul/2016:01:44:09 -0500] "GET /ecodirectorio/files/res/languages/it/bookmarks.xml HTTP/1.1" 200 651
81.45.89.219 - - [01/Jul/2016:01:44:09 -0500] "GET /ecodirectorio/files/res/languages/ar/bookmarks.xml HTTP/1.1" 200 687
81.45.89.219 - - [01/Jul/2016:01:44:09 -0500] "GET /ecodirectorio/files/res/languages/de/bookmarks.xml HTTP/1.1" 200 656
81.45.89.219 - - [01/Jul/2016:01:44:09 -0500] "GET /ecodirectorio/files/res/languages/fr/bookmarks.xml HTTP/1.1" 200 646
81.45.89.219 - - [01/Jul/2016:01:44:09 -0500] "GET /ecodirectorio/files/res/languages/jp/bookmarks.xml HTTP/1.1" 200 656
81.45.89.219 - - [01/Jul/2016:01:44:09 -0500] "GET /ecodirectorio/files/res/languages/pl/bookmarks.xml HTTP/1.1" 200 650
81.45.89.219 - - [01/Jul/2016:01:44:09 -0500] "GET /ecodirectorio/files/res/languages/es/download.xml HTTP/1.1" 200 385
81.45.89.219 - - [01/Jul/2016:01:44:09 -0500] "GET /ecodirectorio/files/res/languages/en/download.xml HTTP/1.1" 200 371
81.45.89.219 - - [01/Jul/2016:01:44:09 -0500] "GET /ecodirectorio/files/res/languages/ar/download.xml HTTP/1.1" 200 397
81.45.89.219 - - [01/Jul/2016:01:44:09 -0500] "GET /ecodirectorio/files/res/languages/fr/download.xml HTTP/1.1" 200 401
81.45.89.219 - - [01/Jul/2016:01:44:09 -0500] "GET /ecodirectorio/files/res/languages/de/download.xml HTTP/1.1" 200 381
81.45.89.219 - - [01/Jul/2016:01:44:09 -0500] "GET /ecodirectorio/files/res/languages/it/download.xml HTTP/1.1" 200 379
81.45.89.219 - - [01/Jul/2016:01:44:09 -0500] "GET /ecodirectorio/files/res/languages/jp/download.xml HTTP/1.1" 200 414
81.45.89.219 - - [01/Jul/2016:01:44:09 -0500] "GET /ecodirectorio/files/res/languages/pl/download.xml HTTP/1.1" 200 374
81.45.89.219 - - [01/Jul/2016:01:44:09 -0500] "GET /ecodirectorio/files/res/languages/es/password.xml HTTP/1.1" 200 126
81.45.89.219 - - [01/Jul/2016:01:44:09 -0500] "GET /ecodirectorio/files/res/languages/en/password.xml HTTP/1.1" 200 123
81.45.89.219 - - [01/Jul/2016:01:44:09 -0500] "GET /ecodirectorio/files/res/languages/fr/password.xml HTTP/1.1" 200 127
81.45.89.219 - - [01/Jul/2016:01:44:09 -0500] "GET /ecodirectorio/files/res/languages/ar/password.xml HTTP/1.1" 200 132
81.45.89.219 - - [01/Jul/2016:01:44:09 -0500] "GET /ecodirectorio/files/res/languages/de/password.xml HTTP/1.1" 200 123
81.45.89.219 - - [01/Jul/2016:01:44:09 -0500] "GET /ecodirectorio/files/res/languages/it/password.xml HTTP/1.1" 200 123
81.45.89.219 - - [01/Jul/2016:01:44:09 -0500] "GET /ecodirectorio/files/res/languages/jp/password.xml HTTP/1.1" 200 130
81.45.89.219 - - [01/Jul/2016:01:44:09 -0500] "GET /ecodirectorio/files/res/languages/pl/password.xml HTTP/1.1" 200 121
81.45.89.219 - - [01/Jul/2016:01:44:09 -0500] "GET /ecodirectorio/files/res/languages/es/print.xml HTTP/1.1" 200 907
81.45.89.219 - - [01/Jul/2016:01:44:09 -0500] "GET /ecodirectorio/files/res/languages/en/print.xml HTTP/1.1" 200 879
81.45.89.219 - - [01/Jul/2016:01:44:10 -0500] "GET /ecodirectorio/files/res/languages/fr/print.xml HTTP/1.1" 200 930
81.45.89.219 - - [01/Jul/2016:01:44:10 -0500] "GET /ecodirectorio/files/res/languages/ar/print.xml HTTP/1.1" 200 921
81.45.89.219 - - [01/Jul/2016:01:44:10 -0500] "GET /ecodirectorio/files/res/languages/de/print.xml HTTP/1.1" 200 932
81.45.89.219 - - [01/Jul/2016:01:44:10 -0500] "GET /ecodirectorio/files/res/languages/it/print.xml HTTP/1.1" 200 933
81.45.89.219 - - [01/Jul/2016:01:44:10 -0500] "GET /ecodirectorio/files/res/languages/jp/print.xml HTTP/1.1" 200 715
81.45.89.219 - - [01/Jul/2016:01:44:10 -0500] "GET /ecodirectorio/files/res/languages/pl/print.xml HTTP/1.1" 200 916
81.45.89.219 - - [01/Jul/2016:01:44:10 -0500] "GET /ecodirectorio/files/res/languages/es/searchbox.xml HTTP/1.1" 200 286
81.45.89.219 - - [01/Jul/2016:01:44:10 -0500] "GET /ecodirectorio/files/res/languages/en/searchbox.xml HTTP/1.1" 200 281
81.45.89.219 - - [01/Jul/2016:01:44:10 -0500] "GET /ecodirectorio/files/res/languages/fr/searchbox.xml HTTP/1.1" 200 293
81.45.89.219 - - [01/Jul/2016:01:44:10 -0500] "GET /ecodirectorio/files/res/languages/ar/searchbox.xml HTTP/1.1" 200 293
81.45.89.219 - - [01/Jul/2016:01:44:10 -0500] "GET /ecodirectorio/files/res/languages/de/searchbox.xml HTTP/1.1" 200 273
81.45.89.219 - - [01/Jul/2016:01:44:10 -0500] "GET /ecodirectorio/files/res/languages/it/searchbox.xml HTTP/1.1" 200 289
81.45.89.219 - - [01/Jul/2016:01:44:10 -0500] "GET /ecodirectorio/files/res/languages/jp/searchbox.xml HTTP/1.1" 200 285
81.45.89.219 - - [01/Jul/2016:01:44:10 -0500] "GET /ecodirectorio/files/res/languages/pl/searchbox.xml HTTP/1.1" 200 298
81.45.89.219 - - [01/Jul/2016:01:44:10 -0500] "GET /ecodirectorio/files/res/languages/es/share.xml HTTP/1.1" 200 669
81.45.89.219 - - [01/Jul/2016:01:44:10 -0500] "GET /ecodirectorio/files/res/languages/en/share.xml HTTP/1.1" 200 658
81.45.89.219 - - [01/Jul/2016:01:44:10 -0500] "GET /ecodirectorio/files/res/languages/fr/share.xml HTTP/1.1" 200 660
81.45.89.219 - - [01/Jul/2016:01:44:10 -0500] "GET /ecodirectorio/files/res/languages/ar/share.xml HTTP/1.1" 200 749
81.45.89.219 - - [01/Jul/2016:01:44:10 -0500] "GET /ecodirectorio/files/res/languages/de/share.xml HTTP/1.1" 200 671
81.45.89.219 - - [01/Jul/2016:01:44:10 -0500] "GET /ecodirectorio/files/res/languages/it/share.xml HTTP/1.1" 200 659
81.45.89.219 - - [01/Jul/2016:01:44:10 -0500] "GET /ecodirectorio/files/res/languages/jp/share.xml HTTP/1.1" 200 676
81.45.89.219 - - [01/Jul/2016:01:44:10 -0500] "GET /ecodirectorio/files/res/languages/pl/share.xml HTTP/1.1" 200 677
81.45.89.219 - - [01/Jul/2016:01:44:10 -0500] "GET /ecodirectorio/files/res/languages/es/slideshow.xml HTTP/1.1" 200 233
81.45.89.219 - - [01/Jul/2016:01:44:10 -0500] "GET /ecodirectorio/files/res/languages/en/slideshow.xml HTTP/1.1" 200 222
81.45.89.219 - - [01/Jul/2016:01:44:10 -0500] "GET /ecodirectorio/files/res/languages/fr/slideshow.xml HTTP/1.1" 200 236
81.45.89.219 - - [01/Jul/2016:01:44:10 -0500] "GET /ecodirectorio/files/res/languages/ar/slideshow.xml HTTP/1.1" 200 240
81.45.89.219 - - [01/Jul/2016:01:44:10 -0500] "GET /ecodirectorio/files/res/languages/de/slideshow.xml HTTP/1.1" 200 224
81.45.89.219 - - [01/Jul/2016:01:44:10 -0500] "GET /ecodirectorio/files/res/languages/it/slideshow.xml HTTP/1.1" 200 231
81.45.89.219 - - [01/Jul/2016:01:44:11 -0500] "GET /ecodirectorio/files/res/languages/jp/slideshow.xml HTTP/1.1" 200 247
81.45.89.219 - - [01/Jul/2016:01:44:11 -0500] "GET /ecodirectorio/files/res/languages/pl/slideshow.xml HTTP/1.1" 200 240
81.45.89.219 - - [01/Jul/2016:01:44:11 -0500] "GET /ecodirectorio/files/res/languages/es/thumbnails.xml HTTP/1.1" 200 296
81.45.89.219 - - [01/Jul/2016:01:44:11 -0500] "GET /ecodirectorio/files/res/languages/en/thumbnails.xml HTTP/1.1" 200 284
81.45.89.219 - - [01/Jul/2016:01:44:11 -0500] "GET /ecodirectorio/files/res/languages/fr/thumbnails.xml HTTP/1.1" 200 298
81.45.89.219 - - [01/Jul/2016:01:44:11 -0500] "GET /ecodirectorio/files/res/languages/ar/thumbnails.xml HTTP/1.1" 200 323
81.45.89.219 - - [01/Jul/2016:01:44:11 -0500] "GET /ecodirectorio/files/res/languages/de/thumbnails.xml HTTP/1.1" 200 291
81.45.89.219 - - [01/Jul/2016:01:44:11 -0500] "GET /ecodirectorio/files/res/languages/it/thumbnails.xml HTTP/1.1" 200 297
81.45.89.219 - - [01/Jul/2016:01:44:11 -0500] "GET /ecodirectorio/files/res/languages/jp/thumbnails.xml HTTP/1.1" 200 277
81.45.89.219 - - [01/Jul/2016:01:44:11 -0500] "GET /ecodirectorio/files/res/languages/pl/thumbnails.xml HTTP/1.1" 200 290
81.45.89.219 - - [01/Jul/2016:01:44:11 -0500] "GET /ecodirectorio/files/res/languages/es/toc.xml HTTP/1.1" 200 135
81.45.89.219 - - [01/Jul/2016:01:44:11 -0500] "GET /ecodirectorio/files/res/languages/en/toc.xml HTTP/1.1" 200 133
81.45.89.219 - - [01/Jul/2016:01:44:11 -0500] "GET /ecodirectorio/files/res/languages/fr/toc.xml HTTP/1.1" 200 135
