181.130.85.223 - - [01/Jul/2016:00:50:41 -0500] "GET /galeria/galeria/jquery.fancybox.css?v=2.1.5 HTTP/1.1" 200 4895
181.130.85.223 - - [01/Jul/2016:00:50:41 -0500] "GET /galeria/galeria/jquery.fancybox.js?v=2.1.5 HTTP/1.1" 200 48706
190.159.63.62 - - [01/Jul/2016:00:50:43 -0500] "GET /forms/java/icons.jar HTTP/1.1" 304 -
190.159.63.62 - - [01/Jul/2016:00:50:43 -0500] "GET /forms/java/java/awt/KeyboardFocusManager.class HTTP/1.1" 404 352
190.159.63.62 - - [01/Jul/2016:00:50:43 -0500] "GET /forms/java/java/awt/KeyboardFocusManager.class HTTP/1.1" 404 352
190.159.63.62 - - [01/Jul/2016:00:50:44 -0500] "GET /forms/java/java/awt/event/MouseWheelListener.class HTTP/1.1" 404 356
190.159.63.62 - - [01/Jul/2016:00:50:44 -0500] "GET /forms/java/java/awt/event/MouseWheelListener.class HTTP/1.1" 404 356
190.159.63.62 - - [01/Jul/2016:00:50:47 -0500] "GET /forms/java/oracle/forms/registry/Registry.dat HTTP/1.1" 200 4213
190.159.63.62 - - [01/Jul/2016:00:50:47 -0500] "GET /forms/java/oracle/forms/registry/default.dat HTTP/1.1" 404 350
190.159.63.62 - - [01/Jul/2016:00:50:48 -0500] "GET /forms/frmservlet?config=sia&acceptLanguage=es-co&ifcmd=startsession HTTP/1.1" 200 119
181.130.85.223 - - [01/Jul/2016:00:50:48 -0500] "GET /BLA/boletinlegal/js/jquery.scrollShow.js HTTP/1.1" 304 -
181.130.85.223 - - [01/Jul/2016:00:50:48 -0500] "GET /galeria/galeria/jquery.fancybox.js?v=2.1.5 HTTP/1.1" 304 -
181.130.85.223 - - [01/Jul/2016:00:50:48 -0500] "GET /galeria/galeria/jquery.fancybox.css?v=2.1.5 HTTP/1.1" 304 -
190.159.63.62 - - [01/Jul/2016:00:50:48 -0500] "GET /forms/lservlet;jsessionid=ac16012b30d63a7d1896caa74f03a593f2c7990c3af3.e3iSbxaKaheRe34Tax0PchuKax90n6jAmljGr5XDqQLvpAe?ifcmd=getinfo&ifhost=Pavilion-PC&ifip=192.168.0.2 HTTP/1.1" 200 8
190.159.63.62 - - [01/Jul/2016:00:50:48 -0500] "POST /forms/lservlet;jsessionid=ac16012b30d63a7d1896caa74f03a593f2c7990c3af3.e3iSbxaKaheRe34Tax0PchuKax90n6jAmljGr5XDqQLvpAe HTTP/1.1" 200 8
190.159.63.62 - - [01/Jul/2016:00:50:48 -0500] "GET /forms/java/oracle/forms/engine/RunformBundle_es_CO.class HTTP/1.1" 404 362
190.159.63.62 - - [01/Jul/2016:00:50:48 -0500] "GET /forms/java/oracle/forms/engine/RunformBundle_es_CO.class HTTP/1.1" 404 362
190.159.63.62 - - [01/Jul/2016:00:50:48 -0500] "GET /forms/java/oracle/forms/engine/RunformBundle_es_CO.properties HTTP/1.1" 404 367
190.159.63.62 - - [01/Jul/2016:00:50:48 -0500] "POST /forms/lservlet;jsessionid=ac16012b30d63a7d1896caa74f03a593f2c7990c3af3.e3iSbxaKaheRe34Tax0PchuKax90n6jAmljGr5XDqQLvpAe HTTP/1.1" 200 64000
190.159.63.62 - - [01/Jul/2016:00:50:49 -0500] "POST /forms/lservlet;jsessionid=ac16012b30d63a7d1896caa74f03a593f2c7990c3af3.e3iSbxaKaheRe34Tax0PchuKax90n6jAmljGr5XDqQLvpAe HTTP/1.1" 200 64000
190.159.63.62 - - [01/Jul/2016:00:50:49 -0500] "POST /forms/lservlet;jsessionid=ac16012b30d63a7d1896caa74f03a593f2c7990c3af3.e3iSbxaKaheRe34Tax0PchuKax90n6jAmljGr5XDqQLvpAe HTTP/1.1" 200 63623
190.159.63.62 - - [01/Jul/2016:00:50:50 -0500] "HEAD /imagenes/dama_logo.gif HTTP/1.1" 200 -
190.159.63.62 - - [01/Jul/2016:00:50:50 -0500] "GET /imagenes/dama_logo.gif HTTP/1.1" 200 21482
190.159.63.62 - - [01/Jul/2016:00:50:50 -0500] "POST /forms/lservlet;jsessionid=ac16012b30d63a7d1896caa74f03a593f2c7990c3af3.e3iSbxaKaheRe34Tax0PchuKax90n6jAmljGr5XDqQLvpAe HTTP/1.1" 200 2
190.159.63.62 - - [01/Jul/2016:00:50:50 -0500] "POST /forms/lservlet;jsessionid=ac16012b30d63a7d1896caa74f03a593f2c7990c3af3.e3iSbxaKaheRe34Tax0PchuKax90n6jAmljGr5XDqQLvpAe HTTP/1.1" 200 2
5.9.106.81 - - [01/Jul/2016:00:50:55 -0500] "GET /BLA/boletinlegal/circulares/2012IE017270.pdf HTTP/1.1" 200 233051
190.159.63.62 - - [01/Jul/2016:00:51:00 -0500] "POST /forms/lservlet;jsessionid=ac16012b30d63a7d1896caa74f03a593f2c7990c3af3.e3iSbxaKaheRe34Tax0PchuKax90n6jAmljGr5XDqQLvpAe HTTP/1.1" 200 7996
190.159.63.62 - - [01/Jul/2016:00:51:01 -0500] "POST /forms/lservlet;jsessionid=ac16012b30d63a7d1896caa74f03a593f2c7990c3af3.e3iSbxaKaheRe34Tax0PchuKax90n6jAmljGr5XDqQLvpAe HTTP/1.1" 200 64
190.159.63.62 - - [01/Jul/2016:00:51:01 -0500] "POST /forms/lservlet;jsessionid=ac16012b30d63a7d1896caa74f03a593f2c7990c3af3.e3iSbxaKaheRe34Tax0PchuKax90n6jAmljGr5XDqQLvpAe HTTP/1.1" 200 2
190.159.63.62 - - [01/Jul/2016:00:51:01 -0500] "POST /forms/lservlet;jsessionid=ac16012b30d63a7d1896caa74f03a593f2c7990c3af3.e3iSbxaKaheRe34Tax0PchuKax90n6jAmljGr5XDqQLvpAe HTTP/1.1" 200 2
190.159.63.62 - - [01/Jul/2016:00:51:01 -0500] "POST /forms/lservlet;jsessionid=ac16012b30d63a7d1896caa74f03a593f2c7990c3af3.e3iSbxaKaheRe34Tax0PchuKax90n6jAmljGr5XDqQLvpAe HTTP/1.1" 200 2
190.159.63.62 - - [01/Jul/2016:00:51:04 -0500] "POST /forms/lservlet;jsessionid=ac16012b30d63a7d1896caa74f03a593f2c7990c3af3.e3iSbxaKaheRe34Tax0PchuKax90n6jAmljGr5XDqQLvpAe HTTP/1.1" 200 14
190.159.63.62 - - [01/Jul/2016:00:51:05 -0500] "POST /forms/lservlet;jsessionid=ac16012b30d63a7d1896caa74f03a593f2c7990c3af3.e3iSbxaKaheRe34Tax0PchuKax90n6jAmljGr5XDqQLvpAe HTTP/1.1" 200 34716
190.159.63.62 - - [01/Jul/2016:00:51:06 -0500] "GET /imagenes/listval.gif HTTP/1.1" 200 905
190.159.63.62 - - [01/Jul/2016:00:51:06 -0500] "GET /imagenes/tree1.gif HTTP/1.1" 200 1161
190.159.63.62 - - [01/Jul/2016:00:51:06 -0500] "GET /imagenes/listval.gif HTTP/1.1" 200 905
190.159.63.62 - - [01/Jul/2016:00:51:06 -0500] "GET /imagenes/CAMERA3.gif HTTP/1.1" 200 4150
190.159.63.62 - - [01/Jul/2016:00:51:06 -0500] "GET /imagenes/SLIDE1.gif HTTP/1.1" 200 1111
190.159.63.62 - - [01/Jul/2016:00:51:06 -0500] "GET /imagenes/flexcomb.gif HTTP/1.1" 200 1169
190.159.63.62 - - [01/Jul/2016:00:51:06 -0500] "GET /imagenes/GO.gif HTTP/1.1" 200 904
190.159.63.62 - - [01/Jul/2016:00:51:06 -0500] "GET /imagenes/HRTOOLS.gif HTTP/1.1" 200 2238
190.159.63.62 - - [01/Jul/2016:00:51:06 -0500] "GET /imagenes/rt_rec1.gif HTTP/1.1" 200 867
190.159.63.62 - - [01/Jul/2016:00:51:06 -0500] "GET /imagenes/apply.gif HTTP/1.1" 200 903
190.159.63.62 - - [01/Jul/2016:00:51:06 -0500] "GET /imagenes/exit.gif HTTP/1.1" 200 916
190.159.63.62 - - [01/Jul/2016:00:51:06 -0500] "GET /imagenes/LISTVAL.gif HTTP/1.1" 200 905
190.159.63.62 - - [01/Jul/2016:00:51:06 -0500] "GET /imagenes/edit.gif HTTP/1.1" 200 919
190.159.63.62 - - [01/Jul/2016:00:51:06 -0500] "GET /imagenes/rt_rec4.gif HTTP/1.1" 200 865
190.159.63.62 - - [01/Jul/2016:00:51:06 -0500] "GET /imagenes/rt_rec3.gif HTTP/1.1" 200 844
190.159.63.62 - - [01/Jul/2016:00:51:06 -0500] "GET /imagenes/rt_rec2.gif HTTP/1.1" 200 847
190.159.63.62 - - [01/Jul/2016:00:51:06 -0500] "GET /imagenes/rt_rdel.gif HTTP/1.1" 200 899
190.159.63.62 - - [01/Jul/2016:00:51:06 -0500] "GET /imagenes/rt_radd.gif HTTP/1.1" 200 907
190.159.63.62 - - [01/Jul/2016:00:51:06 -0500] "GET /imagenes/rt_quer3.gif HTTP/1.1" 200 939
190.159.63.62 - - [01/Jul/2016:00:51:06 -0500] "GET /imagenes/rt_quer2.gif HTTP/1.1" 200 936
190.159.63.62 - - [01/Jul/2016:00:51:06 -0500] "GET /imagenes/rt_quer1.gif HTTP/1.1" 200 930
190.159.63.62 - - [01/Jul/2016:00:51:06 -0500] "GET /imagenes/rt_save.gif HTTP/1.1" 200 903
190.159.63.62 - - [01/Jul/2016:00:51:06 -0500] "GET /imagenes/rt_pset.gif HTTP/1.1" 200 914
190.159.63.62 - - [01/Jul/2016:00:51:07 -0500] "GET /imagenes/QUEJA.gif HTTP/1.1" 200 1091
190.159.63.62 - - [01/Jul/2016:00:51:07 -0500] "GET /imagenes/ARBOL.gif HTTP/1.1" 200 1026
190.159.63.62 - - [01/Jul/2016:00:51:07 -0500] "GET /imagenes/Clipboard.gif HTTP/1.1" 200 1466
190.159.63.62 - - [01/Jul/2016:00:51:07 -0500] "GET /imagenes/DINERO.gif HTTP/1.1" 200 1766
190.159.63.62 - - [01/Jul/2016:00:51:07 -0500] "GET /imagenes/URGENTE.gif HTTP/1.1" 200 964
190.159.63.62 - - [01/Jul/2016:00:51:07 -0500] "GET /imagenes/TREE4.gif HTTP/1.1" 200 4150
190.159.63.62 - - [01/Jul/2016:00:51:07 -0500] "POST /forms/lservlet;jsessionid=ac16012b30d63a7d1896caa74f03a593f2c7990c3af3.e3iSbxaKaheRe34Tax0PchuKax90n6jAmljGr5XDqQLvpAe HTTP/1.1" 200 7
190.159.63.62 - - [01/Jul/2016:00:51:07 -0500] "POST /forms/lservlet;jsessionid=ac16012b30d63a7d1896caa74f03a593f2c7990c3af3.e3iSbxaKaheRe34Tax0PchuKax90n6jAmljGr5XDqQLvpAe HTTP/1.1" 200 34
190.159.63.62 - - [01/Jul/2016:00:51:07 -0500] "POST /forms/lservlet;jsessionid=ac16012b30d63a7d1896caa74f03a593f2c7990c3af3.e3iSbxaKaheRe34Tax0PchuKax90n6jAmljGr5XDqQLvpAe HTTP/1.1" 200 2
190.159.63.62 - - [01/Jul/2016:00:51:08 -0500] "POST /forms/lservlet;jsessionid=ac16012b30d63a7d1896caa74f03a593f2c7990c3af3.e3iSbxaKaheRe34Tax0PchuKax90n6jAmljGr5XDqQLvpAe HTTP/1.1" 200 2
190.159.63.62 - - [01/Jul/2016:00:51:08 -0500] "POST /forms/lservlet;jsessionid=ac16012b30d63a7d1896caa74f03a593f2c7990c3af3.e3iSbxaKaheRe34Tax0PchuKax90n6jAmljGr5XDqQLvpAe HTTP/1.1" 200 699
190.159.63.62 - - [01/Jul/2016:00:51:08 -0500] "GET /imagenes/Srch_frw.gif HTTP/1.1" 200 925
190.159.63.62 - - [01/Jul/2016:00:51:08 -0500] "POST /forms/lservlet;jsessionid=ac16012b30d63a7d1896caa74f03a593f2c7990c3af3.e3iSbxaKaheRe34Tax0PchuKax90n6jAmljGr5XDqQLvpAe HTTP/1.1" 200 10
190.159.63.62 - - [01/Jul/2016:00:51:09 -0500] "POST /forms/lservlet;jsessionid=ac16012b30d63a7d1896caa74f03a593f2c7990c3af3.e3iSbxaKaheRe34Tax0PchuKax90n6jAmljGr5XDqQLvpAe HTTP/1.1" 200 46
190.159.63.62 - - [01/Jul/2016:00:51:14 -0500] "POST /forms/lservlet;jsessionid=ac16012b30d63a7d1896caa74f03a593f2c7990c3af3.e3iSbxaKaheRe34Tax0PchuKax90n6jAmljGr5XDqQLvpAe HTTP/1.1" 200 40
190.159.63.62 - - [01/Jul/2016:00:51:14 -0500] "POST /forms/lservlet;jsessionid=ac16012b30d63a7d1896caa74f03a593f2c7990c3af3.e3iSbxaKaheRe34Tax0PchuKax90n6jAmljGr5XDqQLvpAe HTTP/1.1" 200 8
190.159.63.62 - - [01/Jul/2016:00:51:14 -0500] "POST /forms/lservlet;jsessionid=ac16012b30d63a7d1896caa74f03a593f2c7990c3af3.e3iSbxaKaheRe34Tax0PchuKax90n6jAmljGr5XDqQLvpAe HTTP/1.1" 200 2
190.159.63.62 - - [01/Jul/2016:00:51:18 -0500] "POST /forms/lservlet;jsessionid=ac16012b30d63a7d1896caa74f03a593f2c7990c3af3.e3iSbxaKaheRe34Tax0PchuKax90n6jAmljGr5XDqQLvpAe HTTP/1.1" 200 24
190.159.63.62 - - [01/Jul/2016:00:51:18 -0500] "POST /forms/lservlet;jsessionid=ac16012b30d63a7d1896caa74f03a593f2c7990c3af3.e3iSbxaKaheRe34Tax0PchuKax90n6jAmljGr5XDqQLvpAe HTTP/1.1" 200 14
190.159.63.62 - - [01/Jul/2016:00:51:19 -0500] "POST /forms/lservlet;jsessionid=ac16012b30d63a7d1896caa74f03a593f2c7990c3af3.e3iSbxaKaheRe34Tax0PchuKax90n6jAmljGr5XDqQLvpAe HTTP/1.1" 200 14
190.159.63.62 - - [01/Jul/2016:00:51:20 -0500] "POST /forms/lservlet;jsessionid=ac16012b30d63a7d1896caa74f03a593f2c7990c3af3.e3iSbxaKaheRe34Tax0PchuKax90n6jAmljGr5XDqQLvpAe HTTP/1.1" 200 4243
190.159.63.62 - - [01/Jul/2016:00:51:20 -0500] "POST /forms/lservlet;jsessionid=ac16012b30d63a7d1896caa74f03a593f2c7990c3af3.e3iSbxaKaheRe34Tax0PchuKax90n6jAmljGr5XDqQLvpAe HTTP/1.1" 200 20
201.245.192.253 - - [01/Jul/2016:00:51:24 -0500] "POST /forms/lservlet;jsessionid=ac16012b30d6ac51536b689c47bf924fe69bbb08bba2.e3iSbxaKaheRe34Tax0PchuKax90n6jAmljGr5XDqQLvpAe HTTP/1.1" 200 2
190.159.63.62 - - [01/Jul/2016:00:51:25 -0500] "POST /forms/lservlet;jsessionid=ac16012b30d63a7d1896caa74f03a593f2c7990c3af3.e3iSbxaKaheRe34Tax0PchuKax90n6jAmljGr5XDqQLvpAe HTTP/1.1" 200 2
190.159.63.62 - - [01/Jul/2016:00:51:25 -0500] "POST /forms/lservlet;jsessionid=ac16012b30d63a7d1896caa74f03a593f2c7990c3af3.e3iSbxaKaheRe34Tax0PchuKax90n6jAmljGr5XDqQLvpAe HTTP/1.1" 200 3170
190.159.63.62 - - [01/Jul/2016:00:51:26 -0500] "POST /forms/lservlet;jsessionid=ac16012b30d63a7d1896caa74f03a593f2c7990c3af3.e3iSbxaKaheRe34Tax0PchuKax90n6jAmljGr5XDqQLvpAe HTTP/1.1" 200 2
190.159.63.62 - - [01/Jul/2016:00:51:27 -0500] "POST /forms/lservlet;jsessionid=ac16012b30d63a7d1896caa74f03a593f2c7990c3af3.e3iSbxaKaheRe34Tax0PchuKax90n6jAmljGr5XDqQLvpAe HTTP/1.1" 200 2
190.159.63.62 - - [01/Jul/2016:00:51:27 -0500] "POST /forms/lservlet;jsessionid=ac16012b30d63a7d1896caa74f03a593f2c7990c3af3.e3iSbxaKaheRe34Tax0PchuKax90n6jAmljGr5XDqQLvpAe HTTP/1.1" 200 3199
190.159.63.62 - - [01/Jul/2016:00:51:28 -0500] "POST /forms/lservlet;jsessionid=ac16012b30d63a7d1896caa74f03a593f2c7990c3af3.e3iSbxaKaheRe34Tax0PchuKax90n6jAmljGr5XDqQLvpAe HTTP/1.1" 200 2
190.159.63.62 - - [01/Jul/2016:00:51:30 -0500] "POST /forms/lservlet;jsessionid=ac16012b30d63a7d1896caa74f03a593f2c7990c3af3.e3iSbxaKaheRe34Tax0PchuKax90n6jAmljGr5XDqQLvpAe HTTP/1.1" 200 99
190.159.63.62 - - [01/Jul/2016:00:51:33 -0500] "POST /forms/lservlet;jsessionid=ac16012b30d63a7d1896caa74f03a593f2c7990c3af3.e3iSbxaKaheRe34Tax0PchuKax90n6jAmljGr5XDqQLvpAe HTTP/1.1" 200 66
190.159.63.62 - - [01/Jul/2016:00:51:34 -0500] "POST /forms/lservlet;jsessionid=ac16012b30d63a7d1896caa74f03a593f2c7990c3af3.e3iSbxaKaheRe34Tax0PchuKax90n6jAmljGr5XDqQLvpAe HTTP/1.1" 200 2
190.159.63.62 - - [01/Jul/2016:00:51:34 -0500] "POST /forms/lservlet;jsessionid=ac16012b30d63a7d1896caa74f03a593f2c7990c3af3.e3iSbxaKaheRe34Tax0PchuKax90n6jAmljGr5XDqQLvpAe HTTP/1.1" 200 3276
190.159.63.62 - - [01/Jul/2016:00:51:34 -0500] "POST /forms/lservlet;jsessionid=ac16012b30d63a7d1896caa74f03a593f2c7990c3af3.e3iSbxaKaheRe34Tax0PchuKax90n6jAmljGr5XDqQLvpAe HTTP/1.1" 200 2
190.159.63.62 - - [01/Jul/2016:00:51:36 -0500] "POST /forms/lservlet;jsessionid=ac16012b30d63a7d1896caa74f03a593f2c7990c3af3.e3iSbxaKaheRe34Tax0PchuKax90n6jAmljGr5XDqQLvpAe HTTP/1.1" 200 2
190.159.63.62 - - [01/Jul/2016:00:51:36 -0500] "POST /forms/lservlet;jsessionid=ac16012b30d63a7d1896caa74f03a593f2c7990c3af3.e3iSbxaKaheRe34Tax0PchuKax90n6jAmljGr5XDqQLvpAe HTTP/1.1" 200 3084
190.159.63.62 - - [01/Jul/2016:00:51:37 -0500] "POST /forms/lservlet;jsessionid=ac16012b30d63a7d1896caa74f03a593f2c7990c3af3.e3iSbxaKaheRe34Tax0PchuKax90n6jAmljGr5XDqQLvpAe HTTP/1.1" 200 2
190.159.63.62 - - [01/Jul/2016:00:51:38 -0500] "POST /forms/lservlet;jsessionid=ac16012b30d63a7d1896caa74f03a593f2c7990c3af3.e3iSbxaKaheRe34Tax0PchuKax90n6jAmljGr5XDqQLvpAe HTTP/1.1" 200 2
190.159.63.62 - - [01/Jul/2016:00:51:38 -0500] "POST /forms/lservlet;jsessionid=ac16012b30d63a7d1896caa74f03a593f2c7990c3af3.e3iSbxaKaheRe34Tax0PchuKax90n6jAmljGr5XDqQLvpAe HTTP/1.1" 200 2879
190.159.63.62 - - [01/Jul/2016:00:51:39 -0500] "POST /forms/lservlet;jsessionid=ac16012b30d63a7d1896caa74f03a593f2c7990c3af3.e3iSbxaKaheRe34Tax0PchuKax90n6jAmljGr5XDqQLvpAe HTTP/1.1" 200 2
190.159.63.62 - - [01/Jul/2016:00:51:41 -0500] "POST /forms/lservlet;jsessionid=ac16012b30d63a7d1896caa74f03a593f2c7990c3af3.e3iSbxaKaheRe34Tax0PchuKax90n6jAmljGr5XDqQLvpAe HTTP/1.1" 200 2
190.159.63.62 - - [01/Jul/2016:00:51:41 -0500] "POST /forms/lservlet;jsessionid=ac16012b30d63a7d1896caa74f03a593f2c7990c3af3.e3iSbxaKaheRe34Tax0PchuKax90n6jAmljGr5XDqQLvpAe HTTP/1.1" 200 3091
190.159.63.62 - - [01/Jul/2016:00:51:42 -0500] "POST /forms/lservlet;jsessionid=ac16012b30d63a7d1896caa74f03a593f2c7990c3af3.e3iSbxaKaheRe34Tax0PchuKax90n6jAmljGr5XDqQLvpAe HTTP/1.1" 200 2
190.159.63.62 - - [01/Jul/2016:00:51:44 -0500] "POST /forms/lservlet;jsessionid=ac16012b30d63a7d1896caa74f03a593f2c7990c3af3.e3iSbxaKaheRe34Tax0PchuKax90n6jAmljGr5XDqQLvpAe HTTP/1.1" 200 99
190.159.63.62 - - [01/Jul/2016:00:51:49 -0500] "POST /forms/lservlet;jsessionid=ac16012b30d63a7d1896caa74f03a593f2c7990c3af3.e3iSbxaKaheRe34Tax0PchuKax90n6jAmljGr5XDqQLvpAe HTTP/1.1" 200 66
190.159.63.62 - - [01/Jul/2016:00:51:51 -0500] "POST /forms/lservlet;jsessionid=ac16012b30d63a7d1896caa74f03a593f2c7990c3af3.e3iSbxaKaheRe34Tax0PchuKax90n6jAmljGr5XDqQLvpAe HTTP/1.1" 200 2
190.159.63.62 - - [01/Jul/2016:00:51:51 -0500] "POST /forms/lservlet;jsessionid=ac16012b30d63a7d1896caa74f03a593f2c7990c3af3.e3iSbxaKaheRe34Tax0PchuKax90n6jAmljGr5XDqQLvpAe HTTP/1.1" 200 2963
190.159.63.62 - - [01/Jul/2016:00:51:52 -0500] "POST /forms/lservlet;jsessionid=ac16012b30d63a7d1896caa74f03a593f2c7990c3af3.e3iSbxaKaheRe34Tax0PchuKax90n6jAmljGr5XDqQLvpAe HTTP/1.1" 200 2
192.168.175.104 - - [01/Jul/2016:00:51:52 -0500] "GET / HTTP/1.1" 200 9990
190.159.63.62 - - [01/Jul/2016:00:51:53 -0500] "POST /forms/lservlet;jsessionid=ac16012b30d63a7d1896caa74f03a593f2c7990c3af3.e3iSbxaKaheRe34Tax0PchuKax90n6jAmljGr5XDqQLvpAe HTTP/1.1" 200 2
190.159.63.62 - - [01/Jul/2016:00:51:53 -0500] "POST /forms/lservlet;jsessionid=ac16012b30d63a7d1896caa74f03a593f2c7990c3af3.e3iSbxaKaheRe34Tax0PchuKax90n6jAmljGr5XDqQLvpAe HTTP/1.1" 200 2475
190.159.63.62 - - [01/Jul/2016:00:51:54 -0500] "POST /forms/lservlet;jsessionid=ac16012b30d63a7d1896caa74f03a593f2c7990c3af3.e3iSbxaKaheRe34Tax0PchuKax90n6jAmljGr5XDqQLvpAe HTTP/1.1" 200 2
190.159.63.62 - - [01/Jul/2016:00:51:55 -0500] "POST /forms/lservlet;jsessionid=ac16012b30d63a7d1896caa74f03a593f2c7990c3af3.e3iSbxaKaheRe34Tax0PchuKax90n6jAmljGr5XDqQLvpAe HTTP/1.1" 200 2
190.159.63.62 - - [01/Jul/2016:00:51:55 -0500] "POST /forms/lservlet;jsessionid=ac16012b30d63a7d1896caa74f03a593f2c7990c3af3.e3iSbxaKaheRe34Tax0PchuKax90n6jAmljGr5XDqQLvpAe HTTP/1.1" 200 3328
190.159.63.62 - - [01/Jul/2016:00:51:56 -0500] "POST /forms/lservlet;jsessionid=ac16012b30d63a7d1896caa74f03a593f2c7990c3af3.e3iSbxaKaheRe34Tax0PchuKax90n6jAmljGr5XDqQLvpAe HTTP/1.1" 200 2
190.159.63.62 - - [01/Jul/2016:00:51:59 -0500] "POST /forms/lservlet;jsessionid=ac16012b30d63a7d1896caa74f03a593f2c7990c3af3.e3iSbxaKaheRe34Tax0PchuKax90n6jAmljGr5XDqQLvpAe HTTP/1.1" 200 464
190.159.63.62 - - [01/Jul/2016:00:52:00 -0500] "POST /forms/lservlet;jsessionid=ac16012b30d63a7d1896caa74f03a593f2c7990c3af3.e3iSbxaKaheRe34Tax0PchuKax90n6jAmljGr5XDqQLvpAe HTTP/1.1" 200 7
190.159.63.62 - - [01/Jul/2016:00:52:00 -0500] "POST /forms/lservlet;jsessionid=ac16012b30d63a7d1896caa74f03a593f2c7990c3af3.e3iSbxaKaheRe34Tax0PchuKax90n6jAmljGr5XDqQLvpAe HTTP/1.1" 200 328
190.159.63.62 - - [01/Jul/2016:00:52:02 -0500] "POST /forms/lservlet;jsessionid=ac16012b30d63a7d1896caa74f03a593f2c7990c3af3.e3iSbxaKaheRe34Tax0PchuKax90n6jAmljGr5XDqQLvpAe HTTP/1.1" 200 118
190.159.63.62 - - [01/Jul/2016:00:52:03 -0500] "POST /forms/lservlet;jsessionid=ac16012b30d63a7d1896caa74f03a593f2c7990c3af3.e3iSbxaKaheRe34Tax0PchuKax90n6jAmljGr5XDqQLvpAe HTTP/1.1" 200 2
190.159.63.62 - - [01/Jul/2016:00:52:03 -0500] "POST /forms/lservlet;jsessionid=ac16012b30d63a7d1896caa74f03a593f2c7990c3af3.e3iSbxaKaheRe34Tax0PchuKax90n6jAmljGr5XDqQLvpAe HTTP/1.1" 200 2908
190.159.63.62 - - [01/Jul/2016:00:52:04 -0500] "POST /forms/lservlet;jsessionid=ac16012b30d63a7d1896caa74f03a593f2c7990c3af3.e3iSbxaKaheRe34Tax0PchuKax90n6jAmljGr5XDqQLvpAe HTTP/1.1" 200 2
190.159.63.62 - - [01/Jul/2016:00:52:05 -0500] "POST /forms/lservlet;jsessionid=ac16012b30d63a7d1896caa74f03a593f2c7990c3af3.e3iSbxaKaheRe34Tax0PchuKax90n6jAmljGr5XDqQLvpAe HTTP/1.1" 200 182
190.159.63.62 - - [01/Jul/2016:00:52:07 -0500] "POST /forms/lservlet;jsessionid=ac16012b30d63a7d1896caa74f03a593f2c7990c3af3.e3iSbxaKaheRe34Tax0PchuKax90n6jAmljGr5XDqQLvpAe HTTP/1.1" 200 98
190.159.63.62 - - [01/Jul/2016:00:52:08 -0500] "POST /forms/lservlet;jsessionid=ac16012b30d63a7d1896caa74f03a593f2c7990c3af3.e3iSbxaKaheRe34Tax0PchuKax90n6jAmljGr5XDqQLvpAe HTTP/1.1" 200 2
190.159.63.62 - - [01/Jul/2016:00:52:08 -0500] "POST /forms/lservlet;jsessionid=ac16012b30d63a7d1896caa74f03a593f2c7990c3af3.e3iSbxaKaheRe34Tax0PchuKax90n6jAmljGr5XDqQLvpAe HTTP/1.1" 200 3017
190.159.63.62 - - [01/Jul/2016:00:52:08 -0500] "POST /forms/lservlet;jsessionid=ac16012b30d63a7d1896caa74f03a593f2c7990c3af3.e3iSbxaKaheRe34Tax0PchuKax90n6jAmljGr5XDqQLvpAe HTTP/1.1" 200 2
190.159.63.62 - - [01/Jul/2016:00:52:10 -0500] "POST /forms/lservlet;jsessionid=ac16012b30d63a7d1896caa74f03a593f2c7990c3af3.e3iSbxaKaheRe34Tax0PchuKax90n6jAmljGr5XDqQLvpAe HTTP/1.1" 200 2
181.130.85.223 - - [01/Jul/2016:00:52:10 -0500] "GET /galeria/galeria/fotos/Entrenube1P.jpg HTTP/1.1" 200 6959
190.159.63.62 - - [01/Jul/2016:00:52:10 -0500] "POST /forms/lservlet;jsessionid=ac16012b30d63a7d1896caa74f03a593f2c7990c3af3.e3iSbxaKaheRe34Tax0PchuKax90n6jAmljGr5XDqQLvpAe HTTP/1.1" 200 2614
181.130.85.223 - - [01/Jul/2016:00:52:10 -0500] "GET /galeria/galeria/fotos/Entrenube2P.jpg HTTP/1.1" 200 8416
181.130.85.223 - - [01/Jul/2016:00:52:10 -0500] "GET /galeria/galeria/fotos/Entrenube3P.jpg HTTP/1.1" 200 8487
190.159.63.62 - - [01/Jul/2016:00:52:10 -0500] "POST /forms/lservlet;jsessionid=ac16012b30d63a7d1896caa74f03a593f2c7990c3af3.e3iSbxaKaheRe34Tax0PchuKax90n6jAmljGr5XDqQLvpAe HTTP/1.1" 200 2
181.130.85.223 - - [01/Jul/2016:00:52:10 -0500] "GET /galeria/galeria/fotos/Entrenube4P.jpg HTTP/1.1" 200 10881
190.159.63.62 - - [01/Jul/2016:00:52:15 -0500] "POST /forms/lservlet;jsessionid=ac16012b30d63a7d1896caa74f03a593f2c7990c3af3.e3iSbxaKaheRe34Tax0PchuKax90n6jAmljGr5XDqQLvpAe HTTP/1.1" 200 99
66.249.66.175 - - [01/Jul/2016:00:52:18 -0500] "GET /BLA/resoluciones/RESOLUCIONES%202011/0286.pdf HTTP/1.1" 304 -
190.159.63.62 - - [01/Jul/2016:00:52:18 -0500] "POST /forms/lservlet;jsessionid=ac16012b30d63a7d1896caa74f03a593f2c7990c3af3.e3iSbxaKaheRe34Tax0PchuKax90n6jAmljGr5XDqQLvpAe HTTP/1.1" 200 66
190.159.63.62 - - [01/Jul/2016:00:52:19 -0500] "POST /forms/lservlet;jsessionid=ac16012b30d63a7d1896caa74f03a593f2c7990c3af3.e3iSbxaKaheRe34Tax0PchuKax90n6jAmljGr5XDqQLvpAe HTTP/1.1" 200 2
190.159.63.62 - - [01/Jul/2016:00:52:19 -0500] "POST /forms/lservlet;jsessionid=ac16012b30d63a7d1896caa74f03a593f2c7990c3af3.e3iSbxaKaheRe34Tax0PchuKax90n6jAmljGr5XDqQLvpAe HTTP/1.1" 200 3504
190.159.63.62 - - [01/Jul/2016:00:52:20 -0500] "POST /forms/lservlet;jsessionid=ac16012b30d63a7d1896caa74f03a593f2c7990c3af3.e3iSbxaKaheRe34Tax0PchuKax90n6jAmljGr5XDqQLvpAe HTTP/1.1" 200 2
192.168.175.104 - - [01/Jul/2016:00:52:22 -0500] "GET / HTTP/1.0" 200 9990
190.159.63.62 - - [01/Jul/2016:00:52:27 -0500] "POST /forms/lservlet;jsessionid=ac16012b30d63a7d1896caa74f03a593f2c7990c3af3.e3iSbxaKaheRe34Tax0PchuKax90n6jAmljGr5XDqQLvpAe HTTP/1.1" 200 76
201.245.192.253 - - [01/Jul/2016:00:52:29 -0500] "POST /forms/lservlet;jsessionid=ac16012b30d6a9805714b08e4799806aff7a12903620.e3iSbxaKaheRe34Tax0PchuKax90n6jAmljGr5XDqQLvpAe HTTP/1.1" 200 2
190.159.63.62 - - [01/Jul/2016:00:52:31 -0500] "POST /forms/lservlet;jsessionid=ac16012b30d63a7d1896caa74f03a593f2c7990c3af3.e3iSbxaKaheRe34Tax0PchuKax90n6jAmljGr5XDqQLvpAe HTTP/1.1" 200 66
190.159.63.62 - - [01/Jul/2016:00:52:32 -0500] "POST /forms/lservlet;jsessionid=ac16012b30d63a7d1896caa74f03a593f2c7990c3af3.e3iSbxaKaheRe34Tax0PchuKax90n6jAmljGr5XDqQLvpAe HTTP/1.1" 200 2
190.159.63.62 - - [01/Jul/2016:00:52:32 -0500] "POST /forms/lservlet;jsessionid=ac16012b30d63a7d1896caa74f03a593f2c7990c3af3.e3iSbxaKaheRe34Tax0PchuKax90n6jAmljGr5XDqQLvpAe HTTP/1.1" 200 3343
190.159.63.62 - - [01/Jul/2016:00:52:32 -0500] "POST /forms/lservlet;jsessionid=ac16012b30d63a7d1896caa74f03a593f2c7990c3af3.e3iSbxaKaheRe34Tax0PchuKax90n6jAmljGr5XDqQLvpAe HTTP/1.1" 200 2
190.159.63.62 - - [01/Jul/2016:00:52:35 -0500] "POST /forms/lservlet;jsessionid=ac16012b30d63a7d1896caa74f03a593f2c7990c3af3.e3iSbxaKaheRe34Tax0PchuKax90n6jAmljGr5XDqQLvpAe HTTP/1.1" 200 76
192.168.175.104 - - [01/Jul/2016:00:52:38 -0500] "GET / HTTP/1.1" 200 9990
190.159.63.62 - - [01/Jul/2016:00:52:38 -0500] "POST /forms/lservlet;jsessionid=ac16012b30d63a7d1896caa74f03a593f2c7990c3af3.e3iSbxaKaheRe34Tax0PchuKax90n6jAmljGr5XDqQLvpAe HTTP/1.1" 200 158
190.159.63.62 - - [01/Jul/2016:00:52:38 -0500] "POST /forms/lservlet;jsessionid=ac16012b30d63a7d1896caa74f03a593f2c7990c3af3.e3iSbxaKaheRe34Tax0PchuKax90n6jAmljGr5XDqQLvpAe HTTP/1.1" 200 7
190.159.63.62 - - [01/Jul/2016:00:52:41 -0500] "POST /forms/lservlet;jsessionid=ac16012b30d63a7d1896caa74f03a593f2c7990c3af3.e3iSbxaKaheRe34Tax0PchuKax90n6jAmljGr5XDqQLvpAe HTTP/1.1" 200 152
190.159.63.62 - - [01/Jul/2016:00:52:41 -0500] "POST /forms/lservlet;jsessionid=ac16012b30d63a7d1896caa74f03a593f2c7990c3af3.e3iSbxaKaheRe34Tax0PchuKax90n6jAmljGr5XDqQLvpAe HTTP/1.1" 200 8
190.159.63.62 - - [01/Jul/2016:00:52:41 -0500] "POST /forms/lservlet;jsessionid=ac16012b30d63a7d1896caa74f03a593f2c7990c3af3.e3iSbxaKaheRe34Tax0PchuKax90n6jAmljGr5XDqQLvpAe HTTP/1.1" 200 2
190.159.63.62 - - [01/Jul/2016:00:52:41 -0500] "POST /forms/lservlet;jsessionid=ac16012b30d63a7d1896caa74f03a593f2c7990c3af3.e3iSbxaKaheRe34Tax0PchuKax90n6jAmljGr5XDqQLvpAe HTTP/1.1" 200 2
190.159.63.62 - - [01/Jul/2016:00:52:41 -0500] "POST /forms/lservlet;jsessionid=ac16012b30d63a7d1896caa74f03a593f2c7990c3af3.e3iSbxaKaheRe34Tax0PchuKax90n6jAmljGr5XDqQLvpAe HTTP/1.1" 200 8
190.159.63.62 - - [01/Jul/2016:00:52:41 -0500] "POST /forms/lservlet;jsessionid=ac16012b30d63a7d1896caa74f03a593f2c7990c3af3.e3iSbxaKaheRe34Tax0PchuKax90n6jAmljGr5XDqQLvpAe HTTP/1.1" 200 341
190.159.63.62 - - [01/Jul/2016:00:52:42 -0500] "POST /forms/lservlet;jsessionid=ac16012b30d63a7d1896caa74f03a593f2c7990c3af3.e3iSbxaKaheRe34Tax0PchuKax90n6jAmljGr5XDqQLvpAe HTTP/1.1" 200 2
69.162.124.232 - - [01/Jul/2016:00:52:46 -0500] "HEAD / HTTP/1.1" 200 -
190.159.63.62 - - [01/Jul/2016:00:52:48 -0500] "POST /forms/lservlet;jsessionid=ac16012b30d63a7d1896caa74f03a593f2c7990c3af3.e3iSbxaKaheRe34Tax0PchuKax90n6jAmljGr5XDqQLvpAe HTTP/1.1" 200 2
66.249.66.175 - - [01/Jul/2016:00:52:56 -0500] "GET /BLA/resoluciones/RESOLUCIONES%202009/9632.pdf HTTP/1.1" 304 -
190.159.63.62 - - [01/Jul/2016:00:53:01 -0500] "POST /forms/lservlet;jsessionid=ac16012b30d63a7d1896caa74f03a593f2c7990c3af3.e3iSbxaKaheRe34Tax0PchuKax90n6jAmljGr5XDqQLvpAe HTTP/1.1" 200 73
190.159.63.62 - - [01/Jul/2016:00:53:03 -0500] "POST /forms/lservlet;jsessionid=ac16012b30d63a7d1896caa74f03a593f2c7990c3af3.e3iSbxaKaheRe34Tax0PchuKax90n6jAmljGr5XDqQLvpAe HTTP/1.1" 200 7
190.159.63.62 - - [01/Jul/2016:00:53:04 -0500] "POST /forms/lservlet;jsessionid=ac16012b30d63a7d1896caa74f03a593f2c7990c3af3.e3iSbxaKaheRe34Tax0PchuKax90n6jAmljGr5XDqQLvpAe HTTP/1.1" 200 118
190.159.63.62 - - [01/Jul/2016:00:53:05 -0500] "POST /forms/lservlet;jsessionid=ac16012b30d63a7d1896caa74f03a593f2c7990c3af3.e3iSbxaKaheRe34Tax0PchuKax90n6jAmljGr5XDqQLvpAe HTTP/1.1" 200 2
190.159.63.62 - - [01/Jul/2016:00:53:05 -0500] "POST /forms/lservlet;jsessionid=ac16012b30d63a7d1896caa74f03a593f2c7990c3af3.e3iSbxaKaheRe34Tax0PchuKax90n6jAmljGr5XDqQLvpAe HTTP/1.1" 200 3375
190.159.63.62 - - [01/Jul/2016:00:53:06 -0500] "POST /forms/lservlet;jsessionid=ac16012b30d63a7d1896caa74f03a593f2c7990c3af3.e3iSbxaKaheRe34Tax0PchuKax90n6jAmljGr5XDqQLvpAe HTTP/1.1" 200 2
190.159.63.62 - - [01/Jul/2016:00:53:07 -0500] "POST /forms/lservlet;jsessionid=ac16012b30d63a7d1896caa74f03a593f2c7990c3af3.e3iSbxaKaheRe34Tax0PchuKax90n6jAmljGr5XDqQLvpAe HTTP/1.1" 200 170
190.159.63.62 - - [01/Jul/2016:00:53:08 -0500] "POST /forms/lservlet;jsessionid=ac16012b30d63a7d1896caa74f03a593f2c7990c3af3.e3iSbxaKaheRe34Tax0PchuKax90n6jAmljGr5XDqQLvpAe HTTP/1.1" 200 98
190.159.63.62 - - [01/Jul/2016:00:53:10 -0500] "POST /forms/lservlet;jsessionid=ac16012b30d63a7d1896caa74f03a593f2c7990c3af3.e3iSbxaKaheRe34Tax0PchuKax90n6jAmljGr5XDqQLvpAe HTTP/1.1" 200 2
190.159.63.62 - - [01/Jul/2016:00:53:10 -0500] "POST /forms/lservlet;jsessionid=ac16012b30d63a7d1896caa74f03a593f2c7990c3af3.e3iSbxaKaheRe34Tax0PchuKax90n6jAmljGr5XDqQLvpAe HTTP/1.1" 200 3468
190.159.63.62 - - [01/Jul/2016:00:53:10 -0500] "POST /forms/lservlet;jsessionid=ac16012b30d63a7d1896caa74f03a593f2c7990c3af3.e3iSbxaKaheRe34Tax0PchuKax90n6jAmljGr5XDqQLvpAe HTTP/1.1" 200 2
66.249.75.235 - - [01/Jul/2016:00:53:17 -0500] "GET /BLA/resoluciones/RESOLUCIONES%202010/7693.pdf HTTP/1.1" 200 295430
190.159.63.62 - - [01/Jul/2016:00:53:18 -0500] "POST /forms/lservlet;jsessionid=ac16012b30d63a7d1896caa74f03a593f2c7990c3af3.e3iSbxaKaheRe34Tax0PchuKax90n6jAmljGr5XDqQLvpAe HTTP/1.1" 200 146
190.159.63.62 - - [01/Jul/2016:00:53:18 -0500] "POST /forms/lservlet;jsessionid=ac16012b30d63a7d1896caa74f03a593f2c7990c3af3.e3iSbxaKaheRe34Tax0PchuKax90n6jAmljGr5XDqQLvpAe HTTP/1.1" 200 7
190.159.63.62 - - [01/Jul/2016:00:53:19 -0500] "POST /forms/lservlet;jsessionid=ac16012b30d63a7d1896caa74f03a593f2c7990c3af3.e3iSbxaKaheRe34Tax0PchuKax90n6jAmljGr5XDqQLvpAe HTTP/1.1" 200 152
190.159.63.62 - - [01/Jul/2016:00:53:19 -0500] "POST /forms/lservlet;jsessionid=ac16012b30d63a7d1896caa74f03a593f2c7990c3af3.e3iSbxaKaheRe34Tax0PchuKax90n6jAmljGr5XDqQLvpAe HTTP/1.1" 200 8
190.159.63.62 - - [01/Jul/2016:00:53:19 -0500] "POST /forms/lservlet;jsessionid=ac16012b30d63a7d1896caa74f03a593f2c7990c3af3.e3iSbxaKaheRe34Tax0PchuKax90n6jAmljGr5XDqQLvpAe HTTP/1.1" 200 2
190.159.63.62 - - [01/Jul/2016:00:53:19 -0500] "POST /forms/lservlet;jsessionid=ac16012b30d63a7d1896caa74f03a593f2c7990c3af3.e3iSbxaKaheRe34Tax0PchuKax90n6jAmljGr5XDqQLvpAe HTTP/1.1" 200 2
190.159.63.62 - - [01/Jul/2016:00:53:19 -0500] "POST /forms/lservlet;jsessionid=ac16012b30d63a7d1896caa74f03a593f2c7990c3af3.e3iSbxaKaheRe34Tax0PchuKax90n6jAmljGr5XDqQLvpAe HTTP/1.1" 200 8
190.159.63.62 - - [01/Jul/2016:00:53:19 -0500] "POST /forms/lservlet;jsessionid=ac16012b30d63a7d1896caa74f03a593f2c7990c3af3.e3iSbxaKaheRe34Tax0PchuKax90n6jAmljGr5XDqQLvpAe HTTP/1.1" 200 341
190.159.63.62 - - [01/Jul/2016:00:53:20 -0500] "POST /forms/lservlet;jsessionid=ac16012b30d63a7d1896caa74f03a593f2c7990c3af3.e3iSbxaKaheRe34Tax0PchuKax90n6jAmljGr5XDqQLvpAe HTTP/1.1" 200 2
201.245.192.253 - - [01/Jul/2016:00:53:24 -0500] "POST /forms/lservlet;jsessionid=ac16012b30d6ac51536b689c47bf924fe69bbb08bba2.e3iSbxaKaheRe34Tax0PchuKax90n6jAmljGr5XDqQLvpAe HTTP/1.1" 200 2
190.159.63.62 - - [01/Jul/2016:00:53:30 -0500] "POST /forms/lservlet;jsessionid=ac16012b30d63a7d1896caa74f03a593f2c7990c3af3.e3iSbxaKaheRe34Tax0PchuKax90n6jAmljGr5XDqQLvpAe HTTP/1.1" 200 73
190.159.63.62 - - [01/Jul/2016:00:53:30 -0500] "POST /forms/lservlet;jsessionid=ac16012b30d63a7d1896caa74f03a593f2c7990c3af3.e3iSbxaKaheRe34Tax0PchuKax90n6jAmljGr5XDqQLvpAe HTTP/1.1" 200 7
190.159.63.62 - - [01/Jul/2016:00:53:33 -0500] "POST /forms/lservlet;jsessionid=ac16012b30d63a7d1896caa74f03a593f2c7990c3af3.e3iSbxaKaheRe34Tax0PchuKax90n6jAmljGr5XDqQLvpAe HTTP/1.1" 200 2
190.159.63.62 - - [01/Jul/2016:00:53:33 -0500] "POST /forms/lservlet;jsessionid=ac16012b30d63a7d1896caa74f03a593f2c7990c3af3.e3iSbxaKaheRe34Tax0PchuKax90n6jAmljGr5XDqQLvpAe HTTP/1.1" 200 14
190.159.63.62 - - [01/Jul/2016:00:53:34 -0500] "POST /forms/lservlet;jsessionid=ac16012b30d63a7d1896caa74f03a593f2c7990c3af3.e3iSbxaKaheRe34Tax0PchuKax90n6jAmljGr5XDqQLvpAe HTTP/1.1" 200 14
190.159.63.62 - - [01/Jul/2016:00:53:35 -0500] "POST /forms/lservlet;jsessionid=ac16012b30d63a7d1896caa74f03a593f2c7990c3af3.e3iSbxaKaheRe34Tax0PchuKax90n6jAmljGr5XDqQLvpAe HTTP/1.1" 200 14
131.253.26.229 - - [01/Jul/2016:00:53:36 -0500] "GET /BLA/boletinlegal/js/jquery.scrollShow.js HTTP/1.1" 200 4586
131.253.24.138 - - [01/Jul/2016:00:53:36 -0500] "GET /galeria/galeria/jquery.fancybox.js?v=2.1.5 HTTP/1.1" 200 48706
190.159.63.62 - - [01/Jul/2016:00:53:36 -0500] "POST /forms/lservlet;jsessionid=ac16012b30d63a7d1896caa74f03a593f2c7990c3af3.e3iSbxaKaheRe34Tax0PchuKax90n6jAmljGr5XDqQLvpAe HTTP/1.1" 200 114
190.159.63.62 - - [01/Jul/2016:00:53:36 -0500] "POST /forms/lservlet;jsessionid=ac16012b30d63a7d1896caa74f03a593f2c7990c3af3.e3iSbxaKaheRe34Tax0PchuKax90n6jAmljGr5XDqQLvpAe HTTP/1.1" 200 2
131.253.26.229 - - [01/Jul/2016:00:53:37 -0500] "GET /galeria/galeria/jquery.fancybox.css?v=2.1.5 HTTP/1.1" 200 4895
190.159.63.62 - - [01/Jul/2016:00:53:37 -0500] "GET /reports/rwservlet/getjobid376525?server=rep_srvapsda HTTP/1.1" 200 60801
190.24.103.161 - - [01/Jul/2016:00:53:44 -0500] "GET /BLA/resoluciones/AUTOS%202013/3052.pdf HTTP/1.1" 200 405155
190.24.103.161 - - [01/Jul/2016:00:53:45 -0500] "GET /BLA/resoluciones/AUTOS%202013/3052.pdf HTTP/1.1" 206 49597
190.159.63.62 - - [01/Jul/2016:00:53:57 -0500] "POST /forms/lservlet;jsessionid=ac16012b30d63a7d1896caa74f03a593f2c7990c3af3.e3iSbxaKaheRe34Tax0PchuKax90n6jAmljGr5XDqQLvpAe HTTP/1.1" 200 123
190.159.63.62 - - [01/Jul/2016:00:53:58 -0500] "POST /forms/lservlet;jsessionid=ac16012b30d63a7d1896caa74f03a593f2c7990c3af3.e3iSbxaKaheRe34Tax0PchuKax90n6jAmljGr5XDqQLvpAe HTTP/1.1" 200 2
190.159.63.62 - - [01/Jul/2016:00:53:58 -0500] "POST /forms/lservlet;jsessionid=ac16012b30d63a7d1896caa74f03a593f2c7990c3af3.e3iSbxaKaheRe34Tax0PchuKax90n6jAmljGr5XDqQLvpAe HTTP/1.1" 200 3268
190.159.63.62 - - [01/Jul/2016:00:53:59 -0500] "POST /forms/lservlet;jsessionid=ac16012b30d63a7d1896caa74f03a593f2c7990c3af3.e3iSbxaKaheRe34Tax0PchuKax90n6jAmljGr5XDqQLvpAe HTTP/1.1" 200 2
190.159.63.62 - - [01/Jul/2016:00:54:01 -0500] "POST /forms/lservlet;jsessionid=ac16012b30d63a7d1896caa74f03a593f2c7990c3af3.e3iSbxaKaheRe34Tax0PchuKax90n6jAmljGr5XDqQLvpAe HTTP/1.1" 200 2
190.159.63.62 - - [01/Jul/2016:00:54:01 -0500] "POST /forms/lservlet;jsessionid=ac16012b30d63a7d1896caa74f03a593f2c7990c3af3.e3iSbxaKaheRe34Tax0PchuKax90n6jAmljGr5XDqQLvpAe HTTP/1.1" 200 3391
190.159.63.62 - - [01/Jul/2016:00:54:01 -0500] "POST /forms/lservlet;jsessionid=ac16012b30d63a7d1896caa74f03a593f2c7990c3af3.e3iSbxaKaheRe34Tax0PchuKax90n6jAmljGr5XDqQLvpAe HTTP/1.1" 200 2
190.159.63.62 - - [01/Jul/2016:00:54:02 -0500] "POST /forms/lservlet;jsessionid=ac16012b30d63a7d1896caa74f03a593f2c7990c3af3.e3iSbxaKaheRe34Tax0PchuKax90n6jAmljGr5XDqQLvpAe HTTP/1.1" 200 2
190.159.63.62 - - [01/Jul/2016:00:54:02 -0500] "POST /forms/lservlet;jsessionid=ac16012b30d63a7d1896caa74f03a593f2c7990c3af3.e3iSbxaKaheRe34Tax0PchuKax90n6jAmljGr5XDqQLvpAe HTTP/1.1" 200 2602
190.159.63.62 - - [01/Jul/2016:00:54:02 -0500] "POST /forms/lservlet;jsessionid=ac16012b30d63a7d1896caa74f03a593f2c7990c3af3.e3iSbxaKaheRe34Tax0PchuKax90n6jAmljGr5XDqQLvpAe HTTP/1.1" 200 2
190.159.63.62 - - [01/Jul/2016:00:54:04 -0500] "POST /forms/lservlet;jsessionid=ac16012b30d63a7d1896caa74f03a593f2c7990c3af3.e3iSbxaKaheRe34Tax0PchuKax90n6jAmljGr5XDqQLvpAe HTTP/1.1" 200 182
190.159.63.62 - - [01/Jul/2016:00:54:12 -0500] "POST /forms/lservlet;jsessionid=ac16012b30d63a7d1896caa74f03a593f2c7990c3af3.e3iSbxaKaheRe34Tax0PchuKax90n6jAmljGr5XDqQLvpAe HTTP/1.1" 200 98
190.159.63.62 - - [01/Jul/2016:00:54:13 -0500] "POST /forms/lservlet;jsessionid=ac16012b30d63a7d1896caa74f03a593f2c7990c3af3.e3iSbxaKaheRe34Tax0PchuKax90n6jAmljGr5XDqQLvpAe HTTP/1.1" 200 2
190.159.63.62 - - [01/Jul/2016:00:54:13 -0500] "POST /forms/lservlet;jsessionid=ac16012b30d63a7d1896caa74f03a593f2c7990c3af3.e3iSbxaKaheRe34Tax0PchuKax90n6jAmljGr5XDqQLvpAe HTTP/1.1" 200 2246
190.159.63.62 - - [01/Jul/2016:00:54:13 -0500] "POST /forms/lservlet;jsessionid=ac16012b30d63a7d1896caa74f03a593f2c7990c3af3.e3iSbxaKaheRe34Tax0PchuKax90n6jAmljGr5XDqQLvpAe HTTP/1.1" 200 10
190.159.63.62 - - [01/Jul/2016:00:54:15 -0500] "POST /forms/lservlet;jsessionid=ac16012b30d63a7d1896caa74f03a593f2c7990c3af3.e3iSbxaKaheRe34Tax0PchuKax90n6jAmljGr5XDqQLvpAe HTTP/1.1" 200 2
190.159.63.62 - - [01/Jul/2016:00:54:15 -0500] "POST /forms/lservlet;jsessionid=ac16012b30d63a7d1896caa74f03a593f2c7990c3af3.e3iSbxaKaheRe34Tax0PchuKax90n6jAmljGr5XDqQLvpAe HTTP/1.1" 200 3450
190.159.63.62 - - [01/Jul/2016:00:54:15 -0500] "POST /forms/lservlet;jsessionid=ac16012b30d63a7d1896caa74f03a593f2c7990c3af3.e3iSbxaKaheRe34Tax0PchuKax90n6jAmljGr5XDqQLvpAe HTTP/1.1" 200 2
190.159.63.62 - - [01/Jul/2016:00:54:17 -0500] "POST /forms/lservlet;jsessionid=ac16012b30d63a7d1896caa74f03a593f2c7990c3af3.e3iSbxaKaheRe34Tax0PchuKax90n6jAmljGr5XDqQLvpAe HTTP/1.1" 200 2
190.159.63.62 - - [01/Jul/2016:00:54:17 -0500] "POST /forms/lservlet;jsessionid=ac16012b30d63a7d1896caa74f03a593f2c7990c3af3.e3iSbxaKaheRe34Tax0PchuKax90n6jAmljGr5XDqQLvpAe HTTP/1.1" 200 2756
190.159.63.62 - - [01/Jul/2016:00:54:18 -0500] "POST /forms/lservlet;jsessionid=ac16012b30d63a7d1896caa74f03a593f2c7990c3af3.e3iSbxaKaheRe34Tax0PchuKax90n6jAmljGr5XDqQLvpAe HTTP/1.1" 200 2
190.255.40.77 - - [01/Jul/2016:00:54:18 -0500] "GET /galeria/galeria/jquery.fancybox.css?v=2.1.5 HTTP/1.1" 200 4895
190.255.40.77 - - [01/Jul/2016:00:54:18 -0500] "GET /BLA/boletinlegal/js/jquery.scrollShow.js HTTP/1.1" 200 4586
190.159.63.62 - - [01/Jul/2016:00:54:18 -0500] "POST /forms/lservlet;jsessionid=ac16012b30d63a7d1896caa74f03a593f2c7990c3af3.e3iSbxaKaheRe34Tax0PchuKax90n6jAmljGr5XDqQLvpAe HTTP/1.1" 200 2
190.255.40.77 - - [01/Jul/2016:00:54:18 -0500] "GET /galeria/galeria/jquery.fancybox.js?v=2.1.5 HTTP/1.1" 200 48706
190.159.63.62 - - [01/Jul/2016:00:54:18 -0500] "POST /forms/lservlet;jsessionid=ac16012b30d63a7d1896caa74f03a593f2c7990c3af3.e3iSbxaKaheRe34Tax0PchuKax90n6jAmljGr5XDqQLvpAe HTTP/1.1" 200 14
190.159.63.62 - - [01/Jul/2016:00:54:20 -0500] "POST /forms/lservlet;jsessionid=ac16012b30d63a7d1896caa74f03a593f2c7990c3af3.e3iSbxaKaheRe34Tax0PchuKax90n6jAmljGr5XDqQLvpAe HTTP/1.1" 200 14
190.159.63.62 - - [01/Jul/2016:00:54:21 -0500] "POST /forms/lservlet;jsessionid=ac16012b30d63a7d1896caa74f03a593f2c7990c3af3.e3iSbxaKaheRe34Tax0PchuKax90n6jAmljGr5XDqQLvpAe HTTP/1.1" 200 14
190.159.63.62 - - [01/Jul/2016:00:54:22 -0500] "POST /forms/lservlet;jsessionid=ac16012b30d63a7d1896caa74f03a593f2c7990c3af3.e3iSbxaKaheRe34Tax0PchuKax90n6jAmljGr5XDqQLvpAe HTTP/1.1" 200 14
190.159.63.62 - - [01/Jul/2016:00:54:24 -0500] "POST /forms/lservlet;jsessionid=ac16012b30d63a7d1896caa74f03a593f2c7990c3af3.e3iSbxaKaheRe34Tax0PchuKax90n6jAmljGr5XDqQLvpAe HTTP/1.1" 200 131
190.159.63.62 - - [01/Jul/2016:00:54:25 -0500] "POST /forms/lservlet;jsessionid=ac16012b30d63a7d1896caa74f03a593f2c7990c3af3.e3iSbxaKaheRe34Tax0PchuKax90n6jAmljGr5XDqQLvpAe HTTP/1.1" 200 2
190.255.40.77 - - [01/Jul/2016:00:54:28 -0500] "GET /BLA/boletinlegal/js/jquery.scrollShow.js HTTP/1.1" 304 -
190.255.40.77 - - [01/Jul/2016:00:54:28 -0500] "GET /galeria/galeria/jquery.fancybox.css?v=2.1.5 HTTP/1.1" 304 -
190.255.40.77 - - [01/Jul/2016:00:54:28 -0500] "GET /galeria/galeria/jquery.fancybox.js?v=2.1.5 HTTP/1.1" 304 -
66.249.66.180 - - [01/Jul/2016:00:53:30 -0500] "GET /BLA/boletinlegal/ HTTP/1.1" 200 52190
201.245.192.253 - - [01/Jul/2016:00:54:29 -0500] "POST /forms/lservlet;jsessionid=ac16012b30d6a9805714b08e4799806aff7a12903620.e3iSbxaKaheRe34Tax0PchuKax90n6jAmljGr5XDqQLvpAe HTTP/1.1" 200 2
190.159.63.62 - - [01/Jul/2016:00:54:25 -0500] "GET /reports/rwservlet/getjobid376526?server=rep_srvapsda HTTP/1.1" 200 7313050
190.159.63.62 - - [01/Jul/2016:00:54:48 -0500] "POST /forms/lservlet;jsessionid=ac16012b30d63a7d1896caa74f03a593f2c7990c3af3.e3iSbxaKaheRe34Tax0PchuKax90n6jAmljGr5XDqQLvpAe HTTP/1.1" 200 2
66.249.66.175 - - [01/Jul/2016:00:55:09 -0500] "GET /BLA/resoluciones/AUTOS%202015/2103.pdf HTTP/1.1" 304 -
66.249.66.183 - - [01/Jul/2016:00:55:13 -0500] "GET / HTTP/1.1" 200 9990
190.159.63.62 - - [01/Jul/2016:00:55:14 -0500] "POST /forms/lservlet;jsessionid=ac16012b30d63a7d1896caa74f03a593f2c7990c3af3.e3iSbxaKaheRe34Tax0PchuKax90n6jAmljGr5XDqQLvpAe HTTP/1.1" 200 2
190.159.63.62 - - [01/Jul/2016:00:55:15 -0500] "POST /forms/lservlet;jsessionid=ac16012b30d63a7d1896caa74f03a593f2c7990c3af3.e3iSbxaKaheRe34Tax0PchuKax90n6jAmljGr5XDqQLvpAe HTTP/1.1" 200 2422
190.159.63.62 - - [01/Jul/2016:00:55:15 -0500] "POST /forms/lservlet;jsessionid=ac16012b30d63a7d1896caa74f03a593f2c7990c3af3.e3iSbxaKaheRe34Tax0PchuKax90n6jAmljGr5XDqQLvpAe HTTP/1.1" 200 2
190.159.63.62 - - [01/Jul/2016:00:55:16 -0500] "POST /forms/lservlet;jsessionid=ac16012b30d63a7d1896caa74f03a593f2c7990c3af3.e3iSbxaKaheRe34Tax0PchuKax90n6jAmljGr5XDqQLvpAe HTTP/1.1" 200 2
190.159.63.62 - - [01/Jul/2016:00:55:16 -0500] "POST /forms/lservlet;jsessionid=ac16012b30d63a7d1896caa74f03a593f2c7990c3af3.e3iSbxaKaheRe34Tax0PchuKax90n6jAmljGr5XDqQLvpAe HTTP/1.1" 200 14
190.159.63.62 - - [01/Jul/2016:00:55:17 -0500] "POST /forms/lservlet;jsessionid=ac16012b30d63a7d1896caa74f03a593f2c7990c3af3.e3iSbxaKaheRe34Tax0PchuKax90n6jAmljGr5XDqQLvpAe HTTP/1.1" 200 14
190.159.63.62 - - [01/Jul/2016:00:55:19 -0500] "POST /forms/lservlet;jsessionid=ac16012b30d63a7d1896caa74f03a593f2c7990c3af3.e3iSbxaKaheRe34Tax0PchuKax90n6jAmljGr5XDqQLvpAe HTTP/1.1" 200 112
190.159.63.62 - - [01/Jul/2016:00:55:19 -0500] "POST /forms/lservlet;jsessionid=ac16012b30d63a7d1896caa74f03a593f2c7990c3af3.e3iSbxaKaheRe34Tax0PchuKax90n6jAmljGr5XDqQLvpAe HTTP/1.1" 200 2
190.159.63.62 - - [01/Jul/2016:00:55:19 -0500] "GET /reports/rwservlet/getjobid376527?server=rep_srvapsda HTTP/1.1" 200 2246187
201.245.192.253 - - [01/Jul/2016:00:55:25 -0500] "POST /forms/lservlet;jsessionid=ac16012b30d6ac51536b689c47bf924fe69bbb08bba2.e3iSbxaKaheRe34Tax0PchuKax90n6jAmljGr5XDqQLvpAe HTTP/1.1" 200 2
201.245.192.253 - - [01/Jul/2016:00:56:29 -0500] "POST /forms/lservlet;jsessionid=ac16012b30d6a9805714b08e4799806aff7a12903620.e3iSbxaKaheRe34Tax0PchuKax90n6jAmljGr5XDqQLvpAe HTTP/1.1" 200 2
190.159.63.62 - - [01/Jul/2016:00:56:48 -0500] "POST /forms/lservlet;jsessionid=ac16012b30d63a7d1896caa74f03a593f2c7990c3af3.e3iSbxaKaheRe34Tax0PchuKax90n6jAmljGr5XDqQLvpAe HTTP/1.1" 200 2
192.168.175.104 - - [01/Jul/2016:00:56:52 -0500] "GET / HTTP/1.1" 200 9990
66.249.66.175 - - [01/Jul/2016:00:57:11 -0500] "GET /BLA/resoluciones/AUTOS%202013/2187.pdf HTTP/1.1" 200 883003
192.168.175.104 - - [01/Jul/2016:00:57:21 -0500] "GET / HTTP/1.0" 200 9990
201.245.192.253 - - [01/Jul/2016:00:57:25 -0500] "POST /forms/lservlet;jsessionid=ac16012b30d6ac51536b689c47bf924fe69bbb08bba2.e3iSbxaKaheRe34Tax0PchuKax90n6jAmljGr5XDqQLvpAe HTTP/1.1" 200 2
181.210.40.75 - - [01/Jul/2016:00:57:26 -0500] "GET /galeria/galeria/jquery.fancybox.css?v=2.1.5 HTTP/1.1" 200 4895
181.210.40.75 - - [01/Jul/2016:00:57:26 -0500] "GET /BLA/boletinlegal/js/jquery.scrollShow.js HTTP/1.1" 200 4586
181.210.40.75 - - [01/Jul/2016:00:57:26 -0500] "GET /galeria/galeria/jquery.fancybox.js?v=2.1.5 HTTP/1.1" 200 48706
192.168.175.104 - - [01/Jul/2016:00:57:37 -0500] "GET / HTTP/1.1" 200 9990
69.162.124.232 - - [01/Jul/2016:00:57:45 -0500] "HEAD / HTTP/1.1" 200 -
66.249.66.184 - - [01/Jul/2016:00:57:54 -0500] "GET /robots.txt HTTP/1.1" 404 1019
66.249.66.187 - - [01/Jul/2016:00:57:54 -0500] "GET / HTTP/1.1" 200 9990
66.249.66.175 - - [01/Jul/2016:00:57:57 -0500] "GET /BLA/resoluciones/AUTOS%202007/0926.pdf HTTP/1.1" 200 215731
181.210.40.75 - - [01/Jul/2016:00:58:05 -0500] "GET /galeria/galeria/jquery.fancybox.css?v=2.1.5 HTTP/1.1" 304 -
181.210.40.75 - - [01/Jul/2016:00:58:05 -0500] "GET /BLA/boletinlegal/js/jquery.scrollShow.js HTTP/1.1" 304 -
181.210.40.75 - - [01/Jul/2016:00:58:05 -0500] "GET /galeria/galeria/jquery.fancybox.js?v=2.1.5 HTTP/1.1" 304 -
66.249.66.175 - - [01/Jul/2016:00:58:13 -0500] "GET /BLA/resoluciones/AUTOS%202007/1303.pdf HTTP/1.1" 200 242023
201.245.192.253 - - [01/Jul/2016:00:58:29 -0500] "POST /forms/lservlet;jsessionid=ac16012b30d6a9805714b08e4799806aff7a12903620.e3iSbxaKaheRe34Tax0PchuKax90n6jAmljGr5XDqQLvpAe HTTP/1.1" 200 2
164.132.161.4 - - [01/Jul/2016:00:58:39 -0500] "GET /BLA/resoluciones/RESOLUCIONES%202005/RES%202005%20301-351/00000324.tif HTTP/1.1" 200 156750
190.159.63.62 - - [01/Jul/2016:00:58:48 -0500] "POST /forms/lservlet;jsessionid=ac16012b30d63a7d1896caa74f03a593f2c7990c3af3.e3iSbxaKaheRe34Tax0PchuKax90n6jAmljGr5XDqQLvpAe HTTP/1.1" 200 2
66.249.66.175 - - [01/Jul/2016:00:58:51 -0500] "GET / HTTP/1.1" 200 9990
66.249.66.175 - - [01/Jul/2016:00:59:13 -0500] "GET /BLA/resoluciones/RESOLUCIONES%202013/1138.pdf HTTP/1.1" 304 -
201.245.192.253 - - [01/Jul/2016:00:59:25 -0500] "POST /forms/lservlet;jsessionid=ac16012b30d6ac51536b689c47bf924fe69bbb08bba2.e3iSbxaKaheRe34Tax0PchuKax90n6jAmljGr5XDqQLvpAe HTTP/1.1" 200 2
66.249.66.175 - - [01/Jul/2016:00:59:34 -0500] "GET /autoliquidacion/TR%C3%81MITES%20AGUAS%20SUPERFICIALES/Lista%20de%20chequeo%20concesion%20de%20aguas%20superficiales.XLS HTTP/1.1" 304 -
66.249.66.175 - - [01/Jul/2016:01:00:10 -0500] "GET /BLA/resoluciones/AUTOS%202009/0499.pdf HTTP/1.1" 200 185717
201.245.192.253 - - [01/Jul/2016:01:00:29 -0500] "POST /forms/lservlet;jsessionid=ac16012b30d6a9805714b08e4799806aff7a12903620.e3iSbxaKaheRe34Tax0PchuKax90n6jAmljGr5XDqQLvpAe HTTP/1.1" 200 2
66.249.64.198 - - [01/Jul/2016:01:00:32 -0500] "GET /BLA/resoluciones/RESOLUCIONES%202009/4406.pdf HTTP/1.1" 304 -
66.249.66.187 - - [01/Jul/2016:01:00:48 -0500] "GET /BLA/ HTTP/1.1" 200 538
190.159.63.62 - - [01/Jul/2016:01:00:48 -0500] "POST /forms/lservlet;jsessionid=ac16012b30d63a7d1896caa74f03a593f2c7990c3af3.e3iSbxaKaheRe34Tax0PchuKax90n6jAmljGr5XDqQLvpAe HTTP/1.1" 200 2
66.249.66.175 - - [01/Jul/2016:01:00:53 -0500] "GET /BLA/resoluciones/RESOLUCIONES%202013/0116.pdf HTTP/1.1" 304 -
201.245.192.253 - - [01/Jul/2016:01:01:25 -0500] "POST /forms/lservlet;jsessionid=ac16012b30d6ac51536b689c47bf924fe69bbb08bba2.e3iSbxaKaheRe34Tax0PchuKax90n6jAmljGr5XDqQLvpAe HTTP/1.1" 200 2
66.249.66.175 - - [01/Jul/2016:01:01:31 -0500] "GET /BLA/resoluciones/RESOLUCIONES%202010/5762.pdf HTTP/1.1" 304 -
66.249.66.175 - - [01/Jul/2016:01:01:32 -0500] "GET /BLA/resoluciones/RESOLUCIONES%202007/RES%202007%20401%20AL%20500/RESOLUCION%200461%20DE%202007.pdf HTTP/1.1" 304 -
192.168.175.104 - - [01/Jul/2016:01:01:50 -0500] "GET / HTTP/1.1" 200 9990
66.249.66.175 - - [01/Jul/2016:01:01:50 -0500] "GET /BLA/resoluciones/RESOLUCIONES%202007/RES%202007%201501%20AL%201600/RESOLUCION%201545%20DE%202007.pdf HTTP/1.1" 304 -
181.130.243.133 - - [01/Jul/2016:01:02:06 -0500] "GET /galeria/galeria/jquery.fancybox.css?v=2.1.5 HTTP/1.1" 200 4895
181.130.243.133 - - [01/Jul/2016:01:02:06 -0500] "GET /BLA/boletinlegal/js/jquery.scrollShow.js HTTP/1.1" 200 4586
181.130.243.133 - - [01/Jul/2016:01:02:06 -0500] "GET /galeria/galeria/jquery.fancybox.js?v=2.1.5 HTTP/1.1" 200 48706
66.249.66.175 - - [01/Jul/2016:01:02:12 -0500] "GET /BLA/resoluciones/RESOLUCIONES%202007/RES%202007%20101%20AL%20200/RESOLUCION%200115%20%20DE%202007.pdf HTTP/1.1" 304 -
66.249.66.175 - - [01/Jul/2016:01:02:19 -0500] "GET /BLA/resoluciones/RESOLUCIONES%202011/2646.pdf HTTP/1.1" 304 -
192.168.175.104 - - [01/Jul/2016:01:02:20 -0500] "GET / HTTP/1.0" 200 9990
164.132.161.83 - - [01/Jul/2016:01:02:24 -0500] "GET /BLA/resoluciones/RESOLUCIONES%202006/RES%202006%202701-2750/00002744.tif HTTP/1.1" 200 201214
201.245.192.253 - - [01/Jul/2016:01:02:30 -0500] "POST /forms/lservlet;jsessionid=ac16012b30d6a9805714b08e4799806aff7a12903620.e3iSbxaKaheRe34Tax0PchuKax90n6jAmljGr5XDqQLvpAe HTTP/1.1" 200 2
192.168.175.104 - - [01/Jul/2016:01:02:35 -0500] "GET / HTTP/1.1" 200 9990
66.249.66.175 - - [01/Jul/2016:01:02:41 -0500] "GET /BLA/resoluciones/RESOLUCIONES%202009/3199.pdf HTTP/1.1" 304 -
69.162.124.232 - - [01/Jul/2016:01:02:46 -0500] "HEAD / HTTP/1.1" 200 -
190.159.63.62 - - [01/Jul/2016:01:02:48 -0500] "POST /forms/lservlet;jsessionid=ac16012b30d63a7d1896caa74f03a593f2c7990c3af3.e3iSbxaKaheRe34Tax0PchuKax90n6jAmljGr5XDqQLvpAe HTTP/1.1" 200 2
66.249.66.175 - - [01/Jul/2016:01:02:49 -0500] "GET /resoluciones/RESOLUCIONES%202010/1390.pdf HTTP/1.1" 404 1018
173.234.57.19 - - [01/Jul/2016:01:03:02 -0500] "-" 408 -
186.27.148.140 - - [01/Jul/2016:01:03:08 -0500] "GET /galeria/galeria/jquery.fancybox.css?v=2.1.5 HTTP/1.1" 200 4895
186.27.148.140 - - [01/Jul/2016:01:03:08 -0500] "GET /BLA/boletinlegal/js/jquery.scrollShow.js HTTP/1.1" 200 4586
186.27.148.140 - - [01/Jul/2016:01:03:08 -0500] "GET /galeria/galeria/jquery.fancybox.js?v=2.1.5 HTTP/1.1" 200 48706
66.249.66.175 - - [01/Jul/2016:01:03:14 -0500] "GET /BLA/resoluciones/RESOLUCIONES%202009/8632.pdf HTTP/1.1" 304 -
66.249.66.175 - - [01/Jul/2016:01:03:24 -0500] "GET /BLA/resoluciones/AUTOS%202013/1706.pdf HTTP/1.1" 304 -
201.245.192.253 - - [01/Jul/2016:01:03:25 -0500] "POST /forms/lservlet;jsessionid=ac16012b30d6ac51536b689c47bf924fe69bbb08bba2.e3iSbxaKaheRe34Tax0PchuKax90n6jAmljGr5XDqQLvpAe HTTP/1.1" 200 2
66.249.66.175 - - [01/Jul/2016:01:03:52 -0500] "GET /BLA/resoluciones/AUTOS%202013/0196.pdf HTTP/1.1" 304 -
66.249.66.175 - - [01/Jul/2016:01:04:14 -0500] "GET /BLA/resoluciones/RESOLUCIONES%202014/0565.pdf HTTP/1.1" 304 -
201.245.192.253 - - [01/Jul/2016:01:04:30 -0500] "POST /forms/lservlet;jsessionid=ac16012b30d6a9805714b08e4799806aff7a12903620.e3iSbxaKaheRe34Tax0PchuKax90n6jAmljGr5XDqQLvpAe HTTP/1.1" 200 2
190.159.63.62 - - [01/Jul/2016:01:04:48 -0500] "POST /forms/lservlet;jsessionid=ac16012b30d63a7d1896caa74f03a593f2c7990c3af3.e3iSbxaKaheRe34Tax0PchuKax90n6jAmljGr5XDqQLvpAe HTTP/1.1" 200 2
66.249.66.175 - - [01/Jul/2016:01:04:57 -0500] "GET /BLA/resoluciones/AUTOS%202012/1484.pdf HTTP/1.1" 304 -
24.211.171.240 - - [01/Jul/2016:01:05:05 -0500] "GET /webdav/x32.php?host=185.34.104.124&time=60&port=80 HTTP/1.1" 404 1018
50.118.145.28 - - [01/Jul/2016:01:05:16 -0500] "GET /webdav/x32.php?host=70.122.158.143&time=60&port=80 HTTP/1.1" 404 1018
50.118.145.28 - - [01/Jul/2016:01:05:16 -0500] "GET /webdav/x32.php?host=70.122.158.143&time=60&port=80 HTTP/1.1" 404 1018
66.249.66.175 - - [01/Jul/2016:01:05:18 -0500] "GET /BLA/resoluciones/AUTOS%202011/0104.pdf HTTP/1.1" 304 -
51.255.65.24 - - [01/Jul/2016:01:05:20 -0500] "GET /BLA/resoluciones/AUTOS%202006/AUTOS%202006%202601%20-%202700/00002658.tif HTTP/1.1" 200 53030
50.118.145.28 - - [01/Jul/2016:01:05:21 -0500] "GET /webdav/x32.php?host=70.122.158.143&time=60&port=80 HTTP/1.1" 404 1018
201.245.192.253 - - [01/Jul/2016:01:05:26 -0500] "POST /forms/lservlet;jsessionid=ac16012b30d6ac51536b689c47bf924fe69bbb08bba2.e3iSbxaKaheRe34Tax0PchuKax90n6jAmljGr5XDqQLvpAe HTTP/1.1" 200 2
173.234.57.19 - - [01/Jul/2016:01:05:32 -0500] "-" 408 -
66.249.66.175 - - [01/Jul/2016:01:06:00 -0500] "GET /resoluciones/RESOLUCIONES%202008/1691.pdf HTTP/1.1" 404 1018
66.249.66.175 - - [01/Jul/2016:01:06:13 -0500] "GET /BLA/resoluciones/RESOLUCIONES%202010/4447.pdf HTTP/1.1" 200 518982
66.249.66.175 - - [01/Jul/2016:01:06:16 -0500] "GET /BLA/resoluciones/AUTOS%202015/0489.pdf HTTP/1.1" 304 -
201.245.192.253 - - [01/Jul/2016:01:06:30 -0500] "POST /forms/lservlet;jsessionid=ac16012b30d6a9805714b08e4799806aff7a12903620.e3iSbxaKaheRe34Tax0PchuKax90n6jAmljGr5XDqQLvpAe HTTP/1.1" 200 2
66.249.66.175 - - [01/Jul/2016:01:06:40 -0500] "GET /BLA/resoluciones/RESOLUCIONES%202007/RES%202007%204001%20AL%204100/RESOLUCION%204045%20DE%202007.pdf HTTP/1.1" 304 -
192.168.175.104 - - [01/Jul/2016:01:06:48 -0500] "GET / HTTP/1.1" 200 9990
190.159.63.62 - - [01/Jul/2016:01:06:48 -0500] "POST /forms/lservlet;jsessionid=ac16012b30d63a7d1896caa74f03a593f2c7990c3af3.e3iSbxaKaheRe34Tax0PchuKax90n6jAmljGr5XDqQLvpAe HTTP/1.1" 200 2
66.249.66.175 - - [01/Jul/2016:01:07:00 -0500] "GET /desprendiblespago/controlador HTTP/1.1" 200 2321
66.249.66.175 - - [01/Jul/2016:01:07:06 -0500] "GET /BLA/resoluciones/RESOLUCIONES%202012/0805.pdf HTTP/1.1" 304 -
192.168.175.104 - - [01/Jul/2016:01:07:18 -0500] "GET / HTTP/1.0" 200 9990
201.245.192.253 - - [01/Jul/2016:01:07:26 -0500] "POST /forms/lservlet;jsessionid=ac16012b30d6ac51536b689c47bf924fe69bbb08bba2.e3iSbxaKaheRe34Tax0PchuKax90n6jAmljGr5XDqQLvpAe HTTP/1.1" 200 2
66.249.66.175 - - [01/Jul/2016:01:07:28 -0500] "GET /BLA/resoluciones/RESOLUCIONES%202014/0985.pdf HTTP/1.1" 304 -
192.168.175.104 - - [01/Jul/2016:01:07:33 -0500] "GET / HTTP/1.1" 200 9990
