181.61.142.83 - - [01/Jul/2016:03:12:47 -0500] "GET /BLA/boletinlegal/js/jquery.scrollShow.js HTTP/1.1" 200 4586
181.61.142.83 - - [01/Jul/2016:03:12:47 -0500] "GET /galeria/galeria/jquery.fancybox.js?v=2.1.5 HTTP/1.1" 200 48706
201.245.192.253 - - [01/Jul/2016:03:12:48 -0500] "POST /forms/lservlet;jsessionid=ac16012b30d6a9805714b08e4799806aff7a12903620.e3iSbxaKaheRe34Tax0PchuKax90n6jAmljGr5XDqQLvpAe HTTP/1.1" 200 2
51.255.65.74 - - [01/Jul/2016:03:12:49 -0500] "GET /BLA/resoluciones/index.php?dir=RESOLUCIONES%202003/RES%202003%202101-2150/&sort=size&order=desc HTTP/1.1" 200 12159
181.61.142.83 - - [01/Jul/2016:03:12:51 -0500] "GET /BLA/boletinlegal/js/jquery.scrollShow.js HTTP/1.1" 304 -
181.61.142.83 - - [01/Jul/2016:03:12:51 -0500] "GET /galeria/galeria/jquery.fancybox.js?v=2.1.5 HTTP/1.1" 304 -
181.61.142.83 - - [01/Jul/2016:03:12:51 -0500] "GET /galeria/galeria/jquery.fancybox.css?v=2.1.5 HTTP/1.1" 304 -
66.249.66.175 - - [01/Jul/2016:03:12:55 -0500] "GET /BLA/resoluciones/RESOLUCIONES%202014/3653.pdf HTTP/1.1" 304 -
201.245.192.253 - - [01/Jul/2016:03:13:41 -0500] "POST /forms/lservlet;jsessionid=ac16012b30d6ac51536b689c47bf924fe69bbb08bba2.e3iSbxaKaheRe34Tax0PchuKax90n6jAmljGr5XDqQLvpAe HTTP/1.1" 200 2
164.132.161.80 - - [01/Jul/2016:03:13:46 -0500] "GET /BLA/resoluciones/RESOLUCIONES%202004/RES%202004%20151-200/00000183.tif HTTP/1.1" 200 161806
164.132.161.8 - - [01/Jul/2016:03:14:45 -0500] "GET /BLA/resoluciones/RESOLUCIONES%202005/RES%202005%201351-1400/00001399.tif HTTP/1.1" 200 39496
201.245.192.253 - - [01/Jul/2016:03:14:48 -0500] "POST /forms/lservlet;jsessionid=ac16012b30d6a9805714b08e4799806aff7a12903620.e3iSbxaKaheRe34Tax0PchuKax90n6jAmljGr5XDqQLvpAe HTTP/1.1" 200 2
66.249.66.175 - - [01/Jul/2016:03:14:48 -0500] "GET /BLA/resoluciones/RESOLUCIONES%202012/1725.pdf HTTP/1.1" 304 -
151.80.31.166 - - [01/Jul/2016:03:15:03 -0500] "GET /BLA/resoluciones/RESOLUCIONES%202005/RES%202005%201851-1900/00001858.tif HTTP/1.1" 200 29670
66.249.66.175 - - [01/Jul/2016:03:15:36 -0500] "GET /BLA/resoluciones/AUTOS%202011/3512.pdf HTTP/1.1" 200 133640
201.245.192.253 - - [01/Jul/2016:03:15:41 -0500] "POST /forms/lservlet;jsessionid=ac16012b30d6ac51536b689c47bf924fe69bbb08bba2.e3iSbxaKaheRe34Tax0PchuKax90n6jAmljGr5XDqQLvpAe HTTP/1.1" 200 2
192.168.175.104 - - [01/Jul/2016:03:16:04 -0500] "GET / HTTP/1.1" 200 9990
66.249.66.175 - - [01/Jul/2016:03:16:19 -0500] "GET /BLA/resoluciones/AUTOS%202015/2099.pdf HTTP/1.1" 200 722426
192.168.175.104 - - [01/Jul/2016:03:16:34 -0500] "GET / HTTP/1.0" 200 9990
201.245.192.253 - - [01/Jul/2016:03:16:48 -0500] "POST /forms/lservlet;jsessionid=ac16012b30d6a9805714b08e4799806aff7a12903620.e3iSbxaKaheRe34Tax0PchuKax90n6jAmljGr5XDqQLvpAe HTTP/1.1" 200 2
192.168.175.104 - - [01/Jul/2016:03:16:49 -0500] "GET / HTTP/1.1" 200 9990
66.249.66.175 - - [01/Jul/2016:03:17:01 -0500] "GET /BLA/resoluciones/AUTOS%202015/4847.pdf HTTP/1.1" 304 -
62.42.176.111 - - [01/Jul/2016:03:17:20 -0500] "GET /BLA/boletinlegal/js/jquery.scrollShow.js HTTP/1.1" 200 4586
62.42.176.111 - - [01/Jul/2016:03:17:20 -0500] "GET /galeria/galeria/jquery.fancybox.css?v=2.1.5 HTTP/1.1" 200 4895
62.42.176.111 - - [01/Jul/2016:03:17:20 -0500] "GET /galeria/galeria/jquery.fancybox.js?v=2.1.5 HTTP/1.1" 200 48706
51.255.65.82 - - [01/Jul/2016:03:17:24 -0500] "GET /BLA/resoluciones/RESOLUCIONES%202002/RES%202002%20901-950/00000929.tif HTTP/1.1" 200 106052
66.249.66.183 - - [01/Jul/2016:03:17:36 -0500] "GET /BLA/boletinlegal/Directivas/2009/Directiva%20No.%20del%2023%20de%20Diciembre%20de%202009.pdf HTTP/1.1" 304 -
201.245.192.253 - - [01/Jul/2016:03:17:41 -0500] "POST /forms/lservlet;jsessionid=ac16012b30d6ac51536b689c47bf924fe69bbb08bba2.e3iSbxaKaheRe34Tax0PchuKax90n6jAmljGr5XDqQLvpAe HTTP/1.1" 200 2
62.42.176.111 - - [01/Jul/2016:03:17:44 -0500] "GET /galeria/galeria/jquery.fancybox.css?v=2.1.5 HTTP/1.1" 304 -
62.42.176.111 - - [01/Jul/2016:03:17:44 -0500] "GET /galeria/galeria/jquery.fancybox.js?v=2.1.5 HTTP/1.1" 304 -
62.42.176.111 - - [01/Jul/2016:03:17:44 -0500] "GET /BLA/boletinlegal/js/jquery.scrollShow.js HTTP/1.1" 304 -
69.162.124.232 - - [01/Jul/2016:03:17:45 -0500] "HEAD / HTTP/1.1" 200 -
66.249.66.175 - - [01/Jul/2016:03:18:17 -0500] "GET /BLA/resoluciones/RESOLUCIONES%202010/5720.pdf HTTP/1.1" 304 -
66.249.66.175 - - [01/Jul/2016:03:18:31 -0500] "GET /BLA/resoluciones/RESOLUCIONES%202007/RES%202007%202901%20AL%203000/RESOLUCION%202905%20DE%202007.pdf HTTP/1.1" 304 -
201.245.192.253 - - [01/Jul/2016:03:18:48 -0500] "POST /forms/lservlet;jsessionid=ac16012b30d6a9805714b08e4799806aff7a12903620.e3iSbxaKaheRe34Tax0PchuKax90n6jAmljGr5XDqQLvpAe HTTP/1.1" 200 2
66.249.66.175 - - [01/Jul/2016:03:18:52 -0500] "GET /BLA/resoluciones/RESOLUCIONES%202010/2414.pdf HTTP/1.1" 304 -
66.249.66.175 - - [01/Jul/2016:03:19:06 -0500] "GET /BLA/resoluciones/RESOLUCIONES%202007/RES%202007%204001%20AL%204100/RESOLUCION%204090%20DE%202007.pdf HTTP/1.1" 304 -
66.249.66.175 - - [01/Jul/2016:03:19:13 -0500] "GET /BLA/resoluciones/RESOLUCIONES%202011/6971.pdf HTTP/1.1" 304 -
180.76.15.156 - - [01/Jul/2016:03:19:30 -0500] "GET /BLA/resoluciones/RESOLUCIONES%202007/RES%202007%20301%20AL%20400/RESOLUCION%200343%20DE%202007.pdf HTTP/1.1" 200 301425
201.245.192.253 - - [01/Jul/2016:03:19:41 -0500] "POST /forms/lservlet;jsessionid=ac16012b30d6ac51536b689c47bf924fe69bbb08bba2.e3iSbxaKaheRe34Tax0PchuKax90n6jAmljGr5XDqQLvpAe HTTP/1.1" 200 2
180.76.15.21 - - [01/Jul/2016:03:19:43 -0500] "GET /BLA/resoluciones/RESOLUCIONES%202007/RES%202007%202301%20AL%202400/RESOLUCION%202331%20DE%202007.pdf HTTP/1.1" 200 109526
180.76.15.138 - - [01/Jul/2016:03:19:47 -0500] "GET /BLA/resoluciones/RESOLUCIONES%202007/RES%202007%202301%20AL%202400/RESOLUCION%202331%20DE%202007.pdf HTTP/1.1" 200 109526
180.76.15.18 - - [01/Jul/2016:03:19:57 -0500] "GET /BLA/resoluciones/RESOLUCIONES%202007/RES%202007%20301%20AL%20400/RESOLUCION%200343%20DE%202007.pdf HTTP/1.1" 200 301425
66.249.66.175 - - [01/Jul/2016:03:20:15 -0500] "GET /BLA/resoluciones/AUTOS%202013/2399.pdf HTTP/1.1" 304 -
66.249.66.175 - - [01/Jul/2016:03:20:21 -0500] "GET /BLA/resoluciones/RESOLUCIONES%202010/6745.pdf HTTP/1.1" 200 274581
66.249.66.175 - - [01/Jul/2016:03:20:43 -0500] "GET /BLA/resoluciones/RESOLUCIONES%202007/RES%202007%202401%20AL%202500/RESOLUCION%202478%20DE%202007.pdf HTTP/1.1" 200 154239
201.245.192.253 - - [01/Jul/2016:03:20:49 -0500] "POST /forms/lservlet;jsessionid=ac16012b30d6a9805714b08e4799806aff7a12903620.e3iSbxaKaheRe34Tax0PchuKax90n6jAmljGr5XDqQLvpAe HTTP/1.1" 200 2
192.168.175.104 - - [01/Jul/2016:03:21:02 -0500] "GET / HTTP/1.1" 200 9990
192.168.175.104 - - [01/Jul/2016:03:21:32 -0500] "GET / HTTP/1.0" 200 9990
201.245.192.253 - - [01/Jul/2016:03:21:42 -0500] "POST /forms/lservlet;jsessionid=ac16012b30d6ac51536b689c47bf924fe69bbb08bba2.e3iSbxaKaheRe34Tax0PchuKax90n6jAmljGr5XDqQLvpAe HTTP/1.1" 200 2
66.249.66.175 - - [01/Jul/2016:03:21:46 -0500] "GET /autoliquidacion/Grupo%20Forestal%20-%20Industria%20de%20la%20Madera/Formulario%20para%20la%20Relacion%20Salvoconductos_Remisiones_Facturas.pdf HTTP/1.1" 304 -
192.168.175.104 - - [01/Jul/2016:03:21:47 -0500] "GET / HTTP/1.1" 200 9990
66.249.66.175 - - [01/Jul/2016:03:22:21 -0500] "GET /transparencia/directorioservidores/2016/enero2016.xlsx HTTP/1.1" 304 -
66.249.66.175 - - [01/Jul/2016:03:22:35 -0500] "GET /BLA/resoluciones/RESOLUCIONES%202012/1391.pdf HTTP/1.1" 304 -
66.249.66.175 - - [01/Jul/2016:03:22:42 -0500] "GET /BLA/resoluciones/AUTOS%202015/0835.pdf HTTP/1.1" 304 -
69.162.124.232 - - [01/Jul/2016:03:22:45 -0500] "HEAD / HTTP/1.1" 200 -
201.245.192.253 - - [01/Jul/2016:03:22:49 -0500] "POST /forms/lservlet;jsessionid=ac16012b30d6a9805714b08e4799806aff7a12903620.e3iSbxaKaheRe34Tax0PchuKax90n6jAmljGr5XDqQLvpAe HTTP/1.1" 200 2
66.249.66.175 - - [01/Jul/2016:03:22:55 -0500] "GET /BLA/resoluciones/AUTOS%202010/5263.pdf HTTP/1.1" 304 -
164.132.161.17 - - [01/Jul/2016:03:23:05 -0500] "GET /BLA/resoluciones/RESOLUCIONES%202002/RES%202002%20551-600/00000597.tif HTTP/1.1" 200 92178
66.249.66.175 - - [01/Jul/2016:03:23:09 -0500] "GET /BLA/resoluciones/AUTOS%202013/1593.pdf HTTP/1.1" 304 -
82.145.218.171 - - [01/Jul/2016:03:23:10 -0500] "GET /BLA/boletinlegal/js/jquery.scrollShow.js HTTP/1.1" 200 4586
82.145.218.171 - - [01/Jul/2016:03:23:11 -0500] "GET /galeria/galeria/jquery.fancybox.js?v=2.1.5 HTTP/1.1" 200 48706
82.145.218.171 - - [01/Jul/2016:03:23:11 -0500] "GET /galeria/galeria/jquery.fancybox.css?v=2.1.5 HTTP/1.1" 200 4895
82.145.218.171 - - [01/Jul/2016:03:23:21 -0500] "GET /BLA/boletinlegal/js/jquery.scrollShow.js HTTP/1.1" 200 4586
82.145.218.171 - - [01/Jul/2016:03:23:21 -0500] "GET /galeria/galeria/jquery.fancybox.js?v=2.1.5 HTTP/1.1" 200 48706
82.145.218.171 - - [01/Jul/2016:03:23:21 -0500] "GET /galeria/galeria/jquery.fancybox.css?v=2.1.5 HTTP/1.1" 200 4895
192.99.4.126 - - [01/Jul/2016:03:23:25 -0500] "GET /wp-admin/ HTTP/1.1" 404 1018
201.245.192.253 - - [01/Jul/2016:03:23:42 -0500] "POST /forms/lservlet;jsessionid=ac16012b30d6ac51536b689c47bf924fe69bbb08bba2.e3iSbxaKaheRe34Tax0PchuKax90n6jAmljGr5XDqQLvpAe HTTP/1.1" 200 2
66.249.66.175 - - [01/Jul/2016:03:24:12 -0500] "GET /BLA/resoluciones/RESOLUCIONES%202009/3813.pdf HTTP/1.1" 304 -
66.249.66.175 - - [01/Jul/2016:03:24:26 -0500] "GET /BLA/resoluciones/AUTOS%202011/2404.pdf HTTP/1.1" 304 -
201.245.192.253 - - [01/Jul/2016:03:24:49 -0500] "POST /forms/lservlet;jsessionid=ac16012b30d6a9805714b08e4799806aff7a12903620.e3iSbxaKaheRe34Tax0PchuKax90n6jAmljGr5XDqQLvpAe HTTP/1.1" 200 2
66.249.66.175 - - [01/Jul/2016:03:25:02 -0500] "GET /BLA/resoluciones/RESOLUCIONES%202014/0137.pdf HTTP/1.1" 200 575936
66.249.66.175 - - [01/Jul/2016:03:25:38 -0500] "GET /BLA/resoluciones/AUTOS%202013/3091.pdf HTTP/1.1" 304 -
50.62.177.85 - - [01/Jul/2016:03:25:42 -0500] "POST /xmlrpc.php HTTP/1.1" 302 308
201.245.192.253 - - [01/Jul/2016:03:25:42 -0500] "POST /forms/lservlet;jsessionid=ac16012b30d6ac51536b689c47bf924fe69bbb08bba2.e3iSbxaKaheRe34Tax0PchuKax90n6jAmljGr5XDqQLvpAe HTTP/1.1" 200 2
192.168.175.104 - - [01/Jul/2016:03:26:01 -0500] "GET / HTTP/1.1" 200 9990
192.168.175.104 - - [01/Jul/2016:03:26:31 -0500] "GET / HTTP/1.0" 200 9990
192.168.175.104 - - [01/Jul/2016:03:26:45 -0500] "GET / HTTP/1.1" 200 9990
201.245.192.253 - - [01/Jul/2016:03:26:49 -0500] "POST /forms/lservlet;jsessionid=ac16012b30d6a9805714b08e4799806aff7a12903620.e3iSbxaKaheRe34Tax0PchuKax90n6jAmljGr5XDqQLvpAe HTTP/1.1" 200 2
66.249.66.175 - - [01/Jul/2016:03:27:13 -0500] "GET /BLA/resoluciones/RESOLUCIONES%202013/0466.pdf HTTP/1.1" 304 -
66.249.66.175 - - [01/Jul/2016:03:27:20 -0500] "GET /BLA/resoluciones/RESOLUCIONES%202010/7471.pdf HTTP/1.1" 304 -
88.10.174.1 - - [01/Jul/2016:03:27:29 -0500] "GET /BLA/resoluciones/RESOLUCIONES%202007/RES%202007%204201%20AL%204300/RESOLUCION%204291%20DE%202007.pdf HTTP/1.1" 200 361423
66.249.66.175 - - [01/Jul/2016:03:27:41 -0500] "GET /BLA/resoluciones/RESOLUCIONES%202013/0985.pdf HTTP/1.1" 304 -
201.245.192.253 - - [01/Jul/2016:03:27:42 -0500] "POST /forms/lservlet;jsessionid=ac16012b30d6ac51536b689c47bf924fe69bbb08bba2.e3iSbxaKaheRe34Tax0PchuKax90n6jAmljGr5XDqQLvpAe HTTP/1.1" 200 2
69.162.124.232 - - [01/Jul/2016:03:27:45 -0500] "HEAD / HTTP/1.1" 200 -
66.249.66.175 - - [01/Jul/2016:03:27:48 -0500] "GET /BLA/resoluciones/RESOLUCIONES%202010/6000.pdf HTTP/1.1" 304 -
66.249.66.175 - - [01/Jul/2016:03:27:55 -0500] "GET /BLA/resoluciones/AUTOS%202013/0174.pdf HTTP/1.1" 304 -
66.249.66.175 - - [01/Jul/2016:03:28:02 -0500] "GET /BLA/resoluciones/AUTOS%202010/0104.pdf HTTP/1.1" 304 -
201.245.192.253 - - [01/Jul/2016:03:28:50 -0500] "POST /forms/lservlet;jsessionid=ac16012b30d6a9805714b08e4799806aff7a12903620.e3iSbxaKaheRe34Tax0PchuKax90n6jAmljGr5XDqQLvpAe HTTP/1.1" 200 2
192.99.4.126 - - [01/Jul/2016:03:29:39 -0500] "GET /test/wp-admin/ HTTP/1.1" 404 1018
201.245.192.253 - - [01/Jul/2016:03:29:42 -0500] "POST /forms/lservlet;jsessionid=ac16012b30d6ac51536b689c47bf924fe69bbb08bba2.e3iSbxaKaheRe34Tax0PchuKax90n6jAmljGr5XDqQLvpAe HTTP/1.1" 200 2
66.249.66.175 - - [01/Jul/2016:03:29:47 -0500] "GET /BLA/resoluciones/RESOLUCIONES%202009/5209.pdf HTTP/1.1" 200 457201
180.76.15.9 - - [01/Jul/2016:03:30:00 -0500] "GET / HTTP/1.1" 200 9990
66.249.66.175 - - [01/Jul/2016:03:30:28 -0500] "GET /BLA/resoluciones/AUTOS%202011/3603.pdf HTTP/1.1" 304 -
180.76.15.11 - - [01/Jul/2016:03:30:42 -0500] "GET / HTTP/1.1" 200 9990
201.245.192.253 - - [01/Jul/2016:03:30:50 -0500] "POST /forms/lservlet;jsessionid=ac16012b30d6a9805714b08e4799806aff7a12903620.e3iSbxaKaheRe34Tax0PchuKax90n6jAmljGr5XDqQLvpAe HTTP/1.1" 200 2
51.255.65.75 - - [01/Jul/2016:03:30:54 -0500] "GET /BLA/resoluciones/RESOLUCIONES%202005/RES%202005%202751-2800/00002787.tif HTTP/1.1" 200 44828
192.168.175.104 - - [01/Jul/2016:03:30:59 -0500] "GET / HTTP/1.1" 200 9990
66.249.66.171 - - [01/Jul/2016:03:31:03 -0500] "GET / HTTP/1.1" 200 9990
66.249.66.175 - - [01/Jul/2016:03:31:24 -0500] "GET /BLA/resoluciones/RESOLUCIONES%202012/1307.pdf HTTP/1.1" 304 -
192.168.175.104 - - [01/Jul/2016:03:31:29 -0500] "GET / HTTP/1.0" 200 9990
192.168.175.104 - - [01/Jul/2016:03:31:43 -0500] "GET / HTTP/1.1" 200 9990
201.245.192.253 - - [01/Jul/2016:03:31:43 -0500] "POST /forms/lservlet;jsessionid=ac16012b30d6ac51536b689c47bf924fe69bbb08bba2.e3iSbxaKaheRe34Tax0PchuKax90n6jAmljGr5XDqQLvpAe HTTP/1.1" 200 2
83.61.254.104 - - [01/Jul/2016:03:32:03 -0500] "-" 408 -
66.249.66.175 - - [01/Jul/2016:03:32:12 -0500] "GET /BLA/resoluciones/RESOLUCIONES%202013/0025.pdf HTTP/1.1" 304 -
69.162.124.232 - - [01/Jul/2016:03:32:45 -0500] "HEAD / HTTP/1.1" 200 -
201.245.192.253 - - [01/Jul/2016:03:32:50 -0500] "POST /forms/lservlet;jsessionid=ac16012b30d6a9805714b08e4799806aff7a12903620.e3iSbxaKaheRe34Tax0PchuKax90n6jAmljGr5XDqQLvpAe HTTP/1.1" 200 2
201.245.192.253 - - [01/Jul/2016:03:33:43 -0500] "POST /forms/lservlet;jsessionid=ac16012b30d6ac51536b689c47bf924fe69bbb08bba2.e3iSbxaKaheRe34Tax0PchuKax90n6jAmljGr5XDqQLvpAe HTTP/1.1" 200 2
190.157.133.128 - - [01/Jul/2016:03:34:24 -0500] "GET /BLA/resoluciones/AUTOS%202014/3301.pdf HTTP/1.1" 200 653627
201.245.192.253 - - [01/Jul/2016:03:34:50 -0500] "POST /forms/lservlet;jsessionid=ac16012b30d6a9805714b08e4799806aff7a12903620.e3iSbxaKaheRe34Tax0PchuKax90n6jAmljGr5XDqQLvpAe HTTP/1.1" 200 2
66.249.66.180 - - [01/Jul/2016:03:35:09 -0500] "GET /Autoliquidacion/TR%C3%81MITES%20ACEITES-RESIDUOS-ESTACIONES/REG.%20GENERADOR/126PM04-PR75-F-A3-V2.0%20oficio%20Solicitud%20inscripci%C3%B3n.doc HTTP/1.1" 304 -
192.99.4.126 - - [01/Jul/2016:03:35:42 -0500] "GET /wordpress/wp-admin/ HTTP/1.1" 404 1018
201.245.192.253 - - [01/Jul/2016:03:35:43 -0500] "POST /forms/lservlet;jsessionid=ac16012b30d6ac51536b689c47bf924fe69bbb08bba2.e3iSbxaKaheRe34Tax0PchuKax90n6jAmljGr5XDqQLvpAe HTTP/1.1" 200 2
192.168.175.104 - - [01/Jul/2016:03:35:57 -0500] "GET / HTTP/1.1" 200 9990
66.249.66.178 - - [01/Jul/2016:03:36:02 -0500] "GET /BLA/resoluciones/AUTOS%202010/1470.pdf HTTP/1.1" 304 -
80.250.196.39 - - [01/Jul/2016:03:36:27 -0500] "GET /wp-login.php HTTP/1.1" 404 1018
192.168.175.104 - - [01/Jul/2016:03:36:28 -0500] "GET / HTTP/1.0" 200 9990
164.132.161.50 - - [01/Jul/2016:03:36:33 -0500] "GET /BLA/resoluciones/RESOLUCIONES%202006/RES%202006%201701-1751/00001713.tif HTTP/1.1" 200 185846
164.132.161.26 - - [01/Jul/2016:03:36:39 -0500] "GET /BLA/resoluciones/RESOLUCIONES%202005/RES%202005%20901-950/00000934.tif HTTP/1.1" 200 92932
192.168.175.104 - - [01/Jul/2016:03:36:41 -0500] "GET / HTTP/1.1" 200 9990
66.249.66.175 - - [01/Jul/2016:03:36:44 -0500] "GET /BLA/resoluciones/RESOLUCIONES%202007/RES%202007%201801%20AL%201900/RESOLUCION%201855%20DE%202007.pdf HTTP/1.1" 304 -
51.255.65.12 - - [01/Jul/2016:03:36:45 -0500] "GET /BLA/resoluciones/RESOLUCIONES%202002/RES%202002%201901-1950/20021946.tif HTTP/1.1" 200 44544
201.245.192.253 - - [01/Jul/2016:03:36:51 -0500] "POST /forms/lservlet;jsessionid=ac16012b30d6a9805714b08e4799806aff7a12903620.e3iSbxaKaheRe34Tax0PchuKax90n6jAmljGr5XDqQLvpAe HTTP/1.1" 200 2
66.249.66.175 - - [01/Jul/2016:03:36:53 -0500] "GET /BLA/resoluciones/RESOLUCIONES%202011/0190.pdf HTTP/1.1" 304 -
66.249.66.175 - - [01/Jul/2016:03:36:58 -0500] "GET /BLA/resoluciones/RESOLUCIONES%202012/1556.pdf HTTP/1.1" 304 -
66.249.66.175 - - [01/Jul/2016:03:37:05 -0500] "GET /BLA/resoluciones/RESOLUCIONES%202014/1564.pdf HTTP/1.1" 304 -
66.249.66.175 - - [01/Jul/2016:03:37:12 -0500] "GET /BLA/resoluciones/AUTOS%202013/0817.pdf HTTP/1.1" 304 -
66.249.66.175 - - [01/Jul/2016:03:37:19 -0500] "GET /BLA/resoluciones/AUTOS%202012/2511.pdf HTTP/1.1" 304 -
201.245.192.253 - - [01/Jul/2016:03:37:43 -0500] "POST /forms/lservlet;jsessionid=ac16012b30d6ac51536b689c47bf924fe69bbb08bba2.e3iSbxaKaheRe34Tax0PchuKax90n6jAmljGr5XDqQLvpAe HTTP/1.1" 200 2
69.162.124.232 - - [01/Jul/2016:03:37:45 -0500] "HEAD / HTTP/1.1" 200 -
66.249.66.175 - - [01/Jul/2016:03:38:21 -0500] "GET /BLA/resoluciones/RESOLUCIONES%202010/6810.pdf HTTP/1.1" 304 -
66.249.66.175 - - [01/Jul/2016:03:38:42 -0500] "GET /BLA/resoluciones/AUTOS%202013/0198.pdf HTTP/1.1" 304 -
201.245.192.253 - - [01/Jul/2016:03:38:51 -0500] "POST /forms/lservlet;jsessionid=ac16012b30d6a9805714b08e4799806aff7a12903620.e3iSbxaKaheRe34Tax0PchuKax90n6jAmljGr5XDqQLvpAe HTTP/1.1" 200 2
180.76.15.158 - - [01/Jul/2016:03:39:23 -0500] "GET /BLA/resoluciones/Notificaciones/RESOLUCIONES%202014/3058.doc HTTP/1.1" 200 168960
40.77.167.83 - - [01/Jul/2016:03:39:29 -0500] "GET /robots.txt HTTP/1.1" 404 1019
40.77.167.83 - - [01/Jul/2016:03:39:35 -0500] "GET /dama/libreria/php/decide.php?patron=04.06 HTTP/1.1" 404 1019
201.245.192.253 - - [01/Jul/2016:03:39:44 -0500] "POST /forms/lservlet;jsessionid=ac16012b30d6ac51536b689c47bf924fe69bbb08bba2.e3iSbxaKaheRe34Tax0PchuKax90n6jAmljGr5XDqQLvpAe HTTP/1.1" 200 2
180.76.15.13 - - [01/Jul/2016:03:39:52 -0500] "GET /BLA/resoluciones/Notificaciones/RESOLUCIONES%202014/3058.doc HTTP/1.1" 200 168960
66.249.66.175 - - [01/Jul/2016:03:40:14 -0500] "GET /BLA/resoluciones/RESOLUCIONES%202007/RES%202007%201401%20AL%201500/RESOLUCION%201402%20DE%202007.pdf HTTP/1.1" 304 -
66.249.66.175 - - [01/Jul/2016:03:40:17 -0500] "GET /BLA/resoluciones/RESOLUCIONES%202013/1262.pdf HTTP/1.1" 304 -
201.245.192.253 - - [01/Jul/2016:03:40:51 -0500] "POST /forms/lservlet;jsessionid=ac16012b30d6a9805714b08e4799806aff7a12903620.e3iSbxaKaheRe34Tax0PchuKax90n6jAmljGr5XDqQLvpAe HTTP/1.1" 200 2
192.168.175.104 - - [01/Jul/2016:03:40:55 -0500] "GET / HTTP/1.1" 200 9990
192.168.175.104 - - [01/Jul/2016:03:41:25 -0500] "GET / HTTP/1.0" 200 9990
192.168.175.104 - - [01/Jul/2016:03:41:39 -0500] "GET / HTTP/1.1" 200 9990
192.99.4.126 - - [01/Jul/2016:03:41:42 -0500] "GET /blog/wp-admin/ HTTP/1.1" 404 1018
201.245.192.253 - - [01/Jul/2016:03:41:44 -0500] "POST /forms/lservlet;jsessionid=ac16012b30d6ac51536b689c47bf924fe69bbb08bba2.e3iSbxaKaheRe34Tax0PchuKax90n6jAmljGr5XDqQLvpAe HTTP/1.1" 200 2
66.249.66.175 - - [01/Jul/2016:03:41:50 -0500] "GET /BLA/resoluciones/AUTOS%202012/0153.pdf HTTP/1.1" 304 -
164.132.161.46 - - [01/Jul/2016:03:42:14 -0500] "GET /BLA/resoluciones/RESOLUCIONES%202005/RES%202005%201451-1500/00001467.tif HTTP/1.1" 200 139458
69.162.124.232 - - [01/Jul/2016:03:42:45 -0500] "HEAD / HTTP/1.1" 200 -
201.245.192.253 - - [01/Jul/2016:03:42:51 -0500] "POST /forms/lservlet;jsessionid=ac16012b30d6a9805714b08e4799806aff7a12903620.e3iSbxaKaheRe34Tax0PchuKax90n6jAmljGr5XDqQLvpAe HTTP/1.1" 200 2
164.132.161.91 - - [01/Jul/2016:03:43:05 -0500] "GET /BLA/resoluciones/RESOLUCIONES%202005/RES%202005%20701-750/00000723.tif HTTP/1.1" 200 246538
201.245.192.253 - - [01/Jul/2016:03:43:44 -0500] "POST /forms/lservlet;jsessionid=ac16012b30d6ac51536b689c47bf924fe69bbb08bba2.e3iSbxaKaheRe34Tax0PchuKax90n6jAmljGr5XDqQLvpAe HTTP/1.1" 200 2
51.255.65.45 - - [01/Jul/2016:03:43:46 -0500] "GET /BLA/resoluciones/RESOLUCIONES%202002/RES%202002%20651-700/00000693.tif HTTP/1.1" 200 87878
195.154.172.137 - - [01/Jul/2016:03:43:54 -0500] "GET /galeria/galeria/jquery.fancybox.css?v=2.1.5 HTTP/1.1" 200 4895
66.249.66.175 - - [01/Jul/2016:03:44:15 -0500] "GET /BLA/resoluciones/RESOLUCIONES%202007/RES%202007%203301%20AL%203400/RESOLUCION%203386%20DE%202007.pdf HTTP/1.1" 304 -
164.132.161.83 - - [01/Jul/2016:03:44:41 -0500] "GET /BLA/resoluciones/RESOLUCIONES%202002/RES%202002%20951-1000/00000970.tif HTTP/1.1" 200 51052
66.249.66.175 - - [01/Jul/2016:03:44:44 -0500] "GET /BLA/resoluciones/AUTOS%202014/5702.pdf HTTP/1.1" 304 -
164.132.161.40 - - [01/Jul/2016:03:44:47 -0500] "GET /BLA/resoluciones/RESOLUCIONES%202005/RES%202005%20701-750/00000740.tif HTTP/1.1" 200 136022
201.245.192.253 - - [01/Jul/2016:03:44:51 -0500] "POST /forms/lservlet;jsessionid=ac16012b30d6a9805714b08e4799806aff7a12903620.e3iSbxaKaheRe34Tax0PchuKax90n6jAmljGr5XDqQLvpAe HTTP/1.1" 200 2
66.249.66.175 - - [01/Jul/2016:03:45:12 -0500] "GET /BLA/resoluciones/RESOLUCIONES%202008/2816.pdf HTTP/1.1" 304 -
66.249.66.175 - - [01/Jul/2016:03:45:19 -0500] "GET /BLA/resoluciones/AUTOS%202007/2598.pdf HTTP/1.1" 304 -
51.255.65.32 - - [01/Jul/2016:03:45:27 -0500] "GET /BLA/resoluciones/RESOLUCIONES%202004/RES%202004%20201-250/00000223.tif HTTP/1.1" 200 119562
201.245.192.253 - - [01/Jul/2016:03:45:44 -0500] "POST /forms/lservlet;jsessionid=ac16012b30d6ac51536b689c47bf924fe69bbb08bba2.e3iSbxaKaheRe34Tax0PchuKax90n6jAmljGr5XDqQLvpAe HTTP/1.1" 200 2
192.168.175.104 - - [01/Jul/2016:03:45:53 -0500] "GET / HTTP/1.1" 200 9990
66.249.66.175 - - [01/Jul/2016:03:45:57 -0500] "GET /BLA/resoluciones/AUTOS%202014/1052.pdf HTTP/1.1" 304 -
192.168.175.104 - - [01/Jul/2016:03:46:23 -0500] "GET / HTTP/1.0" 200 9990
192.168.175.104 - - [01/Jul/2016:03:46:37 -0500] "GET / HTTP/1.1" 200 9990
201.245.192.253 - - [01/Jul/2016:03:46:52 -0500] "POST /forms/lservlet;jsessionid=ac16012b30d6a9805714b08e4799806aff7a12903620.e3iSbxaKaheRe34Tax0PchuKax90n6jAmljGr5XDqQLvpAe HTTP/1.1" 200 2
66.249.66.175 - - [01/Jul/2016:03:47:03 -0500] "GET /BLA/resoluciones/RESOLUCIONES%202012/0909.pdf HTTP/1.1" 304 -
66.249.66.175 - - [01/Jul/2016:03:47:24 -0500] "GET /BLA/resoluciones/AUTOS%202014/7302.pdf HTTP/1.1" 304 -
195.154.179.93 - - [01/Jul/2016:03:47:29 -0500] "GET /galeria/galeria/jquery.fancybox.css?v=2.1.5 HTTP/1.1" 200 4895
66.249.66.175 - - [01/Jul/2016:03:47:38 -0500] "GET /BLA/resoluciones/RESOLUCIONES%202007/RES%202007%202301%20AL%202400/RESOLUCION%202343%20DE%202007.pdf HTTP/1.1" 304 -
192.99.4.126 - - [01/Jul/2016:03:47:42 -0500] "GET /wp/wp-admin/ HTTP/1.1" 404 1018
201.245.192.253 - - [01/Jul/2016:03:47:44 -0500] "POST /forms/lservlet;jsessionid=ac16012b30d6ac51536b689c47bf924fe69bbb08bba2.e3iSbxaKaheRe34Tax0PchuKax90n6jAmljGr5XDqQLvpAe HTTP/1.1" 200 2
69.162.124.232 - - [01/Jul/2016:03:47:45 -0500] "HEAD / HTTP/1.1" 200 -
66.249.66.175 - - [01/Jul/2016:03:47:52 -0500] "GET /BLA/resoluciones/AUTOS%202013/1075.pdf HTTP/1.1" 304 -
66.249.66.175 - - [01/Jul/2016:03:47:59 -0500] "GET /BLA/resoluciones/RESOLUCIONES%202007/RES%202007%201401%20AL%201500/RESOLUCION%201443%20DE%202007.pdf HTTP/1.1" 304 -
66.249.66.175 - - [01/Jul/2016:03:48:06 -0500] "GET /BLA/resoluciones/RESOLUCIONES%202007/RES%202007%20601%20AL%20700/RESOLUCION%200642%20DE%202007.pdf HTTP/1.1" 304 -
180.76.15.135 - - [01/Jul/2016:03:48:19 -0500] "GET /StormSDA/nsjars/?C=N;O=D HTTP/1.1" 200 5598
201.245.192.253 - - [01/Jul/2016:03:48:52 -0500] "POST /forms/lservlet;jsessionid=ac16012b30d6a9805714b08e4799806aff7a12903620.e3iSbxaKaheRe34Tax0PchuKax90n6jAmljGr5XDqQLvpAe HTTP/1.1" 200 2
66.249.66.175 - - [01/Jul/2016:03:48:55 -0500] "GET /BLA/resoluciones/RESOLUCIONES%202011/6097.pdf HTTP/1.1" 304 -
180.191.118.245 - - [01/Jul/2016:03:49:01 -0500] "GET /wp-login.php HTTP/1.1" 404 1018
190.66.175.58 - - [01/Jul/2016:03:49:13 -0500] "GET /galeria/galeria/jquery.fancybox.css?v=2.1.5 HTTP/1.1" 200 4895
190.66.175.58 - - [01/Jul/2016:03:49:13 -0500] "GET /BLA/boletinlegal/js/jquery.scrollShow.js HTTP/1.1" 200 4586
190.66.175.58 - - [01/Jul/2016:03:49:13 -0500] "GET /galeria/galeria/jquery.fancybox.js?v=2.1.5 HTTP/1.1" 200 48706
190.66.175.58 - - [01/Jul/2016:03:49:23 -0500] "GET /BLA/boletinlegal/js/jquery.scrollShow.js HTTP/1.1" 304 -
190.66.175.58 - - [01/Jul/2016:03:49:23 -0500] "GET /galeria/galeria/jquery.fancybox.js?v=2.1.5 HTTP/1.1" 304 -
190.66.175.58 - - [01/Jul/2016:03:49:23 -0500] "GET /galeria/galeria/jquery.fancybox.css?v=2.1.5 HTTP/1.1" 304 -
66.249.66.175 - - [01/Jul/2016:03:49:36 -0500] "GET /BLA/resoluciones/AUTOS%202014/7293.pdf HTTP/1.1" 304 -
201.245.192.253 - - [01/Jul/2016:03:49:45 -0500] "POST /forms/lservlet;jsessionid=ac16012b30d6ac51536b689c47bf924fe69bbb08bba2.e3iSbxaKaheRe34Tax0PchuKax90n6jAmljGr5XDqQLvpAe HTTP/1.1" 200 2
103.196.235.6 - - [01/Jul/2016:03:49:47 -0500] "GET /wp-login.php HTTP/1.1" 404 1018
66.249.66.175 - - [01/Jul/2016:03:49:50 -0500] "GET /BLA/resoluciones/RESOLUCIONES%202010/6900.pdf HTTP/1.1" 304 -
180.76.15.11 - - [01/Jul/2016:03:49:53 -0500] "GET /BLA/resoluciones/RESOLUCIONES%202010/1431.pdf HTTP/1.1" 200 350849
180.76.15.20 - - [01/Jul/2016:03:50:12 -0500] "GET /BLA/resoluciones/RESOLUCIONES%202010/1431.pdf HTTP/1.1" 200 350849
66.249.66.175 - - [01/Jul/2016:03:50:46 -0500] "GET /BLA/resoluciones/RESOLUCIONES%202007/RES%202007%201401%20AL%201500/RESOLUCION%201478%20DE%202007.pdf HTTP/1.1" 304 -
192.168.175.104 - - [01/Jul/2016:03:50:51 -0500] "GET / HTTP/1.1" 200 9990
201.245.192.253 - - [01/Jul/2016:03:50:52 -0500] "POST /forms/lservlet;jsessionid=ac16012b30d6a9805714b08e4799806aff7a12903620.e3iSbxaKaheRe34Tax0PchuKax90n6jAmljGr5XDqQLvpAe HTTP/1.1" 200 2
66.249.66.175 - - [01/Jul/2016:03:50:53 -0500] "GET /BLA/resoluciones/AUTOS%202013/3508.pdf HTTP/1.1" 304 -
66.249.66.175 - - [01/Jul/2016:03:51:14 -0500] "GET /BLA/resoluciones/AUTOS%202011/0188.pdf HTTP/1.1" 304 -
66.249.66.175 - - [01/Jul/2016:03:51:21 -0500] "GET /BLA/resoluciones/AUTOS%202011/0216.pdf HTTP/1.1" 304 -
192.168.175.104 - - [01/Jul/2016:03:51:22 -0500] "GET / HTTP/1.0" 200 9990
66.249.66.175 - - [01/Jul/2016:03:51:35 -0500] "GET /BLA/resoluciones/RESOLUCIONES%202014/1488.pdf HTTP/1.1" 304 -
192.168.175.104 - - [01/Jul/2016:03:51:35 -0500] "GET / HTTP/1.1" 200 9990
201.245.192.253 - - [01/Jul/2016:03:51:45 -0500] "POST /forms/lservlet;jsessionid=ac16012b30d6ac51536b689c47bf924fe69bbb08bba2.e3iSbxaKaheRe34Tax0PchuKax90n6jAmljGr5XDqQLvpAe HTTP/1.1" 200 2
51.255.65.13 - - [01/Jul/2016:03:52:07 -0500] "GET /BLA/resoluciones/RESOLUCIONES%202005/RES%202005%202251-2300/00002277.tif HTTP/1.1" 200 323826
66.249.66.175 - - [01/Jul/2016:03:52:31 -0500] "GET /BLA/resoluciones/RESOLUCIONES%202011/1022.pdf HTTP/1.1" 304 -
66.249.66.175 - - [01/Jul/2016:03:52:37 -0500] "GET /BLA/resoluciones/RESOLUCIONES%202012/1297.pdf HTTP/1.1" 304 -
66.249.66.175 - - [01/Jul/2016:03:52:44 -0500] "GET /BLA/resoluciones/RESOLUCIONES%202012/0714.pdf HTTP/1.1" 304 -
69.162.124.232 - - [01/Jul/2016:03:52:45 -0500] "HEAD / HTTP/1.1" 200 -
201.245.192.253 - - [01/Jul/2016:03:52:52 -0500] "POST /forms/lservlet;jsessionid=ac16012b30d6a9805714b08e4799806aff7a12903620.e3iSbxaKaheRe34Tax0PchuKax90n6jAmljGr5XDqQLvpAe HTTP/1.1" 200 2
195.154.172.137 - - [01/Jul/2016:03:52:55 -0500] "GET /galeria/galeria/jquery.fancybox.css?v=2.1.5 HTTP/1.1" 200 4895
66.249.66.175 - - [01/Jul/2016:03:53:12 -0500] "GET /BLA/resoluciones/AUTOS%202013/1077.pdf HTTP/1.1" 304 -
66.249.66.175 - - [01/Jul/2016:03:53:16 -0500] "GET /BLA/resoluciones/RESOLUCIONES%202008/0405.pdf HTTP/1.1" 200 329881
199.30.24.55 - - [01/Jul/2016:03:53:28 -0500] "GET /videos/galeria-cronicas/1V3wnplaylist.htm? HTTP/1.1" 200 4013
199.30.24.55 - - [01/Jul/2016:03:53:29 -0500] "GET /videos/galeria-cronicas/skin/blue.monday/jplayer.blue.monday.css HTTP/1.1" 200 12518
199.30.24.55 - - [01/Jul/2016:03:53:29 -0500] "GET /videos/galeria-cronicas/js/jquery.jplayer.min.js HTTP/1.1" 200 43668
199.30.24.55 - - [01/Jul/2016:03:53:30 -0500] "GET /videos/galeria-cronicas/skin/blue.monday/jplayer.blue.monday.jpg HTTP/1.1" 200 23189
199.30.24.55 - - [01/Jul/2016:03:53:30 -0500] "GET /videos/galeria-cronicas/skin/blue.monday/jplayer.blue.monday.video.play.png HTTP/1.1" 200 14424
66.249.66.175 - - [01/Jul/2016:03:53:33 -0500] "GET /BLA/resoluciones/RESOLUCIONES%202012/1104.pdf HTTP/1.1" 304 -
192.99.4.126 - - [01/Jul/2016:03:53:44 -0500] "GET /old/wp-admin/ HTTP/1.1" 404 1018
201.245.192.253 - - [01/Jul/2016:03:53:45 -0500] "POST /forms/lservlet;jsessionid=ac16012b30d6ac51536b689c47bf924fe69bbb08bba2.e3iSbxaKaheRe34Tax0PchuKax90n6jAmljGr5XDqQLvpAe HTTP/1.1" 200 2
51.255.65.42 - - [01/Jul/2016:03:54:18 -0500] "GET /BLA/resoluciones/RESOLUCIONES%202006/RES%202006%20%202951-3000/00002968.tif HTTP/1.1" 200 124568
51.255.65.38 - - [01/Jul/2016:03:54:19 -0500] "GET /BLA/resoluciones/RESOLUCIONES%202006/RES%202006%20951-1000/00000996.tif HTTP/1.1" 200 115144
66.249.66.175 - - [01/Jul/2016:03:54:27 -0500] "GET /BLA/resoluciones/AUTOS%202015/2096.pdf HTTP/1.1" 304 -
201.245.192.253 - - [01/Jul/2016:03:54:53 -0500] "POST /forms/lservlet;jsessionid=ac16012b30d6a9805714b08e4799806aff7a12903620.e3iSbxaKaheRe34Tax0PchuKax90n6jAmljGr5XDqQLvpAe HTTP/1.1" 200 2
66.249.66.175 - - [01/Jul/2016:03:54:57 -0500] "GET /BLA/resoluciones/RESOLUCIONES%202014/3050.pdf HTTP/1.1" 304 -
66.249.66.175 - - [01/Jul/2016:03:55:11 -0500] "GET /BLA/resoluciones/AUTOS%202013/0161.pdf HTTP/1.1" 304 -
66.249.66.175 - - [01/Jul/2016:03:55:24 -0500] "GET /BLA/resoluciones/AUTOS%202012/1078.pdf HTTP/1.1" 304 -
66.249.66.175 - - [01/Jul/2016:03:55:45 -0500] "GET /BLA/resoluciones/AUTOS%202011/2105.pdf HTTP/1.1" 304 -
201.245.192.253 - - [01/Jul/2016:03:55:45 -0500] "POST /forms/lservlet;jsessionid=ac16012b30d6ac51536b689c47bf924fe69bbb08bba2.e3iSbxaKaheRe34Tax0PchuKax90n6jAmljGr5XDqQLvpAe HTTP/1.1" 200 2
192.168.175.104 - - [01/Jul/2016:03:55:51 -0500] "GET / HTTP/1.1" 200 9990
66.249.66.175 - - [01/Jul/2016:03:55:52 -0500] "GET /BLA/resoluciones/RESOLUCIONES%202012/1143.pdf HTTP/1.1" 304 -
66.249.66.175 - - [01/Jul/2016:03:55:59 -0500] "GET /BLA/resoluciones/RESOLUCIONES%202013/2596.pdf HTTP/1.1" 304 -
192.168.175.104 - - [01/Jul/2016:03:56:21 -0500] "GET / HTTP/1.0" 200 9990
192.168.175.104 - - [01/Jul/2016:03:56:34 -0500] "GET / HTTP/1.1" 200 9990
68.180.231.36 - - [01/Jul/2016:03:56:42 -0500] "GET /galeria/galeria/jquery.fancybox.css?v=2.1.5 HTTP/1.1" 304 -
68.180.231.36 - - [01/Jul/2016:03:56:42 -0500] "GET /galeria/carrusel/Carrusel/jquery.thumbnailScroller.css HTTP/1.1" 304 -
68.180.231.36 - - [01/Jul/2016:03:56:42 -0500] "GET /galeria/nivo-slider/demo/demo.html HTTP/1.1" 304 -
68.180.231.36 - - [01/Jul/2016:03:56:43 -0500] "GET /galeria/nivo-slider/themes/orman/orman.css HTTP/1.1" 304 -
68.180.231.36 - - [01/Jul/2016:03:56:43 -0500] "GET /galeria/nivo-slider/demo/style.css HTTP/1.1" 304 -
68.180.231.36 - - [01/Jul/2016:03:56:43 -0500] "GET /galeria/nivo-slider/themes/default/default.css HTTP/1.1" 304 -
68.180.231.36 - - [01/Jul/2016:03:56:43 -0500] "GET /galeria/nivo-slider/nivo-slider.css HTTP/1.1" 304 -
68.180.231.36 - - [01/Jul/2016:03:56:43 -0500] "GET /galeria/nivo-slider/themes/pascal/pascal.css HTTP/1.1" 304 -
201.245.192.253 - - [01/Jul/2016:03:56:53 -0500] "POST /forms/lservlet;jsessionid=ac16012b30d6a9805714b08e4799806aff7a12903620.e3iSbxaKaheRe34Tax0PchuKax90n6jAmljGr5XDqQLvpAe HTTP/1.1" 200 2
66.249.66.175 - - [01/Jul/2016:03:57:02 -0500] "GET /BLA/resoluciones/RESOLUCIONES%202007/RES%202007%201301%20AL%201400/RESOLUCION%201400%20DE%202007.pdf HTTP/1.1" 304 -
66.249.66.175 - - [01/Jul/2016:03:57:16 -0500] "GET /BLA/resoluciones/RESOLUCIONES%202008/3800.pdf HTTP/1.1" 304 -
164.132.161.81 - - [01/Jul/2016:03:57:35 -0500] "GET /BLA/resoluciones/RESOLUCIONES%202004/RES%202004%201651-1700/00001698.tif HTTP/1.1" 200 141588
69.162.124.232 - - [01/Jul/2016:03:57:45 -0500] "HEAD / HTTP/1.1" 200 -
201.245.192.253 - - [01/Jul/2016:03:57:46 -0500] "POST /forms/lservlet;jsessionid=ac16012b30d6ac51536b689c47bf924fe69bbb08bba2.e3iSbxaKaheRe34Tax0PchuKax90n6jAmljGr5XDqQLvpAe HTTP/1.1" 200 2
66.249.66.175 - - [01/Jul/2016:03:58:01 -0500] "GET /BLA/resoluciones/RESOLUCIONES%202010/7693.pdf HTTP/1.1" 200 295430
66.249.66.175 - - [01/Jul/2016:03:58:11 -0500] "GET /BLA/resoluciones/AUTOS%202013/0219.pdf HTTP/1.1" 304 -
66.249.66.175 - - [01/Jul/2016:03:58:39 -0500] "GET /BLA/resoluciones/RESOLUCIONES%202011/4560.pdf HTTP/1.1" 304 -
66.249.66.175 - - [01/Jul/2016:03:58:46 -0500] "GET /BLA/resoluciones/RESOLUCIONES%202009/9834.pdf HTTP/1.1" 304 -
66.249.66.175 - - [01/Jul/2016:03:58:53 -0500] "GET /BLA/resoluciones/AUTOS%202013/0622.pdf HTTP/1.1" 304 -
201.245.192.253 - - [01/Jul/2016:03:58:53 -0500] "POST /forms/lservlet;jsessionid=ac16012b30d6a9805714b08e4799806aff7a12903620.e3iSbxaKaheRe34Tax0PchuKax90n6jAmljGr5XDqQLvpAe HTTP/1.1" 200 2
66.249.66.175 - - [01/Jul/2016:03:59:07 -0500] "GET /BLA/resoluciones/RESOLUCIONES%202012/0877.pdf HTTP/1.1" 304 -
51.255.65.42 - - [01/Jul/2016:03:59:28 -0500] "GET /BLA/resoluciones/RESOLUCIONES%202006/RES%202006%202601-2650/00002639.tif HTTP/1.1" 200 228104
201.245.192.253 - - [01/Jul/2016:03:59:46 -0500] "POST /forms/lservlet;jsessionid=ac16012b30d6ac51536b689c47bf924fe69bbb08bba2.e3iSbxaKaheRe34Tax0PchuKax90n6jAmljGr5XDqQLvpAe HTTP/1.1" 200 2
66.249.66.175 - - [01/Jul/2016:03:59:56 -0500] "GET /BLA/resoluciones/RESOLUCIONES%202012/1898.pdf HTTP/1.1" 304 -
40.77.167.83 - - [01/Jul/2016:04:00:03 -0500] "GET /SIG/Gesti%C3%83%C2%B3n%20Ambiental/126PM03-PR10.pdf HTTP/1.1" 404 1019
192.168.175.104 - - [01/Jul/2016:04:00:49 -0500] "GET / HTTP/1.1" 200 9990
201.245.192.253 - - [01/Jul/2016:04:00:53 -0500] "POST /forms/lservlet;jsessionid=ac16012b30d6a9805714b08e4799806aff7a12903620.e3iSbxaKaheRe34Tax0PchuKax90n6jAmljGr5XDqQLvpAe HTTP/1.1" 200 2
192.168.175.104 - - [01/Jul/2016:04:01:21 -0500] "GET / HTTP/1.0" 200 9990
192.168.175.104 - - [01/Jul/2016:04:01:32 -0500] "GET / HTTP/1.1" 200 9990
201.245.192.253 - - [01/Jul/2016:04:01:46 -0500] "POST /forms/lservlet;jsessionid=ac16012b30d6ac51536b689c47bf924fe69bbb08bba2.e3iSbxaKaheRe34Tax0PchuKax90n6jAmljGr5XDqQLvpAe HTTP/1.1" 200 2
66.249.66.175 - - [01/Jul/2016:04:02:40 -0500] "GET /Residuos/impresion/files/guia_impresion-lit.pdf HTTP/1.1" 200 12573981
69.162.124.232 - - [01/Jul/2016:04:02:45 -0500] "HEAD / HTTP/1.1" 200 -
201.245.192.253 - - [01/Jul/2016:04:02:54 -0500] "POST /forms/lservlet;jsessionid=ac16012b30d6a9805714b08e4799806aff7a12903620.e3iSbxaKaheRe34Tax0PchuKax90n6jAmljGr5XDqQLvpAe HTTP/1.1" 200 2
66.249.66.175 - - [01/Jul/2016:04:03:11 -0500] "GET /BLA/resoluciones/AUTOS%202013/0540.pdf HTTP/1.1" 304 -
201.245.192.253 - - [01/Jul/2016:04:03:46 -0500] "POST /forms/lservlet;jsessionid=ac16012b30d6ac51536b689c47bf924fe69bbb08bba2.e3iSbxaKaheRe34Tax0PchuKax90n6jAmljGr5XDqQLvpAe HTTP/1.1" 200 2
66.249.66.175 - - [01/Jul/2016:04:04:00 -0500] "GET /BLA/resoluciones/RESOLUCIONES%202011/4788.pdf HTTP/1.1" 304 -
164.132.161.68 - - [01/Jul/2016:04:04:06 -0500] "GET /BLA/resoluciones/RESOLUCIONES%202003/RES%202003%201151-1200/1163.tif HTTP/1.1" 200 161852
66.249.66.175 - - [01/Jul/2016:04:04:13 -0500] "GET /BLA/resoluciones/AUTOS%202014/5962.pdf HTTP/1.1" 304 -
66.249.66.175 - - [01/Jul/2016:04:04:20 -0500] "GET /BLA/resoluciones/RESOLUCIONES%202010/6921.pdf HTTP/1.1" 304 -
51.255.65.40 - - [01/Jul/2016:04:04:32 -0500] "GET /BLA/resoluciones/index.php?dir=RESOLUCIONES+2005%2FRES+2005+2801-2850%2F HTTP/1.1" 200 11939
66.249.66.175 - - [01/Jul/2016:04:04:35 -0500] "GET /BLA/resoluciones/AUTOS%202010/0121.pdf HTTP/1.1" 304 -
66.249.66.175 - - [01/Jul/2016:04:04:41 -0500] "GET /BLA/resoluciones/AUTOS%202014/5661.pdf HTTP/1.1" 304 -
66.249.66.175 - - [01/Jul/2016:04:04:48 -0500] "GET /BLA/resoluciones/RESOLUCIONES%202012/1281.pdf HTTP/1.1" 304 -
201.245.192.253 - - [01/Jul/2016:04:04:54 -0500] "POST /forms/lservlet;jsessionid=ac16012b30d6a9805714b08e4799806aff7a12903620.e3iSbxaKaheRe34Tax0PchuKax90n6jAmljGr5XDqQLvpAe HTTP/1.1" 200 2
66.249.66.175 - - [01/Jul/2016:04:05:09 -0500] "GET /BLA/resoluciones/RESOLUCIONES%202013/0034.pdf HTTP/1.1" 304 -
66.249.66.175 - - [01/Jul/2016:04:05:16 -0500] "GET /BLA/resoluciones/AUTOS%202011/1362.pdf HTTP/1.1" 304 -
66.249.66.175 - - [01/Jul/2016:04:05:30 -0500] "GET /BLA/resoluciones/RESOLUCIONES%202013/2765.pdf HTTP/1.1" 304 -
66.249.66.175 - - [01/Jul/2016:04:05:44 -0500] "GET /BLA/resoluciones/AUTOS%202013/0953.pdf HTTP/1.1" 304 -
192.168.175.104 - - [01/Jul/2016:04:05:47 -0500] "GET / HTTP/1.1" 200 9990
201.245.192.253 - - [01/Jul/2016:04:05:47 -0500] "POST /forms/lservlet;jsessionid=ac16012b30d6ac51536b689c47bf924fe69bbb08bba2.e3iSbxaKaheRe34Tax0PchuKax90n6jAmljGr5XDqQLvpAe HTTP/1.1" 200 2
66.249.66.175 - - [01/Jul/2016:04:05:51 -0500] "GET /BLA/resoluciones/RESOLUCIONES%202014/3221.pdf HTTP/1.1" 304 -
66.249.66.175 - - [01/Jul/2016:04:06:12 -0500] "GET /BLA/resoluciones/RESOLUCIONES%202007/RES%202007%202301%20AL%202400/RESOLUCION%202347%20DE%202007.pdf HTTP/1.1" 304 -
192.168.175.104 - - [01/Jul/2016:04:06:20 -0500] "GET / HTTP/1.0" 200 9990
192.168.175.104 - - [01/Jul/2016:04:06:30 -0500] "GET / HTTP/1.1" 200 9990
66.249.66.175 - - [01/Jul/2016:04:06:33 -0500] "GET /BLA/resoluciones/RESOLUCIONES%202007/RES%202007%202001%20AL%202100/RESOLUCION%202015%20DE%202007.pdf HTTP/1.1" 304 -
68.180.231.36 - - [01/Jul/2016:04:06:39 -0500] "GET /BLA/boletinlegal/Directivas/2011/Directiva%20No.%2011%20del%2027%20de%20Diciembre%20de%202011.pdf HTTP/1.1" 304 -
66.249.66.175 - - [01/Jul/2016:04:06:47 -0500] "GET /BLA/resoluciones/RESOLUCIONES%202013/0116.pdf HTTP/1.1" 304 -
66.249.66.175 - - [01/Jul/2016:04:06:54 -0500] "GET /BLA/resoluciones/AUTOS%202015/0590.pdf HTTP/1.1" 304 -
201.245.192.253 - - [01/Jul/2016:04:06:54 -0500] "POST /forms/lservlet;jsessionid=ac16012b30d6a9805714b08e4799806aff7a12903620.e3iSbxaKaheRe34Tax0PchuKax90n6jAmljGr5XDqQLvpAe HTTP/1.1" 200 2
68.180.231.36 - - [01/Jul/2016:04:06:55 -0500] "GET /BLA/boletinlegal/Circulares/2009/Circular%20Instructiva%20-%20Memorando%202009IE24363.pdf HTTP/1.1" 304 -
52.3.105.23 - - [01/Jul/2016:04:06:59 -0500] "GET /robots.txt HTTP/1.1" 404 1018
66.249.66.175 - - [01/Jul/2016:04:07:00 -0500] "GET /BLA/resoluciones/RESOLUCIONES%202010/4175.pdf HTTP/1.1" 304 -
66.249.66.184 - - [01/Jul/2016:04:07:08 -0500] "GET /POT-2013/Cartografia/09_EEP.pdf HTTP/1.1" 304 -
68.180.231.36 - - [01/Jul/2016:04:07:11 -0500] "GET /BLA/boletinlegal/Directivas/2011/Directiva%20No.%208%20del%2020%20de%20Septiembre%20de%202011.pdf HTTP/1.1" 304 -
68.180.231.36 - - [01/Jul/2016:04:07:13 -0500] "GET /BLA/boletinlegal/Circulares/2012/Circular%20No.%206%20del%2025%20de%20Mayo%20de%202012.pdf HTTP/1.1" 304 -
68.180.231.36 - - [01/Jul/2016:04:07:21 -0500] "GET /BLA/boletinlegal/Circulares/2012/Circular%20No.%207%20del%2008%20de%20Agosto%20de%202012.pdf HTTP/1.1" 304 -
66.249.66.175 - - [01/Jul/2016:04:07:21 -0500] "GET /BLA/resoluciones/RESOLUCIONES%202007/RES%202007%20401%20AL%20500/RESOLUCION%200431%20DE%202007.pdf HTTP/1.1" 304 -
66.249.66.175 - - [01/Jul/2016:04:07:28 -0500] "GET /BLA/resoluciones/AUTOS%202009/0022.pdf HTTP/1.1" 304 -
68.180.231.36 - - [01/Jul/2016:04:07:31 -0500] "GET /BLA/boletinlegal/Circulares/2012/Circular%20No.%2012%20del%2028%20de%20Agosto%20de%202012.pdf HTTP/1.1" 304 -
68.180.231.36 - - [01/Jul/2016:04:07:34 -0500] "GET /BLA/boletinlegal/Circulares/2014/Circular%20No.%202%20del%2021%20de%20septiembre%20de%202014.pdf HTTP/1.1" 304 -
175.156.152.157 - - [01/Jul/2016:04:07:39 -0500] "GET /wp-login.php HTTP/1.1" 404 1018
68.180.231.36 - - [01/Jul/2016:04:07:43 -0500] "GET /BLA/boletinlegal/Circulares/2012/Circular%20No.%2010%20del%2022%20de%20Agosto%20de%202012.pdf HTTP/1.1" 304 -
69.162.124.232 - - [01/Jul/2016:04:07:45 -0500] "HEAD / HTTP/1.1" 200 -
68.180.231.36 - - [01/Jul/2016:04:07:46 -0500] "GET /BLA/boletinlegal/Circulares/2009/Circular%20No.%2035%20del%2024%20de%20Diciembre%20de%202009.pdf HTTP/1.1" 304 -
201.245.192.253 - - [01/Jul/2016:04:07:47 -0500] "POST /forms/lservlet;jsessionid=ac16012b30d6ac51536b689c47bf924fe69bbb08bba2.e3iSbxaKaheRe34Tax0PchuKax90n6jAmljGr5XDqQLvpAe HTTP/1.1" 200 2
68.180.231.36 - - [01/Jul/2016:04:07:52 -0500] "GET /BLA/boletinlegal/Circulares/2013/Circular%20No.%202%20del%2022%20de%20enero%20de%202013.pdf HTTP/1.1" 304 -
68.180.231.36 - - [01/Jul/2016:04:08:04 -0500] "GET /BLA/boletinlegal/Directivas/2011/Directiva%20No.%209%20del%2023%20de%20Septiembre%20de%202011.pdf HTTP/1.1" 304 -
68.180.231.36 - - [01/Jul/2016:04:08:05 -0500] "GET /BLA/boletinlegal/Directivas/2009/Directiva%20No.%20del%2023%20de%20Diciembre%20de%202009.pdf HTTP/1.1" 304 -
68.180.231.36 - - [01/Jul/2016:04:08:15 -0500] "GET /BLA/boletinlegal/Directivas/2011/Directiva%20No.%2010%20del%2028%20de%20Septiembre%20de%202011.pdf HTTP/1.1" 304 -
66.249.66.175 - - [01/Jul/2016:04:08:17 -0500] "GET /BLA/resoluciones/AUTOS%202014/5789.pdf HTTP/1.1" 304 -
68.180.231.36 - - [01/Jul/2016:04:08:26 -0500] "GET /BLA/boletinlegal/Directivas/2011/Directiva%20No.%206%20del%208%20de%20Septiembre%20de%202011.pdf HTTP/1.1" 304 -
68.180.231.36 - - [01/Jul/2016:04:08:36 -0500] "GET /BLA/boletinlegal/Circulares/2012/Circular%20No.%2014%20del%2011%20de%20Septiembre%20de%202012.pdf HTTP/1.1" 304 -
68.180.231.36 - - [01/Jul/2016:04:08:45 -0500] "GET /BLA/boletinlegal/Circulares/2012/Circular%20No.%204%20del%2019%20de%20abril%20de%202012.pdf HTTP/1.1" 304 -
68.180.231.36 - - [01/Jul/2016:04:08:45 -0500] "GET /BLA/boletinlegal/Circulares/2012/Circular%20No.%2016%20del%2022%20de%20octubre%20de%202012.pdf HTTP/1.1" 304 -
66.249.66.175 - - [01/Jul/2016:04:08:49 -0500] "GET /BLA/resoluciones/Notificaciones/AUTOS%202014/4048.doc HTTP/1.1" 304 -
201.245.192.253 - - [01/Jul/2016:04:08:54 -0500] "POST /forms/lservlet;jsessionid=ac16012b30d6a9805714b08e4799806aff7a12903620.e3iSbxaKaheRe34Tax0PchuKax90n6jAmljGr5XDqQLvpAe HTTP/1.1" 200 2
66.249.66.175 - - [01/Jul/2016:04:08:59 -0500] "GET /BLA/resoluciones/RESOLUCIONES%202008/3330.pdf HTTP/1.1" 304 -
68.180.231.36 - - [01/Jul/2016:04:09:03 -0500] "GET /BLA/boletinlegal/Circulares/2014/Circular%20No.%203%20del%2014%20de%20Noviembre%20de%202014.pdf HTTP/1.1" 304 -
68.180.231.36 - - [01/Jul/2016:04:09:11 -0500] "GET /BLA/boletinlegal/Circulares/2013/Circular%20No.%207%20del%201%20de%20Agosto%20de%202013.pdf HTTP/1.1" 304 -
68.180.231.36 - - [01/Jul/2016:04:09:12 -0500] "GET /BLA/boletinlegal/Circulares/2011/Circular%20No.%201%20del%2012%20de%20Abril%20de%202011.pdf HTTP/1.1" 304 -
66.249.66.175 - - [01/Jul/2016:04:09:20 -0500] "GET /BLA/resoluciones/AUTOS%202011/2104.pdf HTTP/1.1" 304 -
68.180.231.36 - - [01/Jul/2016:04:09:26 -0500] "GET /BLA/boletinlegal/Circulares/2011/Circular%20No.%208%20del%2020%20de%20Septiembre%20de%202011.pdf HTTP/1.1" 304 -
66.249.66.175 - - [01/Jul/2016:04:09:27 -0500] "GET /BLA/resoluciones/AUTOS%202013/0359.pdf HTTP/1.1" 304 -
66.249.66.175 - - [01/Jul/2016:04:09:34 -0500] "GET /BLA/resoluciones/RESOLUCIONES%202009/4800.pdf HTTP/1.1" 304 -
66.249.66.175 - - [01/Jul/2016:04:09:41 -0500] "GET /BLA/resoluciones/AUTOS%202013/2022.pdf HTTP/1.1" 304 -
201.245.192.253 - - [01/Jul/2016:04:09:47 -0500] "POST /forms/lservlet;jsessionid=ac16012b30d6ac51536b689c47bf924fe69bbb08bba2.e3iSbxaKaheRe34Tax0PchuKax90n6jAmljGr5XDqQLvpAe HTTP/1.1" 200 2
66.249.66.175 - - [01/Jul/2016:04:09:48 -0500] "GET /BLA/resoluciones/RESOLUCIONES%202013/0825.pdf HTTP/1.1" 304 -
66.249.66.175 - - [01/Jul/2016:04:09:55 -0500] "GET /BLA/resoluciones/RESOLUCIONES%202012/1228.pdf HTTP/1.1" 304 -
68.180.231.36 - - [01/Jul/2016:04:10:03 -0500] "GET /BLA/boletinlegal/Circulares/2010/Circular%2005%20de%208%20de%20septiembre%20de%202010.pdf HTTP/1.1" 304 -
68.180.231.36 - - [01/Jul/2016:04:10:06 -0500] "GET /BLA/boletinlegal/Directivas/2012/Directiva%20No.%201%20del%2030%20de%20octubre%20de%202012.pdf HTTP/1.1" 304 -
68.180.231.36 - - [01/Jul/2016:04:10:06 -0500] "GET /BLA/boletinlegal/Directivas/2011/Directiva%20No.%204%20del%2028%20de%20Junio%20de%202011.pdf HTTP/1.1" 304 -
68.180.231.36 - - [01/Jul/2016:04:10:08 -0500] "GET /BLA/boletinlegal/Directivas/2014/Directiva%20No.%205%20del%2026%20de%20Diciembre%20de%202014.pdf HTTP/1.1" 304 -
68.180.231.36 - - [01/Jul/2016:04:10:21 -0500] "GET /BLA/boletinlegal/Circulares/2012/Circular%20No.%208%20del%2021%20de%20Agosto%20de%202012.pdf HTTP/1.1" 304 -
66.249.66.175 - - [01/Jul/2016:04:10:22 -0500] "GET /BLA/resoluciones/AUTOS%202012/1781.pdf HTTP/1.1" 304 -
68.180.231.36 - - [01/Jul/2016:04:10:36 -0500] "GET /BLA/boletinlegal/Directivas/2011/Directiva%20No.%205%20del%2029%20de%20Agosto%20de%202011.pdf HTTP/1.1" 304 -
66.249.66.175 - - [01/Jul/2016:04:10:36 -0500] "GET /BLA/resoluciones/AUTOS%202013/1474.pdf HTTP/1.1" 304 -
192.168.175.104 - - [01/Jul/2016:04:10:45 -0500] "GET / HTTP/1.1" 200 9990
66.249.66.175 - - [01/Jul/2016:04:10:51 -0500] "GET /BLA/resoluciones/RESOLUCIONES%202010/0514.pdf HTTP/1.1" 304 -
201.245.192.253 - - [01/Jul/2016:04:10:54 -0500] "POST /forms/lservlet;jsessionid=ac16012b30d6a9805714b08e4799806aff7a12903620.e3iSbxaKaheRe34Tax0PchuKax90n6jAmljGr5XDqQLvpAe HTTP/1.1" 200 2
195.235.88.10 - - [01/Jul/2016:04:11:09 -0500] "GET /galeria/nivo-slider/demo/demo.html HTTP/1.1" 200 4680
195.235.88.10 - - [01/Jul/2016:04:11:10 -0500] "GET /galeria/nivo-slider/demo/images/BANNERMADERALEGAL.jpg HTTP/1.1" 200 165750
195.235.88.10 - - [01/Jul/2016:04:11:10 -0500] "GET /galeria/nivo-slider/demo/images/Banner_wgic.jpg HTTP/1.1" 200 139000
195.235.88.10 - - [01/Jul/2016:04:11:10 -0500] "GET /galeria/nivo-slider/demo/images/convocatoriasecretaria.jpg HTTP/1.1" 200 129365
195.235.88.10 - - [01/Jul/2016:04:11:10 -0500] "GET /galeria/nivo-slider/demo/images/BANNERVISORGEOGRAFICO.jpg HTTP/1.1" 200 78514
195.235.88.10 - - [01/Jul/2016:04:11:10 -0500] "GET /galeria/nivo-slider/demo/images/vegetal.jpg HTTP/1.1" 200 216080
195.235.88.10 - - [01/Jul/2016:04:11:10 -0500] "GET /galeria/nivo-slider/demo/images/BANNERINVITACIONECOLECTA3.jpg HTTP/1.1" 200 97021
195.235.88.10 - - [01/Jul/2016:04:11:10 -0500] "GET /galeria/nivo-slider/demo/images/bannergenCAPACITACIONES-01.jpg HTTP/1.1" 200 153433
195.235.88.10 - - [01/Jul/2016:04:11:10 -0500] "GET /galeria/nivo-slider/demo/images/BANNERWELOVEBOGOTA.jpg HTTP/1.1" 200 122775
195.235.88.10 - - [01/Jul/2016:04:11:10 -0500] "GET /galeria/nivo-slider/demo/images/ABC-Plan-de-contigencia.jpg HTTP/1.1" 200 423901
195.235.88.10 - - [01/Jul/2016:04:11:10 -0500] "GET /galeria/nivo-slider/demo/images/banner-llantas2.jpg HTTP/1.1" 200 234514
195.235.88.10 - - [01/Jul/2016:04:11:10 -0500] "GET /galeria/nivo-slider/demo/images/Ruta-vertimientos-01.jpg HTTP/1.1" 200 130151
195.235.88.10 - - [01/Jul/2016:04:11:10 -0500] "GET /galeria/nivo-slider/demo/images/9Signos.jpg HTTP/1.1" 200 81776
195.235.88.10 - - [01/Jul/2016:04:11:10 -0500] "GET /galeria/nivo-slider/demo/images/bolsas-06.jpg HTTP/1.1" 200 210950
195.235.88.10 - - [01/Jul/2016:04:11:10 -0500] "GET /galeria/nivo-slider/demo/images/caminata-ecologica.jpg HTTP/1.1" 200 192926
195.235.88.10 - - [01/Jul/2016:04:11:10 -0500] "GET /galeria/nivo-slider/demo/images/ACOPIADORESYGESTORES.jpg HTTP/1.1" 200 118791
195.235.88.10 - - [01/Jul/2016:04:11:10 -0500] "GET /galeria/nivo-slider/demo/images/Cmapana-onestidad.jpg HTTP/1.1" 200 141638
192.168.175.104 - - [01/Jul/2016:04:11:18 -0500] "GET / HTTP/1.0" 200 9990
195.235.88.10 - - [01/Jul/2016:04:11:19 -0500] "GET /BLA/boletinlegal/js/jquery.scrollShow.js HTTP/1.1" 200 4586
195.235.88.10 - - [01/Jul/2016:04:11:19 -0500] "GET /galeria/galeria/jquery.fancybox.js?v=2.1.5 HTTP/1.1" 200 48706
195.235.88.10 - - [01/Jul/2016:04:11:20 -0500] "GET /galeria/galeria/jquery.fancybox.css?v=2.1.5 HTTP/1.1" 200 4895
195.235.88.10 - - [01/Jul/2016:04:11:20 -0500] "GET /galeria/carrusel/Carrusel/jquery.thumbnailScroller.css HTTP/1.1" 200 2066
195.235.88.10 - - [01/Jul/2016:04:11:20 -0500] "GET /galeria/carrusel/Carrusel/jquery-ui-1.8.13.custom.min.js HTTP/1.1" 200 10800
195.235.88.10 - - [01/Jul/2016:04:11:20 -0500] "GET /galeria/carrusel/Carrusel/jquery.thumbnailScroller.js HTTP/1.1" 200 8157
195.235.88.10 - - [01/Jul/2016:04:11:21 -0500] "GET /galeria/nivo-slider/themes/default/default.css HTTP/1.1" 200 1569
195.235.88.10 - - [01/Jul/2016:04:11:21 -0500] "GET /galeria/nivo-slider/themes/pascal/pascal.css HTTP/1.1" 200 2258
195.235.88.10 - - [01/Jul/2016:04:11:21 -0500] "GET /galeria/nivo-slider/themes/orman/orman.css HTTP/1.1" 200 2152
195.235.88.10 - - [01/Jul/2016:04:11:21 -0500] "GET /galeria/nivo-slider/nivo-slider.css HTTP/1.1" 200 1507
195.235.88.10 - - [01/Jul/2016:04:11:21 -0500] "GET /galeria/nivo-slider/demo/scripts/jquery-1.7.1.min.js HTTP/1.1" 200 93868
195.235.88.10 - - [01/Jul/2016:04:11:21 -0500] "GET /galeria/nivo-slider/demo/style.css HTTP/1.1" 200 2222
195.235.88.10 - - [01/Jul/2016:04:11:21 -0500] "GET /galeria/nivo-slider/jquery.nivo.slider.pack.js HTTP/1.1" 200 11561
195.235.88.10 - - [01/Jul/2016:04:11:21 -0500] "GET /galeria/nivo-slider/themes/default/loading.gif HTTP/1.1" 200 1737
195.235.88.10 - - [01/Jul/2016:04:11:21 -0500] "GET /galeria/nivo-slider/demo/images/4Simple_Slider.png HTTP/1.1" 200 11722
195.235.88.10 - - [01/Jul/2016:04:11:22 -0500] "GET /galeria/nivo-slider/themes/default/arrows.png HTTP/1.1" 200 824
195.235.88.10 - - [01/Jul/2016:04:11:22 -0500] "GET /galeria/nivo-slider/themes/default/bullets.png HTTP/1.1" 200 1281
66.249.66.175 - - [01/Jul/2016:04:11:25 -0500] "GET /BLA/resoluciones/RESOLUCIONES%202010/6934.pdf HTTP/1.1" 304 -
192.168.175.104 - - [01/Jul/2016:04:11:28 -0500] "GET / HTTP/1.1" 200 9990
68.180.231.36 - - [01/Jul/2016:04:11:37 -0500] "GET /BLA/boletinlegal/Circulares/2015/Circular%20No.%202%20del%201%20de%20julio%20de%202015.pdf HTTP/1.1" 304 -
201.245.192.253 - - [01/Jul/2016:04:11:47 -0500] "POST /forms/lservlet;jsessionid=ac16012b30d6ac51536b689c47bf924fe69bbb08bba2.e3iSbxaKaheRe34Tax0PchuKax90n6jAmljGr5XDqQLvpAe HTTP/1.1" 200 2
66.249.66.175 - - [01/Jul/2016:04:12:09 -0500] "GET /BLA/resoluciones/RESOLUCIONES%202007/RES%202007%20401%20AL%20500/RESOLUCION%200451%20DE%202007.pdf HTTP/1.1" 200 759955
69.162.124.232 - - [01/Jul/2016:04:12:45 -0500] "HEAD / HTTP/1.1" 200 -
68.180.231.36 - - [01/Jul/2016:04:12:51 -0500] "GET /BLA/boletinlegal/Directivas/2013/Directiva%20No.%203%20del%2016%20de%20julio%20de%202013.pdf HTTP/1.1" 304 -
