181.55.144.182 - - [03/Jul/2016:11:03:10 -0500] "GET /BLA/boletinlegal/admin/actos/ingresar1.php HTTP/1.1" 200 5789
66.249.66.175 - - [03/Jul/2016:11:03:12 -0500] "GET /BLA/resoluciones/AUTOS%202014/5839.pdf HTTP/1.1" 304 -
181.55.144.182 - - [03/Jul/2016:11:03:15 -0500] "GET /BLA/boletinlegal/admin/actos/ingresar1.php?fecha=&tipo=AUTO&resuelve=%3Cbr%3E&usuario=&subsector=&expediente=&abogado=&sector=&imagen= HTTP/1.1" 200 5789
186.116.56.218 - - [03/Jul/2016:11:03:21 -0500] "GET /BLA/boletinlegal/js/jquery.scrollShow.js HTTP/1.1" 304 -
186.116.56.218 - - [03/Jul/2016:11:03:21 -0500] "GET /galeria/galeria/jquery.fancybox.js?v=2.1.5 HTTP/1.1" 304 -
186.116.56.218 - - [03/Jul/2016:11:03:21 -0500] "GET /galeria/galeria/jquery.fancybox.css?v=2.1.5 HTTP/1.1" 304 -
66.249.66.175 - - [03/Jul/2016:11:03:39 -0500] "GET /BLA/resoluciones/RESOLUCIONES%202007/RES%202007%201401%20AL%201500/RESOLUCION%201423%20DE%202007.pdf HTTP/1.1" 304 -
66.249.66.175 - - [03/Jul/2016:11:03:39 -0500] "GET /BLA/resoluciones/AUTOS%202012/0796.pdf HTTP/1.1" 304 -
66.249.66.175 - - [03/Jul/2016:11:03:40 -0500] "GET /BLA/resoluciones/RESOLUCIONES%202007/RES%202007%203701%20AL%203800/RESOLUCION%203747%20%20DE%202007.pdf HTTP/1.1" 304 -
66.249.66.175 - - [03/Jul/2016:11:03:42 -0500] "GET /BLA/resoluciones/AUTOS%202012/0200.pdf HTTP/1.1" 304 -
66.249.66.175 - - [03/Jul/2016:11:03:44 -0500] "GET /BLA/resoluciones/RESOLUCIONES%202008/0026.pdf HTTP/1.1" 304 -
181.55.144.182 - - [03/Jul/2016:11:03:28 -0500] "GET /BLA/boletinlegal/admin/ HTTP/1.1" 200 15823
66.249.66.175 - - [03/Jul/2016:11:03:45 -0500] "GET /BLA/resoluciones/RESOLUCIONES%202010/7459.pdf HTTP/1.1" 304 -
181.55.144.182 - - [03/Jul/2016:11:03:51 -0500] "GET /BLA/boletinlegal/admin/usuarios/process.php HTTP/1.1" 302 -
181.55.144.182 - - [03/Jul/2016:11:03:51 -0500] "GET /BLA/boletinlegal/admin/index.php HTTP/1.1" 200 2324
181.55.144.182 - - [03/Jul/2016:11:03:56 -0500] "POST /BLA/boletinlegal/admin/usuarios/process.php HTTP/1.1" 302 -
181.55.144.182 - - [03/Jul/2016:11:03:24 -0500] "GET /BLA/boletinlegal/ HTTP/1.1" 200 32715
66.249.66.175 - - [03/Jul/2016:11:04:07 -0500] "GET /BLA/resoluciones/RESOLUCIONES%202007/RES%202007%203601%20AL%203700/RESOLUCION%203662%20DE%202007.pdf HTTP/1.1" 304 -
181.55.144.182 - - [03/Jul/2016:11:03:57 -0500] "GET /BLA/boletinlegal/admin/index.php HTTP/1.1" 200 15823
181.55.144.182 - - [03/Jul/2016:11:04:21 -0500] "GET /BLA/boletinlegal/admin/actos/ingresar.php HTTP/1.1" 200 6616
69.162.124.232 - - [03/Jul/2016:11:04:26 -0500] "HEAD / HTTP/1.1" 200 -
78.217.204.73 - - [03/Jul/2016:11:04:40 -0500] "GET /webdav/x32.php?host=79.84.255.82&time=1582&port=80 HTTP/1.1" 404 1018
66.249.66.175 - - [03/Jul/2016:11:05:16 -0500] "GET /BLA/resoluciones/AUTOS%202013/0218.pdf HTTP/1.1" 304 -
66.249.66.175 - - [03/Jul/2016:11:05:22 -0500] "GET /BLA/resoluciones/RESOLUCIONES%202009/2009.pdf HTTP/1.1" 304 -
181.56.84.215 - - [03/Jul/2016:11:05:37 -0500] "GET /forms/frmservlet?config=sia HTTP/1.1" 200 4028
192.168.175.104 - - [03/Jul/2016:11:05:41 -0500] "GET / HTTP/1.1" 200 9990
66.249.66.175 - - [03/Jul/2016:11:05:43 -0500] "GET /BLA/resoluciones/RESOLUCIONES%202007/RES%202007%201201%20AL%201300/RESOLUCION%201208%20DE%202007.pdf HTTP/1.1" 304 -
66.249.66.175 - - [03/Jul/2016:11:05:50 -0500] "GET /BLA/resoluciones/RESOLUCIONES%202012/0823.pdf HTTP/1.1" 304 -
181.56.84.215 - - [03/Jul/2016:11:05:52 -0500] "GET /forms/java/frmall_jinit.jar HTTP/1.1" 304 -
181.56.84.215 - - [03/Jul/2016:11:05:53 -0500] "GET /forms/java/icons.jar HTTP/1.1" 304 -
181.56.84.215 - - [03/Jul/2016:11:05:53 -0500] "GET /forms/java/java/awt/KeyboardFocusManager.class HTTP/1.1" 404 352
181.56.84.215 - - [03/Jul/2016:11:05:53 -0500] "GET /forms/java/java/awt/KeyboardFocusManager.class HTTP/1.1" 404 352
181.56.84.215 - - [03/Jul/2016:11:05:54 -0500] "GET /forms/java/java/awt/event/MouseWheelListener.class HTTP/1.1" 404 356
181.56.84.215 - - [03/Jul/2016:11:05:54 -0500] "GET /forms/java/java/awt/event/MouseWheelListener.class HTTP/1.1" 404 356
181.56.84.215 - - [03/Jul/2016:11:05:55 -0500] "GET /forms/java/oracle/forms/registry/Registry.dat HTTP/1.1" 200 4213
181.56.84.215 - - [03/Jul/2016:11:05:55 -0500] "GET /forms/java/oracle/forms/registry/default.dat HTTP/1.1" 404 350
181.56.84.215 - - [03/Jul/2016:11:05:55 -0500] "GET /forms/frmservlet?config=sia&acceptLanguage=es-CO&ifcmd=startsession HTTP/1.1" 200 119
181.56.84.215 - - [03/Jul/2016:11:05:55 -0500] "GET /forms/lservlet;jsessionid=ac16012b30d641184122b4d044e696f4c996ec5585bd.e3iSbxaKaheRe34Tax0PchuKax90n6jAmljGr5XDqQLvpAe?ifcmd=getinfo&ifhost=HUMBERTO-PC&ifip=192.168.0.15 HTTP/1.1" 200 8
181.56.84.215 - - [03/Jul/2016:11:05:55 -0500] "POST /forms/lservlet;jsessionid=ac16012b30d641184122b4d044e696f4c996ec5585bd.e3iSbxaKaheRe34Tax0PchuKax90n6jAmljGr5XDqQLvpAe HTTP/1.1" 200 8
181.56.84.215 - - [03/Jul/2016:11:05:57 -0500] "POST /forms/lservlet;jsessionid=ac16012b30d641184122b4d044e696f4c996ec5585bd.e3iSbxaKaheRe34Tax0PchuKax90n6jAmljGr5XDqQLvpAe HTTP/1.1" 200 64000
181.56.84.215 - - [03/Jul/2016:11:05:57 -0500] "POST /forms/lservlet;jsessionid=ac16012b30d641184122b4d044e696f4c996ec5585bd.e3iSbxaKaheRe34Tax0PchuKax90n6jAmljGr5XDqQLvpAe HTTP/1.1" 200 64000
181.56.84.215 - - [03/Jul/2016:11:05:58 -0500] "POST /forms/lservlet;jsessionid=ac16012b30d641184122b4d044e696f4c996ec5585bd.e3iSbxaKaheRe34Tax0PchuKax90n6jAmljGr5XDqQLvpAe HTTP/1.1" 200 63623
181.56.84.215 - - [03/Jul/2016:11:06:00 -0500] "HEAD /imagenes/dama_logo.gif HTTP/1.1" 200 -
181.56.84.215 - - [03/Jul/2016:11:06:00 -0500] "GET /imagenes/dama_logo.gif HTTP/1.1" 200 21482
181.56.84.215 - - [03/Jul/2016:11:06:01 -0500] "POST /forms/lservlet;jsessionid=ac16012b30d641184122b4d044e696f4c996ec5585bd.e3iSbxaKaheRe34Tax0PchuKax90n6jAmljGr5XDqQLvpAe HTTP/1.1" 200 2
181.56.84.215 - - [03/Jul/2016:11:06:01 -0500] "POST /forms/lservlet;jsessionid=ac16012b30d641184122b4d044e696f4c996ec5585bd.e3iSbxaKaheRe34Tax0PchuKax90n6jAmljGr5XDqQLvpAe HTTP/1.1" 200 2
207.46.13.128 - - [03/Jul/2016:11:06:08 -0500] "GET /autoliquidacion HTTP/1.1" 301 310
207.46.13.128 - - [03/Jul/2016:11:06:12 -0500] "GET /autoliquidacion/ HTTP/1.1" 200 6375
192.168.175.104 - - [03/Jul/2016:11:06:19 -0500] "GET / HTTP/1.1" 200 9990
66.249.66.175 - - [03/Jul/2016:11:06:20 -0500] "GET /BLA/resoluciones/AUTOS%202014/5866.pdf HTTP/1.1" 304 -
181.56.84.215 - - [03/Jul/2016:11:06:23 -0500] "POST /forms/lservlet;jsessionid=ac16012b30d641184122b4d044e696f4c996ec5585bd.e3iSbxaKaheRe34Tax0PchuKax90n6jAmljGr5XDqQLvpAe HTTP/1.1" 200 7996
181.56.84.215 - - [03/Jul/2016:11:06:25 -0500] "POST /forms/lservlet;jsessionid=ac16012b30d641184122b4d044e696f4c996ec5585bd.e3iSbxaKaheRe34Tax0PchuKax90n6jAmljGr5XDqQLvpAe HTTP/1.1" 200 64
181.56.84.215 - - [03/Jul/2016:11:06:25 -0500] "POST /forms/lservlet;jsessionid=ac16012b30d641184122b4d044e696f4c996ec5585bd.e3iSbxaKaheRe34Tax0PchuKax90n6jAmljGr5XDqQLvpAe HTTP/1.1" 200 2
181.56.84.215 - - [03/Jul/2016:11:06:25 -0500] "POST /forms/lservlet;jsessionid=ac16012b30d641184122b4d044e696f4c996ec5585bd.e3iSbxaKaheRe34Tax0PchuKax90n6jAmljGr5XDqQLvpAe HTTP/1.1" 200 2
181.56.84.215 - - [03/Jul/2016:11:06:25 -0500] "POST /forms/lservlet;jsessionid=ac16012b30d641184122b4d044e696f4c996ec5585bd.e3iSbxaKaheRe34Tax0PchuKax90n6jAmljGr5XDqQLvpAe HTTP/1.1" 200 2
181.56.84.215 - - [03/Jul/2016:11:06:44 -0500] "POST /forms/lservlet;jsessionid=ac16012b30d641184122b4d044e696f4c996ec5585bd.e3iSbxaKaheRe34Tax0PchuKax90n6jAmljGr5XDqQLvpAe HTTP/1.1" 200 30283
181.56.84.215 - - [03/Jul/2016:11:06:45 -0500] "GET /imagenes/listval.gif HTTP/1.1" 200 905
181.56.84.215 - - [03/Jul/2016:11:06:45 -0500] "GET /imagenes/doc06.gif HTTP/1.1" 200 1147
181.56.84.215 - - [03/Jul/2016:11:06:45 -0500] "GET /imagenes/listval.gif HTTP/1.1" 200 905
181.56.84.215 - - [03/Jul/2016:11:06:45 -0500] "GET /imagenes/CONCE2.gif HTTP/1.1" 200 1009
181.56.84.215 - - [03/Jul/2016:11:06:45 -0500] "GET /imagenes/rt_rec1.gif HTTP/1.1" 200 867
181.56.84.215 - - [03/Jul/2016:11:06:45 -0500] "GET /imagenes/apply.gif HTTP/1.1" 200 903
181.56.84.215 - - [03/Jul/2016:11:06:45 -0500] "GET /imagenes/rt_print.gif HTTP/1.1" 200 916
181.56.84.215 - - [03/Jul/2016:11:06:45 -0500] "GET /imagenes/exit.gif HTTP/1.1" 200 916
181.56.84.215 - - [03/Jul/2016:11:06:45 -0500] "GET /imagenes/LISTVAL.gif HTTP/1.1" 200 905
181.56.84.215 - - [03/Jul/2016:11:06:45 -0500] "GET /imagenes/edit.gif HTTP/1.1" 200 919
181.56.84.215 - - [03/Jul/2016:11:06:45 -0500] "GET /imagenes/rt_rec4.gif HTTP/1.1" 200 865
181.56.84.215 - - [03/Jul/2016:11:06:45 -0500] "GET /imagenes/rt_rec3.gif HTTP/1.1" 200 844
181.56.84.215 - - [03/Jul/2016:11:06:45 -0500] "GET /imagenes/rt_rec2.gif HTTP/1.1" 200 847
181.56.84.215 - - [03/Jul/2016:11:06:45 -0500] "GET /imagenes/rt_rdel.gif HTTP/1.1" 200 899
181.56.84.215 - - [03/Jul/2016:11:06:45 -0500] "GET /imagenes/rt_radd.gif HTTP/1.1" 200 907
181.56.84.215 - - [03/Jul/2016:11:06:45 -0500] "GET /imagenes/rt_quer3.gif HTTP/1.1" 200 939
181.56.84.215 - - [03/Jul/2016:11:06:45 -0500] "GET /imagenes/rt_quer2.gif HTTP/1.1" 200 936
181.56.84.215 - - [03/Jul/2016:11:06:45 -0500] "GET /imagenes/rt_quer1.gif HTTP/1.1" 200 930
181.56.84.215 - - [03/Jul/2016:11:06:45 -0500] "GET /imagenes/rt_save.gif HTTP/1.1" 200 903
181.56.84.215 - - [03/Jul/2016:11:06:45 -0500] "GET /imagenes/rt_pset.gif HTTP/1.1" 200 914
181.56.84.215 - - [03/Jul/2016:11:06:46 -0500] "POST /forms/lservlet;jsessionid=ac16012b30d641184122b4d044e696f4c996ec5585bd.e3iSbxaKaheRe34Tax0PchuKax90n6jAmljGr5XDqQLvpAe HTTP/1.1" 200 2
181.56.84.215 - - [03/Jul/2016:11:06:46 -0500] "POST /forms/lservlet;jsessionid=ac16012b30d641184122b4d044e696f4c996ec5585bd.e3iSbxaKaheRe34Tax0PchuKax90n6jAmljGr5XDqQLvpAe HTTP/1.1" 200 34
192.168.175.104 - - [03/Jul/2016:11:06:54 -0500] "GET / HTTP/1.0" 200 9990
51.255.65.6 - - [03/Jul/2016:11:06:56 -0500] "GET /BLA/resoluciones/RESOLUCIONES%202003/RES%202003%201601-1650/20031632.tif HTTP/1.1" 200 495658
66.249.66.175 - - [03/Jul/2016:11:07:11 -0500] "GET /BLA/resoluciones/RESOLUCIONES%202009/0168.pdf HTTP/1.1" 200 24323
66.249.66.175 - - [03/Jul/2016:11:07:13 -0500] "GET /BLA/resoluciones/RESOLUCIONES%202011/3289.pdf HTTP/1.1" 200 642471
181.62.41.22 - - [03/Jul/2016:11:07:14 -0500] "GET /galeria/galeria/jquery.fancybox.js?v=2.1.5 HTTP/1.1" 200 48706
181.62.41.22 - - [03/Jul/2016:11:07:14 -0500] "GET /galeria/galeria/jquery.fancybox.css?v=2.1.5 HTTP/1.1" 200 4895
181.62.41.22 - - [03/Jul/2016:11:07:14 -0500] "GET /BLA/boletinlegal/js/jquery.scrollShow.js HTTP/1.1" 200 4586
181.62.41.22 - - [03/Jul/2016:11:07:24 -0500] "GET /BLA/boletinlegal/js/jquery.scrollShow.js HTTP/1.1" 304 -
181.62.41.22 - - [03/Jul/2016:11:07:24 -0500] "GET /galeria/galeria/jquery.fancybox.js?v=2.1.5 HTTP/1.1" 304 -
181.62.41.22 - - [03/Jul/2016:11:07:24 -0500] "GET /galeria/galeria/jquery.fancybox.css?v=2.1.5 HTTP/1.1" 304 -
66.249.66.175 - - [03/Jul/2016:11:07:40 -0500] "GET /BLA/resoluciones/RESOLUCIONES%202010/5022.pdf HTTP/1.1" 200 751455
190.100.11.254 - - [03/Jul/2016:11:07:56 -0500] "-" 408 -
181.56.84.215 - - [03/Jul/2016:11:07:57 -0500] "POST /forms/lservlet;jsessionid=ac16012b30d641184122b4d044e696f4c996ec5585bd.e3iSbxaKaheRe34Tax0PchuKax90n6jAmljGr5XDqQLvpAe HTTP/1.1" 200 2
181.56.84.215 - - [03/Jul/2016:11:08:00 -0500] "POST /forms/lservlet;jsessionid=ac16012b30d641184122b4d044e696f4c996ec5585bd.e3iSbxaKaheRe34Tax0PchuKax90n6jAmljGr5XDqQLvpAe HTTP/1.1" 200 2
181.56.84.215 - - [03/Jul/2016:11:08:01 -0500] "POST /forms/lservlet;jsessionid=ac16012b30d641184122b4d044e696f4c996ec5585bd.e3iSbxaKaheRe34Tax0PchuKax90n6jAmljGr5XDqQLvpAe HTTP/1.1" 200 471
181.56.84.215 - - [03/Jul/2016:11:08:01 -0500] "GET /imagenes/Srch_frw.gif HTTP/1.1" 200 925
181.56.84.215 - - [03/Jul/2016:11:08:01 -0500] "POST /forms/lservlet;jsessionid=ac16012b30d641184122b4d044e696f4c996ec5585bd.e3iSbxaKaheRe34Tax0PchuKax90n6jAmljGr5XDqQLvpAe HTTP/1.1" 200 10
181.56.84.215 - - [03/Jul/2016:11:08:02 -0500] "POST /forms/lservlet;jsessionid=ac16012b30d641184122b4d044e696f4c996ec5585bd.e3iSbxaKaheRe34Tax0PchuKax90n6jAmljGr5XDqQLvpAe HTTP/1.1" 200 2
181.56.84.215 - - [03/Jul/2016:11:08:02 -0500] "POST /forms/lservlet;jsessionid=ac16012b30d641184122b4d044e696f4c996ec5585bd.e3iSbxaKaheRe34Tax0PchuKax90n6jAmljGr5XDqQLvpAe HTTP/1.1" 200 253
181.56.84.215 - - [03/Jul/2016:11:08:02 -0500] "POST /forms/lservlet;jsessionid=ac16012b30d641184122b4d044e696f4c996ec5585bd.e3iSbxaKaheRe34Tax0PchuKax90n6jAmljGr5XDqQLvpAe HTTP/1.1" 200 44
181.56.84.215 - - [03/Jul/2016:11:08:02 -0500] "POST /forms/lservlet;jsessionid=ac16012b30d641184122b4d044e696f4c996ec5585bd.e3iSbxaKaheRe34Tax0PchuKax90n6jAmljGr5XDqQLvpAe HTTP/1.1" 200 15
181.56.84.215 - - [03/Jul/2016:11:08:03 -0500] "POST /forms/lservlet;jsessionid=ac16012b30d641184122b4d044e696f4c996ec5585bd.e3iSbxaKaheRe34Tax0PchuKax90n6jAmljGr5XDqQLvpAe HTTP/1.1" 200 2
66.249.66.175 - - [03/Jul/2016:11:08:07 -0500] "GET /BLA/resoluciones/RESOLUCIONES%202010/2356.pdf HTTP/1.1" 200 1656182
181.56.84.215 - - [03/Jul/2016:11:08:09 -0500] "POST /forms/lservlet;jsessionid=ac16012b30d641184122b4d044e696f4c996ec5585bd.e3iSbxaKaheRe34Tax0PchuKax90n6jAmljGr5XDqQLvpAe HTTP/1.1" 200 65
181.56.84.215 - - [03/Jul/2016:11:08:10 -0500] "POST /forms/lservlet;jsessionid=ac16012b30d641184122b4d044e696f4c996ec5585bd.e3iSbxaKaheRe34Tax0PchuKax90n6jAmljGr5XDqQLvpAe HTTP/1.1" 200 41
181.56.84.215 - - [03/Jul/2016:11:08:10 -0500] "POST /forms/lservlet;jsessionid=ac16012b30d641184122b4d044e696f4c996ec5585bd.e3iSbxaKaheRe34Tax0PchuKax90n6jAmljGr5XDqQLvpAe HTTP/1.1" 200 167
181.56.84.215 - - [03/Jul/2016:11:08:14 -0500] "POST /forms/lservlet;jsessionid=ac16012b30d641184122b4d044e696f4c996ec5585bd.e3iSbxaKaheRe34Tax0PchuKax90n6jAmljGr5XDqQLvpAe HTTP/1.1" 200 41
181.56.84.215 - - [03/Jul/2016:11:08:14 -0500] "POST /forms/lservlet;jsessionid=ac16012b30d641184122b4d044e696f4c996ec5585bd.e3iSbxaKaheRe34Tax0PchuKax90n6jAmljGr5XDqQLvpAe HTTP/1.1" 200 41
181.56.84.215 - - [03/Jul/2016:11:08:14 -0500] "POST /forms/lservlet;jsessionid=ac16012b30d641184122b4d044e696f4c996ec5585bd.e3iSbxaKaheRe34Tax0PchuKax90n6jAmljGr5XDqQLvpAe HTTP/1.1" 200 42
181.56.84.215 - - [03/Jul/2016:11:08:14 -0500] "POST /forms/lservlet;jsessionid=ac16012b30d641184122b4d044e696f4c996ec5585bd.e3iSbxaKaheRe34Tax0PchuKax90n6jAmljGr5XDqQLvpAe HTTP/1.1" 200 41
181.56.84.215 - - [03/Jul/2016:11:08:23 -0500] "POST /forms/lservlet;jsessionid=ac16012b30d641184122b4d044e696f4c996ec5585bd.e3iSbxaKaheRe34Tax0PchuKax90n6jAmljGr5XDqQLvpAe HTTP/1.1" 200 68
181.56.84.215 - - [03/Jul/2016:11:08:25 -0500] "POST /forms/lservlet;jsessionid=ac16012b30d641184122b4d044e696f4c996ec5585bd.e3iSbxaKaheRe34Tax0PchuKax90n6jAmljGr5XDqQLvpAe HTTP/1.1" 200 2
181.56.84.215 - - [03/Jul/2016:11:08:25 -0500] "POST /forms/lservlet;jsessionid=ac16012b30d641184122b4d044e696f4c996ec5585bd.e3iSbxaKaheRe34Tax0PchuKax90n6jAmljGr5XDqQLvpAe HTTP/1.1" 200 139
181.56.84.215 - - [03/Jul/2016:11:08:26 -0500] "POST /forms/lservlet;jsessionid=ac16012b30d641184122b4d044e696f4c996ec5585bd.e3iSbxaKaheRe34Tax0PchuKax90n6jAmljGr5XDqQLvpAe HTTP/1.1" 200 2
181.56.84.215 - - [03/Jul/2016:11:08:27 -0500] "POST /forms/lservlet;jsessionid=ac16012b30d641184122b4d044e696f4c996ec5585bd.e3iSbxaKaheRe34Tax0PchuKax90n6jAmljGr5XDqQLvpAe HTTP/1.1" 200 2
66.249.66.175 - - [03/Jul/2016:11:08:28 -0500] "GET /BLA/resoluciones/RESOLUCIONES%202010/7676.pdf HTTP/1.1" 304 -
181.56.84.215 - - [03/Jul/2016:11:08:29 -0500] "POST /forms/lservlet;jsessionid=ac16012b30d641184122b4d044e696f4c996ec5585bd.e3iSbxaKaheRe34Tax0PchuKax90n6jAmljGr5XDqQLvpAe HTTP/1.1" 200 3572
181.49.73.171 - - [03/Jul/2016:11:08:30 -0500] "GET /BLA/resoluciones/AUTOS%202012/0652.pdf HTTP/1.1" 200 456072
181.56.84.215 - - [03/Jul/2016:11:08:31 -0500] "POST /forms/lservlet;jsessionid=ac16012b30d641184122b4d044e696f4c996ec5585bd.e3iSbxaKaheRe34Tax0PchuKax90n6jAmljGr5XDqQLvpAe HTTP/1.1" 200 178
181.56.84.215 - - [03/Jul/2016:11:08:31 -0500] "POST /forms/lservlet;jsessionid=ac16012b30d641184122b4d044e696f4c996ec5585bd.e3iSbxaKaheRe34Tax0PchuKax90n6jAmljGr5XDqQLvpAe HTTP/1.1" 200 2
181.56.84.215 - - [03/Jul/2016:11:08:31 -0500] "GET /imagenes/listval.gif HTTP/1.1" 200 905
181.56.84.215 - - [03/Jul/2016:11:08:33 -0500] "POST /forms/lservlet;jsessionid=ac16012b30d641184122b4d044e696f4c996ec5585bd.e3iSbxaKaheRe34Tax0PchuKax90n6jAmljGr5XDqQLvpAe HTTP/1.1" 200 192
181.49.73.171 - - [03/Jul/2016:11:08:39 -0500] "GET /BLA/resoluciones/AUTOS%202012/0652.pdf HTTP/1.1" 200 456072
66.249.66.175 - - [03/Jul/2016:11:08:42 -0500] "GET /BLA/resoluciones/RESOLUCIONES%202007/RES%202007%201101%20AL%201200/RESOLUCION%201193%20DE%202007.pdf HTTP/1.1" 200 937471
66.249.66.175 - - [03/Jul/2016:11:08:48 -0500] "GET /BLA/resoluciones/RESOLUCIONES%202014/0193.pdf HTTP/1.1" 200 616333
66.249.66.175 - - [03/Jul/2016:11:08:55 -0500] "GET /BLA/resoluciones/RESOLUCIONES%202007/RES%202007%202501%20AL%202600/RESOLUCION%202542%20DE%202007.pdf HTTP/1.1" 200 867071
181.131.48.7 - - [03/Jul/2016:11:09:00 -0500] "GET /galeria/galeria/fotos/mirador4G.jpg HTTP/1.1" 200 159827
66.249.66.175 - - [03/Jul/2016:11:09:02 -0500] "GET /BLA/resoluciones/RESOLUCIONES%202010/7303.pdf HTTP/1.1" 200 353413
181.49.73.171 - - [03/Jul/2016:11:09:07 -0500] "GET /BLA/resoluciones/AUTOS%202012/0652.pdf HTTP/1.1" 200 456072
66.249.66.175 - - [03/Jul/2016:11:09:09 -0500] "GET /BLA/resoluciones/AUTOS%202013/2280.pdf HTTP/1.1" 200 559684
66.249.66.175 - - [03/Jul/2016:11:09:16 -0500] "GET /bla/resoluciones/RESOLUCIONES%202011/6563.pdf HTTP/1.1" 304 -
66.249.66.175 - - [03/Jul/2016:11:09:23 -0500] "GET /BLA/resoluciones/RESOLUCIONES%202008/5002.pdf HTTP/1.1" 200 222552
69.162.124.232 - - [03/Jul/2016:11:09:26 -0500] "HEAD / HTTP/1.1" 200 -
66.249.66.175 - - [03/Jul/2016:11:09:30 -0500] "GET /BLA/resoluciones/AUTOS%202008/1858.pdf HTTP/1.1" 200 223858
186.80.184.196 - - [03/Jul/2016:11:09:36 -0500] "GET /galeria/galeria/fotos/mirador4G.jpg HTTP/1.1" 200 159827
66.249.66.175 - - [03/Jul/2016:11:09:37 -0500] "GET /BLA/resoluciones/RESOLUCIONES%202008/2580.pdf HTTP/1.1" 304 -
181.131.48.7 - - [03/Jul/2016:11:09:38 -0500] "GET /galeria/galeria/fotos/mirador3G.jpg HTTP/1.1" 200 131992
181.55.144.182 - - [03/Jul/2016:11:09:37 -0500] "POST /BLA/boletinlegal/admin/actos/ingresar.php HTTP/1.1" 200 6709
66.249.66.175 - - [03/Jul/2016:11:09:43 -0500] "GET /BLA/resoluciones/Notificaciones/AUTOS%202013/2911.doc HTTP/1.1" 200 228864
186.80.184.196 - - [03/Jul/2016:11:09:48 -0500] "GET /galeria/galeria/fotos/mirador3G.jpg HTTP/1.1" 200 131992
66.249.66.175 - - [03/Jul/2016:11:09:50 -0500] "GET /BLA/resoluciones/RESOLUCIONES%202010/6155.pdf HTTP/1.1" 200 637287
181.56.84.215 - - [03/Jul/2016:11:09:57 -0500] "POST /forms/lservlet;jsessionid=ac16012b30d641184122b4d044e696f4c996ec5585bd.e3iSbxaKaheRe34Tax0PchuKax90n6jAmljGr5XDqQLvpAe HTTP/1.1" 200 2
66.249.66.175 - - [03/Jul/2016:11:09:57 -0500] "GET /BLA/resoluciones/AUTOS%202014/0562.pdf HTTP/1.1" 200 402504
66.249.66.175 - - [03/Jul/2016:11:10:15 -0500] "GET /BLA/resoluciones/AUTOS%202009/3144.pdf HTTP/1.1" 200 133189
66.249.66.175 - - [03/Jul/2016:11:10:18 -0500] "GET /BLA/resoluciones/AUTOS%202013/3100.pdf HTTP/1.1" 304 -
66.249.66.175 - - [03/Jul/2016:11:10:25 -0500] "GET /BLA/resoluciones/RESOLUCIONES%202010/2341.pdf HTTP/1.1" 200 520437
189.148.100.200 - - [03/Jul/2016:11:10:25 -0500] "GET /galeria/galeria/jquery.fancybox.css?v=2.1.5 HTTP/1.1" 200 4895
189.148.100.200 - - [03/Jul/2016:11:10:25 -0500] "GET /BLA/boletinlegal/js/jquery.scrollShow.js HTTP/1.1" 200 4586
189.148.100.200 - - [03/Jul/2016:11:10:25 -0500] "GET /galeria/galeria/jquery.fancybox.js?v=2.1.5 HTTP/1.1" 200 48706
66.249.66.175 - - [03/Jul/2016:11:10:31 -0500] "GET /BLA/resoluciones/AUTOS%202009/2214.pdf HTTP/1.1" 200 114054
192.168.175.104 - - [03/Jul/2016:11:10:39 -0500] "GET / HTTP/1.1" 200 9990
181.47.136.176 - - [03/Jul/2016:11:10:43 -0500] "GET /galeria/galeria/jquery.fancybox.css?v=2.1.5 HTTP/1.1" 200 4895
181.47.136.176 - - [03/Jul/2016:11:10:43 -0500] "GET /BLA/boletinlegal/js/jquery.scrollShow.js HTTP/1.1" 200 4586
181.47.136.176 - - [03/Jul/2016:11:10:43 -0500] "GET /galeria/galeria/jquery.fancybox.js?v=2.1.5 HTTP/1.1" 200 48706
51.255.65.34 - - [03/Jul/2016:11:10:46 -0500] "GET /BLA/resoluciones/RESOLUCIONES%202005/RES%202005%20451-500/00000453.tif HTTP/1.1" 200 135048
66.249.66.175 - - [03/Jul/2016:11:10:58 -0500] "GET /BLA/resoluciones/AUTOS%202009/1762.pdf HTTP/1.1" 200 101672
66.249.66.175 - - [03/Jul/2016:11:11:01 -0500] "GET /BLA/resoluciones/RESOLUCIONES%202012/1230.pdf HTTP/1.1" 304 -
66.249.66.175 - - [03/Jul/2016:11:11:02 -0500] "GET /BLA/resoluciones/RESOLUCIONES%202008/5226.pdf HTTP/1.1" 200 332118
66.249.66.175 - - [03/Jul/2016:11:11:03 -0500] "GET /BLA/resoluciones/RESOLUCIONES%202011/2062.pdf HTTP/1.1" 200 501641
189.148.100.200 - - [03/Jul/2016:11:11:05 -0500] "GET /galeria/galeria/jquery.fancybox.css?v=2.1.5 HTTP/1.1" 304 -
189.148.100.200 - - [03/Jul/2016:11:11:05 -0500] "GET /BLA/boletinlegal/js/jquery.scrollShow.js HTTP/1.1" 304 -
189.148.100.200 - - [03/Jul/2016:11:11:05 -0500] "GET /galeria/galeria/jquery.fancybox.js?v=2.1.5 HTTP/1.1" 304 -
66.249.66.175 - - [03/Jul/2016:11:11:06 -0500] "GET /BLA/resoluciones/RESOLUCIONES%202009/1803.pdf HTTP/1.1" 304 -
66.249.66.175 - - [03/Jul/2016:11:11:13 -0500] "GET /BLA/resoluciones/AUTOS%202007/2721.pdf HTTP/1.1" 200 78749
192.168.175.104 - - [03/Jul/2016:11:11:17 -0500] "GET / HTTP/1.1" 200 9990
66.249.66.175 - - [03/Jul/2016:11:11:20 -0500] "GET /BLA/resoluciones/RESOLUCIONES%202010/3858.pdf HTTP/1.1" 200 1091710
66.249.66.175 - - [03/Jul/2016:11:11:26 -0500] "GET /BLA/resoluciones/RESOLUCIONES%202014/1301.pdf HTTP/1.1" 304 -
66.249.66.175 - - [03/Jul/2016:11:11:33 -0500] "GET /BLA/resoluciones/RESOLUCIONES%202007/RES%202007%20701%20AL%20800/RESOLUCION%200705%20DE%202007.pdf HTTP/1.1" 304 -
66.249.66.171 - - [03/Jul/2016:11:11:41 -0500] "GET /PruebasSTORM/StormSDA_pruebas/stormWeb/img/?C=S;O=D HTTP/1.1" 200 2988
66.249.66.175 - - [03/Jul/2016:11:11:47 -0500] "GET /BLA/resoluciones/AUTOS%202009/1389.pdf HTTP/1.1" 200 116659
192.168.175.104 - - [03/Jul/2016:11:11:51 -0500] "GET / HTTP/1.0" 200 9990
66.249.66.175 - - [03/Jul/2016:11:11:54 -0500] "GET /BLA/resoluciones/RESOLUCIONES%202010/3700.pdf HTTP/1.1" 200 766715
181.56.84.215 - - [03/Jul/2016:11:11:57 -0500] "POST /forms/lservlet;jsessionid=ac16012b30d641184122b4d044e696f4c996ec5585bd.e3iSbxaKaheRe34Tax0PchuKax90n6jAmljGr5XDqQLvpAe HTTP/1.1" 200 2
46.28.105.84 - - [03/Jul/2016:11:12:02 -0500] "GET /test/wp-admin/ HTTP/1.1" 404 1018
66.249.66.175 - - [03/Jul/2016:11:12:08 -0500] "GET /BLA/resoluciones/RESOLUCIONES%202010/3859.pdf HTTP/1.1" 200 1107634
66.249.66.175 - - [03/Jul/2016:11:12:10 -0500] "GET /BLA/resoluciones/RESOLUCIONES%202008/5267.pdf HTTP/1.1" 200 334113
66.249.66.175 - - [03/Jul/2016:11:12:15 -0500] "GET /BLA/resoluciones/RESOLUCIONES%202010/4933.pdf HTTP/1.1" 200 506611
66.249.66.175 - - [03/Jul/2016:11:12:21 -0500] "GET /BLA/resoluciones/AUTOS%202007/2118.pdf HTTP/1.1" 200 114914
191.109.85.45 - - [03/Jul/2016:11:12:28 -0500] "GET /galeria/galeria/jquery.fancybox.css?v=2.1.5 HTTP/1.1" 200 4895
191.109.85.45 - - [03/Jul/2016:11:12:28 -0500] "GET /BLA/boletinlegal/js/jquery.scrollShow.js HTTP/1.1" 200 4586
191.109.85.45 - - [03/Jul/2016:11:12:28 -0500] "GET /galeria/galeria/jquery.fancybox.js?v=2.1.5 HTTP/1.1" 200 48706
66.249.66.175 - - [03/Jul/2016:11:12:28 -0500] "GET /BLA/resoluciones/Notificaciones/AUTOS%202014/2248.doc HTTP/1.1" 200 228352
66.249.66.175 - - [03/Jul/2016:11:12:35 -0500] "GET /BLA/resoluciones/RESOLUCIONES%202010/3159.pdf HTTP/1.1" 200 358624
191.109.85.45 - - [03/Jul/2016:11:12:37 -0500] "GET /BLA/boletinlegal/js/jquery.scrollShow.js HTTP/1.1" 304 -
191.109.85.45 - - [03/Jul/2016:11:12:37 -0500] "GET /galeria/galeria/jquery.fancybox.js?v=2.1.5 HTTP/1.1" 304 -
191.109.85.45 - - [03/Jul/2016:11:12:37 -0500] "GET /galeria/galeria/jquery.fancybox.css?v=2.1.5 HTTP/1.1" 304 -
66.249.66.175 - - [03/Jul/2016:11:12:42 -0500] "GET /BLA/resoluciones/AUTOS%202010/5348.pdf HTTP/1.1" 304 -
66.249.66.175 - - [03/Jul/2016:11:12:49 -0500] "GET /BLA/resoluciones/RESOLUCIONES%202011/1539.pdf HTTP/1.1" 200 73213
201.216.34.241 - - [03/Jul/2016:11:12:54 -0500] "GET /galeria/galeria/jquery.fancybox.js?v=2.1.5 HTTP/1.1" 200 48706
201.216.34.241 - - [03/Jul/2016:11:12:54 -0500] "GET /BLA/boletinlegal/js/jquery.scrollShow.js HTTP/1.1" 200 4586
201.216.34.241 - - [03/Jul/2016:11:12:54 -0500] "GET /galeria/galeria/jquery.fancybox.css?v=2.1.5 HTTP/1.1" 200 4895
66.249.66.175 - - [03/Jul/2016:11:12:56 -0500] "GET /BLA/resoluciones/RESOLUCIONES%202009/3650.pdf HTTP/1.1" 200 174186
201.216.34.241 - - [03/Jul/2016:11:12:57 -0500] "GET /BLA/boletinlegal/js/jquery.scrollShow.js HTTP/1.1" 304 -
201.216.34.241 - - [03/Jul/2016:11:12:57 -0500] "GET /galeria/galeria/jquery.fancybox.css?v=2.1.5 HTTP/1.1" 304 -
201.216.34.241 - - [03/Jul/2016:11:12:57 -0500] "GET /galeria/galeria/jquery.fancybox.js?v=2.1.5 HTTP/1.1" 304 -
66.249.66.175 - - [03/Jul/2016:11:13:03 -0500] "GET /BLA/resoluciones/AUTOS%202010/0104.pdf HTTP/1.1" 304 -
66.249.66.175 - - [03/Jul/2016:11:13:09 -0500] "GET /BLA/resoluciones/RESOLUCIONES%202013/0350.pdf HTTP/1.1" 304 -
66.249.66.175 - - [03/Jul/2016:11:13:16 -0500] "GET /BLA/resoluciones/RESOLUCIONES%202013/0883.pdf HTTP/1.1" 304 -
66.249.66.175 - - [03/Jul/2016:11:13:23 -0500] "GET /autoliquidacion/Solicitudes%20relacionadas%20con%20calidad%20del%20aire%20auditiva%20y%20visual/Registro%20de%20Elementos%20de%20publicidad%20Exterior%20Visual/126pm04-pr16-f-a301%20Formato%20Solicitud%20de%20registro.xls HTTP/1.1" 304 -
66.249.66.171 - - [03/Jul/2016:11:13:30 -0500] "GET /PruebasSTORM/StormSDA_pruebas/stormWeb/img/?C=N;O=A HTTP/1.1" 200 2988
66.249.66.175 - - [03/Jul/2016:11:13:37 -0500] "GET /BLA/resoluciones/RESOLUCIONES%202009/3957.pdf HTTP/1.1" 304 -
66.249.66.175 - - [03/Jul/2016:11:13:44 -0500] "GET /BLA/resoluciones/AUTOS%202012/0153.pdf HTTP/1.1" 304 -
66.249.66.175 - - [03/Jul/2016:11:13:51 -0500] "GET /BLA/resoluciones/RESOLUCIONES%202010/2280.pdf HTTP/1.1" 304 -
181.56.84.215 - - [03/Jul/2016:11:13:57 -0500] "POST /forms/lservlet;jsessionid=ac16012b30d641184122b4d044e696f4c996ec5585bd.e3iSbxaKaheRe34Tax0PchuKax90n6jAmljGr5XDqQLvpAe HTTP/1.1" 200 2
66.249.66.175 - - [03/Jul/2016:11:14:02 -0500] "GET /BLA/resoluciones/RESOLUCIONES%202007/RES%202007%203801%20AL%203900/RESOLUCION%203859%20DE%202007.pdf HTTP/1.1" 304 -
66.249.66.175 - - [03/Jul/2016:11:14:04 -0500] "GET /BLA/resoluciones/AUTOS%202010/0853.pdf HTTP/1.1" 304 -
66.249.66.175 - - [03/Jul/2016:11:14:11 -0500] "GET /BLA/resoluciones/RESOLUCIONES%202010/6000.pdf HTTP/1.1" 304 -
66.249.66.175 - - [03/Jul/2016:11:14:18 -0500] "GET /BLA/resoluciones/RESOLUCIONES%202012/1725.pdf HTTP/1.1" 304 -
181.131.6.195 - - [03/Jul/2016:11:14:20 -0500] "GET /galeria/galeria/jquery.fancybox.js?v=2.1.5 HTTP/1.1" 200 48706
181.131.6.195 - - [03/Jul/2016:11:14:20 -0500] "GET /BLA/boletinlegal/js/jquery.scrollShow.js HTTP/1.1" 200 4586
181.131.6.195 - - [03/Jul/2016:11:14:20 -0500] "GET /galeria/galeria/jquery.fancybox.css?v=2.1.5 HTTP/1.1" 200 4895
66.249.66.175 - - [03/Jul/2016:11:14:25 -0500] "GET /BLA/resoluciones/RESOLUCIONES%202010/6921.pdf HTTP/1.1" 304 -
69.162.124.232 - - [03/Jul/2016:11:14:26 -0500] "HEAD / HTTP/1.1" 200 -
66.249.66.175 - - [03/Jul/2016:11:14:32 -0500] "GET /BLA/resoluciones/RESOLUCIONES%202007/RES%202007%203201%20AL%203300/RESOLUCION%203257%20DE%202007.pdf HTTP/1.1" 304 -
66.249.66.175 - - [03/Jul/2016:11:14:39 -0500] "GET /BLA/resoluciones/RESOLUCIONES%202014/1115.pdf HTTP/1.1" 304 -
51.255.65.5 - - [03/Jul/2016:11:14:41 -0500] "GET /BLA/resoluciones/AUTOS%202006/AUTOS%202006%20301-400/00000369.tif HTTP/1.1" 200 99568
66.249.66.175 - - [03/Jul/2016:11:14:46 -0500] "GET /BLA/resoluciones/RESOLUCIONES%202009/2840.pdf HTTP/1.1" 304 -
66.249.66.175 - - [03/Jul/2016:11:14:53 -0500] "GET /BLA/resoluciones/RESOLUCIONES%202012/1557.pdf HTTP/1.1" 304 -
66.249.66.175 - - [03/Jul/2016:11:14:59 -0500] "GET /BLA/resoluciones/RESOLUCIONES%202010/6935.pdf HTTP/1.1" 200 148311
66.249.66.175 - - [03/Jul/2016:11:15:13 -0500] "GET /BLA/resoluciones/Notificaciones/AUTOS%202014/5643.doc HTTP/1.1" 304 -
66.249.66.171 - - [03/Jul/2016:11:15:20 -0500] "GET / HTTP/1.1" 200 9990
191.100.134.103 - - [03/Jul/2016:11:15:23 -0500] "GET /BLA/boletinlegal/js/jquery.scrollShow.js HTTP/1.1" 200 4586
191.100.134.103 - - [03/Jul/2016:11:15:23 -0500] "GET /galeria/carrusel/Carrusel/jquery.thumbnailScroller.css HTTP/1.1" 200 2066
191.100.134.103 - - [03/Jul/2016:11:15:23 -0500] "GET /galeria/carrusel/Carrusel/jquery-ui-1.8.13.custom.min.js HTTP/1.1" 200 10800
191.100.134.103 - - [03/Jul/2016:11:15:23 -0500] "GET /galeria/galeria/jquery.fancybox.js?v=2.1.5 HTTP/1.1" 200 48706
191.100.134.103 - - [03/Jul/2016:11:15:23 -0500] "GET /galeria/galeria/jquery.fancybox.css?v=2.1.5 HTTP/1.1" 200 4895
191.100.134.103 - - [03/Jul/2016:11:15:25 -0500] "GET /galeria/carrusel/Carrusel/jquery.thumbnailScroller.js HTTP/1.1" 200 8157
66.249.66.175 - - [03/Jul/2016:11:15:27 -0500] "GET /autoliquidacion/Grupo%20Forestal%20-%20Industria%20de%20la%20Madera/Formulario%20para%20la%20Relacion%20Salvoconductos_Remisiones_Facturas.pdf HTTP/1.1" 304 -
66.249.66.175 - - [03/Jul/2016:11:15:34 -0500] "GET /BLA/resoluciones/RESOLUCIONES%202010/6900.pdf HTTP/1.1" 304 -
192.168.175.104 - - [03/Jul/2016:11:15:38 -0500] "GET / HTTP/1.1" 200 9990
161.18.167.49 - - [03/Jul/2016:11:15:39 -0500] "GET /galeria/galeria/jquery.fancybox.css?v=2.1.5 HTTP/1.1" 200 4895
161.18.167.49 - - [03/Jul/2016:11:15:39 -0500] "GET /galeria/galeria/jquery.fancybox.js?v=2.1.5 HTTP/1.1" 200 48706
161.18.167.49 - - [03/Jul/2016:11:15:39 -0500] "GET /BLA/boletinlegal/js/jquery.scrollShow.js HTTP/1.1" 200 4586
66.249.66.175 - - [03/Jul/2016:11:15:41 -0500] "GET /BLA/resoluciones/RESOLUCIONES%202011/6971.pdf HTTP/1.1" 304 -
66.249.66.175 - - [03/Jul/2016:11:15:56 -0500] "GET /BLA/resoluciones/AUTOS%202014/1361.pdf HTTP/1.1" 304 -
66.249.66.175 - - [03/Jul/2016:11:15:56 -0500] "GET /BLA/resoluciones/AUTOS%202012/1078.pdf HTTP/1.1" 304 -
181.56.84.215 - - [03/Jul/2016:11:15:57 -0500] "POST /forms/lservlet;jsessionid=ac16012b30d641184122b4d044e696f4c996ec5585bd.e3iSbxaKaheRe34Tax0PchuKax90n6jAmljGr5XDqQLvpAe HTTP/1.1" 200 2
66.249.66.175 - - [03/Jul/2016:11:16:01 -0500] "GET /BLA/resoluciones/RESOLUCIONES%202013/0116.pdf HTTP/1.1" 304 -
66.249.66.175 - - [03/Jul/2016:11:16:08 -0500] "GET /BLA/resoluciones/RESOLUCIONES%202007/RES%202007%20401%20AL%20500/RESOLUCION%200412%20DE%202007.pdf HTTP/1.1" 304 -
161.18.167.49 - - [03/Jul/2016:11:16:09 -0500] "GET /galeria/galeria/jquery.fancybox.css?v=2.1.5 HTTP/1.1" 304 -
161.18.167.49 - - [03/Jul/2016:11:16:09 -0500] "GET /BLA/boletinlegal/js/jquery.scrollShow.js HTTP/1.1" 304 -
161.18.167.49 - - [03/Jul/2016:11:16:09 -0500] "GET /galeria/galeria/jquery.fancybox.js?v=2.1.5 HTTP/1.1" 304 -
66.249.66.175 - - [03/Jul/2016:11:16:15 -0500] "GET /BLA/resoluciones/RESOLUCIONES%202012/1452.pdf HTTP/1.1" 200 357369
192.168.175.104 - - [03/Jul/2016:11:16:15 -0500] "GET / HTTP/1.1" 200 9990
66.249.66.175 - - [03/Jul/2016:11:16:22 -0500] "GET /BLA/resoluciones/Notificaciones/AUTOS%202014/4048.doc HTTP/1.1" 304 -
181.62.197.14 - - [03/Jul/2016:11:16:25 -0500] "GET /BLA/boletinlegal/js/jquery.scrollShow.js HTTP/1.1" 200 4586
181.62.197.14 - - [03/Jul/2016:11:16:25 -0500] "GET /galeria/galeria/jquery.fancybox.css?v=2.1.5 HTTP/1.1" 200 4895
181.62.197.14 - - [03/Jul/2016:11:16:25 -0500] "GET /galeria/galeria/jquery.fancybox.js?v=2.1.5 HTTP/1.1" 200 48706
66.249.66.175 - - [03/Jul/2016:11:16:29 -0500] "GET /BLA/resoluciones/RESOLUCIONES%202011/4560.pdf HTTP/1.1" 304 -
181.62.197.14 - - [03/Jul/2016:11:16:29 -0500] "GET /BLA/boletinlegal/js/jquery.scrollShow.js HTTP/1.1" 304 -
181.62.197.14 - - [03/Jul/2016:11:16:29 -0500] "GET /galeria/galeria/jquery.fancybox.js?v=2.1.5 HTTP/1.1" 304 -
181.62.197.14 - - [03/Jul/2016:11:16:29 -0500] "GET /galeria/galeria/jquery.fancybox.css?v=2.1.5 HTTP/1.1" 304 -
66.249.66.175 - - [03/Jul/2016:11:16:36 -0500] "GET /BLA/resoluciones/RESOLUCIONES%202009/4361.pdf HTTP/1.1" 304 -
172.58.201.11 - - [03/Jul/2016:11:16:36 -0500] "GET /galeria/galeria/fotos/mirador3G.jpg HTTP/1.1" 200 131992
66.249.66.175 - - [03/Jul/2016:11:16:42 -0500] "GET /BLA/resoluciones/RESOLUCIONES%202007/RES%202007%202201%20AL%202300/RESOLUCION%202297%20DE%202007.pdf HTTP/1.1" 304 -
181.205.48.156 - - [03/Jul/2016:11:16:45 -0500] "GET /BLA/boletinlegal/js/jquery.scrollShow.js HTTP/1.1" 200 4586
181.205.48.156 - - [03/Jul/2016:11:16:45 -0500] "GET /galeria/galeria/jquery.fancybox.js?v=2.1.5 HTTP/1.1" 200 48706
181.205.48.156 - - [03/Jul/2016:11:16:48 -0500] "GET /galeria/galeria/jquery.fancybox.css?v=2.1.5 HTTP/1.1" 200 4895
181.205.48.156 - - [03/Jul/2016:11:16:48 -0500] "GET /galeria/carrusel/Carrusel/jquery.thumbnailScroller.css HTTP/1.1" 200 2066
181.205.48.156 - - [03/Jul/2016:11:16:49 -0500] "GET /galeria/carrusel/Carrusel/jquery-ui-1.8.13.custom.min.js HTTP/1.1" 200 10800
181.205.48.156 - - [03/Jul/2016:11:16:49 -0500] "GET /galeria/carrusel/Carrusel/jquery.thumbnailScroller.js HTTP/1.1" 200 8157
66.249.66.175 - - [03/Jul/2016:11:16:49 -0500] "GET / HTTP/1.1" 200 9990
192.168.175.104 - - [03/Jul/2016:11:16:50 -0500] "GET / HTTP/1.0" 200 9990
181.205.48.156 - - [03/Jul/2016:11:16:54 -0500] "GET /galeria/nivo-slider/demo/demo.html HTTP/1.1" 200 4891
181.205.48.156 - - [03/Jul/2016:11:16:55 -0500] "GET /galeria/nivo-slider/themes/default/default.css HTTP/1.1" 200 1569
181.205.48.156 - - [03/Jul/2016:11:16:55 -0500] "GET /galeria/nivo-slider/themes/orman/orman.css HTTP/1.1" 200 2152
181.205.48.156 - - [03/Jul/2016:11:16:55 -0500] "GET /galeria/nivo-slider/themes/pascal/pascal.css HTTP/1.1" 200 2258
181.205.48.156 - - [03/Jul/2016:11:16:55 -0500] "GET /galeria/nivo-slider/nivo-slider.css HTTP/1.1" 200 1507
181.205.48.156 - - [03/Jul/2016:11:16:55 -0500] "GET /galeria/nivo-slider/demo/style.css HTTP/1.1" 200 2222
181.205.48.156 - - [03/Jul/2016:11:16:55 -0500] "GET /galeria/nivo-slider/demo/scripts/jquery-1.7.1.min.js HTTP/1.1" 200 93868
181.205.48.156 - - [03/Jul/2016:11:16:55 -0500] "GET /galeria/nivo-slider/jquery.nivo.slider.pack.js HTTP/1.1" 200 11561
181.205.48.156 - - [03/Jul/2016:11:16:55 -0500] "GET /galeria/nivo-slider/demo/images/SUPERCADESUBA.jpg HTTP/1.1" 200 127509
181.205.48.156 - - [03/Jul/2016:11:16:55 -0500] "GET /galeria/nivo-slider/demo/images/SUPERCADECRA30.jpg HTTP/1.1" 200 127549
181.205.48.156 - - [03/Jul/2016:11:16:55 -0500] "GET /galeria/nivo-slider/demo/images/convocatoriasecretaria.jpg HTTP/1.1" 200 129365
181.205.48.156 - - [03/Jul/2016:11:16:56 -0500] "GET /galeria/nivo-slider/demo/images/BANNERVISORGEOGRAFICO.jpg HTTP/1.1" 200 78514
66.249.66.175 - - [03/Jul/2016:11:16:56 -0500] "GET /BLA/resoluciones/AUTOS%202013/0174.pdf HTTP/1.1" 304 -
181.205.48.156 - - [03/Jul/2016:11:16:57 -0500] "GET /galeria/nivo-slider/demo/images/4Simple_Slider.png HTTP/1.1" 200 11722
181.205.48.156 - - [03/Jul/2016:11:16:57 -0500] "GET /galeria/nivo-slider/themes/default/loading.gif HTTP/1.1" 200 1737
181.205.48.156 - - [03/Jul/2016:11:16:58 -0500] "GET /galeria/nivo-slider/demo/images/vegetal.jpg HTTP/1.1" 200 216080
181.205.48.156 - - [03/Jul/2016:11:16:58 -0500] "GET /galeria/nivo-slider/demo/images/BANNERWELOVEBOGOTA.jpg HTTP/1.1" 200 122775
181.205.48.156 - - [03/Jul/2016:11:16:59 -0500] "GET /galeria/nivo-slider/demo/images/bannergenCAPACITACIONES-01.jpg HTTP/1.1" 200 153433
181.205.48.156 - - [03/Jul/2016:11:16:59 -0500] "GET /galeria/nivo-slider/demo/images/BANNERMADERALEGAL.jpg HTTP/1.1" 200 165750
181.205.48.156 - - [03/Jul/2016:11:17:00 -0500] "GET /galeria/nivo-slider/demo/images/Banner_wgic.jpg HTTP/1.1" 200 139000
181.205.48.156 - - [03/Jul/2016:11:17:00 -0500] "GET /galeria/nivo-slider/demo/images/BANNERECOLECTARESIDUOS.jpg HTTP/1.1" 200 164602
181.205.48.156 - - [03/Jul/2016:11:17:00 -0500] "GET /galeria/nivo-slider/demo/images/ABC-Plan-de-contigencia.jpg HTTP/1.1" 200 423901
181.205.48.156 - - [03/Jul/2016:11:17:00 -0500] "GET /galeria/nivo-slider/demo/images/ACOPIADORESYGESTORES.jpg HTTP/1.1" 200 118791
181.205.48.156 - - [03/Jul/2016:11:17:01 -0500] "GET /galeria/nivo-slider/demo/images/caminata-ecologica.jpg HTTP/1.1" 200 192926
181.205.48.156 - - [03/Jul/2016:11:17:02 -0500] "GET /galeria/nivo-slider/demo/images/Cmapana-onestidad.jpg HTTP/1.1" 200 141638
181.205.48.156 - - [03/Jul/2016:11:17:03 -0500] "GET /galeria/nivo-slider/demo/images/banner-llantas2.jpg HTTP/1.1" 200 234514
66.249.66.175 - - [03/Jul/2016:11:17:03 -0500] "GET /BLA/resoluciones/RESOLUCIONES%202013/2540.pdf HTTP/1.1" 304 -
181.205.48.156 - - [03/Jul/2016:11:17:08 -0500] "GET /galeria/nivo-slider/demo/images/9Signos.jpg HTTP/1.1" 200 81776
181.205.48.156 - - [03/Jul/2016:11:17:08 -0500] "GET /galeria/nivo-slider/demo/images/Ruta-vertimientos-01.jpg HTTP/1.1" 200 130151
181.205.48.156 - - [03/Jul/2016:11:17:08 -0500] "GET /galeria/nivo-slider/demo/images/bolsas-06.jpg HTTP/1.1" 200 210950
66.249.66.175 - - [03/Jul/2016:11:17:17 -0500] "GET /BLA/resoluciones/AUTOS%202013/0359.pdf HTTP/1.1" 304 -
66.249.66.175 - - [03/Jul/2016:11:17:24 -0500] "GET /BLA/resoluciones/AUTOS%202012/0096.pdf HTTP/1.1" 304 -
66.249.66.175 - - [03/Jul/2016:11:17:31 -0500] "GET /BLA/resoluciones/AUTOS%202012/2511.pdf HTTP/1.1" 304 -
66.249.66.175 - - [03/Jul/2016:11:17:37 -0500] "GET /BLA/resoluciones/AUTOS%202010/0121.pdf HTTP/1.1" 304 -
66.249.66.175 - - [03/Jul/2016:11:17:50 -0500] "GET /BLA/resoluciones/AUTOS%202011/5316.pdf HTTP/1.1" 304 -
66.249.66.175 - - [03/Jul/2016:11:17:51 -0500] "GET /BLA/resoluciones/RESOLUCIONES%202014/1656.pdf HTTP/1.1" 304 -
200.118.10.191 - - [03/Jul/2016:11:17:54 -0500] "GET /galeria/galeria/fotos/2Humedal-techo2G.jpg HTTP/1.1" 200 59382
181.56.84.215 - - [03/Jul/2016:11:17:57 -0500] "POST /forms/lservlet;jsessionid=ac16012b30d641184122b4d044e696f4c996ec5585bd.e3iSbxaKaheRe34Tax0PchuKax90n6jAmljGr5XDqQLvpAe HTTP/1.1" 200 2
66.249.66.175 - - [03/Jul/2016:11:17:58 -0500] "GET /BLA/resoluciones/RESOLUCIONES%202014/2851.pdf HTTP/1.1" 304 -
186.81.145.154 - - [03/Jul/2016:11:18:03 -0500] "GET /galeria/galeria/jquery.fancybox.css?v=2.1.5 HTTP/1.1" 200 4895
186.81.145.154 - - [03/Jul/2016:11:18:03 -0500] "GET /BLA/boletinlegal/js/jquery.scrollShow.js HTTP/1.1" 200 4586
186.81.145.154 - - [03/Jul/2016:11:18:03 -0500] "GET /galeria/galeria/jquery.fancybox.js?v=2.1.5 HTTP/1.1" 200 48706
107.167.112.145 - - [03/Jul/2016:11:18:03 -0500] "GET /BLA/boletinlegal/js/jquery.scrollShow.js HTTP/1.1" 200 4586
107.167.112.145 - - [03/Jul/2016:11:18:04 -0500] "GET /galeria/galeria/jquery.fancybox.css?v=2.1.5 HTTP/1.1" 200 4895
107.167.112.145 - - [03/Jul/2016:11:18:04 -0500] "GET /galeria/galeria/jquery.fancybox.js?v=2.1.5 HTTP/1.1" 200 48706
66.249.66.175 - - [03/Jul/2016:11:18:05 -0500] "GET /BLA/resoluciones/AUTOS%202011/0732.pdf HTTP/1.1" 304 -
66.249.66.175 - - [03/Jul/2016:11:18:12 -0500] "GET /BLA/resoluciones/AUTOS%202013/0817.pdf HTTP/1.1" 304 -
66.249.66.175 - - [03/Jul/2016:11:18:19 -0500] "GET /BLA/resoluciones/AUTOS%202014/7293.pdf HTTP/1.1" 304 -
66.249.66.175 - - [03/Jul/2016:11:18:25 -0500] "GET /BLA/resoluciones/AUTOS%202013/0041.pdf HTTP/1.1" 304 -
66.249.66.175 - - [03/Jul/2016:11:18:32 -0500] "GET /BLA/resoluciones/RESOLUCIONES%202014/1460.pdf HTTP/1.1" 304 -
66.249.66.175 - - [03/Jul/2016:11:18:39 -0500] "GET /BLA/resoluciones/RESOLUCIONES%202012/1114.pdf HTTP/1.1" 304 -
66.249.66.175 - - [03/Jul/2016:11:18:46 -0500] "GET /transparencia/directorioservidores/abril2016.xlsx HTTP/1.1" 304 -
66.249.66.175 - - [03/Jul/2016:11:18:53 -0500] "GET /autoliquidacion/Solicitudes%20relacionadas%20con%20calidad%20del%20aire%20auditiva%20y%20visual/Acompa%C3%B1amiento%20para%20muestreo%20isocin%C3%A9tico%20y%20o%20determinaciones%20de%20emisiones%20a%20fuentes%20fijas/lineamientos%20Construccion%20Mues%20Emision%20.pdf HTTP/1.1" 304 -
66.249.66.175 - - [03/Jul/2016:11:19:00 -0500] "GET /BLA/resoluciones/RESOLUCIONES%202007/RES%202007%201401%20AL%201500/RESOLUCION%201402%20DE%202007.pdf HTTP/1.1" 304 -
66.249.66.175 - - [03/Jul/2016:11:19:07 -0500] "GET /BLA/resoluciones/Notificaciones/AUTOS%202015/2813.doc HTTP/1.1" 304 -
66.249.66.175 - - [03/Jul/2016:11:19:14 -0500] "GET /BLA/resoluciones/RESOLUCIONES%202013/0074%20.pdf HTTP/1.1" 304 -
66.249.66.175 - - [03/Jul/2016:11:19:20 -0500] "GET /BLA/resoluciones/RESOLUCIONES%202011/4788.pdf HTTP/1.1" 304 -
69.162.124.232 - - [03/Jul/2016:11:19:26 -0500] "HEAD / HTTP/1.1" 200 -
66.249.66.175 - - [03/Jul/2016:11:19:27 -0500] "GET /BLA/resoluciones/AUTOS%202013/2223.pdf HTTP/1.1" 304 -
180.76.15.163 - - [03/Jul/2016:11:19:30 -0500] "GET /BLA/resoluciones/RESOLUCIONES%202014/0570.pdf HTTP/1.1" 200 444278
66.102.8.203 - - [03/Jul/2016:11:19:31 -0500] "GET /galeria/galeria/jquery.fancybox.css?v=2.1.5 HTTP/1.1" 200 4895
66.102.8.208 - - [03/Jul/2016:11:19:31 -0500] "GET /galeria/galeria/jquery.fancybox.js?v=2.1.5 HTTP/1.1" 200 48706
66.102.8.208 - - [03/Jul/2016:11:19:31 -0500] "GET /BLA/boletinlegal/js/jquery.scrollShow.js HTTP/1.1" 200 4586
180.76.15.159 - - [03/Jul/2016:11:19:31 -0500] "GET /BLA/resoluciones/RESOLUCIONES%202014/0570.pdf HTTP/1.1" 200 444278
192.168.171.203 - - [03/Jul/2016:11:19:18 -0500] "GET /BLA/boletinlegal/admin/ HTTP/1.1" 200 15830
192.168.171.203 - - [03/Jul/2016:11:19:35 -0500] "GET /BLA/boletinlegal/admin/index_files/index_files/tback.gif HTTP/1.1" 404 1322
66.249.66.175 - - [03/Jul/2016:11:19:44 -0500] "GET /BLA/resoluciones/AUTOS%202015/0835.pdf HTTP/1.1" 304 -
66.249.66.175 - - [03/Jul/2016:11:19:48 -0500] "GET /BLA/resoluciones/RESOLUCIONES%202013/1135.pdf HTTP/1.1" 304 -
66.249.66.175 - - [03/Jul/2016:11:19:55 -0500] "GET /BLA/resoluciones/AUTOS%202013/3091.pdf HTTP/1.1" 304 -
181.56.84.215 - - [03/Jul/2016:11:19:57 -0500] "POST /forms/lservlet;jsessionid=ac16012b30d641184122b4d044e696f4c996ec5585bd.e3iSbxaKaheRe34Tax0PchuKax90n6jAmljGr5XDqQLvpAe HTTP/1.1" 200 2
78.217.204.73 - - [03/Jul/2016:11:19:58 -0500] "GET /webdav/x32.php?host=79.84.255.82&time=333&port=80 HTTP/1.1" 404 1018
66.249.66.175 - - [03/Jul/2016:11:20:02 -0500] "GET /BLA/resoluciones/RESOLUCIONES%202010/6810.pdf HTTP/1.1" 304 -
192.168.171.203 - - [03/Jul/2016:11:20:03 -0500] "GET /BLA/boletinlegal/admin/actos/ingresar.php HTTP/1.1" 200 6616
207.46.13.83 - - [03/Jul/2016:11:20:06 -0500] "GET /kmz/vallas_otorgadas_marzo2014.kmz HTTP/1.1" 200 103140
66.249.66.175 - - [03/Jul/2016:11:20:09 -0500] "GET /BLA/resoluciones/RESOLUCIONES%202008/1106.pdf HTTP/1.1" 304 -
66.249.66.175 - - [03/Jul/2016:11:20:15 -0500] "GET /BLA/resoluciones/RESOLUCIONES%202014/1998.pdf HTTP/1.1" 304 -
66.249.66.175 - - [03/Jul/2016:11:20:22 -0500] "GET /BLA/resoluciones/RESOLUCIONES%202009/3813.pdf HTTP/1.1" 304 -
131.161.9.227 - - [03/Jul/2016:11:20:25 -0500] "GET /BLA/resoluciones/AUTOS%202008/2527.pdf HTTP/1.1" 200 112851
66.249.66.175 - - [03/Jul/2016:11:20:29 -0500] "GET /BLA/resoluciones/RESOLUCIONES%202007/RES%202007%204201%20AL%204300/RESOLUCION%204289%20DE%202007.pdf HTTP/1.1" 304 -
131.161.10.248 - - [03/Jul/2016:11:20:29 -0500] "GET /BLA/resoluciones/AUTOS%202008/2527.pdf HTTP/1.1" 200 112851
192.168.175.104 - - [03/Jul/2016:11:20:36 -0500] "GET / HTTP/1.1" 200 9990
66.249.66.175 - - [03/Jul/2016:11:20:36 -0500] "GET /BLA/resoluciones/RESOLUCIONES%202007/RES%202007%203801%20AL%203900/RESOLUCION%203886%20DE%202007.pdf HTTP/1.1" 304 -
180.76.15.6 - - [03/Jul/2016:11:20:41 -0500] "GET / HTTP/1.1" 200 9990
66.249.66.175 - - [03/Jul/2016:11:20:50 -0500] "GET /BLA/resoluciones/RESOLUCIONES%202009/5692.pdf HTTP/1.1" 304 -
66.249.66.175 - - [03/Jul/2016:11:20:57 -0500] "GET /BLA/resoluciones/RESOLUCIONES%202012/1228.pdf HTTP/1.1" 304 -
180.76.15.152 - - [03/Jul/2016:11:21:02 -0500] "GET / HTTP/1.1" 200 9990
66.249.66.175 - - [03/Jul/2016:11:21:03 -0500] "GET /BLA/resoluciones/AUTOS%202013/0950.pdf HTTP/1.1" 304 -
66.249.66.175 - - [03/Jul/2016:11:21:10 -0500] "GET /BLA/resoluciones/RESOLUCIONES%202007/RES%202007%201101%20AL%201200/RESOLUCION%201162%20DE%202007.pdf HTTP/1.1" 304 -
190.127.143.56 - - [03/Jul/2016:11:21:13 -0500] "GET /BLA/boletinlegal/js/jquery.scrollShow.js HTTP/1.1" 200 4586
192.168.175.104 - - [03/Jul/2016:11:21:14 -0500] "GET / HTTP/1.1" 200 9990
190.127.143.56 - - [03/Jul/2016:11:21:15 -0500] "GET /galeria/galeria/jquery.fancybox.js?v=2.1.5 HTTP/1.1" 200 48706
66.249.66.175 - - [03/Jul/2016:11:21:17 -0500] "GET /autoliquidacion/index.php?dir=TR%C1MITES+ACEITES-RESIDUOS-ESTACIONES%2FREGISTRO+ACEITE+VEGETAL+USADO%2F HTTP/1.1" 200 3439
190.127.143.56 - - [03/Jul/2016:11:21:19 -0500] "GET /galeria/galeria/jquery.fancybox.css?v=2.1.5 HTTP/1.1" 200 4895
190.127.143.56 - - [03/Jul/2016:11:21:31 -0500] "GET /galeria/galeria/jquery.fancybox.js?v=2.1.5 HTTP/1.1" 304 -
190.127.143.56 - - [03/Jul/2016:11:21:31 -0500] "GET /BLA/boletinlegal/js/jquery.scrollShow.js HTTP/1.1" 304 -
190.127.143.56 - - [03/Jul/2016:11:21:31 -0500] "GET /galeria/galeria/jquery.fancybox.css?v=2.1.5 HTTP/1.1" 304 -
66.249.66.175 - - [03/Jul/2016:11:21:38 -0500] "GET /BLA/resoluciones/AUTOS%202011/4351.pdf HTTP/1.1" 304 -
66.249.66.175 - - [03/Jul/2016:11:21:45 -0500] "GET /BLA/resoluciones/AUTOS%202013/2399.pdf HTTP/1.1" 304 -
192.168.175.104 - - [03/Jul/2016:11:21:48 -0500] "GET / HTTP/1.0" 200 9990
66.249.66.175 - - [03/Jul/2016:11:21:52 -0500] "GET /BLA/resoluciones/AUTOS%202011/1834.pdf HTTP/1.1" 304 -
190.25.13.223 - - [03/Jul/2016:11:21:54 -0500] "GET /BLA/resoluciones/AUTOS%202014/3301.pdf HTTP/1.1" 200 653627
181.56.84.215 - - [03/Jul/2016:11:21:57 -0500] "POST /forms/lservlet;jsessionid=ac16012b30d641184122b4d044e696f4c996ec5585bd.e3iSbxaKaheRe34Tax0PchuKax90n6jAmljGr5XDqQLvpAe HTTP/1.1" 200 2
66.249.66.175 - - [03/Jul/2016:11:21:58 -0500] "GET /BLA/resoluciones/RESOLUCIONES%202007/RES%202007%202301%20AL%202400/RESOLUCION%202347%20DE%202007.pdf HTTP/1.1" 304 -
66.249.66.175 - - [03/Jul/2016:11:22:05 -0500] "GET /BLA/resoluciones/AUTOS%202013/0197.pdf HTTP/1.1" 304 -
66.249.66.175 - - [03/Jul/2016:11:22:12 -0500] "GET /BLA/resoluciones/RESOLUCIONES%202012/1143.pdf HTTP/1.1" 304 -
66.249.66.175 - - [03/Jul/2016:11:22:19 -0500] "GET /BLA/resoluciones/RESOLUCIONES%202014/1488.pdf HTTP/1.1" 304 -
66.249.66.175 - - [03/Jul/2016:11:22:26 -0500] "GET /BLA/resoluciones/AUTOS%202011/2105.pdf HTTP/1.1" 304 -
66.249.66.175 - - [03/Jul/2016:11:22:33 -0500] "GET /BLA/resoluciones/RESOLUCIONES%202011/5660.pdf HTTP/1.1" 304 -
66.249.66.175 - - [03/Jul/2016:11:22:40 -0500] "GET /BLA/resoluciones/RESOLUCIONES%202014/3221.pdf HTTP/1.1" 304 -
66.249.66.175 - - [03/Jul/2016:11:22:47 -0500] "GET /BLA/resoluciones/RESOLUCIONES%202013/1223.pdf HTTP/1.1" 304 -
66.249.66.175 - - [03/Jul/2016:11:22:53 -0500] "GET /BLA/resoluciones/RESOLUCIONES%202012/1307.pdf HTTP/1.1" 304 -
66.249.66.175 - - [03/Jul/2016:11:23:00 -0500] "GET /BLA/resoluciones/AUTOS%202010/3183.pdf HTTP/1.1" 304 -
66.249.66.175 - - [03/Jul/2016:11:23:07 -0500] "GET /BLA/resoluciones/RESOLUCIONES%202010/6285.pdf HTTP/1.1" 304 -
181.56.84.215 - - [03/Jul/2016:11:23:57 -0500] "POST /forms/lservlet;jsessionid=ac16012b30d641184122b4d044e696f4c996ec5585bd.e3iSbxaKaheRe34Tax0PchuKax90n6jAmljGr5XDqQLvpAe HTTP/1.1" 200 2
201.228.243.111 - - [03/Jul/2016:11:24:13 -0500] "GET /galeria/galeria/jquery.fancybox.css?v=2.1.5 HTTP/1.1" 200 4895
69.162.124.232 - - [03/Jul/2016:11:24:26 -0500] "HEAD / HTTP/1.1" 200 -
207.46.13.83 - - [03/Jul/2016:11:24:27 -0500] "GET /SIG/Gesti%C3%83%C2%B3n%20de%20Recursos%20F%C3%83%C2%ADsicos/126PA04-PR12.pdf HTTP/1.1" 404 1019
190.27.113.239 - - [03/Jul/2016:11:24:32 -0500] "GET /galeria/galeria/jquery.fancybox.css?v=2.1.5 HTTP/1.1" 200 4895
190.27.113.239 - - [03/Jul/2016:11:24:32 -0500] "GET /BLA/boletinlegal/js/jquery.scrollShow.js HTTP/1.1" 200 4586
190.27.113.239 - - [03/Jul/2016:11:24:32 -0500] "GET /galeria/galeria/jquery.fancybox.js?v=2.1.5 HTTP/1.1" 200 48706
66.249.66.175 - - [03/Jul/2016:11:24:03 -0500] "GET /BLA/boletinlegal/index.php HTTP/1.1" 200 52190
66.249.66.175 - - [03/Jul/2016:11:24:59 -0500] "GET /BLA/resoluciones/AUTOS%202014/1324.pdf HTTP/1.1" 304 -
66.249.66.175 - - [03/Jul/2016:11:25:31 -0500] "GET /PruebasSTORM/StormSDA_pruebas/stormWeb/ HTTP/1.1" 200 1474
192.168.175.104 - - [03/Jul/2016:11:25:34 -0500] "GET / HTTP/1.1" 200 9990
66.249.66.175 - - [03/Jul/2016:11:25:35 -0500] "GET /BLA/resoluciones/AUTOS%202010/1470.pdf HTTP/1.1" 304 -
66.249.66.175 - - [03/Jul/2016:11:25:39 -0500] "GET /BLA/resoluciones/AUTOS%202013/0324.pdf HTTP/1.1" 304 -
66.249.66.175 - - [03/Jul/2016:11:25:42 -0500] "GET /BLA/resoluciones/RESOLUCIONES%202010/4484.pdf HTTP/1.1" 304 -
66.249.66.175 - - [03/Jul/2016:11:25:57 -0500] "GET /BLA/resoluciones/RESOLUCIONES%202013/1197.pdf HTTP/1.1" 304 -
181.56.84.215 - - [03/Jul/2016:11:25:58 -0500] "POST /forms/lservlet;jsessionid=ac16012b30d641184122b4d044e696f4c996ec5585bd.e3iSbxaKaheRe34Tax0PchuKax90n6jAmljGr5XDqQLvpAe HTTP/1.1" 200 2
66.249.66.175 - - [03/Jul/2016:11:25:59 -0500] "GET /BLA/resoluciones/RESOLUCIONES%202014/1564.pdf HTTP/1.1" 304 -
66.249.66.175 - - [03/Jul/2016:11:26:00 -0500] "GET /BLA/resoluciones/AUTOS%202013/1593.pdf HTTP/1.1" 304 -
66.249.66.175 - - [03/Jul/2016:11:26:01 -0500] "GET /BLA/resoluciones/RESOLUCIONES%202009/4698.pdf HTTP/1.1" 304 -
66.249.66.175 - - [03/Jul/2016:11:26:01 -0500] "GET /Residuos/impresion/files/guia_impresion-lit.pdf HTTP/1.1" 304 -
66.249.66.175 - - [03/Jul/2016:11:26:02 -0500] "GET /BLA/resoluciones/RESOLUCIONES%202014/3653.pdf HTTP/1.1" 304 -
66.249.66.175 - - [03/Jul/2016:11:26:03 -0500] "GET /BLA/resoluciones/AUTOS%202008/0520.pdf HTTP/1.1" 304 -
66.249.66.175 - - [03/Jul/2016:11:26:07 -0500] "GET /galeria/galeria/fotos/humedal-Burro2P.jpg HTTP/1.1" 304 -
66.249.66.175 - - [03/Jul/2016:11:26:12 -0500] "GET /autoliquidacion/TR%C3%81MITES%20MINER%C3%8DA/126PM04-PR39-M-A6-V5.0%20Terminos%20de%20referencia%20PMRRA[1].doc HTTP/1.1" 304 -
192.168.175.104 - - [03/Jul/2016:11:26:13 -0500] "GET / HTTP/1.1" 200 9990
66.249.66.175 - - [03/Jul/2016:11:26:19 -0500] "GET /BLA/resoluciones/RESOLUCIONES%202013/0466.pdf HTTP/1.1" 304 -
