223.196.18.118 - - [03/Jul/2016:11:26:20 -0500] "GET /wp-login.php HTTP/1.1" 404 1019
66.249.66.175 - - [03/Jul/2016:11:26:26 -0500] "GET /BLA/resoluciones/RESOLUCIONES%202015/0995.pdf HTTP/1.1" 304 -
66.249.66.175 - - [03/Jul/2016:11:26:33 -0500] "GET /BLA/resoluciones/AUTOS%202011/2404.pdf HTTP/1.1" 304 -
66.249.66.175 - - [03/Jul/2016:11:26:39 -0500] "GET /BLA/resoluciones/RESOLUCIONES%202014/0933.pdf HTTP/1.1" 304 -
192.168.175.104 - - [03/Jul/2016:11:26:46 -0500] "GET / HTTP/1.0" 200 9990
66.249.66.175 - - [03/Jul/2016:11:26:46 -0500] "GET /BLA/resoluciones/RESOLUCIONES%202010/2414.pdf HTTP/1.1" 304 -
66.249.66.175 - - [03/Jul/2016:11:26:53 -0500] "GET /BLA/resoluciones/RESOLUCIONES%202007/RES%202007%20401%20AL%20500/RESOLUCION%200461%20DE%202007.pdf HTTP/1.1" 304 -
66.249.66.175 - - [03/Jul/2016:11:27:00 -0500] "GET /BLA/resoluciones/RESOLUCIONES%202010/0417.pdf HTTP/1.1" 304 -
66.249.66.175 - - [03/Jul/2016:11:27:07 -0500] "GET /BLA/resoluciones/AUTOS%202014/7200.pdf HTTP/1.1" 304 -
186.87.36.60 - - [03/Jul/2016:11:27:11 -0500] "GET /BLA/boletinlegal/js/jquery.scrollShow.js HTTP/1.1" 200 4586
186.87.36.60 - - [03/Jul/2016:11:27:11 -0500] "GET /galeria/galeria/jquery.fancybox.js?v=2.1.5 HTTP/1.1" 200 48706
186.87.36.60 - - [03/Jul/2016:11:27:11 -0500] "GET /galeria/galeria/jquery.fancybox.css?v=2.1.5 HTTP/1.1" 200 4895
186.87.36.60 - - [03/Jul/2016:11:27:19 -0500] "GET /BLA/boletinlegal/js/jquery.scrollShow.js HTTP/1.1" 304 -
186.87.36.60 - - [03/Jul/2016:11:27:19 -0500] "GET /galeria/galeria/jquery.fancybox.css?v=2.1.5 HTTP/1.1" 304 -
186.87.36.60 - - [03/Jul/2016:11:27:19 -0500] "GET /galeria/galeria/jquery.fancybox.js?v=2.1.5 HTTP/1.1" 304 -
66.249.66.175 - - [03/Jul/2016:11:27:21 -0500] "GET /BLA/resoluciones/RESOLUCIONES%202007/RES%202007%201401%20AL%201500/RESOLUCION%201407%20DE%202007.pdf HTTP/1.1" 304 -
66.249.66.175 - - [03/Jul/2016:11:27:21 -0500] "GET /BLA/resoluciones/RESOLUCIONES%202012/1556.pdf HTTP/1.1" 304 -
66.249.66.175 - - [03/Jul/2016:11:27:28 -0500] "GET /BLA/resoluciones/RESOLUCIONES%202012/1391.pdf HTTP/1.1" 304 -
66.249.66.175 - - [03/Jul/2016:11:27:34 -0500] "GET /BLA/resoluciones/AUTOS%202011/3603.pdf HTTP/1.1" 304 -
66.249.66.175 - - [03/Jul/2016:11:27:35 -0500] "GET /sig/MECI/DOCUMENTOS/PACA/POAI%202010.pdf HTTP/1.1" 404 1018
66.249.66.175 - - [03/Jul/2016:11:27:41 -0500] "GET /BLA/resoluciones/RESOLUCIONES%202013/0985.pdf HTTP/1.1" 304 -
66.249.66.175 - - [03/Jul/2016:11:27:48 -0500] "GET /BLA/resoluciones/AUTOS%202014/5962.pdf HTTP/1.1" 304 -
66.249.66.175 - - [03/Jul/2016:11:27:55 -0500] "GET /transparencia/directorioservidores/2016/enero2016.xlsx HTTP/1.1" 304 -
181.56.84.215 - - [03/Jul/2016:11:27:58 -0500] "POST /forms/lservlet;jsessionid=ac16012b30d641184122b4d044e696f4c996ec5585bd.e3iSbxaKaheRe34Tax0PchuKax90n6jAmljGr5XDqQLvpAe HTTP/1.1" 200 2
66.249.66.175 - - [03/Jul/2016:11:28:02 -0500] "GET /BLA/resoluciones/RESOLUCIONES%202013/0025.pdf HTTP/1.1" 304 -
66.249.66.175 - - [03/Jul/2016:11:28:09 -0500] "GET /BLA/resoluciones/RESOLUCIONES%202009/6931.pdf HTTP/1.1" 304 -
66.249.66.175 - - [03/Jul/2016:11:28:16 -0500] "GET /BLA/resoluciones/RESOLUCIONES%202013/0003.pdf HTTP/1.1" 304 -
66.249.66.175 - - [03/Jul/2016:11:28:23 -0500] "GET /BLA/resoluciones/RESOLUCIONES%202007/RES%202007%201001%20AL%201100/RESOLUCION%201006%20DE%202007.pdf HTTP/1.1" 304 -
190.113.211.39 - - [03/Jul/2016:11:28:23 -0500] "GET /galeria/galeria/jquery.fancybox.js?v=2.1.5 HTTP/1.1" 200 48706
190.113.211.39 - - [03/Jul/2016:11:28:23 -0500] "GET /BLA/boletinlegal/js/jquery.scrollShow.js HTTP/1.1" 200 4586
190.113.211.39 - - [03/Jul/2016:11:28:23 -0500] "GET /galeria/galeria/jquery.fancybox.css?v=2.1.5 HTTP/1.1" 200 4895
66.249.66.175 - - [03/Jul/2016:11:28:29 -0500] "GET /BLA/resoluciones/RESOLUCIONES%202010/7471.pdf HTTP/1.1" 304 -
66.249.66.175 - - [03/Jul/2016:11:28:36 -0500] "GET /BLA/resoluciones/AUTOS%202013/0198.pdf HTTP/1.1" 304 -
190.113.211.39 - - [03/Jul/2016:11:28:43 -0500] "GET /BLA/boletinlegal/js/jquery.scrollShow.js HTTP/1.1" 200 4586
66.249.66.175 - - [03/Jul/2016:11:28:43 -0500] "GET /BLA/resoluciones/RESOLUCIONES%202013/0745.pdf HTTP/1.1" 304 -
190.113.211.39 - - [03/Jul/2016:11:28:45 -0500] "GET /galeria/galeria/jquery.fancybox.js?v=2.1.5 HTTP/1.1" 200 48706
190.113.211.39 - - [03/Jul/2016:11:28:46 -0500] "GET /galeria/galeria/jquery.fancybox.css?v=2.1.5 HTTP/1.1" 200 4895
66.249.66.175 - - [03/Jul/2016:11:28:50 -0500] "GET /BLA/resoluciones/RESOLUCIONES%202010/5757.pdf HTTP/1.1" 304 -
66.249.66.175 - - [03/Jul/2016:11:28:57 -0500] "GET /BLA/resoluciones/AUTOS%202013/0953.pdf HTTP/1.1" 304 -
181.55.144.182 - - [03/Jul/2016:11:29:00 -0500] "POST /BLA/boletinlegal/admin/actos/ingresar.php HTTP/1.1" 200 6709
66.249.66.175 - - [03/Jul/2016:11:29:04 -0500] "GET /BLA/resoluciones/RESOLUCIONES%202007/RES%202007%204001%20AL%204100/RESOLUCION%204090%20DE%202007.pdf HTTP/1.1" 304 -
66.249.66.175 - - [03/Jul/2016:11:29:15 -0500] "GET /BLA/resoluciones/RESOLUCIONES%202010/2538.pdf HTTP/1.1" 200 490624
66.249.66.175 - - [03/Jul/2016:11:29:17 -0500] "GET /BLA/resoluciones/RESOLUCIONES%202013/1262.pdf HTTP/1.1" 304 -
66.249.66.187 - - [03/Jul/2016:11:29:24 -0500] "GET /galeria/mapa/ HTTP/1.1" 200 5106
69.162.124.232 - - [03/Jul/2016:11:29:26 -0500] "HEAD / HTTP/1.1" 200 -
66.249.66.175 - - [03/Jul/2016:11:29:31 -0500] "GET /BLA/resoluciones/RESOLUCIONES%202007/RES%202007%201401%20AL%201500/RESOLUCION%201404%20DE%202007.pdf HTTP/1.1" 304 -
181.49.76.150 - - [03/Jul/2016:11:29:33 -0500] "GET /galeria/galeria/jquery.fancybox.js?v=2.1.5 HTTP/1.1" 200 48706
181.49.76.150 - - [03/Jul/2016:11:29:33 -0500] "GET /galeria/galeria/jquery.fancybox.css?v=2.1.5 HTTP/1.1" 200 4895
181.49.76.150 - - [03/Jul/2016:11:29:33 -0500] "GET /BLA/boletinlegal/js/jquery.scrollShow.js HTTP/1.1" 200 4586
190.27.113.239 - - [03/Jul/2016:11:29:34 -0500] "GET /BLA/boletinlegal/js/jquery.scrollShow.js HTTP/1.1" 200 4586
190.27.113.239 - - [03/Jul/2016:11:29:35 -0500] "GET /galeria/galeria/jquery.fancybox.js?v=2.1.5 HTTP/1.1" 200 48706
190.27.113.239 - - [03/Jul/2016:11:29:36 -0500] "GET /galeria/galeria/jquery.fancybox.css?v=2.1.5 HTTP/1.1" 200 4895
190.27.113.239 - - [03/Jul/2016:11:29:36 -0500] "GET /galeria/carrusel/Carrusel/jquery.thumbnailScroller.css HTTP/1.1" 200 2066
190.27.113.239 - - [03/Jul/2016:11:29:36 -0500] "GET /galeria/carrusel/Carrusel/jquery-ui-1.8.13.custom.min.js HTTP/1.1" 200 10800
190.27.113.239 - - [03/Jul/2016:11:29:36 -0500] "GET /galeria/carrusel/Carrusel/jquery.thumbnailScroller.js HTTP/1.1" 200 8157
46.28.105.84 - - [03/Jul/2016:11:29:37 -0500] "GET /wp/wp-admin/ HTTP/1.1" 404 1018
66.249.66.175 - - [03/Jul/2016:11:29:38 -0500] "GET /BLA/resoluciones/RESOLUCIONES%202010/6809.pdf HTTP/1.1" 304 -
66.249.66.175 - - [03/Jul/2016:11:29:45 -0500] "GET /BLA/resoluciones/RESOLUCIONES%202013/1297.pdf HTTP/1.1" 304 -
181.49.76.150 - - [03/Jul/2016:11:29:49 -0500] "GET /BLA/boletinlegal/js/jquery.scrollShow.js HTTP/1.1" 304 -
181.49.76.150 - - [03/Jul/2016:11:29:49 -0500] "GET /galeria/galeria/jquery.fancybox.css?v=2.1.5 HTTP/1.1" 304 -
181.49.76.150 - - [03/Jul/2016:11:29:49 -0500] "GET /galeria/galeria/jquery.fancybox.js?v=2.1.5 HTTP/1.1" 304 -
66.249.66.175 - - [03/Jul/2016:11:29:52 -0500] "GET /BLA/resoluciones/RESOLUCIONES%202013/1138.pdf HTTP/1.1" 304 -
181.56.84.215 - - [03/Jul/2016:11:29:58 -0500] "POST /forms/lservlet;jsessionid=ac16012b30d641184122b4d044e696f4c996ec5585bd.e3iSbxaKaheRe34Tax0PchuKax90n6jAmljGr5XDqQLvpAe HTTP/1.1" 200 2
66.249.66.175 - - [03/Jul/2016:11:29:59 -0500] "GET /BLA/resoluciones/AUTOS%202012/2170.pdf HTTP/1.1" 304 -
66.249.66.175 - - [03/Jul/2016:11:30:06 -0500] "GET /BLA/resoluciones/AUTOS%202015/1052.pdf HTTP/1.1" 304 -
66.249.66.175 - - [03/Jul/2016:11:30:19 -0500] "GET /BLA/resoluciones/RESOLUCIONES%202011/5794.pdf HTTP/1.1" 304 -
66.249.66.175 - - [03/Jul/2016:11:30:26 -0500] "GET /BLA/resoluciones/RESOLUCIONES%202010/3849.pdf HTTP/1.1" 304 -
192.168.175.104 - - [03/Jul/2016:11:30:32 -0500] "GET / HTTP/1.1" 200 9990
66.249.66.175 - - [03/Jul/2016:11:30:33 -0500] "GET /autoliquidacion/PERMISO%20DE%20OCUPACION%20DE%20SUELO/FORMATO%20DE%20SOLICITUD%20PERMISO%20DE%20CAUCES%20POC%20MODIFICADO_29072014.xls HTTP/1.1" 304 -
66.249.66.175 - - [03/Jul/2016:11:30:40 -0500] "GET /BLA/resoluciones/RESOLUCIONES%202011/0190.pdf HTTP/1.1" 304 -
66.249.66.175 - - [03/Jul/2016:11:30:47 -0500] "GET /BLA/resoluciones/RESOLUCIONES%202013/0468.pdf HTTP/1.1" 304 -
66.249.66.175 - - [03/Jul/2016:11:30:54 -0500] "GET /BLA/resoluciones/RESOLUCIONES%202007/RES%202007%201801%20AL%201900/RESOLUCION%201855%20DE%202007.pdf HTTP/1.1" 304 -
191.102.216.86 - - [03/Jul/2016:11:31:00 -0500] "GET /galeria/galeria/jquery.fancybox.css?v=2.1.5 HTTP/1.1" 200 4895
191.102.216.86 - - [03/Jul/2016:11:31:00 -0500] "GET /BLA/boletinlegal/js/jquery.scrollShow.js HTTP/1.1" 200 4586
191.102.216.86 - - [03/Jul/2016:11:31:00 -0500] "GET /galeria/galeria/jquery.fancybox.js?v=2.1.5 HTTP/1.1" 200 48706
66.249.66.175 - - [03/Jul/2016:11:31:09 -0500] "GET /BLA/resoluciones/RESOLUCIONES%202010/5720.pdf HTTP/1.1" 304 -
66.249.66.175 - - [03/Jul/2016:11:31:09 -0500] "GET /BLA/resoluciones/AUTOS%202014/3415.pdf HTTP/1.1" 200 508835
192.168.175.104 - - [03/Jul/2016:11:31:11 -0500] "GET / HTTP/1.1" 200 9990
66.249.66.175 - - [03/Jul/2016:11:31:21 -0500] "GET /BLA/resoluciones/AUTOS%202014/7158.pdf HTTP/1.1" 304 -
66.249.66.175 - - [03/Jul/2016:11:31:28 -0500] "GET /BLA/resoluciones/RESOLUCIONES%202009/0221.pdf HTTP/1.1" 200 320724
66.249.66.175 - - [03/Jul/2016:11:31:35 -0500] "GET /BLA/resoluciones/RESOLUCIONES%202009/8562.pdf HTTP/1.1" 304 -
66.249.66.175 - - [03/Jul/2016:11:31:42 -0500] "GET /BLA/resoluciones/RESOLUCIONES%202014/0702.pdf HTTP/1.1" 304 -
167.114.1.152 - - [03/Jul/2016:11:31:43 -0500] "POST /xmlrpc.php HTTP/1.1" 302 308
192.168.175.104 - - [03/Jul/2016:11:31:45 -0500] "GET / HTTP/1.0" 200 9990
66.249.66.175 - - [03/Jul/2016:11:31:49 -0500] "GET /BLA/resoluciones/RESOLUCIONES%202010/0222.pdf HTTP/1.1" 304 -
66.249.66.140 - - [03/Jul/2016:11:31:50 -0500] "GET / HTTP/1.1" 301 324
66.249.66.175 - - [03/Jul/2016:11:31:55 -0500] "GET /BLA/resoluciones/RESOLUCIONES%202011/4416.pdf HTTP/1.1" 304 -
181.56.84.215 - - [03/Jul/2016:11:31:58 -0500] "POST /forms/lservlet;jsessionid=ac16012b30d641184122b4d044e696f4c996ec5585bd.e3iSbxaKaheRe34Tax0PchuKax90n6jAmljGr5XDqQLvpAe HTTP/1.1" 200 2
66.249.66.175 - - [03/Jul/2016:11:32:02 -0500] "GET /BLA/resoluciones/AUTOS%202014/1924.pdf HTTP/1.1" 304 -
66.249.66.175 - - [03/Jul/2016:11:32:09 -0500] "GET /BLA/resoluciones/AUTOS%202012/1995.pdf HTTP/1.1" 304 -
176.57.209.106 - - [03/Jul/2016:11:33:27 -0500] "-" 408 -
192.168.171.203 - - [03/Jul/2016:11:33:29 -0500] "GET /BLA/boletinlegal/consulta_actos.php?tipo=autos&no=3228&usuario=&sector=&fecha=2014&resuelve= HTTP/1.1" 200 1071
192.168.171.203 - - [03/Jul/2016:11:33:38 -0500] "GET /BLA/boletinlegal/consulta_actos.php?tipo=autos&no=4488&usuario=&sector=&fecha=2015&resuelve= HTTP/1.1" 200 1092
176.57.209.106 - - [03/Jul/2016:11:33:46 -0500] "-" 408 -
190.27.113.239 - - [03/Jul/2016:11:33:50 -0500] "GET /galeria/galeria/jquery.fancybox.css?v=2.1.5 HTTP/1.1" 200 4895
190.27.113.239 - - [03/Jul/2016:11:33:50 -0500] "GET /BLA/boletinlegal/js/jquery.scrollShow.js HTTP/1.1" 200 4586
190.27.113.239 - - [03/Jul/2016:11:33:51 -0500] "GET /galeria/galeria/jquery.fancybox.js?v=2.1.5 HTTP/1.1" 200 48706
181.56.84.215 - - [03/Jul/2016:11:33:58 -0500] "POST /forms/lservlet;jsessionid=ac16012b30d641184122b4d044e696f4c996ec5585bd.e3iSbxaKaheRe34Tax0PchuKax90n6jAmljGr5XDqQLvpAe HTTP/1.1" 200 2
181.61.17.23 - - [03/Jul/2016:11:34:20 -0500] "GET /BLA/boletinlegal/js/jquery.scrollShow.js HTTP/1.1" 200 4586
181.61.17.23 - - [03/Jul/2016:11:34:20 -0500] "GET /galeria/galeria/jquery.fancybox.js?v=2.1.5 HTTP/1.1" 200 48706
181.61.17.23 - - [03/Jul/2016:11:34:20 -0500] "GET /galeria/galeria/jquery.fancybox.css?v=2.1.5 HTTP/1.1" 200 4895
69.162.124.232 - - [03/Jul/2016:11:34:26 -0500] "HEAD / HTTP/1.1" 200 -
181.61.17.23 - - [03/Jul/2016:11:34:27 -0500] "GET /BLA/boletinlegal/js/jquery.scrollShow.js HTTP/1.1" 200 4586
181.61.17.23 - - [03/Jul/2016:11:34:27 -0500] "GET /galeria/galeria/jquery.fancybox.js?v=2.1.5 HTTP/1.1" 200 48706
181.61.17.23 - - [03/Jul/2016:11:34:27 -0500] "GET /galeria/galeria/jquery.fancybox.css?v=2.1.5 HTTP/1.1" 200 4895
207.46.13.55 - - [03/Jul/2016:11:34:35 -0500] "GET /phpold/repre/rl126905.doc HTTP/1.1" 404 1019
190.70.37.112 - - [03/Jul/2016:11:35:02 -0500] "GET /BLA/resoluciones/AUTOS%202013/0174.pdf HTTP/1.1" 200 3480267
190.70.37.112 - - [03/Jul/2016:11:35:02 -0500] "GET /favicon.ico HTTP/1.1" 200 7782
190.70.37.112 - - [03/Jul/2016:11:35:04 -0500] "GET /BLA/resoluciones/AUTOS%202013/0174.pdf HTTP/1.1" 206 2422041
66.249.66.175 - - [03/Jul/2016:11:35:11 -0500] "GET /BLA/resoluciones/AUTOS%202009/1922.pdf HTTP/1.1" 304 -
66.249.66.175 - - [03/Jul/2016:11:35:13 -0500] "GET /BLA/resoluciones/AUTOS%202013/0540.pdf HTTP/1.1" 304 -
201.190.18.156 - - [03/Jul/2016:11:35:13 -0500] "GET /galeria/galeria/jquery.fancybox.css?v=2.1.5 HTTP/1.1" 200 4895
201.190.18.156 - - [03/Jul/2016:11:35:13 -0500] "GET /BLA/boletinlegal/js/jquery.scrollShow.js HTTP/1.1" 200 4586
201.190.18.156 - - [03/Jul/2016:11:35:13 -0500] "GET /galeria/galeria/jquery.fancybox.js?v=2.1.5 HTTP/1.1" 200 48706
66.249.66.175 - - [03/Jul/2016:11:35:13 -0500] "GET /BLA/resoluciones/RESOLUCIONES%202007/RES%202007%20401%20AL%20500/RESOLUCION%200444%20DE%202007.pdf HTTP/1.1" 304 -
190.27.113.239 - - [03/Jul/2016:11:35:26 -0500] "GET /galeria/galeria/jquery.fancybox.css?v=2.1.5 HTTP/1.1" 200 4895
190.27.113.239 - - [03/Jul/2016:11:35:26 -0500] "GET /BLA/boletinlegal/js/jquery.scrollShow.js HTTP/1.1" 200 4586
181.49.164.67 - - [03/Jul/2016:11:35:26 -0500] "GET /galeria/galeria/jquery.fancybox.css?v=2.1.5 HTTP/1.1" 200 4895
190.27.113.239 - - [03/Jul/2016:11:35:26 -0500] "GET /galeria/galeria/jquery.fancybox.js?v=2.1.5 HTTP/1.1" 200 48706
181.49.164.67 - - [03/Jul/2016:11:35:26 -0500] "GET /galeria/galeria/jquery.fancybox.js?v=2.1.5 HTTP/1.1" 200 48706
181.49.164.67 - - [03/Jul/2016:11:35:26 -0500] "GET /BLA/boletinlegal/js/jquery.scrollShow.js HTTP/1.1" 200 4586
46.28.105.84 - - [03/Jul/2016:11:35:31 -0500] "GET /old/wp-admin/ HTTP/1.1" 404 1018
192.168.175.104 - - [03/Jul/2016:11:35:31 -0500] "GET / HTTP/1.1" 200 9990
201.190.18.156 - - [03/Jul/2016:11:35:43 -0500] "GET /galeria/galeria/jquery.fancybox.css?v=2.1.5 HTTP/1.1" 304 -
201.190.18.156 - - [03/Jul/2016:11:35:43 -0500] "GET /BLA/boletinlegal/js/jquery.scrollShow.js HTTP/1.1" 304 -
201.190.18.156 - - [03/Jul/2016:11:35:43 -0500] "GET /galeria/galeria/jquery.fancybox.js?v=2.1.5 HTTP/1.1" 304 -
181.49.164.67 - - [03/Jul/2016:11:35:45 -0500] "GET /galeria/galeria/jquery.fancybox.css?v=2.1.5 HTTP/1.1" 304 -
181.49.164.67 - - [03/Jul/2016:11:35:46 -0500] "GET /galeria/galeria/jquery.fancybox.js?v=2.1.5 HTTP/1.1" 304 -
181.49.164.67 - - [03/Jul/2016:11:35:46 -0500] "GET /BLA/boletinlegal/js/jquery.scrollShow.js HTTP/1.1" 304 -
186.113.35.119 - - [03/Jul/2016:11:35:58 -0500] "GET /galeria/galeria/jquery.fancybox.css?v=2.1.5 HTTP/1.1" 200 4895
186.113.35.119 - - [03/Jul/2016:11:35:58 -0500] "GET /BLA/boletinlegal/js/jquery.scrollShow.js HTTP/1.1" 200 4586
186.113.35.119 - - [03/Jul/2016:11:35:58 -0500] "GET /galeria/galeria/jquery.fancybox.js?v=2.1.5 HTTP/1.1" 200 48706
181.56.84.215 - - [03/Jul/2016:11:35:58 -0500] "POST /forms/lservlet;jsessionid=ac16012b30d641184122b4d044e696f4c996ec5585bd.e3iSbxaKaheRe34Tax0PchuKax90n6jAmljGr5XDqQLvpAe HTTP/1.1" 200 2
192.168.175.104 - - [03/Jul/2016:11:36:09 -0500] "GET / HTTP/1.1" 200 9990
181.54.29.29 - - [03/Jul/2016:11:36:37 -0500] "GET /BLA/resoluciones/AUTOS%202014/1361.pdf HTTP/1.1" 200 509251
192.168.175.104 - - [03/Jul/2016:11:36:44 -0500] "GET / HTTP/1.0" 200 9990
66.249.66.175 - - [03/Jul/2016:11:36:51 -0500] "GET /galeria/mapa2/JUANAMARILLO12.jpg HTTP/1.1" 304 -
66.249.66.178 - - [03/Jul/2016:11:36:51 -0500] "GET /robots.txt HTTP/1.1" 404 1018
181.62.197.12 - - [03/Jul/2016:11:36:54 -0500] "GET /BLA/boletinlegal/js/jquery.scrollShow.js HTTP/1.1" 200 4586
181.62.197.12 - - [03/Jul/2016:11:36:54 -0500] "GET /galeria/galeria/jquery.fancybox.css?v=2.1.5 HTTP/1.1" 200 4895
181.62.197.12 - - [03/Jul/2016:11:36:54 -0500] "GET /galeria/galeria/jquery.fancybox.js?v=2.1.5 HTTP/1.1" 200 48706
200.35.198.127 - - [03/Jul/2016:11:37:19 -0500] "GET /galeria/galeria/jquery.fancybox.js?v=2.1.5 HTTP/1.1" 200 48706
200.35.198.127 - - [03/Jul/2016:11:37:19 -0500] "GET /galeria/galeria/jquery.fancybox.css?v=2.1.5 HTTP/1.1" 200 4895
200.35.198.127 - - [03/Jul/2016:11:37:22 -0500] "GET /BLA/boletinlegal/js/jquery.scrollShow.js HTTP/1.1" 200 4586
200.35.198.127 - - [03/Jul/2016:11:37:29 -0500] "GET /BLA/boletinlegal/js/jquery.scrollShow.js HTTP/1.1" 304 -
200.35.198.127 - - [03/Jul/2016:11:37:29 -0500] "GET /galeria/galeria/jquery.fancybox.js?v=2.1.5 HTTP/1.1" 304 -
200.35.198.127 - - [03/Jul/2016:11:37:29 -0500] "GET /galeria/galeria/jquery.fancybox.css?v=2.1.5 HTTP/1.1" 304 -
181.56.84.215 - - [03/Jul/2016:11:37:59 -0500] "POST /forms/lservlet;jsessionid=ac16012b30d641184122b4d044e696f4c996ec5585bd.e3iSbxaKaheRe34Tax0PchuKax90n6jAmljGr5XDqQLvpAe HTTP/1.1" 200 2
66.249.66.178 - - [03/Jul/2016:11:38:07 -0500] "GET /BLA/resoluciones/AUTOS%202009/0451.pdf HTTP/1.1" 200 404567
181.55.144.182 - - [03/Jul/2016:11:38:11 -0500] "POST /BLA/boletinlegal/admin/actos/ingresar.php HTTP/1.1" 200 6709
69.162.124.232 - - [03/Jul/2016:11:39:26 -0500] "HEAD / HTTP/1.1" 200 -
131.253.25.207 - - [03/Jul/2016:11:39:58 -0500] "GET /galeria/nivo-slider/demo/demo.html HTTP/1.1" 200 4891
131.253.25.207 - - [03/Jul/2016:11:39:58 -0500] "GET /galeria/nivo-slider/nivo-slider.css HTTP/1.1" 200 1507
131.253.25.207 - - [03/Jul/2016:11:39:58 -0500] "GET /galeria/nivo-slider/themes/default/default.css HTTP/1.1" 200 1569
131.253.25.207 - - [03/Jul/2016:11:39:58 -0500] "GET /galeria/nivo-slider/themes/pascal/pascal.css HTTP/1.1" 200 2258
131.253.25.207 - - [03/Jul/2016:11:39:58 -0500] "GET /galeria/nivo-slider/themes/orman/orman.css HTTP/1.1" 200 2152
131.253.25.207 - - [03/Jul/2016:11:39:58 -0500] "GET /galeria/nivo-slider/demo/style.css HTTP/1.1" 200 2222
131.253.25.207 - - [03/Jul/2016:11:39:58 -0500] "GET /galeria/nivo-slider/demo/scripts/jquery-1.7.1.min.js HTTP/1.1" 200 93868
131.253.25.207 - - [03/Jul/2016:11:39:59 -0500] "GET /galeria/nivo-slider/jquery.nivo.slider.pack.js HTTP/1.1" 200 11561
181.56.84.215 - - [03/Jul/2016:11:39:59 -0500] "POST /forms/lservlet;jsessionid=ac16012b30d641184122b4d044e696f4c996ec5585bd.e3iSbxaKaheRe34Tax0PchuKax90n6jAmljGr5XDqQLvpAe HTTP/1.1" 200 2
131.161.11.243 - - [03/Jul/2016:11:40:18 -0500] "GET /BLA/resoluciones/AUTOS%202014/0596.pdf HTTP/1.1" 200 616896
131.161.9.227 - - [03/Jul/2016:11:40:20 -0500] "GET /BLA/resoluciones/AUTOS%202014/0596.pdf HTTP/1.1" 200 616896
192.168.175.104 - - [03/Jul/2016:11:40:29 -0500] "GET / HTTP/1.1" 200 9990
181.54.55.85 - - [03/Jul/2016:11:40:30 -0500] "GET /BLA/boletinlegal/js/jquery.scrollShow.js HTTP/1.1" 200 4586
181.54.55.85 - - [03/Jul/2016:11:40:30 -0500] "GET /galeria/galeria/jquery.fancybox.css?v=2.1.5 HTTP/1.1" 200 4895
181.54.55.85 - - [03/Jul/2016:11:40:30 -0500] "GET /galeria/galeria/jquery.fancybox.js?v=2.1.5 HTTP/1.1" 200 48706
181.54.55.85 - - [03/Jul/2016:11:40:30 -0500] "GET /galeria/carrusel/Carrusel/jquery.thumbnailScroller.css HTTP/1.1" 200 2066
181.54.55.85 - - [03/Jul/2016:11:40:30 -0500] "GET /galeria/carrusel/Carrusel/jquery-ui-1.8.13.custom.min.js HTTP/1.1" 200 10800
181.54.55.85 - - [03/Jul/2016:11:40:30 -0500] "GET /galeria/carrusel/Carrusel/jquery.thumbnailScroller.js HTTP/1.1" 200 8157
181.54.55.85 - - [03/Jul/2016:11:40:31 -0500] "GET /galeria/nivo-slider/demo/demo.html HTTP/1.1" 200 4891
181.54.55.85 - - [03/Jul/2016:11:40:31 -0500] "GET /galeria/nivo-slider/themes/default/default.css HTTP/1.1" 200 1569
181.54.55.85 - - [03/Jul/2016:11:40:31 -0500] "GET /galeria/nivo-slider/themes/pascal/pascal.css HTTP/1.1" 200 2258
181.54.55.85 - - [03/Jul/2016:11:40:31 -0500] "GET /galeria/nivo-slider/themes/orman/orman.css HTTP/1.1" 200 2152
181.54.55.85 - - [03/Jul/2016:11:40:31 -0500] "GET /galeria/nivo-slider/nivo-slider.css HTTP/1.1" 200 1507
181.54.55.85 - - [03/Jul/2016:11:40:31 -0500] "GET /galeria/nivo-slider/demo/style.css HTTP/1.1" 200 2222
181.54.55.85 - - [03/Jul/2016:11:40:31 -0500] "GET /galeria/nivo-slider/demo/scripts/jquery-1.7.1.min.js HTTP/1.1" 200 93868
181.54.55.85 - - [03/Jul/2016:11:40:31 -0500] "GET /galeria/nivo-slider/jquery.nivo.slider.pack.js HTTP/1.1" 200 11561
181.54.55.85 - - [03/Jul/2016:11:40:31 -0500] "GET /galeria/nivo-slider/demo/images/4Simple_Slider.png HTTP/1.1" 200 11722
181.54.55.85 - - [03/Jul/2016:11:40:31 -0500] "GET /galeria/nivo-slider/demo/images/SUPERCADECRA30.jpg HTTP/1.1" 200 127549
181.54.55.85 - - [03/Jul/2016:11:40:31 -0500] "GET /galeria/nivo-slider/demo/images/SUPERCADESUBA.jpg HTTP/1.1" 200 127509
181.54.55.85 - - [03/Jul/2016:11:40:31 -0500] "GET /galeria/nivo-slider/demo/images/BANNERVISORGEOGRAFICO.jpg HTTP/1.1" 200 78514
181.54.55.85 - - [03/Jul/2016:11:40:31 -0500] "GET /galeria/nivo-slider/demo/images/convocatoriasecretaria.jpg HTTP/1.1" 200 129365
181.54.55.85 - - [03/Jul/2016:11:40:31 -0500] "GET /galeria/nivo-slider/demo/images/vegetal.jpg HTTP/1.1" 200 216080
181.54.55.85 - - [03/Jul/2016:11:40:31 -0500] "GET /galeria/nivo-slider/demo/images/BANNERWELOVEBOGOTA.jpg HTTP/1.1" 200 122775
181.54.55.85 - - [03/Jul/2016:11:40:32 -0500] "GET /galeria/nivo-slider/demo/images/bannergenCAPACITACIONES-01.jpg HTTP/1.1" 200 153433
181.54.55.85 - - [03/Jul/2016:11:40:32 -0500] "GET /galeria/nivo-slider/demo/images/BANNERMADERALEGAL.jpg HTTP/1.1" 200 165750
181.54.55.85 - - [03/Jul/2016:11:40:32 -0500] "GET /galeria/nivo-slider/demo/images/Banner_wgic.jpg HTTP/1.1" 200 139000
181.54.55.85 - - [03/Jul/2016:11:40:33 -0500] "GET /galeria/nivo-slider/demo/images/BANNERECOLECTARESIDUOS.jpg HTTP/1.1" 200 164602
181.54.55.85 - - [03/Jul/2016:11:40:33 -0500] "GET /galeria/nivo-slider/demo/images/ACOPIADORESYGESTORES.jpg HTTP/1.1" 200 118791
181.54.55.85 - - [03/Jul/2016:11:40:33 -0500] "GET /galeria/nivo-slider/demo/images/ABC-Plan-de-contigencia.jpg HTTP/1.1" 200 423901
181.54.55.85 - - [03/Jul/2016:11:40:34 -0500] "GET /galeria/nivo-slider/demo/images/caminata-ecologica.jpg HTTP/1.1" 200 192926
181.54.55.85 - - [03/Jul/2016:11:40:35 -0500] "GET /galeria/nivo-slider/demo/images/Cmapana-onestidad.jpg HTTP/1.1" 200 141638
181.54.55.85 - - [03/Jul/2016:11:40:35 -0500] "GET /galeria/nivo-slider/demo/images/banner-llantas2.jpg HTTP/1.1" 200 234514
181.54.55.85 - - [03/Jul/2016:11:40:36 -0500] "GET /galeria/nivo-slider/demo/images/9Signos.jpg HTTP/1.1" 200 81776
181.54.55.85 - - [03/Jul/2016:11:40:36 -0500] "GET /galeria/nivo-slider/demo/images/Ruta-vertimientos-01.jpg HTTP/1.1" 200 130151
181.54.55.85 - - [03/Jul/2016:11:40:36 -0500] "GET /galeria/nivo-slider/demo/images/bolsas-06.jpg HTTP/1.1" 200 210950
181.54.55.85 - - [03/Jul/2016:11:40:36 -0500] "GET /galeria/nivo-slider/themes/default/loading.gif HTTP/1.1" 200 1737
181.54.55.85 - - [03/Jul/2016:11:40:38 -0500] "GET /galeria/nivo-slider/themes/default/arrows.png HTTP/1.1" 200 824
181.54.55.85 - - [03/Jul/2016:11:40:38 -0500] "GET /galeria/nivo-slider/themes/default/bullets.png HTTP/1.1" 200 1281
66.249.66.175 - - [03/Jul/2016:11:40:39 -0500] "GET /BLA/resoluciones/Notificaciones/AUTOS%202014/5836.doc HTTP/1.1" 304 -
66.249.66.175 - - [03/Jul/2016:11:40:58 -0500] "GET /sia/ HTTP/1.1" 304 -
66.249.66.175 - - [03/Jul/2016:11:41:05 -0500] "GET /BLA/resoluciones/RESOLUCIONES%202013/0112.pdf HTTP/1.1" 304 -
192.168.175.104 - - [03/Jul/2016:11:41:07 -0500] "GET / HTTP/1.1" 200 9990
66.249.66.175 - - [03/Jul/2016:11:41:12 -0500] "GET /BLA/resoluciones/AUTOS%202014/6159.pdf HTTP/1.1" 304 -
181.55.144.182 - - [03/Jul/2016:11:41:12 -0500] "POST /BLA/boletinlegal/admin/actos/ingresar.php HTTP/1.1" 200 6709
66.249.66.175 - - [03/Jul/2016:11:41:19 -0500] "GET /BLA/resoluciones/AUTOS%202014/2220.pdf HTTP/1.1" 304 -
66.249.66.175 - - [03/Jul/2016:11:41:26 -0500] "GET /autoliquidacion/Solicitudes%20relacionadas%20con%20calidad%20del%20aire%20auditiva%20y%20visual/Evaluaci%C3%B3n%20de%20permisos%20de%20emisi%C3%B3n%20para%20fuentes%20fijas/lista%20de%20chequeo%20permiso%20de%20emisiones.pdf HTTP/1.1" 304 -
66.249.66.175 - - [03/Jul/2016:11:41:33 -0500] "GET /BLA/resoluciones/RESOLUCIONES%202007/RES%202007%20101%20AL%20200/RESOLUCION%200115%20%20DE%202007.pdf HTTP/1.1" 304 -
63.118.163.231 - - [03/Jul/2016:11:41:34 -0500] "GET /galeria/nivo-slider/demo/images/banner-Pacto-por-la-madera.jpg HTTP/1.1" 304 -
186.155.18.86 - - [03/Jul/2016:11:41:36 -0500] "GET /galeria/galeria/jquery.fancybox.css?v=2.1.5 HTTP/1.1" 200 4895
186.155.18.86 - - [03/Jul/2016:11:41:36 -0500] "GET /BLA/boletinlegal/js/jquery.scrollShow.js HTTP/1.1" 200 4586
186.155.18.86 - - [03/Jul/2016:11:41:36 -0500] "GET /galeria/galeria/jquery.fancybox.js?v=2.1.5 HTTP/1.1" 200 48706
66.249.66.175 - - [03/Jul/2016:11:41:39 -0500] "GET /BLA/resoluciones/RESOLUCIONES%202010/7253.pdf HTTP/1.1" 304 -
181.225.65.186 - - [03/Jul/2016:11:41:41 -0500] "GET /galeria/galeria/fotos/mirador2G.jpg HTTP/1.1" 200 115084
192.168.175.104 - - [03/Jul/2016:11:41:42 -0500] "GET / HTTP/1.0" 200 9990
186.155.18.86 - - [03/Jul/2016:11:41:50 -0500] "GET /BLA/boletinlegal/js/jquery.scrollShow.js HTTP/1.1" 304 -
186.155.18.86 - - [03/Jul/2016:11:41:50 -0500] "GET /galeria/galeria/jquery.fancybox.js?v=2.1.5 HTTP/1.1" 304 -
186.155.18.86 - - [03/Jul/2016:11:41:50 -0500] "GET /galeria/galeria/jquery.fancybox.css?v=2.1.5 HTTP/1.1" 304 -
66.249.66.175 - - [03/Jul/2016:11:41:53 -0500] "GET /BLA/resoluciones/RESOLUCIONES%202011/0165.pdf HTTP/1.1" 304 -
181.56.84.215 - - [03/Jul/2016:11:42:00 -0500] "POST /forms/lservlet;jsessionid=ac16012b30d641184122b4d044e696f4c996ec5585bd.e3iSbxaKaheRe34Tax0PchuKax90n6jAmljGr5XDqQLvpAe HTTP/1.1" 200 2
66.249.66.175 - - [03/Jul/2016:11:42:00 -0500] "GET /BLA/resoluciones/RESOLUCIONES%202012/0877.pdf HTTP/1.1" 304 -
181.54.55.85 - - [03/Jul/2016:11:42:06 -0500] "GET /BLA/boletinlegal/js/jquery.scrollShow.js HTTP/1.1" 200 4586
181.54.55.85 - - [03/Jul/2016:11:42:06 -0500] "GET /galeria/galeria/jquery.fancybox.js?v=2.1.5 HTTP/1.1" 200 48706
181.54.55.85 - - [03/Jul/2016:11:42:06 -0500] "GET /galeria/galeria/jquery.fancybox.css?v=2.1.5 HTTP/1.1" 200 4895
66.249.66.175 - - [03/Jul/2016:11:42:07 -0500] "GET /BLA/resoluciones/RESOLUCIONES%202007/RES%202007%203001%20AL%203100/RESOLUCION%203038%20DE%202007.pdf HTTP/1.1" 304 -
66.249.66.175 - - [03/Jul/2016:11:42:13 -0500] "GET /galeria/mapa2/TIBANICA12.jpg HTTP/1.1" 304 -
181.55.144.182 - - [03/Jul/2016:11:42:11 -0500] "POST /BLA/boletinlegal/admin/actos/ingresar.php HTTP/1.1" 200 6709
66.249.66.175 - - [03/Jul/2016:11:42:14 -0500] "GET /BLA/resoluciones/RESOLUCIONES%202010/1454.pdf HTTP/1.1" 304 -
190.127.137.78 - - [03/Jul/2016:11:42:18 -0500] "GET /BLA/boletinlegal/js/jquery.scrollShow.js HTTP/1.1" 200 4586
190.127.137.78 - - [03/Jul/2016:11:42:18 -0500] "GET /galeria/galeria/jquery.fancybox.js?v=2.1.5 HTTP/1.1" 200 48706
190.127.137.78 - - [03/Jul/2016:11:42:18 -0500] "GET /galeria/galeria/jquery.fancybox.css?v=2.1.5 HTTP/1.1" 200 4895
66.249.66.175 - - [03/Jul/2016:11:42:33 -0500] "GET /BLA/resoluciones/Notificaciones/AUTOS%202014/0799.doc HTTP/1.1" 304 -
66.249.66.175 - - [03/Jul/2016:11:42:34 -0500] "GET /BLA/resoluciones/AUTOS%202015/0269.pdf HTTP/1.1" 304 -
190.127.137.78 - - [03/Jul/2016:11:42:35 -0500] "GET /BLA/boletinlegal/js/jquery.scrollShow.js HTTP/1.1" 200 4586
190.127.137.78 - - [03/Jul/2016:11:42:35 -0500] "GET /galeria/galeria/jquery.fancybox.js?v=2.1.5 HTTP/1.1" 200 48706
190.127.137.78 - - [03/Jul/2016:11:42:35 -0500] "GET /galeria/galeria/jquery.fancybox.css?v=2.1.5 HTTP/1.1" 200 4895
66.249.66.175 - - [03/Jul/2016:11:42:41 -0500] "GET /BLA/resoluciones/AUTOS%202009/0022.pdf HTTP/1.1" 304 -
66.249.66.175 - - [03/Jul/2016:11:42:55 -0500] "GET /BLA/resoluciones/Notificaciones/AUTOS%202015/2989.doc HTTP/1.1" 304 -
66.249.66.175 - - [03/Jul/2016:11:43:02 -0500] "GET /BLA/resoluciones/RESOLUCIONES%202008/0146.pdf HTTP/1.1" 304 -
173.252.90.89 - - [03/Jul/2016:11:43:06 -0500] "GET /galeria/galeria/fotos/mirador1P.jpg HTTP/1.1" 200 11433
66.249.66.175 - - [03/Jul/2016:11:43:09 -0500] "GET /BLA/resoluciones/AUTOS%202013/0511.pdf HTTP/1.1" 304 -
66.249.66.175 - - [03/Jul/2016:11:43:16 -0500] "GET /BLA/resoluciones/AUTOS%202012/1121.pdf HTTP/1.1" 304 -
181.55.144.182 - - [03/Jul/2016:11:43:13 -0500] "POST /BLA/boletinlegal/admin/actos/ingresar.php HTTP/1.1" 200 6709
66.249.66.175 - - [03/Jul/2016:11:43:22 -0500] "GET /BLA/resoluciones/RESOLUCIONES%202007/RES%202007%20401%20AL%20500/RESOLUCION%200431%20DE%202007.pdf HTTP/1.1" 304 -
66.249.66.175 - - [03/Jul/2016:11:43:29 -0500] "GET /BLA/resoluciones/RESOLUCIONES%202008/0896.pdf HTTP/1.1" 304 -
66.249.66.175 - - [03/Jul/2016:11:43:36 -0500] "GET /BLA/resoluciones/AUTOS%202012/1484.pdf HTTP/1.1" 304 -
181.68.103.229 - - [03/Jul/2016:11:43:42 -0500] "GET /galeria/galeria/jquery.fancybox.js?v=2.1.5 HTTP/1.1" 200 48706
181.68.103.229 - - [03/Jul/2016:11:43:42 -0500] "GET /galeria/galeria/jquery.fancybox.css?v=2.1.5 HTTP/1.1" 200 4895
181.68.103.229 - - [03/Jul/2016:11:43:42 -0500] "GET /galeria/carrusel/Carrusel/jquery.thumbnailScroller.css HTTP/1.1" 200 2066
181.68.103.229 - - [03/Jul/2016:11:43:42 -0500] "GET /BLA/boletinlegal/js/jquery.scrollShow.js HTTP/1.1" 200 4586
181.68.103.229 - - [03/Jul/2016:11:43:42 -0500] "GET /galeria/carrusel/Carrusel/jquery.thumbnailScroller.js HTTP/1.1" 200 8157
181.68.103.229 - - [03/Jul/2016:11:43:42 -0500] "GET /galeria/carrusel/Carrusel/jquery-ui-1.8.13.custom.min.js HTTP/1.1" 200 10800
66.249.66.175 - - [03/Jul/2016:11:43:43 -0500] "GET /BLA/resoluciones/RESOLUCIONES%202007/RES%202007%202501%20AL%202600/RESOLUCION%202551%20DE%202007.pdf HTTP/1.1" 304 -
181.68.103.229 - - [03/Jul/2016:11:43:44 -0500] "GET /galeria/nivo-slider/demo/demo.html HTTP/1.1" 200 4891
181.68.103.229 - - [03/Jul/2016:11:43:44 -0500] "GET /galeria/nivo-slider/themes/default/default.css HTTP/1.1" 200 1569
181.68.103.229 - - [03/Jul/2016:11:43:44 -0500] "GET /galeria/nivo-slider/themes/pascal/pascal.css HTTP/1.1" 200 2258
181.68.103.229 - - [03/Jul/2016:11:43:44 -0500] "GET /galeria/nivo-slider/themes/orman/orman.css HTTP/1.1" 200 2152
181.68.103.229 - - [03/Jul/2016:11:43:44 -0500] "GET /galeria/nivo-slider/nivo-slider.css HTTP/1.1" 200 1507
181.68.103.229 - - [03/Jul/2016:11:43:44 -0500] "GET /galeria/nivo-slider/demo/style.css HTTP/1.1" 200 2222
181.68.103.229 - - [03/Jul/2016:11:43:44 -0500] "GET /galeria/nivo-slider/demo/images/SUPERCADECRA30.jpg HTTP/1.1" 200 127549
181.68.103.229 - - [03/Jul/2016:11:43:44 -0500] "GET /galeria/nivo-slider/demo/scripts/jquery-1.7.1.min.js HTTP/1.1" 200 93868
181.68.103.229 - - [03/Jul/2016:11:43:44 -0500] "GET /galeria/nivo-slider/jquery.nivo.slider.pack.js HTTP/1.1" 200 11561
181.68.103.229 - - [03/Jul/2016:11:43:44 -0500] "GET /galeria/nivo-slider/demo/images/SUPERCADESUBA.jpg HTTP/1.1" 200 127509
181.68.103.229 - - [03/Jul/2016:11:43:44 -0500] "GET /galeria/nivo-slider/demo/images/BANNERVISORGEOGRAFICO.jpg HTTP/1.1" 200 78514
181.68.103.229 - - [03/Jul/2016:11:43:44 -0500] "GET /galeria/nivo-slider/demo/images/convocatoriasecretaria.jpg HTTP/1.1" 200 129365
181.68.103.229 - - [03/Jul/2016:11:43:44 -0500] "GET /galeria/nivo-slider/demo/images/vegetal.jpg HTTP/1.1" 200 216080
181.68.103.229 - - [03/Jul/2016:11:43:45 -0500] "GET /galeria/nivo-slider/demo/images/BANNERWELOVEBOGOTA.jpg HTTP/1.1" 200 122775
181.68.103.229 - - [03/Jul/2016:11:43:45 -0500] "GET /galeria/nivo-slider/demo/images/bannergenCAPACITACIONES-01.jpg HTTP/1.1" 200 153433
181.68.103.229 - - [03/Jul/2016:11:43:45 -0500] "GET /galeria/nivo-slider/demo/images/BANNERMADERALEGAL.jpg HTTP/1.1" 200 165750
181.68.103.229 - - [03/Jul/2016:11:43:45 -0500] "GET /galeria/nivo-slider/demo/images/Banner_wgic.jpg HTTP/1.1" 200 139000
181.68.103.229 - - [03/Jul/2016:11:43:46 -0500] "GET /galeria/nivo-slider/demo/images/BANNERECOLECTARESIDUOS.jpg HTTP/1.1" 200 164602
181.68.103.229 - - [03/Jul/2016:11:43:47 -0500] "GET /galeria/nivo-slider/demo/images/ABC-Plan-de-contigencia.jpg HTTP/1.1" 200 423901
181.68.103.229 - - [03/Jul/2016:11:43:47 -0500] "GET /galeria/nivo-slider/demo/images/ACOPIADORESYGESTORES.jpg HTTP/1.1" 200 118791
181.68.103.229 - - [03/Jul/2016:11:43:47 -0500] "GET /galeria/nivo-slider/demo/images/caminata-ecologica.jpg HTTP/1.1" 200 192926
186.154.124.88 - - [03/Jul/2016:11:43:49 -0500] "GET /galeria/galeria/jquery.fancybox.css?v=2.1.5 HTTP/1.1" 200 4895
186.154.124.88 - - [03/Jul/2016:11:43:49 -0500] "GET /galeria/galeria/jquery.fancybox.js?v=2.1.5 HTTP/1.1" 200 48706
186.154.124.88 - - [03/Jul/2016:11:43:49 -0500] "GET /galeria/galeria/fotos/mirador1P.jpg HTTP/1.1" 200 11433
181.68.103.229 - - [03/Jul/2016:11:43:49 -0500] "GET /galeria/nivo-slider/demo/images/Cmapana-onestidad.jpg HTTP/1.1" 200 141638
186.154.124.88 - - [03/Jul/2016:11:43:49 -0500] "GET /galeria/galeria/fotos/mirador2P.jpg HTTP/1.1" 200 10111
186.154.124.88 - - [03/Jul/2016:11:43:49 -0500] "GET /galeria/galeria/fotos/mirador3P.jpg HTTP/1.1" 200 9765
186.154.124.88 - - [03/Jul/2016:11:43:49 -0500] "GET /galeria/galeria/fotos/mirador4P.jpg HTTP/1.1" 200 11757
181.68.103.229 - - [03/Jul/2016:11:43:50 -0500] "GET /galeria/nivo-slider/demo/images/banner-llantas2.jpg HTTP/1.1" 200 234514
66.249.66.175 - - [03/Jul/2016:11:43:50 -0500] "GET /BLA/resoluciones/AUTOS%202012/2531.pdf HTTP/1.1" 304 -
181.68.103.229 - - [03/Jul/2016:11:43:50 -0500] "GET /galeria/nivo-slider/demo/images/9Signos.jpg HTTP/1.1" 200 81776
181.68.103.229 - - [03/Jul/2016:11:43:51 -0500] "GET /galeria/nivo-slider/demo/images/Ruta-vertimientos-01.jpg HTTP/1.1" 200 130151
181.68.103.229 - - [03/Jul/2016:11:43:51 -0500] "GET /galeria/nivo-slider/demo/images/bolsas-06.jpg HTTP/1.1" 200 210950
181.68.103.229 - - [03/Jul/2016:11:43:52 -0500] "GET /galeria/nivo-slider/demo/images/4Simple_Slider.png HTTP/1.1" 200 11722
181.68.103.229 - - [03/Jul/2016:11:43:52 -0500] "GET /galeria/nivo-slider/themes/default/loading.gif HTTP/1.1" 200 1737
181.68.103.229 - - [03/Jul/2016:11:43:54 -0500] "GET /galeria/nivo-slider/themes/default/arrows.png HTTP/1.1" 200 824
181.68.103.229 - - [03/Jul/2016:11:43:54 -0500] "GET /galeria/nivo-slider/themes/default/bullets.png HTTP/1.1" 200 1281
66.249.66.175 - - [03/Jul/2016:11:43:57 -0500] "GET /BLA/resoluciones/AUTOS%202013/0622.pdf HTTP/1.1" 304 -
181.56.84.215 - - [03/Jul/2016:11:44:00 -0500] "POST /forms/lservlet;jsessionid=ac16012b30d641184122b4d044e696f4c996ec5585bd.e3iSbxaKaheRe34Tax0PchuKax90n6jAmljGr5XDqQLvpAe HTTP/1.1" 200 2
66.249.66.175 - - [03/Jul/2016:11:44:04 -0500] "GET /BLA/resoluciones/RESOLUCIONES%202007/RES%202007%201401%20AL%201500/RESOLUCION%201406%20DE%202007.pdf HTTP/1.1" 304 -
181.55.144.182 - - [03/Jul/2016:11:44:03 -0500] "POST /BLA/boletinlegal/admin/actos/ingresar.php HTTP/1.1" 200 6709
66.249.66.175 - - [03/Jul/2016:11:44:11 -0500] "GET /BLA/resoluciones/AUTOS%202013/1077.pdf HTTP/1.1" 304 -
66.249.66.187 - - [03/Jul/2016:11:44:17 -0500] "GET /pga/ane1.doc HTTP/1.1" 404 1019
66.249.66.175 - - [03/Jul/2016:11:44:24 -0500] "GET /BLA/resoluciones/AUTOS%202013/3504.pdf HTTP/1.1" 304 -
69.162.124.232 - - [03/Jul/2016:11:44:26 -0500] "HEAD / HTTP/1.1" 200 -
66.249.66.175 - - [03/Jul/2016:11:44:31 -0500] "GET /BLA/resoluciones/AUTOS%202013/2086.pdf HTTP/1.1" 304 -
66.249.66.175 - - [03/Jul/2016:11:44:38 -0500] "GET /BLA/resoluciones/RESOLUCIONES%202011/4062.pdf HTTP/1.1" 304 -
181.49.65.212 - - [03/Jul/2016:11:44:39 -0500] "-" 408 -
181.49.65.212 - - [03/Jul/2016:11:44:39 -0500] "-" 408 -
181.49.65.212 - - [03/Jul/2016:11:44:39 -0500] "-" 408 -
181.49.65.212 - - [03/Jul/2016:11:44:39 -0500] "-" 408 -
181.49.65.212 - - [03/Jul/2016:11:44:39 -0500] "-" 408 -
66.249.66.175 - - [03/Jul/2016:11:44:45 -0500] "GET /BLA/resoluciones/RESOLUCIONES%202010/0514.pdf HTTP/1.1" 304 -
66.249.66.175 - - [03/Jul/2016:11:44:52 -0500] "GET /BLA/resoluciones/AUTOS%202013/1178.pdf HTTP/1.1" 304 -
66.249.66.175 - - [03/Jul/2016:11:44:59 -0500] "GET /BLA/resoluciones/RESOLUCIONES%202013/0594.pdf HTTP/1.1" 304 -
66.249.66.175 - - [03/Jul/2016:11:45:06 -0500] "GET /BLA/resoluciones/AUTOS%202015/0262.pdf HTTP/1.1" 304 -
66.249.66.175 - - [03/Jul/2016:11:45:12 -0500] "GET /BLA/resoluciones/AUTOS%202008/0729.pdf HTTP/1.1" 304 -
186.85.184.30 - - [03/Jul/2016:11:45:16 -0500] "GET /BLA/boletinlegal/js/jquery.scrollShow.js HTTP/1.1" 200 4586
186.85.184.30 - - [03/Jul/2016:11:45:16 -0500] "GET /galeria/galeria/jquery.fancybox.js?v=2.1.5 HTTP/1.1" 200 48706
186.85.184.30 - - [03/Jul/2016:11:45:17 -0500] "GET /galeria/galeria/jquery.fancybox.css?v=2.1.5 HTTP/1.1" 200 4895
66.249.66.175 - - [03/Jul/2016:11:45:19 -0500] "GET /BLA/resoluciones/RESOLUCIONES%202007/RES%202007%201601%20AL%201725/RESOLUCION%201607%20DE%202007.pdf HTTP/1.1" 304 -
66.249.66.175 - - [03/Jul/2016:11:45:26 -0500] "GET /BLA/resoluciones/RESOLUCIONES%202012/0805.pdf HTTP/1.1" 304 -
192.168.175.104 - - [03/Jul/2016:11:45:28 -0500] "GET / HTTP/1.1" 200 9990
186.85.184.30 - - [03/Jul/2016:11:45:35 -0500] "GET /BLA/boletinlegal/js/jquery.scrollShow.js HTTP/1.1" 304 -
186.85.184.30 - - [03/Jul/2016:11:45:35 -0500] "GET /galeria/galeria/jquery.fancybox.js?v=2.1.5 HTTP/1.1" 304 -
186.85.184.30 - - [03/Jul/2016:11:45:35 -0500] "GET /galeria/galeria/jquery.fancybox.css?v=2.1.5 HTTP/1.1" 304 -
186.85.184.30 - - [03/Jul/2016:11:45:36 -0500] "GET /galeria/galeria/jquery.fancybox.js?v=2.1.5 HTTP/1.1" 304 -
66.249.66.175 - - [03/Jul/2016:11:45:40 -0500] "GET /BLA/resoluciones/RESOLUCIONES%202008/0409.pdf HTTP/1.1" 304 -
66.249.66.175 - - [03/Jul/2016:11:45:47 -0500] "GET /BLA/resoluciones/AUTOS%202011/4447.pdf HTTP/1.1" 304 -
181.55.144.182 - - [03/Jul/2016:11:45:48 -0500] "POST /BLA/boletinlegal/admin/actos/ingresar.php HTTP/1.1" 200 6709
66.249.66.175 - - [03/Jul/2016:11:45:54 -0500] "GET /BLA/resoluciones/Resoluciones%202011/6416.pdf HTTP/1.1" 304 -
192.168.171.203 - - [03/Jul/2016:11:45:55 -0500] "GET /BLA/boletinlegal/consulta_actos.php?tipo=autos&no=0455&usuario=&sector=&fecha=2015&resuelve= HTTP/1.1" 200 626
181.56.84.215 - - [03/Jul/2016:11:46:00 -0500] "POST /forms/lservlet;jsessionid=ac16012b30d641184122b4d044e696f4c996ec5585bd.e3iSbxaKaheRe34Tax0PchuKax90n6jAmljGr5XDqQLvpAe HTTP/1.1" 200 2
192.168.171.203 - - [03/Jul/2016:11:46:00 -0500] "GET /BLA/boletinlegal/consulta_actos.php?tipo=autos&no=0455&usuario=&sector=&fecha=2016&resuelve= HTTP/1.1" 200 626
66.249.66.175 - - [03/Jul/2016:11:46:00 -0500] "GET /transparencia/directorioservidores/MANUAL%20DE%20FUNCIONES%2002666%20DEL%204-DIC-2015.pdf HTTP/1.1" 304 -
192.168.171.203 - - [03/Jul/2016:11:46:02 -0500] "GET /BLA/boletinlegal/consulta_actos.php?tipo=autos&no=0455&usuario=&sector=&fecha=2016&resuelve= HTTP/1.1" 200 626
192.168.171.203 - - [03/Jul/2016:11:46:02 -0500] "GET /BLA/boletinlegal/consulta_actos.php?tipo=autos&no=0455&usuario=&sector=&fecha=2016&resuelve= HTTP/1.1" 200 626
192.168.171.203 - - [03/Jul/2016:11:46:02 -0500] "GET /BLA/boletinlegal/consulta_actos.php?tipo=autos&no=0455&usuario=&sector=&fecha=2016&resuelve= HTTP/1.1" 200 626
192.168.175.104 - - [03/Jul/2016:11:46:06 -0500] "GET / HTTP/1.1" 200 9990
66.249.66.175 - - [03/Jul/2016:11:46:07 -0500] "GET /BLA/resoluciones/RESOLUCIONES%202012/0958.pdf HTTP/1.1" 304 -
66.249.66.175 - - [03/Jul/2016:11:46:22 -0500] "GET /BLA/resoluciones/RESOLUCIONES%202010/4626.pdf HTTP/1.1" 304 -
192.168.171.203 - - [03/Jul/2016:11:46:26 -0500] "GET /BLA/boletinlegal/consulta_actos.php?tipo=autos&no=1833&usuario=&sector=&fecha=2011&resuelve= HTTP/1.1" 200 626
66.249.66.175 - - [03/Jul/2016:11:46:28 -0500] "GET /BLA/resoluciones/RESOLUCIONES%202007/RES%202007%203201%20AL%203300/RESOLUCION%203294%20DE%202007.pdf HTTP/1.1" 304 -
192.168.171.203 - - [03/Jul/2016:11:46:28 -0500] "GET /BLA/boletinlegal/consulta_actos.php?tipo=autos&no=1833&usuario=&sector=&fecha=2011&resuelve= HTTP/1.1" 200 626
192.168.171.203 - - [03/Jul/2016:11:46:28 -0500] "GET /BLA/boletinlegal/consulta_actos.php?tipo=autos&no=1833&usuario=&sector=&fecha=2011&resuelve= HTTP/1.1" 200 626
186.114.56.67 - - [03/Jul/2016:11:46:31 -0500] "GET /galeria/galeria/jquery.fancybox.css?v=2.1.5 HTTP/1.1" 200 4895
186.114.56.67 - - [03/Jul/2016:11:46:31 -0500] "GET /BLA/boletinlegal/js/jquery.scrollShow.js HTTP/1.1" 200 4586
186.114.56.67 - - [03/Jul/2016:11:46:31 -0500] "GET /galeria/galeria/jquery.fancybox.js?v=2.1.5 HTTP/1.1" 200 48706
66.249.66.175 - - [03/Jul/2016:11:46:35 -0500] "GET /BLA/resoluciones/AUTOS%202012/1641.pdf HTTP/1.1" 304 -
192.168.171.203 - - [03/Jul/2016:11:46:36 -0500] "GET /BLA/boletinlegal/consulta_actos.php?tipo=autos&no=5952&usuario=&sector=&fecha=2011&resuelve= HTTP/1.1" 200 1033
192.168.171.203 - - [03/Jul/2016:11:46:36 -0500] "GET /BLA/boletinlegal/consulta_actos.php?tipo=autos&no=5952&usuario=&sector=&fecha=2011&resuelve= HTTP/1.1" 200 1033
192.168.171.203 - - [03/Jul/2016:11:46:36 -0500] "GET /BLA/boletinlegal/consulta_actos.php?tipo=autos&no=5952&usuario=&sector=&fecha=2011&resuelve= HTTP/1.1" 200 1033
192.168.171.203 - - [03/Jul/2016:11:46:36 -0500] "GET /BLA/boletinlegal/consulta_actos.php?tipo=autos&no=5952&usuario=&sector=&fecha=2011&resuelve= HTTP/1.1" 200 1033
181.55.144.182 - - [03/Jul/2016:11:46:37 -0500] "POST /BLA/boletinlegal/admin/actos/ingresar.php HTTP/1.1" 200 6709
192.168.175.104 - - [03/Jul/2016:11:46:41 -0500] "GET / HTTP/1.0" 200 9990
201.245.192.253 - - [03/Jul/2016:11:46:41 -0500] "GET /BLA/resoluciones/AUTOS%202011/5952.pdf HTTP/1.1" 200 158734
66.249.66.175 - - [03/Jul/2016:11:46:42 -0500] "GET /BLA/resoluciones/RESOLUCIONES%202008/3800.pdf HTTP/1.1" 304 -
186.114.56.67 - - [03/Jul/2016:11:46:52 -0500] "GET /galeria/galeria/jquery.fancybox.css?v=2.1.5 HTTP/1.1" 304 -
186.114.56.67 - - [03/Jul/2016:11:46:52 -0500] "GET /BLA/boletinlegal/js/jquery.scrollShow.js HTTP/1.1" 304 -
186.114.56.67 - - [03/Jul/2016:11:46:52 -0500] "GET /galeria/galeria/jquery.fancybox.js?v=2.1.5 HTTP/1.1" 200 48706
157.55.39.30 - - [03/Jul/2016:11:46:52 -0500] "GET /SIG/Comunicaciones/126PG02-PR09.pdf HTTP/1.1" 200 95162
157.55.39.30 - - [03/Jul/2016:11:46:53 -0500] "GET /SIG/Comunicaciones/126PG02-PR03.pdf HTTP/1.1" 200 65301
157.55.39.30 - - [03/Jul/2016:11:46:53 -0500] "GET /Anexos%20estudio%20Organizacional%20SDA/index.php?dir=ANEXO%20No.%208%20-%20MATRICES%20DE%20REGISTRO%20Y%20DE%20SALIDA%20MEDICI\xc3\x83\xe2\x80\x9cN%20CARGAS%20LABORALES%20SDA/&sort=name&order=desc HTTP/1.1" 200 6252
157.55.39.30 - - [03/Jul/2016:11:46:53 -0500] "GET /Anexos%20estudio%20Organizacional%20SDA/index.php?dir=&sort=name&order=desc HTTP/1.1" 200 5839
157.55.39.30 - - [03/Jul/2016:11:46:54 -0500] "GET /BLA/ HTTP/1.1" 200 538
157.55.39.30 - - [03/Jul/2016:11:46:54 -0500] "GET /SIG/Direccionamiento%20Estrategico/126PG01-PR17.pdf HTTP/1.1" 200 2326441
157.55.39.30 - - [03/Jul/2016:11:46:54 -0500] "GET /SIG/index.php?dir=Comunicaciones/&sort=date&order=asc HTTP/1.1" 200 2915
157.55.39.30 - - [03/Jul/2016:11:46:55 -0500] "GET /SIG/index.php?dir=Comunicaciones/&sort=size&order=asc HTTP/1.1" 200 2915
157.55.39.30 - - [03/Jul/2016:11:46:55 -0500] "GET /SIG/index.php?dir=Control%20Disciplinario/&sort=date&order=asc HTTP/1.1" 200 2704
192.168.171.203 - - [03/Jul/2016:11:46:55 -0500] "GET /BLA/boletinlegal/consulta_actos.php?tipo=autos&no=6275&usuario=&sector=&fecha=2011&resuelve= HTTP/1.1" 200 626
157.55.39.30 - - [03/Jul/2016:11:46:55 -0500] "GET /SIG/index.php?dir=Control%20Disciplinario/&sort=size&order=asc HTTP/1.1" 200 2704
192.168.171.203 - - [03/Jul/2016:11:46:55 -0500] "GET /BLA/boletinlegal/consulta_actos.php?tipo=autos&no=6275&usuario=&sector=&fecha=2011&resuelve= HTTP/1.1" 200 626
192.168.171.203 - - [03/Jul/2016:11:46:56 -0500] "GET /BLA/boletinlegal/consulta_actos.php?tipo=autos&no=6275&usuario=&sector=&fecha=2011&resuelve= HTTP/1.1" 200 626
207.46.13.83 - - [03/Jul/2016:11:47:02 -0500] "GET /SIG/index.php?dir=Direccionamiento%20Estrategico/&sort=date&order=asc HTTP/1.1" 200 3946
192.168.171.203 - - [03/Jul/2016:11:47:02 -0500] "GET /BLA/boletinlegal/consulta_actos.php?tipo=autos&no=6501&usuario=&sector=&fecha=2011&resuelve= HTTP/1.1" 200 626
207.46.13.83 - - [03/Jul/2016:11:47:02 -0500] "GET /SIG/index.php?dir=Direccionamiento%20Estrategico/&sort=size&order=asc HTTP/1.1" 200 3946
66.249.66.175 - - [03/Jul/2016:11:47:02 -0500] "GET /BLA/resoluciones/RESOLUCIONES%202011/1013.pdf HTTP/1.1" 304 -
207.46.13.83 - - [03/Jul/2016:11:47:02 -0500] "GET /SIG/index.php?dir=Gestion%20Recursos%20Financieros/&sort=name&order=desc HTTP/1.1" 200 8842
207.46.13.83 - - [03/Jul/2016:11:47:03 -0500] "GET /SIG/index.php?dir=Gesti\xc3\xb3n%20de%20Recursos%20F\xc3\xadsicos/&sort=date&order=asc HTTP/1.1" 200 4744
207.46.13.83 - - [03/Jul/2016:11:47:03 -0500] "GET /SIG/index.php?dir=Gesti\xc3\xb3n%20de%20Recursos%20F\xc3\xadsicos/&sort=size&order=asc HTTP/1.1" 200 4744
207.46.13.83 - - [03/Jul/2016:11:47:03 -0500] "GET /SIG/index.php?dir=Participaci\xc3\xb3n/&sort=name&order=desc HTTP/1.1" 200 4698
207.46.13.83 - - [03/Jul/2016:11:47:03 -0500] "GET /ecodirectorio/files/mobile/index.html HTTP/1.1" 200 1036
207.46.13.83 - - [03/Jul/2016:11:47:03 -0500] "GET /SIG/Direccionamiento%20Estrategico/126PG01-PR07.pdf HTTP/1.1" 200 3326948
207.46.13.83 - - [03/Jul/2016:11:47:04 -0500] "GET /SIG/Control%20y%20mejora/126PE01-PR07.pdf HTTP/1.1" 200 56601
207.46.13.83 - - [03/Jul/2016:11:47:04 -0500] "GET /SIG/Comunicaciones/126PG02-PR04.pdf HTTP/1.1" 200 73943
192.168.171.203 - - [03/Jul/2016:11:47:04 -0500] "GET /BLA/boletinlegal/consulta_actos.php?tipo=autos&no=6501&usuario=&sector=&fecha=2011&resuelve= HTTP/1.1" 200 626
192.168.171.203 - - [03/Jul/2016:11:47:05 -0500] "GET /BLA/boletinlegal/consulta_actos.php?tipo=autos&no=6501&usuario=&sector=&fecha=2011&resuelve= HTTP/1.1" 200 626
207.46.13.83 - - [03/Jul/2016:11:47:05 -0500] "GET /SIG/Comunicaciones/126PG02-PR02.pdf HTTP/1.1" 200 58239
190.27.113.239 - - [03/Jul/2016:11:47:05 -0500] "GET /BLA/boletinlegal/js/jquery.scrollShow.js HTTP/1.1" 200 4586
190.27.113.239 - - [03/Jul/2016:11:47:05 -0500] "GET /galeria/galeria/jquery.fancybox.js?v=2.1.5 HTTP/1.1" 200 48706
190.27.113.239 - - [03/Jul/2016:11:47:05 -0500] "GET /galeria/galeria/jquery.fancybox.css?v=2.1.5 HTTP/1.1" 200 4895
207.46.13.83 - - [03/Jul/2016:11:47:05 -0500] "GET /PORTAL_SIAC/swf/Residuos/maderas/maderas.html HTTP/1.1" 200 1957
207.46.13.83 - - [03/Jul/2016:11:47:05 -0500] "GET /Anexos%20estudio%20Organizacional%20SDA/index.php?dir=ANEXO%20No.12-PROYECTO%20ACTUALIZACION%20MANUAL%20DE%20FUNCIONES%20SDA/&sort=name&order=desc HTTP/1.1" 200 2514
207.46.13.83 - - [03/Jul/2016:11:47:06 -0500] "GET /Anexos%20estudio%20Organizacional%20SDA/index.php?dir=ANEXO%20No.%204%20-%20ENCUESTA%20DE%20AN\xc3\x81LISIS%20ORGANIZACIONAL/&sort=size&order=asc HTTP/1.1" 200 6163
207.46.13.83 - - [03/Jul/2016:11:47:06 -0500] "GET /Anexos%20estudio%20Organizacional%20SDA/index.php?dir=ANEXO%20No.%2010%20-%20COSTO%20DETALLADO%20PLANTA%20DE%20CARGOS%20ACTUAL/&sort=name&order=desc HTTP/1.1" 200 2420
207.46.13.83 - - [03/Jul/2016:11:47:06 -0500] "GET /SIG/Direccionamiento%20Estrategico/126PG01-PR16.pdf HTTP/1.1" 200 991849
207.46.13.83 - - [03/Jul/2016:11:47:06 -0500] "GET /Anexos%20estudio%20Organizacional%20SDA/ANEXO%20No.%201-%20NORMAS%20LEGALES%20DE%20ESTRUCTURA%20Y%20PLANTA/Decreto%20308%20de%202001%20-%20Modifica%20estructura%20del%20DAMA.jsp.htm HTTP/1.1" 200 53585
207.46.13.55 - - [03/Jul/2016:11:47:07 -0500] "GET /robots.txt HTTP/1.1" 404 1019
66.249.66.175 - - [03/Jul/2016:11:47:09 -0500] "GET /BLA/resoluciones/RESOLUCIONES%202007/RES%202007%202001%20AL%202100/RESOLUCION%202015%20DE%202007.pdf HTTP/1.1" 304 -
192.168.171.203 - - [03/Jul/2016:11:47:15 -0500] "GET /BLA/boletinlegal/consulta_actos.php?tipo=resoluciones&no=1114&usuario=&sector=&fecha=2011&resuelve= HTTP/1.1" 200 626
192.168.171.203 - - [03/Jul/2016:11:47:15 -0500] "GET /BLA/boletinlegal/consulta_actos.php?tipo=resoluciones&no=1114&usuario=&sector=&fecha=2011&resuelve= HTTP/1.1" 200 626
192.168.171.203 - - [03/Jul/2016:11:47:15 -0500] "GET /BLA/boletinlegal/consulta_actos.php?tipo=resoluciones&no=1114&usuario=&sector=&fecha=2011&resuelve= HTTP/1.1" 200 626
192.168.171.203 - - [03/Jul/2016:11:47:15 -0500] "GET /BLA/boletinlegal/consulta_actos.php?tipo=resoluciones&no=1114&usuario=&sector=&fecha=2011&resuelve= HTTP/1.1" 200 626
192.168.171.203 - - [03/Jul/2016:11:47:16 -0500] "GET /BLA/boletinlegal/consulta_actos.php?tipo=resoluciones&no=1114&usuario=&sector=&fecha=2011&resuelve= HTTP/1.1" 200 626
192.168.171.203 - - [03/Jul/2016:11:47:16 -0500] "GET /BLA/boletinlegal/consulta_actos.php?tipo=resoluciones&no=1114&usuario=&sector=&fecha=2011&resuelve= HTTP/1.1" 200 626
192.168.171.203 - - [03/Jul/2016:11:47:16 -0500] "GET /BLA/boletinlegal/consulta_actos.php?tipo=resoluciones&no=1114&usuario=&sector=&fecha=2011&resuelve= HTTP/1.1" 200 626
192.168.171.203 - - [03/Jul/2016:11:47:16 -0500] "GET /BLA/boletinlegal/consulta_actos.php?tipo=resoluciones&no=1114&usuario=&sector=&fecha=2011&resuelve= HTTP/1.1" 200 626
192.168.171.203 - - [03/Jul/2016:11:47:16 -0500] "GET /BLA/boletinlegal/consulta_actos.php?tipo=resoluciones&no=1114&usuario=&sector=&fecha=2011&resuelve= HTTP/1.1" 200 626
66.249.66.175 - - [03/Jul/2016:11:47:17 -0500] "GET /BLA/resoluciones/RESOLUCIONES%202007/RES%202007%202301%20AL%202400/RESOLUCION%202343%20DE%202007.pdf HTTP/1.1" 304 -
192.168.171.203 - - [03/Jul/2016:11:47:16 -0500] "GET /BLA/boletinlegal/consulta_actos.php?tipo=resoluciones&no=1114&usuario=&sector=&fecha=2011&resuelve= HTTP/1.1" 200 626
190.27.113.239 - - [03/Jul/2016:11:47:21 -0500] "GET /BLA/boletinlegal/js/jquery.scrollShow.js HTTP/1.1" 200 4586
190.27.113.239 - - [03/Jul/2016:11:47:21 -0500] "GET /galeria/galeria/jquery.fancybox.js?v=2.1.5 HTTP/1.1" 200 48706
190.27.113.239 - - [03/Jul/2016:11:47:21 -0500] "GET /galeria/galeria/jquery.fancybox.css?v=2.1.5 HTTP/1.1" 200 4895
