!C99Shell v. 1.0 pre-release build #13!

Software: Apache. PHP/5.5.15 

uname -a: Windows NT SVR-DMZ 6.1 build 7600 (Windows Server 2008 R2 Enterprise Edition) i586 

SYSTEM 

Safe-mode: OFF (not secure)

E:\nuevo\apache\logs\   drwxrwxrwx
Free 5.02 GB of 239.26 GB (2.1%)
Detected drives: [ a ] [ c ] [ d ] [ e ] [ f ]
Home    Back    Forward    UPDIR    Refresh    Search    Buffer    Encoder    Tools    Proc.    FTP brute    Sec.    SQL    PHP-code    Update    Feedback    Self remove    Logout    


Viewing file:     access.2016.07.19.log (9.53 MB)      -rw-rw-rw-
Select action/file-type:
(+) | (+) | (+) | Code (+) | Session (+) | (+) | SDB (+) | (+) | (+) | (+) | (+) | (+) |
66.249.64.165 - - [19/Jul/2016:00:00:02 -0500] "GET /BLA/resoluciones/RESOLUCIONES%202007/RES%202007%201401%20AL%201500/RESOLUCION%201405%20DE%202007.pdf HTTP/1.1" 304 -
66.249.64.165 - - [19/Jul/2016:00:00:08 -0500] "GET /BLA/resoluciones/AUTOS%202011/0202.pdf HTTP/1.1" 304 -
66.249.69.165 - - [19/Jul/2016:00:00:09 -0500] "GET /BLA/resoluciones/RESOLUCIONES%202007/RES%202007%202501%20AL%202600/RESOLUCION%202515%20DE%202007.pdf HTTP/1.1" 304 -
66.249.64.165 - - [19/Jul/2016:00:00:21 -0500] "GET /BLA/resoluciones/AUTOS%202015/1691.pdf HTTP/1.1" 304 -
201.245.192.253 - - [19/Jul/2016:00:00:30 -0500] "POST /forms/lservlet;jsessionid=ac16012b30d6c16e5d35c21f4abaa16ff6b8db356bce.e3iSbxaKaheRe34Tax0PchuKax90n6jAmljGr5XDqQLvpAe HTTP/1.1" 200 2
66.249.64.165 - - [19/Jul/2016:00:00:34 -0500] "GET /BLA/resoluciones/AUTOS%202013/1426.pdf HTTP/1.1" 304 -
66.249.64.165 - - [19/Jul/2016:00:00:40 -0500] "GET /BLA/resoluciones/RESOLUCIONES%202010/1971.pdf HTTP/1.1" 304 -
66.249.64.165 - - [19/Jul/2016:00:00:47 -0500] "GET /BLA/resoluciones/RESOLUCIONES%202007/RES%202007%202201%20AL%202300/RESOLUCION%202263%20DE%202007.pdf HTTP/1.1" 304 -
192.168.175.104 - - [19/Jul/2016:00:00:53 -0500] "GET / HTTP/1.1" 200 9990
181.60.138.232 - - [19/Jul/2016:00:00:57 -0500] "GET /BLA/boletinlegal/js/jquery.scrollShow.js HTTP/1.1" 200 4586
181.60.138.232 - - [19/Jul/2016:00:00:57 -0500] "GET /galeria/galeria/jquery.fancybox.js?v=2.1.5 HTTP/1.1" 200 48706
181.60.138.232 - - [19/Jul/2016:00:00:57 -0500] "GET /galeria/galeria/jquery.fancybox.css?v=2.1.5 HTTP/1.1" 200 4895
66.249.64.165 - - [19/Jul/2016:00:01:03 -0500] "GET /BLA/resoluciones/AUTOS%202013/0540.pdf HTTP/1.1" 304 -
66.249.64.165 - - [19/Jul/2016:00:01:04 -0500] "GET /BLA/resoluciones/RESOLUCIONES%202008/0933.pdf HTTP/1.1" 304 -
66.249.64.165 - - [19/Jul/2016:00:01:06 -0500] "GET /BLA/resoluciones/RESOLUCIONES%202009/0810.pdf HTTP/1.1" 304 -
200.118.166.46 - - [19/Jul/2016:00:01:08 -0500] "GET /BLA/boletinlegal/js/jquery.scrollShow.js HTTP/1.1" 200 4586
200.118.166.46 - - [19/Jul/2016:00:01:08 -0500] "GET /galeria/galeria/jquery.fancybox.js?v=2.1.5 HTTP/1.1" 200 48706
200.118.166.46 - - [19/Jul/2016:00:01:08 -0500] "GET /galeria/galeria/jquery.fancybox.css?v=2.1.5 HTTP/1.1" 200 4895
200.118.166.46 - - [19/Jul/2016:00:01:09 -0500] "GET /galeria/carrusel/Carrusel/jquery.thumbnailScroller.css HTTP/1.1" 200 2066
200.118.166.46 - - [19/Jul/2016:00:01:09 -0500] "GET /galeria/carrusel/Carrusel/jquery-ui-1.8.13.custom.min.js HTTP/1.1" 200 10800
200.118.166.46 - - [19/Jul/2016:00:01:10 -0500] "GET /galeria/carrusel/Carrusel/jquery.thumbnailScroller.js HTTP/1.1" 200 8157
66.249.64.165 - - [19/Jul/2016:00:01:12 -0500] "GET /BLA/resoluciones/RESOLUCIONES%202012/0788.pdf HTTP/1.1" 304 -
200.118.166.46 - - [19/Jul/2016:00:01:16 -0500] "GET /galeria/nivo-slider/demo/demo.html HTTP/1.1" 200 4730
200.118.166.46 - - [19/Jul/2016:00:01:16 -0500] "GET /galeria/nivo-slider/themes/default/default.css HTTP/1.1" 200 1569
200.118.166.46 - - [19/Jul/2016:00:01:16 -0500] "GET /galeria/nivo-slider/themes/pascal/pascal.css HTTP/1.1" 200 2258
200.118.166.46 - - [19/Jul/2016:00:01:16 -0500] "GET /galeria/nivo-slider/themes/orman/orman.css HTTP/1.1" 200 2152
200.118.166.46 - - [19/Jul/2016:00:01:16 -0500] "GET /galeria/nivo-slider/nivo-slider.css HTTP/1.1" 200 1507
200.118.166.46 - - [19/Jul/2016:00:01:16 -0500] "GET /galeria/nivo-slider/demo/style.css HTTP/1.1" 200 2222
200.118.166.46 - - [19/Jul/2016:00:01:17 -0500] "GET /galeria/nivo-slider/demo/images/SUPERCADECRA30.jpg HTTP/1.1" 200 127549
200.118.166.46 - - [19/Jul/2016:00:01:17 -0500] "GET /galeria/nivo-slider/demo/images/convocatoriasecretaria.jpg HTTP/1.1" 200 129365
200.118.166.46 - - [19/Jul/2016:00:01:17 -0500] "GET /galeria/nivo-slider/demo/images/BANNERVISORGEOGRAFICO.jpg HTTP/1.1" 200 78514
200.118.166.46 - - [19/Jul/2016:00:01:17 -0500] "GET /galeria/nivo-slider/demo/images/BANNERCONFORMACIONGESTIONAMBIENTAL.jpg HTTP/1.1" 200 161009
200.118.166.46 - - [19/Jul/2016:00:01:17 -0500] "GET /galeria/nivo-slider/demo/images/vegetal.jpg HTTP/1.1" 200 216080
200.118.166.46 - - [19/Jul/2016:00:01:17 -0500] "GET /galeria/nivo-slider/demo/images/SUPERCADESUBA.jpg HTTP/1.1" 200 127509
200.118.166.46 - - [19/Jul/2016:00:01:17 -0500] "GET /galeria/nivo-slider/demo/scripts/jquery-1.7.1.min.js HTTP/1.1" 200 93868
200.118.166.46 - - [19/Jul/2016:00:01:17 -0500] "GET /galeria/nivo-slider/themes/default/loading.gif HTTP/1.1" 200 1737
200.118.166.46 - - [19/Jul/2016:00:01:17 -0500] "GET /galeria/nivo-slider/demo/images/4Simple_Slider.png HTTP/1.1" 200 11722
200.118.166.46 - - [19/Jul/2016:00:01:18 -0500] "GET /galeria/nivo-slider/demo/images/bannergenCAPACITACIONES-01.jpg HTTP/1.1" 200 153433
200.118.166.46 - - [19/Jul/2016:00:01:18 -0500] "GET /galeria/nivo-slider/demo/images/Banner_wgic.jpg HTTP/1.1" 200 139000
200.118.166.46 - - [19/Jul/2016:00:01:18 -0500] "GET /galeria/nivo-slider/demo/images/BANNERMADERALEGAL.jpg HTTP/1.1" 200 165750
200.118.166.46 - - [19/Jul/2016:00:01:18 -0500] "GET /galeria/nivo-slider/demo/images/ABC-Plan-de-contigencia.jpg HTTP/1.1" 200 423901
200.118.166.46 - - [19/Jul/2016:00:01:19 -0500] "GET /galeria/nivo-slider/jquery.nivo.slider.pack.js HTTP/1.1" 200 11561
200.118.166.46 - - [19/Jul/2016:00:01:19 -0500] "GET /galeria/nivo-slider/demo/images/ACOPIADORESYGESTORES.jpg HTTP/1.1" 200 118791
200.118.166.46 - - [19/Jul/2016:00:01:19 -0500] "GET /galeria/nivo-slider/demo/images/caminata-ecologica.jpg HTTP/1.1" 200 192926
200.118.166.46 - - [19/Jul/2016:00:01:19 -0500] "GET /galeria/nivo-slider/demo/images/Cmapana-onestidad.jpg HTTP/1.1" 200 141638
200.118.166.46 - - [19/Jul/2016:00:01:19 -0500] "GET /galeria/nivo-slider/demo/images/banner-llantas2.jpg HTTP/1.1" 200 234514
200.118.166.46 - - [19/Jul/2016:00:01:19 -0500] "GET /galeria/nivo-slider/demo/images/9Signos.jpg HTTP/1.1" 200 81776
200.118.166.46 - - [19/Jul/2016:00:01:19 -0500] "GET /galeria/nivo-slider/demo/images/Ruta-vertimientos-01.jpg HTTP/1.1" 200 130151
200.118.166.46 - - [19/Jul/2016:00:01:20 -0500] "GET /galeria/nivo-slider/demo/images/bolsas-06.jpg HTTP/1.1" 200 210950
181.142.146.101 - - [19/Jul/2016:00:01:21 -0500] "POST /forms/lservlet;jsessionid=ac16012b30d6164ce442238b46dfb66c965fb0bf88cb.e3iSbxaKaheRe34Tax0PchuKax90n6jAmljGr5XDqQLvpAe HTTP/1.1" 200 2
200.118.166.46 - - [19/Jul/2016:00:01:22 -0500] "GET /galeria/nivo-slider/themes/default/arrows.png HTTP/1.1" 200 824
200.118.166.46 - - [19/Jul/2016:00:01:22 -0500] "GET /galeria/nivo-slider/themes/default/bullets.png HTTP/1.1" 200 1281
66.249.64.165 - - [19/Jul/2016:00:01:25 -0500] "GET /BLA/resoluciones/AUTOS%202009/3121.pdf HTTP/1.1" 304 -
66.249.64.165 - - [19/Jul/2016:00:01:38 -0500] "GET /BLA/resoluciones/AUTOS%202015/2107.pdf HTTP/1.1" 304 -
66.249.64.165 - - [19/Jul/2016:00:01:45 -0500] "GET /BLA/resoluciones/AUTOS%202014/3106.pdf HTTP/1.1" 304 -
66.249.64.165 - - [19/Jul/2016:00:01:51 -0500] "GET /BLA/resoluciones/RESOLUCIONES%202007/RES%202007%204201%20AL%204300/RESOLUCION%204202%20DE%202007.pdf HTTP/1.1" 304 -
66.249.64.165 - - [19/Jul/2016:00:01:58 -0500] "GET /BLA/resoluciones/AUTOS%202014/6876.pdf HTTP/1.1" 304 -
66.249.64.165 - - [19/Jul/2016:00:02:17 -0500] "GET /BLA/resoluciones/RESOLUCIONES%202014/0167.pdf HTTP/1.1" 304 -
66.249.64.165 - - [19/Jul/2016:00:02:23 -0500] "GET /BLA/resoluciones/RESOLUCIONES%202007/RES%202007%202301%20AL%202400/RESOLUCION%202355%20DE%202007.pdf HTTP/1.1" 304 -
66.249.64.165 - - [19/Jul/2016:00:02:30 -0500] "GET /BLA/resoluciones/RESOLUCIONES%202013/2148.pdf HTTP/1.1" 304 -
201.245.192.253 - - [19/Jul/2016:00:02:30 -0500] "POST /forms/lservlet;jsessionid=ac16012b30d6c16e5d35c21f4abaa16ff6b8db356bce.e3iSbxaKaheRe34Tax0PchuKax90n6jAmljGr5XDqQLvpAe HTTP/1.1" 200 2
164.132.161.5 - - [19/Jul/2016:00:02:36 -0500] "GET /BLA/resoluciones/index.php?dir=AUTOS%202006/AUTOS%202006%20301-400/&sort=size&order=desc HTTP/1.1" 200 21780
66.249.64.165 - - [19/Jul/2016:00:02:43 -0500] "GET /BLA/resoluciones/AUTOS%202014/1901.pdf HTTP/1.1" 304 -
66.249.64.165 - - [19/Jul/2016:00:02:49 -0500] "GET /BLA/resoluciones/AUTOS%202012/3024.pdf HTTP/1.1" 304 -
190.117.126.164 - - [19/Jul/2016:00:02:55 -0500] "GET /galeria/galeria/jquery.fancybox.css?v=2.1.5 HTTP/1.1" 200 4895
190.117.126.164 - - [19/Jul/2016:00:02:55 -0500] "GET /galeria/carrusel/Carrusel/jquery.thumbnailScroller.css HTTP/1.1" 200 2066
190.117.126.164 - - [19/Jul/2016:00:02:55 -0500] "GET /BLA/boletinlegal/js/jquery.scrollShow.js HTTP/1.1" 200 4586
66.249.64.165 - - [19/Jul/2016:00:02:56 -0500] "GET /BLA/resoluciones/RESOLUCIONES%202012/1754.pdf HTTP/1.1" 304 -
190.117.126.164 - - [19/Jul/2016:00:02:56 -0500] "GET /galeria/galeria/jquery.fancybox.js?v=2.1.5 HTTP/1.1" 200 48706
190.117.126.164 - - [19/Jul/2016:00:03:01 -0500] "GET /galeria/carrusel/Carrusel/jquery.thumbnailScroller.js HTTP/1.1" 200 8157
190.117.126.164 - - [19/Jul/2016:00:03:01 -0500] "GET /galeria/carrusel/Carrusel/jquery-ui-1.8.13.custom.min.js HTTP/1.1" 200 10800
190.117.126.164 - - [19/Jul/2016:00:03:01 -0500] "GET /galeria/nivo-slider/demo/demo.html HTTP/1.1" 200 4730
66.249.64.165 - - [19/Jul/2016:00:03:02 -0500] "GET /BLA/resoluciones/AUTOS%202015/1954.pdf HTTP/1.1" 304 -
190.117.126.164 - - [19/Jul/2016:00:03:03 -0500] "GET /galeria/nivo-slider/themes/default/default.css HTTP/1.1" 200 1569
190.117.126.164 - - [19/Jul/2016:00:03:03 -0500] "GET /galeria/nivo-slider/nivo-slider.css HTTP/1.1" 200 1507
190.117.126.164 - - [19/Jul/2016:00:03:03 -0500] "GET /galeria/nivo-slider/themes/pascal/pascal.css HTTP/1.1" 200 2258
190.117.126.164 - - [19/Jul/2016:00:03:03 -0500] "GET /galeria/nivo-slider/demo/style.css HTTP/1.1" 200 2222
190.117.126.164 - - [19/Jul/2016:00:03:03 -0500] "GET /galeria/nivo-slider/themes/orman/orman.css HTTP/1.1" 200 2152
190.117.126.164 - - [19/Jul/2016:00:03:03 -0500] "GET /galeria/nivo-slider/demo/scripts/jquery-1.7.1.min.js HTTP/1.1" 200 93868
190.117.126.164 - - [19/Jul/2016:00:03:03 -0500] "GET /galeria/nivo-slider/demo/images/SUPERCADECRA30.jpg HTTP/1.1" 200 127549
190.117.126.164 - - [19/Jul/2016:00:03:04 -0500] "GET /galeria/nivo-slider/demo/images/convocatoriasecretaria.jpg HTTP/1.1" 200 129365
190.117.126.164 - - [19/Jul/2016:00:03:04 -0500] "GET /galeria/nivo-slider/jquery.nivo.slider.pack.js HTTP/1.1" 200 11561
190.117.126.164 - - [19/Jul/2016:00:03:04 -0500] "GET /galeria/nivo-slider/demo/images/SUPERCADESUBA.jpg HTTP/1.1" 200 127509
190.117.126.164 - - [19/Jul/2016:00:03:04 -0500] "GET /galeria/nivo-slider/demo/images/BANNERVISORGEOGRAFICO.jpg HTTP/1.1" 200 78514
190.117.126.164 - - [19/Jul/2016:00:03:05 -0500] "GET /galeria/nivo-slider/themes/default/loading.gif HTTP/1.1" 200 1737
190.117.126.164 - - [19/Jul/2016:00:03:05 -0500] "GET /galeria/nivo-slider/demo/images/4Simple_Slider.png HTTP/1.1" 200 11722
190.117.126.164 - - [19/Jul/2016:00:03:05 -0500] "GET /galeria/nivo-slider/demo/images/BANNERCONFORMACIONGESTIONAMBIENTAL.jpg HTTP/1.1" 200 161009
190.117.126.164 - - [19/Jul/2016:00:03:08 -0500] "GET /galeria/nivo-slider/demo/images/vegetal.jpg HTTP/1.1" 200 216080
190.117.126.164 - - [19/Jul/2016:00:03:08 -0500] "GET /galeria/nivo-slider/demo/images/bannergenCAPACITACIONES-01.jpg HTTP/1.1" 200 153433
190.117.126.164 - - [19/Jul/2016:00:03:10 -0500] "GET /galeria/nivo-slider/demo/images/BANNERMADERALEGAL.jpg HTTP/1.1" 200 165750
190.117.126.164 - - [19/Jul/2016:00:03:10 -0500] "GET /galeria/nivo-slider/demo/images/Banner_wgic.jpg HTTP/1.1" 200 139000
190.117.126.164 - - [19/Jul/2016:00:03:10 -0500] "GET /galeria/nivo-slider/demo/images/ABC-Plan-de-contigencia.jpg HTTP/1.1" 200 423901
190.117.126.164 - - [19/Jul/2016:00:03:12 -0500] "GET /galeria/nivo-slider/demo/images/ACOPIADORESYGESTORES.jpg HTTP/1.1" 200 118791
190.117.126.164 - - [19/Jul/2016:00:03:13 -0500] "GET /galeria/nivo-slider/demo/images/caminata-ecologica.jpg HTTP/1.1" 200 192926
190.117.126.164 - - [19/Jul/2016:00:03:16 -0500] "GET /galeria/nivo-slider/demo/images/Cmapana-onestidad.jpg HTTP/1.1" 200 141638
190.117.126.164 - - [19/Jul/2016:00:03:19 -0500] "GET /galeria/nivo-slider/demo/images/banner-llantas2.jpg HTTP/1.1" 200 234514
190.117.126.164 - - [19/Jul/2016:00:03:19 -0500] "GET /galeria/nivo-slider/demo/images/9Signos.jpg HTTP/1.1" 200 81776
190.117.126.164 - - [19/Jul/2016:00:03:20 -0500] "GET /galeria/nivo-slider/demo/images/Ruta-vertimientos-01.jpg HTTP/1.1" 200 130151
181.142.146.101 - - [19/Jul/2016:00:03:21 -0500] "POST /forms/lservlet;jsessionid=ac16012b30d6164ce442238b46dfb66c965fb0bf88cb.e3iSbxaKaheRe34Tax0PchuKax90n6jAmljGr5XDqQLvpAe HTTP/1.1" 200 2
190.117.126.164 - - [19/Jul/2016:00:03:22 -0500] "GET /galeria/nivo-slider/demo/images/bolsas-06.jpg HTTP/1.1" 200 210950
66.249.64.165 - - [19/Jul/2016:00:03:28 -0500] "GET /BLA/resoluciones/RESOLUCIONES%202011/1561.pdf HTTP/1.1" 304 -
66.249.64.165 - - [19/Jul/2016:00:03:34 -0500] "GET /BLA/resoluciones/RESOLUCIONES%202007/RES%202007%20301%20AL%20400/RESOLUCION%200324%20DE%202007.pdf HTTP/1.1" 304 -
190.157.171.148 - - [19/Jul/2016:00:03:43 -0500] "GET /BLA/boletinlegal/js/jquery.scrollShow.js HTTP/1.1" 200 4586
190.157.171.148 - - [19/Jul/2016:00:03:43 -0500] "GET /galeria/galeria/jquery.fancybox.js?v=2.1.5 HTTP/1.1" 200 48706
190.157.171.148 - - [19/Jul/2016:00:03:43 -0500] "GET /galeria/galeria/jquery.fancybox.css?v=2.1.5 HTTP/1.1" 200 4895
190.157.171.148 - - [19/Jul/2016:00:03:44 -0500] "GET /galeria/carrusel/Carrusel/jquery.thumbnailScroller.css HTTP/1.1" 200 2066
190.157.171.148 - - [19/Jul/2016:00:03:44 -0500] "GET /galeria/carrusel/Carrusel/jquery-ui-1.8.13.custom.min.js HTTP/1.1" 200 10800
190.157.171.148 - - [19/Jul/2016:00:03:46 -0500] "GET /galeria/carrusel/Carrusel/jquery.thumbnailScroller.js HTTP/1.1" 200 8157
66.249.64.144 - - [19/Jul/2016:00:03:54 -0500] "GET /POT-2013/Cartografia/28_USOS%20Y%20AREAS%20DE%20ACTIVIDAD.pdf HTTP/1.1" 304 -
190.157.171.148 - - [19/Jul/2016:00:03:55 -0500] "GET /galeria/nivo-slider/demo/demo.html HTTP/1.1" 200 4730
190.157.171.148 - - [19/Jul/2016:00:03:57 -0500] "GET /galeria/nivo-slider/themes/default/default.css HTTP/1.1" 200 1569
190.157.171.148 - - [19/Jul/2016:00:03:57 -0500] "GET /galeria/nivo-slider/themes/pascal/pascal.css HTTP/1.1" 200 2258
190.157.171.148 - - [19/Jul/2016:00:03:57 -0500] "GET /galeria/nivo-slider/themes/orman/orman.css HTTP/1.1" 200 2152
190.157.171.148 - - [19/Jul/2016:00:03:57 -0500] "GET /galeria/nivo-slider/nivo-slider.css HTTP/1.1" 200 1507
190.157.171.148 - - [19/Jul/2016:00:03:57 -0500] "GET /galeria/nivo-slider/demo/images/SUPERCADECRA30.jpg HTTP/1.1" 200 127549
190.157.171.148 - - [19/Jul/2016:00:03:57 -0500] "GET /galeria/nivo-slider/demo/style.css HTTP/1.1" 200 2222
190.157.171.148 - - [19/Jul/2016:00:03:57 -0500] "GET /galeria/nivo-slider/demo/images/convocatoriasecretaria.jpg HTTP/1.1" 200 129365
190.157.171.148 - - [19/Jul/2016:00:03:57 -0500] "GET /galeria/nivo-slider/demo/images/SUPERCADESUBA.jpg HTTP/1.1" 200 127509
190.157.171.148 - - [19/Jul/2016:00:03:57 -0500] "GET /galeria/nivo-slider/demo/images/BANNERVISORGEOGRAFICO.jpg HTTP/1.1" 200 78514
190.157.171.148 - - [19/Jul/2016:00:03:57 -0500] "GET /galeria/nivo-slider/demo/scripts/jquery-1.7.1.min.js HTTP/1.1" 200 93868
190.157.171.148 - - [19/Jul/2016:00:03:57 -0500] "GET /galeria/nivo-slider/jquery.nivo.slider.pack.js HTTP/1.1" 200 11561
190.157.171.148 - - [19/Jul/2016:00:03:58 -0500] "GET /galeria/nivo-slider/demo/images/BANNERCONFORMACIONGESTIONAMBIENTAL.jpg HTTP/1.1" 200 161009
190.157.171.148 - - [19/Jul/2016:00:03:58 -0500] "GET /galeria/nivo-slider/demo/images/vegetal.jpg HTTP/1.1" 200 216080
190.157.171.148 - - [19/Jul/2016:00:03:59 -0500] "GET /galeria/nivo-slider/demo/images/bannergenCAPACITACIONES-01.jpg HTTP/1.1" 200 153433
190.157.171.148 - - [19/Jul/2016:00:03:59 -0500] "GET /galeria/nivo-slider/themes/default/loading.gif HTTP/1.1" 200 1737
190.157.171.148 - - [19/Jul/2016:00:03:59 -0500] "GET /galeria/nivo-slider/demo/images/4Simple_Slider.png HTTP/1.1" 200 11722
190.157.171.148 - - [19/Jul/2016:00:04:00 -0500] "GET /galeria/nivo-slider/demo/images/BANNERMADERALEGAL.jpg HTTP/1.1" 200 165750
190.157.171.148 - - [19/Jul/2016:00:04:00 -0500] "GET /galeria/nivo-slider/demo/images/Banner_wgic.jpg HTTP/1.1" 200 139000
190.157.171.148 - - [19/Jul/2016:00:04:01 -0500] "GET /galeria/nivo-slider/demo/images/ABC-Plan-de-contigencia.jpg HTTP/1.1" 200 423901
190.157.171.148 - - [19/Jul/2016:00:04:02 -0500] "GET /galeria/nivo-slider/demo/images/ACOPIADORESYGESTORES.jpg HTTP/1.1" 200 118791
190.157.171.148 - - [19/Jul/2016:00:04:03 -0500] "GET /galeria/nivo-slider/demo/images/caminata-ecologica.jpg HTTP/1.1" 200 192926
190.157.171.148 - - [19/Jul/2016:00:04:03 -0500] "GET /galeria/nivo-slider/demo/images/Cmapana-onestidad.jpg HTTP/1.1" 200 141638
190.157.171.148 - - [19/Jul/2016:00:04:04 -0500] "GET /galeria/nivo-slider/demo/images/banner-llantas2.jpg HTTP/1.1" 200 234514
190.157.171.148 - - [19/Jul/2016:00:04:06 -0500] "GET /galeria/nivo-slider/demo/images/9Signos.jpg HTTP/1.1" 200 81776
190.157.171.148 - - [19/Jul/2016:00:04:06 -0500] "GET /galeria/nivo-slider/demo/images/Ruta-vertimientos-01.jpg HTTP/1.1" 200 130151
190.157.171.148 - - [19/Jul/2016:00:04:06 -0500] "GET /galeria/nivo-slider/demo/images/bolsas-06.jpg HTTP/1.1" 200 210950
66.249.64.165 - - [19/Jul/2016:00:04:07 -0500] "GET /BLA/resoluciones/RESOLUCIONES%202008/5689.pdf HTTP/1.1" 304 -
181.50.182.131 - - [19/Jul/2016:00:04:07 -0500] "GET /BLA/resoluciones/RESOLUCIONES%202007/RES%202007%202001%20AL%202100/RESOLUCION%202058%20DE%202007.pdf HTTP/1.1" 200 60070
181.50.182.131 - - [19/Jul/2016:00:04:07 -0500] "GET /favicon.ico HTTP/1.1" 200 7782
190.157.171.148 - - [19/Jul/2016:00:04:11 -0500] "GET /galeria/nivo-slider/themes/default/arrows.png HTTP/1.1" 200 824
190.157.171.148 - - [19/Jul/2016:00:04:11 -0500] "GET /galeria/nivo-slider/themes/default/bullets.png HTTP/1.1" 200 1281
66.249.64.165 - - [19/Jul/2016:00:04:13 -0500] "GET /BLA/resoluciones/RESOLUCIONES%202010/6340.pdf HTTP/1.1" 304 -
66.249.64.165 - - [19/Jul/2016:00:04:19 -0500] "GET /BLA/resoluciones/AUTOS%202014/6376.pdf HTTP/1.1" 304 -
66.249.64.165 - - [19/Jul/2016:00:04:26 -0500] "GET /BLA/resoluciones/AUTOS%202013/1290.pdf HTTP/1.1" 304 -
201.245.192.253 - - [19/Jul/2016:00:04:31 -0500] "POST /forms/lservlet;jsessionid=ac16012b30d6c16e5d35c21f4abaa16ff6b8db356bce.e3iSbxaKaheRe34Tax0PchuKax90n6jAmljGr5XDqQLvpAe HTTP/1.1" 200 2
66.249.64.165 - - [19/Jul/2016:00:04:32 -0500] "GET /BLA/resoluciones/AUTOS%202010/0531.pdf HTTP/1.1" 304 -
69.162.124.232 - - [19/Jul/2016:00:04:35 -0500] "HEAD / HTTP/1.1" 200 -
192.168.175.104 - - [19/Jul/2016:00:04:35 -0500] "GET / HTTP/1.0" 200 9990
66.249.64.165 - - [19/Jul/2016:00:04:45 -0500] "GET /BLA/resoluciones/RESOLUCIONES%202013/0943.pdf HTTP/1.1" 304 -
192.168.175.104 - - [19/Jul/2016:00:04:46 -0500] "GET / HTTP/1.1" 200 9990
66.249.64.165 - - [19/Jul/2016:00:04:52 -0500] "GET /BLA/resoluciones/AUTOS%202013/2981.pdf HTTP/1.1" 304 -
66.249.64.165 - - [19/Jul/2016:00:04:58 -0500] "GET /BLA/resoluciones/AUTOS%202008/0714.pdf HTTP/1.1" 304 -
66.249.64.165 - - [19/Jul/2016:00:05:04 -0500] "GET /BLA/resoluciones/RESOLUCIONES%202007/RES%202007%202501%20AL%202600/RESOLUCION%202517%20DE%202007.pdf HTTP/1.1" 304 -
66.249.64.165 - - [19/Jul/2016:00:05:17 -0500] "GET /BLA/resoluciones/AUTOS%202011/5274.pdf HTTP/1.1" 304 -
190.157.171.148 - - [19/Jul/2016:00:05:21 -0500] "GET /galeria/galeria/jquery.fancybox.css?v=2.1.5 HTTP/1.1" 200 4895
190.157.171.148 - - [19/Jul/2016:00:05:21 -0500] "GET /BLA/boletinlegal/js/jquery.scrollShow.js HTTP/1.1" 200 4586
190.157.171.148 - - [19/Jul/2016:00:05:21 -0500] "GET /galeria/galeria/jquery.fancybox.js?v=2.1.5 HTTP/1.1" 200 48706
181.142.146.101 - - [19/Jul/2016:00:05:21 -0500] "POST /forms/lservlet;jsessionid=ac16012b30d6164ce442238b46dfb66c965fb0bf88cb.e3iSbxaKaheRe34Tax0PchuKax90n6jAmljGr5XDqQLvpAe HTTP/1.1" 200 2
190.157.171.148 - - [19/Jul/2016:00:05:27 -0500] "GET /BLA/boletinlegal/js/jquery.scrollShow.js HTTP/1.1" 304 -
190.157.171.148 - - [19/Jul/2016:00:05:27 -0500] "GET /galeria/galeria/jquery.fancybox.css?v=2.1.5 HTTP/1.1" 304 -
190.157.171.148 - - [19/Jul/2016:00:05:27 -0500] "GET /galeria/galeria/jquery.fancybox.js?v=2.1.5 HTTP/1.1" 304 -
66.249.64.165 - - [19/Jul/2016:00:05:30 -0500] "GET /autoliquidacion/index.php?dir=Solicitud+de+expedici%F3n+de+certificados+de+estado+de+conservaci%F3n+ambiental+(CECA)%2F HTTP/1.1" 200 2715
66.249.64.165 - - [19/Jul/2016:00:05:37 -0500] "GET /BLA/resoluciones/RESOLUCIONES%202013/1419.pdf HTTP/1.1" 304 -
66.249.64.165 - - [19/Jul/2016:00:05:43 -0500] "GET /BLA/resoluciones/RESOLUCIONES%202014/1295.pdf HTTP/1.1" 304 -
51.255.65.46 - - [19/Jul/2016:00:05:44 -0500] "GET /BLA/resoluciones/RESOLUCIONES%202004/RES%202004%201101-1150/00001105.tif HTTP/1.1" 200 100598
66.249.64.165 - - [19/Jul/2016:00:05:50 -0500] "GET /BLA/resoluciones/AUTOS%202013/0197.pdf HTTP/1.1" 304 -
192.168.175.104 - - [19/Jul/2016:00:05:52 -0500] "GET / HTTP/1.1" 200 9990
66.249.64.165 - - [19/Jul/2016:00:05:56 -0500] "GET /BLA/resoluciones/AUTOS%202013/0927.pdf HTTP/1.1" 304 -
66.249.64.165 - - [19/Jul/2016:00:06:02 -0500] "GET /BLA/resoluciones/AUTOS%202012/2270.pdf HTTP/1.1" 304 -
181.253.17.47 - - [19/Jul/2016:00:06:04 -0500] "GET /galeria/galeria/fotos/Jaboque3G.jpg HTTP/1.1" 200 422286
190.157.171.148 - - [19/Jul/2016:00:06:06 -0500] "GET /galeria/galeria/jquery.fancybox.js?v=2.1.5 HTTP/1.1" 200 48706
190.85.83.195 - - [19/Jul/2016:00:06:18 -0500] "GET /BLA/boletinlegal/js/jquery.scrollShow.js HTTP/1.1" 200 4586
190.85.83.195 - - [19/Jul/2016:00:06:18 -0500] "GET /galeria/galeria/jquery.fancybox.css?v=2.1.5 HTTP/1.1" 200 4895
190.85.83.195 - - [19/Jul/2016:00:06:18 -0500] "GET /galeria/galeria/jquery.fancybox.js?v=2.1.5 HTTP/1.1" 200 48706
201.245.192.253 - - [19/Jul/2016:00:06:31 -0500] "POST /forms/lservlet;jsessionid=ac16012b30d6c16e5d35c21f4abaa16ff6b8db356bce.e3iSbxaKaheRe34Tax0PchuKax90n6jAmljGr5XDqQLvpAe HTTP/1.1" 200 2
190.117.126.164 - - [19/Jul/2016:00:06:55 -0500] "GET /galeria/nivo-slider/themes/default/arrows.png HTTP/1.1" 200 824
190.117.126.164 - - [19/Jul/2016:00:06:55 -0500] "GET /galeria/nivo-slider/themes/default/bullets.png HTTP/1.1" 200 1281
66.249.64.165 - - [19/Jul/2016:00:07:00 -0500] "GET /BLA/resoluciones/AUTOS%202013/2086.pdf HTTP/1.1" 304 -
66.249.64.165 - - [19/Jul/2016:00:07:07 -0500] "GET /BLA/resoluciones/AUTOS%202014/5843.pdf HTTP/1.1" 304 -
66.249.64.165 - - [19/Jul/2016:00:07:13 -0500] "GET /BLA/resoluciones/RESOLUCIONES%202011/0165.pdf HTTP/1.1" 304 -
66.249.64.165 - - [19/Jul/2016:00:07:20 -0500] "GET /BLA/resoluciones/AUTOS%202013/3484.pdf HTTP/1.1" 304 -
181.142.146.101 - - [19/Jul/2016:00:07:22 -0500] "POST /forms/lservlet;jsessionid=ac16012b30d6164ce442238b46dfb66c965fb0bf88cb.e3iSbxaKaheRe34Tax0PchuKax90n6jAmljGr5XDqQLvpAe HTTP/1.1" 200 2
66.249.64.165 - - [19/Jul/2016:00:07:26 -0500] "GET /BLA/resoluciones/RESOLUCIONES%202007/RES%202007%20901%20AL%201000/RESOLUCION%200950%20DE%202007.pdf HTTP/1.1" 304 -
66.249.64.165 - - [19/Jul/2016:00:07:46 -0500] "GET /BLA/resoluciones/AUTOS%202013/1048.pdf HTTP/1.1" 304 -
201.245.192.253 - - [19/Jul/2016:00:08:31 -0500] "POST /forms/lservlet;jsessionid=ac16012b30d6c16e5d35c21f4abaa16ff6b8db356bce.e3iSbxaKaheRe34Tax0PchuKax90n6jAmljGr5XDqQLvpAe HTTP/1.1" 200 2
190.131.194.135 - - [19/Jul/2016:00:08:35 -0500] "GET /galeria/nivo-slider/demo/images/Cmapana-onestidad.jpg HTTP/1.1" 304 -
66.249.64.165 - - [19/Jul/2016:00:08:36 -0500] "GET /BLA/resoluciones/AUTOS%202009/1814.pdf HTTP/1.1" 304 -
66.249.64.165 - - [19/Jul/2016:00:08:37 -0500] "GET /BLA/resoluciones/RESOLUCIONES%202007/RES%202007%203201%20AL%203300/RESOLUCION%203287%20DE%202007.pdf HTTP/1.1" 304 -
66.249.64.165 - - [19/Jul/2016:00:08:38 -0500] "GET /BLA/resoluciones/AUTOS%202012/1995.pdf HTTP/1.1" 304 -
66.249.64.165 - - [19/Jul/2016:00:09:03 -0500] "GET /BLA/resoluciones/RESOLUCIONES%202007/RES%202007%202901%20AL%203000/RESOLUCION%202955%20DE%202007.pdf HTTP/1.1" 304 -
66.249.64.165 - - [19/Jul/2016:00:09:09 -0500] "GET /BLA/resoluciones/RESOLUCIONES%202007/RES%202007%202401%20AL%202500/RESOLUCION%202443%20DE%202007.pdf HTTP/1.1" 304 -
66.249.64.165 - - [19/Jul/2016:00:09:16 -0500] "GET /BLA/resoluciones/RESOLUCIONES%202007/RES%202007%202001%20AL%202100/RESOLUCION%202030%20%20DE%202007.pdf HTTP/1.1" 304 -
181.142.146.101 - - [19/Jul/2016:00:09:22 -0500] "POST /forms/lservlet;jsessionid=ac16012b30d6164ce442238b46dfb66c965fb0bf88cb.e3iSbxaKaheRe34Tax0PchuKax90n6jAmljGr5XDqQLvpAe HTTP/1.1" 200 2
66.249.64.165 - - [19/Jul/2016:00:09:22 -0500] "GET /BLA/resoluciones/AUTOS%202013/3483.pdf HTTP/1.1" 304 -
66.249.64.165 - - [19/Jul/2016:00:09:29 -0500] "GET /BLA/resoluciones/AUTOS%202013/0458.pdf HTTP/1.1" 304 -
192.168.175.104 - - [19/Jul/2016:00:09:33 -0500] "GET / HTTP/1.0" 200 9990
69.162.124.232 - - [19/Jul/2016:00:09:35 -0500] "HEAD / HTTP/1.1" 200 -
192.168.175.104 - - [19/Jul/2016:00:09:44 -0500] "GET / HTTP/1.1" 200 9990
66.249.64.165 - - [19/Jul/2016:00:09:48 -0500] "GET /BLA/resoluciones/AUTOS%202012/2977.pdf HTTP/1.1" 304 -
66.249.64.165 - - [19/Jul/2016:00:10:07 -0500] "GET /BLA/resoluciones/RESOLUCIONES%202013/1558.pdf HTTP/1.1" 304 -
201.245.192.253 - - [19/Jul/2016:00:10:31 -0500] "POST /forms/lservlet;jsessionid=ac16012b30d6c16e5d35c21f4abaa16ff6b8db356bce.e3iSbxaKaheRe34Tax0PchuKax90n6jAmljGr5XDqQLvpAe HTTP/1.1" 200 2
192.168.175.104 - - [19/Jul/2016:00:10:50 -0500] "GET / HTTP/1.1" 200 9990
66.249.64.165 - - [19/Jul/2016:00:10:52 -0500] "GET /BLA/resoluciones/AUTOS%202011/1362.pdf HTTP/1.1" 304 -
66.249.64.165 - - [19/Jul/2016:00:10:59 -0500] "GET /BLA/resoluciones/RESOLUCIONES%202010/0222.pdf HTTP/1.1" 304 -
66.249.64.165 - - [19/Jul/2016:00:11:05 -0500] "GET /BLA/resoluciones/RESOLUCIONES%202014/0049.pdf HTTP/1.1" 304 -
66.249.64.165 - - [19/Jul/2016:00:11:18 -0500] "GET /BLA/resoluciones/RESOLUCIONES%202007/RES%202007%202601%20AL%202700/RESOLUCION%202664%20DE%202007.pdf HTTP/1.1" 304 -
186.146.84.234 - - [19/Jul/2016:00:11:20 -0500] "GET /BLA/boletinlegal/js/jquery.scrollShow.js HTTP/1.1" 200 4586
186.146.84.234 - - [19/Jul/2016:00:11:20 -0500] "GET /galeria/galeria/jquery.fancybox.js?v=2.1.5 HTTP/1.1" 200 48706
186.146.84.234 - - [19/Jul/2016:00:11:21 -0500] "GET /galeria/galeria/jquery.fancybox.css?v=2.1.5 HTTP/1.1" 200 4895
186.146.84.234 - - [19/Jul/2016:00:11:22 -0500] "GET /galeria/carrusel/Carrusel/jquery.thumbnailScroller.css HTTP/1.1" 200 2066
186.146.84.234 - - [19/Jul/2016:00:11:22 -0500] "GET /galeria/carrusel/Carrusel/jquery-ui-1.8.13.custom.min.js HTTP/1.1" 200 10800
186.146.84.234 - - [19/Jul/2016:00:11:25 -0500] "GET /galeria/carrusel/Carrusel/jquery.thumbnailScroller.js HTTP/1.1" 200 8157
66.249.64.187 - - [19/Jul/2016:00:11:37 -0500] "GET /ecodirectorio/files/res/downloads/download_0134.pdf HTTP/1.1" 304 -
66.249.64.165 - - [19/Jul/2016:00:11:50 -0500] "GET /BLA/resoluciones/RESOLUCIONES%202014/0532.pdf HTTP/1.1" 304 -
201.245.192.253 - - [19/Jul/2016:00:12:32 -0500] "POST /forms/lservlet;jsessionid=ac16012b30d6c16e5d35c21f4abaa16ff6b8db356bce.e3iSbxaKaheRe34Tax0PchuKax90n6jAmljGr5XDqQLvpAe HTTP/1.1" 200 2
164.132.161.59 - - [19/Jul/2016:00:12:42 -0500] "GET /BLA/resoluciones/RESOLUCIONES%202002/RES%202002%20401-450/00000444.tif HTTP/1.1" 200 158776
66.249.69.168 - - [19/Jul/2016:00:12:48 -0500] "GET /BLA/resoluciones/RESOLUCIONES%202009/3795.pdf HTTP/1.1" 304 -
123.125.71.77 - - [19/Jul/2016:00:13:33 -0500] "GET /BLA/boletinlegal/Circulares/2013/Circular%20No.%201%20del%2014%20de%20enero%20de%202013.pdf HTTP/1.1" 200 1298384
190.26.210.162 - - [19/Jul/2016:00:14:05 -0500] "GET /AFLUENTESYEFUENTES/ HTTP/1.1" 200 4762
192.168.175.104 - - [19/Jul/2016:00:14:32 -0500] "GET / HTTP/1.0" 200 9990
201.245.192.253 - - [19/Jul/2016:00:14:32 -0500] "POST /forms/lservlet;jsessionid=ac16012b30d6c16e5d35c21f4abaa16ff6b8db356bce.e3iSbxaKaheRe34Tax0PchuKax90n6jAmljGr5XDqQLvpAe HTTP/1.1" 200 2
69.162.124.232 - - [19/Jul/2016:00:14:35 -0500] "HEAD / HTTP/1.1" 200 -
192.168.175.104 - - [19/Jul/2016:00:14:43 -0500] "GET / HTTP/1.1" 200 9990
66.249.64.165 - - [19/Jul/2016:00:14:44 -0500] "GET /BLA/resoluciones/RESOLUCIONES%202007/RES%202007%201001%20AL%201100/RESOLUCION%201043%20DE%202007.pdf HTTP/1.1" 304 -
66.249.64.165 - - [19/Jul/2016:00:14:51 -0500] "GET /BLA/resoluciones/AUTOS%202014/5839.pdf HTTP/1.1" 304 -
66.249.64.165 - - [19/Jul/2016:00:14:57 -0500] "GET /BLA/resoluciones/AUTOS%202013/1415.pdf HTTP/1.1" 304 -
190.26.210.162 - - [19/Jul/2016:00:15:16 -0500] "GET /galeria/mapa2/humedal.html? HTTP/1.1" 200 11166
190.26.210.162 - - [19/Jul/2016:00:15:16 -0500] "GET /galeria/mapa2/ HTTP/1.1" 200 5107
66.249.64.165 - - [19/Jul/2016:00:15:16 -0500] "GET /BLA/resoluciones/RESOLUCIONES%202007/RES%202007%203301%20AL%203400/RESOLUCION%203386%20DE%202007.pdf HTTP/1.1" 304 -
192.168.175.104 - - [19/Jul/2016:00:15:47 -0500] "GET / HTTP/1.1" 200 9990
187.222.133.51 - - [19/Jul/2016:00:15:51 -0500] "GET /galeria/galeria/jquery.fancybox.css?v=2.1.5 HTTP/1.1" 200 4895
187.222.133.51 - - [19/Jul/2016:00:15:52 -0500] "GET /BLA/boletinlegal/js/jquery.scrollShow.js HTTP/1.1" 200 4586
187.222.133.51 - - [19/Jul/2016:00:15:52 -0500] "GET /galeria/galeria/jquery.fancybox.js?v=2.1.5 HTTP/1.1" 200 48706
181.130.250.30 - - [19/Jul/2016:00:16:15 -0500] "GET /BLA/boletinlegal/js/jquery.scrollShow.js HTTP/1.1" 200 4586
181.130.250.30 - - [19/Jul/2016:00:16:15 -0500] "GET /galeria/galeria/jquery.fancybox.css?v=2.1.5 HTTP/1.1" 200 4895
181.130.250.30 - - [19/Jul/2016:00:16:15 -0500] "GET /galeria/galeria/jquery.fancybox.js?v=2.1.5 HTTP/1.1" 200 48706
201.245.192.253 - - [19/Jul/2016:00:16:32 -0500] "POST /forms/lservlet;jsessionid=ac16012b30d6c16e5d35c21f4abaa16ff6b8db356bce.e3iSbxaKaheRe34Tax0PchuKax90n6jAmljGr5XDqQLvpAe HTTP/1.1" 200 2
181.130.250.30 - - [19/Jul/2016:00:16:37 -0500] "GET /BLA/boletinlegal/js/jquery.scrollShow.js HTTP/1.1" 304 -
181.130.250.30 - - [19/Jul/2016:00:16:37 -0500] "GET /galeria/galeria/jquery.fancybox.css?v=2.1.5 HTTP/1.1" 304 -
181.130.250.30 - - [19/Jul/2016:00:16:37 -0500] "GET /galeria/galeria/jquery.fancybox.js?v=2.1.5 HTTP/1.1" 304 -
164.132.161.30 - - [19/Jul/2016:00:17:14 -0500] "GET /BLA/resoluciones/RESOLUCIONES%202003/RES%202003%20151-200/2003RES184.tif HTTP/1.1" 200 158640
186.80.68.61 - - [19/Jul/2016:00:17:15 -0500] "GET /BLA/boletinlegal/js/jquery.scrollShow.js HTTP/1.1" 200 4586
186.80.68.61 - - [19/Jul/2016:00:17:15 -0500] "GET /galeria/galeria/jquery.fancybox.js?v=2.1.5 HTTP/1.1" 200 48706
186.80.68.61 - - [19/Jul/2016:00:17:15 -0500] "GET /galeria/galeria/jquery.fancybox.css?v=2.1.5 HTTP/1.1" 200 4895
186.80.68.61 - - [19/Jul/2016:00:17:15 -0500] "GET /galeria/carrusel/Carrusel/jquery.thumbnailScroller.css HTTP/1.1" 200 2066
186.80.68.61 - - [19/Jul/2016:00:17:15 -0500] "GET /galeria/carrusel/Carrusel/jquery-ui-1.8.13.custom.min.js HTTP/1.1" 200 10800
186.80.68.61 - - [19/Jul/2016:00:17:16 -0500] "GET /galeria/carrusel/Carrusel/jquery.thumbnailScroller.js HTTP/1.1" 200 8157
186.80.68.61 - - [19/Jul/2016:00:17:21 -0500] "GET /galeria/nivo-slider/demo/demo.html HTTP/1.1" 200 4730
186.80.68.61 - - [19/Jul/2016:00:17:21 -0500] "GET /galeria/nivo-slider/themes/pascal/pascal.css HTTP/1.1" 200 2258
186.80.68.61 - - [19/Jul/2016:00:17:21 -0500] "GET /galeria/nivo-slider/themes/default/default.css HTTP/1.1" 200 1569
186.80.68.61 - - [19/Jul/2016:00:17:21 -0500] "GET /galeria/nivo-slider/demo/scripts/jquery-1.7.1.min.js HTTP/1.1" 200 93868
186.80.68.61 - - [19/Jul/2016:00:17:21 -0500] "GET /galeria/nivo-slider/themes/orman/orman.css HTTP/1.1" 200 2152
186.80.68.61 - - [19/Jul/2016:00:17:21 -0500] "GET /galeria/nivo-slider/nivo-slider.css HTTP/1.1" 200 1507
186.80.68.61 - - [19/Jul/2016:00:17:21 -0500] "GET /galeria/nivo-slider/demo/style.css HTTP/1.1" 200 2222
186.80.68.61 - - [19/Jul/2016:00:17:21 -0500] "GET /galeria/nivo-slider/demo/images/SUPERCADECRA30.jpg HTTP/1.1" 200 127549
186.80.68.61 - - [19/Jul/2016:00:17:21 -0500] "GET /galeria/nivo-slider/demo/images/SUPERCADESUBA.jpg HTTP/1.1" 200 127509
186.80.68.61 - - [19/Jul/2016:00:17:21 -0500] "GET /galeria/nivo-slider/demo/images/convocatoriasecretaria.jpg HTTP/1.1" 200 129365
186.80.68.61 - - [19/Jul/2016:00:17:21 -0500] "GET /galeria/nivo-slider/demo/images/BANNERVISORGEOGRAFICO.jpg HTTP/1.1" 200 78514
186.80.68.61 - - [19/Jul/2016:00:17:21 -0500] "GET /galeria/nivo-slider/demo/images/BANNERCONFORMACIONGESTIONAMBIENTAL.jpg HTTP/1.1" 200 161009
186.80.68.61 - - [19/Jul/2016:00:17:21 -0500] "GET /galeria/nivo-slider/demo/images/vegetal.jpg HTTP/1.1" 200 216080
186.80.68.61 - - [19/Jul/2016:00:17:21 -0500] "GET /galeria/nivo-slider/demo/images/bannergenCAPACITACIONES-01.jpg HTTP/1.1" 200 153433
186.80.68.61 - - [19/Jul/2016:00:17:22 -0500] "GET /galeria/nivo-slider/jquery.nivo.slider.pack.js HTTP/1.1" 200 11561
186.80.68.61 - - [19/Jul/2016:00:17:22 -0500] "GET /galeria/nivo-slider/demo/images/4Simple_Slider.png HTTP/1.1" 200 11722
186.80.68.61 - - [19/Jul/2016:00:17:22 -0500] "GET /galeria/nivo-slider/themes/default/loading.gif HTTP/1.1" 200 1737
186.80.68.61 - - [19/Jul/2016:00:17:22 -0500] "GET /galeria/nivo-slider/demo/images/BANNERMADERALEGAL.jpg HTTP/1.1" 200 165750
186.80.68.61 - - [19/Jul/2016:00:17:22 -0500] "GET /galeria/nivo-slider/demo/images/Banner_wgic.jpg HTTP/1.1" 200 139000
186.80.68.61 - - [19/Jul/2016:00:17:22 -0500] "GET /galeria/nivo-slider/demo/images/ABC-Plan-de-contigencia.jpg HTTP/1.1" 200 423901
186.80.68.61 - - [19/Jul/2016:00:17:22 -0500] "GET /galeria/nivo-slider/demo/images/ACOPIADORESYGESTORES.jpg HTTP/1.1" 200 118791
186.80.68.61 - - [19/Jul/2016:00:17:22 -0500] "GET /galeria/nivo-slider/demo/images/caminata-ecologica.jpg HTTP/1.1" 200 192926
186.80.68.61 - - [19/Jul/2016:00:17:22 -0500] "GET /galeria/nivo-slider/demo/images/Cmapana-onestidad.jpg HTTP/1.1" 200 141638
186.80.68.61 - - [19/Jul/2016:00:17:22 -0500] "GET /galeria/nivo-slider/demo/images/banner-llantas2.jpg HTTP/1.1" 200 234514
186.80.68.61 - - [19/Jul/2016:00:17:22 -0500] "GET /galeria/nivo-slider/demo/images/9Signos.jpg HTTP/1.1" 200 81776
186.80.68.61 - - [19/Jul/2016:00:17:23 -0500] "GET /galeria/nivo-slider/demo/images/Ruta-vertimientos-01.jpg HTTP/1.1" 200 130151
186.80.68.61 - - [19/Jul/2016:00:17:23 -0500] "GET /galeria/nivo-slider/demo/images/bolsas-06.jpg HTTP/1.1" 200 210950
186.80.68.61 - - [19/Jul/2016:00:17:23 -0500] "GET /galeria/nivo-slider/themes/default/arrows.png HTTP/1.1" 200 824
186.80.68.61 - - [19/Jul/2016:00:17:24 -0500] "GET /galeria/nivo-slider/themes/default/bullets.png HTTP/1.1" 200 1281
66.249.64.147 - - [19/Jul/2016:00:17:57 -0500] "GET /POT-2013/dlf/styles.css HTTP/1.1" 200 3045
201.245.192.253 - - [19/Jul/2016:00:18:32 -0500] "POST /forms/lservlet;jsessionid=ac16012b30d6c16e5d35c21f4abaa16ff6b8db356bce.e3iSbxaKaheRe34Tax0PchuKax90n6jAmljGr5XDqQLvpAe HTTP/1.1" 200 2
192.168.175.104 - - [19/Jul/2016:00:19:30 -0500] "GET / HTTP/1.0" 200 9990
66.249.64.165 - - [19/Jul/2016:00:19:34 -0500] "GET /BLA/resoluciones/RESOLUCIONES%202013/1135.pdf HTTP/1.1" 304 -
69.162.124.232 - - [19/Jul/2016:00:19:35 -0500] "HEAD / HTTP/1.1" 200 -
192.168.175.104 - - [19/Jul/2016:00:19:40 -0500] "GET / HTTP/1.1" 200 9990
66.249.64.165 - - [19/Jul/2016:00:20:06 -0500] "GET /BLA/resoluciones/RESOLUCIONES%202012/0611.pdf HTTP/1.1" 304 -
181.130.250.30 - - [19/Jul/2016:00:20:20 -0500] "GET /galeria/galeria/jquery.fancybox.css?v=2.1.5 HTTP/1.1" 304 -
181.130.250.30 - - [19/Jul/2016:00:20:20 -0500] "GET /BLA/boletinlegal/js/jquery.scrollShow.js HTTP/1.1" 304 -
181.130.250.30 - - [19/Jul/2016:00:20:20 -0500] "GET /galeria/galeria/jquery.fancybox.js?v=2.1.5 HTTP/1.1" 304 -
201.245.192.253 - - [19/Jul/2016:00:20:33 -0500] "POST /forms/lservlet;jsessionid=ac16012b30d6c16e5d35c21f4abaa16ff6b8db356bce.e3iSbxaKaheRe34Tax0PchuKax90n6jAmljGr5XDqQLvpAe HTTP/1.1" 200 2
192.168.175.104 - - [19/Jul/2016:00:20:46 -0500] "GET / HTTP/1.1" 200 9990
51.255.65.65 - - [19/Jul/2016:00:21:23 -0500] "GET /BLA/resoluciones/RESOLUCIONES%202003/RES%202003%20201-250/2003RES250.tif HTTP/1.1" 200 130328
66.249.64.165 - - [19/Jul/2016:00:21:43 -0500] "GET /BLA/resoluciones/RESOLUCIONES%202014/0933.pdf HTTP/1.1" 304 -
66.249.64.165 - - [19/Jul/2016:00:21:49 -0500] "GET /BLA/resoluciones/RESOLUCIONES%202010/6417.pdf HTTP/1.1" 304 -
66.249.64.165 - - [19/Jul/2016:00:21:57 -0500] "GET /css/bootstrap.min.css HTTP/1.1" 200 105939
66.249.64.165 - - [19/Jul/2016:00:21:58 -0500] "GET /css/style.css HTTP/1.1" 200 3610
164.132.161.43 - - [19/Jul/2016:00:22:01 -0500] "GET /BLA/resoluciones/RESOLUCIONES%202005/RES%202005%202251-2300/00002268.tif HTTP/1.1" 200 34368
201.245.192.253 - - [19/Jul/2016:00:22:33 -0500] "POST /forms/lservlet;jsessionid=ac16012b30d6c16e5d35c21f4abaa16ff6b8db356bce.e3iSbxaKaheRe34Tax0PchuKax90n6jAmljGr5XDqQLvpAe HTTP/1.1" 200 2
144.76.7.107 - - [19/Jul/2016:00:23:23 -0500] "GET /robots.txt HTTP/1.0" 404 1019
144.76.7.107 - - [19/Jul/2016:00:23:25 -0500] "GET /galeria/mapa/3MapaBogot%C3%A1.jpg HTTP/1.1" 200 688183
144.76.7.107 - - [19/Jul/2016:00:23:28 -0500] "GET /galeria/mapa2/3MapaBogot%C3%A1.jpg HTTP/1.1" 200 641419
181.114.120.157 - - [19/Jul/2016:00:23:32 -0500] "GET /BLA/boletinlegal/js/jquery.scrollShow.js HTTP/1.1" 200 4586
181.114.120.157 - - [19/Jul/2016:00:23:32 -0500] "GET /galeria/galeria/jquery.fancybox.js?v=2.1.5 HTTP/1.1" 200 48706
181.114.120.157 - - [19/Jul/2016:00:23:32 -0500] "GET /galeria/galeria/jquery.fancybox.css?v=2.1.5 HTTP/1.1" 200 4895
181.49.75.37 - - [19/Jul/2016:00:23:45 -0500] "GET /BLA/resoluciones/RESOLUCIONES%202010/5773.pdf HTTP/1.1" 200 104241
181.49.75.37 - - [19/Jul/2016:00:23:45 -0500] "GET /favicon.ico HTTP/1.1" 200 7782
181.53.50.153 - - [19/Jul/2016:00:23:50 -0500] "GET /BLA/boletinlegal/js/jquery.scrollShow.js HTTP/1.1" 200 4586
181.53.50.153 - - [19/Jul/2016:00:23:50 -0500] "GET /galeria/galeria/jquery.fancybox.js?v=2.1.5 HTTP/1.1" 200 48706
181.53.50.153 - - [19/Jul/2016:00:23:50 -0500] "GET /galeria/galeria/jquery.fancybox.css?v=2.1.5 HTTP/1.1" 200 4895
66.249.64.171 - - [19/Jul/2016:00:23:58 -0500] "GET /BLA/resoluciones/RESOLUCIONES%202007/RES%202007%202601%20AL%202700/RESOLUCION%202643%20DE%202007.pdf HTTP/1.1" 304 -
181.53.50.153 - - [19/Jul/2016:00:24:00 -0500] "GET /galeria/galeria/jquery.fancybox.css?v=2.1.5 HTTP/1.1" 304 -
181.53.50.153 - - [19/Jul/2016:00:24:00 -0500] "GET /galeria/galeria/jquery.fancybox.js?v=2.1.5 HTTP/1.1" 304 -
181.53.50.153 - - [19/Jul/2016:00:24:00 -0500] "GET /BLA/boletinlegal/js/jquery.scrollShow.js HTTP/1.1" 304 -
192.168.175.104 - - [19/Jul/2016:00:24:28 -0500] "GET / HTTP/1.0" 200 9990
66.249.64.165 - - [19/Jul/2016:00:24:29 -0500] "GET /BLA/resoluciones/AUTOS%202013/2851.pdf HTTP/1.1" 304 -
201.245.192.253 - - [19/Jul/2016:00:24:33 -0500] "POST /forms/lservlet;jsessionid=ac16012b30d6c16e5d35c21f4abaa16ff6b8db356bce.e3iSbxaKaheRe34Tax0PchuKax90n6jAmljGr5XDqQLvpAe HTTP/1.1" 200 2
69.162.124.232 - - [19/Jul/2016:00:24:35 -0500] "HEAD / HTTP/1.1" 200 -
192.168.175.104 - - [19/Jul/2016:00:24:38 -0500] "GET / HTTP/1.1" 200 9990
186.154.39.2 - - [19/Jul/2016:00:25:19 -0500] "GET /BLA/resoluciones/Notificaciones/REGISTROS%202015/2079.doc HTTP/1.1" 200 201728
186.154.39.2 - - [19/Jul/2016:00:25:20 -0500] "GET /BLA/resoluciones/Notificaciones/REGISTROS%202015/2079.doc HTTP/1.1" 200 201728
192.168.175.104 - - [19/Jul/2016:00:25:44 -0500] "GET / HTTP/1.1" 200 9990
186.154.39.2 - - [19/Jul/2016:00:25:49 -0500] "GET /BLA/resoluciones/Notificaciones/REGISTROS%202015/2079.doc HTTP/1.1" 206 1
186.154.39.2 - - [19/Jul/2016:00:25:49 -0500] "GET /BLA/resoluciones/Notificaciones/REGISTROS%202015/2079.doc HTTP/1.1" 206 200615
191.102.101.176 - - [19/Jul/2016:00:25:54 -0500] "GET /BLA/resoluciones/AUTOS%202014/1361.pdf HTTP/1.1" 200 509251
191.102.101.176 - - [19/Jul/2016:00:25:54 -0500] "GET /favicon.ico HTTP/1.1" 200 7782
191.102.101.176 - - [19/Jul/2016:00:25:55 -0500] "GET /BLA/resoluciones/AUTOS%202014/1361.pdf HTTP/1.1" 206 465723
66.249.64.165 - - [19/Jul/2016:00:26:20 -0500] "GET /BLA/resoluciones/AUTOS%202014/7293.pdf HTTP/1.1" 304 -
201.245.192.253 - - [19/Jul/2016:00:26:33 -0500] "POST /forms/lservlet;jsessionid=ac16012b30d6c16e5d35c21f4abaa16ff6b8db356bce.e3iSbxaKaheRe34Tax0PchuKax90n6jAmljGr5XDqQLvpAe HTTP/1.1" 200 2
66.249.64.165 - - [19/Jul/2016:00:27:24 -0500] "GET /BLA/resoluciones/AUTOS%202013/1636.pdf HTTP/1.1" 304 -
66.249.64.165 - - [19/Jul/2016:00:28:03 -0500] "GET /transparencia/directorioservidores/septiembre2015.xlsx HTTP/1.1" 304 -
66.249.64.165 - - [19/Jul/2016:00:28:29 -0500] "GET /BLA/resoluciones/RESOLUCIONES%202010/5762.pdf HTTP/1.1" 304 -
201.245.192.253 - - [19/Jul/2016:00:28:33 -0500] "POST /forms/lservlet;jsessionid=ac16012b30d6c16e5d35c21f4abaa16ff6b8db356bce.e3iSbxaKaheRe34Tax0PchuKax90n6jAmljGr5XDqQLvpAe HTTP/1.1" 200 2
161.18.49.122 - - [19/Jul/2016:00:28:38 -0500] "GET /galeria/galeria/jquery.fancybox.css?v=2.1.5 HTTP/1.1" 200 4895
161.18.49.122 - - [19/Jul/2016:00:28:38 -0500] "GET /BLA/boletinlegal/js/jquery.scrollShow.js HTTP/1.1" 200 4586
161.18.49.122 - - [19/Jul/2016:00:28:38 -0500] "GET /galeria/galeria/jquery.fancybox.js?v=2.1.5 HTTP/1.1" 200 48706
66.249.64.165 - - [19/Jul/2016:00:28:48 -0500] "GET /BLA/resoluciones/RESOLUCIONES%202010/7837.pdf HTTP/1.1" 304 -
161.18.49.122 - - [19/Jul/2016:00:28:49 -0500] "GET /BLA/boletinlegal/js/jquery.scrollShow.js HTTP/1.1" 304 -
161.18.49.122 - - [19/Jul/2016:00:28:49 -0500] "GET /galeria/galeria/jquery.fancybox.js?v=2.1.5 HTTP/1.1" 304 -
161.18.49.122 - - [19/Jul/2016:00:28:49 -0500] "GET /galeria/galeria/jquery.fancybox.css?v=2.1.5 HTTP/1.1" 304 -
66.249.64.165 - - [19/Jul/2016:00:28:54 -0500] "GET /BLA/resoluciones/AUTOS%202008/0729.pdf HTTP/1.1" 304 -
100.43.91.6 - - [19/Jul/2016:00:29:08 -0500] "GET /gfx/Thumbs.db HTTP/1.1" 404 1019
192.168.175.104 - - [19/Jul/2016:00:29:27 -0500] "GET / HTTP/1.0" 200 9990
69.162.124.232 - - [19/Jul/2016:00:29:35 -0500] "HEAD / HTTP/1.1" 200 -
192.168.175.104 - - [19/Jul/2016:00:29:37 -0500] "GET / HTTP/1.1" 200 9990
66.249.64.165 - - [19/Jul/2016:00:30:31 -0500] "GET /BLA/resoluciones/AUTOS%202014/6814.pdf HTTP/1.1" 304 -
201.245.192.253 - - [19/Jul/2016:00:30:34 -0500] "POST /forms/lservlet;jsessionid=ac16012b30d6c16e5d35c21f4abaa16ff6b8db356bce.e3iSbxaKaheRe34Tax0PchuKax90n6jAmljGr5XDqQLvpAe HTTP/1.1" 200 2
191.102.114.210 - - [19/Jul/2016:00:30:41 -0500] "GET /galeria/galeria/jquery.fancybox.css?v=2.1.5 HTTP/1.1" 200 4895
191.102.114.210 - - [19/Jul/2016:00:30:41 -0500] "GET /BLA/boletinlegal/js/jquery.scrollShow.js HTTP/1.1" 200 4586
191.102.114.210 - - [19/Jul/2016:00:30:41 -0500] "GET /galeria/galeria/jquery.fancybox.js?v=2.1.5 HTTP/1.1" 200 48706
192.168.175.104 - - [19/Jul/2016:00:30:42 -0500] "GET / HTTP/1.1" 200 9990
66.249.64.165 - - [19/Jul/2016:00:30:51 -0500] "GET /BLA/resoluciones/AUTOS%202012/0348.pdf HTTP/1.1" 304 -
191.102.114.210 - - [19/Jul/2016:00:30:59 -0500] "GET /BLA/boletinlegal/js/jquery.scrollShow.js HTTP/1.1" 304 -
191.102.114.210 - - [19/Jul/2016:00:30:59 -0500] "GET /galeria/galeria/jquery.fancybox.js?v=2.1.5 HTTP/1.1" 304 -
191.102.114.210 - - [19/Jul/2016:00:30:59 -0500] "GET /galeria/galeria/jquery.fancybox.css?v=2.1.5 HTTP/1.1" 304 -
100.43.91.6 - - [19/Jul/2016:00:31:13 -0500] "GET /even1/INDEX_files/filelist.xml HTTP/1.1" 404 1019
66.249.69.171 - - [19/Jul/2016:00:31:16 -0500] "GET /BLA/resoluciones/RESOLUCIONES%202011/5532.pdf HTTP/1.1" 304 -
66.249.64.165 - - [19/Jul/2016:00:31:42 -0500] "GET /BLA/resoluciones/AUTOS%202015/0244.pdf HTTP/1.1" 304 -
66.249.64.165 - - [19/Jul/2016:00:31:55 -0500] "GET /BLA/resoluciones/RESOLUCIONES%202011/1013.pdf HTTP/1.1" 304 -
66.249.64.165 - - [19/Jul/2016:00:32:14 -0500] "GET /BLA/resoluciones/AUTOS%202013/1646.pdf HTTP/1.1" 304 -
201.245.192.253 - - [19/Jul/2016:00:32:34 -0500] "POST /forms/lservlet;jsessionid=ac16012b30d6c16e5d35c21f4abaa16ff6b8db356bce.e3iSbxaKaheRe34Tax0PchuKax90n6jAmljGr5XDqQLvpAe HTTP/1.1" 200 2
66.249.69.168 - - [19/Jul/2016:00:33:51 -0500] "GET /BLA/resoluciones/AUTOS%202013/0944.pdf HTTP/1.1" 304 -
66.249.64.165 - - [19/Jul/2016:00:34:04 -0500] "GET /BLA/resoluciones/RESOLUCIONES%202012/0958.pdf HTTP/1.1" 304 -
192.168.175.104 - - [19/Jul/2016:00:34:25 -0500] "GET / HTTP/1.0" 200 9990
201.245.192.253 - - [19/Jul/2016:00:34:34 -0500] "POST /forms/lservlet;jsessionid=ac16012b30d6c16e5d35c21f4abaa16ff6b8db356bce.e3iSbxaKaheRe34Tax0PchuKax90n6jAmljGr5XDqQLvpAe HTTP/1.1" 200 2
192.168.175.104 - - [19/Jul/2016:00:34:35 -0500] "GET / HTTP/1.1" 200 9990
69.162.124.232 - - [19/Jul/2016:00:34:35 -0500] "HEAD / HTTP/1.1" 200 -
164.132.161.60 - - [19/Jul/2016:00:34:40 -0500] "GET /BLA/resoluciones/RESOLUCIONES%202002/RES%202002%2051-100/2002RES85.tif HTTP/1.1" 200 50220
190.250.53.159 - - [19/Jul/2016:00:34:51 -0500] "GET /galeria/galeria/jquery.fancybox.css?v=2.1.5 HTTP/1.1" 200 4895
190.250.53.159 - - [19/Jul/2016:00:34:51 -0500] "GET /BLA/boletinlegal/js/jquery.scrollShow.js HTTP/1.1" 200 4586
190.250.53.159 - - [19/Jul/2016:00:34:51 -0500] "GET /galeria/galeria/jquery.fancybox.js?v=2.1.5 HTTP/1.1" 200 48706
180.76.15.142 - - [19/Jul/2016:00:34:53 -0500] "GET / HTTP/1.1" 200 9990
66.249.64.165 - - [19/Jul/2016:00:34:55 -0500] "GET /BLA/resoluciones/RESOLUCIONES%202013/0824.pdf HTTP/1.1" 304 -
190.250.53.159 - - [19/Jul/2016:00:35:12 -0500] "GET /galeria/galeria/jquery.fancybox.css?v=2.1.5 HTTP/1.1" 304 -
190.250.53.159 - - [19/Jul/2016:00:35:12 -0500] "GET /BLA/boletinlegal/js/jquery.scrollShow.js HTTP/1.1" 304 -
190.250.53.159 - - [19/Jul/2016:00:35:12 -0500] "GET /galeria/galeria/jquery.fancybox.js?v=2.1.5 HTTP/1.1" 304 -
192.168.175.104 - - [19/Jul/2016:00:35:41 -0500] "GET / HTTP/1.1" 200 9990
180.76.15.161 - - [19/Jul/2016:00:35:46 -0500] "GET / HTTP/1.1" 200 9990
66.249.64.165 - - [19/Jul/2016:00:36:06 -0500] "GET /BLA/resoluciones/AUTOS%202013/1178.pdf HTTP/1.1" 304 -
51.255.65.6 - - [19/Jul/2016:00:36:07 -0500] "GET /BLA/resoluciones/RESOLUCIONES%202006/RES%202006%20%202901-2950/00002924.tif HTTP/1.1" 200 124766
66.249.64.165 - - [19/Jul/2016:00:36:19 -0500] "GET /BLA/resoluciones/AUTOS%202014/7387.pdf HTTP/1.1" 304 -
201.245.192.253 - - [19/Jul/2016:00:36:34 -0500] "POST /forms/lservlet;jsessionid=ac16012b30d6c16e5d35c21f4abaa16ff6b8db356bce.e3iSbxaKaheRe34Tax0PchuKax90n6jAmljGr5XDqQLvpAe HTTP/1.1" 200 2
66.249.64.165 - - [19/Jul/2016:00:36:38 -0500] "GET /BLA/resoluciones/AUTOS%202015/2099.pdf HTTP/1.1" 304 -
66.249.64.165 - - [19/Jul/2016:00:36:45 -0500] "GET /BLA/resoluciones/RESOLUCIONES%202011/5156.pdf HTTP/1.1" 304 -
36.85.237.38 - - [19/Jul/2016:00:37:03 -0500] "GET /wp-login.php HTTP/1.1" 404 1018
164.132.161.85 - - [19/Jul/2016:00:37:14 -0500] "GET /BLA/resoluciones/RESOLUCIONES%202005/RES%202005%201851-1900/00001875.tif HTTP/1.1" 200 194614
66.249.64.165 - - [19/Jul/2016:00:37:23 -0500] "GET /BLA/resoluciones/Notificaciones/AUTOS%202015/2989.doc HTTP/1.1" 304 -
66.249.64.165 - - [19/Jul/2016:00:37:30 -0500] "GET /BLA/resoluciones/RESOLUCIONES%202007/RES%202007%201601%20AL%201725/RESOLUCION%201607%20DE%202007.pdf HTTP/1.1" 304 -
66.249.64.165 - - [19/Jul/2016:00:37:49 -0500] "GET /BLA/resoluciones/AUTOS%202015/0262.pdf HTTP/1.1" 304 -
51.255.65.18 - - [19/Jul/2016:00:37:55 -0500] "GET /BLA/resoluciones/RESOLUCIONES%202003/ANEXOS%20RES%202048/00000010.tif HTTP/1.1" 200 262844
201.245.192.253 - - [19/Jul/2016:00:38:35 -0500] "POST /forms/lservlet;jsessionid=ac16012b30d6c16e5d35c21f4abaa16ff6b8db356bce.e3iSbxaKaheRe34Tax0PchuKax90n6jAmljGr5XDqQLvpAe HTTP/1.1" 200 2
192.168.175.104 - - [19/Jul/2016:00:39:22 -0500] "GET / HTTP/1.0" 200 9990
192.168.175.104 - - [19/Jul/2016:00:39:33 -0500] "GET / HTTP/1.1" 200 9990
69.162.124.232 - - [19/Jul/2016:00:39:35 -0500] "HEAD / HTTP/1.1" 200 -
66.249.69.171 - - [19/Jul/2016:00:39:54 -0500] "GET /BLA/resoluciones/RESOLUCIONES%202007/RES%202007%203601%20AL%203700/RESOLUCION%203673%20%20DE%202007.pdf HTTP/1.1" 304 -
66.249.64.165 - - [19/Jul/2016:00:40:11 -0500] "GET /autoliquidacion/TR%C3%81MITES%20VERTIMIENTOS/PERMISOS%20DE%20VERTIMIENTOS/ANEXO%203.%20LISTA%20DE%20CHEQUEO%20PERMISO%20VERT.%20ALCANTARILLADO.pdf HTTP/1.1" 304 -
66.249.64.165 - - [19/Jul/2016:00:40:30 -0500] "GET /BLA/resoluciones/AUTOS%202008/1389.pdf HTTP/1.1" 304 -
201.245.192.253 - - [19/Jul/2016:00:40:35 -0500] "POST /forms/lservlet;jsessionid=ac16012b30d6c16e5d35c21f4abaa16ff6b8db356bce.e3iSbxaKaheRe34Tax0PchuKax90n6jAmljGr5XDqQLvpAe HTTP/1.1" 200 2
66.249.64.165 - - [19/Jul/2016:00:40:37 -0500] "GET /BLA/resoluciones/AUTOS%202014/4090.pdf HTTP/1.1" 304 -
192.168.175.104 - - [19/Jul/2016:00:40:39 -0500] "GET / HTTP/1.1" 200 9990
66.249.64.165 - - [19/Jul/2016:00:40:56 -0500] "GET /BLA/resoluciones/RESOLUCIONES%202011/5892.pdf HTTP/1.1" 304 -
66.249.64.165 - - [19/Jul/2016:00:41:02 -0500] "GET /BLA/resoluciones/AUTOS%202013/0141.pdf HTTP/1.1" 304 -
66.249.64.165 - - [19/Jul/2016:00:41:15 -0500] "GET /BLA/resoluciones/AUTOS%202014/1232.pdf HTTP/1.1" 304 -
66.249.64.165 - - [19/Jul/2016:00:41:22 -0500] "GET /BLA/resoluciones/RESOLUCIONES%202009/0419.pdf HTTP/1.1" 304 -
66.249.64.165 - - [19/Jul/2016:00:42:27 -0500] "GET /BLA/resoluciones/AUTOS%202007/0299.pdf HTTP/1.1" 200 120371
201.245.192.253 - - [19/Jul/2016:00:42:35 -0500] "POST /forms/lservlet;jsessionid=ac16012b30d6c16e5d35c21f4abaa16ff6b8db356bce.e3iSbxaKaheRe34Tax0PchuKax90n6jAmljGr5XDqQLvpAe HTTP/1.1" 200 2
66.249.64.190 - - [19/Jul/2016:00:43:47 -0500] "GET /.well-known/apple-app-site-association HTTP/1.1" 404 1018
