190.242.83.88 - - [21/Jul/2016:06:41:50 -0500] "GET /BLA/boletinlegal/js/jquery.scrollShow.js HTTP/1.1" 304 -
190.242.83.88 - - [21/Jul/2016:06:41:50 -0500] "GET /galeria/galeria/jquery.fancybox.js?v=2.1.5 HTTP/1.1" 304 -
190.242.83.88 - - [21/Jul/2016:06:41:50 -0500] "GET /galeria/galeria/jquery.fancybox.css?v=2.1.5 HTTP/1.1" 304 -
104.154.123.111 - - [21/Jul/2016:06:41:55 -0500] "GET /BLA/resoluciones/AUTOS%202008/1917.pdf HTTP/1.1" 200 76467
66.249.64.165 - - [21/Jul/2016:06:42:01 -0500] "GET /BLA/resoluciones/AUTOS%202012/0096.pdf HTTP/1.1" 304 -
181.142.146.101 - - [21/Jul/2016:06:42:08 -0500] "POST /forms/lservlet;jsessionid=ac16012b30d6e17fe838984d4f239499e779764a5139.e3iSbxaKaheRe34Tax0PchuKax90n6jAmljGr5XDqQLvpAe HTTP/1.1" 200 2
66.249.64.165 - - [21/Jul/2016:06:42:08 -0500] "GET /BLA/resoluciones/RESOLUCIONES%202011/2691.pdf HTTP/1.1" 200 623738
207.248.55.182 - - [21/Jul/2016:06:42:13 -0500] "GET /galeria/nivo-slider/demo/images/BANNERCONFORMACIONGESTIONAMBIENTAL.jpg HTTP/1.1" 304 -
66.249.69.171 - - [21/Jul/2016:06:42:16 -0500] "GET /BLA/resoluciones/AUTOS%202013/0953.pdf HTTP/1.1" 304 -
104.154.123.95 - - [21/Jul/2016:06:42:19 -0500] "GET /BLA/resoluciones/AUTOS%202012/1963.pdf HTTP/1.1" 200 315858
66.249.64.165 - - [21/Jul/2016:06:42:25 -0500] "GET /BLA/resoluciones/RESOLUCIONES%202008/5530.pdf HTTP/1.1" 200 357441
66.249.64.165 - - [21/Jul/2016:06:42:45 -0500] "GET /BLA/resoluciones/RESOLUCIONES%202008/0506.pdf HTTP/1.1" 200 224306
192.168.175.104 - - [21/Jul/2016:06:42:45 -0500] "GET / HTTP/1.1" 200 9990
104.154.123.80 - - [21/Jul/2016:06:42:50 -0500] "GET /BLA/resoluciones/AUTOS%202010/6419.pdf HTTP/1.1" 200 916168
104.154.123.117 - - [21/Jul/2016:06:42:51 -0500] "GET /BLA/resoluciones/AUTOS%202013/0416.pdf HTTP/1.1" 200 4002158
66.249.64.165 - - [21/Jul/2016:06:42:55 -0500] "GET /BLA/resoluciones/RESOLUCIONES%202007/RES%202007%201801%20AL%201900/RESOLUCION%201855%20DE%202007.pdf HTTP/1.1" 304 -
66.249.64.165 - - [21/Jul/2016:06:43:04 -0500] "GET /BLA/resoluciones/RESOLUCIONES%202008/2533.pdf HTTP/1.1" 200 279777
104.154.123.30 - - [21/Jul/2016:06:43:07 -0500] "GET /BLA/resoluciones/RESOLUCIONES%202009/8875.pdf HTTP/1.1" 200 345260
104.154.123.155 - - [21/Jul/2016:06:43:13 -0500] "GET /BLA/resoluciones/AUTOS%202007/2377.pdf HTTP/1.1" 200 78966
104.154.123.14 - - [21/Jul/2016:06:43:14 -0500] "GET /BLA/resoluciones/AUTOS%202013/1124.pdf HTTP/1.1" 200 1012585
104.154.123.54 - - [21/Jul/2016:06:43:16 -0500] "GET /BLA/resoluciones/RESOLUCIONES%202012/0911.pdf HTTP/1.1" 200 684237
104.154.123.116 - - [21/Jul/2016:06:43:21 -0500] "GET /BLA/resoluciones/RESOLUCIONES%202009/3702.pdf HTTP/1.1" 200 53476
104.154.123.18 - - [21/Jul/2016:06:43:23 -0500] "GET /BLA/resoluciones/RESOLUCIONES%202007/RES%202007%201401%20AL%201500/RESOLUCION%201417%20DE%202007.pdf HTTP/1.1" 200 212610
66.249.64.165 - - [21/Jul/2016:06:43:24 -0500] "GET /BLA/resoluciones/RESOLUCIONES%202010/1095.pdf HTTP/1.1" 200 98647
69.162.124.232 - - [21/Jul/2016:06:43:36 -0500] "HEAD / HTTP/1.1" 200 -
104.154.123.30 - - [21/Jul/2016:06:43:36 -0500] "GET /BLA/resoluciones/RESOLUCIONES%202009/0068.pdf HTTP/1.1" 200 251189
201.245.192.253 - - [21/Jul/2016:06:43:38 -0500] "POST /forms/lservlet;jsessionid=ac16012b30d6d7b74e4907534e0daea4f6386b2417c2.e3iSbxaKaheRe34Tax0PchuKax90n6jAmljGr5XDqQLvpAe HTTP/1.1" 200 2
104.154.123.49 - - [21/Jul/2016:06:43:40 -0500] "GET /BLA/resoluciones/RESOLUCIONES%202009/1737.pdf HTTP/1.1" 200 338408
66.249.64.165 - - [21/Jul/2016:06:43:41 -0500] "GET /BLA/resoluciones/RESOLUCIONES%202012/1104.pdf HTTP/1.1" 304 -
104.154.123.151 - - [21/Jul/2016:06:43:43 -0500] "GET /BLA/resoluciones/RESOLUCIONES%202010/2157.pdf HTTP/1.1" 200 485403
66.249.64.165 - - [21/Jul/2016:06:43:44 -0500] "GET /BLA/resoluciones/AUTOS%202011/5104.pdf HTTP/1.1" 200 222459
104.154.123.94 - - [21/Jul/2016:06:43:49 -0500] "GET /BLA/resoluciones/RESOLUCIONES%202007/RES%202007%204001%20AL%204100/RESOLUCION%204047%20DE%202007.pdf HTTP/1.1" 200 839491
186.80.46.239 - - [21/Jul/2016:06:44:01 -0500] "GET /galeria/galeria/fotos/Soratama1G.jpg HTTP/1.1" 200 127762
104.154.123.49 - - [21/Jul/2016:06:44:01 -0500] "GET /BLA/resoluciones/RESOLUCIONES%202007/RES%202007%201901%20AL%202000/RESOLUCION%201948%20DE%202007.pdf HTTP/1.1" 200 810567
104.154.123.29 - - [21/Jul/2016:06:44:04 -0500] "GET /BLA/resoluciones/AUTOS%202007/3844.pdf HTTP/1.1" 200 65241
66.249.64.165 - - [21/Jul/2016:06:44:04 -0500] "GET /BLA/resoluciones/RESOLUCIONES%202007/RES%202007%202001%20AL%202100/RESOLUCION%202010%20DE%202007.pdf HTTP/1.1" 200 547805
104.154.123.37 - - [21/Jul/2016:06:44:05 -0500] "GET /BLA/resoluciones/RESOLUCIONES%202007/RES%202007%202301%20AL%202400/RESOLUCION%202344%20DE%202007.pdf HTTP/1.1" 200 239096
66.249.69.165 - - [21/Jul/2016:06:44:06 -0500] "GET /BLA/resoluciones/AUTOS%202011/1721.pdf HTTP/1.1" 200 183757
104.154.123.79 - - [21/Jul/2016:06:44:06 -0500] "GET /BLA/resoluciones/RESOLUCIONES%202007/RES%202007%201101%20AL%201200/RESOLUCION%201115%20DE%202007.pdf HTTP/1.1" 200 133294
181.142.146.101 - - [21/Jul/2016:06:44:08 -0500] "POST /forms/lservlet;jsessionid=ac16012b30d6e17fe838984d4f239499e779764a5139.e3iSbxaKaheRe34Tax0PchuKax90n6jAmljGr5XDqQLvpAe HTTP/1.1" 200 2
66.249.64.165 - - [21/Jul/2016:06:44:24 -0500] "GET /BLA/resoluciones/RESOLUCIONES%202009/8080.pdf HTTP/1.1" 200 671184
66.249.64.165 - - [21/Jul/2016:06:44:35 -0500] "GET /BLA/resoluciones/RESOLUCIONES%202007/RES%202007%202201%20AL%202300/RESOLUCION%202293%20DE%202007.pdf HTTP/1.1" 304 -
186.80.46.239 - - [21/Jul/2016:06:44:36 -0500] "GET /galeria/galeria/fotos/Soratama2G.jpg HTTP/1.1" 200 167638
104.154.123.78 - - [21/Jul/2016:06:44:43 -0500] "GET /BLA/resoluciones/AUTOS%202014/2210.pdf HTTP/1.1" 200 757151
66.249.64.165 - - [21/Jul/2016:06:44:44 -0500] "GET /BLA/resoluciones/RESOLUCIONES%202009/0263.pdf HTTP/1.1" 200 174212
181.129.79.153 - - [21/Jul/2016:06:44:46 -0500] "GET /videos/CRRFFS.mp4 HTTP/1.1" 200 286784363
66.249.64.165 - - [21/Jul/2016:06:45:04 -0500] "GET /BLA/resoluciones/RESOLUCIONES%202009/0319.pdf HTTP/1.1" 200 254159
181.129.79.153 - - [21/Jul/2016:06:45:04 -0500] "GET /videos/CRRFFS.mp4 HTTP/1.1" 206 1
66.249.64.165 - - [21/Jul/2016:06:45:15 -0500] "GET /BLA/resoluciones/RESOLUCIONES%202007/RES%202007%20401%20AL%20500/RESOLUCION%200461%20DE%202007.pdf HTTP/1.1" 304 -
104.154.123.180 - - [21/Jul/2016:06:45:18 -0500] "GET /BLA/resoluciones/AUTOS%202010/3478.pdf HTTP/1.1" 200 400025
66.249.64.165 - - [21/Jul/2016:06:45:22 -0500] "GET /BLA/resoluciones/RESOLUCIONES%202014/0933.pdf HTTP/1.1" 304 -
66.249.64.165 - - [21/Jul/2016:06:45:23 -0500] "GET /BLA/resoluciones/RESOLUCIONES%202010/4739.pdf HTTP/1.1" 200 563341
104.154.123.95 - - [21/Jul/2016:06:45:33 -0500] "GET /BLA/resoluciones/AUTOS%202014/3439.pdf HTTP/1.1" 200 517791
104.154.123.188 - - [21/Jul/2016:06:45:33 -0500] "GET /BLA/resoluciones/AUTOS%202015/4646.pdf HTTP/1.1" 200 720785
104.154.123.124 - - [21/Jul/2016:06:45:35 -0500] "GET /BLA/resoluciones/RESOLUCIONES%202007/RES%202007%201501%20AL%201600/RESOLUCION%201562%20DE%202007.pdf HTTP/1.1" 200 221241
190.184.144.110 - - [21/Jul/2016:06:45:36 -0500] "GET /galeria/galeria/jquery.fancybox.css?v=2.1.5 HTTP/1.1" 200 4895
190.184.144.110 - - [21/Jul/2016:06:45:36 -0500] "GET /BLA/boletinlegal/js/jquery.scrollShow.js HTTP/1.1" 200 4586
190.184.144.110 - - [21/Jul/2016:06:45:36 -0500] "GET /galeria/galeria/jquery.fancybox.js?v=2.1.5 HTTP/1.1" 200 48706
201.245.192.253 - - [21/Jul/2016:06:45:39 -0500] "POST /forms/lservlet;jsessionid=ac16012b30d6d7b74e4907534e0daea4f6386b2417c2.e3iSbxaKaheRe34Tax0PchuKax90n6jAmljGr5XDqQLvpAe HTTP/1.1" 200 2
66.249.64.165 - - [21/Jul/2016:06:45:43 -0500] "GET /BLA/resoluciones/RESOLUCIONES%202009/5787.pdf HTTP/1.1" 200 1105651
181.129.79.153 - - [21/Jul/2016:06:45:05 -0500] "GET /videos/CRRFFS.mp4 HTTP/1.1" 206 284889731
104.154.123.115 - - [21/Jul/2016:06:45:46 -0500] "GET /BLA/resoluciones/RESOLUCIONES%202010/1405.pdf HTTP/1.1" 200 413534
104.154.123.22 - - [21/Jul/2016:06:45:48 -0500] "GET /BLA/resoluciones/RESOLUCIONES%202010/0306.pdf HTTP/1.1" 200 541759
66.249.64.165 - - [21/Jul/2016:06:45:48 -0500] "GET /BLA/resoluciones/RESOLUCIONES%202014/0985.pdf HTTP/1.1" 304 -
104.154.123.19 - - [21/Jul/2016:06:45:50 -0500] "GET /BLA/resoluciones/AUTOS%202011/1637.pdf HTTP/1.1" 200 138106
104.154.123.19 - - [21/Jul/2016:06:45:53 -0500] "GET /BLA/resoluciones/RESOLUCIONES%202007/RES%202007%20201%20AL%20300/RESOLUCION%200202%20DE%202007.pdf HTTP/1.1" 200 380933
190.184.144.110 - - [21/Jul/2016:06:45:43 -0500] "GET /videos/CRRFFS.mp4 HTTP/1.1" 200 286784363
190.184.144.110 - - [21/Jul/2016:06:45:59 -0500] "GET /galeria/galeria/jquery.fancybox.css?v=2.1.5 HTTP/1.1" 304 -
190.184.144.110 - - [21/Jul/2016:06:45:59 -0500] "GET /BLA/boletinlegal/js/jquery.scrollShow.js HTTP/1.1" 304 -
190.184.144.110 - - [21/Jul/2016:06:45:59 -0500] "GET /galeria/galeria/jquery.fancybox.js?v=2.1.5 HTTP/1.1" 304 -
66.249.64.165 - - [21/Jul/2016:06:46:03 -0500] "GET /BLA/resoluciones/RESOLUCIONES%202010/0284.pdf HTTP/1.1" 200 537729
181.142.146.101 - - [21/Jul/2016:06:46:08 -0500] "POST /forms/lservlet;jsessionid=ac16012b30d6e17fe838984d4f239499e779764a5139.e3iSbxaKaheRe34Tax0PchuKax90n6jAmljGr5XDqQLvpAe HTTP/1.1" 200 2
66.249.64.165 - - [21/Jul/2016:06:46:08 -0500] "GET /BLA/resoluciones/RESOLUCIONES%202012/0834.pdf HTTP/1.1" 304 -
104.154.123.151 - - [21/Jul/2016:06:46:12 -0500] "GET /BLA/resoluciones/RESOLUCIONES%202009/7244.pdf HTTP/1.1" 200 102518
104.154.123.63 - - [21/Jul/2016:06:46:21 -0500] "GET /BLA/resoluciones/AUTOS%202015/4958.pdf HTTP/1.1" 200 574073
104.154.123.10 - - [21/Jul/2016:06:46:22 -0500] "GET /BLA/resoluciones/RESOLUCIONES%202008/1707.pdf HTTP/1.1" 200 258205
66.249.64.165 - - [21/Jul/2016:06:46:23 -0500] "GET /BLA/resoluciones/AUTOS%202010/0618.pdf HTTP/1.1" 200 179294
181.134.130.248 - - [21/Jul/2016:06:46:25 -0500] "GET /BLA/boletinlegal/js/jquery.scrollShow.js HTTP/1.1" 200 4586
181.134.130.248 - - [21/Jul/2016:06:46:25 -0500] "GET /galeria/galeria/jquery.fancybox.js?v=2.1.5 HTTP/1.1" 200 48706
181.134.130.248 - - [21/Jul/2016:06:46:25 -0500] "GET /galeria/galeria/jquery.fancybox.css?v=2.1.5 HTTP/1.1" 200 4895
181.134.130.248 - - [21/Jul/2016:06:46:25 -0500] "GET /galeria/carrusel/Carrusel/jquery.thumbnailScroller.css HTTP/1.1" 200 2066
181.134.130.248 - - [21/Jul/2016:06:46:25 -0500] "GET /galeria/carrusel/Carrusel/jquery-ui-1.8.13.custom.min.js HTTP/1.1" 200 10800
181.134.130.248 - - [21/Jul/2016:06:46:25 -0500] "GET /galeria/carrusel/Carrusel/jquery.thumbnailScroller.js HTTP/1.1" 200 8157
192.168.175.104 - - [21/Jul/2016:06:46:31 -0500] "GET / HTTP/1.1" 200 9990
192.168.175.104 - - [21/Jul/2016:06:46:33 -0500] "GET / HTTP/1.0" 200 9990
181.134.130.248 - - [21/Jul/2016:06:46:33 -0500] "GET /galeria/nivo-slider/demo/demo.html HTTP/1.1" 200 4730
66.249.64.165 - - [21/Jul/2016:06:46:35 -0500] "GET /BLA/resoluciones/RESOLUCIONES%202010/2280.pdf HTTP/1.1" 304 -
104.154.123.138 - - [21/Jul/2016:06:46:35 -0500] "GET /BLA/resoluciones/RESOLUCIONES%202009/2087.pdf HTTP/1.1" 200 471144
104.154.123.32 - - [21/Jul/2016:06:46:37 -0500] "GET /BLA/resoluciones/RESOLUCIONES%202014/2219.pdf HTTP/1.1" 200 2369680
181.134.130.248 - - [21/Jul/2016:06:46:42 -0500] "GET /galeria/nivo-slider/themes/default/default.css HTTP/1.1" 200 1569
66.249.64.165 - - [21/Jul/2016:06:46:42 -0500] "GET /BLA/resoluciones/RESOLUCIONES%202013/2596.pdf HTTP/1.1" 304 -
181.134.130.248 - - [21/Jul/2016:06:46:42 -0500] "GET /galeria/nivo-slider/themes/pascal/pascal.css HTTP/1.1" 200 2258
181.134.130.248 - - [21/Jul/2016:06:46:42 -0500] "GET /galeria/nivo-slider/themes/orman/orman.css HTTP/1.1" 200 2152
181.134.130.248 - - [21/Jul/2016:06:46:42 -0500] "GET /galeria/nivo-slider/nivo-slider.css HTTP/1.1" 200 1507
181.134.130.248 - - [21/Jul/2016:06:46:42 -0500] "GET /galeria/nivo-slider/demo/style.css HTTP/1.1" 200 2222
181.134.130.248 - - [21/Jul/2016:06:46:42 -0500] "GET /galeria/nivo-slider/demo/scripts/jquery-1.7.1.min.js HTTP/1.1" 200 93868
181.134.130.248 - - [21/Jul/2016:06:46:42 -0500] "GET /galeria/nivo-slider/jquery.nivo.slider.pack.js HTTP/1.1" 200 11561
181.134.130.248 - - [21/Jul/2016:06:46:42 -0500] "GET /galeria/nivo-slider/demo/images/SUPERCADECRA30.jpg HTTP/1.1" 200 127549
181.134.130.248 - - [21/Jul/2016:06:46:42 -0500] "GET /galeria/nivo-slider/demo/images/SUPERCADESUBA.jpg HTTP/1.1" 200 127509
181.134.130.248 - - [21/Jul/2016:06:46:42 -0500] "GET /galeria/nivo-slider/demo/images/convocatoriasecretaria.jpg HTTP/1.1" 200 129365
181.134.130.248 - - [21/Jul/2016:06:46:42 -0500] "GET /galeria/nivo-slider/demo/images/BANNERVISORGEOGRAFICO.jpg HTTP/1.1" 200 78514
181.134.130.248 - - [21/Jul/2016:06:46:43 -0500] "GET /galeria/nivo-slider/demo/images/BANNERCONFORMACIONGESTIONAMBIENTAL.jpg HTTP/1.1" 200 161009
181.134.130.248 - - [21/Jul/2016:06:46:45 -0500] "GET /galeria/nivo-slider/demo/images/vegetal.jpg HTTP/1.1" 200 216080
181.134.130.248 - - [21/Jul/2016:06:46:47 -0500] "GET /galeria/nivo-slider/demo/images/bannergenCAPACITACIONES-01.jpg HTTP/1.1" 200 153433
181.134.130.248 - - [21/Jul/2016:06:46:48 -0500] "GET /galeria/nivo-slider/demo/images/BANNERMADERALEGAL.jpg HTTP/1.1" 200 165750
181.134.130.248 - - [21/Jul/2016:06:46:48 -0500] "GET /galeria/nivo-slider/demo/images/Banner_wgic.jpg HTTP/1.1" 200 139000
66.249.64.165 - - [21/Jul/2016:06:46:49 -0500] "GET /BLA/resoluciones/RESOLUCIONES%202013/0125.pdf HTTP/1.1" 304 -
181.134.130.248 - - [21/Jul/2016:06:46:49 -0500] "GET /galeria/nivo-slider/demo/images/ABC-Plan-de-contigencia.jpg HTTP/1.1" 200 423901
181.134.130.248 - - [21/Jul/2016:06:46:49 -0500] "GET /galeria/nivo-slider/demo/images/ACOPIADORESYGESTORES.jpg HTTP/1.1" 200 118791
181.134.130.248 - - [21/Jul/2016:06:46:50 -0500] "GET /galeria/nivo-slider/demo/images/caminata-ecologica.jpg HTTP/1.1" 200 192926
181.134.130.248 - - [21/Jul/2016:06:46:50 -0500] "GET /galeria/nivo-slider/demo/images/Cmapana-onestidad.jpg HTTP/1.1" 200 141638
181.134.130.248 - - [21/Jul/2016:06:46:50 -0500] "GET /galeria/nivo-slider/demo/images/banner-llantas2.jpg HTTP/1.1" 200 234514
181.134.130.248 - - [21/Jul/2016:06:46:51 -0500] "GET /galeria/nivo-slider/demo/images/9Signos.jpg HTTP/1.1" 200 81776
181.134.130.248 - - [21/Jul/2016:06:46:52 -0500] "GET /galeria/nivo-slider/demo/images/Ruta-vertimientos-01.jpg HTTP/1.1" 200 130151
181.134.130.248 - - [21/Jul/2016:06:46:52 -0500] "GET /galeria/nivo-slider/demo/images/bolsas-06.jpg HTTP/1.1" 200 210950
181.249.7.60 - - [21/Jul/2016:06:46:53 -0500] "GET /BLA/resoluciones/RESOLUCIONES%202014/2495.pdf HTTP/1.1" 200 3094773
104.154.123.135 - - [21/Jul/2016:06:47:03 -0500] "GET /BLA/resoluciones/AUTOS%202011/0283.pdf HTTP/1.1" 200 168417
66.249.64.165 - - [21/Jul/2016:06:47:03 -0500] "GET /BLA/resoluciones/AUTOS%202011/4965.pdf HTTP/1.1" 200 219879
181.134.130.248 - - [21/Jul/2016:06:47:10 -0500] "GET /galeria/nivo-slider/demo/images/4Simple_Slider.png HTTP/1.1" 200 11722
181.134.130.248 - - [21/Jul/2016:06:47:10 -0500] "GET /galeria/nivo-slider/themes/default/loading.gif HTTP/1.1" 200 1737
181.134.130.248 - - [21/Jul/2016:06:47:14 -0500] "GET /galeria/nivo-slider/themes/default/arrows.png HTTP/1.1" 200 824
181.134.130.248 - - [21/Jul/2016:06:47:14 -0500] "GET /galeria/nivo-slider/themes/default/bullets.png HTTP/1.1" 200 1281
104.154.123.92 - - [21/Jul/2016:06:47:21 -0500] "GET /BLA/resoluciones/AUTOS%202015/1284.pdf HTTP/1.1" 200 596961
66.249.64.165 - - [21/Jul/2016:06:47:23 -0500] "GET /BLA/resoluciones/AUTOS%202007/0509.pdf HTTP/1.1" 200 320772
104.154.123.163 - - [21/Jul/2016:06:47:29 -0500] "GET /BLA/resoluciones/RESOLUCIONES%202008/0809.pdf HTTP/1.1" 200 190837
66.249.64.165 - - [21/Jul/2016:06:47:35 -0500] "GET /BLA/resoluciones/RESOLUCIONES%202010/6000.pdf HTTP/1.1" 304 -
201.245.192.253 - - [21/Jul/2016:06:47:39 -0500] "POST /forms/lservlet;jsessionid=ac16012b30d6d7b74e4907534e0daea4f6386b2417c2.e3iSbxaKaheRe34Tax0PchuKax90n6jAmljGr5XDqQLvpAe HTTP/1.1" 200 2
104.154.123.125 - - [21/Jul/2016:06:47:43 -0500] "GET /BLA/resoluciones/AUTOS%202009/1906.pdf HTTP/1.1" 200 81894
192.168.175.104 - - [21/Jul/2016:06:47:43 -0500] "GET / HTTP/1.1" 200 9990
66.249.69.171 - - [21/Jul/2016:06:48:05 -0500] "GET /BLA/resoluciones/RESOLUCIONES%202007/RES%202007%201101%20AL%201200/RESOLUCION%201136%20DE%202007.pdf HTTP/1.1" 200 677138
104.154.123.130 - - [21/Jul/2016:06:48:07 -0500] "GET /BLA/resoluciones/RESOLUCIONES%202008/3950.pdf HTTP/1.1" 200 679181
181.142.146.101 - - [21/Jul/2016:06:48:08 -0500] "POST /forms/lservlet;jsessionid=ac16012b30d6e17fe838984d4f239499e779764a5139.e3iSbxaKaheRe34Tax0PchuKax90n6jAmljGr5XDqQLvpAe HTTP/1.1" 200 2
66.249.64.165 - - [21/Jul/2016:06:48:18 -0500] "GET /BLA/resoluciones/RESOLUCIONES%202009/0181.pdf HTTP/1.1" 200 268578
66.249.64.165 - - [21/Jul/2016:06:48:19 -0500] "GET /BLA/resoluciones/AUTOS%202011/7437.pdf HTTP/1.1" 200 165646
66.249.64.165 - - [21/Jul/2016:06:48:20 -0500] "GET /BLA/resoluciones/AUTOS%202014/5661.pdf HTTP/1.1" 304 -
104.154.123.67 - - [21/Jul/2016:06:48:23 -0500] "GET /BLA/resoluciones/RESOLUCIONES%202009/2065.pdf HTTP/1.1" 200 544689
66.249.64.165 - - [21/Jul/2016:06:48:23 -0500] "GET /BLA/resoluciones/RESOLUCIONES%202007/RES%202007%204201%20AL%204300/RESOLUCION%204230%20DE%202007.pdf HTTP/1.1" 200 97245
104.154.123.15 - - [21/Jul/2016:06:48:23 -0500] "GET /BLA/resoluciones/AUTOS%202015/2465.pdf HTTP/1.1" 200 558030
66.249.64.165 - - [21/Jul/2016:06:48:24 -0500] "GET /BLA/resoluciones/RESOLUCIONES%202009/8562.pdf HTTP/1.1" 304 -
104.154.123.1 - - [21/Jul/2016:06:48:35 -0500] "GET /BLA/resoluciones/RESOLUCIONES%202007/RES%202007%204101%20AL%204200/RESOLUCION%204110%20%20DE%202007.pdf HTTP/1.1" 200 550863
69.162.124.232 - - [21/Jul/2016:06:48:36 -0500] "HEAD / HTTP/1.1" 200 -
104.154.123.18 - - [21/Jul/2016:06:48:37 -0500] "GET /BLA/resoluciones/AUTOS%202008/0871.pdf HTTP/1.1" 200 205697
104.154.123.50 - - [21/Jul/2016:06:48:38 -0500] "GET /ecodirectorio/files/res/downloads/download_0010.pdf HTTP/1.1" 200 326924
104.154.123.192 - - [21/Jul/2016:06:48:40 -0500] "GET /BLA/resoluciones/RESOLUCIONES%202008/2385.pdf HTTP/1.1" 200 340259
104.154.123.157 - - [21/Jul/2016:06:48:41 -0500] "GET /BLA/resoluciones/RESOLUCIONES%202012/1720.pdf HTTP/1.1" 200 953842
66.249.64.165 - - [21/Jul/2016:06:48:44 -0500] "GET /BLA/resoluciones/AUTOS%202007/1265.pdf HTTP/1.1" 200 133670
66.249.69.168 - - [21/Jul/2016:06:48:46 -0500] "GET /BLA/resoluciones/RESOLUCIONES%202007/RES%202007%20701%20AL%20800/RESOLUCION%200768%20DE%202007.pdf HTTP/1.1" 200 182492
104.154.123.179 - - [21/Jul/2016:06:48:48 -0500] "GET /BLA/resoluciones/RESOLUCIONES%202007/RES%202007%203001%20AL%203100/RESOLUCION%203095%20DE%202007.pdf HTTP/1.1" 200 644504
190.184.144.110 - - [21/Jul/2016:06:48:49 -0500] "GET /videos/CRRFFS.mp4 HTTP/1.1" 206 1
66.249.64.165 - - [21/Jul/2016:06:49:02 -0500] "GET /BLA/resoluciones/AUTOS%202009/1655.pdf HTTP/1.1" 200 100505
66.249.64.165 - - [21/Jul/2016:06:49:22 -0500] "GET /BLA/resoluciones/RESOLUCIONES%202009/0197.pdf HTTP/1.1" 200 255620
104.154.123.188 - - [21/Jul/2016:06:49:29 -0500] "GET /BLA/resoluciones/RESOLUCIONES%202010/1270.pdf HTTP/1.1" 200 106280
201.245.192.253 - - [21/Jul/2016:06:49:39 -0500] "POST /forms/lservlet;jsessionid=ac16012b30d6d7b74e4907534e0daea4f6386b2417c2.e3iSbxaKaheRe34Tax0PchuKax90n6jAmljGr5XDqQLvpAe HTTP/1.1" 200 2
104.154.123.67 - - [21/Jul/2016:06:49:42 -0500] "GET /BLA/resoluciones/RESOLUCIONES%202007/RES%202007%20201%20AL%20300/RESOLUCION%200230%20DE%202007.pdf HTTP/1.1" 200 339304
66.249.64.165 - - [21/Jul/2016:06:49:42 -0500] "GET /BLA/resoluciones/RESOLUCIONES%202009/0423.pdf HTTP/1.1" 200 197787
66.249.64.165 - - [21/Jul/2016:06:49:44 -0500] "GET /BLA/resoluciones/RESOLUCIONES%202011/1097.pdf HTTP/1.1" 200 284020
66.249.64.165 - - [21/Jul/2016:06:49:49 -0500] "GET /BLA/resoluciones/Notificaciones/REGISTROS%202015/0354.doc HTTP/1.1" 200 198656
190.25.241.162 - - [21/Jul/2016:06:49:55 -0500] "GET /galeria/carrusel/Carrusel/jquery.thumbnailScroller.css HTTP/1.1" 200 2066
190.25.241.162 - - [21/Jul/2016:06:49:55 -0500] "GET /BLA/boletinlegal/js/jquery.scrollShow.js HTTP/1.1" 200 4586
190.25.241.162 - - [21/Jul/2016:06:49:55 -0500] "GET /galeria/galeria/jquery.fancybox.css?v=2.1.5 HTTP/1.1" 200 4895
190.25.241.162 - - [21/Jul/2016:06:49:55 -0500] "GET /galeria/galeria/jquery.fancybox.js?v=2.1.5 HTTP/1.1" 200 48706
190.25.241.162 - - [21/Jul/2016:06:49:55 -0500] "GET /galeria/carrusel/Carrusel/jquery-ui-1.8.13.custom.min.js HTTP/1.1" 200 10800
190.25.241.162 - - [21/Jul/2016:06:49:55 -0500] "GET /galeria/carrusel/Carrusel/jquery.thumbnailScroller.js HTTP/1.1" 200 8157
190.25.241.162 - - [21/Jul/2016:06:49:57 -0500] "GET /galeria/nivo-slider/demo/demo.html HTTP/1.1" 200 4730
190.25.241.162 - - [21/Jul/2016:06:49:57 -0500] "GET /galeria/nivo-slider/themes/default/default.css HTTP/1.1" 200 1569
190.25.241.162 - - [21/Jul/2016:06:49:57 -0500] "GET /galeria/nivo-slider/themes/pascal/pascal.css HTTP/1.1" 200 2258
190.25.241.162 - - [21/Jul/2016:06:49:57 -0500] "GET /galeria/nivo-slider/themes/orman/orman.css HTTP/1.1" 200 2152
190.25.241.162 - - [21/Jul/2016:06:49:57 -0500] "GET /galeria/nivo-slider/nivo-slider.css HTTP/1.1" 200 1507
190.25.241.162 - - [21/Jul/2016:06:49:57 -0500] "GET /galeria/nivo-slider/demo/style.css HTTP/1.1" 200 2222
190.25.241.162 - - [21/Jul/2016:06:49:57 -0500] "GET /galeria/nivo-slider/demo/images/SUPERCADECRA30.jpg HTTP/1.1" 200 127549
190.25.241.162 - - [21/Jul/2016:06:49:57 -0500] "GET /galeria/nivo-slider/demo/scripts/jquery-1.7.1.min.js HTTP/1.1" 200 93868
190.25.241.162 - - [21/Jul/2016:06:49:57 -0500] "GET /galeria/nivo-slider/jquery.nivo.slider.pack.js HTTP/1.1" 200 11561
190.25.241.162 - - [21/Jul/2016:06:49:57 -0500] "GET /galeria/nivo-slider/demo/images/SUPERCADESUBA.jpg HTTP/1.1" 200 127509
190.25.241.162 - - [21/Jul/2016:06:49:57 -0500] "GET /galeria/nivo-slider/demo/images/convocatoriasecretaria.jpg HTTP/1.1" 200 129365
190.25.241.162 - - [21/Jul/2016:06:49:57 -0500] "GET /galeria/nivo-slider/demo/images/BANNERVISORGEOGRAFICO.jpg HTTP/1.1" 200 78514
190.25.241.162 - - [21/Jul/2016:06:49:58 -0500] "GET /galeria/nivo-slider/demo/images/BANNERCONFORMACIONGESTIONAMBIENTAL.jpg HTTP/1.1" 200 161009
190.25.241.162 - - [21/Jul/2016:06:49:58 -0500] "GET /galeria/nivo-slider/demo/images/vegetal.jpg HTTP/1.1" 200 216080
190.25.241.162 - - [21/Jul/2016:06:49:58 -0500] "GET /galeria/nivo-slider/demo/images/bannergenCAPACITACIONES-01.jpg HTTP/1.1" 200 153433
190.25.241.162 - - [21/Jul/2016:06:49:58 -0500] "GET /galeria/nivo-slider/demo/images/BANNERMADERALEGAL.jpg HTTP/1.1" 200 165750
190.25.241.162 - - [21/Jul/2016:06:49:58 -0500] "GET /galeria/nivo-slider/demo/images/4Simple_Slider.png HTTP/1.1" 200 11722
190.25.241.162 - - [21/Jul/2016:06:49:58 -0500] "GET /galeria/nivo-slider/themes/default/loading.gif HTTP/1.1" 200 1737
190.25.241.162 - - [21/Jul/2016:06:49:58 -0500] "GET /galeria/nivo-slider/demo/images/Banner_wgic.jpg HTTP/1.1" 200 139000
190.25.241.162 - - [21/Jul/2016:06:49:58 -0500] "GET /galeria/nivo-slider/demo/images/ABC-Plan-de-contigencia.jpg HTTP/1.1" 200 423901
190.25.241.162 - - [21/Jul/2016:06:49:59 -0500] "GET /galeria/nivo-slider/demo/images/ACOPIADORESYGESTORES.jpg HTTP/1.1" 200 118791
190.25.241.162 - - [21/Jul/2016:06:49:59 -0500] "GET /galeria/nivo-slider/demo/images/caminata-ecologica.jpg HTTP/1.1" 200 192926
190.25.241.162 - - [21/Jul/2016:06:49:59 -0500] "GET /galeria/nivo-slider/demo/images/Cmapana-onestidad.jpg HTTP/1.1" 200 141638
190.25.241.162 - - [21/Jul/2016:06:49:59 -0500] "GET /galeria/nivo-slider/demo/images/banner-llantas2.jpg HTTP/1.1" 200 234514
190.25.241.162 - - [21/Jul/2016:06:50:00 -0500] "GET /galeria/nivo-slider/demo/images/9Signos.jpg HTTP/1.1" 200 81776
190.25.241.162 - - [21/Jul/2016:06:50:00 -0500] "GET /galeria/nivo-slider/demo/images/Ruta-vertimientos-01.jpg HTTP/1.1" 200 130151
190.25.241.162 - - [21/Jul/2016:06:50:00 -0500] "GET /galeria/nivo-slider/demo/images/bolsas-06.jpg HTTP/1.1" 200 210950
104.154.123.80 - - [21/Jul/2016:06:50:00 -0500] "GET /BLA/resoluciones/RESOLUCIONES%202013/0551.pdf HTTP/1.1" 200 740080
190.25.241.162 - - [21/Jul/2016:06:50:01 -0500] "GET /galeria/nivo-slider/themes/default/arrows.png HTTP/1.1" 200 824
190.25.241.162 - - [21/Jul/2016:06:50:01 -0500] "GET /galeria/nivo-slider/themes/default/bullets.png HTTP/1.1" 200 1281
66.249.64.165 - - [21/Jul/2016:06:50:02 -0500] "GET /BLA/resoluciones/RESOLUCIONES%202010/4305.pdf HTTP/1.1" 200 500087
181.142.146.101 - - [21/Jul/2016:06:50:08 -0500] "POST /forms/lservlet;jsessionid=ac16012b30d6e17fe838984d4f239499e779764a5139.e3iSbxaKaheRe34Tax0PchuKax90n6jAmljGr5XDqQLvpAe HTTP/1.1" 200 2
104.154.123.135 - - [21/Jul/2016:06:50:08 -0500] "GET /BLA/resoluciones/RESOLUCIONES%202013/2728.pdf HTTP/1.1" 200 721549
66.249.64.165 - - [21/Jul/2016:06:50:09 -0500] "GET /BLA/resoluciones/AUTOS%202008/0520.pdf HTTP/1.1" 304 -
104.154.123.79 - - [21/Jul/2016:06:50:14 -0500] "GET /Anexos%20estudio%20Organizacional%20SDA/ANEXO%20No.%205%20-%20ESTUDIO%20Y%20PROPUESTA%20SERAMB%20IENTE/Serambiente%20%20Oficio%20presentaci%C3%B2n%20propuesta.pdf HTTP/1.1" 200 949425
104.154.123.49 - - [21/Jul/2016:06:50:19 -0500] "GET /BLA/resoluciones/AUTOS%202007/3525.pdf HTTP/1.1" 200 70762
66.249.64.165 - - [21/Jul/2016:06:50:22 -0500] "GET /BLA/resoluciones/RESOLUCIONES%202009/2714.pdf HTTP/1.1" 200 415967
104.154.123.117 - - [21/Jul/2016:06:50:27 -0500] "GET /BLA/resoluciones/RESOLUCIONES%202007/RES%202007%201001%20AL%201100/RESOLUCION%201042%20DE%202007.pdf HTTP/1.1" 200 351976
104.154.123.186 - - [21/Jul/2016:06:50:37 -0500] "GET /BLA/resoluciones/RESOLUCIONES%202007/RES%202007%201501%20AL%201600/RESOLUCION%201586%20DE%202007.pdf HTTP/1.1" 200 1039632
104.154.123.106 - - [21/Jul/2016:06:50:39 -0500] "GET /BLA/resoluciones/RESOLUCIONES%202011/6102.pdf HTTP/1.1" 200 958686
66.249.64.165 - - [21/Jul/2016:06:50:42 -0500] "GET /BLA/resoluciones/RESOLUCIONES%202012/1141.pdf HTTP/1.1" 200 858047
104.154.123.140 - - [21/Jul/2016:06:50:46 -0500] "GET /BLA/resoluciones/RESOLUCIONES%202010/2270.pdf HTTP/1.1" 200 547588
104.154.123.40 - - [21/Jul/2016:06:50:50 -0500] "GET /BLA/resoluciones/RESOLUCIONES%202013/2247.pdf HTTP/1.1" 200 835195
66.249.64.187 - - [21/Jul/2016:06:50:52 -0500] "GET /BLA/boletinlegal/jurisprudencia/analisis/analisis%20C-595-2010.doc HTTP/1.1" 304 -
104.154.123.17 - - [21/Jul/2016:06:50:58 -0500] "GET /BLA/resoluciones/RESOLUCIONES%202009/8531.pdf HTTP/1.1" 200 521758
66.249.64.165 - - [21/Jul/2016:06:51:02 -0500] "GET /BLA/resoluciones/RESOLUCIONES%202010/2708.pdf HTTP/1.1" 200 392689
66.249.64.185 - - [21/Jul/2016:06:51:10 -0500] "GET /BLA/boletinlegal/jurisprudencia/analisis/Analisis%20jurisprudencial%20Sentencia%20C-366-11.doc HTTP/1.1" 304 -
66.249.64.165 - - [21/Jul/2016:06:51:21 -0500] "GET /BLA/resoluciones/RESOLUCIONES%202009/1956.pdf HTTP/1.1" 200 564486
192.168.175.104 - - [21/Jul/2016:06:51:28 -0500] "GET / HTTP/1.1" 200 9990
66.249.64.165 - - [21/Jul/2016:06:51:29 -0500] "GET /BLA/resoluciones/AUTOS%202015/2023.pdf HTTP/1.1" 304 -
192.168.175.104 - - [21/Jul/2016:06:51:30 -0500] "GET / HTTP/1.0" 200 9990
186.28.252.177 - - [21/Jul/2016:06:51:32 -0500] "GET /galeria/galeria/jquery.fancybox.js?v=2.1.5 HTTP/1.1" 200 48706
186.28.252.177 - - [21/Jul/2016:06:51:32 -0500] "GET /galeria/galeria/jquery.fancybox.css?v=2.1.5 HTTP/1.1" 200 4895
186.28.252.178 - - [21/Jul/2016:06:51:32 -0500] "GET /galeria/galeria/jquery.fancybox.js?v=2.1.5 HTTP/1.1" 200 48706
186.28.252.178 - - [21/Jul/2016:06:51:32 -0500] "GET /galeria/galeria/jquery.fancybox.css?v=2.1.5 HTTP/1.1" 200 4895
104.154.123.17 - - [21/Jul/2016:06:51:34 -0500] "GET /BLA/resoluciones/RESOLUCIONES%202011/1855.pdf HTTP/1.1" 200 740070
186.28.252.177 - - [21/Jul/2016:06:51:35 -0500] "GET /videos/galeria-cronicas/1V3wnplaylist.htm? HTTP/1.1" 200 4013
186.28.252.177 - - [21/Jul/2016:06:51:35 -0500] "GET /videos/galeria-cronicas/skin/blue.monday/jplayer.blue.monday.css HTTP/1.1" 200 12518
186.28.252.177 - - [21/Jul/2016:06:51:36 -0500] "GET /videos/galeria-cronicas/js/jquery.jplayer.min.js HTTP/1.1" 200 43668
186.28.252.177 - - [21/Jul/2016:06:51:36 -0500] "GET /videos/galeria-cronicas/js/jplayer.playlist.min.js HTTP/1.1" 200 8608
186.28.252.177 - - [21/Jul/2016:06:51:36 -0500] "GET /videos/galeria-cronicas/skin/blue.monday/jplayer.blue.monday.video.play.png HTTP/1.1" 200 14424
186.28.252.177 - - [21/Jul/2016:06:51:36 -0500] "GET /videos/galeria-cronicas/skin/blue.monday/jplayer.blue.monday.jpg HTTP/1.1" 200 23189
186.28.252.177 - - [21/Jul/2016:06:51:36 -0500] "GET /videos/galeria-cronicas/skin/blue.monday/jplayer.blue.monday.seeking.gif HTTP/1.1" 200 3284
186.28.252.177 - - [21/Jul/2016:06:51:36 -0500] "GET /videos/galeria-cronicas/1videos/parche.mp4video.mp4 HTTP/1.1" 206 2821840
201.245.192.253 - - [21/Jul/2016:06:51:39 -0500] "POST /forms/lservlet;jsessionid=ac16012b30d6d7b74e4907534e0daea4f6386b2417c2.e3iSbxaKaheRe34Tax0PchuKax90n6jAmljGr5XDqQLvpAe HTTP/1.1" 200 2
104.154.123.29 - - [21/Jul/2016:06:51:41 -0500] "GET /BLA/resoluciones/RESOLUCIONES%202008/5422.pdf HTTP/1.1" 200 115312
66.249.64.165 - - [21/Jul/2016:06:51:41 -0500] "GET /BLA/resoluciones/AUTOS%202009/1727.pdf HTTP/1.1" 200 210672
104.154.123.153 - - [21/Jul/2016:06:51:46 -0500] "GET /BLA/resoluciones/AUTOS%202013/1992.pdf HTTP/1.1" 200 3458984
104.154.123.113 - - [21/Jul/2016:06:51:49 -0500] "GET /BLA/resoluciones/AUTOS%202011/0109.pdf HTTP/1.1" 200 144269
186.28.252.177 - - [21/Jul/2016:06:51:54 -0500] "GET /videos/galeria-cronicas/1V3wnplaylist.htm? HTTP/1.1" 304 -
104.154.123.102 - - [21/Jul/2016:06:51:54 -0500] "GET /BLA/resoluciones/AUTOS%202014/5579.pdf HTTP/1.1" 200 161705
104.154.123.97 - - [21/Jul/2016:06:51:57 -0500] "GET /BLA/resoluciones/RESOLUCIONES%202007/RES%202007%20601%20AL%20700/RESOLUCION%200682%20DE%202007.pdf HTTP/1.1" 200 768979
66.249.64.165 - - [21/Jul/2016:06:52:01 -0500] "GET /BLA/resoluciones/AUTOS%202009/2808.pdf HTTP/1.1" 200 135906
181.142.146.101 - - [21/Jul/2016:06:52:08 -0500] "POST /forms/lservlet;jsessionid=ac16012b30d6e17fe838984d4f239499e779764a5139.e3iSbxaKaheRe34Tax0PchuKax90n6jAmljGr5XDqQLvpAe HTTP/1.1" 200 2
66.249.64.165 - - [21/Jul/2016:06:52:10 -0500] "GET /BLA/resoluciones/AUTOS%202012/0153.pdf HTTP/1.1" 304 -
104.154.123.138 - - [21/Jul/2016:06:52:11 -0500] "GET /BLA/resoluciones/AUTOS%202014/5773.pdf HTTP/1.1" 200 468667
186.28.252.178 - - [21/Jul/2016:06:52:20 -0500] "GET /videos/galeria-cronicas/1V3wnplaylist.htm? HTTP/1.1" 200 4013
186.28.252.178 - - [21/Jul/2016:06:52:20 -0500] "GET /videos/galeria-cronicas/skin/blue.monday/jplayer.blue.monday.css HTTP/1.1" 200 12518
186.28.252.178 - - [21/Jul/2016:06:52:20 -0500] "GET /videos/galeria-cronicas/js/jplayer.playlist.min.js HTTP/1.1" 200 8608
186.28.252.178 - - [21/Jul/2016:06:52:20 -0500] "GET /videos/galeria-cronicas/js/jquery.jplayer.min.js HTTP/1.1" 200 43668
66.249.64.165 - - [21/Jul/2016:06:52:21 -0500] "GET /BLA/resoluciones/RESOLUCIONES%202009/4053.pdf HTTP/1.1" 200 717496
186.28.252.178 - - [21/Jul/2016:06:52:22 -0500] "GET /videos/galeria-cronicas/skin/blue.monday/jplayer.blue.monday.jpg HTTP/1.1" 200 23189
186.28.252.178 - - [21/Jul/2016:06:52:22 -0500] "GET /videos/galeria-cronicas/skin/blue.monday/jplayer.blue.monday.video.play.png HTTP/1.1" 200 14424
186.28.252.178 - - [21/Jul/2016:06:52:22 -0500] "GET /videos/galeria-cronicas/skin/blue.monday/jplayer.blue.monday.seeking.gif HTTP/1.1" 200 3284
186.28.252.178 - - [21/Jul/2016:06:52:22 -0500] "GET /videos/galeria-cronicas/1videos/parche.mp4video.mp4 HTTP/1.1" 206 2821840
66.249.64.165 - - [21/Jul/2016:06:52:23 -0500] "GET /BLA/resoluciones/RESOLUCIONES%202012/0031.pdf HTTP/1.1" 304 -
186.28.252.177 - - [21/Jul/2016:06:52:24 -0500] "GET /galeria/galeria/jquery.fancybox.js?v=2.1.5 HTTP/1.1" 200 48706
186.28.252.177 - - [21/Jul/2016:06:52:24 -0500] "GET /galeria/galeria/jquery.fancybox.css?v=2.1.5 HTTP/1.1" 200 4895
186.28.252.177 - - [21/Jul/2016:06:52:26 -0500] "GET /galeria/galeria/fotos/Capellania2P.jpg HTTP/1.1" 200 35380
186.28.252.177 - - [21/Jul/2016:06:52:26 -0500] "GET /galeria/galeria/fotos/Capellania4P.jpg HTTP/1.1" 200 37377
186.28.252.177 - - [21/Jul/2016:06:52:26 -0500] "GET /galeria/galeria/fotos/Capellania1P.jpg HTTP/1.1" 200 33952
186.28.252.177 - - [21/Jul/2016:06:52:26 -0500] "GET /galeria/galeria/fotos/Capellania3P.jpg HTTP/1.1" 200 34835
186.28.252.178 - - [21/Jul/2016:06:52:29 -0500] "GET /videos/galeria-cronicas/1videos/parche.mp4video.mp4 HTTP/1.1" 206 31459
186.28.252.178 - - [21/Jul/2016:06:52:30 -0500] "GET /videos/galeria-cronicas/1videos/parche.mp4video.mp4 HTTP/1.1" 206 2656401
186.28.252.177 - - [21/Jul/2016:06:52:33 -0500] "GET /galeria/galeria/fancybox_overlay.png HTTP/1.1" 200 1003
186.28.252.177 - - [21/Jul/2016:06:52:33 -0500] "GET /galeria/galeria/fotos/Capellania1G.jpg HTTP/1.1" 200 373859
186.28.252.177 - - [21/Jul/2016:06:52:33 -0500] "GET /galeria/galeria/fancybox_sprite.png HTTP/1.1" 200 1362
186.28.252.177 - - [21/Jul/2016:06:52:33 -0500] "GET /galeria/galeria/fancybox_loading.gif HTTP/1.1" 200 6567
186.28.252.177 - - [21/Jul/2016:06:52:36 -0500] "GET /galeria/galeria/fotos/Capellania2G.jpg HTTP/1.1" 200 523013
186.28.252.177 - - [21/Jul/2016:06:52:36 -0500] "GET /galeria/galeria/fotos/Capellania4G.jpg HTTP/1.1" 200 567842
186.28.252.177 - - [21/Jul/2016:06:52:36 -0500] "GET /galeria/galeria/fotos/Capellania3G.jpg HTTP/1.1" 200 515718
186.28.252.177 - - [21/Jul/2016:06:52:36 -0500] "GET /galeria/galeria/blank.gif HTTP/1.1" 200 43
186.28.252.177 - - [21/Jul/2016:06:52:42 -0500] "GET /galeria/galeria/fotos/Huemdal-Cordoba1P.jpg HTTP/1.1" 200 30712
186.28.252.177 - - [21/Jul/2016:06:52:42 -0500] "GET /galeria/galeria/fotos/Huemdal-Cordoba3P.jpg HTTP/1.1" 200 40788
186.28.252.177 - - [21/Jul/2016:06:52:42 -0500] "GET /galeria/galeria/fotos/Huemdal-Cordoba2P.jpg HTTP/1.1" 200 44409
192.168.175.104 - - [21/Jul/2016:06:52:42 -0500] "GET / HTTP/1.1" 200 9990
66.249.64.165 - - [21/Jul/2016:06:52:42 -0500] "GET /BLA/resoluciones/RESOLUCIONES%202007/RES%202007%201101%20AL%201200/RESOLUCION%201136%20DE%202007.pdf HTTP/1.1" 200 677138
66.249.64.165 - - [21/Jul/2016:06:52:43 -0500] "GET /BLA/resoluciones/AUTOS%202011/2404.pdf HTTP/1.1" 304 -
186.28.252.178 - - [21/Jul/2016:06:52:46 -0500] "GET /galeria/mapa/humedal.html? HTTP/1.1" 200 11204
186.28.252.178 - - [21/Jul/2016:06:52:47 -0500] "GET /galeria/mapa/3MapaBogot%C3%A1.jpg HTTP/1.1" 200 688183
186.28.252.178 - - [21/Jul/2016:06:52:47 -0500] "GET /galeria/mapa/Guaymaral12.jpg HTTP/1.1" 200 53686
186.28.252.178 - - [21/Jul/2016:06:52:47 -0500] "GET /galeria/mapa/JUANAMARILLO12.jpg HTTP/1.1" 200 21131
186.28.252.178 - - [21/Jul/2016:06:52:47 -0500] "GET /galeria/mapa/CONEJERA12.jpg HTTP/1.1" 200 21841
186.28.252.178 - - [21/Jul/2016:06:52:47 -0500] "GET /galeria/mapa/TORCA12.jpg HTTP/1.1" 200 24337
186.28.252.178 - - [21/Jul/2016:06:52:47 -0500] "GET /galeria/mapa/CORDOBA12.jpg HTTP/1.1" 200 23380
186.28.252.178 - - [21/Jul/2016:06:52:47 -0500] "GET /galeria/mapa/SANTAMARIA22.jpg HTTP/1.1" 200 22321
186.28.252.178 - - [21/Jul/2016:06:52:47 -0500] "GET /galeria/mapa/JABOQUE12.jpg HTTP/1.1" 200 21815
186.28.252.178 - - [21/Jul/2016:06:52:47 -0500] "GET /galeria/mapa/capellania12.jpg HTTP/1.1" 200 22811
186.28.252.178 - - [21/Jul/2016:06:52:48 -0500] "GET /galeria/galeria/jquery.fancybox.css?v=2.1.5 HTTP/1.1" 200 4895
186.28.252.178 - - [21/Jul/2016:06:52:48 -0500] "GET /galeria/galeria/jquery.fancybox.js?v=2.1.5 HTTP/1.1" 200 48706
186.28.252.178 - - [21/Jul/2016:06:52:48 -0500] "GET /galeria/mapa/MEANDRO12.jpg HTTP/1.1" 200 22732
186.28.252.178 - - [21/Jul/2016:06:52:48 -0500] "GET /galeria/mapa/TECHO12.jpg HTTP/1.1" 200 27716
186.28.252.178 - - [21/Jul/2016:06:52:48 -0500] "GET /galeria/mapa/BURRO12.jpg HTTP/1.1" 200 24169
186.28.252.178 - - [21/Jul/2016:06:52:48 -0500] "GET /galeria/mapa/VACA12.jpg HTTP/1.1" 200 22491
186.28.252.178 - - [21/Jul/2016:06:52:48 -0500] "GET /galeria/mapa/TIBANICA12.jpg HTTP/1.1" 200 23039
186.28.252.178 - - [21/Jul/2016:06:52:48 -0500] "GET /galeria/mapa/Aula-Soratama.jpg HTTP/1.1" 200 51270
186.28.252.178 - - [21/Jul/2016:06:52:48 -0500] "GET /galeria/mapa/Aula-Nevados.jpg HTTP/1.1" 200 64761
186.28.252.178 - - [21/Jul/2016:06:52:48 -0500] "GET /galeria/mapa/Montana-Entrenubes.jpg HTTP/1.1" 200 42011
186.28.252.178 - - [21/Jul/2016:06:52:49 -0500] "GET /galeria/mapa/aulaSantaM.jpg HTTP/1.1" 200 69216
66.249.64.183 - - [21/Jul/2016:06:52:50 -0500] "GET /BLA/boletinlegal/jurisprudencia/analisis/G__Jurisp.%20Junio%202014_Sent%20Tutela%20Drumond.docx HTTP/1.1" 304 -
83.143.81.42 - - [21/Jul/2016:06:53:00 -0500] "GET /wp-admin/ HTTP/1.1" 404 1018
66.249.64.165 - - [21/Jul/2016:06:53:01 -0500] "GET /BLA/resoluciones/AUTOS%202015/1592.pdf HTTP/1.1" 200 514768
66.249.64.165 - - [21/Jul/2016:06:53:17 -0500] "GET /BLA/resoluciones/AUTOS%202013/3100.pdf HTTP/1.1" 304 -
191.102.222.23 - - [21/Jul/2016:06:53:19 -0500] "GET /galeria/galeria/jquery.fancybox.css?v=2.1.5 HTTP/1.1" 200 4895
191.102.222.23 - - [21/Jul/2016:06:53:19 -0500] "GET /galeria/galeria/jquery.fancybox.js?v=2.1.5 HTTP/1.1" 200 48706
191.102.222.23 - - [21/Jul/2016:06:53:19 -0500] "GET /BLA/boletinlegal/js/jquery.scrollShow.js HTTP/1.1" 200 4586
104.154.123.97 - - [21/Jul/2016:06:53:19 -0500] "GET /BLA/resoluciones/RESOLUCIONES%202009/5571.pdf HTTP/1.1" 200 270433
66.249.64.165 - - [21/Jul/2016:06:53:21 -0500] "GET /BLA/resoluciones/RESOLUCIONES%202013/0680.pdf HTTP/1.1" 200 395739
104.154.123.104 - - [21/Jul/2016:06:53:22 -0500] "GET /BLA/resoluciones/RESOLUCIONES%202012/0958.pdf HTTP/1.1" 200 468764
66.249.64.165 - - [21/Jul/2016:06:53:30 -0500] "GET /BLA/resoluciones/RESOLUCIONES%202012/1391.pdf HTTP/1.1" 304 -
104.154.123.45 - - [21/Jul/2016:06:53:30 -0500] "GET /BLA/resoluciones/RESOLUCIONES%202010/0386.pdf HTTP/1.1" 200 108242
186.28.252.178 - - [21/Jul/2016:06:53:35 -0500] "GET /galeria/galeria/fotos/Capellania1P.jpg HTTP/1.1" 200 33952
186.28.252.178 - - [21/Jul/2016:06:53:35 -0500] "GET /galeria/galeria/fotos/Capellania4P.jpg HTTP/1.1" 200 37377
186.28.252.178 - - [21/Jul/2016:06:53:35 -0500] "GET /galeria/galeria/fotos/Capellania3P.jpg HTTP/1.1" 200 34835
186.28.252.178 - - [21/Jul/2016:06:53:35 -0500] "GET /galeria/galeria/fotos/Capellania2P.jpg HTTP/1.1" 200 35380
69.162.124.232 - - [21/Jul/2016:06:53:39 -0500] "HEAD / HTTP/1.1" 200 -
104.154.123.118 - - [21/Jul/2016:06:53:39 -0500] "GET /BLA/resoluciones/RESOLUCIONES%202009/0648.pdf HTTP/1.1" 200 265326
201.245.192.253 - - [21/Jul/2016:06:53:40 -0500] "POST /forms/lservlet;jsessionid=ac16012b30d6d7b74e4907534e0daea4f6386b2417c2.e3iSbxaKaheRe34Tax0PchuKax90n6jAmljGr5XDqQLvpAe HTTP/1.1" 200 2
66.249.64.165 - - [21/Jul/2016:06:53:41 -0500] "GET /BLA/resoluciones/AUTOS%202013/0973.pdf HTTP/1.1" 200 1270784
104.154.123.93 - - [21/Jul/2016:06:53:42 -0500] "GET /BLA/resoluciones/AUTOS%202011/2175.pdf HTTP/1.1" 200 302370
104.154.123.14 - - [21/Jul/2016:06:53:44 -0500] "GET /BLA/resoluciones/RESOLUCIONES%202011/5528.pdf HTTP/1.1" 200 684658
104.154.123.140 - - [21/Jul/2016:06:53:52 -0500] "GET /BLA/resoluciones/RESOLUCIONES%202009/7182.pdf HTTP/1.1" 200 1322023
104.154.123.95 - - [21/Jul/2016:06:53:58 -0500] "GET /BLA/resoluciones/AUTOS%202014/2202.pdf HTTP/1.1" 200 263622
66.249.64.165 - - [21/Jul/2016:06:54:01 -0500] "GET /BLA/resoluciones/AUTOS%202010/5422.pdf HTTP/1.1" 200 389976
181.142.146.101 - - [21/Jul/2016:06:54:08 -0500] "POST /forms/lservlet;jsessionid=ac16012b30d6e17fe838984d4f239499e779764a5139.e3iSbxaKaheRe34Tax0PchuKax90n6jAmljGr5XDqQLvpAe HTTP/1.1" 200 2
104.154.123.141 - - [21/Jul/2016:06:54:10 -0500] "GET /BLA/resoluciones/RESOLUCIONES%202009/9634.pdf HTTP/1.1" 200 799202
66.249.64.165 - - [21/Jul/2016:06:54:20 -0500] "GET /BLA/resoluciones/AUTOS%202007/1880.pdf HTTP/1.1" 200 115522
186.113.10.143 - - [21/Jul/2016:06:54:32 -0500] "GET /galeria/nivo-slider/demo/images/dias-humedales2016.jpg HTTP/1.1" 304 -
66.249.69.165 - - [21/Jul/2016:06:54:33 -0500] "GET /BLA/resoluciones/RESOLUCIONES%202007/RES%202007%204201%20AL%204300/RESOLUCION%204247%20DE%202007.pdf HTTP/1.1" 200 509545
191.102.222.23 - - [21/Jul/2016:06:54:41 -0500] "GET /galeria/galeria/jquery.fancybox.css?v=2.1.5 HTTP/1.1" 304 -
191.102.222.23 - - [21/Jul/2016:06:54:41 -0500] "GET /galeria/galeria/jquery.fancybox.js?v=2.1.5 HTTP/1.1" 304 -
191.102.222.23 - - [21/Jul/2016:06:54:41 -0500] "GET /BLA/boletinlegal/js/jquery.scrollShow.js HTTP/1.1" 304 -
66.249.64.165 - - [21/Jul/2016:06:54:41 -0500] "GET /BLA/resoluciones/RESOLUCIONES%202010/3939.pdf HTTP/1.1" 200 503765
104.154.123.126 - - [21/Jul/2016:06:54:41 -0500] "GET /BLA/resoluciones/RESOLUCIONES%202010/0668.pdf HTTP/1.1" 200 369713
186.28.252.178 - - [21/Jul/2016:06:54:45 -0500] "GET /galeria/galeria/jquery.fancybox.js?v=2.1.5 HTTP/1.1" 200 48706
186.28.252.178 - - [21/Jul/2016:06:54:45 -0500] "GET /galeria/galeria/jquery.fancybox.css?v=2.1.5 HTTP/1.1" 200 4895
104.154.123.140 - - [21/Jul/2016:06:54:45 -0500] "GET /BLA/resoluciones/RESOLUCIONES%202010/0414.pdf HTTP/1.1" 200 509277
186.28.252.178 - - [21/Jul/2016:06:54:59 -0500] "GET /galeria/galeria/fotos/2humedal-Burro2P.jpg HTTP/1.1" 200 8996
186.28.252.178 - - [21/Jul/2016:06:54:59 -0500] "GET /galeria/galeria/fotos/1humedal-Burro1P.jpg HTTP/1.1" 200 7921
186.28.252.178 - - [21/Jul/2016:06:54:59 -0500] "GET /galeria/galeria/fotos/3humedal-Burro3P.jpg HTTP/1.1" 200 8564
186.28.252.178 - - [21/Jul/2016:06:54:59 -0500] "GET /galeria/galeria/fotos/4humedal-Burro4P.jpg HTTP/1.1" 200 7980
66.249.64.165 - - [21/Jul/2016:06:55:00 -0500] "GET /BLA/resoluciones/RESOLUCIONES%202008/1014.pdf HTTP/1.1" 200 194764
104.154.123.50 - - [21/Jul/2016:06:55:04 -0500] "GET /BLA/resoluciones/RESOLUCIONES%202010/7575.pdf HTTP/1.1" 200 880616
104.154.123.27 - - [21/Jul/2016:06:55:07 -0500] "GET /BLA/resoluciones/RESOLUCIONES%202009/5786.pdf HTTP/1.1" 200 926041
186.28.252.178 - - [21/Jul/2016:06:55:17 -0500] "GET /galeria/galeria/jquery.fancybox.css?v=2.1.5 HTTP/1.1" 200 4895
186.28.252.178 - - [21/Jul/2016:06:55:17 -0500] "GET /galeria/galeria/jquery.fancybox.js?v=2.1.5 HTTP/1.1" 200 48706
66.249.64.165 - - [21/Jul/2016:06:55:20 -0500] "GET /BLA/resoluciones/RESOLUCIONES%202011/3781.pdf HTTP/1.1" 200 411559
186.28.252.177 - - [21/Jul/2016:06:55:23 -0500] "GET /galeria/galeria/jquery.fancybox.js?v=2.1.5 HTTP/1.1" 200 48706
186.28.252.177 - - [21/Jul/2016:06:55:23 -0500] "GET /galeria/galeria/jquery.fancybox.css?v=2.1.5 HTTP/1.1" 200 4895
104.154.123.157 - - [21/Jul/2016:06:55:24 -0500] "GET /BLA/resoluciones/RESOLUCIONES%202009/3842.pdf HTTP/1.1" 200 784236
186.28.252.178 - - [21/Jul/2016:06:55:25 -0500] "GET /videos/galeria-cronicas/1V3wnplaylist.htm? HTTP/1.1" 200 4013
186.28.252.178 - - [21/Jul/2016:06:55:25 -0500] "GET /videos/galeria-cronicas/skin/blue.monday/jplayer.blue.monday.css HTTP/1.1" 200 12518
186.28.252.178 - - [21/Jul/2016:06:55:25 -0500] "GET /videos/galeria-cronicas/js/jquery.jplayer.min.js HTTP/1.1" 200 43668
186.28.252.178 - - [21/Jul/2016:06:55:25 -0500] "GET /videos/galeria-cronicas/js/jplayer.playlist.min.js HTTP/1.1" 200 8608
186.28.252.178 - - [21/Jul/2016:06:55:26 -0500] "GET /videos/galeria-cronicas/skin/blue.monday/jplayer.blue.monday.jpg HTTP/1.1" 200 23189
186.28.252.178 - - [21/Jul/2016:06:55:26 -0500] "GET /videos/galeria-cronicas/skin/blue.monday/jplayer.blue.monday.video.play.png HTTP/1.1" 200 14424
186.28.252.178 - - [21/Jul/2016:06:55:27 -0500] "GET /videos/galeria-cronicas/skin/blue.monday/jplayer.blue.monday.seeking.gif HTTP/1.1" 200 3284
186.28.252.178 - - [21/Jul/2016:06:55:27 -0500] "GET /videos/galeria-cronicas/1videos/parche.mp4video.mp4 HTTP/1.1" 206 2821840
66.249.69.148 - - [21/Jul/2016:06:55:27 -0500] "GET /robots.txt HTTP/1.1" 404 1015
104.154.123.124 - - [21/Jul/2016:06:55:27 -0500] "GET /BLA/resoluciones/RESOLUCIONES%202010/6059.pdf HTTP/1.1" 200 675939
66.249.69.142 - - [21/Jul/2016:06:55:28 -0500] "GET / HTTP/1.1" 200 9990
66.249.64.165 - - [21/Jul/2016:06:55:40 -0500] "GET /BLA/resoluciones/AUTOS%202012/1342.pdf HTTP/1.1" 200 162426
201.245.192.253 - - [21/Jul/2016:06:55:40 -0500] "POST /forms/lservlet;jsessionid=ac16012b30d6d7b74e4907534e0daea4f6386b2417c2.e3iSbxaKaheRe34Tax0PchuKax90n6jAmljGr5XDqQLvpAe HTTP/1.1" 200 2
66.249.64.165 - - [21/Jul/2016:06:55:57 -0500] "GET /BLA/resoluciones/RESOLUCIONES%202009/2840.pdf HTTP/1.1" 304 -
186.28.252.178 - - [21/Jul/2016:06:55:58 -0500] "GET /galeria/galeria/jquery.fancybox.js?v=2.1.5 HTTP/1.1" 200 48706
186.28.252.178 - - [21/Jul/2016:06:55:58 -0500] "GET /galeria/galeria/jquery.fancybox.css?v=2.1.5 HTTP/1.1" 200 4895
104.154.123.27 - - [21/Jul/2016:06:56:00 -0500] "GET /BLA/resoluciones/RESOLUCIONES%202007/RES%202007%201501%20AL%201600/RESOLUCION%201588%20DE%202007.pdf HTTP/1.1" 200 991198
66.249.64.165 - - [21/Jul/2016:06:56:00 -0500] "GET /BLA/resoluciones/AUTOS%202014/1369.pdf HTTP/1.1" 200 556142
186.28.252.177 - - [21/Jul/2016:06:56:00 -0500] "GET /galeria/galeria/jquery.fancybox.css?v=2.1.5 HTTP/1.1" 200 4895
186.28.252.177 - - [21/Jul/2016:06:56:00 -0500] "GET /galeria/galeria/jquery.fancybox.js?v=2.1.5 HTTP/1.1" 200 48706
186.28.252.177 - - [21/Jul/2016:06:56:01 -0500] "GET /galeria/galeria/fotos/3humedal-Burro3G.jpg HTTP/1.1" 200 74809
104.154.123.17 - - [21/Jul/2016:06:56:04 -0500] "GET /BLA/resoluciones/RESOLUCIONES%202009/9688.pdf HTTP/1.1" 200 306266
104.154.123.130 - - [21/Jul/2016:06:56:05 -0500] "GET /BLA/resoluciones/RESOLUCIONES%202009/5957.pdf HTTP/1.1" 200 529953
190.90.186.161 - - [21/Jul/2016:06:56:07 -0500] "GET /galeria/galeria/jquery.fancybox.css?v=2.1.5 HTTP/1.1" 200 4895
190.90.186.161 - - [21/Jul/2016:06:56:07 -0500] "GET /BLA/boletinlegal/js/jquery.scrollShow.js HTTP/1.1" 200 4586
190.90.186.161 - - [21/Jul/2016:06:56:07 -0500] "GET /galeria/galeria/jquery.fancybox.js?v=2.1.5 HTTP/1.1" 200 48706
181.142.146.101 - - [21/Jul/2016:06:56:08 -0500] "POST /forms/lservlet;jsessionid=ac16012b30d6e17fe838984d4f239499e779764a5139.e3iSbxaKaheRe34Tax0PchuKax90n6jAmljGr5XDqQLvpAe HTTP/1.1" 200 2
104.154.123.153 - - [21/Jul/2016:06:56:16 -0500] "GET /BLA/resoluciones/AUTOS%202013/0133.pdf HTTP/1.1" 200 365544
186.28.252.177 - - [21/Jul/2016:06:56:16 -0500] "GET /galeria/galeria/fotos/Humedal-la-conejera3P.jpg HTTP/1.1" 200 31355
186.28.252.177 - - [21/Jul/2016:06:56:16 -0500] "GET /galeria/galeria/fotos/Humedal-la-conejera1P.jpg HTTP/1.1" 200 31504
186.28.252.177 - - [21/Jul/2016:06:56:16 -0500] "GET /galeria/galeria/fotos/Humedal-la-conejera4P.jpg HTTP/1.1" 200 33365
190.71.208.238 - - [21/Jul/2016:06:56:17 -0500] "GET /BLA/resoluciones/AUTOS%202012/2170.pdf HTTP/1.1" 200 2516294
190.71.208.238 - - [21/Jul/2016:06:56:17 -0500] "GET /favicon.ico HTTP/1.1" 200 7782
186.28.252.178 - - [21/Jul/2016:06:56:18 -0500] "GET /galeria/galeria/fotos/Huemdal-el-Tunjo1P.jpg HTTP/1.1" 200 24430
186.28.252.178 - - [21/Jul/2016:06:56:18 -0500] "GET /galeria/galeria/fotos/Humedal-Tibanica2P.jpg HTTP/1.1" 200 29568
186.28.252.178 - - [21/Jul/2016:06:56:18 -0500] "GET /galeria/galeria/fotos/Huemdal-el-Tunjo3P.jpg HTTP/1.1" 200 20644
186.28.252.178 - - [21/Jul/2016:06:56:18 -0500] "GET /galeria/galeria/fotos/Huemdal-el-Tunjo4P.jpg HTTP/1.1" 200 18710
190.71.208.238 - - [21/Jul/2016:06:56:19 -0500] "GET /BLA/resoluciones/AUTOS%202012/2170.pdf HTTP/1.1" 206 1898112
186.28.252.177 - - [21/Jul/2016:06:56:19 -0500] "GET /galeria/galeria/fotos/Humedal-la-conejera2P.jpg HTTP/1.1" 200 31007
66.249.64.165 - - [21/Jul/2016:06:56:20 -0500] "GET /BLA/resoluciones/RESOLUCIONES%202007/RES%202007%204101%20AL%204200/RESOLUCION%204169%20DE%202007.pdf HTTP/1.1" 200 340560
186.28.252.178 - - [21/Jul/2016:06:56:21 -0500] "GET /galeria/galeria/jquery.fancybox.js?v=2.1.5 HTTP/1.1" 200 48706
186.28.252.178 - - [21/Jul/2016:06:56:21 -0500] "GET /galeria/galeria/jquery.fancybox.css?v=2.1.5 HTTP/1.1" 200 4895
192.168.175.104 - - [21/Jul/2016:06:56:25 -0500] "GET / HTTP/1.1" 200 9990
192.168.175.104 - - [21/Jul/2016:06:56:27 -0500] "GET / HTTP/1.0" 200 9990
104.154.123.1 - - [21/Jul/2016:06:56:30 -0500] "GET /BLA/resoluciones/AUTOS%202012/2005.pdf HTTP/1.1" 200 2899427
186.28.252.178 - - [21/Jul/2016:06:56:30 -0500] "GET /galeria/galeria/fancybox_overlay.png HTTP/1.1" 200 1003
186.28.252.178 - - [21/Jul/2016:06:56:30 -0500] "GET /galeria/galeria/fotos/Huemdal-el-Tunjo1G.jpg HTTP/1.1" 200 393262
186.28.252.178 - - [21/Jul/2016:06:56:30 -0500] "GET /galeria/galeria/fancybox_loading.gif HTTP/1.1" 200 6567
186.28.252.178 - - [21/Jul/2016:06:56:30 -0500] "GET /galeria/galeria/fancybox_sprite.png HTTP/1.1" 200 1362
186.28.252.177 - - [21/Jul/2016:06:56:36 -0500] "GET /galeria/galeria/fancybox_overlay.png HTTP/1.1" 200 1003
186.28.252.177 - - [21/Jul/2016:06:56:36 -0500] "GET /galeria/galeria/fancybox_sprite.png HTTP/1.1" 200 1362
186.28.252.177 - - [21/Jul/2016:06:56:36 -0500] "GET /galeria/galeria/fancybox_loading.gif HTTP/1.1" 200 6567
186.28.252.177 - - [21/Jul/2016:06:56:36 -0500] "GET /galeria/galeria/fotos/Humedal-la-conejera3G.jpg HTTP/1.1" 200 373974
66.249.64.165 - - [21/Jul/2016:06:56:37 -0500] "GET /BLA/resoluciones/RESOLUCIONES%202007/RES%202007%202301%20AL%202400/RESOLUCION%202400%20DE%202007.pdf HTTP/1.1" 304 -
186.28.252.178 - - [21/Jul/2016:06:56:40 -0500] "GET /galeria/galeria/fotos/Huemdal-el-Tunjo2G.jpg HTTP/1.1" 200 388331
186.28.252.178 - - [21/Jul/2016:06:56:40 -0500] "GET /galeria/galeria/fotos/Huemdal-el-Tunjo4G.jpg HTTP/1.1" 200 327819
186.28.252.178 - - [21/Jul/2016:06:56:40 -0500] "GET /galeria/galeria/fotos/Huemdal-el-Tunjo3G.jpg HTTP/1.1" 200 320385
66.249.64.165 - - [21/Jul/2016:06:56:40 -0500] "GET /BLA/resoluciones/RESOLUCIONES%202007/RES%202007%20701%20AL%20800/RESOLUCION%200768%20DE%202007.pdf HTTP/1.1" 200 182492
186.28.252.178 - - [21/Jul/2016:06:56:40 -0500] "GET /galeria/galeria/blank.gif HTTP/1.1" 200 43
186.28.252.178 - - [21/Jul/2016:06:56:44 -0500] "GET /galeria/mapa/humedal.html? HTTP/1.1" 200 11204
186.28.252.177 - - [21/Jul/2016:06:56:45 -0500] "GET /galeria/galeria/fotos/Humedal-la-conejera1G.jpg HTTP/1.1" 200 340987
