192.168.175.104 - - [21/Jul/2016:00:28:08 -0500] "GET / HTTP/1.1" 200 9990
66.249.64.165 - - [21/Jul/2016:00:28:10 -0500] "GET /BLA/resoluciones/AUTOS%202007/0639.pdf HTTP/1.1" 200 68607
192.168.175.104 - - [21/Jul/2016:00:28:13 -0500] "GET / HTTP/1.0" 200 9990
200.118.243.201 - - [21/Jul/2016:00:28:13 -0500] "GET /galeria/galeria/jquery.fancybox.css?v=2.1.5 HTTP/1.1" 200 4895
200.118.243.201 - - [21/Jul/2016:00:28:13 -0500] "GET /BLA/boletinlegal/js/jquery.scrollShow.js HTTP/1.1" 200 4586
200.118.243.201 - - [21/Jul/2016:00:28:13 -0500] "GET /galeria/galeria/jquery.fancybox.js?v=2.1.5 HTTP/1.1" 200 48706
66.249.64.165 - - [21/Jul/2016:00:28:31 -0500] "GET /BLA/resoluciones/AUTOS%202011/0188.pdf HTTP/1.1" 304 -
192.168.175.104 - - [21/Jul/2016:00:28:45 -0500] "GET / HTTP/1.1" 200 9990
66.249.64.165 - - [21/Jul/2016:00:28:51 -0500] "GET /BLA/resoluciones/AUTOS%202013/1077.pdf HTTP/1.1" 304 -
201.245.192.253 - - [21/Jul/2016:00:28:53 -0500] "POST /forms/lservlet;jsessionid=ac16012b30d6d7b74e4907534e0daea4f6386b2417c2.e3iSbxaKaheRe34Tax0PchuKax90n6jAmljGr5XDqQLvpAe HTTP/1.1" 200 2
200.118.243.201 - - [21/Jul/2016:00:28:58 -0500] "GET /BLA/boletinlegal/js/jquery.scrollShow.js HTTP/1.1" 304 -
200.118.243.201 - - [21/Jul/2016:00:28:58 -0500] "GET /galeria/galeria/jquery.fancybox.css?v=2.1.5 HTTP/1.1" 304 -
200.118.243.201 - - [21/Jul/2016:00:28:58 -0500] "GET /galeria/galeria/jquery.fancybox.js?v=2.1.5 HTTP/1.1" 304 -
66.249.64.165 - - [21/Jul/2016:00:29:02 -0500] "GET /BLA/resoluciones/RESOLUCIONES%202014/2597.pdf HTTP/1.1" 200 275159
181.142.146.101 - - [21/Jul/2016:00:29:08 -0500] "POST /forms/lservlet;jsessionid=ac16012b30d6e17fe838984d4f239499e779764a5139.e3iSbxaKaheRe34Tax0PchuKax90n6jAmljGr5XDqQLvpAe HTTP/1.1" 200 2
66.249.64.165 - - [21/Jul/2016:00:29:17 -0500] "GET /BLA/resoluciones/AUTOS%202011/2105.pdf HTTP/1.1" 304 -
66.249.64.187 - - [21/Jul/2016:00:29:55 -0500] "GET /ecodirectorio/files/res/downloads/download_0177.pdf HTTP/1.1" 200 180314
66.249.64.165 - - [21/Jul/2016:00:30:24 -0500] "GET /BLA/resoluciones/RESOLUCIONES%202013/0074%20.pdf HTTP/1.1" 304 -
66.249.64.165 - - [21/Jul/2016:00:30:47 -0500] "GET /BLA/resoluciones/RESOLUCIONES%202010/0303.pdf HTTP/1.1" 200 328028
201.245.192.253 - - [21/Jul/2016:00:30:53 -0500] "POST /forms/lservlet;jsessionid=ac16012b30d6d7b74e4907534e0daea4f6386b2417c2.e3iSbxaKaheRe34Tax0PchuKax90n6jAmljGr5XDqQLvpAe HTTP/1.1" 200 2
181.142.146.101 - - [21/Jul/2016:00:31:08 -0500] "POST /forms/lservlet;jsessionid=ac16012b30d6e17fe838984d4f239499e779764a5139.e3iSbxaKaheRe34Tax0PchuKax90n6jAmljGr5XDqQLvpAe HTTP/1.1" 200 2
66.249.64.165 - - [21/Jul/2016:00:31:31 -0500] "GET /BLA/resoluciones/RESOLUCIONES%202007/RES%202007%202501%20AL%202600/RESOLUCION%202542%20DE%202007.pdf HTTP/1.1" 304 -
66.249.64.165 - - [21/Jul/2016:00:31:39 -0500] "GET /BLA/resoluciones/AUTOS%202013/0653.pdf HTTP/1.1" 200 1103843
69.162.124.232 - - [21/Jul/2016:00:31:42 -0500] "HEAD / HTTP/1.1" 200 -
66.249.64.165 - - [21/Jul/2016:00:32:05 -0500] "GET /BLA/resoluciones/RESOLUCIONES%202007/RES%202007%202201%20AL%202300/RESOLUCION%202297%20DE%202007.pdf HTTP/1.1" 304 -
66.249.64.165 - - [21/Jul/2016:00:32:25 -0500] "GET /BLA/resoluciones/AUTOS%202013/0198.pdf HTTP/1.1" 304 -
164.132.161.26 - - [21/Jul/2016:00:32:31 -0500] "GET /BLA/resoluciones/RESOLUCIONES%202005/RES%202005%20851-900/00000891.tif HTTP/1.1" 200 142758
66.249.64.165 - - [21/Jul/2016:00:32:32 -0500] "GET /BLA/resoluciones/RESOLUCIONES%202008/5055.pdf HTTP/1.1" 200 250569
51.255.65.94 - - [21/Jul/2016:00:32:38 -0500] "GET /BLA/resoluciones/RESOLUCIONES%202003/RES%202003%20351-400/355.tif HTTP/1.1" 200 232736
201.245.192.253 - - [21/Jul/2016:00:32:54 -0500] "POST /forms/lservlet;jsessionid=ac16012b30d6d7b74e4907534e0daea4f6386b2417c2.e3iSbxaKaheRe34Tax0PchuKax90n6jAmljGr5XDqQLvpAe HTTP/1.1" 200 2
192.168.175.104 - - [21/Jul/2016:00:33:06 -0500] "GET / HTTP/1.1" 200 9990
181.142.146.101 - - [21/Jul/2016:00:33:09 -0500] "POST /forms/lservlet;jsessionid=ac16012b30d6e17fe838984d4f239499e779764a5139.e3iSbxaKaheRe34Tax0PchuKax90n6jAmljGr5XDqQLvpAe HTTP/1.1" 200 2
66.249.64.165 - - [21/Jul/2016:00:33:11 -0500] "GET /galeria/nivo-slider/demo/images/banner-llantas2.jpg HTTP/1.1" 304 -
192.168.175.104 - - [21/Jul/2016:00:33:12 -0500] "GET / HTTP/1.0" 200 9990
66.249.64.165 - - [21/Jul/2016:00:33:24 -0500] "GET /BLA/resoluciones/AUTOS%202010/2424.pdf HTTP/1.1" 200 1460038
192.168.175.104 - - [21/Jul/2016:00:33:44 -0500] "GET / HTTP/1.1" 200 9990
66.249.64.165 - - [21/Jul/2016:00:33:58 -0500] "GET /BLA/resoluciones/AUTOS%202014/5962.pdf HTTP/1.1" 304 -
186.68.128.205 - - [21/Jul/2016:00:34:05 -0500] "GET /galeria/galeria/jquery.fancybox.css?v=2.1.5 HTTP/1.1" 200 4895
186.68.128.205 - - [21/Jul/2016:00:34:05 -0500] "GET /galeria/galeria/jquery.fancybox.js?v=2.1.5 HTTP/1.1" 200 48706
186.68.128.205 - - [21/Jul/2016:00:34:05 -0500] "GET /BLA/boletinlegal/js/jquery.scrollShow.js HTTP/1.1" 200 4586
66.249.64.165 - - [21/Jul/2016:00:34:16 -0500] "GET /BLA/resoluciones/RESOLUCIONES%202008/3357.pdf HTTP/1.1" 200 133398
66.249.64.165 - - [21/Jul/2016:00:34:32 -0500] "GET /BLA/resoluciones/AUTOS%202013/1075.pdf HTTP/1.1" 304 -
186.68.128.205 - - [21/Jul/2016:00:34:34 -0500] "GET /galeria/galeria/jquery.fancybox.css?v=2.1.5 HTTP/1.1" 304 -
186.68.128.205 - - [21/Jul/2016:00:34:34 -0500] "GET /BLA/boletinlegal/js/jquery.scrollShow.js HTTP/1.1" 304 -
186.68.128.205 - - [21/Jul/2016:00:34:34 -0500] "GET /galeria/galeria/jquery.fancybox.js?v=2.1.5 HTTP/1.1" 304 -
66.249.64.165 - - [21/Jul/2016:00:34:38 -0500] "GET /BLA/resoluciones/RESOLUCIONES%202007/RES%202007%20701%20AL%20800/RESOLUCION%200705%20DE%202007.pdf HTTP/1.1" 304 -
66.249.64.165 - - [21/Jul/2016:00:34:45 -0500] "GET /BLA/resoluciones/AUTOS%202013/0201.pdf HTTP/1.1" 304 -
201.245.192.253 - - [21/Jul/2016:00:34:54 -0500] "POST /forms/lservlet;jsessionid=ac16012b30d6d7b74e4907534e0daea4f6386b2417c2.e3iSbxaKaheRe34Tax0PchuKax90n6jAmljGr5XDqQLvpAe HTTP/1.1" 200 2
181.142.146.101 - - [21/Jul/2016:00:35:09 -0500] "POST /forms/lservlet;jsessionid=ac16012b30d6e17fe838984d4f239499e779764a5139.e3iSbxaKaheRe34Tax0PchuKax90n6jAmljGr5XDqQLvpAe HTTP/1.1" 200 2
66.249.64.165 - - [21/Jul/2016:00:35:09 -0500] "GET /BLA/resoluciones/RESOLUCIONES%202009/8919.pdf HTTP/1.1" 200 347835
66.249.64.165 - - [21/Jul/2016:00:35:25 -0500] "GET /autoliquidacion/TR%C3%81MITES%20VERTIMIENTOS/PERMISOS%20DE%20VERTIMIENTOS/ANEXO%203.%20LISTA%20DE%20CHEQUEO%20PERMISO%20VERT.%20ALCANTARILLADO.pdf HTTP/1.1" 304 -
66.249.64.165 - - [21/Jul/2016:00:35:32 -0500] "GET /BLA/resoluciones/RESOLUCIONES%202013/0883.pdf HTTP/1.1" 304 -
66.249.64.165 - - [21/Jul/2016:00:35:45 -0500] "GET /BLA/resoluciones/AUTOS%202013/1593.pdf HTTP/1.1" 304 -
66.249.64.165 - - [21/Jul/2016:00:35:52 -0500] "GET /BLA/resoluciones/RESOLUCIONES%202009/4800.pdf HTTP/1.1" 304 -
66.249.64.165 - - [21/Jul/2016:00:35:59 -0500] "GET /BLA/resoluciones/RESOLUCIONES%202011/4062.pdf HTTP/1.1" 304 -
66.249.64.165 - - [21/Jul/2016:00:36:01 -0500] "GET /BLA/resoluciones/RESOLUCIONES%202010/7468.pdf HTTP/1.1" 200 276505
66.249.64.165 - - [21/Jul/2016:00:36:05 -0500] "GET /BLA/resoluciones/AUTOS%202012/1781.pdf HTTP/1.1" 304 -
66.249.64.165 - - [21/Jul/2016:00:36:19 -0500] "GET /BLA/resoluciones/AUTOS%202013/2086.pdf HTTP/1.1" 304 -
66.249.64.165 - - [21/Jul/2016:00:36:25 -0500] "GET /BLA/resoluciones/RESOLUCIONES%202014/1564.pdf HTTP/1.1" 304 -
66.249.69.168 - - [21/Jul/2016:00:36:32 -0500] "GET /BLA/resoluciones/AUTOS%202015/0631.pdf HTTP/1.1" 200 492635
66.249.64.165 - - [21/Jul/2016:00:36:39 -0500] "GET /BLA/resoluciones/RESOLUCIONES%202010/5757.pdf HTTP/1.1" 304 -
69.162.124.232 - - [21/Jul/2016:00:36:42 -0500] "HEAD / HTTP/1.1" 200 -
66.249.64.165 - - [21/Jul/2016:00:36:53 -0500] "GET /BLA/resoluciones/RESOLUCIONES%202009/4007.pdf HTTP/1.1" 200 501251
201.245.192.253 - - [21/Jul/2016:00:36:54 -0500] "POST /forms/lservlet;jsessionid=ac16012b30d6d7b74e4907534e0daea4f6386b2417c2.e3iSbxaKaheRe34Tax0PchuKax90n6jAmljGr5XDqQLvpAe HTTP/1.1" 200 2
181.142.146.101 - - [21/Jul/2016:00:37:09 -0500] "POST /forms/lservlet;jsessionid=ac16012b30d6e17fe838984d4f239499e779764a5139.e3iSbxaKaheRe34Tax0PchuKax90n6jAmljGr5XDqQLvpAe HTTP/1.1" 200 2
190.26.210.162 - - [21/Jul/2016:00:37:25 -0500] "GET /galeria/nivo-slider/demo/ HTTP/1.1" 200 2951
66.249.64.165 - - [21/Jul/2016:00:37:32 -0500] "GET /BLA/resoluciones/RESOLUCIONES%202012/1297.pdf HTTP/1.1" 304 -
190.238.43.53 - - [21/Jul/2016:00:37:44 -0500] "GET /galeria/galeria/jquery.fancybox.css?v=2.1.5 HTTP/1.1" 200 4895
190.238.43.53 - - [21/Jul/2016:00:37:44 -0500] "GET /galeria/galeria/jquery.fancybox.js?v=2.1.5 HTTP/1.1" 200 48706
190.238.43.53 - - [21/Jul/2016:00:37:44 -0500] "GET /BLA/boletinlegal/js/jquery.scrollShow.js HTTP/1.1" 200 4586
66.249.64.165 - - [21/Jul/2016:00:37:46 -0500] "GET /BLA/resoluciones/AUTOS%202013/2476.pdf HTTP/1.1" 200 512310
66.249.64.165 - - [21/Jul/2016:00:37:52 -0500] "GET /BLA/resoluciones/RESOLUCIONES%202007/RES%202007%201401%20AL%201500/RESOLUCION%201406%20DE%202007.pdf HTTP/1.1" 304 -
192.168.175.104 - - [21/Jul/2016:00:38:04 -0500] "GET / HTTP/1.1" 200 9990
66.249.64.165 - - [21/Jul/2016:00:38:06 -0500] "GET /sia/ HTTP/1.1" 304 -
192.168.175.104 - - [21/Jul/2016:00:38:10 -0500] "GET / HTTP/1.0" 200 9990
181.50.26.228 - - [21/Jul/2016:00:38:16 -0500] "GET /galeria/galeria/jquery.fancybox.css?v=2.1.5 HTTP/1.1" 200 4895
181.50.26.228 - - [21/Jul/2016:00:38:16 -0500] "GET /BLA/boletinlegal/js/jquery.scrollShow.js HTTP/1.1" 200 4586
181.50.26.228 - - [21/Jul/2016:00:38:16 -0500] "GET /galeria/galeria/jquery.fancybox.js?v=2.1.5 HTTP/1.1" 200 48706
191.95.251.34 - - [21/Jul/2016:00:38:19 -0500] "GET /galeria/galeria/jquery.fancybox.css?v=2.1.5 HTTP/1.1" 200 4895
66.249.64.165 - - [21/Jul/2016:00:38:19 -0500] "GET /BLA/resoluciones/AUTOS%202010/0853.pdf HTTP/1.1" 304 -
191.95.251.34 - - [21/Jul/2016:00:38:19 -0500] "GET /BLA/boletinlegal/js/jquery.scrollShow.js HTTP/1.1" 200 4586
191.95.251.34 - - [21/Jul/2016:00:38:19 -0500] "GET /galeria/galeria/jquery.fancybox.js?v=2.1.5 HTTP/1.1" 200 48706
181.50.26.228 - - [21/Jul/2016:00:38:22 -0500] "GET /BLA/boletinlegal/js/jquery.scrollShow.js HTTP/1.1" 304 -
181.50.26.228 - - [21/Jul/2016:00:38:22 -0500] "GET /galeria/galeria/jquery.fancybox.js?v=2.1.5 HTTP/1.1" 304 -
181.50.26.228 - - [21/Jul/2016:00:38:22 -0500] "GET /galeria/galeria/jquery.fancybox.css?v=2.1.5 HTTP/1.1" 304 -
66.249.64.165 - - [21/Jul/2016:00:38:38 -0500] "GET /BLA/resoluciones/RESOLUCIONES%202007/RES%202007%20601%20AL%20700/RESOLUCION%200685%20DE%202007.pdf HTTP/1.1" 200 663115
192.168.175.104 - - [21/Jul/2016:00:38:43 -0500] "GET / HTTP/1.1" 200 9990
66.249.64.165 - - [21/Jul/2016:00:38:52 -0500] "GET /BLA/resoluciones/RESOLUCIONES%202010/5720.pdf HTTP/1.1" 304 -
201.245.192.253 - - [21/Jul/2016:00:38:54 -0500] "POST /forms/lservlet;jsessionid=ac16012b30d6d7b74e4907534e0daea4f6386b2417c2.e3iSbxaKaheRe34Tax0PchuKax90n6jAmljGr5XDqQLvpAe HTTP/1.1" 200 2
181.142.146.101 - - [21/Jul/2016:00:39:09 -0500] "POST /forms/lservlet;jsessionid=ac16012b30d6e17fe838984d4f239499e779764a5139.e3iSbxaKaheRe34Tax0PchuKax90n6jAmljGr5XDqQLvpAe HTTP/1.1" 200 2
66.249.64.165 - - [21/Jul/2016:00:39:30 -0500] "GET /BLA/resoluciones/AUTOS%202015/1429.pdf HTTP/1.1" 200 547031
66.249.64.148 - - [21/Jul/2016:00:39:40 -0500] "GET /dama/libreria/pdf/reportesredaire/anuales/1999.pdf HTTP/1.1" 404 1015
186.113.59.37 - - [21/Jul/2016:00:40:00 -0500] "GET /galeria/carrusel/Carrusel/jquery-ui-1.8.13.custom.min.js HTTP/1.1" 200 10800
186.113.59.37 - - [21/Jul/2016:00:40:00 -0500] "GET /galeria/carrusel/Carrusel/jquery.thumbnailScroller.css HTTP/1.1" 200 2066
186.113.59.37 - - [21/Jul/2016:00:40:00 -0500] "GET /galeria/carrusel/Carrusel/jquery.thumbnailScroller.js HTTP/1.1" 200 8157
186.113.59.37 - - [21/Jul/2016:00:40:01 -0500] "GET /galeria/nivo-slider/demo/demo.html HTTP/1.1" 200 4730
186.113.59.37 - - [21/Jul/2016:00:40:01 -0500] "GET /galeria/nivo-slider/themes/pascal/pascal.css HTTP/1.1" 200 2258
186.113.59.37 - - [21/Jul/2016:00:40:01 -0500] "GET /galeria/nivo-slider/themes/default/default.css HTTP/1.1" 200 1569
186.113.59.37 - - [21/Jul/2016:00:40:01 -0500] "GET /galeria/nivo-slider/themes/orman/orman.css HTTP/1.1" 200 2152
186.113.59.37 - - [21/Jul/2016:00:40:01 -0500] "GET /galeria/nivo-slider/nivo-slider.css HTTP/1.1" 200 1507
186.113.59.37 - - [21/Jul/2016:00:40:01 -0500] "GET /galeria/nivo-slider/demo/style.css HTTP/1.1" 200 2222
186.113.59.37 - - [21/Jul/2016:00:40:01 -0500] "GET /galeria/nivo-slider/demo/scripts/jquery-1.7.1.min.js HTTP/1.1" 200 93868
186.113.59.37 - - [21/Jul/2016:00:40:01 -0500] "GET /galeria/nivo-slider/jquery.nivo.slider.pack.js HTTP/1.1" 200 11561
186.113.59.37 - - [21/Jul/2016:00:40:01 -0500] "GET /galeria/nivo-slider/demo/images/SUPERCADECRA30.jpg HTTP/1.1" 200 127549
186.113.59.37 - - [21/Jul/2016:00:40:02 -0500] "GET /galeria/nivo-slider/demo/images/SUPERCADESUBA.jpg HTTP/1.1" 200 127509
186.113.59.37 - - [21/Jul/2016:00:40:02 -0500] "GET /galeria/nivo-slider/demo/images/convocatoriasecretaria.jpg HTTP/1.1" 200 129365
186.113.59.37 - - [21/Jul/2016:00:40:02 -0500] "GET /galeria/nivo-slider/demo/images/BANNERVISORGEOGRAFICO.jpg HTTP/1.1" 200 78514
186.113.59.37 - - [21/Jul/2016:00:40:02 -0500] "GET /galeria/nivo-slider/demo/images/4Simple_Slider.png HTTP/1.1" 200 11722
186.113.59.37 - - [21/Jul/2016:00:40:02 -0500] "GET /galeria/nivo-slider/themes/default/loading.gif HTTP/1.1" 200 1737
186.113.59.37 - - [21/Jul/2016:00:40:02 -0500] "GET /galeria/nivo-slider/demo/images/BANNERCONFORMACIONGESTIONAMBIENTAL.jpg HTTP/1.1" 200 161009
186.113.59.37 - - [21/Jul/2016:00:40:02 -0500] "GET /galeria/nivo-slider/demo/images/vegetal.jpg HTTP/1.1" 200 216080
186.113.59.37 - - [21/Jul/2016:00:40:03 -0500] "GET /galeria/nivo-slider/demo/images/bannergenCAPACITACIONES-01.jpg HTTP/1.1" 200 153433
186.113.59.37 - - [21/Jul/2016:00:40:03 -0500] "GET /galeria/nivo-slider/demo/images/BANNERMADERALEGAL.jpg HTTP/1.1" 200 165750
186.113.59.37 - - [21/Jul/2016:00:40:03 -0500] "GET /galeria/nivo-slider/demo/images/Banner_wgic.jpg HTTP/1.1" 200 139000
186.113.59.37 - - [21/Jul/2016:00:40:03 -0500] "GET /galeria/nivo-slider/demo/images/ABC-Plan-de-contigencia.jpg HTTP/1.1" 200 423901
186.113.59.37 - - [21/Jul/2016:00:40:04 -0500] "GET /galeria/nivo-slider/demo/images/ACOPIADORESYGESTORES.jpg HTTP/1.1" 200 118791
186.113.59.37 - - [21/Jul/2016:00:40:04 -0500] "GET /galeria/nivo-slider/demo/images/caminata-ecologica.jpg HTTP/1.1" 200 192926
186.113.59.37 - - [21/Jul/2016:00:40:06 -0500] "GET /galeria/nivo-slider/demo/images/Cmapana-onestidad.jpg HTTP/1.1" 200 141638
186.113.59.37 - - [21/Jul/2016:00:40:06 -0500] "GET /galeria/nivo-slider/demo/images/banner-llantas2.jpg HTTP/1.1" 200 234514
186.113.59.37 - - [21/Jul/2016:00:40:06 -0500] "GET /galeria/nivo-slider/demo/images/9Signos.jpg HTTP/1.1" 200 81776
186.113.59.37 - - [21/Jul/2016:00:40:08 -0500] "GET /galeria/nivo-slider/demo/images/Ruta-vertimientos-01.jpg HTTP/1.1" 200 130151
186.113.59.37 - - [21/Jul/2016:00:40:08 -0500] "GET /galeria/nivo-slider/demo/images/bolsas-06.jpg HTTP/1.1" 200 210950
186.113.59.37 - - [21/Jul/2016:00:40:10 -0500] "GET /galeria/nivo-slider/themes/default/arrows.png HTTP/1.1" 200 824
186.113.59.37 - - [21/Jul/2016:00:40:11 -0500] "GET /galeria/nivo-slider/themes/default/bullets.png HTTP/1.1" 200 1281
66.249.64.165 - - [21/Jul/2016:00:40:23 -0500] "GET /BLA/resoluciones/RESOLUCIONES%202011/4855.pdf HTTP/1.1" 200 335293
201.245.192.253 - - [21/Jul/2016:00:40:55 -0500] "POST /forms/lservlet;jsessionid=ac16012b30d6d7b74e4907534e0daea4f6386b2417c2.e3iSbxaKaheRe34Tax0PchuKax90n6jAmljGr5XDqQLvpAe HTTP/1.1" 200 2
181.142.146.101 - - [21/Jul/2016:00:41:09 -0500] "POST /forms/lservlet;jsessionid=ac16012b30d6e17fe838984d4f239499e779764a5139.e3iSbxaKaheRe34Tax0PchuKax90n6jAmljGr5XDqQLvpAe HTTP/1.1" 200 2
69.162.124.232 - - [21/Jul/2016:00:41:42 -0500] "HEAD / HTTP/1.1" 200 -
66.249.69.185 - - [21/Jul/2016:00:41:44 -0500] "GET / HTTP/1.1" 200 9990
66.249.64.165 - - [21/Jul/2016:00:42:09 -0500] "GET /BLA/resoluciones/RESOLUCIONES%202007/RES%202007%20401%20AL%20500/RESOLUCION%200401%20DE%202007.pdf HTTP/1.1" 200 908502
201.245.192.253 - - [21/Jul/2016:00:42:55 -0500] "POST /forms/lservlet;jsessionid=ac16012b30d6d7b74e4907534e0daea4f6386b2417c2.e3iSbxaKaheRe34Tax0PchuKax90n6jAmljGr5XDqQLvpAe HTTP/1.1" 200 2
192.168.175.104 - - [21/Jul/2016:00:43:02 -0500] "GET / HTTP/1.1" 200 9990
192.168.175.104 - - [21/Jul/2016:00:43:08 -0500] "GET / HTTP/1.0" 200 9990
181.142.146.101 - - [21/Jul/2016:00:43:09 -0500] "POST /forms/lservlet;jsessionid=ac16012b30d6e17fe838984d4f239499e779764a5139.e3iSbxaKaheRe34Tax0PchuKax90n6jAmljGr5XDqQLvpAe HTTP/1.1" 200 2
192.168.175.104 - - [21/Jul/2016:00:43:42 -0500] "GET / HTTP/1.1" 200 9990
66.249.64.187 - - [21/Jul/2016:00:43:52 -0500] "GET /Anexos%20estudio%20Organizacional%20SDA/ANEXO%20No.%203-%20CONTRATACI%C3%93N%20%20OPS%C2%B4s%202008-2012/CONTRATOS%20SDA%202011%20POR%20DEPENDENCIA.xls HTTP/1.1" 200 433152
181.142.146.101 - - [21/Jul/2016:00:43:56 -0500] "POST /forms/lservlet;jsessionid=ac16012b30d6e17fe838984d4f239499e779764a5139.e3iSbxaKaheRe34Tax0PchuKax90n6jAmljGr5XDqQLvpAe HTTP/1.1" 200 426
181.142.146.101 - - [21/Jul/2016:00:43:59 -0500] "POST /forms/lservlet;jsessionid=ac16012b30d6e17fe838984d4f239499e779764a5139.e3iSbxaKaheRe34Tax0PchuKax90n6jAmljGr5XDqQLvpAe HTTP/1.1" 200 52
181.142.146.101 - - [21/Jul/2016:00:44:07 -0500] "POST /forms/lservlet;jsessionid=ac16012b30d6e17fe838984d4f239499e779764a5139.e3iSbxaKaheRe34Tax0PchuKax90n6jAmljGr5XDqQLvpAe HTTP/1.1" 200 24
181.142.146.101 - - [21/Jul/2016:00:44:07 -0500] "POST /forms/lservlet;jsessionid=ac16012b30d6e17fe838984d4f239499e779764a5139.e3iSbxaKaheRe34Tax0PchuKax90n6jAmljGr5XDqQLvpAe HTTP/1.1" 200 14
181.142.146.101 - - [21/Jul/2016:00:44:09 -0500] "POST /forms/lservlet;jsessionid=ac16012b30d6e17fe838984d4f239499e779764a5139.e3iSbxaKaheRe34Tax0PchuKax90n6jAmljGr5XDqQLvpAe HTTP/1.1" 200 14
181.142.146.101 - - [21/Jul/2016:00:44:10 -0500] "POST /forms/lservlet;jsessionid=ac16012b30d6e17fe838984d4f239499e779764a5139.e3iSbxaKaheRe34Tax0PchuKax90n6jAmljGr5XDqQLvpAe HTTP/1.1" 200 14
181.142.146.101 - - [21/Jul/2016:00:44:11 -0500] "POST /forms/lservlet;jsessionid=ac16012b30d6e17fe838984d4f239499e779764a5139.e3iSbxaKaheRe34Tax0PchuKax90n6jAmljGr5XDqQLvpAe HTTP/1.1" 200 14
181.142.146.101 - - [21/Jul/2016:00:44:13 -0500] "POST /forms/lservlet;jsessionid=ac16012b30d6e17fe838984d4f239499e779764a5139.e3iSbxaKaheRe34Tax0PchuKax90n6jAmljGr5XDqQLvpAe HTTP/1.1" 200 15
181.142.146.101 - - [21/Jul/2016:00:44:16 -0500] "POST /forms/lservlet;jsessionid=ac16012b30d6e17fe838984d4f239499e779764a5139.e3iSbxaKaheRe34Tax0PchuKax90n6jAmljGr5XDqQLvpAe HTTP/1.1" 200 15
66.249.69.171 - - [21/Jul/2016:00:44:17 -0500] "GET /BLA/resoluciones/RESOLUCIONES%202010/7648.pdf HTTP/1.1" 304 -
181.142.146.101 - - [21/Jul/2016:00:44:20 -0500] "POST /forms/lservlet;jsessionid=ac16012b30d6e17fe838984d4f239499e779764a5139.e3iSbxaKaheRe34Tax0PchuKax90n6jAmljGr5XDqQLvpAe HTTP/1.1" 200 15
181.142.146.101 - - [21/Jul/2016:00:44:28 -0500] "POST /forms/lservlet;jsessionid=ac16012b30d6e17fe838984d4f239499e779764a5139.e3iSbxaKaheRe34Tax0PchuKax90n6jAmljGr5XDqQLvpAe HTTP/1.1" 200 3694
181.142.146.101 - - [21/Jul/2016:00:44:28 -0500] "POST /forms/lservlet;jsessionid=ac16012b30d6e17fe838984d4f239499e779764a5139.e3iSbxaKaheRe34Tax0PchuKax90n6jAmljGr5XDqQLvpAe HTTP/1.1" 200 20
181.142.146.101 - - [21/Jul/2016:00:44:47 -0500] "POST /forms/lservlet;jsessionid=ac16012b30d6e17fe838984d4f239499e779764a5139.e3iSbxaKaheRe34Tax0PchuKax90n6jAmljGr5XDqQLvpAe HTTP/1.1" 200 2
181.142.146.101 - - [21/Jul/2016:00:44:47 -0500] "POST /forms/lservlet;jsessionid=ac16012b30d6e17fe838984d4f239499e779764a5139.e3iSbxaKaheRe34Tax0PchuKax90n6jAmljGr5XDqQLvpAe HTTP/1.1" 200 3074
181.142.146.101 - - [21/Jul/2016:00:44:48 -0500] "POST /forms/lservlet;jsessionid=ac16012b30d6e17fe838984d4f239499e779764a5139.e3iSbxaKaheRe34Tax0PchuKax90n6jAmljGr5XDqQLvpAe HTTP/1.1" 200 2
181.142.146.101 - - [21/Jul/2016:00:44:49 -0500] "POST /forms/lservlet;jsessionid=ac16012b30d6e17fe838984d4f239499e779764a5139.e3iSbxaKaheRe34Tax0PchuKax90n6jAmljGr5XDqQLvpAe HTTP/1.1" 200 2
181.142.146.101 - - [21/Jul/2016:00:44:49 -0500] "POST /forms/lservlet;jsessionid=ac16012b30d6e17fe838984d4f239499e779764a5139.e3iSbxaKaheRe34Tax0PchuKax90n6jAmljGr5XDqQLvpAe HTTP/1.1" 200 14
181.142.146.101 - - [21/Jul/2016:00:44:50 -0500] "POST /forms/lservlet;jsessionid=ac16012b30d6e17fe838984d4f239499e779764a5139.e3iSbxaKaheRe34Tax0PchuKax90n6jAmljGr5XDqQLvpAe HTTP/1.1" 200 2986
181.142.146.101 - - [21/Jul/2016:00:44:50 -0500] "POST /forms/lservlet;jsessionid=ac16012b30d6e17fe838984d4f239499e779764a5139.e3iSbxaKaheRe34Tax0PchuKax90n6jAmljGr5XDqQLvpAe HTTP/1.1" 200 2
181.142.146.101 - - [21/Jul/2016:00:44:51 -0500] "POST /forms/lservlet;jsessionid=ac16012b30d6e17fe838984d4f239499e779764a5139.e3iSbxaKaheRe34Tax0PchuKax90n6jAmljGr5XDqQLvpAe HTTP/1.1" 200 2
181.142.146.101 - - [21/Jul/2016:00:44:51 -0500] "POST /forms/lservlet;jsessionid=ac16012b30d6e17fe838984d4f239499e779764a5139.e3iSbxaKaheRe34Tax0PchuKax90n6jAmljGr5XDqQLvpAe HTTP/1.1" 200 14
181.142.146.101 - - [21/Jul/2016:00:44:52 -0500] "POST /forms/lservlet;jsessionid=ac16012b30d6e17fe838984d4f239499e779764a5139.e3iSbxaKaheRe34Tax0PchuKax90n6jAmljGr5XDqQLvpAe HTTP/1.1" 200 3276
181.142.146.101 - - [21/Jul/2016:00:44:53 -0500] "POST /forms/lservlet;jsessionid=ac16012b30d6e17fe838984d4f239499e779764a5139.e3iSbxaKaheRe34Tax0PchuKax90n6jAmljGr5XDqQLvpAe HTTP/1.1" 200 2
181.142.146.101 - - [21/Jul/2016:00:44:54 -0500] "POST /forms/lservlet;jsessionid=ac16012b30d6e17fe838984d4f239499e779764a5139.e3iSbxaKaheRe34Tax0PchuKax90n6jAmljGr5XDqQLvpAe HTTP/1.1" 200 2
181.142.146.101 - - [21/Jul/2016:00:44:54 -0500] "POST /forms/lservlet;jsessionid=ac16012b30d6e17fe838984d4f239499e779764a5139.e3iSbxaKaheRe34Tax0PchuKax90n6jAmljGr5XDqQLvpAe HTTP/1.1" 200 3011
181.142.146.101 - - [21/Jul/2016:00:44:54 -0500] "POST /forms/lservlet;jsessionid=ac16012b30d6e17fe838984d4f239499e779764a5139.e3iSbxaKaheRe34Tax0PchuKax90n6jAmljGr5XDqQLvpAe HTTP/1.1" 200 2
201.245.192.253 - - [21/Jul/2016:00:44:55 -0500] "POST /forms/lservlet;jsessionid=ac16012b30d6d7b74e4907534e0daea4f6386b2417c2.e3iSbxaKaheRe34Tax0PchuKax90n6jAmljGr5XDqQLvpAe HTTP/1.1" 200 2
186.154.34.160 - - [21/Jul/2016:00:45:06 -0500] "GET /BLA/resoluciones/RESOLUCIONES%202011/0218.pdf HTTP/1.1" 200 268552
186.154.34.160 - - [21/Jul/2016:00:45:07 -0500] "GET /favicon.ico HTTP/1.1" 200 7782
66.249.64.165 - - [21/Jul/2016:00:45:37 -0500] "GET /BLA/resoluciones/AUTOS%202014/2903.pdf HTTP/1.1" 200 2374819
181.142.146.101 - - [21/Jul/2016:00:45:39 -0500] "POST /forms/lservlet;jsessionid=ac16012b30d6e17fe838984d4f239499e779764a5139.e3iSbxaKaheRe34Tax0PchuKax90n6jAmljGr5XDqQLvpAe HTTP/1.1" 200 2
181.142.146.101 - - [21/Jul/2016:00:45:39 -0500] "POST /forms/lservlet;jsessionid=ac16012b30d6e17fe838984d4f239499e779764a5139.e3iSbxaKaheRe34Tax0PchuKax90n6jAmljGr5XDqQLvpAe HTTP/1.1" 200 2
104.154.123.142 - - [21/Jul/2016:00:45:39 -0500] "GET /BLA/resoluciones/RESOLUCIONES%202007/RES%202007%20101%20AL%20200/RESOLUCION%200139%20%20DE%202007.pdf HTTP/1.1" 200 341360
181.142.146.101 - - [21/Jul/2016:00:45:39 -0500] "POST /forms/lservlet;jsessionid=ac16012b30d6e17fe838984d4f239499e779764a5139.e3iSbxaKaheRe34Tax0PchuKax90n6jAmljGr5XDqQLvpAe HTTP/1.1" 200 14
181.142.146.101 - - [21/Jul/2016:00:45:40 -0500] "POST /forms/lservlet;jsessionid=ac16012b30d6e17fe838984d4f239499e779764a5139.e3iSbxaKaheRe34Tax0PchuKax90n6jAmljGr5XDqQLvpAe HTTP/1.1" 200 2845
181.142.146.101 - - [21/Jul/2016:00:45:41 -0500] "POST /forms/lservlet;jsessionid=ac16012b30d6e17fe838984d4f239499e779764a5139.e3iSbxaKaheRe34Tax0PchuKax90n6jAmljGr5XDqQLvpAe HTTP/1.1" 200 2
66.249.64.165 - - [21/Jul/2016:00:45:55 -0500] "GET /galeria/nivo-slider/demo/images/bannergenCAPACITACIONES-01.jpg HTTP/1.1" 304 -
190.9.195.252 - - [21/Jul/2016:00:46:20 -0500] "GET /galeria/galeria/jquery.fancybox.css?v=2.1.5 HTTP/1.1" 200 4895
190.9.195.252 - - [21/Jul/2016:00:46:20 -0500] "GET /BLA/boletinlegal/js/jquery.scrollShow.js HTTP/1.1" 200 4586
190.9.195.252 - - [21/Jul/2016:00:46:20 -0500] "GET /galeria/galeria/jquery.fancybox.js?v=2.1.5 HTTP/1.1" 200 48706
69.162.124.232 - - [21/Jul/2016:00:46:42 -0500] "HEAD / HTTP/1.1" 200 -
190.9.195.252 - - [21/Jul/2016:00:46:42 -0500] "GET /galeria/galeria/jquery.fancybox.js?v=2.1.5 HTTP/1.1" 304 -
190.9.195.252 - - [21/Jul/2016:00:46:42 -0500] "GET /BLA/boletinlegal/js/jquery.scrollShow.js HTTP/1.1" 304 -
190.9.195.252 - - [21/Jul/2016:00:46:42 -0500] "GET /galeria/galeria/jquery.fancybox.css?v=2.1.5 HTTP/1.1" 304 -
66.249.64.165 - - [21/Jul/2016:00:46:43 -0500] "GET /BLA/resoluciones/RESOLUCIONES%202008/4250.pdf HTTP/1.1" 200 593042
201.245.192.253 - - [21/Jul/2016:00:46:55 -0500] "POST /forms/lservlet;jsessionid=ac16012b30d6d7b74e4907534e0daea4f6386b2417c2.e3iSbxaKaheRe34Tax0PchuKax90n6jAmljGr5XDqQLvpAe HTTP/1.1" 200 2
181.142.146.101 - - [21/Jul/2016:00:47:09 -0500] "POST /forms/lservlet;jsessionid=ac16012b30d6e17fe838984d4f239499e779764a5139.e3iSbxaKaheRe34Tax0PchuKax90n6jAmljGr5XDqQLvpAe HTTP/1.1" 200 2
190.158.117.20 - - [21/Jul/2016:00:47:20 -0500] "GET /BLA/resoluciones/RESOLUCIONES%202014/1460.pdf HTTP/1.1" 200 519400
192.168.175.104 - - [21/Jul/2016:00:47:59 -0500] "GET / HTTP/1.1" 200 9990
192.168.175.104 - - [21/Jul/2016:00:48:06 -0500] "GET / HTTP/1.0" 200 9990
192.168.175.104 - - [21/Jul/2016:00:48:39 -0500] "GET / HTTP/1.1" 200 9990
201.245.192.253 - - [21/Jul/2016:00:48:55 -0500] "POST /forms/lservlet;jsessionid=ac16012b30d6d7b74e4907534e0daea4f6386b2417c2.e3iSbxaKaheRe34Tax0PchuKax90n6jAmljGr5XDqQLvpAe HTTP/1.1" 200 2
66.249.64.165 - - [21/Jul/2016:00:49:06 -0500] "GET /BLA/resoluciones/RESOLUCIONES%202007/RES%202007%202501%20AL%202600/RESOLUCION%202587%20DE%202007.pdf HTTP/1.1" 200 196619
181.142.146.101 - - [21/Jul/2016:00:49:09 -0500] "POST /forms/lservlet;jsessionid=ac16012b30d6e17fe838984d4f239499e779764a5139.e3iSbxaKaheRe34Tax0PchuKax90n6jAmljGr5XDqQLvpAe HTTP/1.1" 200 2
66.249.69.171 - - [21/Jul/2016:00:49:19 -0500] "GET /BLA/resoluciones/RESOLUCIONES%202009/4946.pdf HTTP/1.1" 200 643996
104.154.123.93 - - [21/Jul/2016:00:49:37 -0500] "GET /BLA/resoluciones/AUTOS%202015/0208.pdf HTTP/1.1" 200 521950
186.84.4.65 - - [21/Jul/2016:00:49:56 -0500] "GET /galeria/galeria/jquery.fancybox.css?v=2.1.5 HTTP/1.1" 200 4895
157.55.39.19 - - [21/Jul/2016:00:50:15 -0500] "GET /robots.txt HTTP/1.1" 404 1018
186.84.4.65 - - [21/Jul/2016:00:50:43 -0500] "GET /galeria/galeria/jquery.fancybox.css?v=2.1.5 HTTP/1.1" 200 4895
66.249.64.165 - - [21/Jul/2016:00:50:51 -0500] "GET /BLA/resoluciones/RESOLUCIONES%202007/RES%202007%204201%20AL%204300/RESOLUCION%204272%20DE%202007.pdf HTTP/1.1" 200 162335
201.245.192.253 - - [21/Jul/2016:00:50:56 -0500] "POST /forms/lservlet;jsessionid=ac16012b30d6d7b74e4907534e0daea4f6386b2417c2.e3iSbxaKaheRe34Tax0PchuKax90n6jAmljGr5XDqQLvpAe HTTP/1.1" 200 2
66.249.64.165 - - [21/Jul/2016:00:50:57 -0500] "GET /BLA/resoluciones/RESOLUCIONES%202009/2863.pdf HTTP/1.1" 200 537674
181.142.146.101 - - [21/Jul/2016:00:51:09 -0500] "POST /forms/lservlet;jsessionid=ac16012b30d6e17fe838984d4f239499e779764a5139.e3iSbxaKaheRe34Tax0PchuKax90n6jAmljGr5XDqQLvpAe HTTP/1.1" 200 2
66.249.64.165 - - [21/Jul/2016:00:51:28 -0500] "GET /BLA/resoluciones/RESOLUCIONES%202009/0584.pdf HTTP/1.1" 200 334633
69.162.124.232 - - [21/Jul/2016:00:51:42 -0500] "HEAD / HTTP/1.1" 200 -
104.154.123.21 - - [21/Jul/2016:00:51:49 -0500] "GET /BLA/resoluciones/AUTOS%202008/2757.pdf HTTP/1.1" 200 132935
66.249.64.165 - - [21/Jul/2016:00:52:18 -0500] "GET /galeria/nivo-slider/demo/images/bolsas-06.jpg HTTP/1.1" 304 -
66.249.64.165 - - [21/Jul/2016:00:52:35 -0500] "GET /BLA/resoluciones/AUTOS%202008/2395.pdf HTTP/1.1" 200 125004
181.49.79.96 - - [21/Jul/2016:00:52:37 -0500] "GET /galeria/galeria/jquery.fancybox.css?v=2.1.5 HTTP/1.1" 200 4895
181.49.79.96 - - [21/Jul/2016:00:52:37 -0500] "GET /BLA/boletinlegal/js/jquery.scrollShow.js HTTP/1.1" 200 4586
181.49.79.96 - - [21/Jul/2016:00:52:37 -0500] "GET /galeria/galeria/jquery.fancybox.js?v=2.1.5 HTTP/1.1" 200 48706
181.49.79.96 - - [21/Jul/2016:00:52:38 -0500] "GET /galeria/carrusel/Carrusel/jquery.thumbnailScroller.css HTTP/1.1" 200 2066
181.49.79.96 - - [21/Jul/2016:00:52:42 -0500] "GET /galeria/carrusel/Carrusel/jquery-ui-1.8.13.custom.min.js HTTP/1.1" 200 10800
181.49.79.96 - - [21/Jul/2016:00:52:43 -0500] "GET /galeria/carrusel/Carrusel/jquery.thumbnailScroller.js HTTP/1.1" 200 8157
181.49.79.96 - - [21/Jul/2016:00:52:44 -0500] "GET /galeria/nivo-slider/demo/demo.html HTTP/1.1" 200 4730
181.49.79.96 - - [21/Jul/2016:00:52:45 -0500] "GET /galeria/nivo-slider/themes/default/default.css HTTP/1.1" 200 1569
181.49.79.96 - - [21/Jul/2016:00:52:45 -0500] "GET /galeria/nivo-slider/themes/orman/orman.css HTTP/1.1" 200 2152
181.49.79.96 - - [21/Jul/2016:00:52:45 -0500] "GET /galeria/nivo-slider/themes/pascal/pascal.css HTTP/1.1" 200 2258
181.49.79.96 - - [21/Jul/2016:00:52:45 -0500] "GET /galeria/nivo-slider/nivo-slider.css HTTP/1.1" 200 1507
181.49.79.96 - - [21/Jul/2016:00:52:45 -0500] "GET /galeria/nivo-slider/demo/style.css HTTP/1.1" 200 2222
181.49.79.96 - - [21/Jul/2016:00:52:45 -0500] "GET /galeria/nivo-slider/demo/scripts/jquery-1.7.1.min.js HTTP/1.1" 200 93868
181.49.79.96 - - [21/Jul/2016:00:52:45 -0500] "GET /galeria/nivo-slider/demo/images/SUPERCADECRA30.jpg HTTP/1.1" 200 127549
181.49.79.96 - - [21/Jul/2016:00:52:45 -0500] "GET /galeria/nivo-slider/jquery.nivo.slider.pack.js HTTP/1.1" 200 11561
181.49.79.96 - - [21/Jul/2016:00:52:45 -0500] "GET /galeria/nivo-slider/demo/images/SUPERCADESUBA.jpg HTTP/1.1" 200 127509
181.49.79.96 - - [21/Jul/2016:00:52:45 -0500] "GET /galeria/nivo-slider/demo/images/convocatoriasecretaria.jpg HTTP/1.1" 200 129365
51.255.65.13 - - [21/Jul/2016:00:52:47 -0500] "GET /BLA/resoluciones/AUTOS%202006/AUTOS%202006%201001-1100/00001007.tif HTTP/1.1" 200 54658
181.49.79.96 - - [21/Jul/2016:00:52:47 -0500] "GET /galeria/nivo-slider/demo/images/BANNERVISORGEOGRAFICO.jpg HTTP/1.1" 200 78514
181.49.79.96 - - [21/Jul/2016:00:52:52 -0500] "GET /galeria/nivo-slider/demo/images/4Simple_Slider.png HTTP/1.1" 200 11722
181.49.79.96 - - [21/Jul/2016:00:52:52 -0500] "GET /galeria/nivo-slider/themes/default/loading.gif HTTP/1.1" 200 1737
181.49.79.96 - - [21/Jul/2016:00:52:52 -0500] "GET /galeria/nivo-slider/demo/images/BANNERCONFORMACIONGESTIONAMBIENTAL.jpg HTTP/1.1" 200 161009
181.49.79.96 - - [21/Jul/2016:00:52:52 -0500] "GET /galeria/nivo-slider/demo/images/vegetal.jpg HTTP/1.1" 200 216080
181.49.79.96 - - [21/Jul/2016:00:52:53 -0500] "GET /galeria/nivo-slider/demo/images/bannergenCAPACITACIONES-01.jpg HTTP/1.1" 200 153433
201.245.192.253 - - [21/Jul/2016:00:52:56 -0500] "POST /forms/lservlet;jsessionid=ac16012b30d6d7b74e4907534e0daea4f6386b2417c2.e3iSbxaKaheRe34Tax0PchuKax90n6jAmljGr5XDqQLvpAe HTTP/1.1" 200 2
181.49.79.96 - - [21/Jul/2016:00:52:56 -0500] "GET /galeria/nivo-slider/demo/images/BANNERMADERALEGAL.jpg HTTP/1.1" 200 165750
181.49.79.96 - - [21/Jul/2016:00:52:57 -0500] "GET /galeria/nivo-slider/demo/images/Banner_wgic.jpg HTTP/1.1" 200 139000
192.168.175.104 - - [21/Jul/2016:00:52:57 -0500] "GET / HTTP/1.1" 200 9990
181.49.79.96 - - [21/Jul/2016:00:53:00 -0500] "GET /galeria/nivo-slider/demo/images/ABC-Plan-de-contigencia.jpg HTTP/1.1" 200 423901
192.168.175.104 - - [21/Jul/2016:00:53:04 -0500] "GET / HTTP/1.0" 200 9990
181.49.79.96 - - [21/Jul/2016:00:53:05 -0500] "GET /galeria/nivo-slider/demo/images/ACOPIADORESYGESTORES.jpg HTTP/1.1" 200 118791
181.49.79.96 - - [21/Jul/2016:00:53:05 -0500] "GET /galeria/nivo-slider/demo/images/caminata-ecologica.jpg HTTP/1.1" 200 192926
181.142.146.101 - - [21/Jul/2016:00:53:09 -0500] "POST /forms/lservlet;jsessionid=ac16012b30d6e17fe838984d4f239499e779764a5139.e3iSbxaKaheRe34Tax0PchuKax90n6jAmljGr5XDqQLvpAe HTTP/1.1" 200 2
181.49.79.96 - - [21/Jul/2016:00:53:12 -0500] "GET /galeria/nivo-slider/demo/images/Cmapana-onestidad.jpg HTTP/1.1" 200 141638
181.49.79.96 - - [21/Jul/2016:00:53:16 -0500] "GET /galeria/nivo-slider/demo/images/banner-llantas2.jpg HTTP/1.1" 200 234514
104.154.123.148 - - [21/Jul/2016:00:53:16 -0500] "GET /BLA/resoluciones/AUTOS%202013/0928.pdf HTTP/1.1" 200 1620905
181.49.79.96 - - [21/Jul/2016:00:53:21 -0500] "GET /galeria/nivo-slider/demo/images/9Signos.jpg HTTP/1.1" 200 81776
181.49.79.96 - - [21/Jul/2016:00:53:22 -0500] "GET /galeria/nivo-slider/demo/images/Ruta-vertimientos-01.jpg HTTP/1.1" 200 130151
181.49.79.96 - - [21/Jul/2016:00:53:23 -0500] "GET /galeria/nivo-slider/demo/images/bolsas-06.jpg HTTP/1.1" 200 210950
66.249.64.165 - - [21/Jul/2016:00:53:28 -0500] "GET /BLA/resoluciones/RESOLUCIONES%202009/3789.pdf HTTP/1.1" 200 404188
104.154.123.176 - - [21/Jul/2016:00:53:29 -0500] "GET /BLA/resoluciones/RESOLUCIONES%202007/RES%202007%201001%20AL%201100/RESOLUCION%201093%20DE%202007.pdf HTTP/1.1" 200 216351
181.49.79.96 - - [21/Jul/2016:00:53:34 -0500] "GET /galeria/nivo-slider/themes/default/arrows.png HTTP/1.1" 200 824
181.49.79.96 - - [21/Jul/2016:00:53:34 -0500] "GET /galeria/nivo-slider/themes/default/bullets.png HTTP/1.1" 200 1281
192.168.175.104 - - [21/Jul/2016:00:53:37 -0500] "GET / HTTP/1.1" 200 9990
104.154.123.148 - - [21/Jul/2016:00:53:48 -0500] "GET /BLA/resoluciones/AUTOS%202008/0170.pdf HTTP/1.1" 200 105433
190.121.143.125 - - [21/Jul/2016:00:54:08 -0500] "GET /BLA/resoluciones/RESOLUCIONES%202007/RES%202007%202901%20AL%203000/RESOLUCION%202905%20DE%202007.pdf HTTP/1.1" 200 382558
190.121.143.125 - - [21/Jul/2016:00:54:09 -0500] "GET /favicon.ico HTTP/1.1" 200 7782
190.121.143.125 - - [21/Jul/2016:00:54:09 -0500] "GET /BLA/resoluciones/RESOLUCIONES%202007/RES%202007%202901%20AL%203000/RESOLUCION%202905%20DE%202007.pdf HTTP/1.1" 206 368230
66.249.64.165 - - [21/Jul/2016:00:54:20 -0500] "GET /BLA/resoluciones/AUTOS%202007/0572.pdf HTTP/1.1" 200 114148
104.154.123.176 - - [21/Jul/2016:00:54:52 -0500] "GET /BLA/resoluciones/AUTOS%202014/3937.pdf HTTP/1.1" 200 532242
201.245.192.253 - - [21/Jul/2016:00:54:56 -0500] "POST /forms/lservlet;jsessionid=ac16012b30d6d7b74e4907534e0daea4f6386b2417c2.e3iSbxaKaheRe34Tax0PchuKax90n6jAmljGr5XDqQLvpAe HTTP/1.1" 200 2
181.142.146.101 - - [21/Jul/2016:00:55:09 -0500] "POST /forms/lservlet;jsessionid=ac16012b30d6e17fe838984d4f239499e779764a5139.e3iSbxaKaheRe34Tax0PchuKax90n6jAmljGr5XDqQLvpAe HTTP/1.1" 200 2
104.154.123.21 - - [21/Jul/2016:00:55:17 -0500] "GET /BLA/resoluciones/AUTOS%202015/5316.pdf HTTP/1.1" 200 738505
66.249.64.165 - - [21/Jul/2016:00:55:22 -0500] "GET /BLA/resoluciones/RESOLUCIONES%202011/5113.pdf HTTP/1.1" 200 240507
104.154.123.146 - - [21/Jul/2016:00:55:28 -0500] "GET /BLA/resoluciones/AUTOS%202013/0945.pdf HTTP/1.1" 200 1712448
104.154.123.110 - - [21/Jul/2016:00:55:43 -0500] "GET /BLA/resoluciones/AUTOS%202012/2838.pdf HTTP/1.1" 200 370813
104.154.123.110 - - [21/Jul/2016:00:56:05 -0500] "GET /BLA/resoluciones/AUTOS%202014/6239.pdf HTTP/1.1" 200 566927
104.154.123.71 - - [21/Jul/2016:00:56:35 -0500] "GET /BLA/resoluciones/RESOLUCIONES%202012/1898.pdf HTTP/1.1" 200 2832821
69.162.124.232 - - [21/Jul/2016:00:56:42 -0500] "HEAD / HTTP/1.1" 200 -
104.154.123.184 - - [21/Jul/2016:00:56:47 -0500] "GET /ecodirectorio/files/res/downloads/download_0095.pdf HTTP/1.1" 200 170520
201.245.192.253 - - [21/Jul/2016:00:56:56 -0500] "POST /forms/lservlet;jsessionid=ac16012b30d6d7b74e4907534e0daea4f6386b2417c2.e3iSbxaKaheRe34Tax0PchuKax90n6jAmljGr5XDqQLvpAe HTTP/1.1" 200 2
104.154.123.146 - - [21/Jul/2016:00:57:04 -0500] "GET /BLA/resoluciones/AUTOS%202013/1651.pdf HTTP/1.1" 200 163731
104.154.123.177 - - [21/Jul/2016:00:57:07 -0500] "GET /BLA/resoluciones/AUTOS%202014/0620.pdf HTTP/1.1" 200 555056
104.154.123.151 - - [21/Jul/2016:00:57:09 -0500] "GET /BLA/boletinlegal/Circulares/2011/Circular%20No.%205%20del%2014%20de%20Julio%20de%202011.pdf HTTP/1.1" 200 1488992
181.142.146.101 - - [21/Jul/2016:00:57:09 -0500] "POST /forms/lservlet;jsessionid=ac16012b30d6e17fe838984d4f239499e779764a5139.e3iSbxaKaheRe34Tax0PchuKax90n6jAmljGr5XDqQLvpAe HTTP/1.1" 200 2
104.154.123.176 - - [21/Jul/2016:00:57:17 -0500] "GET /BLA/resoluciones/AUTOS%202014/5893.pdf HTTP/1.1" 200 228436
194.1.194.62 - - [21/Jul/2016:00:57:33 -0500] "GET /dama/libreria/php/imagenes/10.jpg HTTP/1.1" 404 1019
194.1.194.62 - - [21/Jul/2016:00:57:34 -0500] "GET /dama/libreria/php/imagenes/10.jpg HTTP/1.1" 404 1019
104.154.123.177 - - [21/Jul/2016:00:57:35 -0500] "GET /BLA/resoluciones/AUTOS%202012/2018.pdf HTTP/1.1" 200 297796
104.154.123.200 - - [21/Jul/2016:00:57:36 -0500] "GET /BLA/resoluciones/RESOLUCIONES%202014/2418.pdf HTTP/1.1" 200 460271
66.249.64.189 - - [21/Jul/2016:00:57:50 -0500] "GET /ecodirectorio/files/res/downloads/download_0178.pdf HTTP/1.1" 200 222813
192.168.175.104 - - [21/Jul/2016:00:57:55 -0500] "GET / HTTP/1.1" 200 9990
104.154.123.16 - - [21/Jul/2016:00:57:56 -0500] "GET /BLA/resoluciones/RESOLUCIONES%202008/3881.pdf HTTP/1.1" 200 193091
192.168.175.104 - - [21/Jul/2016:00:58:02 -0500] "GET / HTTP/1.0" 200 9990
104.154.123.120 - - [21/Jul/2016:00:58:12 -0500] "GET /BLA/resoluciones/RESOLUCIONES%202012/1879.pdf HTTP/1.1" 200 1809484
104.154.123.101 - - [21/Jul/2016:00:58:15 -0500] "GET /BLA/resoluciones/RESOLUCIONES%202011/1660.pdf HTTP/1.1" 200 289947
104.154.123.9 - - [21/Jul/2016:00:58:17 -0500] "GET /BLA/resoluciones/RESOLUCIONES%202012/0314.pdf HTTP/1.1" 200 182424
192.168.175.104 - - [21/Jul/2016:00:58:35 -0500] "GET / HTTP/1.1" 200 9990
66.249.64.165 - - [21/Jul/2016:00:58:40 -0500] "GET /galeria/nivo-slider/demo/images/vegetal.jpg HTTP/1.1" 304 -
104.154.123.4 - - [21/Jul/2016:00:58:41 -0500] "GET /BLA/resoluciones/RESOLUCIONES%202010/7875.pdf HTTP/1.1" 200 1545333
66.249.64.165 - - [21/Jul/2016:00:58:43 -0500] "GET /BLA/resoluciones/RESOLUCIONES%202007/RES%202007%204201%20AL%204300/RESOLUCION%204297%20DE%202007.pdf HTTP/1.1" 200 365223
201.245.192.253 - - [21/Jul/2016:00:58:57 -0500] "POST /forms/lservlet;jsessionid=ac16012b30d6d7b74e4907534e0daea4f6386b2417c2.e3iSbxaKaheRe34Tax0PchuKax90n6jAmljGr5XDqQLvpAe HTTP/1.1" 200 2
104.154.123.175 - - [21/Jul/2016:00:58:59 -0500] "GET /BLA/resoluciones/RESOLUCIONES%202007/RES%202007%204301%20AL%204352/RESOLUCION%204350%20DE%202007.pdf HTTP/1.1" 200 630772
104.154.123.156 - - [21/Jul/2016:00:59:06 -0500] "GET /BLA/resoluciones/AUTOS%202009/0551.pdf HTTP/1.1" 200 127250
181.142.146.101 - - [21/Jul/2016:00:59:09 -0500] "POST /forms/lservlet;jsessionid=ac16012b30d6e17fe838984d4f239499e779764a5139.e3iSbxaKaheRe34Tax0PchuKax90n6jAmljGr5XDqQLvpAe HTTP/1.1" 200 2
104.154.123.148 - - [21/Jul/2016:00:59:20 -0500] "GET /BLA/resoluciones/RESOLUCIONES%202008/4315.pdf HTTP/1.1" 200 220390
66.249.64.165 - - [21/Jul/2016:00:59:34 -0500] "GET /BLA/resoluciones/Notificaciones/REGISTROS%202015/0386.doc HTTP/1.1" 200 199680
144.76.61.21 - - [21/Jul/2016:01:00:14 -0500] "GET /robots.txt HTTP/1.0" 404 1019
144.76.61.21 - - [21/Jul/2016:01:00:16 -0500] "GET /galeria/galeria/fotos/Humedal-Santa-Mar%C3%ADa-del-Lago1G.jpg HTTP/1.1" 200 290867
104.154.123.190 - - [21/Jul/2016:01:00:18 -0500] "GET /BLA/resoluciones/RESOLUCIONES%202011/3684.pdf HTTP/1.1" 200 338005
144.76.61.21 - - [21/Jul/2016:01:00:18 -0500] "GET /galeria/galeria/fotos/Humedal-Santa-Mar%C3%ADa-del-Lago1P.jpg HTTP/1.1" 200 26912
45.121.31.71 - - [21/Jul/2016:01:00:18 -0500] "GET /wp-login.php HTTP/1.1" 404 1019
144.76.61.21 - - [21/Jul/2016:01:00:21 -0500] "GET /galeria/galeria/fotos/Humedal-Santa-Mar%C3%ADa-del-Lago2G.jpg HTTP/1.1" 200 313606
144.76.61.21 - - [21/Jul/2016:01:00:23 -0500] "GET /galeria/galeria/fotos/Humedal-Santa-Mar%C3%ADa-del-Lago2P.jpg HTTP/1.1" 200 37138
144.76.61.21 - - [21/Jul/2016:01:00:25 -0500] "GET /galeria/galeria/fotos/Humedal-Santa-Mar%C3%ADa-del-Lago3G.jpg HTTP/1.1" 200 271832
144.76.61.21 - - [21/Jul/2016:01:00:27 -0500] "GET /galeria/galeria/fotos/Humedal-Santa-Mar%C3%ADa-del-Lago3P.jpg HTTP/1.1" 200 30161
66.249.64.165 - - [21/Jul/2016:01:00:27 -0500] "GET /BLA/resoluciones/AUTOS%202015/2478.pdf HTTP/1.1" 200 544746
144.76.61.21 - - [21/Jul/2016:01:00:29 -0500] "GET /galeria/galeria/fotos/Humedal-Santa-Mar%C3%ADa-del-Lago4G.jpg HTTP/1.1" 200 361652
144.76.61.21 - - [21/Jul/2016:01:00:31 -0500] "GET /galeria/galeria/fotos/Humedal-Santa-Mar%C3%ADa-del-Lago4P.jpg HTTP/1.1" 200 33121
104.154.123.121 - - [21/Jul/2016:01:00:32 -0500] "GET /BLA/resoluciones/RESOLUCIONES%202007/RES%202007%201501%20AL%201600/RESOLUCION%201538%20DE%202007.pdf HTTP/1.1" 200 424837
144.76.61.21 - - [21/Jul/2016:01:00:35 -0500] "GET /galeria/mapa/3MapaBogot%C3%A1.jpg HTTP/1.1" 200 688183
144.76.61.21 - - [21/Jul/2016:01:00:38 -0500] "GET /galeria/mapa2/3MapaBogot%C3%A1.jpg HTTP/1.1" 200 641419
144.76.61.21 - - [21/Jul/2016:01:00:40 -0500] "GET /galeria/nivo-slider/demo/images/Banner-Participaci%C3%B3n-PYBA_sep.jpg HTTP/1.1" 200 172916
104.154.123.26 - - [21/Jul/2016:01:00:41 -0500] "GET /BLA/resoluciones/AUTOS%202012/0800.pdf HTTP/1.1" 200 157832
144.76.61.21 - - [21/Jul/2016:01:00:42 -0500] "GET /galeria/nivo-slider/demo/images/Campa%C3%B1a-Incendios-Forestales.jpg HTTP/1.1" 200 239800
144.76.61.21 - - [21/Jul/2016:01:00:45 -0500] "GET /galeria/nivo-slider/demo/images/Encuentro-Orqu%C3%ADdeas01.jpg HTTP/1.1" 200 86179
144.76.61.21 - - [21/Jul/2016:01:00:48 -0500] "GET /galeria/nivo-slider/demo/images/Encuentro-Orqu%C3%ADdeas02.jpg HTTP/1.1" 200 85602
144.76.61.21 - - [21/Jul/2016:01:00:51 -0500] "GET /galeria/nivo-slider/demo/images/Ni%C3%B1os01.jpg HTTP/1.1" 200 143176
144.76.61.21 - - [21/Jul/2016:01:00:53 -0500] "GET /galeria/nivo-slider/demo/images/Ni%C3%B1os02.jpg HTTP/1.1" 200 152461
104.154.123.142 - - [21/Jul/2016:01:00:54 -0500] "GET /BLA/resoluciones/AUTOS%202012/1175.pdf HTTP/1.1" 200 152310
144.76.61.21 - - [21/Jul/2016:01:00:55 -0500] "GET /galeria/nivo-slider/demo/images/Ni%C3%B1os03.jpg HTTP/1.1" 200 164616
201.245.192.253 - - [21/Jul/2016:01:00:57 -0500] "POST /forms/lservlet;jsessionid=ac16012b30d6d7b74e4907534e0daea4f6386b2417c2.e3iSbxaKaheRe34Tax0PchuKax90n6jAmljGr5XDqQLvpAe HTTP/1.1" 200 2
144.76.61.21 - - [21/Jul/2016:01:00:59 -0500] "GET /galeria/nivo-slider/demo/images/Ni%C3%B1osCafam1_1.jpg HTTP/1.1" 200 199527
104.154.123.156 - - [21/Jul/2016:01:01:00 -0500] "GET /BLA/resoluciones/RESOLUCIONES%202010/0215.pdf HTTP/1.1" 200 541675
144.76.61.21 - - [21/Jul/2016:01:01:01 -0500] "GET /galeria/nivo-slider/demo/images/Ni%C3%B1osCafam2_1.jpg HTTP/1.1" 200 182432
104.154.123.175 - - [21/Jul/2016:01:01:03 -0500] "GET /BLA/resoluciones/AUTOS%202007/0868.pdf HTTP/1.1" 200 126365
144.76.61.21 - - [21/Jul/2016:01:01:03 -0500] "GET /galeria/nivo-slider/demo/images/Ni%C3%B1osCafam3_1.jpg HTTP/1.1" 200 167996
144.76.61.21 - - [21/Jul/2016:01:01:07 -0500] "GET /galeria/nivo-slider/demo/images/Premiaci%C3%B3nJBB.png HTTP/1.1" 200 258352
181.142.146.101 - - [21/Jul/2016:01:01:09 -0500] "POST /forms/lservlet;jsessionid=ac16012b30d6e17fe838984d4f239499e779764a5139.e3iSbxaKaheRe34Tax0PchuKax90n6jAmljGr5XDqQLvpAe HTTP/1.1" 200 2
144.76.61.21 - - [21/Jul/2016:01:01:09 -0500] "GET /galeria/nivo-slider/demo/images/adqusici%C3%B3n.jpg HTTP/1.1" 200 187798
36.83.124.157 - - [21/Jul/2016:01:01:10 -0500] "GET /wp-login.php HTTP/1.1" 404 1019
144.76.61.21 - - [21/Jul/2016:01:01:12 -0500] "GET /galeria/nivo-slider/demo/images/bannerApag%C3%B3n.jpg HTTP/1.1" 200 53747
144.76.61.21 - - [21/Jul/2016:01:01:16 -0500] "GET /galeria/nivo-slider/demo/images/no-atenci%C3%B3n.jpg HTTP/1.1" 200 104993
66.249.64.165 - - [21/Jul/2016:01:01:19 -0500] "GET /BLA/resoluciones/AUTOS%202015/0478.pdf HTTP/1.1" 200 176702
66.249.64.165 - - [21/Jul/2016:01:01:41 -0500] "GET /BLA/resoluciones/AUTOS%202012/0533.pdf HTTP/1.1" 200 697006
69.162.124.232 - - [21/Jul/2016:01:01:42 -0500] "HEAD / HTTP/1.1" 200 -
181.49.79.96 - - [21/Jul/2016:01:02:00 -0500] "GET /BLA/boletinlegal/js/jquery.scrollShow.js HTTP/1.1" 304 -
181.49.79.96 - - [21/Jul/2016:01:02:00 -0500] "GET /galeria/galeria/jquery.fancybox.js?v=2.1.5 HTTP/1.1" 304 -
181.49.79.96 - - [21/Jul/2016:01:02:00 -0500] "GET /galeria/galeria/jquery.fancybox.css?v=2.1.5 HTTP/1.1" 304 -
104.154.123.190 - - [21/Jul/2016:01:02:25 -0500] "GET /BLA/resoluciones/RESOLUCIONES%202014/0990.pdf HTTP/1.1" 200 1104687
181.49.95.51 - - [21/Jul/2016:01:02:30 -0500] "GET /dama/libreria/jpg/ecosistemas/aulas/aa2_1.jpg HTTP/1.1" 404 1315
104.154.123.158 - - [21/Jul/2016:01:02:45 -0500] "GET /BLA/resoluciones/RESOLUCIONES%202014/2796.pdf HTTP/1.1" 200 279064
104.154.123.141 - - [21/Jul/2016:01:02:48 -0500] "GET /BLA/resoluciones/RESOLUCIONES%202009/7905.pdf HTTP/1.1" 200 534693
192.168.175.104 - - [21/Jul/2016:01:02:53 -0500] "GET / HTTP/1.1" 200 9990
104.154.123.26 - - [21/Jul/2016:01:02:54 -0500] "GET /BLA/resoluciones/AUTOS%202013/1308.pdf HTTP/1.1" 200 1736677
201.245.192.253 - - [21/Jul/2016:01:02:57 -0500] "POST /forms/lservlet;jsessionid=ac16012b30d6d7b74e4907534e0daea4f6386b2417c2.e3iSbxaKaheRe34Tax0PchuKax90n6jAmljGr5XDqQLvpAe HTTP/1.1" 200 2
186.155.126.115 - - [21/Jul/2016:01:02:59 -0500] "GET /galeria/mapa/3MapaBogot%C3%A1.jpg HTTP/1.1" 200 688183
192.168.175.104 - - [21/Jul/2016:01:03:01 -0500] "GET / HTTP/1.0" 200 9990
104.154.123.175 - - [21/Jul/2016:01:03:03 -0500] "GET /BLA/resoluciones/RESOLUCIONES%202007/RES%202007%203101%20AL%203200/RESOLUCION%203109%20%20DE%202007.pdf HTTP/1.1" 200 574201
104.154.123.9 - - [21/Jul/2016:01:03:05 -0500] "GET /ecodirectorio/files/res/downloads/download_0077.pdf HTTP/1.1" 200 159075
104.154.123.52 - - [21/Jul/2016:01:03:07 -0500] "GET /BLA/resoluciones/RESOLUCIONES%202014/1941.pdf HTTP/1.1" 200 613523
181.142.146.101 - - [21/Jul/2016:01:03:09 -0500] "POST /forms/lservlet;jsessionid=ac16012b30d6e17fe838984d4f239499e779764a5139.e3iSbxaKaheRe34Tax0PchuKax90n6jAmljGr5XDqQLvpAe HTTP/1.1" 200 2
104.154.123.175 - - [21/Jul/2016:01:03:09 -0500] "GET /BLA/resoluciones/AUTOS%202010/7276.pdf HTTP/1.1" 200 155796
104.154.123.93 - - [21/Jul/2016:01:03:15 -0500] "GET /BLA/resoluciones/RESOLUCIONES%202014/0196.pdf HTTP/1.1" 200 384228
192.168.175.104 - - [21/Jul/2016:01:03:33 -0500] "GET / HTTP/1.1" 200 9990
66.249.64.165 - - [21/Jul/2016:01:03:40 -0500] "GET /BLA/resoluciones/AUTOS%202011/6199.pdf HTTP/1.1" 200 462940
104.154.123.43 - - [21/Jul/2016:01:03:40 -0500] "GET /BLA/resoluciones/RESOLUCIONES%202008/5219.pdf HTTP/1.1" 200 346163
66.249.64.165 - - [21/Jul/2016:01:03:41 -0500] "GET /BLA/resoluciones/RESOLUCIONES%202007/RES%202007%203101%20AL%203200/RESOLUCION%203102%20%20DE%202007.pdf HTTP/1.1" 304 -
104.154.123.23 - - [21/Jul/2016:01:03:46 -0500] "GET /BLA/resoluciones/RESOLUCIONES%202011/1357.pdf HTTP/1.1" 200 64241
186.145.98.193 - - [21/Jul/2016:01:03:48 -0500] "GET /BLA/boletinlegal/js/jquery.scrollShow.js HTTP/1.1" 200 4586
186.145.98.193 - - [21/Jul/2016:01:03:48 -0500] "GET /galeria/galeria/jquery.fancybox.js?v=2.1.5 HTTP/1.1" 200 48706
186.145.98.193 - - [21/Jul/2016:01:03:48 -0500] "GET /galeria/carrusel/Carrusel/jquery.thumbnailScroller.css HTTP/1.1" 200 2066
186.145.98.193 - - [21/Jul/2016:01:03:48 -0500] "GET /galeria/galeria/jquery.fancybox.css?v=2.1.5 HTTP/1.1" 200 4895
186.145.98.193 - - [21/Jul/2016:01:03:48 -0500] "GET /galeria/carrusel/Carrusel/jquery-ui-1.8.13.custom.min.js HTTP/1.1" 200 10800
186.145.98.193 - - [21/Jul/2016:01:03:48 -0500] "GET /galeria/carrusel/Carrusel/jquery.thumbnailScroller.js HTTP/1.1" 200 8157
186.145.98.193 - - [21/Jul/2016:01:03:50 -0500] "GET /galeria/nivo-slider/demo/demo.html HTTP/1.1" 200 4730
186.145.98.193 - - [21/Jul/2016:01:03:50 -0500] "GET /galeria/nivo-slider/themes/pascal/pascal.css HTTP/1.1" 200 2258
186.145.98.193 - - [21/Jul/2016:01:03:50 -0500] "GET /galeria/nivo-slider/themes/default/default.css HTTP/1.1" 200 1569
186.145.98.193 - - [21/Jul/2016:01:03:50 -0500] "GET /galeria/nivo-slider/themes/orman/orman.css HTTP/1.1" 200 2152
186.145.98.193 - - [21/Jul/2016:01:03:50 -0500] "GET /galeria/nivo-slider/nivo-slider.css HTTP/1.1" 200 1507
186.145.98.193 - - [21/Jul/2016:01:03:50 -0500] "GET /galeria/nivo-slider/demo/style.css HTTP/1.1" 200 2222
186.145.98.193 - - [21/Jul/2016:01:03:50 -0500] "GET /galeria/nivo-slider/demo/images/SUPERCADECRA30.jpg HTTP/1.1" 200 127549
186.145.98.193 - - [21/Jul/2016:01:03:50 -0500] "GET /galeria/nivo-slider/demo/images/SUPERCADESUBA.jpg HTTP/1.1" 200 127509
186.145.98.193 - - [21/Jul/2016:01:03:50 -0500] "GET /galeria/nivo-slider/demo/images/convocatoriasecretaria.jpg HTTP/1.1" 200 129365
186.145.98.193 - - [21/Jul/2016:01:03:50 -0500] "GET /galeria/nivo-slider/demo/images/BANNERVISORGEOGRAFICO.jpg HTTP/1.1" 200 78514
186.145.98.193 - - [21/Jul/2016:01:03:50 -0500] "GET /galeria/nivo-slider/demo/images/BANNERCONFORMACIONGESTIONAMBIENTAL.jpg HTTP/1.1" 200 161009
186.145.98.193 - - [21/Jul/2016:01:03:50 -0500] "GET /galeria/nivo-slider/demo/images/bannergenCAPACITACIONES-01.jpg HTTP/1.1" 200 153433
186.145.98.193 - - [21/Jul/2016:01:03:50 -0500] "GET /galeria/nivo-slider/demo/images/vegetal.jpg HTTP/1.1" 200 216080
186.145.98.193 - - [21/Jul/2016:01:03:50 -0500] "GET /galeria/nivo-slider/demo/images/Banner_wgic.jpg HTTP/1.1" 200 139000
186.145.98.193 - - [21/Jul/2016:01:03:50 -0500] "GET /galeria/nivo-slider/demo/images/BANNERMADERALEGAL.jpg HTTP/1.1" 200 165750
186.145.98.193 - - [21/Jul/2016:01:03:50 -0500] "GET /galeria/nivo-slider/demo/images/ABC-Plan-de-contigencia.jpg HTTP/1.1" 200 423901
186.145.98.193 - - [21/Jul/2016:01:03:51 -0500] "GET /galeria/nivo-slider/demo/images/Ruta-vertimientos-01.jpg HTTP/1.1" 200 130151
186.145.98.193 - - [21/Jul/2016:01:03:50 -0500] "GET /galeria/nivo-slider/demo/images/ACOPIADORESYGESTORES.jpg HTTP/1.1" 200 118791
186.145.98.193 - - [21/Jul/2016:01:03:51 -0500] "GET /galeria/nivo-slider/demo/images/bolsas-06.jpg HTTP/1.1" 200 210950
186.145.98.193 - - [21/Jul/2016:01:03:50 -0500] "GET /galeria/nivo-slider/demo/images/9Signos.jpg HTTP/1.1" 200 81776
186.145.98.193 - - [21/Jul/2016:01:03:50 -0500] "GET /galeria/nivo-slider/demo/images/Cmapana-onestidad.jpg HTTP/1.1" 200 141638
