186.145.98.193 - - [21/Jul/2016:01:03:50 -0500] "GET /galeria/nivo-slider/demo/images/banner-llantas2.jpg HTTP/1.1" 200 234514
104.154.123.185 - - [21/Jul/2016:01:03:52 -0500] "GET /BLA/resoluciones/AUTOS%202011/4461.pdf HTTP/1.1" 200 246307
186.145.98.193 - - [21/Jul/2016:01:03:52 -0500] "GET /galeria/nivo-slider/demo/scripts/jquery-1.7.1.min.js HTTP/1.1" 200 93868
186.145.98.193 - - [21/Jul/2016:01:03:52 -0500] "GET /galeria/nivo-slider/jquery.nivo.slider.pack.js HTTP/1.1" 200 11561
66.249.64.165 - - [21/Jul/2016:01:03:52 -0500] "GET /BLA/resoluciones/RESOLUCIONES%202010/5564.pdf HTTP/1.1" 200 506010
186.145.98.193 - - [21/Jul/2016:01:03:50 -0500] "GET /galeria/nivo-slider/demo/images/caminata-ecologica.jpg HTTP/1.1" 200 192926
186.145.98.193 - - [21/Jul/2016:01:03:52 -0500] "GET /galeria/nivo-slider/demo/images/4Simple_Slider.png HTTP/1.1" 200 11722
186.145.98.193 - - [21/Jul/2016:01:03:52 -0500] "GET /galeria/nivo-slider/themes/default/loading.gif HTTP/1.1" 200 1737
186.145.98.193 - - [21/Jul/2016:01:03:54 -0500] "GET /galeria/nivo-slider/themes/default/arrows.png HTTP/1.1" 200 824
186.145.98.193 - - [21/Jul/2016:01:03:55 -0500] "GET /galeria/nivo-slider/themes/default/bullets.png HTTP/1.1" 200 1281
66.249.64.165 - - [21/Jul/2016:01:03:56 -0500] "GET /BLA/resoluciones/RESOLUCIONES%202012/0334.pdf HTTP/1.1" 200 360967
104.154.123.145 - - [21/Jul/2016:01:04:17 -0500] "GET /BLA/resoluciones/AUTOS%202015/6934.pdf HTTP/1.1" 200 704837
104.154.123.156 - - [21/Jul/2016:01:04:25 -0500] "GET /SIG/Gesti%C3%B3n%20Talento%20Humano/126PA01-PR17.pdf HTTP/1.1" 200 58406
186.145.98.193 - - [21/Jul/2016:01:04:34 -0500] "GET /BLA/boletinlegal/js/jquery.scrollShow.js HTTP/1.1" 304 -
186.145.98.193 - - [21/Jul/2016:01:04:34 -0500] "GET /galeria/galeria/jquery.fancybox.css?v=2.1.5 HTTP/1.1" 304 -
186.145.98.193 - - [21/Jul/2016:01:04:34 -0500] "GET /galeria/galeria/jquery.fancybox.js?v=2.1.5 HTTP/1.1" 304 -
104.154.123.169 - - [21/Jul/2016:01:04:41 -0500] "GET /BLA/resoluciones/RESOLUCIONES%202010/7263.pdf HTTP/1.1" 200 266867
66.249.64.165 - - [21/Jul/2016:01:04:48 -0500] "GET /BLA/resoluciones/RESOLUCIONES%202010/4482.pdf HTTP/1.1" 200 330571
104.154.123.144 - - [21/Jul/2016:01:04:52 -0500] "GET /BLA/resoluciones/RESOLUCIONES%202013/2410.pdf HTTP/1.1" 200 683327
201.245.192.253 - - [21/Jul/2016:01:04:57 -0500] "POST /forms/lservlet;jsessionid=ac16012b30d6d7b74e4907534e0daea4f6386b2417c2.e3iSbxaKaheRe34Tax0PchuKax90n6jAmljGr5XDqQLvpAe HTTP/1.1" 200 2
66.249.64.165 - - [21/Jul/2016:01:05:03 -0500] "GET /galeria/nivo-slider/demo/images/ACOPIADORESYGESTORES.jpg HTTP/1.1" 304 -
181.142.146.101 - - [21/Jul/2016:01:05:09 -0500] "POST /forms/lservlet;jsessionid=ac16012b30d6e17fe838984d4f239499e779764a5139.e3iSbxaKaheRe34Tax0PchuKax90n6jAmljGr5XDqQLvpAe HTTP/1.1" 200 2
104.154.123.24 - - [21/Jul/2016:01:05:11 -0500] "GET /BLA/resoluciones/RESOLUCIONES%202009/0529.pdf HTTP/1.1" 200 1280886
104.154.123.166 - - [21/Jul/2016:01:05:15 -0500] "GET /BLA/resoluciones/RESOLUCIONES%202009/1396.pdf HTTP/1.1" 200 3068261
104.154.123.35 - - [21/Jul/2016:01:05:29 -0500] "GET /BLA/resoluciones/AUTOS%202013/0354.pdf HTTP/1.1" 200 1194429
104.154.123.120 - - [21/Jul/2016:01:05:31 -0500] "GET /BLA/resoluciones/RESOLUCIONES%202008/4846.pdf HTTP/1.1" 200 541353
104.154.123.82 - - [21/Jul/2016:01:05:37 -0500] "GET /BLA/resoluciones/AUTOS%202013/1413.pdf HTTP/1.1" 200 563388
66.249.64.165 - - [21/Jul/2016:01:05:41 -0500] "GET /BLA/resoluciones/RESOLUCIONES%202010/4253.pdf HTTP/1.1" 200 630274
104.154.123.141 - - [21/Jul/2016:01:05:59 -0500] "GET /BLA/resoluciones/RESOLUCIONES%202009/6945.pdf HTTP/1.1" 200 263745
104.154.123.200 - - [21/Jul/2016:01:05:59 -0500] "GET /BLA/resoluciones/RESOLUCIONES%202010/6426.pdf HTTP/1.1" 200 552982
104.154.123.68 - - [21/Jul/2016:01:06:04 -0500] "GET /BLA/resoluciones/AUTOS%202013/3335.pdf HTTP/1.1" 200 572188
104.154.123.156 - - [21/Jul/2016:01:06:05 -0500] "GET /BLA/resoluciones/RESOLUCIONES%202009/5893.pdf HTTP/1.1" 200 433823
104.154.123.37 - - [21/Jul/2016:01:06:08 -0500] "GET /BLA/resoluciones/RESOLUCIONES%202009/0269.pdf HTTP/1.1" 200 136084
104.154.123.140 - - [21/Jul/2016:01:06:27 -0500] "GET /BLA/resoluciones/AUTOS%202015/1397.pdf HTTP/1.1" 200 628028
104.154.123.154 - - [21/Jul/2016:01:06:32 -0500] "GET /BLA/resoluciones/RESOLUCIONES%202014/2236.pdf HTTP/1.1" 200 587034
66.249.64.165 - - [21/Jul/2016:01:06:33 -0500] "GET /BLA/resoluciones/RESOLUCIONES%202009/6294.pdf HTTP/1.1" 200 2071060
69.162.124.232 - - [21/Jul/2016:01:06:42 -0500] "HEAD / HTTP/1.1" 200 -
201.245.192.253 - - [21/Jul/2016:01:06:58 -0500] "POST /forms/lservlet;jsessionid=ac16012b30d6d7b74e4907534e0daea4f6386b2417c2.e3iSbxaKaheRe34Tax0PchuKax90n6jAmljGr5XDqQLvpAe HTTP/1.1" 200 2
104.154.123.120 - - [21/Jul/2016:01:06:58 -0500] "GET /BLA/resoluciones/RESOLUCIONES%202014/0326.pdf HTTP/1.1" 200 514055
104.154.123.144 - - [21/Jul/2016:01:07:02 -0500] "GET /BLA/resoluciones/RESOLUCIONES%202010/3833.pdf HTTP/1.1" 200 641381
104.154.123.47 - - [21/Jul/2016:01:07:06 -0500] "GET /BLA/resoluciones/AUTOS%202013/1774.pdf HTTP/1.1" 200 437054
104.154.123.133 - - [21/Jul/2016:01:07:07 -0500] "GET /BLA/resoluciones/AUTOS%202011/6532.pdf HTTP/1.1" 200 167448
104.154.123.22 - - [21/Jul/2016:01:07:14 -0500] "GET /BLA/resoluciones/RESOLUCIONES%202010/0514.pdf HTTP/1.1" 200 373772
104.154.123.22 - - [21/Jul/2016:01:07:28 -0500] "GET /BLA/resoluciones/RESOLUCIONES%202007/RES%202007%203201%20AL%203300/RESOLUCION%203275%20DE%202007.pdf HTTP/1.1" 200 716473
66.249.64.165 - - [21/Jul/2016:01:07:30 -0500] "GET /BLA/resoluciones/AUTOS%202007/2508.pdf HTTP/1.1" 200 350880
181.142.146.101 - - [21/Jul/2016:01:07:31 -0500] "POST /forms/lservlet;jsessionid=ac16012b30d6e17fe838984d4f239499e779764a5139.e3iSbxaKaheRe34Tax0PchuKax90n6jAmljGr5XDqQLvpAe HTTP/1.1" 200 2
66.249.64.165 - - [21/Jul/2016:01:07:37 -0500] "GET /BLA/resoluciones/RESOLUCIONES%202008/0429.pdf HTTP/1.1" 200 328821
104.154.123.33 - - [21/Jul/2016:01:07:43 -0500] "GET /BLA/resoluciones/AUTOS%202012/0531.pdf HTTP/1.1" 200 239302
104.154.123.168 - - [21/Jul/2016:01:07:48 -0500] "GET /BLA/resoluciones/AUTOS%202014/3931.pdf HTTP/1.1" 200 523089
66.249.64.165 - - [21/Jul/2016:01:07:48 -0500] "GET /BLA/resoluciones/AUTOS%202007/0826.pdf HTTP/1.1" 200 97461
192.168.175.104 - - [21/Jul/2016:01:07:52 -0500] "GET / HTTP/1.1" 200 9990
66.249.64.165 - - [21/Jul/2016:01:07:52 -0500] "GET /BLA/resoluciones/AUTOS%202008/0388.pdf HTTP/1.1" 200 244947
192.168.175.104 - - [21/Jul/2016:01:07:59 -0500] "GET / HTTP/1.0" 200 9990
104.154.123.99 - - [21/Jul/2016:01:08:00 -0500] "GET /BLA/resoluciones/RESOLUCIONES%202007/RES%202007%201901%20AL%202000/RESOLUCION%201904%20DE%202007.pdf HTTP/1.1" 200 68825
104.154.123.39 - - [21/Jul/2016:01:08:11 -0500] "GET /BLA/resoluciones/RESOLUCIONES%202007/RES%202007%20901%20AL%201000/RESOLUCION%200913%20DE%202007.pdf HTTP/1.1" 200 682140
66.249.64.165 - - [21/Jul/2016:01:08:12 -0500] "GET /BLA/resoluciones/RESOLUCIONES%202009/9173.pdf HTTP/1.1" 200 437729
66.249.64.165 - - [21/Jul/2016:01:08:18 -0500] "GET /BLA/resoluciones/RESOLUCIONES%202009/0555.pdf HTTP/1.1" 200 711875
66.249.64.165 - - [21/Jul/2016:01:08:19 -0500] "GET /BLA/resoluciones/RESOLUCIONES%202008/1243.pdf HTTP/1.1" 200 996821
66.249.64.165 - - [21/Jul/2016:01:08:22 -0500] "GET /BLA/resoluciones/RESOLUCIONES%202008/5657.pdf HTTP/1.1" 200 503748
104.154.123.177 - - [21/Jul/2016:01:08:25 -0500] "GET /BLA/resoluciones/RESOLUCIONES%202010/0290.pdf HTTP/1.1" 200 531363
66.249.64.165 - - [21/Jul/2016:01:08:25 -0500] "GET /BLA/resoluciones/RESOLUCIONES%202009/1267.pdf HTTP/1.1" 200 569573
104.154.123.172 - - [21/Jul/2016:01:08:29 -0500] "GET /BLA/resoluciones/RESOLUCIONES%202013/2044.pdf HTTP/1.1" 200 1679782
192.168.175.104 - - [21/Jul/2016:01:08:31 -0500] "GET / HTTP/1.1" 200 9990
200.47.156.195 - - [21/Jul/2016:01:08:36 -0500] "GET /BLA/resoluciones/RESOLUCIONES%202008/3873.pdf HTTP/1.1" 200 474983
200.47.156.195 - - [21/Jul/2016:01:08:36 -0500] "GET /favicon.ico HTTP/1.1" 200 7782
66.249.64.165 - - [21/Jul/2016:01:08:38 -0500] "GET /BLA/resoluciones/AUTOS%202007/2064.pdf HTTP/1.1" 200 75123
104.154.123.108 - - [21/Jul/2016:01:08:38 -0500] "GET /BLA/resoluciones/RESOLUCIONES%202013/1733.pdf HTTP/1.1" 200 239189
66.249.64.165 - - [21/Jul/2016:01:08:39 -0500] "GET /BLA/resoluciones/AUTOS%202012/0002.pdf HTTP/1.1" 200 153233
104.154.123.145 - - [21/Jul/2016:01:08:41 -0500] "GET /BLA/resoluciones/AUTOS%202011/7651.pdf HTTP/1.1" 200 324021
104.154.123.68 - - [21/Jul/2016:01:08:44 -0500] "GET /BLA/resoluciones/RESOLUCIONES%202010/7852.pdf HTTP/1.1" 200 114915
104.154.123.106 - - [21/Jul/2016:01:08:44 -0500] "GET /BLA/resoluciones/AUTOS%202009/0972.pdf HTTP/1.1" 200 231209
66.249.64.165 - - [21/Jul/2016:01:08:45 -0500] "GET /BLA/resoluciones/RESOLUCIONES%202009/5450.pdf HTTP/1.1" 200 526087
104.154.123.157 - - [21/Jul/2016:01:08:46 -0500] "GET /BLA/resoluciones/RESOLUCIONES%202007/RES%202007%201801%20AL%201900/RESOLUCION%201874%20DE%202007.pdf HTTP/1.1" 200 456537
104.154.123.107 - - [21/Jul/2016:01:08:48 -0500] "GET /BLA/resoluciones/RESOLUCIONES%202012/1885.pdf HTTP/1.1" 200 6137694
66.249.64.165 - - [21/Jul/2016:01:08:57 -0500] "GET /BLA/resoluciones/RESOLUCIONES%202007/RES%202007%202701%20AL%202800/RESOLUCION%202772%20DE%202007.pdf HTTP/1.1" 200 229735
201.245.192.253 - - [21/Jul/2016:01:08:58 -0500] "POST /forms/lservlet;jsessionid=ac16012b30d6d7b74e4907534e0daea4f6386b2417c2.e3iSbxaKaheRe34Tax0PchuKax90n6jAmljGr5XDqQLvpAe HTTP/1.1" 200 2
104.154.123.190 - - [21/Jul/2016:01:09:09 -0500] "GET /BLA/resoluciones/AUTOS%202008/0153.pdf HTTP/1.1" 200 160119
66.249.64.165 - - [21/Jul/2016:01:09:12 -0500] "GET /BLA/resoluciones/AUTOS%202014/3532.pdf HTTP/1.1" 200 373239
104.154.123.54 - - [21/Jul/2016:01:09:27 -0500] "GET /BLA/resoluciones/AUTOS%202007/0761.pdf HTTP/1.1" 200 188414
104.154.123.47 - - [21/Jul/2016:01:09:28 -0500] "GET /BLA/resoluciones/AUTOS%202012/0466.pdf HTTP/1.1" 200 392956
104.154.123.39 - - [21/Jul/2016:01:09:31 -0500] "GET /BLA/resoluciones/AUTOS%202014/6458.pdf HTTP/1.1" 200 457372
181.142.146.101 - - [21/Jul/2016:01:09:31 -0500] "POST /forms/lservlet;jsessionid=ac16012b30d6e17fe838984d4f239499e779764a5139.e3iSbxaKaheRe34Tax0PchuKax90n6jAmljGr5XDqQLvpAe HTTP/1.1" 200 2
104.154.123.163 - - [21/Jul/2016:01:09:36 -0500] "GET /BLA/resoluciones/RESOLUCIONES%202009/4478.pdf HTTP/1.1" 200 676234
66.249.64.165 - - [21/Jul/2016:01:09:53 -0500] "GET /BLA/resoluciones/AUTOS%202014/3296.pdf HTTP/1.1" 304 -
66.249.64.165 - - [21/Jul/2016:01:10:03 -0500] "GET /BLA/resoluciones/AUTOS%202014/2179.pdf HTTP/1.1" 200 465787
104.154.123.154 - - [21/Jul/2016:01:10:05 -0500] "GET /BLA/resoluciones/RESOLUCIONES%202011/2330.pdf HTTP/1.1" 200 346030
104.154.123.60 - - [21/Jul/2016:01:10:15 -0500] "GET /BLA/resoluciones/RESOLUCIONES%202009/0936.pdf HTTP/1.1" 200 273288
104.154.123.96 - - [21/Jul/2016:01:10:18 -0500] "GET /BLA/resoluciones/RESOLUCIONES%202007/RES%202007%203601%20AL%203700/RESOLUCION%203639%20DE%202007.pdf HTTP/1.1" 200 69795
104.154.123.162 - - [21/Jul/2016:01:10:18 -0500] "GET /BLA/resoluciones/RESOLUCIONES%202011/2881.pdf HTTP/1.1" 200 765494
104.154.123.193 - - [21/Jul/2016:01:10:27 -0500] "GET /BLA/resoluciones/AUTOS%202013/2862.pdf HTTP/1.1" 200 747955
104.154.123.158 - - [21/Jul/2016:01:10:28 -0500] "GET /BLA/resoluciones/RESOLUCIONES%202009/2174.pdf HTTP/1.1" 200 646617
104.154.123.140 - - [21/Jul/2016:01:10:37 -0500] "GET /BLA/resoluciones/AUTOS%202013/2003.pdf HTTP/1.1" 200 1542563
104.154.123.76 - - [21/Jul/2016:01:10:39 -0500] "GET /BLA/resoluciones/RESOLUCIONES%202013/2650.pdf HTTP/1.1" 200 637563
104.154.123.151 - - [21/Jul/2016:01:10:44 -0500] "GET /BLA/resoluciones/AUTOS%202014/2929.pdf HTTP/1.1" 200 558152
66.249.64.165 - - [21/Jul/2016:01:10:55 -0500] "GET /BLA/resoluciones/RESOLUCIONES%202010/4409.pdf HTTP/1.1" 200 158538
201.245.192.253 - - [21/Jul/2016:01:10:58 -0500] "POST /forms/lservlet;jsessionid=ac16012b30d6d7b74e4907534e0daea4f6386b2417c2.e3iSbxaKaheRe34Tax0PchuKax90n6jAmljGr5XDqQLvpAe HTTP/1.1" 200 2
66.249.64.165 - - [21/Jul/2016:01:10:59 -0500] "GET /BLA/resoluciones/RESOLUCIONES%202009/1294.pdf HTTP/1.1" 200 754395
104.154.123.177 - - [21/Jul/2016:01:10:59 -0500] "GET /BLA/resoluciones/AUTOS%202009/1340.pdf HTTP/1.1" 200 96559
104.154.123.149 - - [21/Jul/2016:01:11:03 -0500] "GET /BLA/resoluciones/RESOLUCIONES%202007/RES%202007%201401%20AL%201500/RESOLUCION%201401%20DE%202007.pdf HTTP/1.1" 200 257380
104.154.123.124 - - [21/Jul/2016:01:11:04 -0500] "GET /BLA/resoluciones/RESOLUCIONES%202008/5234.pdf HTTP/1.1" 200 338063
66.249.64.165 - - [21/Jul/2016:01:11:07 -0500] "GET /BLA/resoluciones/RESOLUCIONES%202010/2490.pdf HTTP/1.1" 200 446050
104.154.123.82 - - [21/Jul/2016:01:11:08 -0500] "GET /BLA/resoluciones/AUTOS%202014/1743.pdf HTTP/1.1" 200 618035
66.249.64.165 - - [21/Jul/2016:01:11:12 -0500] "GET /BLA/resoluciones/RESOLUCIONES%202008/5483.pdf HTTP/1.1" 200 211977
66.249.64.165 - - [21/Jul/2016:01:11:25 -0500] "GET /galeria/nivo-slider/demo/images/BANNERECOLECTARESIDUOS.jpg HTTP/1.1" 304 -
46.119.112.23 - - [21/Jul/2016:01:11:25 -0500] "GET /robots.txt HTTP/1.1" 404 1018
104.154.123.139 - - [21/Jul/2016:01:11:25 -0500] "GET /BLA/resoluciones/RESOLUCIONES%202010/6545.pdf HTTP/1.1" 200 457205
46.119.112.23 - - [21/Jul/2016:01:11:25 -0500] "GET / HTTP/1.1" 200 9990
46.119.112.23 - - [21/Jul/2016:01:11:26 -0500] "GET /xmlrpc.php?rsd HTTP/1.1" 404 1018
46.119.112.23 - - [21/Jul/2016:01:11:26 -0500] "GET /blog/robots.txt HTTP/1.1" 404 1018
46.119.112.23 - - [21/Jul/2016:01:11:26 -0500] "GET /blog/ HTTP/1.1" 404 1018
46.119.112.23 - - [21/Jul/2016:01:11:27 -0500] "GET /wordpress/ HTTP/1.1" 404 1018
46.119.112.23 - - [21/Jul/2016:01:11:27 -0500] "GET /wp/ HTTP/1.1" 404 1018
104.154.123.90 - - [21/Jul/2016:01:11:27 -0500] "GET /BLA/resoluciones/AUTOS%202012/0879.pdf HTTP/1.1" 200 454184
104.154.123.146 - - [21/Jul/2016:01:11:29 -0500] "GET /BLA/resoluciones/RESOLUCIONES%202009/6228.pdf HTTP/1.1" 200 1039407
104.154.123.92 - - [21/Jul/2016:01:11:29 -0500] "GET /BLA/resoluciones/RESOLUCIONES%202009/2161.pdf HTTP/1.1" 200 518450
181.142.146.101 - - [21/Jul/2016:01:11:31 -0500] "POST /forms/lservlet;jsessionid=ac16012b30d6e17fe838984d4f239499e779764a5139.e3iSbxaKaheRe34Tax0PchuKax90n6jAmljGr5XDqQLvpAe HTTP/1.1" 200 2
104.154.123.101 - - [21/Jul/2016:01:11:32 -0500] "GET /BLA/resoluciones/RESOLUCIONES%202010/6194.pdf HTTP/1.1" 200 4397929
69.162.124.232 - - [21/Jul/2016:01:11:42 -0500] "HEAD / HTTP/1.1" 200 -
66.249.64.165 - - [21/Jul/2016:01:11:47 -0500] "GET /BLA/resoluciones/AUTOS%202011/4290.pdf HTTP/1.1" 200 319819
104.154.123.96 - - [21/Jul/2016:01:11:48 -0500] "GET /BLA/resoluciones/AUTOS%202015/2163.pdf HTTP/1.1" 200 573408
66.249.64.165 - - [21/Jul/2016:01:11:49 -0500] "GET /BLA/resoluciones/RESOLUCIONES%202009/2052.pdf HTTP/1.1" 200 537515
66.249.64.165 - - [21/Jul/2016:01:12:01 -0500] "GET /BLA/resoluciones/AUTOS%202012/1350.pdf HTTP/1.1" 200 348516
104.154.123.154 - - [21/Jul/2016:01:12:01 -0500] "GET /BLA/resoluciones/RESOLUCIONES%202010/7537.pdf HTTP/1.1" 200 336295
66.249.64.165 - - [21/Jul/2016:01:12:10 -0500] "GET /BLA/resoluciones/RESOLUCIONES%202009/7859.pdf HTTP/1.1" 200 409544
104.154.123.141 - - [21/Jul/2016:01:12:15 -0500] "GET /BLA/resoluciones/AUTOS%202014/5809.pdf HTTP/1.1" 200 5694186
104.154.123.39 - - [21/Jul/2016:01:12:22 -0500] "GET /BLA/resoluciones/RESOLUCIONES%202007/RES%202007%202301%20AL%202400/RESOLUCION%202383%20DE%202007.pdf HTTP/1.1" 200 805167
104.154.123.121 - - [21/Jul/2016:01:12:33 -0500] "GET /BLA/resoluciones/AUTOS%202013/1326.pdf HTTP/1.1" 200 1790917
66.249.64.165 - - [21/Jul/2016:01:12:40 -0500] "GET /BLA/resoluciones/AUTOS%202011/1971.pdf HTTP/1.1" 200 367364
104.154.123.15 - - [21/Jul/2016:01:12:42 -0500] "GET /BLA/resoluciones/RESOLUCIONES%202007/RES%202007%20901%20AL%201000/RESOLUCION%200998%20DE%202007.pdf HTTP/1.1" 200 382240
66.249.64.165 - - [21/Jul/2016:01:12:48 -0500] "GET /BLA/resoluciones/RESOLUCIONES%202010/5689.pdf HTTP/1.1" 200 248802
192.168.175.104 - - [21/Jul/2016:01:12:50 -0500] "GET / HTTP/1.1" 200 9990
104.154.123.20 - - [21/Jul/2016:01:12:55 -0500] "GET /BLA/resoluciones/AUTOS%202014/0682.pdf HTTP/1.1" 200 743845
192.168.175.104 - - [21/Jul/2016:01:12:57 -0500] "GET / HTTP/1.0" 200 9990
201.245.192.253 - - [21/Jul/2016:01:12:58 -0500] "POST /forms/lservlet;jsessionid=ac16012b30d6d7b74e4907534e0daea4f6386b2417c2.e3iSbxaKaheRe34Tax0PchuKax90n6jAmljGr5XDqQLvpAe HTTP/1.1" 200 2
66.249.64.165 - - [21/Jul/2016:01:13:05 -0500] "GET /BLA/resoluciones/RESOLUCIONES%202010/2144.pdf HTTP/1.1" 200 529109
66.249.64.165 - - [21/Jul/2016:01:13:06 -0500] "GET /resoluciones/RESOLUCIONES%202008/3500.pdf HTTP/1.1" 404 1018
66.249.64.144 - - [21/Jul/2016:01:13:12 -0500] "GET /POT-2013/index.php?dir=Cartografia%2F HTTP/1.1" 200 11465
66.249.64.165 - - [21/Jul/2016:01:13:21 -0500] "GET /BLA/resoluciones/RESOLUCIONES%202007/RES%202007%20101%20AL%20200/RESOLUCION%200188%20DE%202007.pdf HTTP/1.1" 200 195171
104.154.123.101 - - [21/Jul/2016:01:13:22 -0500] "GET /BLA/resoluciones/RESOLUCIONES%202012/0801.pdf HTTP/1.1" 200 344634
66.249.64.165 - - [21/Jul/2016:01:13:22 -0500] "GET /BLA/resoluciones/RESOLUCIONES%202009/0028.pdf HTTP/1.1" 200 243317
66.249.69.165 - - [21/Jul/2016:01:13:23 -0500] "GET /BLA/resoluciones/AUTOS%202011/6279.pdf HTTP/1.1" 304 -
104.154.123.97 - - [21/Jul/2016:01:13:26 -0500] "GET /BLA/resoluciones/RESOLUCIONES%202008/0116.pdf HTTP/1.1" 200 229192
192.168.175.104 - - [21/Jul/2016:01:13:30 -0500] "GET / HTTP/1.1" 200 9990
181.142.146.101 - - [21/Jul/2016:01:13:31 -0500] "POST /forms/lservlet;jsessionid=ac16012b30d6e17fe838984d4f239499e779764a5139.e3iSbxaKaheRe34Tax0PchuKax90n6jAmljGr5XDqQLvpAe HTTP/1.1" 200 2
66.249.64.165 - - [21/Jul/2016:01:13:32 -0500] "GET /BLA/resoluciones/RESOLUCIONES%202009/4835.pdf HTTP/1.1" 200 414597
104.154.123.197 - - [21/Jul/2016:01:13:34 -0500] "GET /BLA/resoluciones/RESOLUCIONES%202007/RES%202007%201301%20AL%201400/RESOLUCION%201342%20DE%202007.pdf HTTP/1.1" 200 27702
66.249.64.165 - - [21/Jul/2016:01:13:45 -0500] "GET /BLA/resoluciones/RESOLUCIONES%202010/0073.pdf HTTP/1.1" 200 520016
104.154.123.50 - - [21/Jul/2016:01:13:51 -0500] "GET /BLA/resoluciones/RESOLUCIONES%202012/0874.pdf HTTP/1.1" 200 499305
104.154.123.76 - - [21/Jul/2016:01:13:55 -0500] "GET /BLA/resoluciones/RESOLUCIONES%202010/1097.pdf HTTP/1.1" 200 118040
104.154.123.109 - - [21/Jul/2016:01:14:05 -0500] "GET /SIG/Gesti%C3%B3n%20de%20Recursos%20F%C3%ADsicos/126PA04-PR31.pdf HTTP/1.1" 200 56246
104.154.123.167 - - [21/Jul/2016:01:14:07 -0500] "GET /BLA/resoluciones/RESOLUCIONES%202007/RES%202007%201101%20AL%201200/RESOLUCION%201180%20DE%202007.pdf HTTP/1.1" 200 1057539
66.249.64.165 - - [21/Jul/2016:01:14:15 -0500] "GET /BLA/resoluciones/RESOLUCIONES%202008/3837.pdf HTTP/1.1" 200 975919
104.154.123.19 - - [21/Jul/2016:01:14:21 -0500] "GET /BLA/resoluciones/RESOLUCIONES%202007/RES%202007%202501%20AL%202600/RESOLUCION%202559%20DE%202007.pdf HTTP/1.1" 200 384683
66.249.64.165 - - [21/Jul/2016:01:14:23 -0500] "GET /BLA/resoluciones/RESOLUCIONES%202009/6397.pdf HTTP/1.1" 200 478307
66.249.64.165 - - [21/Jul/2016:01:14:25 -0500] "GET /BLA/resoluciones/Notificaciones/REGISTROS%202015/1953.doc HTTP/1.1" 200 200192
104.154.123.99 - - [21/Jul/2016:01:14:30 -0500] "GET /BLA/resoluciones/AUTOS%202014/4887.pdf HTTP/1.1" 200 467523
104.154.123.2 - - [21/Jul/2016:01:14:31 -0500] "GET /BLA/resoluciones/RESOLUCIONES%202010/5757.pdf HTTP/1.1" 200 40032
104.154.123.109 - - [21/Jul/2016:01:14:32 -0500] "GET /BLA/resoluciones/RESOLUCIONES%202008/5499.pdf HTTP/1.1" 200 232372
104.154.123.144 - - [21/Jul/2016:01:14:40 -0500] "GET /BLA/resoluciones/AUTOS%202008/3291.pdf HTTP/1.1" 200 65608
104.154.123.69 - - [21/Jul/2016:01:14:46 -0500] "GET /BLA/resoluciones/AUTOS%202013/1382.pdf HTTP/1.1" 200 1597695
201.245.192.253 - - [21/Jul/2016:01:14:59 -0500] "POST /forms/lservlet;jsessionid=ac16012b30d6d7b74e4907534e0daea4f6386b2417c2.e3iSbxaKaheRe34Tax0PchuKax90n6jAmljGr5XDqQLvpAe HTTP/1.1" 200 2
66.249.64.165 - - [21/Jul/2016:01:15:01 -0500] "GET /BLA/resoluciones/RESOLUCIONES%202009/5748.pdf HTTP/1.1" 200 509847
104.154.123.148 - - [21/Jul/2016:01:15:07 -0500] "GET /BLA/resoluciones/RESOLUCIONES%202009/0196.pdf HTTP/1.1" 200 242794
66.249.64.165 - - [21/Jul/2016:01:15:11 -0500] "GET /BLA/resoluciones/RESOLUCIONES%202009/3957.pdf HTTP/1.1" 304 -
66.249.64.165 - - [21/Jul/2016:01:15:18 -0500] "GET /BLA/resoluciones/AUTOS%202007/0263.pdf HTTP/1.1" 200 261741
66.249.64.165 - - [21/Jul/2016:01:15:20 -0500] "GET /BLA/resoluciones/RESOLUCIONES%202010/3810.pdf HTTP/1.1" 200 519647
104.154.123.171 - - [21/Jul/2016:01:15:20 -0500] "GET /BLA/resoluciones/AUTOS%202013/2729.pdf HTTP/1.1" 200 876106
66.249.64.165 - - [21/Jul/2016:01:15:23 -0500] "GET /resoluciones/RESOLUCIONES%202010/1690.pdf HTTP/1.1" 404 1018
66.249.64.165 - - [21/Jul/2016:01:15:31 -0500] "GET /BLA/resoluciones/RESOLUCIONES%202014/1460.pdf HTTP/1.1" 304 -
181.142.146.101 - - [21/Jul/2016:01:15:31 -0500] "POST /forms/lservlet;jsessionid=ac16012b30d6e17fe838984d4f239499e779764a5139.e3iSbxaKaheRe34Tax0PchuKax90n6jAmljGr5XDqQLvpAe HTTP/1.1" 200 2
66.249.64.165 - - [21/Jul/2016:01:15:36 -0500] "GET /BLA/resoluciones/RESOLUCIONES%202010/2025.pdf HTTP/1.1" 200 338866
104.154.123.32 - - [21/Jul/2016:01:15:38 -0500] "GET /BLA/resoluciones/RESOLUCIONES%202010/1201.pdf HTTP/1.1" 200 116814
66.249.69.168 - - [21/Jul/2016:01:15:41 -0500] "GET /BLA/resoluciones/RESOLUCIONES%202011/1049.pdf HTTP/1.1" 304 -
104.154.123.27 - - [21/Jul/2016:01:15:45 -0500] "GET /BLA/resoluciones/RESOLUCIONES%202011/0297.pdf HTTP/1.1" 200 268591
104.154.123.57 - - [21/Jul/2016:01:15:46 -0500] "GET /BLA/resoluciones/RESOLUCIONES%202007/RES%202007%202501%20AL%202600/RESOLUCION%202599%20DE%202007.pdf HTTP/1.1" 200 178436
104.154.123.132 - - [21/Jul/2016:01:15:53 -0500] "GET /BLA/resoluciones/RESOLUCIONES%202009/6429.pdf HTTP/1.1" 200 214921
66.249.64.185 - - [21/Jul/2016:01:16:05 -0500] "GET / HTTP/1.1" 200 9990
66.249.64.165 - - [21/Jul/2016:01:16:09 -0500] "GET /BLA/resoluciones/RESOLUCIONES%202008/2523.pdf HTTP/1.1" 200 424388
104.154.123.155 - - [21/Jul/2016:01:16:14 -0500] "GET /BLA/resoluciones/RESOLUCIONES%202008/0557.pdf HTTP/1.1" 200 121370
66.249.64.165 - - [21/Jul/2016:01:16:16 -0500] "GET /BLA/resoluciones/RESOLUCIONES%202008/1316.pdf HTTP/1.1" 200 47746
104.154.123.110 - - [21/Jul/2016:01:16:24 -0500] "GET /BLA/resoluciones/AUTOS%202008/0874.pdf HTTP/1.1" 200 235970
104.154.123.164 - - [21/Jul/2016:01:16:29 -0500] "GET /BLA/resoluciones/AUTOS%202014/7198.pdf HTTP/1.1" 200 1839878
66.249.64.185 - - [21/Jul/2016:01:16:32 -0500] "GET /dama/libreria/pdf/pigas/PIGA_JB/ANEXO8.pdf HTTP/1.1" 404 1019
104.154.123.146 - - [21/Jul/2016:01:16:33 -0500] "GET /BLA/resoluciones/AUTOS%202014/7055.pdf HTTP/1.1" 200 124217
104.154.123.37 - - [21/Jul/2016:01:16:37 -0500] "GET /BLA/resoluciones/AUTOS%202012/0837.pdf HTTP/1.1" 200 220195
104.154.123.57 - - [21/Jul/2016:01:16:42 -0500] "GET /BLA/resoluciones/AUTOS%202014/7231.pdf HTTP/1.1" 200 375816
69.162.124.232 - - [21/Jul/2016:01:16:42 -0500] "HEAD / HTTP/1.1" 200 -
104.154.123.189 - - [21/Jul/2016:01:16:43 -0500] "GET /BLA/resoluciones/RESOLUCIONES%202014/0090.pdf HTTP/1.1" 200 2312761
66.249.64.165 - - [21/Jul/2016:01:16:45 -0500] "GET /BLA/resoluciones/RESOLUCIONES%202010/1690.pdf HTTP/1.1" 200 365308
66.249.64.165 - - [21/Jul/2016:01:16:46 -0500] "GET /resoluciones/RESOLUCIONES%202007/RES%202007%202301%20AL%202400/RESOLUCION%202375%20DE%202007.pdf HTTP/1.1" 404 1018
66.249.64.165 - - [21/Jul/2016:01:16:51 -0500] "GET /autoliquidacion/Solicitudes%20relacionadas%20con%20calidad%20del%20aire%20auditiva%20y%20visual/Registro%20de%20Elementos%20de%20publicidad%20Exterior%20Visual/126pm04-pr16-f-a301%20Formato%20Solicitud%20de%20registro.xls HTTP/1.1" 304 -
66.249.64.165 - - [21/Jul/2016:01:16:52 -0500] "GET /BLA/resoluciones/RESOLUCIONES%202009/8025.pdf HTTP/1.1" 200 514516
104.154.123.39 - - [21/Jul/2016:01:16:57 -0500] "GET /BLA/resoluciones/RESOLUCIONES%202011/3900.pdf HTTP/1.1" 200 516328
66.249.64.165 - - [21/Jul/2016:01:16:58 -0500] "GET /BLA/resoluciones/RESOLUCIONES%202009/0002.pdf HTTP/1.1" 200 234079
66.249.64.165 - - [21/Jul/2016:01:16:58 -0500] "GET /BLA/resoluciones/RESOLUCIONES%202010/4484.pdf HTTP/1.1" 304 -
201.245.192.253 - - [21/Jul/2016:01:16:59 -0500] "POST /forms/lservlet;jsessionid=ac16012b30d6d7b74e4907534e0daea4f6386b2417c2.e3iSbxaKaheRe34Tax0PchuKax90n6jAmljGr5XDqQLvpAe HTTP/1.1" 200 2
104.154.123.45 - - [21/Jul/2016:01:17:00 -0500] "GET /BLA/resoluciones/AUTOS%202015/1435.pdf HTTP/1.1" 200 544284
66.249.64.165 - - [21/Jul/2016:01:17:01 -0500] "GET /BLA/resoluciones/AUTOS%202010/5299.pdf HTTP/1.1" 200 211662
66.249.64.165 - - [21/Jul/2016:01:17:02 -0500] "GET /BLA/resoluciones/RESOLUCIONES%202010/0741.pdf HTTP/1.1" 200 443963
66.249.64.165 - - [21/Jul/2016:01:17:02 -0500] "GET /BLA/resoluciones/RESOLUCIONES%202009/8991.pdf HTTP/1.1" 200 544729
66.249.64.165 - - [21/Jul/2016:01:17:06 -0500] "GET /BLA/resoluciones/RESOLUCIONES%202009/4648.pdf HTTP/1.1" 200 567458
66.249.64.165 - - [21/Jul/2016:01:17:07 -0500] "GET /BLA/resoluciones/RESOLUCIONES%202009/2869.pdf HTTP/1.1" 200 530664
104.154.123.18 - - [21/Jul/2016:01:17:12 -0500] "GET /BLA/resoluciones/RESOLUCIONES%202010/0511.pdf HTTP/1.1" 200 103094
66.249.64.165 - - [21/Jul/2016:01:17:13 -0500] "GET /BLA/resoluciones/AUTOS%202007/2135.pdf HTTP/1.1" 200 181978
66.249.64.165 - - [21/Jul/2016:01:17:16 -0500] "GET /BLA/resoluciones/AUTOS%202013/0205.pdf HTTP/1.1" 200 339785
104.154.123.82 - - [21/Jul/2016:01:17:16 -0500] "GET /BLA/resoluciones/AUTOS%202007/1656.pdf HTTP/1.1" 200 163535
66.249.64.165 - - [21/Jul/2016:01:17:17 -0500] "GET /BLA/resoluciones/RESOLUCIONES%202010/4448.pdf HTTP/1.1" 200 529074
66.249.64.165 - - [21/Jul/2016:01:17:18 -0500] "GET /BLA/resoluciones/RESOLUCIONES%202012/1114.pdf HTTP/1.1" 304 -
104.154.123.163 - - [21/Jul/2016:01:17:20 -0500] "GET /BLA/resoluciones/AUTOS%202013/0032.pdf HTTP/1.1" 200 615640
66.249.64.165 - - [21/Jul/2016:01:17:26 -0500] "GET /BLA/resoluciones/AUTOS%202012/2511.pdf HTTP/1.1" 304 -
181.142.146.101 - - [21/Jul/2016:01:17:31 -0500] "POST /forms/lservlet;jsessionid=ac16012b30d6e17fe838984d4f239499e779764a5139.e3iSbxaKaheRe34Tax0PchuKax90n6jAmljGr5XDqQLvpAe HTTP/1.1" 200 2
104.154.123.84 - - [21/Jul/2016:01:17:33 -0500] "GET /BLA/resoluciones/RESOLUCIONES%202010/3730.pdf HTTP/1.1" 200 455123
66.249.64.165 - - [21/Jul/2016:01:17:38 -0500] "GET /BLA/resoluciones/RESOLUCIONES%202013/1223.pdf HTTP/1.1" 304 -
104.154.123.158 - - [21/Jul/2016:01:17:40 -0500] "GET /BLA/resoluciones/AUTOS%202014/3180.pdf HTTP/1.1" 200 503433
104.154.123.197 - - [21/Jul/2016:01:17:42 -0500] "GET /BLA/resoluciones/AUTOS%202012/1573.pdf HTTP/1.1" 200 2279562
66.249.64.165 - - [21/Jul/2016:01:17:44 -0500] "GET /BLA/resoluciones/AUTOS%202007/3070.pdf HTTP/1.1" 200 116011
104.154.123.17 - - [21/Jul/2016:01:17:46 -0500] "GET /BLA/resoluciones/AUTOS%202015/0893.pdf HTTP/1.1" 200 550269
66.249.64.165 - - [21/Jul/2016:01:17:47 -0500] "GET /galeria/nivo-slider/demo/images/BANNERINVITACIONECOLECTA3.jpg HTTP/1.1" 304 -
192.168.175.104 - - [21/Jul/2016:01:17:48 -0500] "GET / HTTP/1.1" 200 9990
66.249.64.165 - - [21/Jul/2016:01:17:54 -0500] "GET /BLA/resoluciones/RESOLUCIONES%202011/3606.pdf HTTP/1.1" 200 493508
192.168.175.104 - - [21/Jul/2016:01:17:56 -0500] "GET / HTTP/1.0" 200 9990
66.249.69.165 - - [21/Jul/2016:01:17:58 -0500] "GET /BLA/resoluciones/Notificaciones/AUTOS%202014/3198.doc HTTP/1.1" 304 -
66.249.64.165 - - [21/Jul/2016:01:18:03 -0500] "GET /BLA/resoluciones/RESOLUCIONES%202010/1541.pdf HTTP/1.1" 200 53478
66.249.64.183 - - [21/Jul/2016:01:18:10 -0500] "GET /portel_dama/libreria/php/2006/ECOSISTEMAS%20FINAL%20web_mz27/restauracion/sitio/55_artic/xtras/2.pdf HTTP/1.1" 404 1019
66.249.64.165 - - [21/Jul/2016:01:18:11 -0500] "GET /BLA/resoluciones/RESOLUCIONES%202014/3653.pdf HTTP/1.1" 304 -
104.154.123.132 - - [21/Jul/2016:01:18:17 -0500] "GET /BLA/resoluciones/RESOLUCIONES%202007/RES%202007%203501%20AL%203600/RESOLUCION%203545%20DE%202007.pdf HTTP/1.1" 200 617222
66.249.64.165 - - [21/Jul/2016:01:18:18 -0500] "GET /BLA/resoluciones/RESOLUCIONES%202008/5735.pdf HTTP/1.1" 304 -
66.249.64.165 - - [21/Jul/2016:01:18:18 -0500] "GET /resoluciones/RESOLUCIONES%202008/3902.pdf HTTP/1.1" 404 1018
104.154.123.191 - - [21/Jul/2016:01:18:21 -0500] "GET /BLA/resoluciones/RESOLUCIONES%202008/4373.pdf HTTP/1.1" 200 593677
104.154.123.44 - - [21/Jul/2016:01:18:22 -0500] "GET /BLA/resoluciones/RESOLUCIONES%202008/0056.pdf HTTP/1.1" 200 730845
192.168.175.104 - - [21/Jul/2016:01:18:27 -0500] "GET / HTTP/1.1" 200 9990
104.154.123.181 - - [21/Jul/2016:01:18:28 -0500] "GET /BLA/resoluciones/AUTOS%202009/1760.pdf HTTP/1.1" 200 188628
66.249.64.183 - - [21/Jul/2016:01:18:32 -0500] "GET /BLA/boletinlegal/Directivas/2011/Directiva%20No.%201%20del%205%20de%20Abril%20de%202011.pdf HTTP/1.1" 304 -
66.249.64.165 - - [21/Jul/2016:01:18:32 -0500] "GET /BLA/resoluciones/RESOLUCIONES%202007/RES%202007%202701%20AL%202800/RESOLUCION%202712%20%20DE%202007.pdf HTTP/1.1" 200 499083
66.249.64.165 - - [21/Jul/2016:01:18:41 -0500] "GET /BLA/resoluciones/RESOLUCIONES%202009/5354.pdf HTTP/1.1" 200 428652
66.249.64.165 - - [21/Jul/2016:01:18:46 -0500] "GET /resoluciones/RESOLUCIONES%202010/2017.pdf HTTP/1.1" 404 1018
66.249.64.165 - - [21/Jul/2016:01:18:46 -0500] "GET /BLA/resoluciones/RESOLUCIONES%202014/0543.pdf HTTP/1.1" 200 568822
104.154.123.10 - - [21/Jul/2016:01:18:47 -0500] "GET /BLA/resoluciones/RESOLUCIONES%202008/3291.pdf HTTP/1.1" 200 204514
104.154.123.62 - - [21/Jul/2016:01:18:48 -0500] "GET /BLA/resoluciones/RESOLUCIONES%202008/2080.pdf HTTP/1.1" 200 216537
66.249.64.145 - - [21/Jul/2016:01:18:55 -0500] "GET /robots.txt HTTP/1.1" 404 1017
66.249.64.145 - - [21/Jul/2016:01:18:57 -0500] "GET /apple-app-site-association HTTP/1.1" 404 1017
66.249.64.165 - - [21/Jul/2016:01:18:58 -0500] "GET /BLA/resoluciones/AUTOS%202012/0932.pdf HTTP/1.1" 200 339767
66.249.64.145 - - [21/Jul/2016:01:18:58 -0500] "GET /.well-known/apple-app-site-association HTTP/1.1" 404 1017
201.245.192.253 - - [21/Jul/2016:01:18:59 -0500] "POST /forms/lservlet;jsessionid=ac16012b30d6d7b74e4907534e0daea4f6386b2417c2.e3iSbxaKaheRe34Tax0PchuKax90n6jAmljGr5XDqQLvpAe HTTP/1.1" 200 2
104.154.123.76 - - [21/Jul/2016:01:19:00 -0500] "GET /BLA/resoluciones/RESOLUCIONES%202008/4259.pdf HTTP/1.1" 200 275672
66.249.64.165 - - [21/Jul/2016:01:19:01 -0500] "GET /BLA/resoluciones/RESOLUCIONES%202012/0937.pdf HTTP/1.1" 200 496303
66.249.64.165 - - [21/Jul/2016:01:19:03 -0500] "GET /BLA/resoluciones/AUTOS%202007/2835.pdf HTTP/1.1" 200 79728
66.249.64.142 - - [21/Jul/2016:01:19:08 -0500] "GET /.well-known/assetlinks.json HTTP/1.1" 404 1017
66.249.64.165 - - [21/Jul/2016:01:19:09 -0500] "GET /BLA/resoluciones/RESOLUCIONES%202008/4718.pdf HTTP/1.1" 200 254565
104.154.123.40 - - [21/Jul/2016:01:19:11 -0500] "GET /BLA/resoluciones/RESOLUCIONES%202011/0813.pdf HTTP/1.1" 200 1027507
66.249.64.165 - - [21/Jul/2016:01:19:13 -0500] "GET /BLA/resoluciones/RESOLUCIONES%202009/3145.pdf HTTP/1.1" 200 476213
104.154.123.144 - - [21/Jul/2016:01:19:18 -0500] "GET /BLA/resoluciones/RESOLUCIONES%202014/1174.pdf HTTP/1.1" 200 568199
66.249.64.165 - - [21/Jul/2016:01:19:21 -0500] "GET /BLA/resoluciones/AUTOS%202013/0549.pdf HTTP/1.1" 200 1596060
104.154.123.1 - - [21/Jul/2016:01:19:24 -0500] "GET /ecodirectorio/files/res/downloads/download_0030.pdf HTTP/1.1" 200 316211
104.154.123.124 - - [21/Jul/2016:01:19:24 -0500] "GET /BLA/resoluciones/RESOLUCIONES%202007/RES%202007%202801%20AL%202900/RESOLUCION%202829%20DE%202007.pdf HTTP/1.1" 200 26030
104.154.123.22 - - [21/Jul/2016:01:19:28 -0500] "GET /BLA/resoluciones/AUTOS%202014/4591.pdf HTTP/1.1" 200 619220
104.154.123.118 - - [21/Jul/2016:01:19:29 -0500] "GET /BLA/resoluciones/AUTOS%202013/0441.pdf HTTP/1.1" 200 2049761
186.145.121.112 - - [21/Jul/2016:01:19:30 -0500] "GET /galeria/galeria/jquery.fancybox.css?v=2.1.5 HTTP/1.1" 200 4895
186.145.121.112 - - [21/Jul/2016:01:19:30 -0500] "GET /BLA/boletinlegal/js/jquery.scrollShow.js HTTP/1.1" 200 4586
186.145.121.112 - - [21/Jul/2016:01:19:30 -0500] "GET /galeria/galeria/jquery.fancybox.js?v=2.1.5 HTTP/1.1" 200 48706
181.142.146.101 - - [21/Jul/2016:01:19:31 -0500] "POST /forms/lservlet;jsessionid=ac16012b30d6e17fe838984d4f239499e779764a5139.e3iSbxaKaheRe34Tax0PchuKax90n6jAmljGr5XDqQLvpAe HTTP/1.1" 200 2
66.249.64.165 - - [21/Jul/2016:01:19:32 -0500] "GET /BLA/resoluciones/RESOLUCIONES%202007/RES%202007%201401%20AL%201500/RESOLUCION%201487%20DE%202007.pdf HTTP/1.1" 304 -
104.154.123.37 - - [21/Jul/2016:01:19:33 -0500] "GET /BLA/resoluciones/RESOLUCIONES%202008/5611.pdf HTTP/1.1" 200 249245
104.154.123.146 - - [21/Jul/2016:01:19:33 -0500] "GET /BLA/resoluciones/RESOLUCIONES%202007/RES%202007%203601%20AL%203700/RESOLUCION%203655%20DE%202007.pdf HTTP/1.1" 200 628631
66.249.64.165 - - [21/Jul/2016:01:19:34 -0500] "GET /BLA/resoluciones/RESOLUCIONES%202009/1584.pdf HTTP/1.1" 200 522515
104.154.123.147 - - [21/Jul/2016:01:19:39 -0500] "GET /BLA/resoluciones/AUTOS%202014/2457.pdf HTTP/1.1" 200 708085
66.249.64.165 - - [21/Jul/2016:01:19:39 -0500] "GET /BLA/resoluciones/RESOLUCIONES%202009/0478.pdf HTTP/1.1" 200 601449
186.145.121.112 - - [21/Jul/2016:01:19:40 -0500] "GET /BLA/boletinlegal/js/jquery.scrollShow.js HTTP/1.1" 304 -
186.145.121.112 - - [21/Jul/2016:01:19:40 -0500] "GET /galeria/galeria/jquery.fancybox.js?v=2.1.5 HTTP/1.1" 304 -
186.145.121.112 - - [21/Jul/2016:01:19:40 -0500] "GET /galeria/galeria/jquery.fancybox.css?v=2.1.5 HTTP/1.1" 304 -
104.154.123.9 - - [21/Jul/2016:01:19:41 -0500] "GET /BLA/resoluciones/AUTOS%202011/0850.pdf HTTP/1.1" 200 161277
104.154.123.171 - - [21/Jul/2016:01:19:46 -0500] "GET /BLA/resoluciones/RESOLUCIONES%202009/0888.pdf HTTP/1.1" 200 107065
104.154.123.121 - - [21/Jul/2016:01:19:48 -0500] "GET /BLA/resoluciones/RESOLUCIONES%202010/6218.pdf HTTP/1.1" 200 434940
104.154.123.30 - - [21/Jul/2016:01:19:55 -0500] "GET /BLA/resoluciones/AUTOS%202010/0781.pdf HTTP/1.1" 200 158026
104.154.123.181 - - [21/Jul/2016:01:19:59 -0500] "GET /BLA/resoluciones/RESOLUCIONES%202008/5028.pdf HTTP/1.1" 200 322946
104.154.123.37 - - [21/Jul/2016:01:20:05 -0500] "GET /BLA/resoluciones/RESOLUCIONES%202013/0923.pdf HTTP/1.1" 200 2369256
66.249.64.165 - - [21/Jul/2016:01:20:08 -0500] "GET /BLA/resoluciones/RESOLUCIONES%202007/RES%202007%201001%20AL%201100/RESOLUCION%201006%20DE%202007.pdf HTTP/1.1" 304 -
104.154.123.176 - - [21/Jul/2016:01:20:10 -0500] "GET /BLA/resoluciones/RESOLUCIONES%202010/0726.pdf HTTP/1.1" 200 129986
66.249.64.165 - - [21/Jul/2016:01:20:12 -0500] "GET /BLA/resoluciones/RESOLUCIONES%202012/1725.pdf HTTP/1.1" 304 -
157.55.39.19 - - [21/Jul/2016:01:20:16 -0500] "GET /robots.txt HTTP/1.1" 404 1018
66.249.64.165 - - [21/Jul/2016:01:20:18 -0500] "GET /BLA/resoluciones/RESOLUCIONES%202007/RES%202007%201401%20AL%201500/RESOLUCION%201407%20DE%202007.pdf HTTP/1.1" 304 -
66.249.64.190 - - [21/Jul/2016:01:20:21 -0500] "GET /portel_dama/libreria/php/2006/restauracion/55_artic/xtras/13.pdf HTTP/1.1" 404 1018
157.55.39.19 - - [21/Jul/2016:01:20:21 -0500] "GET /galeria/galeria/jquery.fancybox.js?v=2.1.5 HTTP/1.1" 200 48706
104.154.123.23 - - [21/Jul/2016:01:20:22 -0500] "GET /BLA/resoluciones/AUTOS%202014/0468.pdf HTTP/1.1" 200 363044
104.154.123.92 - - [21/Jul/2016:01:20:29 -0500] "GET /BLA/resoluciones/AUTOS%202015/2214.pdf HTTP/1.1" 200 659359
66.249.64.165 - - [21/Jul/2016:01:20:31 -0500] "GET /BLA/resoluciones/RESOLUCIONES%202007/RES%202007%203701%20AL%203800/RESOLUCION%203716%20DE%202007.pdf HTTP/1.1" 200 698351
104.154.123.181 - - [21/Jul/2016:01:20:31 -0500] "GET /BLA/resoluciones/RESOLUCIONES%202009/3840.pdf HTTP/1.1" 200 383260
104.154.123.189 - - [21/Jul/2016:01:20:38 -0500] "GET /BLA/resoluciones/RESOLUCIONES%202010/5756.pdf HTTP/1.1" 200 81518
66.249.64.144 - - [21/Jul/2016:01:20:39 -0500] "GET /portalsiaccapacitaciones/Soportes%20Capacitaciones%20A%C3%B1o%202013/0011.%20Presentaci%C3%B3n%20Llantas-%20Asfalto%20Resoluci%C3%B3n%206981-11%2023-05-13.%20ppt.pdf HTTP/1.1" 404 1015
66.249.64.165 - - [21/Jul/2016:01:20:45 -0500] "GET /BLA/resoluciones/RESOLUCIONES%202007/RES%202007%203201%20AL%203300/RESOLUCION%203257%20DE%202007.pdf HTTP/1.1" 304 -
104.154.123.6 - - [21/Jul/2016:01:20:47 -0500] "GET /BLA/resoluciones/AUTOS%202013/2905.pdf HTTP/1.1" 200 283517
104.154.123.123 - - [21/Jul/2016:01:20:50 -0500] "GET /BLA/resoluciones/RESOLUCIONES%202010/1758.pdf HTTP/1.1" 200 492553
66.249.64.165 - - [21/Jul/2016:01:20:52 -0500] "GET /BLA/resoluciones/AUTOS%202015/0835.pdf HTTP/1.1" 304 -
104.154.123.17 - - [21/Jul/2016:01:20:58 -0500] "GET /BLA/resoluciones/RESOLUCIONES%202007/RES%202007%203201%20AL%203300/RESOLUCION%203279%20DE%202007.pdf HTTP/1.1" 200 219989
201.245.192.253 - - [21/Jul/2016:01:20:59 -0500] "POST /forms/lservlet;jsessionid=ac16012b30d6d7b74e4907534e0daea4f6386b2417c2.e3iSbxaKaheRe34Tax0PchuKax90n6jAmljGr5XDqQLvpAe HTTP/1.1" 200 2
104.154.123.28 - - [21/Jul/2016:01:21:03 -0500] "GET /BLA/resoluciones/RESOLUCIONES%202012/1430.pdf HTTP/1.1" 200 297566
104.154.123.36 - - [21/Jul/2016:01:21:11 -0500] "GET /BLA/resoluciones/AUTOS%202014/2799.pdf HTTP/1.1" 200 438210
104.154.123.146 - - [21/Jul/2016:01:21:15 -0500] "GET /BLA/resoluciones/RESOLUCIONES%202009/3787.pdf HTTP/1.1" 200 372888
104.154.123.120 - - [21/Jul/2016:01:21:17 -0500] "GET /BLA/resoluciones/AUTOS%202012/1660.pdf HTTP/1.1" 200 273763
66.249.64.165 - - [21/Jul/2016:01:21:19 -0500] "GET /BLA/resoluciones/RESOLUCIONES%202010/2414.pdf HTTP/1.1" 304 -
66.249.64.165 - - [21/Jul/2016:01:21:23 -0500] "GET /BLA/resoluciones/RESOLUCIONES%202009/9679.pdf HTTP/1.1" 200 680580
66.249.64.165 - - [21/Jul/2016:01:21:29 -0500] "GET /BLA/resoluciones/AUTOS%202008/1657.pdf HTTP/1.1" 200 320589
181.142.146.101 - - [21/Jul/2016:01:21:32 -0500] "POST /forms/lservlet;jsessionid=ac16012b30d6e17fe838984d4f239499e779764a5139.e3iSbxaKaheRe34Tax0PchuKax90n6jAmljGr5XDqQLvpAe HTTP/1.1" 200 2
104.154.123.68 - - [21/Jul/2016:01:21:33 -0500] "GET /ecodirectorio/files/res/downloads/download_0029.pdf HTTP/1.1" 200 186135
104.154.123.33 - - [21/Jul/2016:01:21:33 -0500] "GET /BLA/resoluciones/RESOLUCIONES%202009/2528.pdf HTTP/1.1" 200 485524
66.249.64.165 - - [21/Jul/2016:01:21:42 -0500] "GET /BLA/resoluciones/RESOLUCIONES%202009/0570.pdf HTTP/1.1" 200 307296
69.162.124.232 - - [21/Jul/2016:01:21:42 -0500] "HEAD / HTTP/1.1" 200 -
104.154.123.50 - - [21/Jul/2016:01:21:57 -0500] "GET /BLA/resoluciones/RESOLUCIONES%202007/RES%202007%201301%20AL%201400/RESOLUCION%201363%20DE%202007.pdf HTTP/1.1" 200 258672
104.154.123.124 - - [21/Jul/2016:01:21:57 -0500] "GET /BLA/resoluciones/AUTOS%202008/1988.pdf HTTP/1.1" 200 115665
104.154.123.154 - - [21/Jul/2016:01:22:03 -0500] "GET /BLA/resoluciones/AUTOS%202013/2397.pdf HTTP/1.1" 200 935383
104.154.123.173 - - [21/Jul/2016:01:22:08 -0500] "GET /BLA/resoluciones/RESOLUCIONES%202008/1288.pdf HTTP/1.1" 200 177703
104.154.123.41 - - [21/Jul/2016:01:22:14 -0500] "GET /BLA/resoluciones/AUTOS%202013/2353.pdf HTTP/1.1" 200 769131
66.249.64.165 - - [21/Jul/2016:01:22:16 -0500] "GET /BLA/resoluciones/RESOLUCIONES%202013/2811.pdf HTTP/1.1" 200 445973
66.249.64.165 - - [21/Jul/2016:01:22:20 -0500] "GET /BLA/resoluciones/AUTOS%202008/0401.pdf HTTP/1.1" 200 113228
104.154.123.70 - - [21/Jul/2016:01:22:21 -0500] "GET /BLA/resoluciones/RESOLUCIONES%202008/4543.pdf HTTP/1.1" 200 509047
66.249.69.165 - - [21/Jul/2016:01:22:27 -0500] "GET /BLA/resoluciones/RESOLUCIONES%202010/4624.pdf HTTP/1.1" 200 1018313
104.154.123.116 - - [21/Jul/2016:01:22:34 -0500] "GET /BLA/resoluciones/RESOLUCIONES%202012/0406.pdf HTTP/1.1" 200 275306
66.249.64.165 - - [21/Jul/2016:01:22:36 -0500] "GET /BLA/resoluciones/RESOLUCIONES%202008/0694.pdf HTTP/1.1" 200 207592
104.154.123.3 - - [21/Jul/2016:01:22:41 -0500] "GET /BLA/resoluciones/AUTOS%202014/2843.pdf HTTP/1.1" 200 245187
104.154.123.11 - - [21/Jul/2016:01:22:44 -0500] "GET /BLA/resoluciones/AUTOS%202008/0519.pdf HTTP/1.1" 200 157098
192.168.175.104 - - [21/Jul/2016:01:22:46 -0500] "GET / HTTP/1.1" 200 9990
104.154.123.130 - - [21/Jul/2016:01:22:48 -0500] "GET /BLA/resoluciones/RESOLUCIONES%202007/RES%202007%20601%20AL%20700/RESOLUCION%200687%20DE%202007.pdf HTTP/1.1" 200 1810474
66.249.64.183 - - [21/Jul/2016:01:22:52 -0500] "GET /BLA/boletinlegal/jurisprudencia/analisis/Analisis%20Sentencia%20T-1077,%202%20corregida.doc HTTP/1.1" 304 -
192.168.175.104 - - [21/Jul/2016:01:22:54 -0500] "GET / HTTP/1.0" 200 9990
201.245.192.253 - - [21/Jul/2016:01:22:59 -0500] "POST /forms/lservlet;jsessionid=ac16012b30d6d7b74e4907534e0daea4f6386b2417c2.e3iSbxaKaheRe34Tax0PchuKax90n6jAmljGr5XDqQLvpAe HTTP/1.1" 200 2
66.249.64.165 - - [21/Jul/2016:01:23:10 -0500] "GET /BLA/resoluciones/AUTOS%202009/1440.pdf HTTP/1.1" 200 224436
192.168.175.104 - - [21/Jul/2016:01:23:24 -0500] "GET / HTTP/1.1" 200 9990
104.154.123.116 - - [21/Jul/2016:01:23:30 -0500] "GET /BLA/resoluciones/AUTOS%202013/1493.pdf HTTP/1.1" 200 1699065
181.142.146.101 - - [21/Jul/2016:01:23:32 -0500] "POST /forms/lservlet;jsessionid=ac16012b30d6e17fe838984d4f239499e779764a5139.e3iSbxaKaheRe34Tax0PchuKax90n6jAmljGr5XDqQLvpAe HTTP/1.1" 200 2
104.154.123.153 - - [21/Jul/2016:01:23:32 -0500] "GET /BLA/resoluciones/RESOLUCIONES%202009/0502.pdf HTTP/1.1" 200 175913
104.154.123.7 - - [21/Jul/2016:01:23:38 -0500] "GET /BLA/resoluciones/RESOLUCIONES%202010/2096.pdf HTTP/1.1" 200 606617
66.249.64.165 - - [21/Jul/2016:01:23:39 -0500] "GET /portalsiaccapacitaciones/Soportes%20Capacitaciones%20A%C3%B1o%202013/0015.%20Acuerdo%20%20403%20Apagon%20Ambiental%2020%20de%20Junio.pdf HTTP/1.1" 404 1018
104.154.123.114 - - [21/Jul/2016:01:23:48 -0500] "GET /BLA/resoluciones/RESOLUCIONES%202014/0702.pdf HTTP/1.1" 200 26706291
66.249.64.141 - - [21/Jul/2016:01:23:53 -0500] "GET / HTTP/1.1" 200 9990
104.154.123.119 - - [21/Jul/2016:01:23:58 -0500] "GET /BLA/resoluciones/AUTOS%202014/4050.pdf HTTP/1.1" 200 492748
66.249.64.165 - - [21/Jul/2016:01:24:00 -0500] "GET /BLA/resoluciones/RESOLUCIONES%202010/7035.pdf HTTP/1.1" 200 719952
104.154.123.183 - - [21/Jul/2016:01:24:06 -0500] "GET /BLA/resoluciones/RESOLUCIONES%202009/5184.pdf HTTP/1.1" 200 499533
66.249.64.165 - - [21/Jul/2016:01:24:11 -0500] "GET /galeria/nivo-slider/demo/images/Banner_wgic.jpg HTTP/1.1" 304 -
66.249.64.165 - - [21/Jul/2016:01:24:12 -0500] "GET /BLA/resoluciones/RESOLUCIONES%202007/RES%202007%201401%20AL%201500/RESOLUCION%201402%20DE%202007.pdf HTTP/1.1" 304 -
66.249.64.185 - - [21/Jul/2016:01:24:19 -0500] "GET /BLA/boletinlegal/jurisprudencia/analisis/Analisis%20Jurisprudencia%20Sent%202000-00005-01.doc HTTP/1.1" 304 -
104.154.123.99 - - [21/Jul/2016:01:24:26 -0500] "GET /BLA/resoluciones/RESOLUCIONES%202009/5683.pdf HTTP/1.1" 200 357972
66.249.64.165 - - [21/Jul/2016:01:24:27 -0500] "GET /BLA/resoluciones/RESOLUCIONES%202008/4521.pdf HTTP/1.1" 200 255728
66.249.64.165 - - [21/Jul/2016:01:24:42 -0500] "GET /BLA/resoluciones/RESOLUCIONES%202009/0542.pdf HTTP/1.1" 200 263901
104.154.123.144 - - [21/Jul/2016:01:24:45 -0500] "GET /BLA/resoluciones/AUTOS%202010/0134.pdf HTTP/1.1" 200 181809
66.249.64.165 - - [21/Jul/2016:01:24:52 -0500] "GET /BLA/resoluciones/RESOLUCIONES%202007/RES%202007%203201%20AL%203300/RESOLUCION%203214%20DE%202007.pdf HTTP/1.1" 200 52729
66.249.64.165 - - [21/Jul/2016:01:24:53 -0500] "GET /BLA/resoluciones/AUTOS%202013/0359.pdf HTTP/1.1" 304 -
201.245.192.253 - - [21/Jul/2016:01:25:00 -0500] "POST /forms/lservlet;jsessionid=ac16012b30d6d7b74e4907534e0daea4f6386b2417c2.e3iSbxaKaheRe34Tax0PchuKax90n6jAmljGr5XDqQLvpAe HTTP/1.1" 200 2
104.154.123.162 - - [21/Jul/2016:01:25:06 -0500] "GET /BLA/resoluciones/RESOLUCIONES%202009/2500.pdf HTTP/1.1" 200 527259
104.154.123.24 - - [21/Jul/2016:01:25:14 -0500] "GET /BLA/resoluciones/RESOLUCIONES%202010/1634.pdf HTTP/1.1" 200 773175
104.154.123.152 - - [21/Jul/2016:01:25:17 -0500] "GET /BLA/resoluciones/RESOLUCIONES%202007/RES%202007%201501%20AL%201600/RESOLUCION%201502%20DE%202007.pdf HTTP/1.1" 200 195740
104.154.123.196 - - [21/Jul/2016:01:25:18 -0500] "GET /BLA/resoluciones/RESOLUCIONES%202011/1150.pdf HTTP/1.1" 200 497566
104.154.123.115 - - [21/Jul/2016:01:25:20 -0500] "GET /BLA/resoluciones/AUTOS%202014/3634.pdf HTTP/1.1" 200 2569455
181.142.146.101 - - [21/Jul/2016:01:25:32 -0500] "POST /forms/lservlet;jsessionid=ac16012b30d6e17fe838984d4f239499e779764a5139.e3iSbxaKaheRe34Tax0PchuKax90n6jAmljGr5XDqQLvpAe HTTP/1.1" 200 2
66.249.64.165 - - [21/Jul/2016:01:25:33 -0500] "GET /BLA/resoluciones/RESOLUCIONES%202008/2529.pdf HTTP/1.1" 200 244708
104.154.123.62 - - [21/Jul/2016:01:25:41 -0500] "GET /BLA/resoluciones/AUTOS%202014/5735.pdf HTTP/1.1" 200 475368
66.249.64.165 - - [21/Jul/2016:01:25:45 -0500] "GET /BLA/resoluciones/AUTOS%202010/5136.pdf HTTP/1.1" 200 338597
66.249.64.165 - - [21/Jul/2016:01:25:53 -0500] "GET /BLA/resoluciones/RESOLUCIONES%202007/RES%202007%20101%20AL%20200/RESOLUCION%200115%20%20DE%202007.pdf HTTP/1.1" 304 -
104.154.123.147 - - [21/Jul/2016:01:26:02 -0500] "GET /BLA/resoluciones/AUTOS%202012/2235.pdf HTTP/1.1" 200 2257763
104.154.123.121 - - [21/Jul/2016:01:26:12 -0500] "GET /BLA/resoluciones/RESOLUCIONES%202010/1803.pdf HTTP/1.1" 200 497951
66.249.64.190 - - [21/Jul/2016:01:26:13 -0500] "GET /robots.txt HTTP/1.1" 404 1018
66.249.64.190 - - [21/Jul/2016:01:26:13 -0500] "GET / HTTP/1.1" 200 9990
66.249.64.165 - - [21/Jul/2016:01:26:20 -0500] "GET /BLA/resoluciones/RESOLUCIONES%202011/6971.pdf HTTP/1.1" 304 -
104.154.123.109 - - [21/Jul/2016:01:26:29 -0500] "GET /BLA/resoluciones/AUTOS%202010/5472.pdf HTTP/1.1" 200 851028
104.154.123.105 - - [21/Jul/2016:01:26:30 -0500] "GET /BLA/resoluciones/RESOLUCIONES%202010/4075.pdf HTTP/1.1" 200 439408
66.249.64.165 - - [21/Jul/2016:01:26:37 -0500] "GET /BLA/resoluciones/RESOLUCIONES%202008/2179.pdf HTTP/1.1" 200 350258
104.154.123.199 - - [21/Jul/2016:01:26:37 -0500] "GET /transparencia/directorioservidores/abril2015.pdf HTTP/1.1" 200 325020
104.154.123.106 - - [21/Jul/2016:01:26:38 -0500] "GET /BLA/resoluciones/RESOLUCIONES%202013/1907.pdf HTTP/1.1" 200 847540
104.154.123.175 - - [21/Jul/2016:01:26:39 -0500] "GET /BLA/resoluciones/AUTOS%202012/0874.pdf HTTP/1.1" 200 468906
69.162.124.232 - - [21/Jul/2016:01:26:42 -0500] "HEAD / HTTP/1.1" 200 -
66.249.69.168 - - [21/Jul/2016:01:26:52 -0500] "GET /BLA/resoluciones/RESOLUCIONES%202012/0497.pdf HTTP/1.1" 304 -
104.154.123.84 - - [21/Jul/2016:01:26:56 -0500] "GET /BLA/resoluciones/RESOLUCIONES%202009/5834.pdf HTTP/1.1" 200 490921
201.245.192.253 - - [21/Jul/2016:01:27:00 -0500] "POST /forms/lservlet;jsessionid=ac16012b30d6d7b74e4907534e0daea4f6386b2417c2.e3iSbxaKaheRe34Tax0PchuKax90n6jAmljGr5XDqQLvpAe HTTP/1.1" 200 2
104.154.123.57 - - [21/Jul/2016:01:27:01 -0500] "GET /BLA/resoluciones/AUTOS%202015/6133.pdf HTTP/1.1" 200 670250
104.154.123.110 - - [21/Jul/2016:01:27:09 -0500] "GET /BLA/resoluciones/RESOLUCIONES%202010/4563.pdf HTTP/1.1" 200 534707
51.255.65.47 - - [21/Jul/2016:01:27:11 -0500] "GET /BLA/resoluciones/AUTOS%202006/AUTOS%202006%20601-700/00000649.tif HTTP/1.1" 200 236562
104.154.123.185 - - [21/Jul/2016:01:27:15 -0500] "GET /BLA/boletinlegal/Circulares/2012/Circular%20No.%208%20del%2021%20de%20Agosto%20de%202012.pdf HTTP/1.1" 200 963197
104.154.123.171 - - [21/Jul/2016:01:27:22 -0500] "GET /BLA/resoluciones/RESOLUCIONES%202007/RES%202007%202801%20AL%202900/RESOLUCION%202889%20DE%202007.pdf HTTP/1.1" 200 1379292
104.154.123.106 - - [21/Jul/2016:01:27:29 -0500] "GET /BLA/resoluciones/AUTOS%202009/1102.pdf HTTP/1.1" 200 104250
104.154.123.84 - - [21/Jul/2016:01:27:30 -0500] "GET /BLA/resoluciones/AUTOS%202014/5351.pdf HTTP/1.1" 200 566666
181.142.146.101 - - [21/Jul/2016:01:27:32 -0500] "POST /forms/lservlet;jsessionid=ac16012b30d6e17fe838984d4f239499e779764a5139.e3iSbxaKaheRe34Tax0PchuKax90n6jAmljGr5XDqQLvpAe HTTP/1.1" 200 2
104.154.123.68 - - [21/Jul/2016:01:27:34 -0500] "GET /BLA/resoluciones/RESOLUCIONES%202008/3399.pdf HTTP/1.1" 200 50985
104.154.123.84 - - [21/Jul/2016:01:27:41 -0500] "GET /BLA/resoluciones/RESOLUCIONES%202009/3363.pdf HTTP/1.1" 200 556061
192.168.175.104 - - [21/Jul/2016:01:27:44 -0500] "GET / HTTP/1.1" 200 9990
192.168.175.104 - - [21/Jul/2016:01:27:52 -0500] "GET / HTTP/1.0" 200 9990
66.249.64.148 - - [21/Jul/2016:01:28:00 -0500] "GET / HTTP/1.1" 200 9990
104.154.123.57 - - [21/Jul/2016:01:28:04 -0500] "GET /BLA/resoluciones/RESOLUCIONES%202010/0024.pdf HTTP/1.1" 200 380446
66.249.64.165 - - [21/Jul/2016:01:28:07 -0500] "GET / HTTP/1.1" 200 9990
104.154.123.140 - - [21/Jul/2016:01:28:08 -0500] "GET /BLA/resoluciones/AUTOS%202015/0347.pdf HTTP/1.1" 200 524989
104.154.123.76 - - [21/Jul/2016:01:28:11 -0500] "GET /BLA/resoluciones/AUTOS%202014/5034.pdf HTTP/1.1" 200 387679
66.249.64.130 - - [21/Jul/2016:01:28:13 -0500] "GET / HTTP/1.1" 301 320
104.154.123.55 - - [21/Jul/2016:01:28:15 -0500] "GET /BLA/resoluciones/AUTOS%202013/0944.pdf HTTP/1.1" 200 2007405
192.168.175.104 - - [21/Jul/2016:01:28:22 -0500] "GET / HTTP/1.1" 200 9990
104.154.123.83 - - [21/Jul/2016:01:28:25 -0500] "GET /BLA/resoluciones/AUTOS%202014/2996.pdf HTTP/1.1" 200 470193
104.154.123.108 - - [21/Jul/2016:01:28:38 -0500] "GET /BLA/resoluciones/RESOLUCIONES%202007/RES%202007%203401%20AL%203500/RESOLUCION%203450%20DE%202007.pdf HTTP/1.1" 200 326258
66.249.64.165 - - [21/Jul/2016:01:28:40 -0500] "GET /BLA/resoluciones/RESOLUCIONES%202011/0190.pdf HTTP/1.1" 304 -
66.249.64.165 - - [21/Jul/2016:01:28:48 -0500] "GET /BLA/resoluciones/RESOLUCIONES%202009/0853.pdf HTTP/1.1" 200 297902
104.154.123.143 - - [21/Jul/2016:01:28:48 -0500] "GET /BLA/resoluciones/RESOLUCIONES%202007/RES%202007%20701%20AL%20800/RESOLUCION%200772%20DE%202007.pdf HTTP/1.1" 200 1528849
104.154.123.59 - - [21/Jul/2016:01:28:49 -0500] "GET /transparencia/financiera/Presupuesto/Historico/EJECUCION%20DICIEMBRE%202012.pdf HTTP/1.1" 200 358007
66.249.64.165 - - [21/Jul/2016:01:28:53 -0500] "GET /BLA/resoluciones/RESOLUCIONES%202009/0228.pdf HTTP/1.1" 200 240848
