104.154.123.153 - - [21/Jul/2016:05:21:56 -0500] "GET /BLA/resoluciones/RESOLUCIONES%202007/RES%202007%202601%20AL%202700/RESOLUCION%202669%20DE%202007.pdf HTTP/1.1" 200 96591
200.118.66.242 - - [21/Jul/2016:05:22:00 -0500] "GET /galeria/galeria/fotos/Humedal-vaca6G.jpg HTTP/1.1" 200 176858
200.118.66.242 - - [21/Jul/2016:05:22:00 -0500] "GET /galeria/galeria/fotos/Humedal-Vaca2G.jpg HTTP/1.1" 200 279730
181.142.146.101 - - [21/Jul/2016:05:22:02 -0500] "POST /forms/lservlet;jsessionid=ac16012b30d6e17fe838984d4f239499e779764a5139.e3iSbxaKaheRe34Tax0PchuKax90n6jAmljGr5XDqQLvpAe HTTP/1.1" 200 2
66.249.64.165 - - [21/Jul/2016:05:22:10 -0500] "GET /BLA/resoluciones/AUTOS%202013/0540.pdf HTTP/1.1" 304 -
66.249.64.165 - - [21/Jul/2016:05:22:14 -0500] "GET /BLA/resoluciones/AUTOS%202012/0449.pdf HTTP/1.1" 304 -
200.118.66.242 - - [21/Jul/2016:05:22:15 -0500] "GET /galeria/mapa/VACA12.jpg HTTP/1.1" 200 22491
66.249.64.165 - - [21/Jul/2016:05:22:16 -0500] "GET /sia/ HTTP/1.1" 200 2661
66.249.64.165 - - [21/Jul/2016:05:22:18 -0500] "GET /BLA/resoluciones/RESOLUCIONES%202014/0702.pdf HTTP/1.1" 304 -
66.249.69.168 - - [21/Jul/2016:05:22:24 -0500] "GET /galeria/galeria/fotos/Humedal-vaca6G.jpg HTTP/1.1" 200 176858
66.249.64.165 - - [21/Jul/2016:05:22:25 -0500] "GET /BLA/resoluciones/RESOLUCIONES%202007/RES%202007%202001%20AL%202100/RESOLUCION%202054%20DE%202007.pdf HTTP/1.1" 304 -
200.118.66.242 - - [21/Jul/2016:05:22:31 -0500] "GET /galeria/galeria/fotos/Humedal-Vaca4G.jpg HTTP/1.1" 200 375197
66.249.64.165 - - [21/Jul/2016:05:22:31 -0500] "GET /BLA/resoluciones/RESOLUCIONES%202009/0101.pdf HTTP/1.1" 304 -
200.118.66.242 - - [21/Jul/2016:05:22:39 -0500] "GET /galeria/galeria/fotos/Humedal-vaca7G.jpg HTTP/1.1" 200 149081
200.118.66.242 - - [21/Jul/2016:05:22:45 -0500] "GET /galeria/galeria/fotos/Humedal-vaca5G.jpg HTTP/1.1" 200 210577
200.118.66.242 - - [21/Jul/2016:05:23:00 -0500] "GET /galeria/galeria/fotos/Humedal-Vaca3G.jpg HTTP/1.1" 200 540039
200.118.66.242 - - [21/Jul/2016:05:23:03 -0500] "GET /galeria/galeria/fotos/juan-amarillo3G.jpg HTTP/1.1" 200 328975
164.132.161.28 - - [21/Jul/2016:05:23:05 -0500] "GET /BLA/resoluciones/RESOLUCIONES%202006/RES%202006%202351-2400/00002363.tif HTTP/1.1" 200 37190
201.245.192.253 - - [21/Jul/2016:05:23:27 -0500] "POST /forms/lservlet;jsessionid=ac16012b30d6d7b74e4907534e0daea4f6386b2417c2.e3iSbxaKaheRe34Tax0PchuKax90n6jAmljGr5XDqQLvpAe HTTP/1.1" 200 2
69.162.124.232 - - [21/Jul/2016:05:23:36 -0500] "HEAD / HTTP/1.1" 200 -
66.249.64.185 - - [21/Jul/2016:05:23:39 -0500] "GET /BLA/boletinlegal/jurisprudencia/analisis/CUADRO%20ANALISIS%20SENTENCIA%20C-554%20DE%202007.doc HTTP/1.1" 304 -
200.118.66.242 - - [21/Jul/2016:05:23:45 -0500] "GET /galeria/galeria/fotos/Humedal-Tibanica4G.jpg HTTP/1.1" 200 442374
66.249.64.183 - - [21/Jul/2016:05:23:45 -0500] "GET /BLA/boletinlegal/jurisprudencia/analisis/Analisis%20Sentencia%20T-1077,%202%20corregida.doc HTTP/1.1" 304 -
104.154.123.199 - - [21/Jul/2016:05:23:49 -0500] "GET /BLA/resoluciones/AUTOS%202012/2545.pdf HTTP/1.1" 200 1912194
66.249.64.165 - - [21/Jul/2016:05:23:59 -0500] "GET /BLA/resoluciones/RESOLUCIONES%202010/6000.pdf HTTP/1.1" 304 -
181.142.146.101 - - [21/Jul/2016:05:24:02 -0500] "POST /forms/lservlet;jsessionid=ac16012b30d6e17fe838984d4f239499e779764a5139.e3iSbxaKaheRe34Tax0PchuKax90n6jAmljGr5XDqQLvpAe HTTP/1.1" 200 2
66.249.64.165 - - [21/Jul/2016:05:24:39 -0500] "GET /BLA/resoluciones/RESOLUCIONES%202007/RES%202007%202201%20AL%202300/RESOLUCION%202243%20DE%202007.pdf HTTP/1.1" 304 -
104.154.123.160 - - [21/Jul/2016:05:24:43 -0500] "GET /BLA/resoluciones/AUTOS%202014/1908.pdf HTTP/1.1" 200 345781
104.154.123.103 - - [21/Jul/2016:05:25:02 -0500] "GET /BLA/resoluciones/RESOLUCIONES%202011/3839.pdf HTTP/1.1" 200 510624
104.154.123.150 - - [21/Jul/2016:05:25:09 -0500] "GET /BLA/resoluciones/RESOLUCIONES%202007/RES%202007%203201%20AL%203300/RESOLUCION%203282%20%20DE%202007.pdf HTTP/1.1" 200 395144
104.154.123.119 - - [21/Jul/2016:05:25:18 -0500] "GET /BLA/resoluciones/RESOLUCIONES%202009/0661.pdf HTTP/1.1" 200 181133
104.154.123.198 - - [21/Jul/2016:05:25:24 -0500] "GET /BLA/resoluciones/RESOLUCIONES%202010/4102.pdf HTTP/1.1" 200 336400
201.245.192.253 - - [21/Jul/2016:05:25:28 -0500] "POST /forms/lservlet;jsessionid=ac16012b30d6d7b74e4907534e0daea4f6386b2417c2.e3iSbxaKaheRe34Tax0PchuKax90n6jAmljGr5XDqQLvpAe HTTP/1.1" 200 2
66.249.64.165 - - [21/Jul/2016:05:25:29 -0500] "GET /BLA/resoluciones/RESOLUCIONES%202007/RES%202007%201501%20AL%201600/RESOLUCION%201577%20DE%202007.pdf HTTP/1.1" 304 -
66.249.64.165 - - [21/Jul/2016:05:25:43 -0500] "GET /BLA/resoluciones/RESOLUCIONES%202010/6120.pdf HTTP/1.1" 200 1395008
104.154.123.103 - - [21/Jul/2016:05:25:46 -0500] "GET /BLA/resoluciones/RESOLUCIONES%202010/5189.pdf HTTP/1.1" 200 753677
66.249.64.147 - - [21/Jul/2016:05:26:02 -0500] "GET /BLA/ HTTP/1.1" 200 538
181.142.146.101 - - [21/Jul/2016:05:26:02 -0500] "POST /forms/lservlet;jsessionid=ac16012b30d6e17fe838984d4f239499e779764a5139.e3iSbxaKaheRe34Tax0PchuKax90n6jAmljGr5XDqQLvpAe HTTP/1.1" 200 2
192.168.175.104 - - [21/Jul/2016:05:26:16 -0500] "GET / HTTP/1.1" 200 9990
192.168.175.104 - - [21/Jul/2016:05:26:27 -0500] "GET / HTTP/1.0" 200 9990
104.154.123.88 - - [21/Jul/2016:05:26:29 -0500] "GET /BLA/resoluciones/RESOLUCIONES%202007/RES%202007%201%20AL%20100/RESOLUCION%200030%20%20DE%202007.pdf HTTP/1.1" 200 200228
192.168.175.104 - - [21/Jul/2016:05:26:47 -0500] "GET / HTTP/1.1" 200 9990
66.249.64.187 - - [21/Jul/2016:05:26:02 -0500] "GET /BLA/boletinlegal/index.php HTTP/1.1" 200 52436
66.249.69.189 - - [21/Jul/2016:05:27:04 -0500] "GET /dama/libreria/php/decide.php?patron=03.1203 HTTP/1.1" 404 1019
104.154.123.159 - - [21/Jul/2016:05:27:26 -0500] "GET /BLA/resoluciones/RESOLUCIONES%202009/2807.pdf HTTP/1.1" 200 304424
201.245.192.253 - - [21/Jul/2016:05:27:28 -0500] "POST /forms/lservlet;jsessionid=ac16012b30d6d7b74e4907534e0daea4f6386b2417c2.e3iSbxaKaheRe34Tax0PchuKax90n6jAmljGr5XDqQLvpAe HTTP/1.1" 200 2
66.249.64.165 - - [21/Jul/2016:05:27:43 -0500] "GET /BLA/resoluciones/AUTOS%202012/2170.pdf HTTP/1.1" 304 -
207.46.13.93 - - [21/Jul/2016:05:27:54 -0500] "GET / HTTP/1.1" 200 9990
66.249.64.165 - - [21/Jul/2016:05:27:56 -0500] "GET /BLA/resoluciones/RESOLUCIONES%202007/RES%202007%202101%20AL%202200/RESOLUCION%202128%20DE%202007.pdf HTTP/1.1" 200 748487
104.154.123.34 - - [21/Jul/2016:05:27:56 -0500] "GET /BLA/resoluciones/AUTOS%202007/2332.pdf HTTP/1.1" 200 121304
181.142.146.101 - - [21/Jul/2016:05:28:02 -0500] "POST /forms/lservlet;jsessionid=ac16012b30d6e17fe838984d4f239499e779764a5139.e3iSbxaKaheRe34Tax0PchuKax90n6jAmljGr5XDqQLvpAe HTTP/1.1" 200 2
66.249.64.165 - - [21/Jul/2016:05:28:23 -0500] "GET /BLA/resoluciones/RESOLUCIONES%202013/0003.pdf HTTP/1.1" 304 -
66.249.64.185 - - [21/Jul/2016:05:28:26 -0500] "GET / HTTP/1.1" 200 9990
66.249.64.165 - - [21/Jul/2016:05:28:35 -0500] "GET /BLA/resoluciones/RESOLUCIONES%202007/RES%202007%201401%20AL%201500/RESOLUCION%201407%20DE%202007.pdf HTTP/1.1" 304 -
69.162.124.232 - - [21/Jul/2016:05:28:36 -0500] "HEAD / HTTP/1.1" 200 -
66.249.69.168 - - [21/Jul/2016:05:28:55 -0500] "GET /BLA/resoluciones/AUTOS%202013/0161.pdf HTTP/1.1" 304 -
157.55.39.216 - - [21/Jul/2016:05:28:57 -0500] "GET / HTTP/1.1" 200 9990
104.154.123.12 - - [21/Jul/2016:05:29:01 -0500] "GET /BLA/resoluciones/RESOLUCIONES%202008/0179.pdf HTTP/1.1" 200 281603
66.249.64.165 - - [21/Jul/2016:05:29:11 -0500] "GET /BLA/resoluciones/RESOLUCIONES%202012/1230.pdf HTTP/1.1" 304 -
66.249.64.165 - - [21/Jul/2016:05:29:22 -0500] "GET /BLA/resoluciones/RESOLUCIONES%202012/1725.pdf HTTP/1.1" 304 -
66.249.64.165 - - [21/Jul/2016:05:29:26 -0500] "GET /BLA/resoluciones/AUTOS%202014/5591.pdf HTTP/1.1" 200 4056818
201.245.192.253 - - [21/Jul/2016:05:29:28 -0500] "POST /forms/lservlet;jsessionid=ac16012b30d6d7b74e4907534e0daea4f6386b2417c2.e3iSbxaKaheRe34Tax0PchuKax90n6jAmljGr5XDqQLvpAe HTTP/1.1" 200 2
40.77.167.81 - - [21/Jul/2016:05:29:41 -0500] "GET / HTTP/1.1" 200 9990
104.154.123.160 - - [21/Jul/2016:05:29:42 -0500] "GET /BLA/resoluciones/RESOLUCIONES%202009/1759.pdf HTTP/1.1" 200 501772
181.142.146.101 - - [21/Jul/2016:05:30:02 -0500] "POST /forms/lservlet;jsessionid=ac16012b30d6e17fe838984d4f239499e779764a5139.e3iSbxaKaheRe34Tax0PchuKax90n6jAmljGr5XDqQLvpAe HTTP/1.1" 200 2
66.249.64.165 - - [21/Jul/2016:05:30:19 -0500] "GET /BLA/resoluciones/RESOLUCIONES%202008/1578.pdf HTTP/1.1" 200 223525
104.154.123.150 - - [21/Jul/2016:05:30:21 -0500] "GET /BLA/resoluciones/AUTOS%202010/0366.pdf HTTP/1.1" 200 203499
66.249.64.165 - - [21/Jul/2016:05:30:22 -0500] "GET /BLA/resoluciones/RESOLUCIONES%202013/1138.pdf HTTP/1.1" 304 -
104.154.123.198 - - [21/Jul/2016:05:30:33 -0500] "GET /BLA/resoluciones/RESOLUCIONES%202011/4617.pdf HTTP/1.1" 200 427719
66.249.64.165 - - [21/Jul/2016:05:30:36 -0500] "GET /transparencia/directorioservidores/abril2016.xlsx HTTP/1.1" 304 -
180.76.15.25 - - [21/Jul/2016:05:30:44 -0500] "GET / HTTP/1.1" 200 9990
66.249.69.187 - - [21/Jul/2016:05:30:44 -0500] "GET /galeria/nivo-slider/demo/images/suba1.jpg HTTP/1.1" 200 258701
66.249.64.165 - - [21/Jul/2016:05:30:49 -0500] "GET /BLA/resoluciones/RESOLUCIONES%202014/3683.pdf HTTP/1.1" 304 -
66.249.64.165 - - [21/Jul/2016:05:31:09 -0500] "GET /BLA/resoluciones/RESOLUCIONES%202013/1135.pdf HTTP/1.1" 304 -
192.168.175.104 - - [21/Jul/2016:05:31:14 -0500] "GET / HTTP/1.1" 200 9990
104.154.123.12 - - [21/Jul/2016:05:31:15 -0500] "GET /BLA/resoluciones/RESOLUCIONES%202011/3498.pdf HTTP/1.1" 200 375919
192.168.175.104 - - [21/Jul/2016:05:31:25 -0500] "GET / HTTP/1.0" 200 9990
180.76.15.10 - - [21/Jul/2016:05:31:27 -0500] "GET / HTTP/1.1" 200 9990
201.245.192.253 - - [21/Jul/2016:05:31:28 -0500] "POST /forms/lservlet;jsessionid=ac16012b30d6d7b74e4907534e0daea4f6386b2417c2.e3iSbxaKaheRe34Tax0PchuKax90n6jAmljGr5XDqQLvpAe HTTP/1.1" 200 2
104.154.123.150 - - [21/Jul/2016:05:31:43 -0500] "GET /BLA/resoluciones/RESOLUCIONES%202010/0828.pdf HTTP/1.1" 200 102908
192.168.175.104 - - [21/Jul/2016:05:31:46 -0500] "GET / HTTP/1.1" 200 9990
66.249.64.165 - - [21/Jul/2016:05:31:49 -0500] "GET /BLA/resoluciones/RESOLUCIONES%202013/0985.pdf HTTP/1.1" 304 -
66.249.64.165 - - [21/Jul/2016:05:31:56 -0500] "GET /BLA/resoluciones/RESOLUCIONES%202011/2537.pdf HTTP/1.1" 304 -
181.142.146.101 - - [21/Jul/2016:05:32:02 -0500] "POST /forms/lservlet;jsessionid=ac16012b30d6e17fe838984d4f239499e779764a5139.e3iSbxaKaheRe34Tax0PchuKax90n6jAmljGr5XDqQLvpAe HTTP/1.1" 200 2
66.249.64.165 - - [21/Jul/2016:05:32:36 -0500] "GET /BLA/resoluciones/AUTOS%202013/3091.pdf HTTP/1.1" 304 -
104.154.123.12 - - [21/Jul/2016:05:32:38 -0500] "GET /BLA/resoluciones/RESOLUCIONES%202007/RES%202007%20601%20AL%20700/RESOLUCION%200609%20DE%202007.pdf HTTP/1.1" 200 1022235
66.249.64.165 - - [21/Jul/2016:05:32:43 -0500] "GET /BLA/resoluciones/AUTOS%202011/2104.pdf HTTP/1.1" 304 -
66.249.69.183 - - [21/Jul/2016:05:33:23 -0500] "GET /galeria/nivo-slider/demo/images/mico1.jpg HTTP/1.1" 200 48986
201.245.192.253 - - [21/Jul/2016:05:33:29 -0500] "POST /forms/lservlet;jsessionid=ac16012b30d6d7b74e4907534e0daea4f6386b2417c2.e3iSbxaKaheRe34Tax0PchuKax90n6jAmljGr5XDqQLvpAe HTTP/1.1" 200 2
40.77.167.14 - - [21/Jul/2016:05:33:34 -0500] "GET /www.bogota.gov.co/sdqs HTTP/1.1" 404 1015
69.162.124.232 - - [21/Jul/2016:05:33:36 -0500] "HEAD / HTTP/1.1" 200 -
181.142.146.101 - - [21/Jul/2016:05:34:02 -0500] "POST /forms/lservlet;jsessionid=ac16012b30d6e17fe838984d4f239499e779764a5139.e3iSbxaKaheRe34Tax0PchuKax90n6jAmljGr5XDqQLvpAe HTTP/1.1" 200 2
104.154.123.160 - - [21/Jul/2016:05:34:08 -0500] "GET /BLA/resoluciones/AUTOS%202009/0723.pdf HTTP/1.1" 200 169410
66.249.69.165 - - [21/Jul/2016:05:35:07 -0500] "GET /BLA/resoluciones/AUTOS%202015/0590.pdf HTTP/1.1" 304 -
201.245.192.253 - - [21/Jul/2016:05:35:29 -0500] "POST /forms/lservlet;jsessionid=ac16012b30d6d7b74e4907534e0daea4f6386b2417c2.e3iSbxaKaheRe34Tax0PchuKax90n6jAmljGr5XDqQLvpAe HTTP/1.1" 200 2
104.154.123.12 - - [21/Jul/2016:05:35:36 -0500] "GET /BLA/resoluciones/RESOLUCIONES%202014/1368.pdf HTTP/1.1" 200 540647
120.63.219.5 - - [21/Jul/2016:05:36:01 -0500] "GET /galeria/galeria/jquery.fancybox.css?v=2.1.5 HTTP/1.1" 200 4895
120.63.219.5 - - [21/Jul/2016:05:36:01 -0500] "GET /BLA/boletinlegal/js/jquery.scrollShow.js HTTP/1.1" 200 4586
120.63.219.5 - - [21/Jul/2016:05:36:01 -0500] "GET /galeria/galeria/jquery.fancybox.js?v=2.1.5 HTTP/1.1" 200 48706
181.142.146.101 - - [21/Jul/2016:05:36:02 -0500] "POST /forms/lservlet;jsessionid=ac16012b30d6e17fe838984d4f239499e779764a5139.e3iSbxaKaheRe34Tax0PchuKax90n6jAmljGr5XDqQLvpAe HTTP/1.1" 200 2
66.249.64.165 - - [21/Jul/2016:05:36:10 -0500] "GET /autoliquidacion/Solicitudes%20relacionadas%20con%20calidad%20del%20aire%20auditiva%20y%20visual/Registro%20de%20Elementos%20de%20publicidad%20Exterior%20Visual/126pm04-pr16-f-a301%20Formato%20Solicitud%20de%20registro.xls HTTP/1.1" 304 -
192.168.175.104 - - [21/Jul/2016:05:36:12 -0500] "GET / HTTP/1.1" 200 9990
120.63.219.5 - - [21/Jul/2016:05:36:17 -0500] "GET /BLA/boletinlegal/js/jquery.scrollShow.js HTTP/1.1" 200 4586
120.63.219.5 - - [21/Jul/2016:05:36:18 -0500] "GET /galeria/galeria/jquery.fancybox.js?v=2.1.5 HTTP/1.1" 200 48706
74.82.47.3 - - [21/Jul/2016:05:36:18 -0500] "GET / HTTP/1.1" 200 9990
120.63.219.5 - - [21/Jul/2016:05:36:19 -0500] "GET /galeria/galeria/jquery.fancybox.css?v=2.1.5 HTTP/1.1" 200 4895
192.168.175.104 - - [21/Jul/2016:05:36:23 -0500] "GET / HTTP/1.0" 200 9990
192.168.175.104 - - [21/Jul/2016:05:36:44 -0500] "GET / HTTP/1.1" 200 9990
66.249.69.168 - - [21/Jul/2016:05:36:50 -0500] "GET /BLA/resoluciones/RESOLUCIONES%202008/3800.pdf HTTP/1.1" 304 -
64.71.32.36 - - [21/Jul/2016:05:37:18 -0500] "GET /wp-admin/ HTTP/1.1" 404 1018
201.245.192.253 - - [21/Jul/2016:05:37:29 -0500] "POST /forms/lservlet;jsessionid=ac16012b30d6d7b74e4907534e0daea4f6386b2417c2.e3iSbxaKaheRe34Tax0PchuKax90n6jAmljGr5XDqQLvpAe HTTP/1.1" 200 2
181.142.146.101 - - [21/Jul/2016:05:38:03 -0500] "POST /forms/lservlet;jsessionid=ac16012b30d6e17fe838984d4f239499e779764a5139.e3iSbxaKaheRe34Tax0PchuKax90n6jAmljGr5XDqQLvpAe HTTP/1.1" 200 2
64.233.173.214 - - [21/Jul/2016:05:38:29 -0500] "GET /BLA/boletinlegal/js/jquery.scrollShow.js HTTP/1.1" 200 4586
64.233.173.210 - - [21/Jul/2016:05:38:29 -0500] "GET /galeria/galeria/jquery.fancybox.js?v=2.1.5 HTTP/1.1" 200 48706
64.233.173.218 - - [21/Jul/2016:05:38:29 -0500] "GET /galeria/galeria/jquery.fancybox.css?v=2.1.5 HTTP/1.1" 200 4895
69.162.124.232 - - [21/Jul/2016:05:38:36 -0500] "HEAD / HTTP/1.1" 200 -
66.249.69.187 - - [21/Jul/2016:05:38:31 -0500] "GET /galeria/nivo-slider/demo/images/loro1.jpg HTTP/1.1" 200 823253
64.233.173.214 - - [21/Jul/2016:05:38:43 -0500] "GET /BLA/boletinlegal/js/jquery.scrollShow.js HTTP/1.1" 200 4586
64.233.173.210 - - [21/Jul/2016:05:38:44 -0500] "GET /galeria/galeria/jquery.fancybox.js?v=2.1.5 HTTP/1.1" 200 48706
64.233.173.210 - - [21/Jul/2016:05:38:46 -0500] "GET /galeria/galeria/jquery.fancybox.css?v=2.1.5 HTTP/1.1" 200 4895
186.29.175.239 - - [21/Jul/2016:05:38:59 -0500] "GET /BLA/resoluciones/AUTOS%202014/2227.pdf HTTP/1.1" 200 306678
186.29.175.239 - - [21/Jul/2016:05:39:01 -0500] "GET /BLA/resoluciones/AUTOS%202014/2227.pdf HTTP/1.1" 200 306678
66.249.69.171 - - [21/Jul/2016:05:39:20 -0500] "GET /BLA/resoluciones/RESOLUCIONES%202012/0714.pdf HTTP/1.1" 304 -
66.249.64.189 - - [21/Jul/2016:05:39:23 -0500] "GET /ecodirectorio/files/res/mobile/page0168_i1.jpg HTTP/1.1" 200 54139
201.245.192.253 - - [21/Jul/2016:05:39:29 -0500] "POST /forms/lservlet;jsessionid=ac16012b30d6d7b74e4907534e0daea4f6386b2417c2.e3iSbxaKaheRe34Tax0PchuKax90n6jAmljGr5XDqQLvpAe HTTP/1.1" 200 2
109.166.133.168 - - [21/Jul/2016:05:39:48 -0500] "GET /wp-login.php HTTP/1.1" 404 1019
181.142.146.101 - - [21/Jul/2016:05:40:03 -0500] "POST /forms/lservlet;jsessionid=ac16012b30d6e17fe838984d4f239499e779764a5139.e3iSbxaKaheRe34Tax0PchuKax90n6jAmljGr5XDqQLvpAe HTTP/1.1" 200 2
66.249.64.165 - - [21/Jul/2016:05:40:04 -0500] "GET /BLA/resoluciones/RESOLUCIONES%202010/2280.pdf HTTP/1.1" 304 -
66.249.64.165 - - [21/Jul/2016:05:40:38 -0500] "GET /BLA/resoluciones/AUTOS%202013/0324.pdf HTTP/1.1" 304 -
74.82.47.3 - - [21/Jul/2016:05:40:43 -0500] "GET / HTTP/1.1" 200 9990
66.249.69.168 - - [21/Jul/2016:05:41:02 -0500] "GET /BLA/resoluciones/RESOLUCIONES%202011/4560.pdf HTTP/1.1" 304 -
192.168.175.104 - - [21/Jul/2016:05:41:11 -0500] "GET / HTTP/1.1" 200 9990
66.249.64.165 - - [21/Jul/2016:05:41:18 -0500] "GET /BLA/resoluciones/RESOLUCIONES%202010/6809.pdf HTTP/1.1" 304 -
192.168.175.104 - - [21/Jul/2016:05:41:21 -0500] "GET / HTTP/1.0" 200 9990
201.245.192.253 - - [21/Jul/2016:05:41:30 -0500] "POST /forms/lservlet;jsessionid=ac16012b30d6d7b74e4907534e0daea4f6386b2417c2.e3iSbxaKaheRe34Tax0PchuKax90n6jAmljGr5XDqQLvpAe HTTP/1.1" 200 2
66.249.64.165 - - [21/Jul/2016:05:41:31 -0500] "GET /BLA/resoluciones/RESOLUCIONES%202011/1638.pdf HTTP/1.1" 200 300932
192.168.175.104 - - [21/Jul/2016:05:41:42 -0500] "GET / HTTP/1.1" 200 9990
181.142.146.101 - - [21/Jul/2016:05:42:04 -0500] "POST /forms/lservlet;jsessionid=ac16012b30d6e17fe838984d4f239499e779764a5139.e3iSbxaKaheRe34Tax0PchuKax90n6jAmljGr5XDqQLvpAe HTTP/1.1" 200 2
66.249.64.165 - - [21/Jul/2016:05:42:05 -0500] "GET /BLA/resoluciones/RESOLUCIONES%202012/1228.pdf HTTP/1.1" 304 -
66.249.64.165 - - [21/Jul/2016:05:42:18 -0500] "GET /BLA/resoluciones/RESOLUCIONES%202007/RES%202007%202001%20AL%202100/RESOLUCION%202015%20DE%202007.pdf HTTP/1.1" 304 -
66.249.64.165 - - [21/Jul/2016:05:42:51 -0500] "GET /BLA/resoluciones/AUTOS%202015/2006.pdf HTTP/1.1" 304 -
66.249.64.165 - - [21/Jul/2016:05:42:58 -0500] "GET /BLA/resoluciones/AUTOS%202011/3603.pdf HTTP/1.1" 304 -
66.249.64.165 - - [21/Jul/2016:05:43:25 -0500] "GET /BLA/resoluciones/AUTOS%202013/2223.pdf HTTP/1.1" 304 -
201.245.192.253 - - [21/Jul/2016:05:43:30 -0500] "POST /forms/lservlet;jsessionid=ac16012b30d6d7b74e4907534e0daea4f6386b2417c2.e3iSbxaKaheRe34Tax0PchuKax90n6jAmljGr5XDqQLvpAe HTTP/1.1" 200 2
66.249.69.165 - - [21/Jul/2016:05:43:31 -0500] "GET /BLA/resoluciones/RESOLUCIONES%202012/1104.pdf HTTP/1.1" 304 -
69.162.124.232 - - [21/Jul/2016:05:43:36 -0500] "HEAD / HTTP/1.1" 200 -
181.142.146.101 - - [21/Jul/2016:05:44:04 -0500] "POST /forms/lservlet;jsessionid=ac16012b30d6e17fe838984d4f239499e779764a5139.e3iSbxaKaheRe34Tax0PchuKax90n6jAmljGr5XDqQLvpAe HTTP/1.1" 200 2
66.249.69.165 - - [21/Jul/2016:05:44:20 -0500] "GET /BLA/resoluciones/AUTOS%202011/5716.pdf HTTP/1.1" 200 218425
66.249.64.165 - - [21/Jul/2016:05:44:45 -0500] "GET /BLA/resoluciones/RESOLUCIONES%202012/1114.pdf HTTP/1.1" 304 -
64.71.32.36 - - [21/Jul/2016:05:45:09 -0500] "GET /test/wp-admin/ HTTP/1.1" 404 1018
66.249.64.165 - - [21/Jul/2016:05:45:25 -0500] "GET /BLA/resoluciones/RESOLUCIONES%202013/0581.pdf HTTP/1.1" 304 -
201.245.192.253 - - [21/Jul/2016:05:45:30 -0500] "POST /forms/lservlet;jsessionid=ac16012b30d6d7b74e4907534e0daea4f6386b2417c2.e3iSbxaKaheRe34Tax0PchuKax90n6jAmljGr5XDqQLvpAe HTTP/1.1" 200 2
181.142.146.101 - - [21/Jul/2016:05:46:04 -0500] "POST /forms/lservlet;jsessionid=ac16012b30d6e17fe838984d4f239499e779764a5139.e3iSbxaKaheRe34Tax0PchuKax90n6jAmljGr5XDqQLvpAe HTTP/1.1" 200 2
192.168.175.104 - - [21/Jul/2016:05:46:09 -0500] "GET / HTTP/1.1" 200 9990
192.168.175.104 - - [21/Jul/2016:05:46:20 -0500] "GET / HTTP/1.0" 200 9990
66.249.64.165 - - [21/Jul/2016:05:46:25 -0500] "GET /BLA/resoluciones/AUTOS%202013/2399.pdf HTTP/1.1" 304 -
192.168.175.104 - - [21/Jul/2016:05:46:41 -0500] "GET / HTTP/1.1" 200 9990
100.43.91.6 - - [21/Jul/2016:05:46:49 -0500] "GET /robots.txt HTTP/1.1" 404 1015
100.43.91.6 - - [21/Jul/2016:05:46:50 -0500] "GET / HTTP/1.1" 200 9990
5.255.250.32 - - [21/Jul/2016:05:46:50 -0500] "GET /robots.txt HTTP/1.1" 404 1015
5.255.250.42 - - [21/Jul/2016:05:46:51 -0500] "GET /robots.txt HTTP/1.1" 404 1019
100.43.91.6 - - [21/Jul/2016:05:46:53 -0500] "GET / HTTP/1.1" 200 9990
5.255.250.32 - - [21/Jul/2016:05:46:53 -0500] "GET / HTTP/1.1" 200 9990
100.43.91.6 - - [21/Jul/2016:05:46:54 -0500] "GET / HTTP/1.1" 200 9990
117.235.122.226 - - [21/Jul/2016:05:46:55 -0500] "GET /wp-login.php HTTP/1.1" 404 1018
51.255.65.36 - - [21/Jul/2016:05:47:22 -0500] "GET /BLA/resoluciones/RESOLUCIONES%202003/RES%202003%20051-100/2003RES61.tif HTTP/1.1" 200 82988
201.245.192.253 - - [21/Jul/2016:05:47:30 -0500] "POST /forms/lservlet;jsessionid=ac16012b30d6d7b74e4907534e0daea4f6386b2417c2.e3iSbxaKaheRe34Tax0PchuKax90n6jAmljGr5XDqQLvpAe HTTP/1.1" 200 2
66.249.64.165 - - [21/Jul/2016:05:47:32 -0500] "GET /BLA/resoluciones/RESOLUCIONES%202010/6312.pdf HTTP/1.1" 304 -
59.92.240.10 - - [21/Jul/2016:05:47:34 -0500] "GET /wp-login.php HTTP/1.1" 404 1019
66.249.64.165 - - [21/Jul/2016:05:47:39 -0500] "GET /BLA/resoluciones/RESOLUCIONES%202010/5898.pdf HTTP/1.1" 304 -
66.249.64.165 - - [21/Jul/2016:05:47:52 -0500] "GET /transparencia/directorioservidores/septiembre2015.xlsx HTTP/1.1" 304 -
66.249.64.187 - - [21/Jul/2016:05:47:59 -0500] "GET /galeria/mapa/ HTTP/1.1" 200 5106
181.142.146.101 - - [21/Jul/2016:05:48:04 -0500] "POST /forms/lservlet;jsessionid=ac16012b30d6e17fe838984d4f239499e779764a5139.e3iSbxaKaheRe34Tax0PchuKax90n6jAmljGr5XDqQLvpAe HTTP/1.1" 200 2
66.249.69.183 - - [21/Jul/2016:05:48:20 -0500] "GET /galeria/nivo-slider/demo/images/Bus03.jpg HTTP/1.1" 200 84940
69.162.124.232 - - [21/Jul/2016:05:48:36 -0500] "HEAD / HTTP/1.1" 200 -
66.249.64.183 - - [21/Jul/2016:05:48:53 -0500] "GET /BLA/boletinlegal/Directivas/2011/Directiva%20No.%201%20del%205%20de%20Abril%20de%202011.pdf HTTP/1.1" 304 -
66.249.64.183 - - [21/Jul/2016:05:48:59 -0500] "GET /BLA/boletinlegal/Circulares/2010/Circular%2005%20de%208%20de%20septiembre%20de%202010.pdf HTTP/1.1" 304 -
201.245.192.253 - - [21/Jul/2016:05:49:31 -0500] "POST /forms/lservlet;jsessionid=ac16012b30d6d7b74e4907534e0daea4f6386b2417c2.e3iSbxaKaheRe34Tax0PchuKax90n6jAmljGr5XDqQLvpAe HTTP/1.1" 200 2
181.142.146.101 - - [21/Jul/2016:05:50:04 -0500] "POST /forms/lservlet;jsessionid=ac16012b30d6e17fe838984d4f239499e779764a5139.e3iSbxaKaheRe34Tax0PchuKax90n6jAmljGr5XDqQLvpAe HTTP/1.1" 200 2
157.55.39.216 - - [21/Jul/2016:05:50:05 -0500] "GET /pot/Thumbs.db HTTP/1.1" 404 1019
66.249.64.185 - - [21/Jul/2016:05:50:06 -0500] "GET /BLA/boletinlegal/jurisprudencia/analisis/analisis%20C-595-2010.doc HTTP/1.1" 304 -
192.168.175.104 - - [21/Jul/2016:05:51:07 -0500] "GET / HTTP/1.1" 200 9990
192.168.175.104 - - [21/Jul/2016:05:51:17 -0500] "GET / HTTP/1.0" 200 9990
66.249.64.165 - - [21/Jul/2016:05:51:20 -0500] "GET /BLA/resoluciones/AUTOS%202013/0219.pdf HTTP/1.1" 304 -
201.245.192.253 - - [21/Jul/2016:05:51:31 -0500] "POST /forms/lservlet;jsessionid=ac16012b30d6d7b74e4907534e0daea4f6386b2417c2.e3iSbxaKaheRe34Tax0PchuKax90n6jAmljGr5XDqQLvpAe HTTP/1.1" 200 2
192.168.175.104 - - [21/Jul/2016:05:51:40 -0500] "GET / HTTP/1.1" 200 9990
66.249.64.165 - - [21/Jul/2016:05:52:00 -0500] "GET /BLA/resoluciones/AUTOS%202011/4269.pdf HTTP/1.1" 304 -
181.142.146.101 - - [21/Jul/2016:05:52:04 -0500] "POST /forms/lservlet;jsessionid=ac16012b30d6e17fe838984d4f239499e779764a5139.e3iSbxaKaheRe34Tax0PchuKax90n6jAmljGr5XDqQLvpAe HTTP/1.1" 200 2
66.249.64.165 - - [21/Jul/2016:05:52:06 -0500] "GET /BLA/resoluciones/AUTOS%202010/5348.pdf HTTP/1.1" 304 -
64.71.32.36 - - [21/Jul/2016:05:52:47 -0500] "GET /wordpress/wp-admin/ HTTP/1.1" 404 1018
23.91.70.74 - - [21/Jul/2016:05:53:08 -0500] "POST /xmlrpc.php HTTP/1.1" 302 308
201.245.192.253 - - [21/Jul/2016:05:53:31 -0500] "POST /forms/lservlet;jsessionid=ac16012b30d6d7b74e4907534e0daea4f6386b2417c2.e3iSbxaKaheRe34Tax0PchuKax90n6jAmljGr5XDqQLvpAe HTTP/1.1" 200 2
69.162.124.232 - - [21/Jul/2016:05:53:36 -0500] "HEAD / HTTP/1.1" 200 -
66.249.64.165 - - [21/Jul/2016:05:53:44 -0500] "GET /BLA/resoluciones/RESOLUCIONES%202008/0896.pdf HTTP/1.1" 304 -
66.249.64.165 - - [21/Jul/2016:05:53:44 -0500] "GET /BLA/resoluciones/RESOLUCIONES%202010/7206.pdf HTTP/1.1" 304 -
66.249.64.165 - - [21/Jul/2016:05:54:02 -0500] "GET /BLA/resoluciones/RESOLUCIONES%202009/5692.pdf HTTP/1.1" 304 -
181.142.146.101 - - [21/Jul/2016:05:54:04 -0500] "POST /forms/lservlet;jsessionid=ac16012b30d6e17fe838984d4f239499e779764a5139.e3iSbxaKaheRe34Tax0PchuKax90n6jAmljGr5XDqQLvpAe HTTP/1.1" 200 2
66.249.69.168 - - [21/Jul/2016:05:54:27 -0500] "GET /sia/ HTTP/1.1" 304 -
66.249.64.165 - - [21/Jul/2016:05:54:38 -0500] "GET /autoliquidacion/TR%C3%81MITES%20VERTIMIENTOS/PERMISOS%20DE%20VERTIMIENTOS/ANEXO%202.%20LISTA%20CHEQUEO%20PERMISO%20VERT.%20SUELO%20Y%20CUERPO%20DE%20AGUA.pdf HTTP/1.1" 304 -
66.249.69.166 - - [21/Jul/2016:05:54:49 -0500] "GET /robots.txt HTTP/1.1" 302 312
66.249.64.165 - - [21/Jul/2016:05:55:14 -0500] "GET /BLA/resoluciones/RESOLUCIONES%202014/3221.pdf HTTP/1.1" 304 -
66.249.69.187 - - [21/Jul/2016:05:55:14 -0500] "GET /galeria/nivo-slider/demo/images/Agua1.jpg HTTP/1.1" 200 724781
201.245.192.253 - - [21/Jul/2016:05:55:31 -0500] "POST /forms/lservlet;jsessionid=ac16012b30d6d7b74e4907534e0daea4f6386b2417c2.e3iSbxaKaheRe34Tax0PchuKax90n6jAmljGr5XDqQLvpAe HTTP/1.1" 200 2
66.249.64.165 - - [21/Jul/2016:05:55:51 -0500] "GET /BLA/resoluciones/AUTOS%202013/5889.pdf HTTP/1.1" 304 -
66.249.64.165 - - [21/Jul/2016:05:56:00 -0500] "GET /BLA/resoluciones/RESOLUCIONES%202011/0019.pdf HTTP/1.1" 200 277930
181.142.146.101 - - [21/Jul/2016:05:56:04 -0500] "POST /forms/lservlet;jsessionid=ac16012b30d6e17fe838984d4f239499e779764a5139.e3iSbxaKaheRe34Tax0PchuKax90n6jAmljGr5XDqQLvpAe HTTP/1.1" 200 2
192.168.175.104 - - [21/Jul/2016:05:56:05 -0500] "GET / HTTP/1.1" 200 9990
66.249.69.169 - - [21/Jul/2016:05:56:06 -0500] "GET / HTTP/1.1" 302 302
192.168.175.104 - - [21/Jul/2016:05:56:15 -0500] "GET / HTTP/1.0" 200 9990
66.249.64.165 - - [21/Jul/2016:05:56:18 -0500] "GET /BLA/resoluciones/AUTOS%202013/1542.pdf HTTP/1.1" 304 -
192.168.175.104 - - [21/Jul/2016:05:56:38 -0500] "GET / HTTP/1.1" 200 9990
66.249.64.165 - - [21/Jul/2016:05:56:45 -0500] "GET /BLA/resoluciones/AUTOS%202013/0041.pdf HTTP/1.1" 304 -
66.249.64.165 - - [21/Jul/2016:05:56:51 -0500] "GET /BLA/resoluciones/RESOLUCIONES%202007/RES%202007%203801%20AL%203900/RESOLUCION%203859%20DE%202007.pdf HTTP/1.1" 304 -
66.249.64.165 - - [21/Jul/2016:05:57:12 -0500] "GET /BLA/resoluciones/AUTOS%202012/1114.pdf HTTP/1.1" 304 -
66.249.64.165 - - [21/Jul/2016:05:57:25 -0500] "GET /BLA/resoluciones/Notificaciones/AUTOS%202014/5836.doc HTTP/1.1" 304 -
66.249.64.165 - - [21/Jul/2016:05:57:26 -0500] "GET /mobile/BLA/resoluciones/AUTOS%202012/2523.pdf HTTP/1.1" 404 1018
40.77.167.14 - - [21/Jul/2016:05:57:32 -0500] "GET /dama/libreria/pdf/ecosistemas/restauracion/ts3.pdf HTTP/1.1" 404 1019
201.245.192.253 - - [21/Jul/2016:05:57:31 -0500] "POST /forms/lservlet;jsessionid=ac16012b30d6d7b74e4907534e0daea4f6386b2417c2.e3iSbxaKaheRe34Tax0PchuKax90n6jAmljGr5XDqQLvpAe HTTP/1.1" 200 2
186.30.95.109 - - [21/Jul/2016:05:57:41 -0500] "GET /BLA/boletinlegal/js/jquery.scrollShow.js HTTP/1.1" 200 4586
186.30.95.109 - - [21/Jul/2016:05:57:41 -0500] "GET /galeria/galeria/jquery.fancybox.js?v=2.1.5 HTTP/1.1" 200 48706
186.30.95.109 - - [21/Jul/2016:05:57:41 -0500] "GET /galeria/galeria/jquery.fancybox.css?v=2.1.5 HTTP/1.1" 200 4895
186.30.95.109 - - [21/Jul/2016:05:57:48 -0500] "GET /BLA/boletinlegal/js/jquery.scrollShow.js HTTP/1.1" 304 -
186.30.95.109 - - [21/Jul/2016:05:57:48 -0500] "GET /galeria/galeria/jquery.fancybox.js?v=2.1.5 HTTP/1.1" 304 -
186.30.95.109 - - [21/Jul/2016:05:57:48 -0500] "GET /galeria/galeria/jquery.fancybox.css?v=2.1.5 HTTP/1.1" 304 -
66.249.64.165 - - [21/Jul/2016:05:57:58 -0500] "GET /BLA/resoluciones/AUTOS%202013/2022.pdf HTTP/1.1" 304 -
164.132.161.73 - - [21/Jul/2016:05:58:02 -0500] "GET /BLA/resoluciones/RESOLUCIONES%202003/RES%202003%20351-400/353.tif HTTP/1.1" 200 166532
181.142.146.101 - - [21/Jul/2016:05:58:05 -0500] "POST /forms/lservlet;jsessionid=ac16012b30d6e17fe838984d4f239499e779764a5139.e3iSbxaKaheRe34Tax0PchuKax90n6jAmljGr5XDqQLvpAe HTTP/1.1" 200 2
66.249.64.165 - - [21/Jul/2016:05:58:09 -0500] "GET /mobile/BLA/resoluciones/AUTOS%202013/0448.pdf HTTP/1.1" 404 1018
66.249.64.147 - - [21/Jul/2016:05:58:12 -0500] "GET / HTTP/1.1" 200 9990
66.249.64.189 - - [21/Jul/2016:05:58:28 -0500] "GET /ecodirectorio/files/res/mobile/page0172_i1.jpg HTTP/1.1" 200 69749
66.249.69.165 - - [21/Jul/2016:05:58:29 -0500] "GET /BLA/resoluciones/AUTOS%202013/1882.pdf HTTP/1.1" 304 -
66.249.64.165 - - [21/Jul/2016:05:58:32 -0500] "GET /BLA/resoluciones/AUTOS%202011/2888.pdf HTTP/1.1" 304 -
69.162.124.232 - - [21/Jul/2016:05:58:36 -0500] "HEAD / HTTP/1.1" 200 -
66.249.64.165 - - [21/Jul/2016:05:58:49 -0500] "GET /mobile/BLA/resoluciones/AUTOS%202012/1387.pdf HTTP/1.1" 404 1018
66.249.64.165 - - [21/Jul/2016:05:59:30 -0500] "GET /BLA/resoluciones/AUTOS%202009/2293.pdf HTTP/1.1" 200 298516
201.245.192.253 - - [21/Jul/2016:05:59:32 -0500] "POST /forms/lservlet;jsessionid=ac16012b30d6d7b74e4907534e0daea4f6386b2417c2.e3iSbxaKaheRe34Tax0PchuKax90n6jAmljGr5XDqQLvpAe HTTP/1.1" 200 2
66.249.64.187 - - [21/Jul/2016:05:59:32 -0500] "GET /portalsiaccapacitaciones/Soportes%20Capacitaciones%202016/Mesas%20de%20Trabajo%20Mayo%202016/Presentaci%C3%B3n%20Manejo%20AVU.pdf HTTP/1.1" 304 -
181.142.146.101 - - [21/Jul/2016:06:00:05 -0500] "POST /forms/lservlet;jsessionid=ac16012b30d6e17fe838984d4f239499e779764a5139.e3iSbxaKaheRe34Tax0PchuKax90n6jAmljGr5XDqQLvpAe HTTP/1.1" 200 2
66.249.64.165 - - [21/Jul/2016:06:00:12 -0500] "GET /BLA/resoluciones/RESOLUCIONES%202007/RES%202007%20201%20AL%20300/RESOLUCION%200281%20DE%202007.pdf HTTP/1.1" 304 -
64.71.32.36 - - [21/Jul/2016:06:00:14 -0500] "GET /blog/wp-admin/ HTTP/1.1" 404 1018
66.249.64.165 - - [21/Jul/2016:06:00:27 -0500] "GET /BLA/resoluciones/RESOLUCIONES%202009/8903.pdf HTTP/1.1" 200 300961
103.240.96.226 - - [21/Jul/2016:06:00:54 -0500] "GET /wp-login.php HTTP/1.1" 404 1019
66.249.64.165 - - [21/Jul/2016:06:01:43 -0500] "GET /BLA/resoluciones/AUTOS%202015/2482.pdf HTTP/1.1" 200 567878
181.142.146.101 - - [21/Jul/2016:06:02:05 -0500] "POST /forms/lservlet;jsessionid=ac16012b30d6e17fe838984d4f239499e779764a5139.e3iSbxaKaheRe34Tax0PchuKax90n6jAmljGr5XDqQLvpAe HTTP/1.1" 200 2
66.249.64.165 - - [21/Jul/2016:06:02:16 -0500] "GET /mobile/BLA/resoluciones/RESOLUCIONES%202007/RES%202007%202001%20AL%202100/RESOLUCION%202080%20DE%202007.pdf HTTP/1.1" 404 1018
66.249.64.189 - - [21/Jul/2016:06:02:22 -0500] "GET / HTTP/1.1" 200 9990
192.168.175.104 - - [21/Jul/2016:06:02:28 -0500] "GET / HTTP/1.1" 200 9990
192.168.175.104 - - [21/Jul/2016:06:02:28 -0500] "GET / HTTP/1.0" 200 9990
192.168.175.104 - - [21/Jul/2016:06:02:53 -0500] "GET / HTTP/1.1" 200 9990
66.249.64.165 - - [21/Jul/2016:06:03:18 -0500] "GET /mobile/BLA/resoluciones/RESOLUCIONES%202007/RES%202007%202001%20AL%202100/RESOLUCION%202054%20DE%202007.pdf HTTP/1.1" 404 1018
66.249.64.165 - - [21/Jul/2016:06:03:26 -0500] "GET /m/BLA/resoluciones/RESOLUCIONES%202007/RES%202007%202401%20AL%202500/RESOLUCION%202463%20%20DE%202007.pdf HTTP/1.1" 404 1018
66.249.64.165 - - [21/Jul/2016:06:03:33 -0500] "GET /BLA/resoluciones/RESOLUCIONES%202009/8981.pdf HTTP/1.1" 200 511063
69.162.124.232 - - [21/Jul/2016:06:03:36 -0500] "HEAD / HTTP/1.1" 200 -
66.249.64.165 - - [21/Jul/2016:06:03:40 -0500] "GET /m/BLA/resoluciones/AUTOS%202015/0590.pdf HTTP/1.1" 404 1018
181.142.146.101 - - [21/Jul/2016:06:04:06 -0500] "POST /forms/lservlet;jsessionid=ac16012b30d6e17fe838984d4f239499e779764a5139.e3iSbxaKaheRe34Tax0PchuKax90n6jAmljGr5XDqQLvpAe HTTP/1.1" 200 2
66.249.64.144 - - [21/Jul/2016:06:04:16 -0500] "GET /css/style.css HTTP/1.1" 200 3610
66.249.64.144 - - [21/Jul/2016:06:04:22 -0500] "GET /css/bootstrap.min.css HTTP/1.1" 200 105939
104.154.123.21 - - [21/Jul/2016:06:04:22 -0500] "GET /BLA/resoluciones/AUTOS%202010/5389.pdf HTTP/1.1" 200 697500
104.154.123.69 - - [21/Jul/2016:06:04:23 -0500] "GET /ecodirectorio/files/res/downloads/download_0197.pdf HTTP/1.1" 200 209556
66.249.64.141 - - [21/Jul/2016:06:04:28 -0500] "GET /js/jquery.js HTTP/1.1" 200 97120
66.249.64.137 - - [21/Jul/2016:06:04:33 -0500] "GET / HTTP/1.1" 301 324
66.249.69.168 - - [21/Jul/2016:06:05:10 -0500] "GET /BLA/resoluciones/RESOLUCIONES%202010/2771.pdf HTTP/1.1" 304 -
66.249.64.165 - - [21/Jul/2016:06:05:18 -0500] "GET /mobile/BLA/resoluciones/RESOLUCIONES%202010/7579.pdf HTTP/1.1" 404 1018
201.245.192.253 - - [21/Jul/2016:06:05:34 -0500] "POST /forms/lservlet;jsessionid=ac16012b30d6d7b74e4907534e0daea4f6386b2417c2.e3iSbxaKaheRe34Tax0PchuKax90n6jAmljGr5XDqQLvpAe HTTP/1.1" 200 2
66.249.64.190 - - [21/Jul/2016:06:05:35 -0500] "GET /MANUALFUNC/ HTTP/1.1" 404 1018
66.249.64.165 - - [21/Jul/2016:06:05:41 -0500] "GET /BLA/resoluciones/RESOLUCIONES%202013/2765.pdf HTTP/1.1" 304 -
181.142.146.101 - - [21/Jul/2016:06:06:06 -0500] "POST /forms/lservlet;jsessionid=ac16012b30d6e17fe838984d4f239499e779764a5139.e3iSbxaKaheRe34Tax0PchuKax90n6jAmljGr5XDqQLvpAe HTTP/1.1" 200 2
66.249.64.187 - - [21/Jul/2016:06:06:07 -0500] "GET / HTTP/1.1" 200 9990
66.249.64.165 - - [21/Jul/2016:06:06:10 -0500] "GET /BLA/resoluciones/RESOLUCIONES%202008/2580.pdf HTTP/1.1" 304 -
51.255.65.82 - - [21/Jul/2016:06:06:10 -0500] "GET /BLA/resoluciones/RESOLUCIONES%202005/RES%202005%20%201651-1700/00001693.tif HTTP/1.1" 200 187686
66.249.64.165 - - [21/Jul/2016:06:06:17 -0500] "GET /mobile/Residuos/cosmeticos/cosmeticos.swf?pageNumber= HTTP/1.1" 404 1018
66.249.64.165 - - [21/Jul/2016:06:06:49 -0500] "GET /BLA/resoluciones/AUTOS%202013/1163.pdf HTTP/1.1" 304 -
66.249.64.165 - - [21/Jul/2016:06:07:02 -0500] "GET /BLA/resoluciones/RESOLUCIONES%202014/1460.pdf HTTP/1.1" 304 -
66.249.64.165 - - [21/Jul/2016:06:07:09 -0500] "GET /BLA/resoluciones/AUTOS%202013/0817.pdf HTTP/1.1" 304 -
66.249.64.165 - - [21/Jul/2016:06:07:15 -0500] "GET /BLA/resoluciones/RESOLUCIONES%202014/3653.pdf HTTP/1.1" 304 -
192.168.175.104 - - [21/Jul/2016:06:07:18 -0500] "GET / HTTP/1.1" 200 9990
192.168.175.104 - - [21/Jul/2016:06:07:18 -0500] "GET / HTTP/1.0" 200 9990
66.249.69.185 - - [21/Jul/2016:06:07:29 -0500] "GET /galeria/nivo-slider/demo/images/Bus02.jpg HTTP/1.1" 200 105284
201.245.192.253 - - [21/Jul/2016:06:07:34 -0500] "POST /forms/lservlet;jsessionid=ac16012b30d6d7b74e4907534e0daea4f6386b2417c2.e3iSbxaKaheRe34Tax0PchuKax90n6jAmljGr5XDqQLvpAe HTTP/1.1" 200 2
192.168.175.104 - - [21/Jul/2016:06:07:55 -0500] "GET / HTTP/1.1" 200 9990
64.71.32.36 - - [21/Jul/2016:06:08:04 -0500] "GET /wp/wp-admin/ HTTP/1.1" 404 1018
181.142.146.101 - - [21/Jul/2016:06:08:06 -0500] "POST /forms/lservlet;jsessionid=ac16012b30d6e17fe838984d4f239499e779764a5139.e3iSbxaKaheRe34Tax0PchuKax90n6jAmljGr5XDqQLvpAe HTTP/1.1" 200 2
104.154.123.134 - - [21/Jul/2016:06:08:18 -0500] "GET /BLA/resoluciones/AUTOS%202014/7169.pdf HTTP/1.1" 200 177650
69.162.124.232 - - [21/Jul/2016:06:08:36 -0500] "HEAD / HTTP/1.1" 200 -
66.249.64.165 - - [21/Jul/2016:06:08:52 -0500] "GET /autoliquidacion/TR%C3%81MITES%20VERTIMIENTOS/PERMISOS%20DE%20VERTIMIENTOS/ANEXO%203.%20LISTA%20DE%20CHEQUEO%20PERMISO%20VERT.%20ALCANTARILLADO.pdf HTTP/1.1" 304 -
66.249.64.165 - - [21/Jul/2016:06:08:59 -0500] "GET /transparencia/directorioservidores/2016/enero2016.xlsx HTTP/1.1" 304 -
104.154.123.148 - - [21/Jul/2016:06:09:05 -0500] "GET /BLA/resoluciones/RESOLUCIONES%202007/RES%202007%203101%20AL%203200/RESOLUCION%203144%20DE%202007.pdf HTTP/1.1" 200 590312
66.249.64.183 - - [21/Jul/2016:06:09:10 -0500] "GET /BLA/boletinlegal/jurisprudencia/analisis/Analisis%20jurisprudencial%20Sentencia%20C-366-11.doc HTTP/1.1" 304 -
104.154.123.23 - - [21/Jul/2016:06:09:14 -0500] "GET /BLA/resoluciones/AUTOS%202012/1915.pdf HTTP/1.1" 200 1984098
66.249.64.165 - - [21/Jul/2016:06:09:16 -0500] "GET /BLA/resoluciones/RESOLUCIONES%202014/1998.pdf HTTP/1.1" 304 -
66.249.64.165 - - [21/Jul/2016:06:09:21 -0500] "GET /m/BLA/resoluciones/RESOLUCIONES%202010/6560.pdf HTTP/1.1" 404 1018
105.156.141.23 - - [21/Jul/2016:06:09:24 -0500] "GET /wp-login.php HTTP/1.1" 404 1018
201.245.192.253 - - [21/Jul/2016:06:09:34 -0500] "POST /forms/lservlet;jsessionid=ac16012b30d6d7b74e4907534e0daea4f6386b2417c2.e3iSbxaKaheRe34Tax0PchuKax90n6jAmljGr5XDqQLvpAe HTTP/1.1" 200 2
66.249.64.165 - - [21/Jul/2016:06:09:49 -0500] "GET /BLA/resoluciones/AUTOS%202014/1361.pdf HTTP/1.1" 304 -
181.142.146.101 - - [21/Jul/2016:06:10:06 -0500] "POST /forms/lservlet;jsessionid=ac16012b30d6e17fe838984d4f239499e779764a5139.e3iSbxaKaheRe34Tax0PchuKax90n6jAmljGr5XDqQLvpAe HTTP/1.1" 200 2
104.154.123.175 - - [21/Jul/2016:06:10:09 -0500] "GET /BLA/resoluciones/RESOLUCIONES%202009/4846.pdf HTTP/1.1" 200 667752
66.249.64.165 - - [21/Jul/2016:06:10:16 -0500] "GET /BLA/resoluciones/RESOLUCIONES%202007/RES%202007%202001%20AL%202100/RESOLUCION%202050%20DE%202007.pdf HTTP/1.1" 304 -
104.154.123.3 - - [21/Jul/2016:06:10:16 -0500] "GET /BLA/resoluciones/RESOLUCIONES%202010/1894.pdf HTTP/1.1" 200 523289
104.154.123.146 - - [21/Jul/2016:06:10:19 -0500] "GET /BLA/resoluciones/RESOLUCIONES%202008/5452.pdf HTTP/1.1" 200 255692
66.249.69.168 - - [21/Jul/2016:06:11:19 -0500] "GET /BLA/resoluciones/AUTOS%202011/7604.pdf HTTP/1.1" 200 220604
42.236.10.72 - - [21/Jul/2016:06:11:27 -0500] "GET /robots.txt HTTP/1.1" 302 312
42.236.10.98 - - [21/Jul/2016:06:11:28 -0500] "GET /robots.txt HTTP/1.1" 302 312
104.154.123.21 - - [21/Jul/2016:06:11:28 -0500] "GET /BLA/resoluciones/RESOLUCIONES%202014/2594.pdf HTTP/1.1" 200 475632
104.154.123.82 - - [21/Jul/2016:06:11:34 -0500] "GET /BLA/resoluciones/AUTOS%202013/1218.pdf HTTP/1.1" 200 190192
201.245.192.253 - - [21/Jul/2016:06:11:35 -0500] "POST /forms/lservlet;jsessionid=ac16012b30d6d7b74e4907534e0daea4f6386b2417c2.e3iSbxaKaheRe34Tax0PchuKax90n6jAmljGr5XDqQLvpAe HTTP/1.1" 200 2
181.142.146.101 - - [21/Jul/2016:06:12:06 -0500] "POST /forms/lservlet;jsessionid=ac16012b30d6e17fe838984d4f239499e779764a5139.e3iSbxaKaheRe34Tax0PchuKax90n6jAmljGr5XDqQLvpAe HTTP/1.1" 200 2
192.168.175.104 - - [21/Jul/2016:06:12:10 -0500] "GET / HTTP/1.1" 200 9990
192.168.175.104 - - [21/Jul/2016:06:12:11 -0500] "GET / HTTP/1.0" 200 9990
104.154.123.23 - - [21/Jul/2016:06:12:40 -0500] "GET /BLA/resoluciones/RESOLUCIONES%202007/RES%202007%20401%20AL%20500/RESOLUCION%200448%20DE%202007.pdf HTTP/1.1" 200 1369479
192.168.175.104 - - [21/Jul/2016:06:12:54 -0500] "GET / HTTP/1.1" 200 9990
104.154.123.120 - - [21/Jul/2016:06:12:59 -0500] "GET /BLA/resoluciones/RESOLUCIONES%202007/RES%202007%203501%20AL%203600/RESOLUCION%203549%20DE%202007.pdf HTTP/1.1" 200 850103
104.154.123.60 - - [21/Jul/2016:06:13:02 -0500] "GET /BLA/resoluciones/AUTOS%202009/1814.pdf HTTP/1.1" 200 200180
104.154.123.132 - - [21/Jul/2016:06:13:09 -0500] "GET /BLA/resoluciones/RESOLUCIONES%202010/1557.pdf HTTP/1.1" 200 457475
104.154.123.190 - - [21/Jul/2016:06:13:13 -0500] "GET /BLA/resoluciones/RESOLUCIONES%202010/5593.pdf HTTP/1.1" 200 339080
66.249.64.165 - - [21/Jul/2016:06:13:17 -0500] "GET /m/BLA/resoluciones/RESOLUCIONES%202009/3817.pdf HTTP/1.1" 404 1018
104.154.123.175 - - [21/Jul/2016:06:13:28 -0500] "GET /BLA/resoluciones/RESOLUCIONES%202009/1738.pdf HTTP/1.1" 200 415045
104.154.123.82 - - [21/Jul/2016:06:13:35 -0500] "GET /BLA/resoluciones/RESOLUCIONES%202009/2587.pdf HTTP/1.1" 200 1073377
181.142.146.101 - - [21/Jul/2016:06:13:35 -0500] "POST /forms/lservlet;jsessionid=ac16012b30d6e17fe838984d4f239499e779764a5139.e3iSbxaKaheRe34Tax0PchuKax90n6jAmljGr5XDqQLvpAe HTTP/1.1" 200 2365
201.245.192.253 - - [21/Jul/2016:06:13:35 -0500] "POST /forms/lservlet;jsessionid=ac16012b30d6d7b74e4907534e0daea4f6386b2417c2.e3iSbxaKaheRe34Tax0PchuKax90n6jAmljGr5XDqQLvpAe HTTP/1.1" 200 2
69.162.124.232 - - [21/Jul/2016:06:13:36 -0500] "HEAD / HTTP/1.1" 200 -
181.142.146.101 - - [21/Jul/2016:06:13:37 -0500] "POST /forms/lservlet;jsessionid=ac16012b30d6e17fe838984d4f239499e779764a5139.e3iSbxaKaheRe34Tax0PchuKax90n6jAmljGr5XDqQLvpAe HTTP/1.1" 200 69
104.154.123.132 - - [21/Jul/2016:06:13:37 -0500] "GET /BLA/resoluciones/RESOLUCIONES%202013/1643.pdf HTTP/1.1" 200 564057
164.132.161.29 - - [21/Jul/2016:06:13:37 -0500] "GET /BLA/resoluciones/RESOLUCIONES%202002/RES%202002%201401-1450/20021402.tif HTTP/1.1" 200 99880
66.249.64.165 - - [21/Jul/2016:06:13:42 -0500] "GET /BLA/resoluciones/RESOLUCIONES%202013/0466.pdf HTTP/1.1" 304 -
104.154.123.139 - - [21/Jul/2016:06:13:43 -0500] "GET /BLA/resoluciones/AUTOS%202009/1759.pdf HTTP/1.1" 200 203775
181.142.146.101 - - [21/Jul/2016:06:13:45 -0500] "POST /forms/lservlet;jsessionid=ac16012b30d6e17fe838984d4f239499e779764a5139.e3iSbxaKaheRe34Tax0PchuKax90n6jAmljGr5XDqQLvpAe HTTP/1.1" 200 24
181.142.146.101 - - [21/Jul/2016:06:13:46 -0500] "POST /forms/lservlet;jsessionid=ac16012b30d6e17fe838984d4f239499e779764a5139.e3iSbxaKaheRe34Tax0PchuKax90n6jAmljGr5XDqQLvpAe HTTP/1.1" 200 14
181.142.146.101 - - [21/Jul/2016:06:13:47 -0500] "POST /forms/lservlet;jsessionid=ac16012b30d6e17fe838984d4f239499e779764a5139.e3iSbxaKaheRe34Tax0PchuKax90n6jAmljGr5XDqQLvpAe HTTP/1.1" 200 592
181.142.146.101 - - [21/Jul/2016:06:13:47 -0500] "POST /forms/lservlet;jsessionid=ac16012b30d6e17fe838984d4f239499e779764a5139.e3iSbxaKaheRe34Tax0PchuKax90n6jAmljGr5XDqQLvpAe HTTP/1.1" 200 20
104.154.123.170 - - [21/Jul/2016:06:13:47 -0500] "GET /BLA/resoluciones/AUTOS%202013/1569.pdf HTTP/1.1" 200 2072979
66.249.64.165 - - [21/Jul/2016:06:13:55 -0500] "GET /BLA/resoluciones/AUTOS%202009/0003.pdf HTTP/1.1" 200 112407
104.154.123.183 - - [21/Jul/2016:06:14:03 -0500] "GET /BLA/resoluciones/AUTOS%202007/2271.pdf HTTP/1.1" 200 91490
104.154.123.23 - - [21/Jul/2016:06:14:05 -0500] "GET /BLA/resoluciones/RESOLUCIONES%202009/2905.pdf HTTP/1.1" 200 1953826
181.142.146.101 - - [21/Jul/2016:06:14:06 -0500] "POST /forms/lservlet;jsessionid=ac16012b30d6e17fe838984d4f239499e779764a5139.e3iSbxaKaheRe34Tax0PchuKax90n6jAmljGr5XDqQLvpAe HTTP/1.1" 200 2
66.249.64.165 - - [21/Jul/2016:06:14:15 -0500] "GET /m/BLA/resoluciones/RESOLUCIONES%202009/6469.pdf HTTP/1.1" 404 1018
104.154.123.183 - - [21/Jul/2016:06:14:32 -0500] "GET /BLA/resoluciones/RESOLUCIONES%202007/RES%202007%20801%20AL%20900/RESOLUCION%200832%20DE%202007.pdf HTTP/1.1" 200 131642
66.249.64.165 - - [21/Jul/2016:06:14:34 -0500] "GET /mobile/BLA/resoluciones/AUTOS%202015/0590.pdf HTTP/1.1" 404 1018
104.154.123.16 - - [21/Jul/2016:06:14:40 -0500] "GET /BLA/resoluciones/RESOLUCIONES%202014/2380.pdf HTTP/1.1" 200 839006
66.249.64.165 - - [21/Jul/2016:06:14:42 -0500] "GET /autoliquidacion/index.php?dir=TR%C1MITES+ACEITES-RESIDUOS-ESTACIONES%2FREGISTRO+ACEITE+VEGETAL+USADO%2F HTTP/1.1" 200 3439
66.249.64.165 - - [21/Jul/2016:06:14:48 -0500] "GET /BLA/resoluciones/AUTOS%202009/0022.pdf HTTP/1.1" 304 -
66.249.64.165 - - [21/Jul/2016:06:15:16 -0500] "GET /BLA/resoluciones/RESOLUCIONES%202009/6931.pdf HTTP/1.1" 304 -
85.57.3.67 - - [21/Jul/2016:06:15:25 -0500] "GET /wp-login.php HTTP/1.1" 404 1019
66.249.64.165 - - [21/Jul/2016:06:15:28 -0500] "GET /BLA/resoluciones/RESOLUCIONES%202008/3330.pdf HTTP/1.1" 304 -
201.245.192.253 - - [21/Jul/2016:06:15:35 -0500] "POST /forms/lservlet;jsessionid=ac16012b30d6d7b74e4907534e0daea4f6386b2417c2.e3iSbxaKaheRe34Tax0PchuKax90n6jAmljGr5XDqQLvpAe HTTP/1.1" 200 2
104.154.123.120 - - [21/Jul/2016:06:15:48 -0500] "GET /BLA/resoluciones/RESOLUCIONES%202014/2140.pdf HTTP/1.1" 200 232331
66.249.64.165 - - [21/Jul/2016:06:15:49 -0500] "GET /BLA/resoluciones/AUTOS%202013/0198.pdf HTTP/1.1" 304 -
104.154.123.187 - - [21/Jul/2016:06:15:53 -0500] "GET /BLA/resoluciones/AUTOS%202011/0217.pdf HTTP/1.1" 200 444200
64.71.32.36 - - [21/Jul/2016:06:16:05 -0500] "GET /old/wp-admin/ HTTP/1.1" 404 1018
181.142.146.101 - - [21/Jul/2016:06:16:06 -0500] "POST /forms/lservlet;jsessionid=ac16012b30d6e17fe838984d4f239499e779764a5139.e3iSbxaKaheRe34Tax0PchuKax90n6jAmljGr5XDqQLvpAe HTTP/1.1" 200 2
66.249.64.141 - - [21/Jul/2016:06:16:14 -0500] "GET / HTTP/1.1" 200 9990
66.249.64.165 - - [21/Jul/2016:06:16:16 -0500] "GET /BLA/resoluciones/AUTOS%202011/0216.pdf HTTP/1.1" 304 -
104.154.123.73 - - [21/Jul/2016:06:16:27 -0500] "GET /BLA/resoluciones/AUTOS%202008/0993.pdf HTTP/1.1" 200 187924
66.249.64.183 - - [21/Jul/2016:06:16:34 -0500] "GET / HTTP/1.1" 200 9990
104.154.123.56 - - [21/Jul/2016:06:16:49 -0500] "GET /BLA/resoluciones/AUTOS%202015/0102.pdf HTTP/1.1" 200 776831
66.249.64.165 - - [21/Jul/2016:06:16:56 -0500] "GET /BLA/resoluciones/AUTOS%202015/0590.pdf HTTP/1.1" 304 -
192.168.175.104 - - [21/Jul/2016:06:16:59 -0500] "GET / HTTP/1.1" 200 9990
192.168.175.104 - - [21/Jul/2016:06:16:59 -0500] "GET / HTTP/1.0" 200 9990
104.154.123.144 - - [21/Jul/2016:06:16:59 -0500] "GET /BLA/resoluciones/AUTOS%202013/3048.pdf HTTP/1.1" 200 3351677
66.249.64.131 - - [21/Jul/2016:06:17:09 -0500] "GET /noticias/ HTTP/1.1" 301 333
66.102.8.164 - - [21/Jul/2016:06:17:09 -0500] "GET /galeria/galeria/fotos/juan-amarillo4G.jpg HTTP/1.1" 200 202445
66.249.64.165 - - [21/Jul/2016:06:17:16 -0500] "GET /BLA/resoluciones/AUTOS%202012/2523.pdf HTTP/1.1" 304 -
152.61.128.50 - - [21/Jul/2016:06:17:19 -0500] "HEAD / HTTP/1.1" 200 -
104.154.123.132 - - [21/Jul/2016:06:17:20 -0500] "GET /BLA/resoluciones/RESOLUCIONES%202008/1170.pdf HTTP/1.1" 200 255465
66.249.64.165 - - [21/Jul/2016:06:17:22 -0500] "GET /BLA/resoluciones/AUTOS%202013/1178.pdf HTTP/1.1" 304 -
104.154.123.151 - - [21/Jul/2016:06:17:29 -0500] "GET /BLA/resoluciones/RESOLUCIONES%202010/3154.pdf HTTP/1.1" 200 347894
66.249.64.165 - - [21/Jul/2016:06:17:34 -0500] "GET /galeria/galeria/fotos/3GuaymaralTorcaG3.jpg HTTP/1.1" 304 -
66.249.64.163 - - [21/Jul/2016:06:17:34 -0500] "GET /robots.txt HTTP/1.1" 302 312
66.249.64.187 - - [21/Jul/2016:06:17:34 -0500] "GET /ecodirectorio/files/res/mobile/page0115_i2.jpg HTTP/1.1" 200 160659
201.245.192.253 - - [21/Jul/2016:06:17:35 -0500] "POST /forms/lservlet;jsessionid=ac16012b30d6d7b74e4907534e0daea4f6386b2417c2.e3iSbxaKaheRe34Tax0PchuKax90n6jAmljGr5XDqQLvpAe HTTP/1.1" 200 2
152.61.128.50 - - [21/Jul/2016:06:17:20 -0500] "GET /arcgis/services/Calidad_del_Agua_WQI/MapServer/WMSServer?request=GetCapabilities&service=WMS HTTP/1.1" 503 1020
152.61.128.50 - - [21/Jul/2016:06:17:41 -0500] "GET /arcgis/services/Calidad_del_Agua_WQI/MapServer/WMSServer?SERVICE=WMS&REQUEST=GetCapabilities HTTP/1.1" 503 1020
152.61.128.50 - - [21/Jul/2016:06:17:41 -0500] "GET /arcgis/services/Calidad_del_Agua_WQI/MapServer/WMSServer?WMTVER=1.0.0&REQUEST=capabilities HTTP/1.1" 503 1020
104.154.123.176 - - [21/Jul/2016:06:17:44 -0500] "GET /BLA/resoluciones/AUTOS%202014/4048.pdf HTTP/1.1" 200 504721
192.168.175.104 - - [21/Jul/2016:06:17:54 -0500] "GET / HTTP/1.1" 200 9990
66.249.64.165 - - [21/Jul/2016:06:17:56 -0500] "GET /BLA/resoluciones/RESOLUCIONES%202013/1197.pdf HTTP/1.1" 304 -
181.142.146.101 - - [21/Jul/2016:06:18:06 -0500] "POST /forms/lservlet;jsessionid=ac16012b30d6e17fe838984d4f239499e779764a5139.e3iSbxaKaheRe34Tax0PchuKax90n6jAmljGr5XDqQLvpAe HTTP/1.1" 200 2
207.46.13.130 - - [21/Jul/2016:06:18:12 -0500] "GET /dama/libreria/pdf/formularios/vivienda/CERTIFICACION%20FINANCIERA%20RADICACION.doc HTTP/1.1" 404 1019
104.154.123.73 - - [21/Jul/2016:06:18:29 -0500] "GET /BLA/resoluciones/RESOLUCIONES%202007/RES%202007%20501%20AL%20600/RESOLUCION%200564%20DE%202007.pdf HTTP/1.1" 200 669443
104.154.123.3 - - [21/Jul/2016:06:18:36 -0500] "GET /BLA/resoluciones/AUTOS%202009/1122.pdf HTTP/1.1" 200 95970
69.162.124.232 - - [21/Jul/2016:06:18:36 -0500] "HEAD / HTTP/1.1" 200 -
104.154.123.146 - - [21/Jul/2016:06:18:40 -0500] "GET /BLA/resoluciones/RESOLUCIONES%202007/RES%202007%204101%20AL%204200/RESOLUCION%204108%20DE%202007.pdf HTTP/1.1" 200 1144204
104.154.123.10 - - [21/Jul/2016:06:18:54 -0500] "GET /BLA/resoluciones/AUTOS%202014/2250.pdf HTTP/1.1" 200 331167
190.85.187.152 - - [21/Jul/2016:06:18:56 -0500] "GET /BLA/boletinlegal/js/jquery.scrollShow.js HTTP/1.1" 200 4586
104.154.123.129 - - [21/Jul/2016:06:18:56 -0500] "GET /BLA/resoluciones/RESOLUCIONES%202008/1826.pdf HTTP/1.1" 200 254404
66.249.69.183 - - [21/Jul/2016:06:18:57 -0500] "GET /galeria/nivo-slider/demo/images/suba2.jpg HTTP/1.1" 200 246771
190.85.187.152 - - [21/Jul/2016:06:18:57 -0500] "GET /galeria/galeria/jquery.fancybox.js?v=2.1.5 HTTP/1.1" 200 48706
190.85.187.152 - - [21/Jul/2016:06:18:58 -0500] "GET /galeria/galeria/jquery.fancybox.css?v=2.1.5 HTTP/1.1" 200 4895
190.85.187.152 - - [21/Jul/2016:06:18:58 -0500] "GET /galeria/carrusel/Carrusel/jquery.thumbnailScroller.css HTTP/1.1" 200 2066
190.85.187.152 - - [21/Jul/2016:06:18:58 -0500] "GET /galeria/carrusel/Carrusel/jquery-ui-1.8.13.custom.min.js HTTP/1.1" 200 10800
190.85.187.152 - - [21/Jul/2016:06:19:00 -0500] "GET /galeria/carrusel/Carrusel/jquery.thumbnailScroller.js HTTP/1.1" 200 8157
66.249.64.185 - - [21/Jul/2016:06:18:09 -0500] "GET /BLA/boletinlegal/ HTTP/1.1" 200 52436
104.154.123.167 - - [21/Jul/2016:06:19:09 -0500] "GET /BLA/resoluciones/AUTOS%202015/1956.pdf HTTP/1.1" 200 624740
104.154.123.61 - - [21/Jul/2016:06:19:14 -0500] "GET /sig/Gesti%C3%B3n%20de%20Recursos%20Inform%C3%A1ticos%20y%20Tecnol%C3%B3gicos/126PA03-PR09.pdf HTTP/1.1" 200 1435725
190.85.187.152 - - [21/Jul/2016:06:19:14 -0500] "GET /galeria/nivo-slider/demo/demo.html HTTP/1.1" 200 4730
190.85.187.152 - - [21/Jul/2016:06:19:14 -0500] "GET /galeria/nivo-slider/themes/default/default.css HTTP/1.1" 200 1569
190.85.187.152 - - [21/Jul/2016:06:19:14 -0500] "GET /galeria/nivo-slider/themes/pascal/pascal.css HTTP/1.1" 200 2258
190.85.187.152 - - [21/Jul/2016:06:19:15 -0500] "GET /galeria/nivo-slider/themes/orman/orman.css HTTP/1.1" 200 2152
190.85.187.152 - - [21/Jul/2016:06:19:15 -0500] "GET /galeria/nivo-slider/nivo-slider.css HTTP/1.1" 200 1507
190.85.187.152 - - [21/Jul/2016:06:19:15 -0500] "GET /galeria/nivo-slider/demo/style.css HTTP/1.1" 200 2222
190.85.187.152 - - [21/Jul/2016:06:19:15 -0500] "GET /galeria/nivo-slider/demo/scripts/jquery-1.7.1.min.js HTTP/1.1" 200 93868
190.85.187.152 - - [21/Jul/2016:06:19:15 -0500] "GET /galeria/nivo-slider/jquery.nivo.slider.pack.js HTTP/1.1" 200 11561
190.85.187.152 - - [21/Jul/2016:06:19:15 -0500] "GET /galeria/nivo-slider/demo/images/SUPERCADECRA30.jpg HTTP/1.1" 200 127549
190.85.187.152 - - [21/Jul/2016:06:19:16 -0500] "GET /galeria/nivo-slider/demo/images/SUPERCADESUBA.jpg HTTP/1.1" 200 127509
