66.249.64.185 - - [21/Jul/2016:01:58:19 -0500] "GET /ecodirectorio/files/res/mobile/page0188_i2.jpg HTTP/1.1" 200 183406
66.249.64.185 - - [21/Jul/2016:01:58:28 -0500] "GET /ecodirectorio/files/res/mobile/page0068_i2.jpg HTTP/1.1" 200 195204
66.249.64.185 - - [21/Jul/2016:01:58:33 -0500] "GET /ecodirectorio/files/res/mobile/page0043_i1.jpg HTTP/1.1" 200 73803
66.249.64.185 - - [21/Jul/2016:01:58:40 -0500] "GET /ecodirectorio/files/res/mobile/page0145_i2.jpg HTTP/1.1" 200 209345
69.162.124.232 - - [21/Jul/2016:01:58:43 -0500] "HEAD / HTTP/1.1" 200 -
66.249.64.185 - - [21/Jul/2016:01:58:46 -0500] "GET /ecodirectorio/files/res/mobile/page0171_i2.jpg HTTP/1.1" 200 200802
66.249.64.185 - - [21/Jul/2016:01:58:53 -0500] "GET /ecodirectorio/files/res/mobile/page0017_i2.jpg HTTP/1.1" 200 164469
66.249.64.165 - - [21/Jul/2016:01:58:54 -0500] "GET /BLA/resoluciones/RESOLUCIONES%202007/RES%202007%203901%20AL%204000/RESOLUCION%203971%20DE%202007.pdf HTTP/1.1" 200 206364
66.249.64.185 - - [21/Jul/2016:01:58:59 -0500] "GET /ecodirectorio/files/res/mobile/page0201_i1.jpg HTTP/1.1" 200 63308
201.245.192.253 - - [21/Jul/2016:01:59:04 -0500] "POST /forms/lservlet;jsessionid=ac16012b30d6d7b74e4907534e0daea4f6386b2417c2.e3iSbxaKaheRe34Tax0PchuKax90n6jAmljGr5XDqQLvpAe HTTP/1.1" 200 2
66.249.64.185 - - [21/Jul/2016:01:59:06 -0500] "GET /ecodirectorio/files/res/mobile/page0170_i1.jpg HTTP/1.1" 200 60609
66.249.64.165 - - [21/Jul/2016:01:59:07 -0500] "GET /BLA/resoluciones/RESOLUCIONES%202007/RES%202007%20401%20AL%20500/RESOLUCION%200461%20DE%202007.pdf HTTP/1.1" 304 -
66.249.64.165 - - [21/Jul/2016:01:59:08 -0500] "GET /BLA/resoluciones/RESOLUCIONES%202013/0468.pdf HTTP/1.1" 304 -
66.249.64.165 - - [21/Jul/2016:01:59:13 -0500] "GET /BLA/resoluciones/RESOLUCIONES%202015/0995.pdf HTTP/1.1" 304 -
66.249.64.185 - - [21/Jul/2016:01:59:13 -0500] "GET /ecodirectorio/files/res/mobile/page0173_i1.jpg HTTP/1.1" 200 68763
66.249.64.185 - - [21/Jul/2016:01:59:20 -0500] "GET /ecodirectorio/files/res/mobile/page0024_i1.jpg HTTP/1.1" 200 71961
66.249.64.185 - - [21/Jul/2016:01:59:26 -0500] "GET /ecodirectorio/files/res/mobile/page0016_i2.jpg HTTP/1.1" 200 207911
181.142.146.101 - - [21/Jul/2016:01:59:32 -0500] "POST /forms/lservlet;jsessionid=ac16012b30d6e17fe838984d4f239499e779764a5139.e3iSbxaKaheRe34Tax0PchuKax90n6jAmljGr5XDqQLvpAe HTTP/1.1" 200 2
66.249.64.185 - - [21/Jul/2016:01:59:33 -0500] "GET /ecodirectorio/files/res/mobile/page0114_i1.jpg HTTP/1.1" 200 74157
66.249.69.165 - - [21/Jul/2016:01:59:39 -0500] "GET /BLA/resoluciones/AUTOS%202014/7302.pdf HTTP/1.1" 304 -
66.249.64.185 - - [21/Jul/2016:01:59:40 -0500] "GET /ecodirectorio/files/res/mobile/page0127_i1.jpg HTTP/1.1" 200 80161
66.249.64.165 - - [21/Jul/2016:01:59:41 -0500] "GET /BLA/resoluciones/AUTOS%202007/0956.pdf HTTP/1.1" 200 21759
66.249.64.165 - - [21/Jul/2016:01:59:46 -0500] "GET /BLA/resoluciones/RESOLUCIONES%202011/0815.pdf HTTP/1.1" 200 473878
66.249.64.185 - - [21/Jul/2016:01:59:47 -0500] "GET /ecodirectorio/files/res/mobile/page0130_i2.jpg HTTP/1.1" 200 167551
66.249.64.165 - - [21/Jul/2016:01:59:49 -0500] "GET /BLA/resoluciones/RESOLUCIONES%202009/3498.pdf HTTP/1.1" 200 728002
66.249.64.165 - - [21/Jul/2016:01:59:53 -0500] "GET /BLA/resoluciones/RESOLUCIONES%202013/1197.pdf HTTP/1.1" 304 -
66.249.64.185 - - [21/Jul/2016:01:59:54 -0500] "GET /ecodirectorio/files/res/mobile/page0097_i1.jpg HTTP/1.1" 200 78723
66.249.64.165 - - [21/Jul/2016:01:59:56 -0500] "GET /BLA/resoluciones/AUTOS%202007/3668.pdf HTTP/1.1" 200 182111
66.249.64.165 - - [21/Jul/2016:01:59:59 -0500] "GET /BLA/resoluciones/RESOLUCIONES%202010/0417.pdf HTTP/1.1" 304 -
66.249.64.185 - - [21/Jul/2016:02:00:01 -0500] "GET /ecodirectorio/files/res/mobile/page0098_i1.jpg HTTP/1.1" 200 73115
66.249.64.185 - - [21/Jul/2016:02:00:08 -0500] "GET /ecodirectorio/files/res/mobile/page0030_i1.jpg HTTP/1.1" 200 77401
66.249.64.185 - - [21/Jul/2016:02:00:16 -0500] "GET /ecodirectorio/files/res/mobile/page0146_i2.jpg HTTP/1.1" 200 188168
66.249.64.165 - - [21/Jul/2016:02:00:20 -0500] "GET /BLA/resoluciones/RESOLUCIONES%202014/0933.pdf HTTP/1.1" 304 -
66.249.64.185 - - [21/Jul/2016:02:00:23 -0500] "GET /ecodirectorio/files/res/mobile/page0141_i2.jpg HTTP/1.1" 200 198186
66.249.64.165 - - [21/Jul/2016:02:00:26 -0500] "GET /transparencia/directorioservidores/2016/enero2016.xlsx HTTP/1.1" 304 -
66.249.64.185 - - [21/Jul/2016:02:00:30 -0500] "GET /ecodirectorio/files/res/mobile/page0007_i2.jpg HTTP/1.1" 200 96716
66.249.64.165 - - [21/Jul/2016:02:00:33 -0500] "GET /BLA/resoluciones/AUTOS%202013/2399.pdf HTTP/1.1" 304 -
66.249.64.185 - - [21/Jul/2016:02:00:37 -0500] "GET /ecodirectorio/files/res/mobile/page0086_i2.jpg HTTP/1.1" 200 157942
66.249.64.165 - - [21/Jul/2016:02:00:39 -0500] "GET /BLA/resoluciones/AUTOS%202014/2464.pdf HTTP/1.1" 200 525151
66.249.64.165 - - [21/Jul/2016:02:00:39 -0500] "GET /autoliquidacion/Solicitudes%20relacionadas%20con%20calidad%20del%20aire%20auditiva%20y%20visual/Acompa%C3%B1amiento%20para%20muestreo%20isocin%C3%A9tico%20y%20o%20determinaciones%20de%20emisiones%20a%20fuentes%20fijas/lineamientos%20Construccion%20Mues%20Emision%20.pdf HTTP/1.1" 304 -
200.118.244.14 - - [21/Jul/2016:02:00:40 -0500] "GET /BLA/boletinlegal/js/jquery.scrollShow.js HTTP/1.1" 200 4586
200.118.244.14 - - [21/Jul/2016:02:00:40 -0500] "GET /galeria/galeria/jquery.fancybox.js?v=2.1.5 HTTP/1.1" 200 48706
200.118.244.14 - - [21/Jul/2016:02:00:40 -0500] "GET /galeria/galeria/jquery.fancybox.css?v=2.1.5 HTTP/1.1" 200 4895
66.249.64.185 - - [21/Jul/2016:02:00:44 -0500] "GET /ecodirectorio/files/res/mobile/page0182_i2.jpg HTTP/1.1" 200 227408
66.249.64.165 - - [21/Jul/2016:02:00:46 -0500] "GET /BLA/resoluciones/RESOLUCIONES%202012/1307.pdf HTTP/1.1" 304 -
66.249.64.165 - - [21/Jul/2016:02:00:47 -0500] "GET /BLA/resoluciones/RESOLUCIONES%202009/4761.pdf HTTP/1.1" 200 600273
66.249.64.185 - - [21/Jul/2016:02:00:51 -0500] "GET /ecodirectorio/files/res/mobile/page0041_i1.jpg HTTP/1.1" 200 69768
66.249.64.185 - - [21/Jul/2016:02:00:58 -0500] "GET /ecodirectorio/files/res/mobile/page0109_i1.jpg HTTP/1.1" 200 60519
66.249.64.165 - - [21/Jul/2016:02:01:00 -0500] "GET /BLA/resoluciones/RESOLUCIONES%202010/6809.pdf HTTP/1.1" 304 -
66.249.64.165 - - [21/Jul/2016:02:01:01 -0500] "GET /BLA/resoluciones/RESOLUCIONES%202009/2588.pdf HTTP/1.1" 200 1138094
201.245.192.253 - - [21/Jul/2016:02:01:04 -0500] "POST /forms/lservlet;jsessionid=ac16012b30d6d7b74e4907534e0daea4f6386b2417c2.e3iSbxaKaheRe34Tax0PchuKax90n6jAmljGr5XDqQLvpAe HTTP/1.1" 200 2
66.249.64.185 - - [21/Jul/2016:02:01:05 -0500] "GET /ecodirectorio/files/res/mobile/page0037_i1.jpg HTTP/1.1" 200 62691
66.249.64.165 - - [21/Jul/2016:02:01:06 -0500] "GET /BLA/resoluciones/RESOLUCIONES%202010/2280.pdf HTTP/1.1" 304 -
66.249.64.185 - - [21/Jul/2016:02:01:12 -0500] "GET /ecodirectorio/files/res/mobile/page0076_i2.jpg HTTP/1.1" 200 138871
66.249.64.165 - - [21/Jul/2016:02:01:13 -0500] "GET /BLA/resoluciones/RESOLUCIONES%202014/1115.pdf HTTP/1.1" 304 -
66.249.64.185 - - [21/Jul/2016:02:01:19 -0500] "GET /ecodirectorio/files/res/mobile/page0157_i2.jpg HTTP/1.1" 200 224723
181.252.233.139 - - [21/Jul/2016:02:01:25 -0500] "GET /galeria/galeria/jquery.fancybox.css?v=2.1.5 HTTP/1.1" 200 4895
181.252.233.139 - - [21/Jul/2016:02:01:25 -0500] "GET /BLA/boletinlegal/js/jquery.scrollShow.js HTTP/1.1" 200 4586
181.252.233.139 - - [21/Jul/2016:02:01:25 -0500] "GET /galeria/galeria/jquery.fancybox.js?v=2.1.5 HTTP/1.1" 200 48706
66.249.64.185 - - [21/Jul/2016:02:01:26 -0500] "GET /ecodirectorio/files/res/mobile/page0079_i2.jpg HTTP/1.1" 200 127543
66.249.64.165 - - [21/Jul/2016:02:01:30 -0500] "GET /BLA/resoluciones/RESOLUCIONES%202007/RES%202007%202701%20AL%202800/RESOLUCION%202779%20%20DE%202007.pdf HTTP/1.1" 200 313692
66.249.64.165 - - [21/Jul/2016:02:01:31 -0500] "GET /BLA/resoluciones/RESOLUCIONES%202010/6734.pdf HTTP/1.1" 200 77558
181.142.146.101 - - [21/Jul/2016:02:01:32 -0500] "POST /forms/lservlet;jsessionid=ac16012b30d6e17fe838984d4f239499e779764a5139.e3iSbxaKaheRe34Tax0PchuKax90n6jAmljGr5XDqQLvpAe HTTP/1.1" 200 2
66.249.64.185 - - [21/Jul/2016:02:01:33 -0500] "GET /ecodirectorio/files/res/mobile/page0033_i2.jpg HTTP/1.1" 200 202793
181.252.233.139 - - [21/Jul/2016:02:01:36 -0500] "GET /galeria/galeria/jquery.fancybox.css?v=2.1.5 HTTP/1.1" 304 -
181.252.233.139 - - [21/Jul/2016:02:01:36 -0500] "GET /galeria/galeria/jquery.fancybox.js?v=2.1.5 HTTP/1.1" 304 -
181.252.233.139 - - [21/Jul/2016:02:01:36 -0500] "GET /BLA/boletinlegal/js/jquery.scrollShow.js HTTP/1.1" 304 -
66.249.64.185 - - [21/Jul/2016:02:01:40 -0500] "GET /ecodirectorio/files/res/mobile/page0197_i2.jpg HTTP/1.1" 200 195741
66.249.64.165 - - [21/Jul/2016:02:01:42 -0500] "GET /BLA/resoluciones/RESOLUCIONES%202008/5163.pdf HTTP/1.1" 200 197030
66.249.64.165 - - [21/Jul/2016:02:01:46 -0500] "GET /BLA/resoluciones/AUTOS%202013/1415.pdf HTTP/1.1" 304 -
66.249.64.185 - - [21/Jul/2016:02:01:47 -0500] "GET /ecodirectorio/files/res/mobile/page0039_i1.jpg HTTP/1.1" 200 77085
66.249.64.165 - - [21/Jul/2016:02:01:53 -0500] "GET /BLA/resoluciones/RESOLUCIONES%202011/4416.pdf HTTP/1.1" 304 -
66.249.64.185 - - [21/Jul/2016:02:01:54 -0500] "GET /ecodirectorio/files/res/mobile/page0044_i2.jpg HTTP/1.1" 200 212373
66.249.64.185 - - [21/Jul/2016:02:02:02 -0500] "GET /ecodirectorio/files/res/mobile/page0167_i1.jpg HTTP/1.1" 200 63011
66.249.64.165 - - [21/Jul/2016:02:02:06 -0500] "GET /BLA/resoluciones/AUTOS%202013/2851.pdf HTTP/1.1" 304 -
66.249.64.185 - - [21/Jul/2016:02:02:09 -0500] "GET /ecodirectorio/files/res/mobile/page0089_i2.jpg HTTP/1.1" 200 144470
66.249.64.185 - - [21/Jul/2016:02:02:19 -0500] "GET /ecodirectorio/files/res/mobile/page0132_i2.jpg HTTP/1.1" 200 153062
66.249.64.185 - - [21/Jul/2016:02:02:23 -0500] "GET /ecodirectorio/files/res/mobile/page0149_i2.jpg HTTP/1.1" 200 185638
66.249.64.185 - - [21/Jul/2016:02:02:30 -0500] "GET /ecodirectorio/files/res/mobile/page0076_i1.jpg HTTP/1.1" 200 52395
192.168.175.104 - - [21/Jul/2016:02:02:33 -0500] "GET / HTTP/1.1" 200 9990
66.249.64.165 - - [21/Jul/2016:02:02:33 -0500] "GET /BLA/resoluciones/RESOLUCIONES%202014/0702.pdf HTTP/1.1" 304 -
66.249.64.185 - - [21/Jul/2016:02:02:37 -0500] "GET /ecodirectorio/files/res/mobile/page0163_i1.jpg HTTP/1.1" 200 60880
192.168.175.104 - - [21/Jul/2016:02:02:39 -0500] "GET / HTTP/1.0" 200 9990
66.249.64.185 - - [21/Jul/2016:02:02:44 -0500] "GET /ecodirectorio/files/res/mobile/page0177_i1.jpg HTTP/1.1" 200 80577
66.249.64.165 - - [21/Jul/2016:02:02:45 -0500] "GET /BLA/resoluciones/RESOLUCIONES%202008/2650.pdf HTTP/1.1" 200 204232
66.249.64.165 - - [21/Jul/2016:02:02:47 -0500] "GET /BLA/resoluciones/RESOLUCIONES%202010/7572.pdf HTTP/1.1" 304 -
66.249.64.185 - - [21/Jul/2016:02:02:51 -0500] "GET /ecodirectorio/files/res/mobile/page0006_i2.jpg HTTP/1.1" 200 179927
66.249.64.185 - - [21/Jul/2016:02:02:58 -0500] "GET /ecodirectorio/files/res/mobile/page0170_i2.jpg HTTP/1.1" 200 162239
66.249.64.165 - - [21/Jul/2016:02:03:01 -0500] "GET /BLA/resoluciones/RESOLUCIONES%202009/2657.pdf HTTP/1.1" 200 716934
66.249.64.165 - - [21/Jul/2016:02:03:02 -0500] "GET /BLA/resoluciones/AUTOS%202007/2843.pdf HTTP/1.1" 200 118029
201.245.192.253 - - [21/Jul/2016:02:03:04 -0500] "POST /forms/lservlet;jsessionid=ac16012b30d6d7b74e4907534e0daea4f6386b2417c2.e3iSbxaKaheRe34Tax0PchuKax90n6jAmljGr5XDqQLvpAe HTTP/1.1" 200 2
66.249.64.185 - - [21/Jul/2016:02:03:05 -0500] "GET /ecodirectorio/files/res/mobile/page0103_i2.jpg HTTP/1.1" 200 186885
192.168.175.104 - - [21/Jul/2016:02:03:11 -0500] "GET / HTTP/1.1" 200 9990
66.249.64.185 - - [21/Jul/2016:02:03:12 -0500] "GET /ecodirectorio/files/res/mobile/page0120_i2.jpg HTTP/1.1" 200 168413
66.249.64.165 - - [21/Jul/2016:02:03:16 -0500] "GET /BLA/resoluciones/RESOLUCIONES%202014/2988.pdf HTTP/1.1" 200 3569649
66.249.64.185 - - [21/Jul/2016:02:03:21 -0500] "GET /ecodirectorio/files/res/mobile/page0028_i1.jpg HTTP/1.1" 200 80510
66.249.64.183 - - [21/Jul/2016:02:03:23 -0500] "GET /BLA/boletinlegal/jurisprudencia/analisis/analisis%20C-595-2010.doc HTTP/1.1" 304 -
66.249.64.185 - - [21/Jul/2016:02:03:26 -0500] "GET /ecodirectorio/files/res/mobile/page0168_i2.jpg HTTP/1.1" 200 146932
181.142.146.101 - - [21/Jul/2016:02:03:32 -0500] "POST /forms/lservlet;jsessionid=ac16012b30d6e17fe838984d4f239499e779764a5139.e3iSbxaKaheRe34Tax0PchuKax90n6jAmljGr5XDqQLvpAe HTTP/1.1" 200 2
66.249.64.185 - - [21/Jul/2016:02:03:34 -0500] "GET /ecodirectorio/files/res/mobile/page0136_i1.jpg HTTP/1.1" 200 72009
66.249.64.185 - - [21/Jul/2016:02:03:40 -0500] "GET /SIG/Gestion%20Recursos%20Financieros/126PA02-PR17%20CONCILIACION%20OPERACIONES%20RECIPROCAS.pdf HTTP/1.1" 304 -
66.249.64.185 - - [21/Jul/2016:02:03:41 -0500] "GET /ecodirectorio/files/res/mobile/page0057_i1.jpg HTTP/1.1" 200 75322
69.162.124.232 - - [21/Jul/2016:02:03:43 -0500] "HEAD / HTTP/1.1" 200 -
66.249.64.185 - - [21/Jul/2016:02:03:48 -0500] "GET /ecodirectorio/files/res/mobile/page0183_i1.jpg HTTP/1.1" 200 82374
66.249.64.185 - - [21/Jul/2016:02:03:55 -0500] "GET /ecodirectorio/files/res/mobile/page0058_i1.jpg HTTP/1.1" 200 67268
66.249.64.165 - - [21/Jul/2016:02:04:00 -0500] "GET /BLA/resoluciones/RESOLUCIONES%202010/4138.pdf HTTP/1.1" 200 750287
66.249.64.185 - - [21/Jul/2016:02:04:02 -0500] "GET /ecodirectorio/files/res/mobile/page0084_i1.jpg HTTP/1.1" 200 52174
66.249.64.165 - - [21/Jul/2016:02:04:07 -0500] "GET /BLA/resoluciones/RESOLUCIONES%202010/6000.pdf HTTP/1.1" 304 -
66.249.64.165 - - [21/Jul/2016:02:04:08 -0500] "GET /BLA/resoluciones/RESOLUCIONES%202009/4946.pdf HTTP/1.1" 200 643996
66.249.64.185 - - [21/Jul/2016:02:04:09 -0500] "GET /ecodirectorio/files/res/mobile/page0174_i2.jpg HTTP/1.1" 200 172619
66.249.64.185 - - [21/Jul/2016:02:04:16 -0500] "GET /ecodirectorio/files/res/mobile/page0073_i1.jpg HTTP/1.1" 200 46736
66.249.64.165 - - [21/Jul/2016:02:04:16 -0500] "GET /BLA/resoluciones/RESOLUCIONES%202010/2564.pdf HTTP/1.1" 200 500121
104.154.123.87 - - [21/Jul/2016:02:04:17 -0500] "GET /BLA/resoluciones/RESOLUCIONES%202009/3581.pdf HTTP/1.1" 200 812525
66.249.64.165 - - [21/Jul/2016:02:04:20 -0500] "GET /BLA/resoluciones/RESOLUCIONES%202009/9777.pdf HTTP/1.1" 304 -
66.249.64.185 - - [21/Jul/2016:02:04:23 -0500] "GET /ecodirectorio/files/res/mobile/page0112_i1.jpg HTTP/1.1" 200 72690
66.249.64.185 - - [21/Jul/2016:02:04:30 -0500] "GET /ecodirectorio/files/res/mobile/page0034_i1.jpg HTTP/1.1" 200 54653
66.249.64.185 - - [21/Jul/2016:02:04:37 -0500] "GET /ecodirectorio/files/res/mobile/page0185_i2.jpg HTTP/1.1" 200 221242
66.249.64.183 - - [21/Jul/2016:02:04:41 -0500] "GET /BLA/boletinlegal/jurisprudencia/analisis/Analisis%20jurisprudencial%20Sentencia%20C-366-11.doc HTTP/1.1" 304 -
66.249.64.185 - - [21/Jul/2016:02:04:44 -0500] "GET /ecodirectorio/files/res/mobile/page0115_i1.jpg HTTP/1.1" 200 59479
66.249.64.165 - - [21/Jul/2016:02:05:00 -0500] "GET /BLA/resoluciones/RESOLUCIONES%202007/RES%202007%201301%20AL%201400/RESOLUCION%201392%20DE%202007.pdf HTTP/1.1" 304 -
66.249.64.165 - - [21/Jul/2016:02:05:01 -0500] "GET /BLA/resoluciones/RESOLUCIONES%202010/1506.pdf HTTP/1.1" 200 502509
201.245.192.253 - - [21/Jul/2016:02:05:04 -0500] "POST /forms/lservlet;jsessionid=ac16012b30d6d7b74e4907534e0daea4f6386b2417c2.e3iSbxaKaheRe34Tax0PchuKax90n6jAmljGr5XDqQLvpAe HTTP/1.1" 200 2
66.249.64.165 - - [21/Jul/2016:02:05:07 -0500] "GET /BLA/resoluciones/RESOLUCIONES%202009/9524.pdf HTTP/1.1" 304 -
66.249.64.185 - - [21/Jul/2016:02:05:25 -0500] "GET /ecodirectorio/files/res/mobile/page0088_i1.jpg HTTP/1.1" 200 58124
181.142.146.101 - - [21/Jul/2016:02:05:32 -0500] "POST /forms/lservlet;jsessionid=ac16012b30d6e17fe838984d4f239499e779764a5139.e3iSbxaKaheRe34Tax0PchuKax90n6jAmljGr5XDqQLvpAe HTTP/1.1" 200 2
66.249.64.165 - - [21/Jul/2016:02:05:34 -0500] "GET /BLA/resoluciones/AUTOS%202011/1362.pdf HTTP/1.1" 304 -
66.249.64.165 - - [21/Jul/2016:02:05:40 -0500] "GET /BLA/resoluciones/AUTOS%202013/0540.pdf HTTP/1.1" 304 -
66.249.64.165 - - [21/Jul/2016:02:05:43 -0500] "GET /BLA/resoluciones/RESOLUCIONES%202009/2046.pdf HTTP/1.1" 200 769770
66.249.64.185 - - [21/Jul/2016:02:05:53 -0500] "GET /Residuos/curtiembres/curtiembres.html HTTP/1.1" 200 1965
66.249.64.165 - - [21/Jul/2016:02:05:54 -0500] "GET /BLA/resoluciones/RESOLUCIONES%202013/0025.pdf HTTP/1.1" 304 -
66.249.64.185 - - [21/Jul/2016:02:06:08 -0500] "GET /ecodirectorio/files/res/mobile/page0153_i1.jpg HTTP/1.1" 200 77526
66.249.64.165 - - [21/Jul/2016:02:06:45 -0500] "GET /BLA/resoluciones/RESOLUCIONES%202007/RES%202007%201501%20AL%201600/RESOLUCION%201507%20DE%202007.pdf HTTP/1.1" 200 285963
66.249.64.185 - - [21/Jul/2016:02:06:50 -0500] "GET /ecodirectorio/files/res/mobile/page0186_i2.jpg HTTP/1.1" 200 216525
66.249.64.165 - - [21/Jul/2016:02:07:02 -0500] "GET /BLA/resoluciones/AUTOS%202007/3838.pdf HTTP/1.1" 200 79273
201.245.192.253 - - [21/Jul/2016:02:07:05 -0500] "POST /forms/lservlet;jsessionid=ac16012b30d6d7b74e4907534e0daea4f6386b2417c2.e3iSbxaKaheRe34Tax0PchuKax90n6jAmljGr5XDqQLvpAe HTTP/1.1" 200 2
66.249.64.165 - - [21/Jul/2016:02:07:06 -0500] "GET /BLA/resoluciones/AUTOS%202007/2259.pdf HTTP/1.1" 200 72046
66.249.64.165 - - [21/Jul/2016:02:07:17 -0500] "GET /BLA/resoluciones/RESOLUCIONES%202010/0042.pdf HTTP/1.1" 200 504015
66.249.64.185 - - [21/Jul/2016:02:07:29 -0500] "GET /ecodirectorio/files/res/mobile/page0185_i1.jpg HTTP/1.1" 200 83188
192.168.175.104 - - [21/Jul/2016:02:07:31 -0500] "GET / HTTP/1.1" 200 9990
181.142.146.101 - - [21/Jul/2016:02:07:32 -0500] "POST /forms/lservlet;jsessionid=ac16012b30d6e17fe838984d4f239499e779764a5139.e3iSbxaKaheRe34Tax0PchuKax90n6jAmljGr5XDqQLvpAe HTTP/1.1" 200 2
192.168.175.104 - - [21/Jul/2016:02:07:37 -0500] "GET / HTTP/1.0" 200 9990
66.249.64.165 - - [21/Jul/2016:02:07:38 -0500] "GET /BLA/resoluciones/RESOLUCIONES%202013/0600.pdf HTTP/1.1" 200 1607449
66.249.64.165 - - [21/Jul/2016:02:07:41 -0500] "GET /BLA/resoluciones/AUTOS%202015/2006.pdf HTTP/1.1" 304 -
66.249.64.165 - - [21/Jul/2016:02:07:43 -0500] "GET /BLA/resoluciones/RESOLUCIONES%202008/0646.pdf HTTP/1.1" 200 20035
66.249.64.165 - - [21/Jul/2016:02:08:08 -0500] "GET /BLA/resoluciones/AUTOS%202015/2882.pdf HTTP/1.1" 304 -
66.249.64.185 - - [21/Jul/2016:02:08:08 -0500] "GET /ecodirectorio/files/res/mobile/page0118_i1.jpg HTTP/1.1" 200 65948
192.168.175.104 - - [21/Jul/2016:02:08:11 -0500] "GET / HTTP/1.1" 200 9990
66.249.64.165 - - [21/Jul/2016:02:08:34 -0500] "GET /BLA/resoluciones/RESOLUCIONES%202007/RES%202007%203101%20AL%203200/RESOLUCION%203194%20DE%202007.pdf HTTP/1.1" 304 -
66.249.64.165 - - [21/Jul/2016:02:08:41 -0500] "GET /BLA/resoluciones/AUTOS%202011/4269.pdf HTTP/1.1" 304 -
69.162.124.232 - - [21/Jul/2016:02:08:43 -0500] "HEAD / HTTP/1.1" 200 -
66.249.64.185 - - [21/Jul/2016:02:08:48 -0500] "GET /ecodirectorio/files/res/mobile/page0029_i2.jpg HTTP/1.1" 200 165038
201.245.192.253 - - [21/Jul/2016:02:09:05 -0500] "POST /forms/lservlet;jsessionid=ac16012b30d6d7b74e4907534e0daea4f6386b2417c2.e3iSbxaKaheRe34Tax0PchuKax90n6jAmljGr5XDqQLvpAe HTTP/1.1" 200 2
66.249.64.165 - - [21/Jul/2016:02:09:22 -0500] "GET /BLA/resoluciones/RESOLUCIONES%202007/RES%202007%203601%20AL%203700/RESOLUCION%203611%20DE%202007.pdf HTTP/1.1" 200 1457761
66.249.64.165 - - [21/Jul/2016:02:09:28 -0500] "GET /BLA/resoluciones/RESOLUCIONES%202007/RES%202007%204001%20AL%204100/RESOLUCION%204090%20DE%202007.pdf HTTP/1.1" 304 -
66.249.64.185 - - [21/Jul/2016:02:09:29 -0500] "GET /ecodirectorio/files/res/mobile/page0047_i1.jpg HTTP/1.1" 200 69392
181.142.146.101 - - [21/Jul/2016:02:09:32 -0500] "POST /forms/lservlet;jsessionid=ac16012b30d6e17fe838984d4f239499e779764a5139.e3iSbxaKaheRe34Tax0PchuKax90n6jAmljGr5XDqQLvpAe HTTP/1.1" 200 2
66.249.64.165 - - [21/Jul/2016:02:09:41 -0500] "GET /autoliquidacion/TR%C3%81MITES%20ACEITES-RESIDUOS-ESTACIONES/REG.%20GENERADOR/126PM04-PR75-F-A3-V2.0%20oficio%20Solicitud%20inscripci%C3%B3n.doc HTTP/1.1" 304 -
66.249.64.165 - - [21/Jul/2016:02:09:55 -0500] "GET /BLA/resoluciones/RESOLUCIONES%202008/3835.pdf HTTP/1.1" 304 -
66.249.64.185 - - [21/Jul/2016:02:10:10 -0500] "GET /ecodirectorio/files/res/mobile/page0044_i1.jpg HTTP/1.1" 200 79706
66.249.64.165 - - [21/Jul/2016:02:10:15 -0500] "GET /BLA/resoluciones/RESOLUCIONES%202010/7009.pdf HTTP/1.1" 200 476556
66.249.64.165 - - [21/Jul/2016:02:10:21 -0500] "GET /BLA/resoluciones/RESOLUCIONES%202007/RES%202007%20401%20AL%20500/RESOLUCION%200431%20DE%202007.pdf HTTP/1.1" 304 -
66.249.64.165 - - [21/Jul/2016:02:10:48 -0500] "GET /BLA/resoluciones/RESOLUCIONES%202007/RES%202007%202301%20AL%202400/RESOLUCION%202347%20DE%202007.pdf HTTP/1.1" 304 -
66.249.64.185 - - [21/Jul/2016:02:10:52 -0500] "GET /ecodirectorio/files/res/mobile/page0144_i2.jpg HTTP/1.1" 200 176154
66.249.64.165 - - [21/Jul/2016:02:10:56 -0500] "GET /BLA/resoluciones/RESOLUCIONES%202008/0599.pdf HTTP/1.1" 200 303697
201.245.192.253 - - [21/Jul/2016:02:11:05 -0500] "POST /forms/lservlet;jsessionid=ac16012b30d6d7b74e4907534e0daea4f6386b2417c2.e3iSbxaKaheRe34Tax0PchuKax90n6jAmljGr5XDqQLvpAe HTTP/1.1" 200 2
66.249.64.165 - - [21/Jul/2016:02:11:07 -0500] "GET /BLA/resoluciones/RESOLUCIONES%202012/1213.pdf HTTP/1.1" 200 2008093
66.249.64.165 - - [21/Jul/2016:02:11:11 -0500] "GET /BLA/resoluciones/RESOLUCIONES%202009/6653.pdf HTTP/1.1" 200 411234
66.249.64.185 - - [21/Jul/2016:02:11:31 -0500] "GET /ecodirectorio/files/res/mobile/page0125_i1.jpg HTTP/1.1" 200 71533
181.142.146.101 - - [21/Jul/2016:02:11:32 -0500] "POST /forms/lservlet;jsessionid=ac16012b30d6e17fe838984d4f239499e779764a5139.e3iSbxaKaheRe34Tax0PchuKax90n6jAmljGr5XDqQLvpAe HTTP/1.1" 200 2
66.249.64.165 - - [21/Jul/2016:02:11:36 -0500] "GET /BLA/resoluciones/RESOLUCIONES%202009/7139.pdf HTTP/1.1" 200 748056
66.249.64.165 - - [21/Jul/2016:02:12:00 -0500] "GET /BLA/resoluciones/RESOLUCIONES%202007/RES%202007%202801%20AL%202900/RESOLUCION%202851%20DE%202007.pdf HTTP/1.1" 200 69413
66.249.64.185 - - [21/Jul/2016:02:12:13 -0500] "GET /ecodirectorio/files/res/mobile/page0128_i1.jpg HTTP/1.1" 200 53010
192.168.175.104 - - [21/Jul/2016:02:12:29 -0500] "GET / HTTP/1.1" 200 9990
66.249.64.165 - - [21/Jul/2016:02:12:31 -0500] "GET /BLA/resoluciones/RESOLUCIONES%202007/RES%202007%20301%20AL%20400/RESOLUCION%20033%20DE%202007.pdf HTTP/1.1" 200 508434
192.168.175.104 - - [21/Jul/2016:02:12:35 -0500] "GET / HTTP/1.0" 200 9990
66.249.64.165 - - [21/Jul/2016:02:12:42 -0500] "GET /BLA/resoluciones/RESOLUCIONES%202007/RES%202007%202001%20AL%202100/RESOLUCION%202015%20DE%202007.pdf HTTP/1.1" 304 -
51.255.65.90 - - [21/Jul/2016:02:12:45 -0500] "GET /BLA/resoluciones/AUTOS%202006/AUTOS%202006%20901-1000/00000939.tif HTTP/1.1" 200 99202
66.249.69.171 - - [21/Jul/2016:02:12:46 -0500] "GET /BLA/resoluciones/RESOLUCIONES%202010/3995.pdf HTTP/1.1" 200 351857
66.249.64.165 - - [21/Jul/2016:02:12:51 -0500] "GET /BLA/resoluciones/RESOLUCIONES%202012/1148.pdf HTTP/1.1" 200 300451
66.249.64.165 - - [21/Jul/2016:02:12:52 -0500] "GET /BLA/resoluciones/RESOLUCIONES%202014/1037.pdf HTTP/1.1" 200 565107
66.249.64.165 - - [21/Jul/2016:02:12:53 -0500] "GET /BLA/resoluciones/AUTOS%202007/3100.pdf HTTP/1.1" 200 405361
66.249.64.185 - - [21/Jul/2016:02:12:54 -0500] "GET /ecodirectorio/files/res/mobile/page0064_i2.jpg HTTP/1.1" 200 180763
66.249.64.165 - - [21/Jul/2016:02:12:59 -0500] "GET /BLA/resoluciones/AUTOS%202007/0736.pdf HTTP/1.1" 200 24457
66.249.64.165 - - [21/Jul/2016:02:13:00 -0500] "GET /BLA/resoluciones/AUTOS%202007/0560.pdf HTTP/1.1" 200 247844
201.245.192.253 - - [21/Jul/2016:02:13:05 -0500] "POST /forms/lservlet;jsessionid=ac16012b30d6d7b74e4907534e0daea4f6386b2417c2.e3iSbxaKaheRe34Tax0PchuKax90n6jAmljGr5XDqQLvpAe HTTP/1.1" 200 2
192.168.175.104 - - [21/Jul/2016:02:13:09 -0500] "GET / HTTP/1.1" 200 9990
181.142.146.101 - - [21/Jul/2016:02:13:32 -0500] "POST /forms/lservlet;jsessionid=ac16012b30d6e17fe838984d4f239499e779764a5139.e3iSbxaKaheRe34Tax0PchuKax90n6jAmljGr5XDqQLvpAe HTTP/1.1" 200 2
66.249.64.185 - - [21/Jul/2016:02:13:37 -0500] "GET /ecodirectorio/files/res/mobile/page0158_i1.jpg HTTP/1.1" 200 69700
69.162.124.232 - - [21/Jul/2016:02:13:43 -0500] "HEAD / HTTP/1.1" 200 -
66.249.64.165 - - [21/Jul/2016:02:13:44 -0500] "GET /BLA/resoluciones/RESOLUCIONES%202009/5537.pdf HTTP/1.1" 200 436181
66.249.64.165 - - [21/Jul/2016:02:13:47 -0500] "GET /portalsiaccapacitaciones/Soportes%20Capacitaciones%20A%C3%B1o%202013/0046.%20Presentaci%C3%B3n%20Campa%C3%B1a%20Recolecci%C3%B3n%20RESPEL%2003-10-2013.pdf HTTP/1.1" 404 1018
66.249.64.165 - - [21/Jul/2016:02:13:49 -0500] "GET /BLA/resoluciones/AUTOS%202013/3504.pdf HTTP/1.1" 304 -
66.249.64.165 - - [21/Jul/2016:02:14:01 -0500] "GET /BLA/resoluciones/RESOLUCIONES%202008/1720.pdf HTTP/1.1" 200 345084
66.249.64.185 - - [21/Jul/2016:02:14:27 -0500] "GET /ecodirectorio/files/res/mobile/page0132_i1.jpg HTTP/1.1" 200 57705
201.245.192.253 - - [21/Jul/2016:02:15:05 -0500] "POST /forms/lservlet;jsessionid=ac16012b30d6d7b74e4907534e0daea4f6386b2417c2.e3iSbxaKaheRe34Tax0PchuKax90n6jAmljGr5XDqQLvpAe HTTP/1.1" 200 2
66.249.64.165 - - [21/Jul/2016:02:15:16 -0500] "GET /BLA/resoluciones/RESOLUCIONES%202010/2687.pdf HTTP/1.1" 200 384330
181.142.146.101 - - [21/Jul/2016:02:15:32 -0500] "POST /forms/lservlet;jsessionid=ac16012b30d6e17fe838984d4f239499e779764a5139.e3iSbxaKaheRe34Tax0PchuKax90n6jAmljGr5XDqQLvpAe HTTP/1.1" 200 2
23.91.70.74 - - [21/Jul/2016:02:15:33 -0500] "POST /xmlrpc.php HTTP/1.1" 302 308
66.249.64.165 - - [21/Jul/2016:02:15:42 -0500] "GET /BLA/resoluciones/AUTOS%202013/2022.pdf HTTP/1.1" 304 -
66.249.64.185 - - [21/Jul/2016:02:15:47 -0500] "GET /ecodirectorio/files/mobile/styles/style.css HTTP/1.1" 200 14020
66.249.64.185 - - [21/Jul/2016:02:15:47 -0500] "GET /ecodirectorio/files/mobile/styles/skinstyle_classicgrey.css HTTP/1.1" 200 14226
66.249.64.165 - - [21/Jul/2016:02:16:16 -0500] "GET /BLA/resoluciones/AUTOS%202013/0324.pdf HTTP/1.1" 304 -
66.249.64.165 - - [21/Jul/2016:02:16:21 -0500] "GET /BLA/resoluciones/RESOLUCIONES%202010/4624.pdf HTTP/1.1" 200 1018313
66.249.64.165 - - [21/Jul/2016:02:16:29 -0500] "GET /BLA/resoluciones/AUTOS%202013/0174.pdf HTTP/1.1" 304 -
201.245.192.253 - - [21/Jul/2016:02:17:06 -0500] "POST /forms/lservlet;jsessionid=ac16012b30d6d7b74e4907534e0daea4f6386b2417c2.e3iSbxaKaheRe34Tax0PchuKax90n6jAmljGr5XDqQLvpAe HTTP/1.1" 200 2
66.249.64.165 - - [21/Jul/2016:02:17:13 -0500] "GET /BLA/resoluciones/AUTOS%202015/1413.pdf HTTP/1.1" 200 467658
127.0.0.1 - - [21/Jul/2016:02:17:16 -0500] "POST /plugins/update-check/1.1/ HTTP/1.0" 404 1021
127.0.0.1 - - [21/Jul/2016:02:17:16 -0500] "POST /themes/update-check/1.1/ HTTP/1.0" 404 1021
127.0.0.1 - - [21/Jul/2016:02:17:16 -0500] "POST /core/version-check/1.7/?version=4.2.2&php=5.5.15&locale=es_ES&mysql=5.6.20&local_package=&blogs=1&users=523&multisite_enabled=0 HTTP/1.0" 404 1021
127.0.0.1 - - [21/Jul/2016:02:17:16 -0500] "POST /themes/update-check/1.1/ HTTP/1.0" 404 1021
127.0.0.1 - - [21/Jul/2016:02:17:16 -0500] "POST /plugins/update-check/1.1/ HTTP/1.0" 404 1021
66.249.64.165 - - [21/Jul/2016:02:17:19 -0500] "GET /BLA/resoluciones/AUTOS%202007/3676.pdf HTTP/1.1" 200 204801
192.168.175.104 - - [21/Jul/2016:02:17:25 -0500] "GET / HTTP/1.1" 200 9990
192.168.175.104 - - [21/Jul/2016:02:17:31 -0500] "GET / HTTP/1.0" 200 9990
181.142.146.101 - - [21/Jul/2016:02:17:32 -0500] "POST /forms/lservlet;jsessionid=ac16012b30d6e17fe838984d4f239499e779764a5139.e3iSbxaKaheRe34Tax0PchuKax90n6jAmljGr5XDqQLvpAe HTTP/1.1" 200 2
192.168.175.104 - - [21/Jul/2016:02:18:06 -0500] "GET / HTTP/1.1" 200 9990
69.162.124.232 - - [21/Jul/2016:02:18:43 -0500] "HEAD / HTTP/1.1" 200 -
66.249.64.165 - - [21/Jul/2016:02:18:56 -0500] "GET /BLA/resoluciones/AUTOS%202010/0121.pdf HTTP/1.1" 304 -
66.249.64.165 - - [21/Jul/2016:02:19:01 -0500] "GET /BLA/resoluciones/RESOLUCIONES%202009/3399.pdf HTTP/1.1" 200 489919
201.245.192.253 - - [21/Jul/2016:02:19:06 -0500] "POST /forms/lservlet;jsessionid=ac16012b30d6d7b74e4907534e0daea4f6386b2417c2.e3iSbxaKaheRe34Tax0PchuKax90n6jAmljGr5XDqQLvpAe HTTP/1.1" 200 2
181.142.146.101 - - [21/Jul/2016:02:19:32 -0500] "POST /forms/lservlet;jsessionid=ac16012b30d6e17fe838984d4f239499e779764a5139.e3iSbxaKaheRe34Tax0PchuKax90n6jAmljGr5XDqQLvpAe HTTP/1.1" 200 2
66.249.64.165 - - [21/Jul/2016:02:19:43 -0500] "GET /BLA/resoluciones/Notificaciones/AUTOS%202014/3581.doc HTTP/1.1" 304 -
66.249.64.165 - - [21/Jul/2016:02:19:46 -0500] "GET /BLA/resoluciones/RESOLUCIONES%202009/3163.pdf HTTP/1.1" 200 473569
66.249.64.165 - - [21/Jul/2016:02:19:48 -0500] "GET /BLA/resoluciones/RESOLUCIONES%202008/4973.pdf HTTP/1.1" 200 215277
66.249.64.183 - - [21/Jul/2016:02:19:50 -0500] "GET /BLA/boletinlegal/jurisprudencia/analisis/SENTENCIA%20C-703%20DE%202010.xls HTTP/1.1" 304 -
66.249.64.165 - - [21/Jul/2016:02:19:50 -0500] "GET /BLA/resoluciones/AUTOS%202011/3415.pdf HTTP/1.1" 200 214857
66.249.64.165 - - [21/Jul/2016:02:20:17 -0500] "GET /BLA/resoluciones/RESOLUCIONES%202010/7206.pdf HTTP/1.1" 304 -
66.249.64.165 - - [21/Jul/2016:02:20:21 -0500] "GET /BLA/resoluciones/RESOLUCIONES%202009/9635.pdf HTTP/1.1" 200 710908
51.255.65.82 - - [21/Jul/2016:02:20:41 -0500] "GET /BLA/resoluciones/AUTOS%202006/AUTOS%202006%202801%20-%202900/00002882.tif HTTP/1.1" 200 76014
66.249.64.165 - - [21/Jul/2016:02:20:43 -0500] "GET /BLA/resoluciones/RESOLUCIONES%202007/RES%202007%202001%20AL%202100/RESOLUCION%202008%20DE%202007.pdf HTTP/1.1" 200 804473
201.245.192.253 - - [21/Jul/2016:02:21:06 -0500] "POST /forms/lservlet;jsessionid=ac16012b30d6d7b74e4907534e0daea4f6386b2417c2.e3iSbxaKaheRe34Tax0PchuKax90n6jAmljGr5XDqQLvpAe HTTP/1.1" 200 2
40.77.167.14 - - [21/Jul/2016:02:21:14 -0500] "GET /SIG/Gesti%C3%83%C2%B3n%20Talento%20Humano/126PA01-PR30.pdf HTTP/1.1" 404 1019
66.249.64.165 - - [21/Jul/2016:02:21:23 -0500] "GET /BLA/resoluciones/RESOLUCIONES%202007/RES%202007%202901%20AL%203000/RESOLUCION%202905%20DE%202007.pdf HTTP/1.1" 304 -
181.142.146.101 - - [21/Jul/2016:02:21:32 -0500] "POST /forms/lservlet;jsessionid=ac16012b30d6e17fe838984d4f239499e779764a5139.e3iSbxaKaheRe34Tax0PchuKax90n6jAmljGr5XDqQLvpAe HTTP/1.1" 200 2
66.249.64.165 - - [21/Jul/2016:02:21:34 -0500] "GET /BLA/resoluciones/RESOLUCIONES%202012/0205.pdf HTTP/1.1" 200 379109
66.249.64.165 - - [21/Jul/2016:02:21:35 -0500] "GET /BLA/resoluciones/RESOLUCIONES%202007/RES%202007%203901%20AL%204000/RESOLUCION%203995%20DE%202007.pdf HTTP/1.1" 200 730204
66.249.64.165 - - [21/Jul/2016:02:21:59 -0500] "GET /BLA/resoluciones/RESOLUCIONES%202010/4480.pdf HTTP/1.1" 200 358693
66.249.64.165 - - [21/Jul/2016:02:22:24 -0500] "GET /BLA/resoluciones/RESOLUCIONES%202013/0350.pdf HTTP/1.1" 304 -
192.168.175.104 - - [21/Jul/2016:02:22:24 -0500] "GET / HTTP/1.1" 200 9990
66.249.64.165 - - [21/Jul/2016:02:22:27 -0500] "GET /BLA/resoluciones/RESOLUCIONES%202007/RES%202007%20801%20AL%20900/RESOLUCION%200872%20DE%202007.pdf HTTP/1.1" 200 624652
192.168.175.104 - - [21/Jul/2016:02:22:30 -0500] "GET / HTTP/1.0" 200 9990
192.168.175.104 - - [21/Jul/2016:02:23:04 -0500] "GET / HTTP/1.1" 200 9990
201.245.192.253 - - [21/Jul/2016:02:23:06 -0500] "POST /forms/lservlet;jsessionid=ac16012b30d6d7b74e4907534e0daea4f6386b2417c2.e3iSbxaKaheRe34Tax0PchuKax90n6jAmljGr5XDqQLvpAe HTTP/1.1" 200 2
66.249.64.165 - - [21/Jul/2016:02:23:20 -0500] "GET /BLA/resoluciones/RESOLUCIONES%202010/6099.pdf HTTP/1.1" 200 656729
66.249.64.165 - - [21/Jul/2016:02:23:21 -0500] "GET /BLA/resoluciones/RESOLUCIONES%202010/5196.pdf HTTP/1.1" 200 1267963
66.249.69.168 - - [21/Jul/2016:02:23:32 -0500] "GET /BLA/resoluciones/RESOLUCIONES%202007/RES%202007%201601%20AL%201725/RESOLUCION%201607%20DE%202007.pdf HTTP/1.1" 304 -
181.142.146.101 - - [21/Jul/2016:02:23:32 -0500] "POST /forms/lservlet;jsessionid=ac16012b30d6e17fe838984d4f239499e779764a5139.e3iSbxaKaheRe34Tax0PchuKax90n6jAmljGr5XDqQLvpAe HTTP/1.1" 200 2
69.162.124.232 - - [21/Jul/2016:02:23:43 -0500] "HEAD / HTTP/1.1" 200 -
66.249.64.165 - - [21/Jul/2016:02:23:45 -0500] "GET /BLA/resoluciones/RESOLUCIONES%202008/3730.pdf HTTP/1.1" 200 345010
66.249.64.165 - - [21/Jul/2016:02:24:04 -0500] "GET /BLA/resoluciones/RESOLUCIONES%202009/7072.pdf HTTP/1.1" 200 161072
66.249.64.165 - - [21/Jul/2016:02:24:10 -0500] "GET /autoliquidacion/Grupo%20Forestal%20-%20Silvicultura/Solicitud%20y%20lista%20de%20chequeo%20Evaluaci%C3%B3n%20Silvicultural.xlsx HTTP/1.1" 304 -
66.249.64.165 - - [21/Jul/2016:02:24:12 -0500] "GET /BLA/resoluciones/AUTOS%202013/3586.pdf HTTP/1.1" 200 736041
66.249.64.165 - - [21/Jul/2016:02:24:31 -0500] "GET /BLA/resoluciones/RESOLUCIONES%202013/0985.pdf HTTP/1.1" 304 -
66.249.64.165 - - [21/Jul/2016:02:24:35 -0500] "GET /BLA/resoluciones/RESOLUCIONES%202010/2277.pdf HTTP/1.1" 200 350546
66.249.64.165 - - [21/Jul/2016:02:24:36 -0500] "GET /BLA/resoluciones/AUTOS%202007/3073.pdf HTTP/1.1" 200 158373
66.249.64.165 - - [21/Jul/2016:02:24:57 -0500] "GET /BLA/resoluciones/RESOLUCIONES%202015/1054.pdf HTTP/1.1" 304 -
201.245.192.253 - - [21/Jul/2016:02:25:07 -0500] "POST /forms/lservlet;jsessionid=ac16012b30d6d7b74e4907534e0daea4f6386b2417c2.e3iSbxaKaheRe34Tax0PchuKax90n6jAmljGr5XDqQLvpAe HTTP/1.1" 200 2
104.154.123.25 - - [21/Jul/2016:02:25:09 -0500] "GET /BLA/resoluciones/RESOLUCIONES%202007/RES%202007%201801%20AL%201900/RESOLUCION%201891%20DE%202007.pdf HTTP/1.1" 200 477720
66.249.64.165 - - [21/Jul/2016:02:25:10 -0500] "GET /BLA/resoluciones/RESOLUCIONES%202010/0828.pdf HTTP/1.1" 200 102908
181.142.146.101 - - [21/Jul/2016:02:25:32 -0500] "POST /forms/lservlet;jsessionid=ac16012b30d6e17fe838984d4f239499e779764a5139.e3iSbxaKaheRe34Tax0PchuKax90n6jAmljGr5XDqQLvpAe HTTP/1.1" 200 2
180.76.15.155 - - [21/Jul/2016:02:25:37 -0500] "GET /BLA/resoluciones/RESOLUCIONES%202009/0805.pdf HTTP/1.1" 200 257388
66.249.64.165 - - [21/Jul/2016:02:25:51 -0500] "GET /BLA/resoluciones/AUTOS%202013/2223.pdf HTTP/1.1" 304 -
66.249.64.165 - - [21/Jul/2016:02:25:57 -0500] "GET /BLA/resoluciones/RESOLUCIONES%202012/1316.pdf HTTP/1.1" 200 325393
66.249.64.165 - - [21/Jul/2016:02:25:57 -0500] "GET /BLA/resoluciones/AUTOS%202013/1591.pdf HTTP/1.1" 200 397980
66.249.64.165 - - [21/Jul/2016:02:26:07 -0500] "GET /BLA/resoluciones/AUTOS%202013/0338.pdf HTTP/1.1" 200 603482
66.249.64.165 - - [21/Jul/2016:02:26:18 -0500] "GET /transparencia/directorioservidores/MANUAL%20DE%20FUNCIONES%2002666%20DEL%204-DIC-2015.pdf HTTP/1.1" 304 -
66.249.64.165 - - [21/Jul/2016:02:26:18 -0500] "GET /BLA/resoluciones/RESOLUCIONES%202008/0035.pdf HTTP/1.1" 200 475094
66.249.64.183 - - [21/Jul/2016:02:26:25 -0500] "GET /galeria/nivo-slider/demo/images/ HTTP/1.1" 200 198688
66.249.64.165 - - [21/Jul/2016:02:26:44 -0500] "GET /transparencia/directorioservidores/abril2016.xlsx HTTP/1.1" 304 -
66.249.64.185 - - [21/Jul/2016:02:26:45 -0500] "GET /ecodirectorio/files/res/mobile/page0107_i1.jpg HTTP/1.1" 200 57765
66.249.64.165 - - [21/Jul/2016:02:26:46 -0500] "GET /BLA/resoluciones/RESOLUCIONES%202008/0926.pdf HTTP/1.1" 200 194707
66.249.64.165 - - [21/Jul/2016:02:26:49 -0500] "GET /BLA/resoluciones/RESOLUCIONES%202010/6312.pdf HTTP/1.1" 200 2104887
66.249.64.165 - - [21/Jul/2016:02:26:58 -0500] "GET /BLA/resoluciones/RESOLUCIONES%202011/4788.pdf HTTP/1.1" 304 -
201.245.192.253 - - [21/Jul/2016:02:27:07 -0500] "POST /forms/lservlet;jsessionid=ac16012b30d6d7b74e4907534e0daea4f6386b2417c2.e3iSbxaKaheRe34Tax0PchuKax90n6jAmljGr5XDqQLvpAe HTTP/1.1" 200 2
66.249.64.165 - - [21/Jul/2016:02:27:09 -0500] "GET /BLA/resoluciones/RESOLUCIONES%202008/1198.pdf HTTP/1.1" 200 245747
192.168.175.104 - - [21/Jul/2016:02:27:23 -0500] "GET / HTTP/1.1" 200 9990
192.168.175.104 - - [21/Jul/2016:02:27:29 -0500] "GET / HTTP/1.0" 200 9990
181.142.146.101 - - [21/Jul/2016:02:27:32 -0500] "POST /forms/lservlet;jsessionid=ac16012b30d6e17fe838984d4f239499e779764a5139.e3iSbxaKaheRe34Tax0PchuKax90n6jAmljGr5XDqQLvpAe HTTP/1.1" 200 2
104.154.123.25 - - [21/Jul/2016:02:27:37 -0500] "GET /BLA/resoluciones/RESOLUCIONES%202008/0757.pdf HTTP/1.1" 200 1111691
192.168.175.104 - - [21/Jul/2016:02:28:02 -0500] "GET / HTTP/1.1" 200 9990
66.249.64.165 - - [21/Jul/2016:02:28:34 -0500] "GET /BLA/resoluciones/RESOLUCIONES%202007/RES%202007%202301%20AL%202400/RESOLUCION%202387%20DE%202007.pdf HTTP/1.1" 200 1154246
66.249.64.165 - - [21/Jul/2016:02:28:38 -0500] "GET /BLA/resoluciones/RESOLUCIONES%202014/1998.pdf HTTP/1.1" 304 -
69.162.124.232 - - [21/Jul/2016:02:28:43 -0500] "HEAD / HTTP/1.1" 200 -
66.249.64.165 - - [21/Jul/2016:02:28:45 -0500] "GET /BLA/resoluciones/RESOLUCIONES%202013/2765.pdf HTTP/1.1" 304 -
190.31.67.37 - - [21/Jul/2016:02:28:47 -0500] "-" 408 -
66.249.64.165 - - [21/Jul/2016:02:28:53 -0500] "GET /BLA/resoluciones/RESOLUCIONES%202010/4041.pdf HTTP/1.1" 200 830477
66.249.64.165 - - [21/Jul/2016:02:28:59 -0500] "GET /BLA/resoluciones/AUTOS%202013/0359.pdf HTTP/1.1" 200 428531
66.249.64.165 - - [21/Jul/2016:02:29:05 -0500] "GET /BLA/resoluciones/RESOLUCIONES%202012/1228.pdf HTTP/1.1" 304 -
201.245.192.253 - - [21/Jul/2016:02:29:07 -0500] "POST /forms/lservlet;jsessionid=ac16012b30d6d7b74e4907534e0daea4f6386b2417c2.e3iSbxaKaheRe34Tax0PchuKax90n6jAmljGr5XDqQLvpAe HTTP/1.1" 200 2
66.249.64.165 - - [21/Jul/2016:02:29:13 -0500] "GET /BLA/resoluciones/RESOLUCIONES%202007/RES%202007%20701%20AL%20800/RESOLUCION%200748%20DE%202007.pdf HTTP/1.1" 200 231336
66.249.64.165 - - [21/Jul/2016:02:29:17 -0500] "GET /BLA/resoluciones/AUTOS%202007/3684.pdf HTTP/1.1" 200 242337
66.249.64.165 - - [21/Jul/2016:02:29:25 -0500] "GET /BLA/resoluciones/RESOLUCIONES%202010/6921.pdf HTTP/1.1" 304 -
66.249.64.165 - - [21/Jul/2016:02:29:26 -0500] "GET /BLA/resoluciones/RESOLUCIONES%202009/4675.pdf HTTP/1.1" 200 298319
181.142.146.101 - - [21/Jul/2016:02:29:33 -0500] "POST /forms/lservlet;jsessionid=ac16012b30d6e17fe838984d4f239499e779764a5139.e3iSbxaKaheRe34Tax0PchuKax90n6jAmljGr5XDqQLvpAe HTTP/1.1" 200 2
66.249.64.165 - - [21/Jul/2016:02:29:38 -0500] "GET /BLA/resoluciones/RESOLUCIONES%202007/RES%202007%201501%20AL%201600/RESOLUCION%201577%20DE%202007.pdf HTTP/1.1" 304 -
66.249.64.165 - - [21/Jul/2016:02:29:58 -0500] "GET /BLA/resoluciones/AUTOS%202013/0041.pdf HTTP/1.1" 304 -
66.249.64.165 - - [21/Jul/2016:02:30:05 -0500] "GET /BLA/resoluciones/RESOLUCIONES%202012/1281.pdf HTTP/1.1" 304 -
66.249.64.165 - - [21/Jul/2016:02:30:12 -0500] "GET /BLA/resoluciones/AUTOS%202015/2023.pdf HTTP/1.1" 304 -
66.249.64.165 - - [21/Jul/2016:02:30:18 -0500] "GET /BLA/resoluciones/RESOLUCIONES%202014/3687.pdf HTTP/1.1" 304 -
66.249.64.165 - - [21/Jul/2016:02:30:19 -0500] "GET /BLA/resoluciones/AUTOS%202007/2196.pdf HTTP/1.1" 200 146863
66.249.69.171 - - [21/Jul/2016:02:30:22 -0500] "GET /BLA/resoluciones/RESOLUCIONES%202007/RES%202007%201%20AL%20100/RESOLUCION%200070%20DE%202007.pdf HTTP/1.1" 200 955485
201.245.192.253 - - [21/Jul/2016:02:31:07 -0500] "POST /forms/lservlet;jsessionid=ac16012b30d6d7b74e4907534e0daea4f6386b2417c2.e3iSbxaKaheRe34Tax0PchuKax90n6jAmljGr5XDqQLvpAe HTTP/1.1" 200 2
66.249.64.165 - - [21/Jul/2016:02:31:15 -0500] "GET /BLA/resoluciones/AUTOS%202015/3178.pdf HTTP/1.1" 200 865459
66.249.64.165 - - [21/Jul/2016:02:31:27 -0500] "GET /BLA/resoluciones/RESOLUCIONES%202007/RES%202007%201101%20AL%201200/RESOLUCION%201174%20DE%202007.pdf HTTP/1.1" 200 1291541
181.142.146.101 - - [21/Jul/2016:02:31:33 -0500] "POST /forms/lservlet;jsessionid=ac16012b30d6e17fe838984d4f239499e779764a5139.e3iSbxaKaheRe34Tax0PchuKax90n6jAmljGr5XDqQLvpAe HTTP/1.1" 200 2
66.249.64.165 - - [21/Jul/2016:02:32:04 -0500] "GET /BLA/resoluciones/RESOLUCIONES%202007/RES%202007%203701%20AL%203800/RESOLUCION%203753%20DE%202007.pdf HTTP/1.1" 200 1170758
192.168.175.104 - - [21/Jul/2016:02:32:22 -0500] "GET / HTTP/1.1" 200 9990
192.168.175.104 - - [21/Jul/2016:02:32:28 -0500] "GET / HTTP/1.0" 200 9990
66.249.64.165 - - [21/Jul/2016:02:32:56 -0500] "GET /BLA/resoluciones/RESOLUCIONES%202007/RES%202007%20801%20AL%20900/RESOLUCION%200832%20DE%202007.pdf HTTP/1.1" 200 131642
192.168.175.104 - - [21/Jul/2016:02:33:00 -0500] "GET / HTTP/1.1" 200 9990
201.245.192.253 - - [21/Jul/2016:02:33:08 -0500] "POST /forms/lservlet;jsessionid=ac16012b30d6d7b74e4907534e0daea4f6386b2417c2.e3iSbxaKaheRe34Tax0PchuKax90n6jAmljGr5XDqQLvpAe HTTP/1.1" 200 2
66.249.64.165 - - [21/Jul/2016:02:33:15 -0500] "GET /BLA/resoluciones/RESOLUCIONES%202009/2991.pdf HTTP/1.1" 200 619342
66.249.64.165 - - [21/Jul/2016:02:33:32 -0500] "GET /BLA/resoluciones/AUTOS%202011/3603.pdf HTTP/1.1" 304 -
181.142.146.101 - - [21/Jul/2016:02:33:33 -0500] "POST /forms/lservlet;jsessionid=ac16012b30d6e17fe838984d4f239499e779764a5139.e3iSbxaKaheRe34Tax0PchuKax90n6jAmljGr5XDqQLvpAe HTTP/1.1" 200 2
66.249.64.165 - - [21/Jul/2016:02:33:40 -0500] "GET /BLA/resoluciones/RESOLUCIONES%202008/1419.pdf HTTP/1.1" 200 313940
69.162.124.232 - - [21/Jul/2016:02:33:43 -0500] "HEAD / HTTP/1.1" 200 -
104.154.123.142 - - [21/Jul/2016:02:34:05 -0500] "GET /BLA/resoluciones/RESOLUCIONES%202007/RES%202007%203601%20AL%203700/RESOLUCION%203687%20DE%202007.pdf HTTP/1.1" 200 547942
66.249.64.165 - - [21/Jul/2016:02:34:20 -0500] "GET /BLA/resoluciones/AUTOS%202012/1781.pdf HTTP/1.1" 304 -
66.249.64.165 - - [21/Jul/2016:02:34:41 -0500] "GET /BLA/resoluciones/RESOLUCIONES%202010/3995.pdf HTTP/1.1" 200 351857
66.249.64.165 - - [21/Jul/2016:02:34:46 -0500] "GET /BLA/resoluciones/RESOLUCIONES%202014/0049.pdf HTTP/1.1" 304 -
66.249.64.165 - - [21/Jul/2016:02:34:59 -0500] "GET /BLA/resoluciones/RESOLUCIONES%202010/6900.pdf HTTP/1.1" 304 -
157.253.70.214 - - [21/Jul/2016:02:35:00 -0500] "GET /galeria/nivo-slider/demo/images/BANNERCONFORMACIONGESTIONAMBIENTAL.jpg HTTP/1.1" 304 -
201.245.192.253 - - [21/Jul/2016:02:35:08 -0500] "POST /forms/lservlet;jsessionid=ac16012b30d6d7b74e4907534e0daea4f6386b2417c2.e3iSbxaKaheRe34Tax0PchuKax90n6jAmljGr5XDqQLvpAe HTTP/1.1" 200 2
68.180.229.222 - - [21/Jul/2016:02:35:15 -0500] "GET /robots.txt HTTP/1.1" 404 1018
68.180.229.222 - - [21/Jul/2016:02:35:15 -0500] "GET /BLA/resoluciones/RESOLUCIONES%202015/1054.pdf HTTP/1.1" 200 487632
181.142.146.101 - - [21/Jul/2016:02:35:33 -0500] "POST /forms/lservlet;jsessionid=ac16012b30d6e17fe838984d4f239499e779764a5139.e3iSbxaKaheRe34Tax0PchuKax90n6jAmljGr5XDqQLvpAe HTTP/1.1" 200 2
117.241.182.44 - - [21/Jul/2016:02:35:34 -0500] "GET /wp-login.php HTTP/1.1" 404 1019
66.249.64.165 - - [21/Jul/2016:02:35:36 -0500] "GET /BLA/resoluciones/RESOLUCIONES%202008/4533.pdf HTTP/1.1" 200 368023
164.132.161.32 - - [21/Jul/2016:02:35:37 -0500] "GET /BLA/resoluciones/RESOLUCIONES%202002/RES%202002%201201-1250/20021223.tif HTTP/1.1" 200 101774
104.154.123.142 - - [21/Jul/2016:02:36:11 -0500] "GET /BLA/resoluciones/RESOLUCIONES%202013/0024.pdf HTTP/1.1" 200 478500
66.249.64.165 - - [21/Jul/2016:02:36:40 -0500] "GET /BLA/resoluciones/RESOLUCIONES%202009/2840.pdf HTTP/1.1" 304 -
104.154.123.142 - - [21/Jul/2016:02:36:43 -0500] "GET /BLA/resoluciones/RESOLUCIONES%202009/3988.pdf HTTP/1.1" 200 507919
104.154.123.25 - - [21/Jul/2016:02:36:45 -0500] "GET /BLA/resoluciones/AUTOS%202013/0322.pdf HTTP/1.1" 200 1893900
69.30.211.2 - - [21/Jul/2016:02:36:56 -0500] "GET /robots.txt HTTP/1.0" 404 1019
69.30.211.2 - - [21/Jul/2016:02:36:58 -0500] "GET /Anexos%20estudio%20Organizacional%20SDA/ANEXO%20No.%201-%20NORMAS%20LEGALES%20DE%20ESTRUCTURA%20Y%20PLANTA/Decreto%20561%20de%202006%20-%20Establece%20estructura%20de%20la%20SDA.jsp_files/AjaxRequest.js HTTP/1.0" 200 17069
69.30.211.2 - - [21/Jul/2016:02:37:00 -0500] "GET /Anexos%20estudio%20Organizacional%20SDA/ANEXO%20No.%201-%20NORMAS%20LEGALES%20DE%20ESTRUCTURA%20Y%20PLANTA/Decreto%20561%20de%202006%20-%20Establece%20estructura%20de%20la%20SDA.jsp_files/jquery-1.js HTTP/1.0" 200 57254
69.30.211.2 - - [21/Jul/2016:02:37:04 -0500] "GET /Anexos%20estudio%20Organizacional%20SDA/ANEXO%20No.%201-%20NORMAS%20LEGALES%20DE%20ESTRUCTURA%20Y%20PLANTA/Decreto%20561%20de%202006%20-%20Establece%20estructura%20de%20la%20SDA.jsp_files/jquery.css HTTP/1.0" 200 4557
104.154.123.142 - - [21/Jul/2016:02:37:07 -0500] "GET /BLA/resoluciones/RESOLUCIONES%202013/0839.pdf HTTP/1.1" 200 2474988
201.245.192.253 - - [21/Jul/2016:02:37:08 -0500] "POST /forms/lservlet;jsessionid=ac16012b30d6d7b74e4907534e0daea4f6386b2417c2.e3iSbxaKaheRe34Tax0PchuKax90n6jAmljGr5XDqQLvpAe HTTP/1.1" 200 2
66.249.64.165 - - [21/Jul/2016:02:37:17 -0500] "GET /BLA/resoluciones/RESOLUCIONES%202007/RES%202007%201%20AL%20100/RESOLUCION%200070%20DE%202007.pdf HTTP/1.1" 200 955485
192.168.175.104 - - [21/Jul/2016:02:37:19 -0500] "GET / HTTP/1.1" 200 9990
66.249.64.165 - - [21/Jul/2016:02:37:22 -0500] "GET /BLA/resoluciones/AUTOS%202012/1772.pdf HTTP/1.1" 200 413133
192.168.175.104 - - [21/Jul/2016:02:37:25 -0500] "GET / HTTP/1.0" 200 9990
181.142.146.101 - - [21/Jul/2016:02:37:33 -0500] "POST /forms/lservlet;jsessionid=ac16012b30d6e17fe838984d4f239499e779764a5139.e3iSbxaKaheRe34Tax0PchuKax90n6jAmljGr5XDqQLvpAe HTTP/1.1" 200 2
66.249.64.165 - - [21/Jul/2016:02:37:40 -0500] "GET /BLA/resoluciones/RESOLUCIONES%202009/9834.pdf HTTP/1.1" 304 -
51.255.65.45 - - [21/Jul/2016:02:37:50 -0500] "GET /BLA/resoluciones/RESOLUCIONES%202002/RES%202002%201301-1350/20021323.tif HTTP/1.1" 200 80280
66.249.64.165 - - [21/Jul/2016:02:37:55 -0500] "GET /bla/resoluciones/RESOLUCIONES%202011/3127.pdf HTTP/1.1" 200 990704
192.168.175.104 - - [21/Jul/2016:02:37:58 -0500] "GET / HTTP/1.1" 200 9990
66.249.64.165 - - [21/Jul/2016:02:38:06 -0500] "GET /BLA/resoluciones/RESOLUCIONES%202007/RES%202007%201301%20AL%201400/RESOLUCION%201400%20DE%202007.pdf HTTP/1.1" 304 -
66.249.64.165 - - [21/Jul/2016:02:38:13 -0500] "GET /autoliquidacion/index.php?dir=TR%C1MITES+ACEITES-RESIDUOS-ESTACIONES%2FREGISTRO+ACEITE+VEGETAL+USADO%2F HTTP/1.1" 200 3439
103.60.172.130 - - [21/Jul/2016:02:38:33 -0500] "GET /wp-login.php HTTP/1.1" 404 1018
69.162.124.232 - - [21/Jul/2016:02:38:43 -0500] "HEAD / HTTP/1.1" 200 -
104.154.123.4 - - [21/Jul/2016:02:39:00 -0500] "GET /BLA/resoluciones/RESOLUCIONES%202009/4084.pdf HTTP/1.1" 200 545067
104.154.123.142 - - [21/Jul/2016:02:39:04 -0500] "GET /BLA/resoluciones/RESOLUCIONES%202010/7173.pdf HTTP/1.1" 200 834118
201.245.192.253 - - [21/Jul/2016:02:39:08 -0500] "POST /forms/lservlet;jsessionid=ac16012b30d6d7b74e4907534e0daea4f6386b2417c2.e3iSbxaKaheRe34Tax0PchuKax90n6jAmljGr5XDqQLvpAe HTTP/1.1" 200 2
66.249.64.165 - - [21/Jul/2016:02:39:13 -0500] "GET /BLA/resoluciones/RESOLUCIONES%202013/0466.pdf HTTP/1.1" 304 -
69.30.211.2 - - [21/Jul/2016:02:39:20 -0500] "GET /Anexos%20estudio%20Organizacional%20SDA/ANEXO%20No.%201-%20NORMAS%20LEGALES%20DE%20ESTRUCTURA%20Y%20PLANTA/Decreto%20561%20de%202006%20-%20Establece%20estructura%20de%20la%20SDA.jsp_files/jquery.js HTTP/1.0" 200 18179
69.30.211.2 - - [21/Jul/2016:02:39:22 -0500] "GET /Anexos%20estudio%20Organizacional%20SDA/ANEXO%20No.%201-%20NORMAS%20LEGALES%20DE%20ESTRUCTURA%20Y%20PLANTA/Decreto%20561%20de%202006%20-%20Establece%20estructura%20de%20la%20SDA.jsp_files/ladc.css HTTP/1.0" 200 5119
69.30.211.2 - - [21/Jul/2016:02:39:24 -0500] "GET /Anexos%20estudio%20Organizacional%20SDA/ANEXO%20No.%201-%20NORMAS%20LEGALES%20DE%20ESTRUCTURA%20Y%20PLANTA/Decreto%20561%20de%202006%20-%20Establece%20estructura%20de%20la%20SDA.jsp_files/screen.css HTTP/1.0" 200 2444
181.142.146.101 - - [21/Jul/2016:02:39:33 -0500] "POST /forms/lservlet;jsessionid=ac16012b30d6e17fe838984d4f239499e779764a5139.e3iSbxaKaheRe34Tax0PchuKax90n6jAmljGr5XDqQLvpAe HTTP/1.1" 200 2
66.249.64.165 - - [21/Jul/2016:02:39:34 -0500] "GET /BLA/resoluciones/RESOLUCIONES%202008/1497.pdf HTTP/1.1" 200 25180
66.249.64.165 - - [21/Jul/2016:02:39:47 -0500] "GET /BLA/resoluciones/AUTOS%202009/0022.pdf HTTP/1.1" 304 -
66.249.64.165 - - [21/Jul/2016:02:39:54 -0500] "GET /isolucionsda/ HTTP/1.1" 302 140
66.249.64.165 - - [21/Jul/2016:02:39:55 -0500] "GET /isolucionsda/ControlDeInicio.asp HTTP/1.1" 200 739
104.154.123.69 - - [21/Jul/2016:02:39:57 -0500] "GET /BLA/resoluciones/RESOLUCIONES%202009/7883.pdf HTTP/1.1" 200 465688
104.154.123.151 - - [21/Jul/2016:02:40:06 -0500] "GET /BLA/resoluciones/RESOLUCIONES%202009/2838.pdf HTTP/1.1" 200 478762
104.154.123.183 - - [21/Jul/2016:02:40:10 -0500] "GET /BLA/resoluciones/AUTOS%202012/1393.pdf HTTP/1.1" 200 230665
104.154.123.185 - - [21/Jul/2016:02:40:28 -0500] "GET /BLA/resoluciones/RESOLUCIONES%202009/1814.pdf HTTP/1.1" 200 577885
201.245.192.253 - - [21/Jul/2016:02:41:09 -0500] "POST /forms/lservlet;jsessionid=ac16012b30d6d7b74e4907534e0daea4f6386b2417c2.e3iSbxaKaheRe34Tax0PchuKax90n6jAmljGr5XDqQLvpAe HTTP/1.1" 200 2
66.249.64.165 - - [21/Jul/2016:02:41:20 -0500] "GET /BLA/resoluciones/RESOLUCIONES%202008/3330.pdf HTTP/1.1" 304 -
66.249.64.165 - - [21/Jul/2016:02:41:27 -0500] "GET /BLA/resoluciones/AUTOS%202011/2105.pdf HTTP/1.1" 304 -
104.154.123.158 - - [21/Jul/2016:02:41:28 -0500] "GET /BLA/resoluciones/RESOLUCIONES%202008/0997.pdf HTTP/1.1" 200 244985
181.142.146.101 - - [21/Jul/2016:02:41:33 -0500] "POST /forms/lservlet;jsessionid=ac16012b30d6e17fe838984d4f239499e779764a5139.e3iSbxaKaheRe34Tax0PchuKax90n6jAmljGr5XDqQLvpAe HTTP/1.1" 200 2
66.249.64.165 - - [21/Jul/2016:02:41:39 -0500] "GET /BLA/resoluciones/AUTOS%202013/0335.pdf HTTP/1.1" 200 1687303
104.154.123.168 - - [21/Jul/2016:02:42:02 -0500] "GET /BLA/resoluciones/RESOLUCIONES%202009/6704.pdf HTTP/1.1" 200 571673
192.168.175.104 - - [21/Jul/2016:02:42:17 -0500] "GET / HTTP/1.1" 200 9990
66.249.64.165 - - [21/Jul/2016:02:42:21 -0500] "GET /BLA/resoluciones/RESOLUCIONES%202010/4175.pdf HTTP/1.1" 304 -
192.168.175.104 - - [21/Jul/2016:02:42:23 -0500] "GET / HTTP/1.0" 200 9990
66.249.64.165 - - [21/Jul/2016:02:42:27 -0500] "GET /BLA/resoluciones/AUTOS%202011/2104.pdf HTTP/1.1" 304 -
104.154.123.168 - - [21/Jul/2016:02:42:36 -0500] "GET /BLA/resoluciones/AUTOS%202012/2486.pdf HTTP/1.1" 200 393476
104.154.123.71 - - [21/Jul/2016:02:42:51 -0500] "GET /BLA/resoluciones/AUTOS%202009/0434.pdf HTTP/1.1" 200 151405
192.168.175.104 - - [21/Jul/2016:02:42:56 -0500] "GET / HTTP/1.1" 200 9990
201.245.192.253 - - [21/Jul/2016:02:43:09 -0500] "POST /forms/lservlet;jsessionid=ac16012b30d6d7b74e4907534e0daea4f6386b2417c2.e3iSbxaKaheRe34Tax0PchuKax90n6jAmljGr5XDqQLvpAe HTTP/1.1" 200 2
