190.85.187.152 - - [21/Jul/2016:06:19:16 -0500] "GET /galeria/nivo-slider/demo/images/convocatoriasecretaria.jpg HTTP/1.1" 200 129365
190.85.187.152 - - [21/Jul/2016:06:19:16 -0500] "GET /galeria/nivo-slider/demo/images/BANNERVISORGEOGRAFICO.jpg HTTP/1.1" 200 78514
190.85.187.152 - - [21/Jul/2016:06:19:17 -0500] "GET /galeria/nivo-slider/demo/images/bannergenCAPACITACIONES-01.jpg HTTP/1.1" 200 153433
190.85.187.152 - - [21/Jul/2016:06:19:17 -0500] "GET /galeria/nivo-slider/demo/images/BANNERMADERALEGAL.jpg HTTP/1.1" 200 165750
190.85.187.152 - - [21/Jul/2016:06:19:17 -0500] "GET /galeria/nivo-slider/demo/images/vegetal.jpg HTTP/1.1" 200 216080
190.85.187.152 - - [21/Jul/2016:06:19:17 -0500] "GET /galeria/nivo-slider/demo/images/BANNERCONFORMACIONGESTIONAMBIENTAL.jpg HTTP/1.1" 200 161009
190.85.187.152 - - [21/Jul/2016:06:19:17 -0500] "GET /galeria/nivo-slider/demo/images/Banner_wgic.jpg HTTP/1.1" 200 139000
190.85.187.152 - - [21/Jul/2016:06:19:18 -0500] "GET /galeria/nivo-slider/demo/images/ABC-Plan-de-contigencia.jpg HTTP/1.1" 200 423901
190.85.187.152 - - [21/Jul/2016:06:19:18 -0500] "GET /galeria/nivo-slider/demo/images/ACOPIADORESYGESTORES.jpg HTTP/1.1" 200 118791
190.85.187.152 - - [21/Jul/2016:06:19:19 -0500] "GET /galeria/nivo-slider/demo/images/caminata-ecologica.jpg HTTP/1.1" 200 192926
190.85.187.152 - - [21/Jul/2016:06:19:20 -0500] "GET /galeria/nivo-slider/demo/images/Cmapana-onestidad.jpg HTTP/1.1" 200 141638
190.85.187.152 - - [21/Jul/2016:06:19:20 -0500] "GET /galeria/nivo-slider/demo/images/banner-llantas2.jpg HTTP/1.1" 200 234514
190.85.187.152 - - [21/Jul/2016:06:19:20 -0500] "GET /galeria/nivo-slider/demo/images/9Signos.jpg HTTP/1.1" 200 81776
190.85.187.152 - - [21/Jul/2016:06:19:20 -0500] "GET /galeria/nivo-slider/demo/images/Ruta-vertimientos-01.jpg HTTP/1.1" 200 130151
190.85.187.152 - - [21/Jul/2016:06:19:20 -0500] "GET /galeria/nivo-slider/demo/images/bolsas-06.jpg HTTP/1.1" 200 210950
190.85.187.152 - - [21/Jul/2016:06:19:22 -0500] "GET /galeria/nivo-slider/themes/default/loading.gif HTTP/1.1" 200 1737
190.85.187.152 - - [21/Jul/2016:06:19:22 -0500] "GET /galeria/nivo-slider/demo/images/4Simple_Slider.png HTTP/1.1" 200 11722
66.249.64.165 - - [21/Jul/2016:06:19:23 -0500] "GET / HTTP/1.1" 200 9990
190.85.187.152 - - [21/Jul/2016:06:19:26 -0500] "GET /galeria/nivo-slider/themes/default/arrows.png HTTP/1.1" 200 824
190.85.187.152 - - [21/Jul/2016:06:19:26 -0500] "GET /galeria/nivo-slider/themes/default/bullets.png HTTP/1.1" 200 1281
104.154.123.175 - - [21/Jul/2016:06:19:26 -0500] "GET /BLA/resoluciones/RESOLUCIONES%202008/4697.pdf HTTP/1.1" 200 401081
104.154.123.23 - - [21/Jul/2016:06:19:33 -0500] "GET /BLA/resoluciones/AUTOS%202012/0506.pdf HTTP/1.1" 200 215972
66.249.64.165 - - [21/Jul/2016:06:19:34 -0500] "GET /BLA/resoluciones/AUTOS%202013/0622.pdf HTTP/1.1" 304 -
66.249.64.165 - - [21/Jul/2016:06:19:34 -0500] "GET /BLA/resoluciones/AUTOS%202014/6159.pdf HTTP/1.1" 304 -
104.154.123.144 - - [21/Jul/2016:06:19:35 -0500] "GET /SIG/ECS/126PM04-PR06.pdf HTTP/1.1" 200 5237719
201.245.192.253 - - [21/Jul/2016:06:19:36 -0500] "POST /forms/lservlet;jsessionid=ac16012b30d6d7b74e4907534e0daea4f6386b2417c2.e3iSbxaKaheRe34Tax0PchuKax90n6jAmljGr5XDqQLvpAe HTTP/1.1" 200 2
66.249.64.183 - - [21/Jul/2016:06:19:51 -0500] "GET /Anexos%20estudio%20Organizacional%20SDA/ANEXO%20No.%203-%20CONTRATACI%C3%93N%20%20OPS%C2%B4s%202008-2012/CONTRATOS%20SDA%202012%20POR%20DEPENDENCIA.xls HTTP/1.1" 304 -
66.249.64.165 - - [21/Jul/2016:06:19:54 -0500] "GET /BLA/resoluciones/AUTOS%202010/4447.pdf HTTP/1.1" 304 -
66.249.64.165 - - [21/Jul/2016:06:19:55 -0500] "GET /sia/ HTTP/1.1" 304 -
66.249.64.190 - - [21/Jul/2016:06:19:57 -0500] "GET / HTTP/1.1" 200 9990
104.154.123.21 - - [21/Jul/2016:06:19:57 -0500] "GET /BLA/resoluciones/AUTOS%202014/5000.pdf HTTP/1.1" 200 588006
66.249.64.165 - - [21/Jul/2016:06:19:59 -0500] "GET /BLA/resoluciones/RESOLUCIONES%202014/2679.pdf HTTP/1.1" 304 -
181.142.146.101 - - [21/Jul/2016:06:20:06 -0500] "POST /forms/lservlet;jsessionid=ac16012b30d6e17fe838984d4f239499e779764a5139.e3iSbxaKaheRe34Tax0PchuKax90n6jAmljGr5XDqQLvpAe HTTP/1.1" 200 2
104.154.123.200 - - [21/Jul/2016:06:20:11 -0500] "GET /BLA/resoluciones/RESOLUCIONES%202009/8837.pdf HTTP/1.1" 200 445367
66.249.64.154 - - [21/Jul/2016:06:20:13 -0500] "GET /robots.txt HTTP/1.1" 404 1032
66.249.64.148 - - [21/Jul/2016:06:20:13 -0500] "GET / HTTP/1.1" 200 9990
104.154.123.142 - - [21/Jul/2016:06:20:16 -0500] "GET /BLA/resoluciones/RESOLUCIONES%202013/2150.pdf HTTP/1.1" 200 576740
104.154.123.107 - - [21/Jul/2016:06:20:50 -0500] "GET /BLA/resoluciones/RESOLUCIONES%202010/7776.pdf HTTP/1.1" 200 163891
104.154.123.73 - - [21/Jul/2016:06:20:53 -0500] "GET /BLA/resoluciones/AUTOS%202007/3551.pdf HTTP/1.1" 200 131252
104.154.123.99 - - [21/Jul/2016:06:20:56 -0500] "GET /BLA/resoluciones/RESOLUCIONES%202010/7878.pdf HTTP/1.1" 200 340725
66.249.64.165 - - [21/Jul/2016:06:20:57 -0500] "GET /BLA/resoluciones/RESOLUCIONES%202011/4062.pdf HTTP/1.1" 304 -
104.154.123.176 - - [21/Jul/2016:06:21:03 -0500] "GET /BLA/resoluciones/AUTOS%202014/3614.pdf HTTP/1.1" 200 1774411
66.249.69.168 - - [21/Jul/2016:06:21:16 -0500] "GET /BLA/resoluciones/AUTOS%202011/0188.pdf HTTP/1.1" 304 -
104.154.123.21 - - [21/Jul/2016:06:21:22 -0500] "GET /BLA/resoluciones/RESOLUCIONES%202010/3169.pdf HTTP/1.1" 200 359030
104.154.123.149 - - [21/Jul/2016:06:21:22 -0500] "GET /BLA/resoluciones/RESOLUCIONES%202007/RES%202007%203901%20AL%204000/RESOLUCION%203981%20DE%202007.pdf HTTP/1.1" 200 753685
66.249.64.165 - - [21/Jul/2016:06:21:23 -0500] "GET /BLA/resoluciones/RESOLUCIONES%202014/1115.pdf HTTP/1.1" 304 -
104.154.123.22 - - [21/Jul/2016:06:21:30 -0500] "GET /BLA/resoluciones/RESOLUCIONES%202010/2703.pdf HTTP/1.1" 200 382910
201.245.192.253 - - [21/Jul/2016:06:21:36 -0500] "POST /forms/lservlet;jsessionid=ac16012b30d6d7b74e4907534e0daea4f6386b2417c2.e3iSbxaKaheRe34Tax0PchuKax90n6jAmljGr5XDqQLvpAe HTTP/1.1" 200 2
104.154.123.20 - - [21/Jul/2016:06:21:41 -0500] "GET /BLA/resoluciones/RESOLUCIONES%202013/0083.pdf HTTP/1.1" 200 403760
192.168.175.104 - - [21/Jul/2016:06:21:52 -0500] "GET / HTTP/1.1" 200 9990
192.168.175.104 - - [21/Jul/2016:06:21:53 -0500] "GET / HTTP/1.0" 200 9990
66.249.64.165 - - [21/Jul/2016:06:21:57 -0500] "GET /BLA/resoluciones/RESOLUCIONES%202011/0822.pdf HTTP/1.1" 304 -
181.49.188.13 - - [21/Jul/2016:06:22:02 -0500] "GET /BLA/resoluciones/RESOLUCIONES%202014/3750.pdf HTTP/1.1" 200 578155
181.49.188.13 - - [21/Jul/2016:06:22:03 -0500] "GET /favicon.ico HTTP/1.1" 200 7782
104.154.123.175 - - [21/Jul/2016:06:22:05 -0500] "GET /BLA/resoluciones/RESOLUCIONES%202007/RES%202007%203101%20AL%203200/RESOLUCION%203119%20DE%202007.pdf HTTP/1.1" 200 756207
181.142.146.101 - - [21/Jul/2016:06:22:07 -0500] "POST /forms/lservlet;jsessionid=ac16012b30d6e17fe838984d4f239499e779764a5139.e3iSbxaKaheRe34Tax0PchuKax90n6jAmljGr5XDqQLvpAe HTTP/1.1" 200 2
66.249.64.165 - - [21/Jul/2016:06:22:14 -0500] "GET /BLA/resoluciones/RESOLUCIONES%202009/9524.pdf HTTP/1.1" 304 -
66.249.69.144 - - [21/Jul/2016:06:22:17 -0500] "GET /robots.txt HTTP/1.1" 404 1015
104.154.123.3 - - [21/Jul/2016:06:22:17 -0500] "GET /BLA/resoluciones/RESOLUCIONES%202009/0367.pdf HTTP/1.1" 200 270540
104.154.123.167 - - [21/Jul/2016:06:22:31 -0500] "GET /BLA/resoluciones/AUTOS%202012/0664.pdf HTTP/1.1" 200 352148
104.154.123.120 - - [21/Jul/2016:06:22:31 -0500] "GET /BLA/resoluciones/AUTOS%202013/1355.pdf HTTP/1.1" 200 162195
104.154.123.190 - - [21/Jul/2016:06:22:33 -0500] "GET /BLA/resoluciones/AUTOS%202014/6630.pdf HTTP/1.1" 200 466301
104.154.123.21 - - [21/Jul/2016:06:22:42 -0500] "GET /BLA/resoluciones/RESOLUCIONES%202008/4881.pdf HTTP/1.1" 200 255582
104.154.123.183 - - [21/Jul/2016:06:22:44 -0500] "GET /BLA/resoluciones/AUTOS%202010/6404.pdf HTTP/1.1" 200 103650
192.168.175.104 - - [21/Jul/2016:06:22:52 -0500] "GET / HTTP/1.1" 200 9990
186.82.108.81 - - [21/Jul/2016:06:22:53 -0500] "GET /galeria/galeria/jquery.fancybox.css?v=2.1.5 HTTP/1.1" 200 4895
104.154.123.142 - - [21/Jul/2016:06:22:55 -0500] "GET /BLA/resoluciones/AUTOS%202011/7224.pdf HTTP/1.1" 200 134232
104.154.123.90 - - [21/Jul/2016:06:22:57 -0500] "GET /BLA/resoluciones/RESOLUCIONES%202007/RES%202007%202301%20AL%202400/RESOLUCION%202387%20DE%202007.pdf HTTP/1.1" 200 1154246
66.249.64.165 - - [21/Jul/2016:06:22:57 -0500] "GET /Residuos/impresion/files/guia_impresion-lit.pdf HTTP/1.1" 304 -
66.249.64.165 - - [21/Jul/2016:06:23:04 -0500] "GET /BLA/resoluciones/AUTOS%202010/5430.pdf HTTP/1.1" 200 212226
104.154.123.170 - - [21/Jul/2016:06:23:07 -0500] "GET /BLA/resoluciones/AUTOS%202014/1517.pdf HTTP/1.1" 200 590522
66.249.69.144 - - [21/Jul/2016:06:23:09 -0500] "GET / HTTP/1.1" 200 9990
66.249.64.165 - - [21/Jul/2016:06:23:10 -0500] "GET /BLA/resoluciones/RESOLUCIONES%202007/RES%202007%202501%20AL%202600/RESOLUCION%202542%20DE%202007.pdf HTTP/1.1" 304 -
66.249.64.185 - - [21/Jul/2016:06:23:17 -0500] "GET /BLA/boletinlegal/jurisprudencia/analisis/SENTENCIA%20C-703%20DE%202010.xls HTTP/1.1" 304 -
104.154.123.39 - - [21/Jul/2016:06:23:20 -0500] "GET /BLA/resoluciones/RESOLUCIONES%202009/3429.pdf HTTP/1.1" 200 463423
66.249.64.185 - - [21/Jul/2016:06:23:30 -0500] "GET /BLA/boletinlegal/Directivas/2009/Directiva%20No.%20del%2023%20de%20Diciembre%20de%202009.pdf HTTP/1.1" 304 -
104.154.123.10 - - [21/Jul/2016:06:23:32 -0500] "GET /BLA/resoluciones/RESOLUCIONES%202008/2083.pdf HTTP/1.1" 200 256223
69.162.124.232 - - [21/Jul/2016:06:23:36 -0500] "HEAD / HTTP/1.1" 200 -
201.245.192.253 - - [21/Jul/2016:06:23:36 -0500] "POST /forms/lservlet;jsessionid=ac16012b30d6d7b74e4907534e0daea4f6386b2417c2.e3iSbxaKaheRe34Tax0PchuKax90n6jAmljGr5XDqQLvpAe HTTP/1.1" 200 2
104.154.123.148 - - [21/Jul/2016:06:23:45 -0500] "GET /BLA/resoluciones/RESOLUCIONES%202007/RES%202007%201201%20AL%201300/RESOLUCION%201258%20DE%202007.pdf HTTP/1.1" 200 1232726
104.154.123.176 - - [21/Jul/2016:06:23:50 -0500] "GET /BLA/resoluciones/AUTOS%202009/2850.pdf HTTP/1.1" 200 71198
66.249.64.165 - - [21/Jul/2016:06:23:57 -0500] "GET /BLA/resoluciones/RESOLUCIONES%202007/RES%202007%202201%20AL%202300/RESOLUCION%202297%20DE%202007.pdf HTTP/1.1" 304 -
104.154.123.69 - - [21/Jul/2016:06:24:01 -0500] "GET /BLA/resoluciones/RESOLUCIONES%202007/RES%202007%203801%20AL%203900/RESOLUCION%203849%20DE%202007.pdf HTTP/1.1" 200 657300
181.142.146.101 - - [21/Jul/2016:06:24:07 -0500] "POST /forms/lservlet;jsessionid=ac16012b30d6e17fe838984d4f239499e779764a5139.e3iSbxaKaheRe34Tax0PchuKax90n6jAmljGr5XDqQLvpAe HTTP/1.1" 200 2
104.154.123.110 - - [21/Jul/2016:06:24:08 -0500] "GET /BLA/resoluciones/AUTOS%202014/1217.pdf HTTP/1.1" 200 182127
104.154.123.39 - - [21/Jul/2016:06:24:10 -0500] "GET /BLA/resoluciones/RESOLUCIONES%202010/7871.pdf HTTP/1.1" 200 1165549
66.249.64.165 - - [21/Jul/2016:06:24:11 -0500] "GET /BLA/resoluciones/AUTOS%202013/1075.pdf HTTP/1.1" 200 150844
104.154.123.116 - - [21/Jul/2016:06:24:11 -0500] "GET /BLA/resoluciones/RESOLUCIONES%202007/RES%202007%202801%20AL%202900/RESOLUCION%202884%20DE%202007.pdf HTTP/1.1" 200 126372
104.154.123.82 - - [21/Jul/2016:06:24:33 -0500] "GET /BLA/resoluciones/RESOLUCIONES%202013/0077.pdf HTTP/1.1" 200 6802000
104.154.123.116 - - [21/Jul/2016:06:24:35 -0500] "GET /BLA/resoluciones/AUTOS%202015/4385.pdf HTTP/1.1" 200 860942
66.249.64.165 - - [21/Jul/2016:06:24:44 -0500] "GET /BLA/resoluciones/RESOLUCIONES%202013/0350.pdf HTTP/1.1" 304 -
104.154.123.155 - - [21/Jul/2016:06:25:04 -0500] "GET /BLA/resoluciones/RESOLUCIONES%202010/7289.pdf HTTP/1.1" 200 349410
164.132.161.95 - - [21/Jul/2016:06:25:08 -0500] "GET /BLA/resoluciones/RESOLUCIONES%202004/RES%202004%201001-1050/00001002.tif HTTP/1.1" 200 157300
104.154.123.109 - - [21/Jul/2016:06:25:13 -0500] "GET /BLA/resoluciones/RESOLUCIONES%202013/0219.pdf HTTP/1.1" 200 661188
104.154.123.20 - - [21/Jul/2016:06:25:15 -0500] "GET /BLA/resoluciones/AUTOS%202011/4773.pdf HTTP/1.1" 200 331780
66.249.64.165 - - [21/Jul/2016:06:25:17 -0500] "GET /autoliquidacion/PERMISO%20DE%20OCUPACION%20DE%20SUELO/FORMATO%20DE%20SOLICITUD%20PERMISO%20DE%20CAUCES%20POC%20MODIFICADO_29072014.xls HTTP/1.1" 304 -
201.245.192.253 - - [21/Jul/2016:06:25:36 -0500] "POST /forms/lservlet;jsessionid=ac16012b30d6d7b74e4907534e0daea4f6386b2417c2.e3iSbxaKaheRe34Tax0PchuKax90n6jAmljGr5XDqQLvpAe HTTP/1.1" 200 2
197.33.47.151 - - [21/Jul/2016:06:25:47 -0500] "GET /wp-login.php HTTP/1.1" 404 1018
104.154.123.86 - - [21/Jul/2016:06:25:50 -0500] "GET /BLA/resoluciones/RESOLUCIONES%202007/RES%202007%202501%20AL%202600/RESOLUCION%202575%20DE%202007.pdf HTTP/1.1" 200 935349
66.249.64.165 - - [21/Jul/2016:06:25:51 -0500] "GET /BLA/resoluciones/RESOLUCIONES%202013/0074%20.pdf HTTP/1.1" 304 -
66.249.64.165 - - [21/Jul/2016:06:25:57 -0500] "GET /BLA/resoluciones/RESOLUCIONES%202012/1307.pdf HTTP/1.1" 304 -
104.154.123.39 - - [21/Jul/2016:06:26:00 -0500] "GET /BLA/resoluciones/AUTOS%202014/4339.pdf HTTP/1.1" 200 137842
104.154.123.181 - - [21/Jul/2016:06:26:02 -0500] "GET /BLA/resoluciones/RESOLUCIONES%202009/0243.pdf HTTP/1.1" 200 573363
66.249.64.165 - - [21/Jul/2016:06:26:04 -0500] "GET /BLA/resoluciones/RESOLUCIONES%202010/5762.pdf HTTP/1.1" 304 -
181.142.146.101 - - [21/Jul/2016:06:26:07 -0500] "POST /forms/lservlet;jsessionid=ac16012b30d6e17fe838984d4f239499e779764a5139.e3iSbxaKaheRe34Tax0PchuKax90n6jAmljGr5XDqQLvpAe HTTP/1.1" 200 2
104.154.123.192 - - [21/Jul/2016:06:26:09 -0500] "GET /BLA/resoluciones/RESOLUCIONES%202010/4086.pdf HTTP/1.1" 200 1331232
104.154.123.73 - - [21/Jul/2016:06:26:20 -0500] "GET /BLA/resoluciones/AUTOS%202011/4161.pdf HTTP/1.1" 200 222475
104.154.123.11 - - [21/Jul/2016:06:26:22 -0500] "GET /BLA/resoluciones/RESOLUCIONES%202007/RES%202007%202801%20AL%202900/RESOLUCION%202827%20DE%202007.pdf HTTP/1.1" 200 26876
66.249.64.165 - - [21/Jul/2016:06:26:24 -0500] "GET /BLA/resoluciones/RESOLUCIONES%202013/1297.pdf HTTP/1.1" 304 -
104.154.123.68 - - [21/Jul/2016:06:26:29 -0500] "GET /BLA/resoluciones/RESOLUCIONES%202009/3890.pdf HTTP/1.1" 200 332573
66.249.69.185 - - [21/Jul/2016:06:26:34 -0500] "GET /actualizaciones/legisla/Ly009993.htm HTTP/1.1" 404 1019
192.168.175.104 - - [21/Jul/2016:06:26:46 -0500] "GET / HTTP/1.1" 200 9990
192.168.175.104 - - [21/Jul/2016:06:26:48 -0500] "GET / HTTP/1.0" 200 9990
104.154.123.155 - - [21/Jul/2016:06:26:52 -0500] "GET /BLA/resoluciones/AUTOS%202015/2939.pdf HTTP/1.1" 200 1110901
66.249.64.187 - - [21/Jul/2016:06:26:58 -0500] "GET /BLA/ HTTP/1.1" 200 538
104.154.123.133 - - [21/Jul/2016:06:26:58 -0500] "GET /BLA/resoluciones/RESOLUCIONES%202010/2642.pdf HTTP/1.1" 200 338530
104.154.123.101 - - [21/Jul/2016:06:27:24 -0500] "GET /BLA/resoluciones/AUTOS%202013/2932.pdf HTTP/1.1" 200 389205
104.154.123.132 - - [21/Jul/2016:06:27:26 -0500] "GET /BLA/resoluciones/AUTOS%202015/4059.pdf HTTP/1.1" 200 633007
104.154.123.68 - - [21/Jul/2016:06:27:36 -0500] "GET /BLA/resoluciones/RESOLUCIONES%202010/0522.pdf HTTP/1.1" 200 327791
201.245.192.253 - - [21/Jul/2016:06:27:37 -0500] "POST /forms/lservlet;jsessionid=ac16012b30d6d7b74e4907534e0daea4f6386b2417c2.e3iSbxaKaheRe34Tax0PchuKax90n6jAmljGr5XDqQLvpAe HTTP/1.1" 200 2
192.168.175.104 - - [21/Jul/2016:06:27:51 -0500] "GET / HTTP/1.1" 200 9990
40.77.167.81 - - [21/Jul/2016:06:27:59 -0500] "GET /galeria/carrusel/Carrusel/jquery-ui- HTTP/1.1" 404 1018
40.77.167.81 - - [21/Jul/2016:06:28:00 -0500] "GET /galeria/carrusel/Carrusel/jquery.thumbnailScroller.js HTTP/1.1" 200 8157
104.154.123.43 - - [21/Jul/2016:06:28:02 -0500] "GET /BLA/resoluciones/RESOLUCIONES%202007/RES%202007%202401%20AL%202500/RESOLUCION%202434%20DE%202007.pdf HTTP/1.1" 200 560601
66.249.64.147 - - [21/Jul/2016:06:27:05 -0500] "GET /BLA/boletinlegal/index.php HTTP/1.1" 200 52436
66.249.64.142 - - [21/Jul/2016:06:28:03 -0500] "GET /robots.txt HTTP/1.1" 404 1015
181.142.146.101 - - [21/Jul/2016:06:28:07 -0500] "POST /forms/lservlet;jsessionid=ac16012b30d6e17fe838984d4f239499e779764a5139.e3iSbxaKaheRe34Tax0PchuKax90n6jAmljGr5XDqQLvpAe HTTP/1.1" 200 2
66.249.64.165 - - [21/Jul/2016:06:28:12 -0500] "GET /BLA/resoluciones/AUTOS%202010/6942.pdf HTTP/1.1" 200 317078
69.162.124.232 - - [21/Jul/2016:06:28:36 -0500] "HEAD / HTTP/1.1" 200 -
104.154.123.188 - - [21/Jul/2016:06:28:37 -0500] "GET /BLA/resoluciones/RESOLUCIONES%202009/3652.pdf HTTP/1.1" 200 84055
104.154.123.26 - - [21/Jul/2016:06:28:38 -0500] "GET /BLA/resoluciones/RESOLUCIONES%202007/RES%202007%202001%20AL%202100/RESOLUCION%202007%20DE%202007.pdf HTTP/1.1" 200 402684
104.154.123.36 - - [21/Jul/2016:06:28:38 -0500] "GET /BLA/boletinlegal/Circulares/2011/Circular%20No.%209%20del%2003%20de%20Noviembre%20de%202011.pdf HTTP/1.1" 200 54568
66.249.64.142 - - [21/Jul/2016:06:28:53 -0500] "GET / HTTP/1.1" 200 9990
104.154.123.139 - - [21/Jul/2016:06:28:56 -0500] "GET /BLA/resoluciones/RESOLUCIONES%202008/5434.pdf HTTP/1.1" 200 267478
66.249.64.165 - - [21/Jul/2016:06:29:00 -0500] "GET /autoliquidacion/Solicitudes%20relacionadas%20con%20calidad%20del%20aire%20auditiva%20y%20visual/Acompa%C3%B1amiento%20para%20muestreo%20isocin%C3%A9tico%20y%20o%20determinaciones%20de%20emisiones%20a%20fuentes%20fijas/lineamientos%20Construccion%20Mues%20Emision%20.pdf HTTP/1.1" 304 -
66.249.64.165 - - [21/Jul/2016:06:29:01 -0500] "GET /BLA/resoluciones/AUTOS%202011/4309.pdf HTTP/1.1" 304 -
104.154.123.149 - - [21/Jul/2016:06:29:02 -0500] "GET /BLA/resoluciones/AUTOS%202015/3810.pdf HTTP/1.1" 200 464024
66.249.64.165 - - [21/Jul/2016:06:29:08 -0500] "GET /BLA/resoluciones/RESOLUCIONES%202007/RES%202007%204001%20AL%204100/RESOLUCION%204090%20DE%202007.pdf HTTP/1.1" 304 -
66.249.64.165 - - [21/Jul/2016:06:29:09 -0500] "GET /BLA/resoluciones/RESOLUCIONES%202012/0611.pdf HTTP/1.1" 304 -
104.154.123.135 - - [21/Jul/2016:06:29:10 -0500] "GET /BLA/resoluciones/RESOLUCIONES%202008/2547.pdf HTTP/1.1" 200 279851
66.249.64.165 - - [21/Jul/2016:06:29:12 -0500] "GET /BLA/resoluciones/RESOLUCIONES%202010/6491.pdf HTTP/1.1" 304 -
104.154.123.49 - - [21/Jul/2016:06:29:18 -0500] "GET /BLA/resoluciones/RESOLUCIONES%202007/RES%202007%203101%20AL%203200/RESOLUCION%203194%20DE%202007.pdf HTTP/1.1" 200 1175731
104.154.123.97 - - [21/Jul/2016:06:29:20 -0500] "GET /BLA/resoluciones/AUTOS%202008/0717.pdf HTTP/1.1" 200 157218
104.154.123.3 - - [21/Jul/2016:06:29:28 -0500] "GET /BLA/resoluciones/RESOLUCIONES%202010/5814.pdf HTTP/1.1" 200 81863
66.249.64.165 - - [21/Jul/2016:06:29:32 -0500] "GET / HTTP/1.1" 200 9990
201.245.192.253 - - [21/Jul/2016:06:29:37 -0500] "POST /forms/lservlet;jsessionid=ac16012b30d6d7b74e4907534e0daea4f6386b2417c2.e3iSbxaKaheRe34Tax0PchuKax90n6jAmljGr5XDqQLvpAe HTTP/1.1" 200 2
66.249.64.165 - - [21/Jul/2016:06:29:45 -0500] "GET /BLA/resoluciones/RESOLUCIONES%202009/4937.pdf HTTP/1.1" 304 -
104.154.123.23 - - [21/Jul/2016:06:29:59 -0500] "GET /BLA/resoluciones/RESOLUCIONES%202010/3519.pdf HTTP/1.1" 200 361208
104.154.123.124 - - [21/Jul/2016:06:30:06 -0500] "GET /BLA/resoluciones/RESOLUCIONES%202014/1440.pdf HTTP/1.1" 200 222035
181.142.146.101 - - [21/Jul/2016:06:30:07 -0500] "POST /forms/lservlet;jsessionid=ac16012b30d6e17fe838984d4f239499e779764a5139.e3iSbxaKaheRe34Tax0PchuKax90n6jAmljGr5XDqQLvpAe HTTP/1.1" 200 2
104.154.123.149 - - [21/Jul/2016:06:30:08 -0500] "GET /BLA/resoluciones/RESOLUCIONES%202007/RES%202007%20401%20AL%20500/RESOLUCION%200439%20DE%202007.pdf HTTP/1.1" 200 447436
66.249.64.165 - - [21/Jul/2016:06:30:09 -0500] "GET /BLA/resoluciones/AUTOS%202012/1478.pdf HTTP/1.1" 200 351827
66.249.64.165 - - [21/Jul/2016:06:30:12 -0500] "GET /BLA/resoluciones/AUTOS%202015/0269.pdf HTTP/1.1" 304 -
104.154.123.90 - - [21/Jul/2016:06:30:28 -0500] "GET /BLA/resoluciones/RESOLUCIONES%202009/3912.pdf HTTP/1.1" 200 412596
66.249.64.165 - - [21/Jul/2016:06:30:29 -0500] "GET /BLA/resoluciones/RESOLUCIONES%202013/2039.pdf HTTP/1.1" 200 4343376
104.154.123.73 - - [21/Jul/2016:06:30:33 -0500] "GET /BLA/resoluciones/RESOLUCIONES%202008/4613.pdf HTTP/1.1" 200 249513
66.249.64.165 - - [21/Jul/2016:06:30:34 -0500] "GET /BLA/resoluciones/RESOLUCIONES%202011/1071.pdf HTTP/1.1" 304 -
104.154.123.75 - - [21/Jul/2016:06:30:40 -0500] "GET /BLA/resoluciones/RESOLUCIONES%202010/1861.pdf HTTP/1.1" 200 418615
66.249.64.166 - - [21/Jul/2016:06:30:46 -0500] "GET / HTTP/1.1" 302 302
66.249.69.165 - - [21/Jul/2016:06:30:46 -0500] "GET /BLA/resoluciones/RESOLUCIONES%202014/1525.pdf HTTP/1.1" 200 348118
66.249.64.165 - - [21/Jul/2016:06:30:49 -0500] "GET /BLA/resoluciones/RESOLUCIONES%202007/RES%202007%201801%20AL%201900/RESOLUCION%201829%20DE%202007.pdf HTTP/1.1" 200 48029
104.154.123.151 - - [21/Jul/2016:06:30:50 -0500] "GET /BLA/resoluciones/RESOLUCIONES%202007/RES%202007%203901%20AL%204000/RESOLUCION%203906%20DE%202007.pdf HTTP/1.1" 200 648657
201.240.245.15 - - [21/Jul/2016:06:30:56 -0500] "GET /POT-2013/index.php?dir=Cartografia%2F HTTP/1.1" 200 11465
160.178.157.144 - - [21/Jul/2016:06:31:01 -0500] "GET /wp-login.php HTTP/1.1" 404 1019
66.249.64.165 - - [21/Jul/2016:06:31:06 -0500] "GET /BLA/resoluciones/RESOLUCIONES%202008/3835.pdf HTTP/1.1" 304 -
66.249.64.165 - - [21/Jul/2016:06:31:08 -0500] "GET /BLA/resoluciones/RESOLUCIONES%202007/RES%202007%20601%20AL%20700/RESOLUCION%200640%20DE%202007.pdf HTTP/1.1" 200 755634
190.143.76.156 - - [21/Jul/2016:06:31:11 -0500] "GET /galeria/nivo-slider/demo/demo.html HTTP/1.1" 304 -
190.143.76.156 - - [21/Jul/2016:06:31:12 -0500] "GET /galeria/nivo-slider/demo/images/SUPERCADECRA30.jpg HTTP/1.1" 304 -
190.143.76.156 - - [21/Jul/2016:06:31:12 -0500] "GET /galeria/nivo-slider/demo/images/SUPERCADESUBA.jpg HTTP/1.1" 304 -
190.143.76.156 - - [21/Jul/2016:06:31:12 -0500] "GET /galeria/nivo-slider/demo/images/BANNERCONFORMACIONGESTIONAMBIENTAL.jpg HTTP/1.1" 304 -
190.143.76.156 - - [21/Jul/2016:06:31:12 -0500] "GET /galeria/nivo-slider/demo/images/bannergenCAPACITACIONES-01.jpg HTTP/1.1" 304 -
66.249.64.165 - - [21/Jul/2016:06:31:12 -0500] "GET /BLA/resoluciones/AUTOS%202015/0835.pdf HTTP/1.1" 304 -
66.249.64.165 - - [21/Jul/2016:06:31:19 -0500] "GET /BLA/resoluciones/AUTOS%202010/0121.pdf HTTP/1.1" 304 -
104.154.123.118 - - [21/Jul/2016:06:31:20 -0500] "GET /BLA/resoluciones/AUTOS%202010/1386.pdf HTTP/1.1" 200 235620
66.249.64.165 - - [21/Jul/2016:06:31:26 -0500] "GET /BLA/resoluciones/AUTOS%202013/0654.pdf HTTP/1.1" 304 -
104.154.123.94 - - [21/Jul/2016:06:31:27 -0500] "GET /BLA/resoluciones/AUTOS%202010/1454.pdf HTTP/1.1" 200 268931
66.249.64.165 - - [21/Jul/2016:06:31:28 -0500] "GET /BLA/resoluciones/RESOLUCIONES%202013/0290.pdf HTTP/1.1" 200 2046250
104.154.123.43 - - [21/Jul/2016:06:31:29 -0500] "GET /ecodirectorio/files/res/downloads/download_0016.pdf HTTP/1.1" 200 329215
104.154.123.57 - - [21/Jul/2016:06:31:33 -0500] "GET /BLA/resoluciones/RESOLUCIONES%202013/2688.pdf HTTP/1.1" 200 294248
201.245.192.253 - - [21/Jul/2016:06:31:37 -0500] "POST /forms/lservlet;jsessionid=ac16012b30d6d7b74e4907534e0daea4f6386b2417c2.e3iSbxaKaheRe34Tax0PchuKax90n6jAmljGr5XDqQLvpAe HTTP/1.1" 200 2
192.168.175.104 - - [21/Jul/2016:06:31:42 -0500] "GET / HTTP/1.1" 200 9990
192.168.175.104 - - [21/Jul/2016:06:31:44 -0500] "GET / HTTP/1.0" 200 9990
104.154.123.111 - - [21/Jul/2016:06:31:48 -0500] "GET /BLA/resoluciones/RESOLUCIONES%202008/0142.pdf HTTP/1.1" 200 247175
66.249.64.165 - - [21/Jul/2016:06:31:48 -0500] "GET /BLA/resoluciones/RESOLUCIONES%202014/2384.pdf HTTP/1.1" 200 752020
104.154.123.23 - - [21/Jul/2016:06:31:56 -0500] "GET /BLA/resoluciones/RESOLUCIONES%202012/0875.pdf HTTP/1.1" 200 479935
181.142.146.101 - - [21/Jul/2016:06:32:07 -0500] "POST /forms/lservlet;jsessionid=ac16012b30d6e17fe838984d4f239499e779764a5139.e3iSbxaKaheRe34Tax0PchuKax90n6jAmljGr5XDqQLvpAe HTTP/1.1" 200 2
66.249.64.165 - - [21/Jul/2016:06:32:10 -0500] "GET /BLA/resoluciones/RESOLUCIONES%202010/1937.pdf HTTP/1.1" 200 1276340
66.249.64.165 - - [21/Jul/2016:06:32:13 -0500] "GET /BLA/resoluciones/AUTOS%202012/2170.pdf HTTP/1.1" 304 -
104.154.123.186 - - [21/Jul/2016:06:32:13 -0500] "GET /BLA/resoluciones/RESOLUCIONES%202007/RES%202007%201101%20AL%201200/RESOLUCION%201146%20DE%202007.pdf HTTP/1.1" 200 98939
104.154.123.158 - - [21/Jul/2016:06:32:18 -0500] "GET /BLA/resoluciones/RESOLUCIONES%202007/RES%202007%202101%20AL%202200/RESOLUCION%202114%20DE%202007.pdf HTTP/1.1" 200 283895
66.249.64.165 - - [21/Jul/2016:06:32:19 -0500] "GET /BLA/resoluciones/RESOLUCIONES%202012/1122.pdf HTTP/1.1" 304 -
66.249.64.165 - - [21/Jul/2016:06:32:29 -0500] "GET /BLA/resoluciones/AUTOS%202008/3215.pdf HTTP/1.1" 200 167958
104.154.123.118 - - [21/Jul/2016:06:32:36 -0500] "GET /BLA/resoluciones/AUTOS%202013/0830.pdf HTTP/1.1" 200 1941258
66.249.64.165 - - [21/Jul/2016:06:32:39 -0500] "GET /BLA/resoluciones/RESOLUCIONES%202010/6900.pdf HTTP/1.1" 304 -
66.249.64.165 - - [21/Jul/2016:06:32:48 -0500] "GET /BLA/resoluciones/AUTOS%202014/0469.pdf HTTP/1.1" 304 -
192.168.175.104 - - [21/Jul/2016:06:32:50 -0500] "GET / HTTP/1.1" 200 9990
104.154.123.116 - - [21/Jul/2016:06:32:51 -0500] "GET /BLA/resoluciones/AUTOS%202008/2425.pdf HTTP/1.1" 200 187085
66.249.64.165 - - [21/Jul/2016:06:32:53 -0500] "GET /BLA/resoluciones/RESOLUCIONES%202007/RES%202007%203001%20AL%203100/RESOLUCION%203077%20DE%202007.pdf HTTP/1.1" 304 -
104.154.123.138 - - [21/Jul/2016:06:33:09 -0500] "GET /SIG/Gesti%C3%B3n%20de%20Recursos%20F%C3%ADsicos/126PA04-PR28.pdf HTTP/1.1" 200 151605
66.249.64.165 - - [21/Jul/2016:06:33:13 -0500] "GET /BLA/resoluciones/RESOLUCIONES%202011/5794.pdf HTTP/1.1" 304 -
104.154.123.26 - - [21/Jul/2016:06:33:14 -0500] "GET /BLA/resoluciones/AUTOS%202009/1641.pdf HTTP/1.1" 200 96042
66.249.69.185 - - [21/Jul/2016:06:33:14 -0500] "GET /galeria/nivo-slider/demo/images/FUM02.jpg HTTP/1.1" 200 43585
104.154.123.93 - - [21/Jul/2016:06:33:24 -0500] "GET /BLA/resoluciones/RESOLUCIONES%202009/0925.pdf HTTP/1.1" 200 602631
104.154.123.195 - - [21/Jul/2016:06:33:25 -0500] "GET /BLA/resoluciones/RESOLUCIONES%202010/3391.pdf HTTP/1.1" 200 500375
104.154.123.46 - - [21/Jul/2016:06:33:27 -0500] "GET /BLA/resoluciones/AUTOS%202013/3411.pdf HTTP/1.1" 200 510484
66.249.64.165 - - [21/Jul/2016:06:33:28 -0500] "GET /BLA/resoluciones/AUTOS%202015/2270.pdf HTTP/1.1" 200 630859
69.162.124.232 - - [21/Jul/2016:06:33:36 -0500] "HEAD / HTTP/1.1" 200 -
201.245.192.253 - - [21/Jul/2016:06:33:37 -0500] "POST /forms/lservlet;jsessionid=ac16012b30d6d7b74e4907534e0daea4f6386b2417c2.e3iSbxaKaheRe34Tax0PchuKax90n6jAmljGr5XDqQLvpAe HTTP/1.1" 200 2
104.154.123.75 - - [21/Jul/2016:06:33:38 -0500] "GET /BLA/resoluciones/AUTOS%202014/4609.pdf HTTP/1.1" 200 533438
104.154.123.47 - - [21/Jul/2016:06:33:39 -0500] "GET /BLA/resoluciones/AUTOS%202008/2932.pdf HTTP/1.1" 200 69948
66.249.64.165 - - [21/Jul/2016:06:33:48 -0500] "GET /BLA/resoluciones/AUTOS%202015/0879.pdf HTTP/1.1" 200 575341
152.61.128.50 - - [21/Jul/2016:06:33:58 -0500] "HEAD / HTTP/1.1" 200 -
66.249.69.183 - - [21/Jul/2016:06:34:03 -0500] "GET /galeria/mapa/ HTTP/1.1" 200 5107
181.245.183.138 - - [21/Jul/2016:06:34:03 -0500] "GET /galeria/galeria/jquery.fancybox.css?v=2.1.5 HTTP/1.1" 200 4895
181.245.183.138 - - [21/Jul/2016:06:34:03 -0500] "GET /BLA/boletinlegal/js/jquery.scrollShow.js HTTP/1.1" 200 4586
181.245.183.138 - - [21/Jul/2016:06:34:03 -0500] "GET /galeria/galeria/jquery.fancybox.js?v=2.1.5 HTTP/1.1" 200 48706
104.154.123.80 - - [21/Jul/2016:06:34:06 -0500] "GET /BLA/resoluciones/RESOLUCIONES%202009/4496.pdf HTTP/1.1" 200 491307
181.142.146.101 - - [21/Jul/2016:06:34:07 -0500] "POST /forms/lservlet;jsessionid=ac16012b30d6e17fe838984d4f239499e779764a5139.e3iSbxaKaheRe34Tax0PchuKax90n6jAmljGr5XDqQLvpAe HTTP/1.1" 200 2
66.249.64.187 - - [21/Jul/2016:06:34:08 -0500] "GET /POT-2013/Cartografia/34_EST_ORDENAMIENTO%20PARA%20EL%20SUELO_RURAL.pdf HTTP/1.1" 200 3028053
104.154.123.173 - - [21/Jul/2016:06:34:09 -0500] "GET /BLA/resoluciones/AUTOS%202008/0666.pdf HTTP/1.1" 200 171543
104.154.123.182 - - [21/Jul/2016:06:34:13 -0500] "GET /BLA/resoluciones/AUTOS%202012/1387.pdf HTTP/1.1" 200 387000
104.154.123.43 - - [21/Jul/2016:06:34:15 -0500] "GET /BLA/resoluciones/RESOLUCIONES%202010/1931.pdf HTTP/1.1" 200 735226
152.61.128.50 - - [21/Jul/2016:06:33:58 -0500] "GET /arcgis/services/Calidad_del_Agua_WQI/MapServer/WMSServer?SERVICE=WMS&REQUEST=GetCapabilities HTTP/1.1" 503 1020
152.61.128.50 - - [21/Jul/2016:06:34:20 -0500] "GET /arcgis/services/Calidad_del_Agua_WQI/MapServer/WMSServer?WMTVER=1.0.0&REQUEST=capabilities HTTP/1.1" 503 1020
66.249.64.165 - - [21/Jul/2016:06:34:26 -0500] "GET /BLA/resoluciones/RESOLUCIONES%202012/0877.pdf HTTP/1.1" 304 -
66.249.64.165 - - [21/Jul/2016:06:34:27 -0500] "GET /BLA/resoluciones/RESOLUCIONES%202012/0613.pdf HTTP/1.1" 200 385355
66.249.64.165 - - [21/Jul/2016:06:34:33 -0500] "GET /BLA/resoluciones/RESOLUCIONES%202012/1071.pdf HTTP/1.1" 304 -
104.154.123.80 - - [21/Jul/2016:06:34:36 -0500] "GET /BLA/resoluciones/AUTOS%202007/1961.pdf HTTP/1.1" 200 469312
104.154.123.50 - - [21/Jul/2016:06:34:37 -0500] "GET /BLA/resoluciones/AUTOS%202014/0091.pdf HTTP/1.1" 200 501414
104.154.123.181 - - [21/Jul/2016:06:34:42 -0500] "GET /BLA/resoluciones/RESOLUCIONES%202008/3724.pdf HTTP/1.1" 200 606920
104.154.123.99 - - [21/Jul/2016:06:34:46 -0500] "GET /BLA/resoluciones/RESOLUCIONES%202007/RES%202007%20901%20AL%201000/RESOLUCION%200944%20DE%202007.pdf HTTP/1.1" 200 656084
66.249.64.165 - - [21/Jul/2016:06:34:47 -0500] "GET /BLA/resoluciones/AUTOS%202015/1937.pdf HTTP/1.1" 200 540451
104.154.123.99 - - [21/Jul/2016:06:34:55 -0500] "GET /BLA/resoluciones/RESOLUCIONES%202007/RES%202007%201301%20AL%201400/RESOLUCION%201313%20DE%202007.pdf HTTP/1.1" 200 307512
66.249.64.165 - - [21/Jul/2016:06:35:07 -0500] "GET /BLA/resoluciones/AUTOS%202012/0434.pdf HTTP/1.1" 200 582293
104.154.123.169 - - [21/Jul/2016:06:35:15 -0500] "GET /BLA/resoluciones/AUTOS%202013/2558.pdf HTTP/1.1" 200 2060179
104.154.123.15 - - [21/Jul/2016:06:35:19 -0500] "GET /BLA/resoluciones/AUTOS%202010/4450.pdf HTTP/1.1" 200 278215
66.249.64.165 - - [21/Jul/2016:06:35:20 -0500] "GET /BLA/resoluciones/RESOLUCIONES%202010/7837.pdf HTTP/1.1" 304 -
66.249.64.165 - - [21/Jul/2016:06:35:27 -0500] "GET /BLA/resoluciones/AUTOS%202007/1955.pdf HTTP/1.1" 200 78112
104.154.123.125 - - [21/Jul/2016:06:35:33 -0500] "GET /BLA/resoluciones/AUTOS%202013/1048.pdf HTTP/1.1" 200 1771557
201.245.192.253 - - [21/Jul/2016:06:35:37 -0500] "POST /forms/lservlet;jsessionid=ac16012b30d6d7b74e4907534e0daea4f6386b2417c2.e3iSbxaKaheRe34Tax0PchuKax90n6jAmljGr5XDqQLvpAe HTTP/1.1" 200 2
104.154.123.27 - - [21/Jul/2016:06:35:42 -0500] "GET /BLA/resoluciones/RESOLUCIONES%202008/4333.pdf HTTP/1.1" 200 343830
104.154.123.146 - - [21/Jul/2016:06:35:44 -0500] "GET /BLA/resoluciones/AUTOS%202015/2352.pdf HTTP/1.1" 200 480142
66.249.64.165 - - [21/Jul/2016:06:35:47 -0500] "GET /BLA/resoluciones/AUTOS%202012/1148.pdf HTTP/1.1" 200 159896
104.154.123.27 - - [21/Jul/2016:06:35:48 -0500] "GET /BLA/resoluciones/AUTOS%202015/0710.pdf HTTP/1.1" 200 535673
104.154.123.158 - - [21/Jul/2016:06:35:49 -0500] "GET /BLA/resoluciones/RESOLUCIONES%202007/RES%202007%201401%20AL%201500/RESOLUCION%201405%20DE%202007.pdf HTTP/1.1" 200 216229
201.234.75.11 - - [21/Jul/2016:06:35:50 -0500] "GET /galeria/nivo-slider/demo/images/ecolecta2016.jpg HTTP/1.1" 304 -
66.249.64.165 - - [21/Jul/2016:06:36:00 -0500] "GET /BLA/resoluciones/RESOLUCIONES%202007/RES%202007%201501%20AL%201600/RESOLUCION%201545%20DE%202007.pdf HTTP/1.1" 304 -
104.154.123.18 - - [21/Jul/2016:06:36:05 -0500] "GET /BLA/resoluciones/AUTOS%202011/5044.pdf HTTP/1.1" 200 630709
181.142.146.101 - - [21/Jul/2016:06:36:07 -0500] "POST /forms/lservlet;jsessionid=ac16012b30d6e17fe838984d4f239499e779764a5139.e3iSbxaKaheRe34Tax0PchuKax90n6jAmljGr5XDqQLvpAe HTTP/1.1" 200 2
66.249.64.165 - - [21/Jul/2016:06:36:08 -0500] "GET /BLA/resoluciones/RESOLUCIONES%202009/8504.pdf HTTP/1.1" 200 449581
104.154.123.132 - - [21/Jul/2016:06:36:16 -0500] "GET /BLA/resoluciones/AUTOS%202007/2223.pdf HTTP/1.1" 200 98278
104.154.123.175 - - [21/Jul/2016:06:36:25 -0500] "GET /BLA/resoluciones/RESOLUCIONES%202007/RES%202007%204101%20AL%204200/RESOLUCION%204115%20DE%202007.pdf HTTP/1.1" 200 553470
104.154.123.115 - - [21/Jul/2016:06:36:25 -0500] "GET /BLA/resoluciones/RESOLUCIONES%202011/3499.pdf HTTP/1.1" 200 767725
66.249.64.165 - - [21/Jul/2016:06:36:27 -0500] "GET /BLA/resoluciones/RESOLUCIONES%202014/1525.pdf HTTP/1.1" 200 348118
66.249.64.165 - - [21/Jul/2016:06:36:27 -0500] "GET /BLA/resoluciones/RESOLUCIONES%202014/0702.pdf HTTP/1.1" 304 -
104.154.123.118 - - [21/Jul/2016:06:36:28 -0500] "GET /BLA/resoluciones/AUTOS%202013/0856.pdf HTTP/1.1" 200 1605036
104.154.123.115 - - [21/Jul/2016:06:36:31 -0500] "GET /BLA/resoluciones/RESOLUCIONES%202009/3945.pdf HTTP/1.1" 200 364322
192.168.175.104 - - [21/Jul/2016:06:36:39 -0500] "GET / HTTP/1.1" 200 9990
192.168.175.104 - - [21/Jul/2016:06:36:40 -0500] "GET / HTTP/1.0" 200 9990
66.249.64.165 - - [21/Jul/2016:06:36:47 -0500] "GET /BLA/resoluciones/RESOLUCIONES%202010/2113.pdf HTTP/1.1" 200 592209
104.154.123.155 - - [21/Jul/2016:06:36:52 -0500] "GET /BLA/resoluciones/AUTOS%202014/5364.pdf HTTP/1.1" 200 516267
104.154.123.15 - - [21/Jul/2016:06:36:57 -0500] "GET /BLA/resoluciones/RESOLUCIONES%202007/RES%202007%201201%20AL%201300/RESOLUCION%201257%20DE%202007.pdf HTTP/1.1" 200 112867
104.154.123.23 - - [21/Jul/2016:06:37:00 -0500] "GET /BLA/resoluciones/RESOLUCIONES%202010/4079.pdf HTTP/1.1" 200 516671
66.249.64.165 - - [21/Jul/2016:06:37:06 -0500] "GET /BLA/resoluciones/RESOLUCIONES%202009/6966.pdf HTTP/1.1" 200 484415
104.154.123.32 - - [21/Jul/2016:06:37:12 -0500] "GET /BLA/resoluciones/RESOLUCIONES%202010/3933.pdf HTTP/1.1" 200 515341
66.249.64.185 - - [21/Jul/2016:06:37:13 -0500] "GET /ecodirectorio/files/res/mobile/page0116_i2.jpg HTTP/1.1" 200 210770
104.154.123.73 - - [21/Jul/2016:06:37:20 -0500] "GET /BLA/resoluciones/AUTOS%202008/2870.pdf HTTP/1.1" 200 296175
104.154.123.179 - - [21/Jul/2016:06:37:20 -0500] "GET /BLA/resoluciones/RESOLUCIONES%202007/RES%202007%203101%20AL%203200/RESOLUCION%203128%20DE%202007.pdf HTTP/1.1" 200 131554
104.154.123.151 - - [21/Jul/2016:06:37:20 -0500] "GET /BLA/resoluciones/AUTOS%202014/1788.pdf HTTP/1.1" 200 447445
104.154.123.117 - - [21/Jul/2016:06:37:23 -0500] "GET /BLA/resoluciones/AUTOS%202012/1604.pdf HTTP/1.1" 200 358623
66.249.64.165 - - [21/Jul/2016:06:37:26 -0500] "GET /BLA/resoluciones/RESOLUCIONES%202007/RES%202007%201301%20AL%201400/RESOLUCION%201332%20DE%202007.pdf HTTP/1.1" 200 253329
201.245.192.253 - - [21/Jul/2016:06:37:38 -0500] "POST /forms/lservlet;jsessionid=ac16012b30d6d7b74e4907534e0daea4f6386b2417c2.e3iSbxaKaheRe34Tax0PchuKax90n6jAmljGr5XDqQLvpAe HTTP/1.1" 200 2
66.249.64.165 - - [21/Jul/2016:06:37:40 -0500] "GET /BLA/resoluciones/RESOLUCIONES%202010/0605.pdf HTTP/1.1" 304 -
104.154.123.144 - - [21/Jul/2016:06:37:40 -0500] "GET /BLA/resoluciones/RESOLUCIONES%202007/RES%202007%203901%20AL%204000/RESOLUCION%203959%20DE%202007.pdf HTTP/1.1" 200 160415
66.249.64.165 - - [21/Jul/2016:06:37:46 -0500] "GET /BLA/resoluciones/RESOLUCIONES%202010/0797.pdf HTTP/1.1" 200 99993
192.168.175.104 - - [21/Jul/2016:06:37:48 -0500] "GET / HTTP/1.1" 200 9990
104.154.123.67 - - [21/Jul/2016:06:37:53 -0500] "GET /BLA/resoluciones/RESOLUCIONES%202012/0633.pdf HTTP/1.1" 200 583007
179.18.53.178 - - [21/Jul/2016:06:37:53 -0500] "GET /galeria/galeria/jquery.fancybox.css?v=2.1.5 HTTP/1.1" 200 4895
179.18.53.178 - - [21/Jul/2016:06:37:53 -0500] "GET /galeria/carrusel/Carrusel/jquery.thumbnailScroller.css HTTP/1.1" 200 2066
179.18.53.178 - - [21/Jul/2016:06:37:53 -0500] "GET /BLA/boletinlegal/js/jquery.scrollShow.js HTTP/1.1" 200 4586
179.18.53.178 - - [21/Jul/2016:06:37:53 -0500] "GET /galeria/galeria/jquery.fancybox.js?v=2.1.5 HTTP/1.1" 200 48706
179.18.53.178 - - [21/Jul/2016:06:37:55 -0500] "GET /galeria/carrusel/Carrusel/jquery-ui-1.8.13.custom.min.js HTTP/1.1" 200 10800
179.18.53.178 - - [21/Jul/2016:06:37:55 -0500] "GET /galeria/carrusel/Carrusel/jquery.thumbnailScroller.js HTTP/1.1" 200 8157
179.18.53.178 - - [21/Jul/2016:06:37:55 -0500] "GET /galeria/nivo-slider/demo/demo.html HTTP/1.1" 200 4730
179.18.53.178 - - [21/Jul/2016:06:37:56 -0500] "GET /galeria/nivo-slider/themes/default/default.css HTTP/1.1" 200 1569
179.18.53.178 - - [21/Jul/2016:06:37:56 -0500] "GET /galeria/nivo-slider/themes/pascal/pascal.css HTTP/1.1" 200 2258
179.18.53.178 - - [21/Jul/2016:06:37:56 -0500] "GET /galeria/nivo-slider/nivo-slider.css HTTP/1.1" 200 1507
179.18.53.178 - - [21/Jul/2016:06:37:56 -0500] "GET /galeria/nivo-slider/themes/orman/orman.css HTTP/1.1" 200 2152
179.18.53.178 - - [21/Jul/2016:06:37:56 -0500] "GET /galeria/nivo-slider/demo/style.css HTTP/1.1" 200 2222
179.18.53.178 - - [21/Jul/2016:06:37:56 -0500] "GET /galeria/nivo-slider/demo/scripts/jquery-1.7.1.min.js HTTP/1.1" 200 93868
179.18.53.178 - - [21/Jul/2016:06:37:56 -0500] "GET /galeria/nivo-slider/themes/default/loading.gif HTTP/1.1" 200 1737
179.18.53.178 - - [21/Jul/2016:06:37:56 -0500] "GET /galeria/nivo-slider/jquery.nivo.slider.pack.js HTTP/1.1" 200 11561
179.18.53.178 - - [21/Jul/2016:06:37:56 -0500] "GET /galeria/nivo-slider/demo/images/4Simple_Slider.png HTTP/1.1" 200 11722
179.18.53.178 - - [21/Jul/2016:06:37:57 -0500] "GET /galeria/nivo-slider/demo/images/SUPERCADECRA30.jpg HTTP/1.1" 200 127549
179.18.53.178 - - [21/Jul/2016:06:37:57 -0500] "GET /galeria/nivo-slider/demo/images/SUPERCADESUBA.jpg HTTP/1.1" 200 127509
179.18.53.178 - - [21/Jul/2016:06:37:57 -0500] "GET /galeria/nivo-slider/demo/images/convocatoriasecretaria.jpg HTTP/1.1" 200 129365
179.18.53.178 - - [21/Jul/2016:06:37:57 -0500] "GET /galeria/nivo-slider/demo/images/BANNERVISORGEOGRAFICO.jpg HTTP/1.1" 200 78514
179.18.53.178 - - [21/Jul/2016:06:37:58 -0500] "GET /galeria/nivo-slider/demo/images/BANNERCONFORMACIONGESTIONAMBIENTAL.jpg HTTP/1.1" 200 161009
179.18.53.178 - - [21/Jul/2016:06:37:58 -0500] "GET /galeria/nivo-slider/demo/images/vegetal.jpg HTTP/1.1" 200 216080
179.18.53.178 - - [21/Jul/2016:06:37:59 -0500] "GET /galeria/nivo-slider/demo/images/bannergenCAPACITACIONES-01.jpg HTTP/1.1" 200 153433
179.18.53.178 - - [21/Jul/2016:06:37:59 -0500] "GET /galeria/nivo-slider/demo/images/BANNERMADERALEGAL.jpg HTTP/1.1" 200 165750
179.18.53.178 - - [21/Jul/2016:06:38:00 -0500] "GET /galeria/nivo-slider/demo/images/Banner_wgic.jpg HTTP/1.1" 200 139000
66.249.64.165 - - [21/Jul/2016:06:38:00 -0500] "GET /BLA/resoluciones/AUTOS%202013/3166.pdf HTTP/1.1" 304 -
179.18.53.178 - - [21/Jul/2016:06:38:01 -0500] "GET /galeria/nivo-slider/demo/images/ABC-Plan-de-contigencia.jpg HTTP/1.1" 200 423901
179.18.53.178 - - [21/Jul/2016:06:38:01 -0500] "GET /galeria/nivo-slider/demo/images/ACOPIADORESYGESTORES.jpg HTTP/1.1" 200 118791
179.18.53.178 - - [21/Jul/2016:06:38:01 -0500] "GET /galeria/nivo-slider/demo/images/caminata-ecologica.jpg HTTP/1.1" 200 192926
104.154.123.98 - - [21/Jul/2016:06:38:01 -0500] "GET /BLA/resoluciones/AUTOS%202010/5639.pdf HTTP/1.1" 200 289846
179.18.53.178 - - [21/Jul/2016:06:38:01 -0500] "GET /galeria/nivo-slider/demo/images/Cmapana-onestidad.jpg HTTP/1.1" 200 141638
179.18.53.178 - - [21/Jul/2016:06:38:01 -0500] "GET /galeria/nivo-slider/demo/images/banner-llantas2.jpg HTTP/1.1" 200 234514
179.18.53.178 - - [21/Jul/2016:06:38:01 -0500] "GET /galeria/nivo-slider/demo/images/9Signos.jpg HTTP/1.1" 200 81776
179.18.53.178 - - [21/Jul/2016:06:38:03 -0500] "GET /galeria/nivo-slider/demo/images/Ruta-vertimientos-01.jpg HTTP/1.1" 200 130151
179.18.53.178 - - [21/Jul/2016:06:38:03 -0500] "GET /galeria/nivo-slider/demo/images/bolsas-06.jpg HTTP/1.1" 200 210950
66.249.64.165 - - [21/Jul/2016:06:38:06 -0500] "GET /BLA/resoluciones/RESOLUCIONES%202007/RES%202007%201901%20AL%202000/RESOLUCION%201941%20DE%202007.pdf HTTP/1.1" 200 632571
179.18.53.178 - - [21/Jul/2016:06:38:07 -0500] "GET /galeria/nivo-slider/themes/default/arrows.png HTTP/1.1" 200 824
179.18.53.178 - - [21/Jul/2016:06:38:07 -0500] "GET /galeria/nivo-slider/themes/default/bullets.png HTTP/1.1" 200 1281
181.142.146.101 - - [21/Jul/2016:06:38:07 -0500] "POST /forms/lservlet;jsessionid=ac16012b30d6e17fe838984d4f239499e779764a5139.e3iSbxaKaheRe34Tax0PchuKax90n6jAmljGr5XDqQLvpAe HTTP/1.1" 200 2
104.154.123.175 - - [21/Jul/2016:06:38:09 -0500] "GET /BLA/resoluciones/RESOLUCIONES%202012/1188.pdf HTTP/1.1" 200 1472650
66.249.64.165 - - [21/Jul/2016:06:38:14 -0500] "GET /BLA/resoluciones/AUTOS%202012/0200.pdf HTTP/1.1" 304 -
66.249.64.165 - - [21/Jul/2016:06:38:20 -0500] "GET /BLA/resoluciones/AUTOS%202015/2668.pdf HTTP/1.1" 304 -
104.154.123.46 - - [21/Jul/2016:06:38:22 -0500] "GET /BLA/resoluciones/RESOLUCIONES%202009/1980.pdf HTTP/1.1" 200 591191
66.249.64.165 - - [21/Jul/2016:06:38:26 -0500] "GET /BLA/resoluciones/RESOLUCIONES%202009/0118.pdf HTTP/1.1" 200 281310
104.154.123.36 - - [21/Jul/2016:06:38:26 -0500] "GET /BLA/resoluciones/RESOLUCIONES%202014/3144.pdf HTTP/1.1" 200 443983
104.154.123.175 - - [21/Jul/2016:06:38:27 -0500] "GET /BLA/resoluciones/RESOLUCIONES%202011/1068.pdf HTTP/1.1" 200 357641
66.249.64.165 - - [21/Jul/2016:06:38:27 -0500] "GET /BLA/resoluciones/RESOLUCIONES%202010/7253.pdf HTTP/1.1" 304 -
104.154.123.37 - - [21/Jul/2016:06:38:28 -0500] "GET /BLA/resoluciones/AUTOS%202007/0616.pdf HTTP/1.1" 200 127454
104.154.123.132 - - [21/Jul/2016:06:38:30 -0500] "GET /BLA/resoluciones/RESOLUCIONES%202009/4653.pdf HTTP/1.1" 200 377576
104.154.123.65 - - [21/Jul/2016:06:38:30 -0500] "GET /BLA/resoluciones/RESOLUCIONES%202013/2088.pdf HTTP/1.1" 200 557474
66.249.64.165 - - [21/Jul/2016:06:38:34 -0500] "GET /BLA/resoluciones/RESOLUCIONES%202007/RES%202007%201401%20AL%201500/RESOLUCION%201401%20DE%202007.pdf HTTP/1.1" 304 -
104.154.123.118 - - [21/Jul/2016:06:38:34 -0500] "GET /BLA/resoluciones/RESOLUCIONES%202010/2001.pdf HTTP/1.1" 200 473709
69.162.124.232 - - [21/Jul/2016:06:38:36 -0500] "HEAD / HTTP/1.1" 200 -
104.154.123.117 - - [21/Jul/2016:06:38:42 -0500] "GET /BLA/resoluciones/AUTOS%202007/1697.pdf HTTP/1.1" 200 254061
124.179.184.72 - - [21/Jul/2016:06:38:42 -0500] "GET /wp-login.php HTTP/1.1" 404 1019
104.154.123.109 - - [21/Jul/2016:06:38:46 -0500] "GET /BLA/resoluciones/RESOLUCIONES%202007/RES%202007%202501%20AL%202600/RESOLUCION%202504%20DE%202007.pdf HTTP/1.1" 200 15359
66.249.64.165 - - [21/Jul/2016:06:38:46 -0500] "GET /BLA/resoluciones/RESOLUCIONES%202008/4938.pdf HTTP/1.1" 200 207387
104.154.123.115 - - [21/Jul/2016:06:38:52 -0500] "GET /BLA/resoluciones/RESOLUCIONES%202011/0822.pdf HTTP/1.1" 200 304461
104.154.123.139 - - [21/Jul/2016:06:38:53 -0500] "GET /BLA/resoluciones/AUTOS%202013/0958.pdf HTTP/1.1" 200 2182158
104.154.123.1 - - [21/Jul/2016:06:38:54 -0500] "GET /BLA/resoluciones/RESOLUCIONES%202009/2042.pdf HTTP/1.1" 200 654627
104.154.123.18 - - [21/Jul/2016:06:39:02 -0500] "GET /BLA/resoluciones/RESOLUCIONES%202010/2057.pdf HTTP/1.1" 200 195939
104.154.123.37 - - [21/Jul/2016:06:39:05 -0500] "GET /BLA/resoluciones/AUTOS%202011/4155.pdf HTTP/1.1" 200 231085
66.249.69.171 - - [21/Jul/2016:06:39:06 -0500] "GET /BLA/resoluciones/RESOLUCIONES%202009/0077.pdf HTTP/1.1" 304 -
66.249.64.165 - - [21/Jul/2016:06:39:06 -0500] "GET /BLA/resoluciones/RESOLUCIONES%202009/8745.pdf HTTP/1.1" 200 525490
66.249.64.165 - - [21/Jul/2016:06:39:21 -0500] "GET /BLA/resoluciones/RESOLUCIONES%202010/2414.pdf HTTP/1.1" 304 -
66.249.64.165 - - [21/Jul/2016:06:39:26 -0500] "GET /BLA/resoluciones/RESOLUCIONES%202008/1996.pdf HTTP/1.1" 200 235537
201.245.192.253 - - [21/Jul/2016:06:39:38 -0500] "POST /forms/lservlet;jsessionid=ac16012b30d6d7b74e4907534e0daea4f6386b2417c2.e3iSbxaKaheRe34Tax0PchuKax90n6jAmljGr5XDqQLvpAe HTTP/1.1" 200 2
104.154.123.152 - - [21/Jul/2016:06:39:43 -0500] "GET /BLA/resoluciones/AUTOS%202013/1049.pdf HTTP/1.1" 200 1614771
104.154.123.49 - - [21/Jul/2016:06:39:45 -0500] "GET /BLA/resoluciones/RESOLUCIONES%202007/RES%202007%204201%20AL%204300/RESOLUCION%204204%20DE%202007.pdf HTTP/1.1" 200 243560
66.249.64.165 - - [21/Jul/2016:06:39:46 -0500] "GET /BLA/resoluciones/RESOLUCIONES%202007/RES%202007%20201%20AL%20300/RESOLUCION%200231%20DE%202007.pdf HTTP/1.1" 200 337801
66.249.69.165 - - [21/Jul/2016:06:39:57 -0500] "GET /BLA/resoluciones/AUTOS%202009/2673.pdf HTTP/1.1" 200 71136
104.154.123.115 - - [21/Jul/2016:06:39:58 -0500] "GET /BLA/resoluciones/RESOLUCIONES%202010/0109.pdf HTTP/1.1" 200 509190
104.154.123.22 - - [21/Jul/2016:06:39:59 -0500] "GET /BLA/resoluciones/AUTOS%202011/4709.pdf HTTP/1.1" 200 434647
104.154.123.139 - - [21/Jul/2016:06:40:05 -0500] "GET /BLA/resoluciones/AUTOS%202007/3098.pdf HTTP/1.1" 200 288550
66.249.64.165 - - [21/Jul/2016:06:40:05 -0500] "GET /BLA/resoluciones/AUTOS%202012/0921.pdf HTTP/1.1" 200 171377
181.142.146.101 - - [21/Jul/2016:06:40:07 -0500] "POST /forms/lservlet;jsessionid=ac16012b30d6e17fe838984d4f239499e779764a5139.e3iSbxaKaheRe34Tax0PchuKax90n6jAmljGr5XDqQLvpAe HTTP/1.1" 200 2
104.154.123.135 - - [21/Jul/2016:06:40:08 -0500] "GET /BLA/resoluciones/RESOLUCIONES%202007/RES%202007%20201%20AL%20300/RESOLUCION%20030%20DE%202007.pdf HTTP/1.1" 200 435705
104.154.123.36 - - [21/Jul/2016:06:40:09 -0500] "GET /BLA/resoluciones/RESOLUCIONES%202010/1871.pdf HTTP/1.1" 200 317458
104.154.123.44 - - [21/Jul/2016:06:40:12 -0500] "GET /BLA/resoluciones/RESOLUCIONES%202007/RES%202007%20601%20AL%20700/RESOLUCION%200619%20DE%202007.pdf HTTP/1.1" 200 985067
104.154.123.29 - - [21/Jul/2016:06:40:16 -0500] "GET /BLA/resoluciones/AUTOS%202009/2655.pdf HTTP/1.1" 200 157297
104.154.123.180 - - [21/Jul/2016:06:40:17 -0500] "GET /BLA/resoluciones/RESOLUCIONES%202010/2969.pdf HTTP/1.1" 200 360534
104.154.123.15 - - [21/Jul/2016:06:40:18 -0500] "GET /BLA/resoluciones/RESOLUCIONES%202010/2898.pdf HTTP/1.1" 200 497397
104.154.123.53 - - [21/Jul/2016:06:40:24 -0500] "GET /BLA/resoluciones/RESOLUCIONES%202007/RES%202007%201001%20AL%201100/RESOLUCION%201092%20DE%202007.pdf HTTP/1.1" 200 207938
66.249.64.165 - - [21/Jul/2016:06:40:25 -0500] "GET /BLA/resoluciones/AUTOS%202012/2412.pdf HTTP/1.1" 200 1857277
66.249.64.165 - - [21/Jul/2016:06:40:34 -0500] "GET /BLA/resoluciones/RESOLUCIONES%202014/2883.pdf HTTP/1.1" 304 -
104.154.123.155 - - [21/Jul/2016:06:40:35 -0500] "GET /BLA/resoluciones/AUTOS%202008/0860.pdf HTTP/1.1" 200 182985
66.249.69.168 - - [21/Jul/2016:06:40:39 -0500] "GET /BLA/resoluciones/RESOLUCIONES%202013/0344.pdf HTTP/1.1" 304 -
104.154.123.97 - - [21/Jul/2016:06:40:41 -0500] "GET /BLA/resoluciones/AUTOS%202013/3432.pdf HTTP/1.1" 200 381704
66.249.64.165 - - [21/Jul/2016:06:40:45 -0500] "GET /BLA/resoluciones/RESOLUCIONES%202010/1819.pdf HTTP/1.1" 200 351500
104.154.123.113 - - [21/Jul/2016:06:40:49 -0500] "GET /BLA/resoluciones/AUTOS%202014/3713.pdf HTTP/1.1" 200 349042
186.80.46.239 - - [21/Jul/2016:06:40:52 -0500] "GET /galeria/galeria/jquery.fancybox.css?v=2.1.5 HTTP/1.1" 200 4895
186.80.46.239 - - [21/Jul/2016:06:40:52 -0500] "GET /galeria/galeria/fotos/Soratama1P.jpg HTTP/1.1" 200 9622
186.80.46.239 - - [21/Jul/2016:06:40:52 -0500] "GET /galeria/galeria/fotos/Soratama2P.jpg HTTP/1.1" 200 10548
186.80.46.239 - - [21/Jul/2016:06:40:52 -0500] "GET /galeria/galeria/fotos/Soratama3P.jpg HTTP/1.1" 200 11298
186.80.46.239 - - [21/Jul/2016:06:40:52 -0500] "GET /galeria/galeria/fotos/Soratama4P.jpg HTTP/1.1" 200 10482
104.154.123.199 - - [21/Jul/2016:06:40:52 -0500] "GET /BLA/resoluciones/RESOLUCIONES%202008/4187.pdf HTTP/1.1" 200 588463
104.154.123.149 - - [21/Jul/2016:06:40:59 -0500] "GET /BLA/resoluciones/AUTOS%202014/4790.pdf HTTP/1.1" 200 573877
66.249.64.185 - - [21/Jul/2016:06:41:01 -0500] "GET /ecodirectorio/files/res/downloads/download_0062.pdf HTTP/1.1" 304 -
104.154.123.162 - - [21/Jul/2016:06:41:03 -0500] "GET /BLA/resoluciones/RESOLUCIONES%202007/RES%202007%20601%20AL%20700/RESOLUCION%200649%20DE%202007.pdf HTTP/1.1" 200 888613
66.249.69.187 - - [21/Jul/2016:06:41:03 -0500] "GET /galeria/nivo-slider/demo/images/mico2.jpg HTTP/1.1" 200 76204
66.249.64.165 - - [21/Jul/2016:06:41:05 -0500] "GET /BLA/resoluciones/AUTOS%202009/2673.pdf HTTP/1.1" 200 71136
104.154.123.115 - - [21/Jul/2016:06:41:07 -0500] "GET /BLA/resoluciones/RESOLUCIONES%202008/0728.pdf HTTP/1.1" 200 407046
104.154.123.9 - - [21/Jul/2016:06:41:11 -0500] "GET /BLA/resoluciones/RESOLUCIONES%202007/RES%202007%201401%20AL%201500/RESOLUCION%201443%20DE%202007.pdf HTTP/1.1" 200 218803
66.249.64.165 - - [21/Jul/2016:06:41:14 -0500] "GET /BLA/resoluciones/AUTOS%202015/1052.pdf HTTP/1.1" 304 -
83.56.37.207 - - [21/Jul/2016:06:41:15 -0500] "-" 408 -
190.242.83.88 - - [21/Jul/2016:06:41:25 -0500] "GET /galeria/galeria/jquery.fancybox.css?v=2.1.5 HTTP/1.1" 200 4895
190.242.83.88 - - [21/Jul/2016:06:41:25 -0500] "GET /BLA/boletinlegal/js/jquery.scrollShow.js HTTP/1.1" 200 4586
190.242.83.88 - - [21/Jul/2016:06:41:25 -0500] "GET /galeria/galeria/jquery.fancybox.js?v=2.1.5 HTTP/1.1" 200 48706
66.249.64.165 - - [21/Jul/2016:06:41:25 -0500] "GET /BLA/resoluciones/AUTOS%202010/4389.pdf HTTP/1.1" 200 144609
104.154.123.18 - - [21/Jul/2016:06:41:28 -0500] "GET /BLA/resoluciones/RESOLUCIONES%202007/RES%202007%20301%20AL%20400/RESOLUCION%200367%20DE%202007.pdf HTTP/1.1" 200 484792
104.154.123.195 - - [21/Jul/2016:06:41:31 -0500] "GET /BLA/resoluciones/AUTOS%202009/0527.pdf HTTP/1.1" 200 128665
104.154.123.162 - - [21/Jul/2016:06:41:32 -0500] "GET /BLA/resoluciones/RESOLUCIONES%202009/0153.pdf HTTP/1.1" 200 265834
104.154.123.138 - - [21/Jul/2016:06:41:34 -0500] "GET /BLA/resoluciones/RESOLUCIONES%202011/0511.pdf HTTP/1.1" 200 529272
192.168.175.104 - - [21/Jul/2016:06:41:35 -0500] "GET / HTTP/1.1" 200 9990
104.154.123.91 - - [21/Jul/2016:06:41:35 -0500] "GET /BLA/resoluciones/RESOLUCIONES%202009/6952.pdf HTTP/1.1" 200 574537
104.154.123.44 - - [21/Jul/2016:06:41:35 -0500] "GET /BLA/resoluciones/RESOLUCIONES%202013/2069.pdf HTTP/1.1" 200 652572
192.168.175.104 - - [21/Jul/2016:06:41:36 -0500] "GET / HTTP/1.0" 200 9990
201.245.192.253 - - [21/Jul/2016:06:41:38 -0500] "POST /forms/lservlet;jsessionid=ac16012b30d6d7b74e4907534e0daea4f6386b2417c2.e3iSbxaKaheRe34Tax0PchuKax90n6jAmljGr5XDqQLvpAe HTTP/1.1" 200 2
66.249.64.165 - - [21/Jul/2016:06:41:45 -0500] "GET /BLA/resoluciones/RESOLUCIONES%202009/0110.pdf HTTP/1.1" 200 250673
