66.249.64.165 - - [21/Jul/2016:01:28:59 -0500] "GET /BLA/resoluciones/AUTOS%202012/1763.pdf HTTP/1.1" 200 409990
104.154.123.192 - - [21/Jul/2016:01:29:00 -0500] "GET /BLA/resoluciones/AUTOS%202013/1927.pdf HTTP/1.1" 200 1664748
201.245.192.253 - - [21/Jul/2016:01:29:00 -0500] "POST /forms/lservlet;jsessionid=ac16012b30d6d7b74e4907534e0daea4f6386b2417c2.e3iSbxaKaheRe34Tax0PchuKax90n6jAmljGr5XDqQLvpAe HTTP/1.1" 200 2
66.249.64.165 - - [21/Jul/2016:01:29:01 -0500] "GET /BLA/resoluciones/RESOLUCIONES%202008/0284.pdf HTTP/1.1" 200 264054
104.154.123.174 - - [21/Jul/2016:01:29:06 -0500] "GET /BLA/resoluciones/RESOLUCIONES%202007/RES%202007%201801%20AL%201900/RESOLUCION%201809%20DE%202007.pdf HTTP/1.1" 200 1492237
104.154.123.50 - - [21/Jul/2016:01:29:14 -0500] "GET /BLA/resoluciones/RESOLUCIONES%202009/6245.pdf HTTP/1.1" 200 1048121
66.249.64.165 - - [21/Jul/2016:01:29:14 -0500] "GET /BLA/resoluciones/RESOLUCIONES%202008/4246.pdf HTTP/1.1" 200 592071
104.154.123.66 - - [21/Jul/2016:01:29:17 -0500] "GET /BLA/resoluciones/RESOLUCIONES%202007/RES%202007%203201%20AL%203300/RESOLUCION%203294%20DE%202007.pdf HTTP/1.1" 200 221592
104.154.123.174 - - [21/Jul/2016:01:29:23 -0500] "GET /BLA/resoluciones/AUTOS%202010/6885.pdf HTTP/1.1" 200 176813
104.154.123.57 - - [21/Jul/2016:01:29:26 -0500] "GET /BLA/resoluciones/RESOLUCIONES%202013/2795.pdf HTTP/1.1" 200 658327
104.154.123.157 - - [21/Jul/2016:01:29:29 -0500] "GET /BLA/resoluciones/RESOLUCIONES%202007/RES%202007%20401%20AL%20500/RESOLUCION%200437%20DE%202007.pdf HTTP/1.1" 200 404636
181.142.146.101 - - [21/Jul/2016:01:29:32 -0500] "POST /forms/lservlet;jsessionid=ac16012b30d6e17fe838984d4f239499e779764a5139.e3iSbxaKaheRe34Tax0PchuKax90n6jAmljGr5XDqQLvpAe HTTP/1.1" 200 2
186.29.237.113 - - [21/Jul/2016:01:29:32 -0500] "GET /dama/libreria/jpg/ecosistemas/aulas/aa2_1.jpg HTTP/1.1" 404 1315
66.249.64.165 - - [21/Jul/2016:01:29:44 -0500] "GET /autoliquidacion/Grupo%20Forestal%20-%20Industria%20de%20la%20Madera/Formulario%20para%20la%20Relacion%20Salvoconductos_Remisiones_Facturas.pdf HTTP/1.1" 304 -
66.249.64.165 - - [21/Jul/2016:01:29:48 -0500] "GET /BLA/resoluciones/RESOLUCIONES%202012/0742.pdf HTTP/1.1" 200 195740
104.154.123.181 - - [21/Jul/2016:01:29:51 -0500] "GET /BLA/resoluciones/RESOLUCIONES%202014/1248.pdf HTTP/1.1" 200 2095112
104.154.123.8 - - [21/Jul/2016:01:30:03 -0500] "GET /BLA/resoluciones/RESOLUCIONES%202007/RES%202007%201501%20AL%201600/RESOLUCION%201542%20%20DE%202007.pdf HTTP/1.1" 200 337522
104.154.123.74 - - [21/Jul/2016:01:30:06 -0500] "GET /BLA/resoluciones/RESOLUCIONES%202009/3323.pdf HTTP/1.1" 200 640742
189.202.70.14 - - [21/Jul/2016:01:30:07 -0500] "GET /galeria/galeria/jquery.fancybox.css?v=2.1.5 HTTP/1.1" 200 4895
189.202.70.14 - - [21/Jul/2016:01:30:07 -0500] "GET /BLA/boletinlegal/js/jquery.scrollShow.js HTTP/1.1" 200 4586
189.202.70.14 - - [21/Jul/2016:01:30:07 -0500] "GET /galeria/galeria/jquery.fancybox.js?v=2.1.5 HTTP/1.1" 200 48706
66.249.64.165 - - [21/Jul/2016:01:30:18 -0500] "GET /BLA/resoluciones/RESOLUCIONES%202012/0877.pdf HTTP/1.1" 304 -
66.249.64.165 - - [21/Jul/2016:01:30:20 -0500] "GET /Residuos/impresion/files/guia_impresion-lit.pdf HTTP/1.1" 304 -
104.154.123.57 - - [21/Jul/2016:01:30:28 -0500] "GET /BLA/resoluciones/RESOLUCIONES%202010/2095.pdf HTTP/1.1" 200 451328
189.202.70.14 - - [21/Jul/2016:01:30:30 -0500] "GET /BLA/boletinlegal/js/jquery.scrollShow.js HTTP/1.1" 304 -
189.202.70.14 - - [21/Jul/2016:01:30:31 -0500] "GET /galeria/galeria/jquery.fancybox.css?v=2.1.5 HTTP/1.1" 304 -
189.202.70.14 - - [21/Jul/2016:01:30:31 -0500] "GET /galeria/galeria/jquery.fancybox.js?v=2.1.5 HTTP/1.1" 304 -
66.249.64.165 - - [21/Jul/2016:01:30:34 -0500] "GET /BLA/resoluciones/RESOLUCIONES%202009/3813.pdf HTTP/1.1" 304 -
104.154.123.90 - - [21/Jul/2016:01:30:35 -0500] "GET /BLA/resoluciones/AUTOS%202014/2842.pdf HTTP/1.1" 200 2372354
190.242.72.45 - - [21/Jul/2016:01:30:38 -0500] "-" 408 -
190.242.72.45 - - [21/Jul/2016:01:30:38 -0500] "-" 408 -
190.242.72.45 - - [21/Jul/2016:01:30:38 -0500] "-" 408 -
104.154.123.173 - - [21/Jul/2016:01:30:39 -0500] "GET /BLA/resoluciones/RESOLUCIONES%202009/2283.pdf HTTP/1.1" 200 461030
66.249.64.165 - - [21/Jul/2016:01:30:57 -0500] "GET /BLA/resoluciones/RESOLUCIONES%202009/8604.pdf HTTP/1.1" 200 1175853
66.249.64.165 - - [21/Jul/2016:01:30:59 -0500] "GET /BLA/resoluciones/RESOLUCIONES%202011/3799.pdf HTTP/1.1" 200 751365
201.245.192.253 - - [21/Jul/2016:01:31:00 -0500] "POST /forms/lservlet;jsessionid=ac16012b30d6d7b74e4907534e0daea4f6386b2417c2.e3iSbxaKaheRe34Tax0PchuKax90n6jAmljGr5XDqQLvpAe HTTP/1.1" 200 2
104.154.123.59 - - [21/Jul/2016:01:31:01 -0500] "GET /BLA/resoluciones/AUTOS%202010/5984.pdf HTTP/1.1" 200 337625
66.249.64.165 - - [21/Jul/2016:01:31:06 -0500] "GET /portel_dama/libreria/php/2006/ECOSISTEMAS%20FINAL%20web_mz27/x%20restauracion/sitio/55_artic/xtras/2.pdf HTTP/1.1" 404 1018
66.249.69.171 - - [21/Jul/2016:01:31:12 -0500] "GET /BLA/resoluciones/AUTOS%202015/1052.pdf HTTP/1.1" 304 -
66.249.64.165 - - [21/Jul/2016:01:31:13 -0500] "GET /BLA/resoluciones/RESOLUCIONES%202009/5385.pdf HTTP/1.1" 200 515383
104.154.123.47 - - [21/Jul/2016:01:31:14 -0500] "GET /BLA/resoluciones/RESOLUCIONES%202009/7248.pdf HTTP/1.1" 200 98819
66.249.64.165 - - [21/Jul/2016:01:31:16 -0500] "GET /BLA/resoluciones/RESOLUCIONES%202012/1230.pdf HTTP/1.1" 304 -
104.154.123.126 - - [21/Jul/2016:01:31:18 -0500] "GET /BLA/resoluciones/RESOLUCIONES%202007/RES%202007%201201%20AL%201300/RESOLUCION%201253%20DE%202007.pdf HTTP/1.1" 200 578636
66.249.64.165 - - [21/Jul/2016:01:31:21 -0500] "GET /BLA/resoluciones/RESOLUCIONES%202010/0412.pdf HTTP/1.1" 200 508975
104.154.123.107 - - [21/Jul/2016:01:31:24 -0500] "GET /BLA/resoluciones/RESOLUCIONES%202007/RES%202007%202501%20AL%202600/RESOLUCION%202583%20DE%202007.pdf HTTP/1.1" 200 778949
104.154.123.5 - - [21/Jul/2016:01:31:26 -0500] "GET /BLA/resoluciones/RESOLUCIONES%202008/1075.pdf HTTP/1.1" 200 301099
181.142.146.101 - - [21/Jul/2016:01:31:32 -0500] "POST /forms/lservlet;jsessionid=ac16012b30d6e17fe838984d4f239499e779764a5139.e3iSbxaKaheRe34Tax0PchuKax90n6jAmljGr5XDqQLvpAe HTTP/1.1" 200 2
180.76.15.138 - - [21/Jul/2016:01:31:35 -0500] "GET / HTTP/1.1" 200 9990
104.154.123.38 - - [21/Jul/2016:01:31:36 -0500] "GET /BLA/resoluciones/RESOLUCIONES%202009/6459.pdf HTTP/1.1" 200 409580
104.154.123.152 - - [21/Jul/2016:01:31:38 -0500] "GET /BLA/resoluciones/RESOLUCIONES%202007/RES%202007%201101%20AL%201200/RESOLUCION%201177%20DE%202007.pdf HTTP/1.1" 200 796161
184.168.200.239 - - [21/Jul/2016:01:31:41 -0500] "POST /xmlrpc.php HTTP/1.1" 302 308
104.154.123.155 - - [21/Jul/2016:01:31:42 -0500] "GET /BLA/resoluciones/AUTOS%202009/2291.pdf HTTP/1.1" 200 235239
66.249.64.187 - - [21/Jul/2016:01:31:44 -0500] "GET / HTTP/1.1" 200 9990
66.249.64.165 - - [21/Jul/2016:01:31:47 -0500] "GET /BLA/resoluciones/RESOLUCIONES%202010/6285.pdf HTTP/1.1" 304 -
104.154.123.189 - - [21/Jul/2016:01:31:47 -0500] "GET /BLA/resoluciones/RESOLUCIONES%202014/0354.pdf HTTP/1.1" 200 1470983
66.249.64.165 - - [21/Jul/2016:01:31:52 -0500] "GET /BLA/resoluciones/RESOLUCIONES%202010/6428.pdf HTTP/1.1" 200 901140
62.153.87.162 - - [21/Jul/2016:01:32:00 -0500] "GET /BLA/resoluciones/AUTOS%202008/0640.pdf HTTP/1.1" 200 249405
104.154.123.7 - - [21/Jul/2016:01:32:01 -0500] "GET /BLA/resoluciones/AUTOS%202011/5959.pdf HTTP/1.1" 200 178161
62.153.87.162 - - [21/Jul/2016:01:32:03 -0500] "GET /favicon.ico HTTP/1.1" 200 7782
104.154.123.18 - - [21/Jul/2016:01:32:04 -0500] "GET /BLA/resoluciones/AUTOS%202007/0762.pdf HTTP/1.1" 200 105711
66.249.64.165 - - [21/Jul/2016:01:32:14 -0500] "GET /BLA/resoluciones/RESOLUCIONES%202010/3849.pdf HTTP/1.1" 304 -
104.154.123.197 - - [21/Jul/2016:01:32:15 -0500] "GET /BLA/resoluciones/RESOLUCIONES%202008/3844.pdf HTTP/1.1" 200 310016
104.154.123.191 - - [21/Jul/2016:01:32:15 -0500] "GET /BLA/resoluciones/AUTOS%202013/1829.pdf HTTP/1.1" 200 1049913
189.202.70.14 - - [21/Jul/2016:01:32:20 -0500] "GET /galeria/galeria/jquery.fancybox.css?v=2.1.5 HTTP/1.1" 304 -
189.202.70.14 - - [21/Jul/2016:01:32:20 -0500] "GET /galeria/galeria/jquery.fancybox.js?v=2.1.5 HTTP/1.1" 304 -
189.202.70.14 - - [21/Jul/2016:01:32:20 -0500] "GET /BLA/boletinlegal/js/jquery.scrollShow.js HTTP/1.1" 304 -
180.76.15.148 - - [21/Jul/2016:01:32:23 -0500] "GET / HTTP/1.1" 200 9990
104.154.123.37 - - [21/Jul/2016:01:32:33 -0500] "GET /BLA/resoluciones/RESOLUCIONES%202009/8723.pdf HTTP/1.1" 200 601603
104.154.123.189 - - [21/Jul/2016:01:32:34 -0500] "GET /BLA/resoluciones/AUTOS%202013/3309.pdf HTTP/1.1" 200 290446
104.154.123.50 - - [21/Jul/2016:01:32:34 -0500] "GET /BLA/resoluciones/RESOLUCIONES%202008/4211.pdf HTTP/1.1" 200 355931
104.154.123.145 - - [21/Jul/2016:01:32:40 -0500] "GET /BLA/resoluciones/RESOLUCIONES%202009/2817.pdf HTTP/1.1" 200 405869
192.168.175.104 - - [21/Jul/2016:01:32:42 -0500] "GET / HTTP/1.1" 200 9990
66.249.64.187 - - [21/Jul/2016:01:32:43 -0500] "GET /PORTAL_SIAC/swf/Residuos/cosmeticos/cosmeticos.html HTTP/1.1" 200 1963
104.154.123.144 - - [21/Jul/2016:01:32:45 -0500] "GET /BLA/resoluciones/AUTOS%202013/0333.pdf HTTP/1.1" 200 1629452
192.168.175.104 - - [21/Jul/2016:01:32:49 -0500] "GET / HTTP/1.0" 200 9990
104.154.123.108 - - [21/Jul/2016:01:32:57 -0500] "GET /BLA/resoluciones/RESOLUCIONES%202007/RES%202007%201601%20AL%201725/RESOLUCION%201616%20DE%202007.pdf HTTP/1.1" 200 606710
201.245.192.253 - - [21/Jul/2016:01:33:01 -0500] "POST /forms/lservlet;jsessionid=ac16012b30d6d7b74e4907534e0daea4f6386b2417c2.e3iSbxaKaheRe34Tax0PchuKax90n6jAmljGr5XDqQLvpAe HTTP/1.1" 200 2
104.154.123.145 - - [21/Jul/2016:01:33:02 -0500] "GET /BLA/resoluciones/AUTOS%202011/0114.pdf HTTP/1.1" 200 187503
200.116.25.205 - - [21/Jul/2016:01:33:03 -0500] "GET /galeria/galeria/jquery.fancybox.css?v=2.1.5 HTTP/1.1" 200 4895
200.116.25.205 - - [21/Jul/2016:01:33:03 -0500] "GET /BLA/boletinlegal/js/jquery.scrollShow.js HTTP/1.1" 200 4586
200.116.25.205 - - [21/Jul/2016:01:33:03 -0500] "GET /galeria/galeria/jquery.fancybox.js?v=2.1.5 HTTP/1.1" 200 48706
104.154.123.38 - - [21/Jul/2016:01:33:17 -0500] "GET /BLA/resoluciones/AUTOS%202011/4908.pdf HTTP/1.1" 200 240559
104.154.123.47 - - [21/Jul/2016:01:33:17 -0500] "GET /BLA/resoluciones/AUTOS%202010/6231.pdf HTTP/1.1" 200 1970407
66.249.69.168 - - [21/Jul/2016:01:33:20 -0500] "GET /BLA/resoluciones/RESOLUCIONES%202013/1262.pdf HTTP/1.1" 304 -
192.168.175.104 - - [21/Jul/2016:01:33:20 -0500] "GET / HTTP/1.1" 200 9990
66.249.64.165 - - [21/Jul/2016:01:33:20 -0500] "GET /BLA/resoluciones/RESOLUCIONES%202010/4720.pdf HTTP/1.1" 200 321883
66.249.64.165 - - [21/Jul/2016:01:33:27 -0500] "GET /BLA/resoluciones/RESOLUCIONES%202008/4206.pdf HTTP/1.1" 200 633231
200.116.25.205 - - [21/Jul/2016:01:33:31 -0500] "GET /galeria/galeria/jquery.fancybox.css?v=2.1.5 HTTP/1.1" 304 -
200.116.25.205 - - [21/Jul/2016:01:33:31 -0500] "GET /BLA/boletinlegal/js/jquery.scrollShow.js HTTP/1.1" 304 -
200.116.25.205 - - [21/Jul/2016:01:33:31 -0500] "GET /galeria/galeria/jquery.fancybox.js?v=2.1.5 HTTP/1.1" 304 -
181.142.146.101 - - [21/Jul/2016:01:33:32 -0500] "POST /forms/lservlet;jsessionid=ac16012b30d6e17fe838984d4f239499e779764a5139.e3iSbxaKaheRe34Tax0PchuKax90n6jAmljGr5XDqQLvpAe HTTP/1.1" 200 2
104.154.123.154 - - [21/Jul/2016:01:33:35 -0500] "GET /BLA/resoluciones/AUTOS%202008/0357.pdf HTTP/1.1" 200 50979
66.249.64.165 - - [21/Jul/2016:01:33:36 -0500] "GET /BLA/resoluciones/AUTOS%202015/0631.pdf HTTP/1.1" 200 492635
104.154.123.140 - - [21/Jul/2016:01:33:47 -0500] "GET /BLA/resoluciones/RESOLUCIONES%202014/2878.pdf HTTP/1.1" 200 752427
104.154.123.7 - - [21/Jul/2016:01:33:50 -0500] "GET /BLA/resoluciones/RESOLUCIONES%202008/4689.pdf HTTP/1.1" 200 211026
104.154.123.127 - - [21/Jul/2016:01:33:51 -0500] "GET /BLA/resoluciones/RESOLUCIONES%202011/4823.pdf HTTP/1.1" 200 706854
104.154.123.18 - - [21/Jul/2016:01:33:59 -0500] "GET /BLA/resoluciones/AUTOS%202015/0315.pdf HTTP/1.1" 200 462639
104.154.123.180 - - [21/Jul/2016:01:34:00 -0500] "GET /BLA/resoluciones/RESOLUCIONES%202011/1408.pdf HTTP/1.1" 200 71873
66.249.64.165 - - [21/Jul/2016:01:34:05 -0500] "GET /BLA/resoluciones/RESOLUCIONES%202012/1216.pdf HTTP/1.1" 200 490592
66.249.64.165 - - [21/Jul/2016:01:34:28 -0500] "GET /BLA/resoluciones/Notificaciones/AUTOS%202013/2073.doc HTTP/1.1" 200 865280
66.249.64.165 - - [21/Jul/2016:01:34:33 -0500] "GET /BLA/resoluciones/RESOLUCIONES%202008/0314.pdf HTTP/1.1" 200 463495
104.154.123.96 - - [21/Jul/2016:01:34:34 -0500] "GET /BLA/resoluciones/AUTOS%202015/2692.pdf HTTP/1.1" 200 833957
66.249.64.165 - - [21/Jul/2016:01:34:39 -0500] "GET /BLA/resoluciones/AUTOS%202014/5640.pdf HTTP/1.1" 200 206044
104.154.123.33 - - [21/Jul/2016:01:34:43 -0500] "GET /BLA/resoluciones/RESOLUCIONES%202012/0881.pdf HTTP/1.1" 200 415949
201.245.192.253 - - [21/Jul/2016:01:35:01 -0500] "POST /forms/lservlet;jsessionid=ac16012b30d6d7b74e4907534e0daea4f6386b2417c2.e3iSbxaKaheRe34Tax0PchuKax90n6jAmljGr5XDqQLvpAe HTTP/1.1" 200 2
104.154.123.5 - - [21/Jul/2016:01:35:02 -0500] "GET /BLA/resoluciones/RESOLUCIONES%202008/3723.pdf HTTP/1.1" 200 414721
104.154.123.173 - - [21/Jul/2016:01:35:05 -0500] "GET /BLA/resoluciones/AUTOS%202015/1056.pdf HTTP/1.1" 200 274460
181.61.186.131 - - [21/Jul/2016:01:35:21 -0500] "GET /galeria/galeria/jquery.fancybox.js?v=2.1.5 HTTP/1.1" 200 48706
181.61.186.131 - - [21/Jul/2016:01:35:21 -0500] "GET /BLA/boletinlegal/js/jquery.scrollShow.js HTTP/1.1" 200 4586
181.61.186.131 - - [21/Jul/2016:01:35:21 -0500] "GET /galeria/galeria/jquery.fancybox.css?v=2.1.5 HTTP/1.1" 200 4895
181.61.186.131 - - [21/Jul/2016:01:35:21 -0500] "GET /galeria/carrusel/Carrusel/jquery-ui-1.8.13.custom.min.js HTTP/1.1" 200 10800
181.61.186.131 - - [21/Jul/2016:01:35:21 -0500] "GET /galeria/carrusel/Carrusel/jquery.thumbnailScroller.js HTTP/1.1" 200 8157
181.61.186.131 - - [21/Jul/2016:01:35:21 -0500] "GET /galeria/carrusel/Carrusel/jquery.thumbnailScroller.css HTTP/1.1" 200 2066
66.249.64.165 - - [21/Jul/2016:01:35:25 -0500] "GET /BLA/resoluciones/AUTOS%202012/0276.pdf HTTP/1.1" 200 189094
104.154.123.29 - - [21/Jul/2016:01:35:27 -0500] "GET /BLA/resoluciones/RESOLUCIONES%202012/1894.pdf HTTP/1.1" 200 24505640
181.61.186.131 - - [21/Jul/2016:01:35:29 -0500] "GET /galeria/nivo-slider/demo/demo.html HTTP/1.1" 200 4730
181.142.146.101 - - [21/Jul/2016:01:35:32 -0500] "POST /forms/lservlet;jsessionid=ac16012b30d6e17fe838984d4f239499e779764a5139.e3iSbxaKaheRe34Tax0PchuKax90n6jAmljGr5XDqQLvpAe HTTP/1.1" 200 2
181.61.186.131 - - [21/Jul/2016:01:35:32 -0500] "GET /galeria/nivo-slider/themes/default/default.css HTTP/1.1" 200 1569
181.61.186.131 - - [21/Jul/2016:01:35:32 -0500] "GET /galeria/nivo-slider/nivo-slider.css HTTP/1.1" 200 1507
181.61.186.131 - - [21/Jul/2016:01:35:32 -0500] "GET /galeria/nivo-slider/demo/style.css HTTP/1.1" 200 2222
181.61.186.131 - - [21/Jul/2016:01:35:32 -0500] "GET /galeria/nivo-slider/themes/orman/orman.css HTTP/1.1" 200 2152
181.61.186.131 - - [21/Jul/2016:01:35:32 -0500] "GET /galeria/nivo-slider/themes/pascal/pascal.css HTTP/1.1" 200 2258
181.61.186.131 - - [21/Jul/2016:01:35:32 -0500] "GET /galeria/nivo-slider/demo/images/bolsas-06.jpg HTTP/1.1" 200 210950
181.61.186.131 - - [21/Jul/2016:01:35:32 -0500] "GET /galeria/nivo-slider/jquery.nivo.slider.pack.js HTTP/1.1" 200 11561
181.61.186.131 - - [21/Jul/2016:01:35:32 -0500] "GET /galeria/nivo-slider/demo/images/SUPERCADESUBA.jpg HTTP/1.1" 200 127509
181.61.186.131 - - [21/Jul/2016:01:35:32 -0500] "GET /galeria/nivo-slider/demo/images/SUPERCADECRA30.jpg HTTP/1.1" 200 127549
181.61.186.131 - - [21/Jul/2016:01:35:32 -0500] "GET /galeria/nivo-slider/demo/scripts/jquery-1.7.1.min.js HTTP/1.1" 200 93868
181.61.186.131 - - [21/Jul/2016:01:35:32 -0500] "GET /galeria/nivo-slider/demo/images/convocatoriasecretaria.jpg HTTP/1.1" 200 129365
104.154.123.38 - - [21/Jul/2016:01:35:32 -0500] "GET /BLA/resoluciones/RESOLUCIONES%202013/1727.pdf HTTP/1.1" 200 329828
181.61.186.131 - - [21/Jul/2016:01:35:33 -0500] "GET /galeria/nivo-slider/demo/images/BANNERVISORGEOGRAFICO.jpg HTTP/1.1" 200 78514
181.61.186.131 - - [21/Jul/2016:01:35:33 -0500] "GET /galeria/nivo-slider/demo/images/BANNERCONFORMACIONGESTIONAMBIENTAL.jpg HTTP/1.1" 200 161009
181.61.186.131 - - [21/Jul/2016:01:35:33 -0500] "GET /galeria/nivo-slider/demo/images/vegetal.jpg HTTP/1.1" 200 216080
181.61.186.131 - - [21/Jul/2016:01:35:33 -0500] "GET /galeria/nivo-slider/demo/images/bannergenCAPACITACIONES-01.jpg HTTP/1.1" 200 153433
181.61.186.131 - - [21/Jul/2016:01:35:33 -0500] "GET /galeria/nivo-slider/demo/images/BANNERMADERALEGAL.jpg HTTP/1.1" 200 165750
181.61.186.131 - - [21/Jul/2016:01:35:33 -0500] "GET /galeria/nivo-slider/demo/images/Banner_wgic.jpg HTTP/1.1" 200 139000
181.61.186.131 - - [21/Jul/2016:01:35:34 -0500] "GET /galeria/nivo-slider/demo/images/ABC-Plan-de-contigencia.jpg HTTP/1.1" 200 423901
181.61.186.131 - - [21/Jul/2016:01:35:34 -0500] "GET /galeria/nivo-slider/demo/images/ACOPIADORESYGESTORES.jpg HTTP/1.1" 200 118791
66.249.64.165 - - [21/Jul/2016:01:35:34 -0500] "GET /BLA/resoluciones/AUTOS%202007/2817.pdf HTTP/1.1" 200 93658
181.61.186.131 - - [21/Jul/2016:01:35:35 -0500] "GET /galeria/nivo-slider/demo/images/caminata-ecologica.jpg HTTP/1.1" 200 192926
181.61.186.131 - - [21/Jul/2016:01:35:36 -0500] "GET /galeria/nivo-slider/demo/images/Cmapana-onestidad.jpg HTTP/1.1" 200 141638
181.61.186.131 - - [21/Jul/2016:01:35:36 -0500] "GET /galeria/nivo-slider/demo/images/banner-llantas2.jpg HTTP/1.1" 200 234514
181.61.186.131 - - [21/Jul/2016:01:35:36 -0500] "GET /galeria/nivo-slider/demo/images/9Signos.jpg HTTP/1.1" 200 81776
181.61.186.131 - - [21/Jul/2016:01:35:36 -0500] "GET /galeria/nivo-slider/demo/images/Ruta-vertimientos-01.jpg HTTP/1.1" 200 130151
181.61.186.131 - - [21/Jul/2016:01:35:36 -0500] "GET /galeria/nivo-slider/demo/images/4Simple_Slider.png HTTP/1.1" 200 11722
181.61.186.131 - - [21/Jul/2016:01:35:37 -0500] "GET /galeria/nivo-slider/themes/default/loading.gif HTTP/1.1" 200 1737
181.61.186.131 - - [21/Jul/2016:01:35:40 -0500] "GET /galeria/nivo-slider/themes/default/arrows.png HTTP/1.1" 200 824
181.61.186.131 - - [21/Jul/2016:01:35:40 -0500] "GET /galeria/nivo-slider/themes/default/bullets.png HTTP/1.1" 200 1281
104.154.123.193 - - [21/Jul/2016:01:35:45 -0500] "GET /BLA/resoluciones/RESOLUCIONES%202014/1511.pdf HTTP/1.1" 200 1314697
104.154.123.2 - - [21/Jul/2016:01:35:46 -0500] "GET /BLA/resoluciones/AUTOS%202015/4625.pdf HTTP/1.1" 200 766816
66.249.64.165 - - [21/Jul/2016:01:35:51 -0500] "GET /BLA/resoluciones/AUTOS%202007/0014.pdf HTTP/1.1" 200 180336
66.249.64.165 - - [21/Jul/2016:01:36:13 -0500] "GET /BLA/resoluciones/AUTOS%202007/3126.pdf HTTP/1.1" 200 143739
104.154.123.162 - - [21/Jul/2016:01:36:16 -0500] "GET /BLA/resoluciones/AUTOS%202011/4322.pdf HTTP/1.1" 200 260297
104.154.123.27 - - [21/Jul/2016:01:36:48 -0500] "GET /BLA/resoluciones/AUTOS%202014/5443.pdf HTTP/1.1" 200 590508
104.154.123.104 - - [21/Jul/2016:01:36:49 -0500] "GET /BLA/resoluciones/RESOLUCIONES%202009/7511.pdf HTTP/1.1" 200 489545
66.249.64.165 - - [21/Jul/2016:01:36:53 -0500] "GET /BLA/resoluciones/AUTOS%202007/2335.pdf HTTP/1.1" 200 113231
66.249.64.165 - - [21/Jul/2016:01:36:54 -0500] "GET /BLA/resoluciones/AUTOS%202007/0915.pdf HTTP/1.1" 200 98345
66.249.64.165 - - [21/Jul/2016:01:36:56 -0500] "GET /BLA/resoluciones/RESOLUCIONES%202009/5517.pdf HTTP/1.1" 200 496467
201.245.192.253 - - [21/Jul/2016:01:37:01 -0500] "POST /forms/lservlet;jsessionid=ac16012b30d6d7b74e4907534e0daea4f6386b2417c2.e3iSbxaKaheRe34Tax0PchuKax90n6jAmljGr5XDqQLvpAe HTTP/1.1" 200 2
66.249.64.165 - - [21/Jul/2016:01:37:05 -0500] "GET /BLA/resoluciones/AUTOS%202011/5917.pdf HTTP/1.1" 200 276518
66.249.64.165 - - [21/Jul/2016:01:37:06 -0500] "GET /silvicultura/1.pdf HTTP/1.1" 404 1018
104.154.123.7 - - [21/Jul/2016:01:37:13 -0500] "GET /BLA/resoluciones/RESOLUCIONES%202007/RES%202007%203301%20AL%203400/RESOLUCION%203336%20%20DE%202007.pdf HTTP/1.1" 200 435226
104.154.123.126 - - [21/Jul/2016:01:37:27 -0500] "GET /BLA/resoluciones/AUTOS%202011/1043.pdf HTTP/1.1" 200 354642
104.154.123.124 - - [21/Jul/2016:01:37:28 -0500] "GET /BLA/resoluciones/RESOLUCIONES%202009/2285.pdf HTTP/1.1" 200 345981
66.249.64.165 - - [21/Jul/2016:01:37:29 -0500] "GET /BLA/resoluciones/AUTOS%202015/2163.pdf HTTP/1.1" 304 -
181.142.146.101 - - [21/Jul/2016:01:37:32 -0500] "POST /forms/lservlet;jsessionid=ac16012b30d6e17fe838984d4f239499e779764a5139.e3iSbxaKaheRe34Tax0PchuKax90n6jAmljGr5XDqQLvpAe HTTP/1.1" 200 2
104.154.123.14 - - [21/Jul/2016:01:37:32 -0500] "GET /BLA/resoluciones/AUTOS%202007/3432.pdf HTTP/1.1" 200 256036
66.249.69.165 - - [21/Jul/2016:01:37:33 -0500] "GET /BLA/resoluciones/RESOLUCIONES%202011/0258.pdf HTTP/1.1" 304 -
192.168.175.104 - - [21/Jul/2016:01:37:41 -0500] "GET / HTTP/1.1" 200 9990
192.168.175.104 - - [21/Jul/2016:01:37:48 -0500] "GET / HTTP/1.0" 200 9990
69.162.124.232 - - [21/Jul/2016:01:37:54 -0500] "HEAD / HTTP/1.1" 200 -
104.154.123.124 - - [21/Jul/2016:01:37:57 -0500] "GET /SIG/Gesti%C3%B3n%20Talento%20Humano/126PA01-PR01.pdf HTTP/1.1" 200 68707
66.249.64.165 - - [21/Jul/2016:01:37:58 -0500] "GET /BLA/resoluciones/RESOLUCIONES%202008/0605.pdf HTTP/1.1" 200 168813
104.154.123.171 - - [21/Jul/2016:01:38:02 -0500] "GET /BLA/resoluciones/AUTOS%202007/2766.pdf HTTP/1.1" 200 145601
66.249.64.165 - - [21/Jul/2016:01:38:13 -0500] "GET /BLA/resoluciones/RESOLUCIONES%202012/1391.pdf HTTP/1.1" 304 -
192.168.175.104 - - [21/Jul/2016:01:38:18 -0500] "GET / HTTP/1.1" 200 9990
104.154.123.41 - - [21/Jul/2016:01:38:20 -0500] "GET /BLA/resoluciones/RESOLUCIONES%202007/RES%202007%20801%20AL%20900/RESOLUCION%200893%20DE%202007.pdf HTTP/1.1" 200 318472
104.154.123.95 - - [21/Jul/2016:01:38:27 -0500] "GET /BLA/resoluciones/RESOLUCIONES%202013/1329.pdf HTTP/1.1" 200 7329827
104.154.123.8 - - [21/Jul/2016:01:39:01 -0500] "GET /BLA/resoluciones/RESOLUCIONES%202007/RES%202007%202801%20AL%202900/RESOLUCION%202836%20DE%202007.pdf HTTP/1.1" 200 1947298
201.245.192.253 - - [21/Jul/2016:01:39:01 -0500] "POST /forms/lservlet;jsessionid=ac16012b30d6d7b74e4907534e0daea4f6386b2417c2.e3iSbxaKaheRe34Tax0PchuKax90n6jAmljGr5XDqQLvpAe HTTP/1.1" 200 2
66.249.64.165 - - [21/Jul/2016:01:39:02 -0500] "GET /BLA/resoluciones/AUTOS%202007/0815.pdf HTTP/1.1" 200 159713
66.249.64.165 - - [21/Jul/2016:01:39:15 -0500] "GET /BLA/resoluciones/AUTOS%202007/1174.pdf HTTP/1.1" 200 96226
181.142.146.101 - - [21/Jul/2016:01:39:32 -0500] "POST /forms/lservlet;jsessionid=ac16012b30d6e17fe838984d4f239499e779764a5139.e3iSbxaKaheRe34Tax0PchuKax90n6jAmljGr5XDqQLvpAe HTTP/1.1" 200 2
66.249.69.171 - - [21/Jul/2016:01:39:38 -0500] "GET /BLA/resoluciones/AUTOS%202013/3586.pdf HTTP/1.1" 200 736041
104.154.123.38 - - [21/Jul/2016:01:39:39 -0500] "GET /BLA/resoluciones/AUTOS%202013/0273.pdf HTTP/1.1" 200 2288629
104.154.123.192 - - [21/Jul/2016:01:39:40 -0500] "GET /BLA/resoluciones/AUTOS%202013/0934.pdf HTTP/1.1" 200 3405788
104.154.123.7 - - [21/Jul/2016:01:39:47 -0500] "GET /BLA/resoluciones/AUTOS%202009/0350.pdf HTTP/1.1" 200 90185
104.154.123.130 - - [21/Jul/2016:01:40:03 -0500] "GET /BLA/resoluciones/AUTOS%202008/2983.pdf HTTP/1.1" 200 108515
66.249.64.165 - - [21/Jul/2016:01:40:03 -0500] "GET /BLA/resoluciones/RESOLUCIONES%202009/5349.pdf HTTP/1.1" 200 395708
104.154.123.102 - - [21/Jul/2016:01:40:16 -0500] "GET /BLA/resoluciones/RESOLUCIONES%202013/2596.pdf HTTP/1.1" 200 644956
104.154.123.127 - - [21/Jul/2016:01:40:25 -0500] "GET /BLA/resoluciones/AUTOS%202014/3221.pdf HTTP/1.1" 200 515314
104.154.123.153 - - [21/Jul/2016:01:40:34 -0500] "GET /BLA/resoluciones/RESOLUCIONES%202008/1674.pdf HTTP/1.1" 200 134689
66.249.64.165 - - [21/Jul/2016:01:40:35 -0500] "GET /BLA/resoluciones/RESOLUCIONES%202007/RES%202007%203201%20AL%203300/RESOLUCION%203232%20DE%202007.pdf HTTP/1.1" 200 608479
104.154.123.74 - - [21/Jul/2016:01:40:43 -0500] "GET /BLA/resoluciones/RESOLUCIONES%202010/4452.pdf HTTP/1.1" 200 766806
104.154.123.90 - - [21/Jul/2016:01:40:59 -0500] "GET /BLA/resoluciones/RESOLUCIONES%202007/RES%202007%204301%20AL%204352/RESOLUCION%204327%20DE%202007.pdf HTTP/1.1" 200 402895
201.245.192.253 - - [21/Jul/2016:01:41:02 -0500] "POST /forms/lservlet;jsessionid=ac16012b30d6d7b74e4907534e0daea4f6386b2417c2.e3iSbxaKaheRe34Tax0PchuKax90n6jAmljGr5XDqQLvpAe HTTP/1.1" 200 2
69.197.163.195 - - [21/Jul/2016:01:41:11 -0500] "GET /robots.txt HTTP/1.0" 404 1019
69.197.163.195 - - [21/Jul/2016:01:41:13 -0500] "GET /portalsiaccapacitaciones/Cronograma%20de%20visitas%202015/?C=N;O=D HTTP/1.0" 200 3294
69.197.163.195 - - [21/Jul/2016:01:41:24 -0500] "GET /portalsiaccapacitaciones/list.php HTTP/1.0" 200 4685
66.249.64.165 - - [21/Jul/2016:01:41:27 -0500] "GET /BLA/resoluciones/RESOLUCIONES%202009/2110.pdf HTTP/1.1" 200 990500
104.154.123.41 - - [21/Jul/2016:01:41:29 -0500] "GET /BLA/resoluciones/RESOLUCIONES%202007/RES%202007%20301%20AL%20400/RESOLUCION%200385%20DE%202007.pdf HTTP/1.1" 200 290271
104.154.123.124 - - [21/Jul/2016:01:41:29 -0500] "GET /BLA/resoluciones/AUTOS%202014/3873.pdf HTTP/1.1" 200 396331
181.142.146.101 - - [21/Jul/2016:01:41:32 -0500] "POST /forms/lservlet;jsessionid=ac16012b30d6e17fe838984d4f239499e779764a5139.e3iSbxaKaheRe34Tax0PchuKax90n6jAmljGr5XDqQLvpAe HTTP/1.1" 200 2
104.154.123.6 - - [21/Jul/2016:01:42:10 -0500] "GET /BLA/resoluciones/RESOLUCIONES%202010/2064.pdf HTTP/1.1" 200 164024
66.249.64.165 - - [21/Jul/2016:01:42:19 -0500] "GET /BLA/resoluciones/RESOLUCIONES%202008/4643.pdf HTTP/1.1" 200 1147292
192.168.175.104 - - [21/Jul/2016:01:42:40 -0500] "GET / HTTP/1.1" 200 9990
192.168.175.104 - - [21/Jul/2016:01:42:46 -0500] "GET / HTTP/1.0" 200 9990
161.10.121.125 - - [21/Jul/2016:01:42:54 -0500] "GET /BLA/boletinlegal/js/jquery.scrollShow.js HTTP/1.1" 200 4586
69.162.124.232 - - [21/Jul/2016:01:42:54 -0500] "HEAD / HTTP/1.1" 200 -
161.10.121.125 - - [21/Jul/2016:01:42:54 -0500] "GET /galeria/galeria/jquery.fancybox.js?v=2.1.5 HTTP/1.1" 200 48706
161.10.121.125 - - [21/Jul/2016:01:42:54 -0500] "GET /galeria/galeria/jquery.fancybox.css?v=2.1.5 HTTP/1.1" 200 4895
161.10.121.125 - - [21/Jul/2016:01:42:55 -0500] "GET /galeria/carrusel/Carrusel/jquery.thumbnailScroller.css HTTP/1.1" 200 2066
161.10.121.125 - - [21/Jul/2016:01:42:55 -0500] "GET /galeria/carrusel/Carrusel/jquery-ui-1.8.13.custom.min.js HTTP/1.1" 200 10800
161.10.121.125 - - [21/Jul/2016:01:42:57 -0500] "GET /galeria/carrusel/Carrusel/jquery.thumbnailScroller.js HTTP/1.1" 200 8157
201.245.192.253 - - [21/Jul/2016:01:43:02 -0500] "POST /forms/lservlet;jsessionid=ac16012b30d6d7b74e4907534e0daea4f6386b2417c2.e3iSbxaKaheRe34Tax0PchuKax90n6jAmljGr5XDqQLvpAe HTTP/1.1" 200 2
161.10.121.125 - - [21/Jul/2016:01:43:03 -0500] "GET /galeria/nivo-slider/demo/demo.html HTTP/1.1" 200 4730
161.10.121.125 - - [21/Jul/2016:01:43:03 -0500] "GET /galeria/nivo-slider/themes/default/default.css HTTP/1.1" 200 1569
161.10.121.125 - - [21/Jul/2016:01:43:03 -0500] "GET /galeria/nivo-slider/themes/pascal/pascal.css HTTP/1.1" 200 2258
161.10.121.125 - - [21/Jul/2016:01:43:03 -0500] "GET /galeria/nivo-slider/themes/orman/orman.css HTTP/1.1" 200 2152
161.10.121.125 - - [21/Jul/2016:01:43:03 -0500] "GET /galeria/nivo-slider/nivo-slider.css HTTP/1.1" 200 1507
161.10.121.125 - - [21/Jul/2016:01:43:03 -0500] "GET /galeria/nivo-slider/demo/style.css HTTP/1.1" 200 2222
161.10.121.125 - - [21/Jul/2016:01:43:03 -0500] "GET /galeria/nivo-slider/demo/scripts/jquery-1.7.1.min.js HTTP/1.1" 200 93868
161.10.121.125 - - [21/Jul/2016:01:43:03 -0500] "GET /galeria/nivo-slider/demo/images/SUPERCADECRA30.jpg HTTP/1.1" 200 127549
161.10.121.125 - - [21/Jul/2016:01:43:03 -0500] "GET /galeria/nivo-slider/jquery.nivo.slider.pack.js HTTP/1.1" 200 11561
161.10.121.125 - - [21/Jul/2016:01:43:03 -0500] "GET /galeria/nivo-slider/demo/images/SUPERCADESUBA.jpg HTTP/1.1" 200 127509
161.10.121.125 - - [21/Jul/2016:01:43:03 -0500] "GET /galeria/nivo-slider/demo/images/convocatoriasecretaria.jpg HTTP/1.1" 200 129365
161.10.121.125 - - [21/Jul/2016:01:43:03 -0500] "GET /galeria/nivo-slider/demo/images/BANNERVISORGEOGRAFICO.jpg HTTP/1.1" 200 78514
161.10.121.125 - - [21/Jul/2016:01:43:03 -0500] "GET /galeria/nivo-slider/themes/default/loading.gif HTTP/1.1" 200 1737
161.10.121.125 - - [21/Jul/2016:01:43:03 -0500] "GET /galeria/nivo-slider/demo/images/4Simple_Slider.png HTTP/1.1" 200 11722
161.10.121.125 - - [21/Jul/2016:01:43:04 -0500] "GET /galeria/nivo-slider/demo/images/BANNERCONFORMACIONGESTIONAMBIENTAL.jpg HTTP/1.1" 200 161009
161.10.121.125 - - [21/Jul/2016:01:43:04 -0500] "GET /galeria/nivo-slider/demo/images/vegetal.jpg HTTP/1.1" 200 216080
161.10.121.125 - - [21/Jul/2016:01:43:04 -0500] "GET /galeria/nivo-slider/demo/images/bannergenCAPACITACIONES-01.jpg HTTP/1.1" 200 153433
161.10.121.125 - - [21/Jul/2016:01:43:04 -0500] "GET /galeria/nivo-slider/demo/images/BANNERMADERALEGAL.jpg HTTP/1.1" 200 165750
161.10.121.125 - - [21/Jul/2016:01:43:04 -0500] "GET /galeria/nivo-slider/demo/images/Banner_wgic.jpg HTTP/1.1" 200 139000
161.10.121.125 - - [21/Jul/2016:01:43:05 -0500] "GET /galeria/nivo-slider/demo/images/ABC-Plan-de-contigencia.jpg HTTP/1.1" 200 423901
161.10.121.125 - - [21/Jul/2016:01:43:05 -0500] "GET /galeria/nivo-slider/demo/images/ACOPIADORESYGESTORES.jpg HTTP/1.1" 200 118791
161.10.121.125 - - [21/Jul/2016:01:43:05 -0500] "GET /galeria/nivo-slider/demo/images/caminata-ecologica.jpg HTTP/1.1" 200 192926
161.10.121.125 - - [21/Jul/2016:01:43:05 -0500] "GET /galeria/nivo-slider/demo/images/Cmapana-onestidad.jpg HTTP/1.1" 200 141638
161.10.121.125 - - [21/Jul/2016:01:43:07 -0500] "GET /galeria/nivo-slider/demo/images/banner-llantas2.jpg HTTP/1.1" 200 234514
161.10.121.125 - - [21/Jul/2016:01:43:07 -0500] "GET /galeria/nivo-slider/demo/images/9Signos.jpg HTTP/1.1" 200 81776
161.10.121.125 - - [21/Jul/2016:01:43:07 -0500] "GET /galeria/nivo-slider/demo/images/Ruta-vertimientos-01.jpg HTTP/1.1" 200 130151
161.10.121.125 - - [21/Jul/2016:01:43:07 -0500] "GET /galeria/nivo-slider/demo/images/bolsas-06.jpg HTTP/1.1" 200 210950
161.10.121.125 - - [21/Jul/2016:01:43:09 -0500] "GET /galeria/nivo-slider/themes/default/bullets.png HTTP/1.1" 200 1281
161.10.121.125 - - [21/Jul/2016:01:43:11 -0500] "GET /galeria/nivo-slider/themes/default/arrows.png HTTP/1.1" 200 824
66.249.64.165 - - [21/Jul/2016:01:43:12 -0500] "GET /BLA/resoluciones/RESOLUCIONES%202011/1004.pdf HTTP/1.1" 200 65541
192.168.175.104 - - [21/Jul/2016:01:43:17 -0500] "GET / HTTP/1.1" 200 9990
181.142.146.101 - - [21/Jul/2016:01:43:32 -0500] "POST /forms/lservlet;jsessionid=ac16012b30d6e17fe838984d4f239499e779764a5139.e3iSbxaKaheRe34Tax0PchuKax90n6jAmljGr5XDqQLvpAe HTTP/1.1" 200 2
104.154.123.19 - - [21/Jul/2016:01:43:36 -0500] "GET /BLA/resoluciones/RESOLUCIONES%202007/RES%202007%202601%20AL%202700/RESOLUCION%202664%20DE%202007.pdf HTTP/1.1" 200 2065377
161.10.121.125 - - [21/Jul/2016:01:43:53 -0500] "GET /BLA/boletinlegal/js/jquery.scrollShow.js HTTP/1.1" 304 -
161.10.121.125 - - [21/Jul/2016:01:43:53 -0500] "GET /galeria/galeria/jquery.fancybox.js?v=2.1.5 HTTP/1.1" 304 -
161.10.121.125 - - [21/Jul/2016:01:43:53 -0500] "GET /galeria/galeria/jquery.fancybox.css?v=2.1.5 HTTP/1.1" 304 -
66.249.64.165 - - [21/Jul/2016:01:44:02 -0500] "GET /BLA/resoluciones/AUTOS%202007/0923.pdf HTTP/1.1" 304 -
66.249.64.165 - - [21/Jul/2016:01:44:04 -0500] "GET /BLA/resoluciones/AUTOS%202011/4393.pdf HTTP/1.1" 200 312753
157.55.39.156 - - [21/Jul/2016:01:44:11 -0500] "GET /BLA/resoluciones/AUTOS%202014/3368.pdf HTTP/1.1" 200 799373
104.154.123.5 - - [21/Jul/2016:01:44:21 -0500] "GET /BLA/resoluciones/RESOLUCIONES%202009/1850.pdf HTTP/1.1" 200 522386
66.249.64.165 - - [21/Jul/2016:01:44:56 -0500] "GET /BLA/resoluciones/RESOLUCIONES%202011/6947.pdf HTTP/1.1" 200 952370
201.245.192.253 - - [21/Jul/2016:01:45:02 -0500] "POST /forms/lservlet;jsessionid=ac16012b30d6d7b74e4907534e0daea4f6386b2417c2.e3iSbxaKaheRe34Tax0PchuKax90n6jAmljGr5XDqQLvpAe HTTP/1.1" 200 2
66.249.64.165 - - [21/Jul/2016:01:45:23 -0500] "GET /BLA/resoluciones/RESOLUCIONES%202009/3927.pdf HTTP/1.1" 200 101552
181.142.146.101 - - [21/Jul/2016:01:45:32 -0500] "POST /forms/lservlet;jsessionid=ac16012b30d6e17fe838984d4f239499e779764a5139.e3iSbxaKaheRe34Tax0PchuKax90n6jAmljGr5XDqQLvpAe HTTP/1.1" 200 2
66.249.69.165 - - [21/Jul/2016:01:45:48 -0500] "GET /BLA/resoluciones/AUTOS%202012/2185.pdf HTTP/1.1" 304 -
66.249.64.165 - - [21/Jul/2016:01:45:49 -0500] "GET /BLA/resoluciones/AUTOS%202007/0816.pdf HTTP/1.1" 200 156703
104.154.123.119 - - [21/Jul/2016:01:46:17 -0500] "GET /BLA/resoluciones/RESOLUCIONES%202009/4086.pdf HTTP/1.1" 200 895524
104.154.123.119 - - [21/Jul/2016:01:46:34 -0500] "GET /BLA/resoluciones/AUTOS%202014/0428.pdf HTTP/1.1" 200 432657
66.249.64.187 - - [21/Jul/2016:01:45:57 -0500] "GET /BLA/boletinlegal/ HTTP/1.1" 200 52436
66.249.64.165 - - [21/Jul/2016:01:46:55 -0500] "GET /BLA/resoluciones/AUTOS%202015/0239.pdf HTTP/1.1" 200 291534
201.245.192.253 - - [21/Jul/2016:01:47:02 -0500] "POST /forms/lservlet;jsessionid=ac16012b30d6d7b74e4907534e0daea4f6386b2417c2.e3iSbxaKaheRe34Tax0PchuKax90n6jAmljGr5XDqQLvpAe HTTP/1.1" 200 2
157.55.39.251 - - [21/Jul/2016:01:47:07 -0500] "GET /robots.txt HTTP/1.1" 301 334
157.55.39.251 - - [21/Jul/2016:01:47:10 -0500] "GET / HTTP/1.1" 301 324
104.154.123.180 - - [21/Jul/2016:01:47:22 -0500] "GET /BLA/resoluciones/RESOLUCIONES%202007/RES%202007%203101%20AL%203200/RESOLUCION%203125%20DE%202007.pdf HTTP/1.1" 200 545657
181.142.146.101 - - [21/Jul/2016:01:47:32 -0500] "POST /forms/lservlet;jsessionid=ac16012b30d6e17fe838984d4f239499e779764a5139.e3iSbxaKaheRe34Tax0PchuKax90n6jAmljGr5XDqQLvpAe HTTP/1.1" 200 2
104.154.123.41 - - [21/Jul/2016:01:47:33 -0500] "GET /BLA/resoluciones/AUTOS%202011/3973.pdf HTTP/1.1" 200 251775
192.168.175.104 - - [21/Jul/2016:01:47:38 -0500] "GET / HTTP/1.1" 200 9990
66.249.64.165 - - [21/Jul/2016:01:47:38 -0500] "GET /BLA/resoluciones/RESOLUCIONES%202010/7673.pdf HTTP/1.1" 200 391646
192.168.175.104 - - [21/Jul/2016:01:47:44 -0500] "GET / HTTP/1.0" 200 9990
69.162.124.232 - - [21/Jul/2016:01:47:54 -0500] "HEAD / HTTP/1.1" 200 -
104.154.123.31 - - [21/Jul/2016:01:48:00 -0500] "GET /BLA/resoluciones/AUTOS%202012/1653.pdf HTTP/1.1" 200 321995
66.249.64.165 - - [21/Jul/2016:01:48:01 -0500] "GET /BLA/resoluciones/RESOLUCIONES%202009/4693.pdf HTTP/1.1" 200 159664
104.154.123.127 - - [21/Jul/2016:01:48:07 -0500] "GET /BLA/resoluciones/RESOLUCIONES%202010/1034.pdf HTTP/1.1" 200 580323
181.131.5.16 - - [21/Jul/2016:01:48:14 -0500] "GET /BLA/boletinlegal/js/jquery.scrollShow.js HTTP/1.1" 200 4586
192.168.175.104 - - [21/Jul/2016:01:48:15 -0500] "GET / HTTP/1.1" 200 9990
181.131.5.16 - - [21/Jul/2016:01:48:15 -0500] "GET /galeria/galeria/jquery.fancybox.js?v=2.1.5 HTTP/1.1" 200 48706
181.131.5.16 - - [21/Jul/2016:01:48:15 -0500] "GET /galeria/galeria/jquery.fancybox.css?v=2.1.5 HTTP/1.1" 200 4895
181.131.5.16 - - [21/Jul/2016:01:48:17 -0500] "GET /galeria/carrusel/Carrusel/jquery.thumbnailScroller.css HTTP/1.1" 200 2066
181.131.5.16 - - [21/Jul/2016:01:48:17 -0500] "GET /galeria/carrusel/Carrusel/jquery-ui-1.8.13.custom.min.js HTTP/1.1" 200 10800
181.131.5.16 - - [21/Jul/2016:01:48:19 -0500] "GET /galeria/carrusel/Carrusel/jquery.thumbnailScroller.js HTTP/1.1" 200 8157
104.154.123.159 - - [21/Jul/2016:01:48:20 -0500] "GET /BLA/resoluciones/RESOLUCIONES%202007/RES%202007%203201%20AL%203300/RESOLUCION%203254%20DE%202007.pdf HTTP/1.1" 200 2536442
181.131.5.16 - - [21/Jul/2016:01:48:21 -0500] "GET /galeria/nivo-slider/demo/demo.html HTTP/1.1" 200 4730
181.131.5.16 - - [21/Jul/2016:01:48:26 -0500] "GET /galeria/nivo-slider/themes/default/default.css HTTP/1.1" 200 1569
181.131.5.16 - - [21/Jul/2016:01:48:26 -0500] "GET /galeria/nivo-slider/themes/pascal/pascal.css HTTP/1.1" 200 2258
181.131.5.16 - - [21/Jul/2016:01:48:26 -0500] "GET /galeria/nivo-slider/nivo-slider.css HTTP/1.1" 200 1507
181.131.5.16 - - [21/Jul/2016:01:48:26 -0500] "GET /galeria/nivo-slider/themes/orman/orman.css HTTP/1.1" 200 2152
181.131.5.16 - - [21/Jul/2016:01:48:26 -0500] "GET /galeria/nivo-slider/demo/style.css HTTP/1.1" 200 2222
181.131.5.16 - - [21/Jul/2016:01:48:26 -0500] "GET /galeria/nivo-slider/demo/scripts/jquery-1.7.1.min.js HTTP/1.1" 200 93868
66.249.64.165 - - [21/Jul/2016:01:48:26 -0500] "GET /BLA/resoluciones/RESOLUCIONES%202009/3049.pdf HTTP/1.1" 200 498877
181.131.5.16 - - [21/Jul/2016:01:48:27 -0500] "GET /galeria/nivo-slider/jquery.nivo.slider.pack.js HTTP/1.1" 200 11561
181.131.5.16 - - [21/Jul/2016:01:48:27 -0500] "GET /galeria/nivo-slider/demo/images/SUPERCADECRA30.jpg HTTP/1.1" 200 127549
181.131.5.16 - - [21/Jul/2016:01:48:27 -0500] "GET /galeria/nivo-slider/demo/images/SUPERCADESUBA.jpg HTTP/1.1" 200 127509
181.131.5.16 - - [21/Jul/2016:01:48:28 -0500] "GET /galeria/nivo-slider/demo/images/convocatoriasecretaria.jpg HTTP/1.1" 200 129365
157.55.39.19 - - [21/Jul/2016:01:48:28 -0500] "GET /robots.txt HTTP/1.1" 404 1018
181.131.5.16 - - [21/Jul/2016:01:48:28 -0500] "GET /galeria/nivo-slider/demo/images/BANNERVISORGEOGRAFICO.jpg HTTP/1.1" 200 78514
181.131.5.16 - - [21/Jul/2016:01:48:29 -0500] "GET /galeria/nivo-slider/demo/images/BANNERCONFORMACIONGESTIONAMBIENTAL.jpg HTTP/1.1" 200 161009
181.131.5.16 - - [21/Jul/2016:01:48:29 -0500] "GET /galeria/nivo-slider/demo/images/vegetal.jpg HTTP/1.1" 200 216080
181.131.5.16 - - [21/Jul/2016:01:48:29 -0500] "GET /galeria/nivo-slider/demo/images/bannergenCAPACITACIONES-01.jpg HTTP/1.1" 200 153433
181.131.5.16 - - [21/Jul/2016:01:48:29 -0500] "GET /galeria/nivo-slider/demo/images/BANNERMADERALEGAL.jpg HTTP/1.1" 200 165750
181.131.5.16 - - [21/Jul/2016:01:48:29 -0500] "GET /galeria/nivo-slider/demo/images/Banner_wgic.jpg HTTP/1.1" 200 139000
186.145.139.13 - - [21/Jul/2016:01:48:30 -0500] "GET /galeria/galeria/fotos/juan-amarillo4G.jpg HTTP/1.1" 200 202445
181.131.5.16 - - [21/Jul/2016:01:48:31 -0500] "GET /galeria/nivo-slider/demo/images/ABC-Plan-de-contigencia.jpg HTTP/1.1" 200 423901
181.131.5.16 - - [21/Jul/2016:01:48:31 -0500] "GET /galeria/nivo-slider/demo/images/ACOPIADORESYGESTORES.jpg HTTP/1.1" 200 118791
181.131.5.16 - - [21/Jul/2016:01:48:31 -0500] "GET /galeria/nivo-slider/demo/images/caminata-ecologica.jpg HTTP/1.1" 200 192926
181.131.5.16 - - [21/Jul/2016:01:48:32 -0500] "GET /galeria/nivo-slider/demo/images/Cmapana-onestidad.jpg HTTP/1.1" 200 141638
181.131.5.16 - - [21/Jul/2016:01:48:33 -0500] "GET /galeria/nivo-slider/themes/default/loading.gif HTTP/1.1" 200 1737
181.131.5.16 - - [21/Jul/2016:01:48:33 -0500] "GET /galeria/nivo-slider/demo/images/4Simple_Slider.png HTTP/1.1" 200 11722
181.131.5.16 - - [21/Jul/2016:01:48:34 -0500] "GET /galeria/nivo-slider/demo/images/banner-llantas2.jpg HTTP/1.1" 200 234514
181.131.5.16 - - [21/Jul/2016:01:48:35 -0500] "GET /galeria/nivo-slider/demo/images/9Signos.jpg HTTP/1.1" 200 81776
181.131.5.16 - - [21/Jul/2016:01:48:35 -0500] "GET /galeria/nivo-slider/demo/images/Ruta-vertimientos-01.jpg HTTP/1.1" 200 130151
181.131.5.16 - - [21/Jul/2016:01:48:35 -0500] "GET /galeria/nivo-slider/demo/images/bolsas-06.jpg HTTP/1.1" 200 210950
201.245.192.253 - - [21/Jul/2016:01:49:02 -0500] "POST /forms/lservlet;jsessionid=ac16012b30d6d7b74e4907534e0daea4f6386b2417c2.e3iSbxaKaheRe34Tax0PchuKax90n6jAmljGr5XDqQLvpAe HTTP/1.1" 200 2
66.249.64.165 - - [21/Jul/2016:01:49:18 -0500] "GET /BLA/resoluciones/AUTOS%202008/0451.pdf HTTP/1.1" 200 385198
66.249.64.165 - - [21/Jul/2016:01:49:21 -0500] "GET /BLA/resoluciones/AUTOS%202008/0520.pdf HTTP/1.1" 304 -
181.131.5.16 - - [21/Jul/2016:01:49:30 -0500] "GET /galeria/nivo-slider/themes/default/arrows.png HTTP/1.1" 200 824
181.131.5.16 - - [21/Jul/2016:01:49:30 -0500] "GET /galeria/nivo-slider/themes/default/bullets.png HTTP/1.1" 200 1281
181.142.146.101 - - [21/Jul/2016:01:49:32 -0500] "POST /forms/lservlet;jsessionid=ac16012b30d6e17fe838984d4f239499e779764a5139.e3iSbxaKaheRe34Tax0PchuKax90n6jAmljGr5XDqQLvpAe HTTP/1.1" 200 2
104.154.123.194 - - [21/Jul/2016:01:49:39 -0500] "GET /BLA/resoluciones/AUTOS%202008/0748.pdf HTTP/1.1" 200 138955
66.249.69.171 - - [21/Jul/2016:01:49:50 -0500] "GET /BLA/resoluciones/RESOLUCIONES%202007/RES%202007%203701%20AL%203800/RESOLUCION%203715%20DE%202007.pdf HTTP/1.1" 304 -
88.11.75.9 - - [21/Jul/2016:01:50:02 -0500] "GET /galeria/galeria/jquery.fancybox.css?v=2.1.5 HTTP/1.1" 200 4895
88.11.75.9 - - [21/Jul/2016:01:50:02 -0500] "GET /BLA/boletinlegal/js/jquery.scrollShow.js HTTP/1.1" 200 4586
88.11.75.9 - - [21/Jul/2016:01:50:02 -0500] "GET /galeria/galeria/jquery.fancybox.js?v=2.1.5 HTTP/1.1" 200 48706
66.249.64.165 - - [21/Jul/2016:01:50:11 -0500] "GET /BLA/resoluciones/Notificaciones/AUTOS%202014/2042.doc HTTP/1.1" 200 285184
66.249.64.165 - - [21/Jul/2016:01:50:26 -0500] "GET /BLA/resoluciones/AUTOS%202008/0518.pdf HTTP/1.1" 200 226931
66.249.64.165 - - [21/Jul/2016:01:50:34 -0500] "GET /BLA/resoluciones/RESOLUCIONES%202008/2580.pdf HTTP/1.1" 304 -
66.249.64.165 - - [21/Jul/2016:01:50:36 -0500] "GET /BLA/resoluciones/RESOLUCIONES%202010/1934.pdf HTTP/1.1" 200 628174
66.249.64.165 - - [21/Jul/2016:01:50:39 -0500] "GET /BLA/resoluciones/RESOLUCIONES%202009/9263.pdf HTTP/1.1" 200 531052
66.249.64.165 - - [21/Jul/2016:01:50:54 -0500] "GET /BLA/resoluciones/RESOLUCIONES%202009/6985.pdf HTTP/1.1" 200 48372
66.249.64.165 - - [21/Jul/2016:01:51:03 -0500] "GET /BLA/resoluciones/AUTOS%202012/0190.pdf HTTP/1.1" 200 416219
201.245.192.253 - - [21/Jul/2016:01:51:03 -0500] "POST /forms/lservlet;jsessionid=ac16012b30d6d7b74e4907534e0daea4f6386b2417c2.e3iSbxaKaheRe34Tax0PchuKax90n6jAmljGr5XDqQLvpAe HTTP/1.1" 200 2
66.249.64.165 - - [21/Jul/2016:01:51:17 -0500] "GET /BLA/resoluciones/RESOLUCIONES%202008/2984.pdf HTTP/1.1" 200 57715
66.249.64.165 - - [21/Jul/2016:01:51:21 -0500] "GET /BLA/resoluciones/AUTOS%202013/0817.pdf HTTP/1.1" 304 -
181.142.146.101 - - [21/Jul/2016:01:51:32 -0500] "POST /forms/lservlet;jsessionid=ac16012b30d6e17fe838984d4f239499e779764a5139.e3iSbxaKaheRe34Tax0PchuKax90n6jAmljGr5XDqQLvpAe HTTP/1.1" 200 2
157.55.39.19 - - [21/Jul/2016:01:51:38 -0500] "GET /robots.txt HTTP/1.1" 404 1018
66.249.69.171 - - [21/Jul/2016:01:51:50 -0500] "GET /BLA/resoluciones/AUTOS%202012/1641.pdf HTTP/1.1" 304 -
66.249.64.165 - - [21/Jul/2016:01:51:51 -0500] "GET /BLA/resoluciones/RESOLUCIONES%202009/5692.pdf HTTP/1.1" 304 -
66.249.64.165 - - [21/Jul/2016:01:51:55 -0500] "GET /BLA/resoluciones/RESOLUCIONES%202009/0413.pdf HTTP/1.1" 200 189739
66.249.64.165 - - [21/Jul/2016:01:52:18 -0500] "GET /BLA/resoluciones/RESOLUCIONES%202013/0745.pdf HTTP/1.1" 304 -
104.154.123.119 - - [21/Jul/2016:01:52:29 -0500] "GET /BLA/resoluciones/RESOLUCIONES%202008/2401.pdf HTTP/1.1" 200 199894
192.168.175.104 - - [21/Jul/2016:01:52:36 -0500] "GET / HTTP/1.1" 200 9990
192.168.175.104 - - [21/Jul/2016:01:52:42 -0500] "GET / HTTP/1.0" 200 9990
66.249.64.187 - - [21/Jul/2016:01:52:48 -0500] "GET /SIG/Comunicaciones/126PG02-PR06.pdf HTTP/1.1" 200 62670
66.249.64.185 - - [21/Jul/2016:01:53:00 -0500] "GET /ecodirectorio/files/res/mobile/ HTTP/1.1" 200 89752
201.245.192.253 - - [21/Jul/2016:01:53:03 -0500] "POST /forms/lservlet;jsessionid=ac16012b30d6d7b74e4907534e0daea4f6386b2417c2.e3iSbxaKaheRe34Tax0PchuKax90n6jAmljGr5XDqQLvpAe HTTP/1.1" 200 2
181.131.5.16 - - [21/Jul/2016:01:53:03 -0500] "GET /BLA/boletinlegal/js/jquery.scrollShow.js HTTP/1.1" 304 -
181.131.5.16 - - [21/Jul/2016:01:53:03 -0500] "GET /galeria/galeria/jquery.fancybox.js?v=2.1.5 HTTP/1.1" 304 -
181.131.5.16 - - [21/Jul/2016:01:53:03 -0500] "GET /galeria/galeria/jquery.fancybox.css?v=2.1.5 HTTP/1.1" 304 -
66.249.64.165 - - [21/Jul/2016:01:53:12 -0500] "GET /BLA/resoluciones/RESOLUCIONES%202009/4698.pdf HTTP/1.1" 304 -
192.168.175.104 - - [21/Jul/2016:01:53:14 -0500] "GET / HTTP/1.1" 200 9990
104.154.123.5 - - [21/Jul/2016:01:53:24 -0500] "GET /BLA/resoluciones/RESOLUCIONES%202009/3467.pdf HTTP/1.1" 200 536185
181.142.146.101 - - [21/Jul/2016:01:53:32 -0500] "POST /forms/lservlet;jsessionid=ac16012b30d6e17fe838984d4f239499e779764a5139.e3iSbxaKaheRe34Tax0PchuKax90n6jAmljGr5XDqQLvpAe HTTP/1.1" 200 2
66.249.64.165 - - [21/Jul/2016:01:53:40 -0500] "GET /BLA/resoluciones/RESOLUCIONES%202011/1403.pdf HTTP/1.1" 200 64905
66.249.64.165 - - [21/Jul/2016:01:53:58 -0500] "GET /BLA/resoluciones/RESOLUCIONES%202008/1122.pdf HTTP/1.1" 304 -
104.154.123.194 - - [21/Jul/2016:01:54:10 -0500] "GET /BLA/resoluciones/RESOLUCIONES%202011/2618.pdf HTTP/1.1" 200 746359
66.249.64.165 - - [21/Jul/2016:01:54:32 -0500] "GET /BLA/resoluciones/AUTOS%202012/1458.pdf HTTP/1.1" 200 940823
201.245.192.253 - - [21/Jul/2016:01:55:03 -0500] "POST /forms/lservlet;jsessionid=ac16012b30d6d7b74e4907534e0daea4f6386b2417c2.e3iSbxaKaheRe34Tax0PchuKax90n6jAmljGr5XDqQLvpAe HTTP/1.1" 200 2
186.147.83.167 - - [21/Jul/2016:01:55:08 -0500] "-" 408 -
186.147.83.167 - - [21/Jul/2016:01:55:08 -0500] "-" 408 -
104.154.123.5 - - [21/Jul/2016:01:55:21 -0500] "GET /BLA/resoluciones/RESOLUCIONES%202009/2094.pdf HTTP/1.1" 200 862927
66.249.64.165 - - [21/Jul/2016:01:55:25 -0500] "GET /BLA/resoluciones/AUTOS%202015/1032.pdf HTTP/1.1" 200 647525
181.142.146.101 - - [21/Jul/2016:01:55:32 -0500] "POST /forms/lservlet;jsessionid=ac16012b30d6e17fe838984d4f239499e779764a5139.e3iSbxaKaheRe34Tax0PchuKax90n6jAmljGr5XDqQLvpAe HTTP/1.1" 200 2
66.249.64.165 - - [21/Jul/2016:01:55:45 -0500] "GET /BLA/resoluciones/RESOLUCIONES%202013/1262.pdf HTTP/1.1" 304 -
66.249.64.165 - - [21/Jul/2016:01:55:52 -0500] "GET /BLA/resoluciones/AUTOS%202013/3091.pdf HTTP/1.1" 304 -
66.249.64.165 - - [21/Jul/2016:01:55:59 -0500] "GET /BLA/resoluciones/AUTOS%202010/5348.pdf HTTP/1.1" 304 -
66.249.64.165 - - [21/Jul/2016:01:55:59 -0500] "GET /BLA/resoluciones/AUTOS%202007/1030.pdf HTTP/1.1" 200 50481
66.249.64.165 - - [21/Jul/2016:01:56:05 -0500] "GET /BLA/resoluciones/AUTOS%202012/2170.pdf HTTP/1.1" 304 -
66.249.64.165 - - [21/Jul/2016:01:56:12 -0500] "GET /BLA/resoluciones/RESOLUCIONES%202009/4361.pdf HTTP/1.1" 304 -
66.249.64.165 - - [21/Jul/2016:01:56:17 -0500] "GET /BLA/resoluciones/AUTOS%202011/0207.pdf HTTP/1.1" 200 208809
66.249.64.165 - - [21/Jul/2016:01:56:19 -0500] "GET /autoliquidacion/TR%C3%81MITES%20MINER%C3%8DA/126PM04-PR39-M-A6-V5.0%20Terminos%20de%20referencia%20PMRRA[1].doc HTTP/1.1" 304 -
66.249.64.165 - - [21/Jul/2016:01:56:27 -0500] "GET /BLA/resoluciones/RESOLUCIONES%202009/5027.pdf HTTP/1.1" 200 651857
66.249.64.165 - - [21/Jul/2016:01:56:32 -0500] "GET /BLA/resoluciones/RESOLUCIONES%202013/1138.pdf HTTP/1.1" 304 -
193.90.12.86 - - [21/Jul/2016:01:56:49 -0500] "GET / HTTP/1.1" 200 9990
66.249.64.165 - - [21/Jul/2016:01:56:52 -0500] "GET /BLA/resoluciones/AUTOS%202013/0219.pdf HTTP/1.1" 304 -
190.218.241.108 - - [21/Jul/2016:01:56:53 -0500] "GET /galeria/galeria/jquery.fancybox.js?v=2.1.5 HTTP/1.1" 200 48706
190.218.241.108 - - [21/Jul/2016:01:56:53 -0500] "GET /BLA/boletinlegal/js/jquery.scrollShow.js HTTP/1.1" 200 4586
190.218.241.108 - - [21/Jul/2016:01:56:53 -0500] "GET /galeria/galeria/jquery.fancybox.css?v=2.1.5 HTTP/1.1" 200 4895
201.245.192.253 - - [21/Jul/2016:01:57:03 -0500] "POST /forms/lservlet;jsessionid=ac16012b30d6d7b74e4907534e0daea4f6386b2417c2.e3iSbxaKaheRe34Tax0PchuKax90n6jAmljGr5XDqQLvpAe HTTP/1.1" 200 2
66.249.64.165 - - [21/Jul/2016:01:57:07 -0500] "GET /BLA/resoluciones/RESOLUCIONES%202010/0858.pdf HTTP/1.1" 200 130330
66.249.64.185 - - [21/Jul/2016:01:57:07 -0500] "GET /ecodirectorio/files/res/mobile/page0040_i2.jpg HTTP/1.1" 200 205023
66.249.64.185 - - [21/Jul/2016:01:57:08 -0500] "GET /ecodirectorio/files/res/mobile/page0072_i2.jpg HTTP/1.1" 200 125485
66.249.64.185 - - [21/Jul/2016:01:57:08 -0500] "GET /ecodirectorio/files/res/mobile/page0002_i1.jpg HTTP/1.1" 200 65247
66.249.64.165 - - [21/Jul/2016:01:57:09 -0500] "GET /BLA/resoluciones/RESOLUCIONES%202008/5164.pdf HTTP/1.1" 200 348765
190.218.241.108 - - [21/Jul/2016:01:57:09 -0500] "GET /galeria/galeria/jquery.fancybox.js?v=2.1.5 HTTP/1.1" 304 -
190.218.241.108 - - [21/Jul/2016:01:57:09 -0500] "GET /galeria/galeria/jquery.fancybox.css?v=2.1.5 HTTP/1.1" 304 -
190.218.241.108 - - [21/Jul/2016:01:57:09 -0500] "GET /BLA/boletinlegal/js/jquery.scrollShow.js HTTP/1.1" 304 -
66.249.64.185 - - [21/Jul/2016:01:57:13 -0500] "GET /ecodirectorio/files/res/mobile/page0100_i1.jpg HTTP/1.1" 200 55065
66.249.64.185 - - [21/Jul/2016:01:57:20 -0500] "GET /ecodirectorio/files/res/mobile/page0159_i2.jpg HTTP/1.1" 200 114117
66.249.64.185 - - [21/Jul/2016:01:57:26 -0500] "GET /ecodirectorio/files/res/mobile/page0010_i1.jpg HTTP/1.1" 200 68188
181.142.146.101 - - [21/Jul/2016:01:57:32 -0500] "POST /forms/lservlet;jsessionid=ac16012b30d6e17fe838984d4f239499e779764a5139.e3iSbxaKaheRe34Tax0PchuKax90n6jAmljGr5XDqQLvpAe HTTP/1.1" 200 2
66.249.64.185 - - [21/Jul/2016:01:57:33 -0500] "GET /ecodirectorio/files/res/mobile/page0014_i2.jpg HTTP/1.1" 200 194924
192.168.175.104 - - [21/Jul/2016:01:57:35 -0500] "GET / HTTP/1.1" 200 9990
66.249.64.165 - - [21/Jul/2016:01:57:39 -0500] "GET /BLA/resoluciones/RESOLUCIONES%202013/1135.pdf HTTP/1.1" 304 -
66.249.64.185 - - [21/Jul/2016:01:57:40 -0500] "GET /ecodirectorio/files/res/mobile/page0093_i2.jpg HTTP/1.1" 200 155560
192.168.175.104 - - [21/Jul/2016:01:57:40 -0500] "GET / HTTP/1.0" 200 9990
66.249.64.185 - - [21/Jul/2016:01:57:46 -0500] "GET /ecodirectorio/files/res/mobile/page0151_i2.jpg HTTP/1.1" 200 109073
66.249.64.185 - - [21/Jul/2016:01:57:53 -0500] "GET /ecodirectorio/files/res/mobile/page0171_i1.jpg HTTP/1.1" 200 75580
66.249.64.185 - - [21/Jul/2016:01:58:00 -0500] "GET /ecodirectorio/files/res/mobile/page0034_i2.jpg HTTP/1.1" 200 147219
66.249.64.185 - - [21/Jul/2016:01:58:02 -0500] "GET /POT-2013/Cartografia/37_PROGRAMA%20DE%20MEJORAMIENTO%20INTEGRAL.pdf HTTP/1.1" 200 4112752
192.168.175.104 - - [21/Jul/2016:01:58:12 -0500] "GET / HTTP/1.1" 200 9990
66.249.64.165 - - [21/Jul/2016:01:58:14 -0500] "GET /BLA/resoluciones/RESOLUCIONES%202008/1688.pdf HTTP/1.1" 200 203300
66.249.64.185 - - [21/Jul/2016:01:58:14 -0500] "GET /ecodirectorio/files/res/mobile/page0069_i2.jpg HTTP/1.1" 200 143080
66.249.64.185 - - [21/Jul/2016:01:58:15 -0500] "GET /ecodirectorio/files/res/mobile/page0111_i1.jpg HTTP/1.1" 200 56285
