!C99Shell v. 1.0 pre-release build #13!

Software: Apache. PHP/5.5.15 

uname -a: Windows NT SVR-DMZ 6.1 build 7600 (Windows Server 2008 R2 Enterprise Edition) i586 

SYSTEM 

Safe-mode: OFF (not secure)

E:\nuevo\apache\logs\   drwxrwxrwx
Free 9.41 GB of 239.26 GB (3.93%)
Detected drives: [ a ] [ c ] [ d ] [ e ] [ f ]
Home    Back    Forward    UPDIR    Refresh    Search    Buffer    Encoder    Tools    Proc.    FTP brute    Sec.    SQL    PHP-code    Update    Feedback    Self remove    Logout    


Viewing file:     access.2016.07.21.log (10.27 MB)      -rw-rw-rw-
Select action/file-type:
(+) | (+) | (+) | Code (+) | Session (+) | (+) | SDB (+) | (+) | (+) | (+) | (+) | (+) |
190.158.64.28 - - [21/Jul/2016:00:00:41 -0500] "GET /galeria/galeria/jquery.fancybox.css?v=2.1.5 HTTP/1.1" 200 4895
190.158.64.28 - - [21/Jul/2016:00:00:41 -0500] "GET /BLA/boletinlegal/js/jquery.scrollShow.js HTTP/1.1" 200 4586
190.158.64.28 - - [21/Jul/2016:00:00:41 -0500] "GET /galeria/galeria/jquery.fancybox.js?v=2.1.5 HTTP/1.1" 200 48706
104.154.123.196 - - [21/Jul/2016:00:00:42 -0500] "GET /BLA/resoluciones/RESOLUCIONES%202007/RES%202007%203901%20AL%204000/RESOLUCION%203929%20DE%202007.pdf HTTP/1.1" 200 281834
104.154.123.58 - - [21/Jul/2016:00:00:44 -0500] "GET /BLA/resoluciones/RESOLUCIONES%202012/0659.pdf HTTP/1.1" 200 522987
190.158.64.28 - - [21/Jul/2016:00:00:46 -0500] "GET /BLA/boletinlegal/js/jquery.scrollShow.js HTTP/1.1" 304 -
190.158.64.28 - - [21/Jul/2016:00:00:46 -0500] "GET /galeria/galeria/jquery.fancybox.css?v=2.1.5 HTTP/1.1" 304 -
190.158.64.28 - - [21/Jul/2016:00:00:46 -0500] "GET /galeria/galeria/jquery.fancybox.js?v=2.1.5 HTTP/1.1" 304 -
66.249.64.165 - - [21/Jul/2016:00:00:47 -0500] "GET /transparencia/directorioservidores/abril2015.pdf HTTP/1.1" 304 -
201.245.192.253 - - [21/Jul/2016:00:00:50 -0500] "POST /forms/lservlet;jsessionid=ac16012b30d6d7b74e4907534e0daea4f6386b2417c2.e3iSbxaKaheRe34Tax0PchuKax90n6jAmljGr5XDqQLvpAe HTTP/1.1" 200 2
66.249.64.165 - - [21/Jul/2016:00:00:54 -0500] "GET /BLA/resoluciones/AUTOS%202014/5698.pdf HTTP/1.1" 304 -
66.249.64.165 - - [21/Jul/2016:00:01:04 -0500] "GET /BLA/resoluciones/RESOLUCIONES%202009/5372.pdf HTTP/1.1" 200 524187
181.142.146.101 - - [21/Jul/2016:00:01:06 -0500] "POST /forms/lservlet;jsessionid=ac16012b30d6e17fe838984d4f239499e779764a5139.e3iSbxaKaheRe34Tax0PchuKax90n6jAmljGr5XDqQLvpAe HTTP/1.1" 200 2
66.249.64.165 - - [21/Jul/2016:00:01:08 -0500] "GET /BLA/resoluciones/RESOLUCIONES%202012/1475.pdf HTTP/1.1" 304 -
66.249.64.165 - - [21/Jul/2016:00:01:14 -0500] "GET /BLA/resoluciones/RESOLUCIONES%202014/1488.pdf HTTP/1.1" 304 -
66.249.64.165 - - [21/Jul/2016:00:01:18 -0500] "GET /galeria/nivo-slider/demo/images/convocatoriasecretaria.jpg HTTP/1.1" 304 -
188.37.220.59 - - [21/Jul/2016:00:01:27 -0500] "GET /wp-login.php HTTP/1.1" 404 1018
69.162.124.232 - - [21/Jul/2016:00:01:42 -0500] "HEAD / HTTP/1.1" 200 -
66.249.64.165 - - [21/Jul/2016:00:01:57 -0500] "GET /BLA/resoluciones/RESOLUCIONES%202010/0904.pdf HTTP/1.1" 200 105070
66.249.64.165 - - [21/Jul/2016:00:02:02 -0500] "GET /BLA/resoluciones/Notificaciones/AUTOS%202014/0799.doc HTTP/1.1" 304 -
66.249.64.165 - - [21/Jul/2016:00:02:16 -0500] "GET /BLA/resoluciones/RESOLUCIONES%202012/1281.pdf HTTP/1.1" 304 -
104.154.123.31 - - [21/Jul/2016:00:02:21 -0500] "GET /BLA/resoluciones/RESOLUCIONES%202010/4621.pdf HTTP/1.1" 200 102464
66.249.64.165 - - [21/Jul/2016:00:02:23 -0500] "GET /BLA/resoluciones/RESOLUCIONES%202009/6931.pdf HTTP/1.1" 304 -
164.132.161.18 - - [21/Jul/2016:00:02:33 -0500] "GET /BLA/resoluciones/RESOLUCIONES%202005/RES%202005%2051-100/00000085.tif HTTP/1.1" 200 126254
66.249.64.187 - - [21/Jul/2016:00:02:37 -0500] "GET /POT-2013/Cartografia/09_EEP.pdf HTTP/1.1" 304 -
66.249.64.165 - - [21/Jul/2016:00:02:49 -0500] "GET /BLA/resoluciones/RESOLUCIONES%202009/5355.pdf HTTP/1.1" 200 415990
201.245.192.253 - - [21/Jul/2016:00:02:50 -0500] "POST /forms/lservlet;jsessionid=ac16012b30d6d7b74e4907534e0daea4f6386b2417c2.e3iSbxaKaheRe34Tax0PchuKax90n6jAmljGr5XDqQLvpAe HTTP/1.1" 200 2
66.249.64.165 - - [21/Jul/2016:00:02:57 -0500] "GET /BLA/resoluciones/AUTOS%202013/1178.pdf HTTP/1.1" 304 -
181.142.146.101 - - [21/Jul/2016:00:03:06 -0500] "POST /forms/lservlet;jsessionid=ac16012b30d6e17fe838984d4f239499e779764a5139.e3iSbxaKaheRe34Tax0PchuKax90n6jAmljGr5XDqQLvpAe HTTP/1.1" 200 2
66.249.69.165 - - [21/Jul/2016:00:03:17 -0500] "GET /BLA/resoluciones/RESOLUCIONES%202008/2179.pdf HTTP/1.1" 200 350258
192.168.175.104 - - [21/Jul/2016:00:03:21 -0500] "GET / HTTP/1.1" 200 9990
192.168.175.104 - - [21/Jul/2016:00:03:26 -0500] "GET / HTTP/1.0" 200 9990
51.255.65.81 - - [21/Jul/2016:00:03:30 -0500] "GET /BLA/resoluciones/RESOLUCIONES%202003/RES%202003%202151-2189/20032169.tif HTTP/1.1" 200 189702
66.249.64.165 - - [21/Jul/2016:00:03:31 -0500] "GET /BLA/resoluciones/RESOLUCIONES%202010/2771.pdf HTTP/1.1" 304 -
66.249.64.165 - - [21/Jul/2016:00:03:40 -0500] "GET /BLA/resoluciones/Autos%202008/1005.pdf HTTP/1.1" 200 77248
66.249.64.165 - - [21/Jul/2016:00:03:41 -0500] "GET /BLA/resoluciones/RESOLUCIONES%202009/8539.pdf HTTP/1.1" 200 542447
104.154.123.123 - - [21/Jul/2016:00:03:42 -0500] "GET /BLA/resoluciones/RESOLUCIONES%202009/1957.pdf HTTP/1.1" 200 515973
104.154.123.31 - - [21/Jul/2016:00:03:45 -0500] "GET /BLA/resoluciones/RESOLUCIONES%202013/2153.pdf HTTP/1.1" 200 689228
192.168.175.104 - - [21/Jul/2016:00:03:54 -0500] "GET / HTTP/1.1" 200 9990
190.157.245.142 - - [21/Jul/2016:00:03:57 -0500] "-" 408 -
190.157.245.142 - - [21/Jul/2016:00:03:57 -0500] "-" 408 -
104.154.123.123 - - [21/Jul/2016:00:04:03 -0500] "GET /BLA/resoluciones/RESOLUCIONES%202007/RES%202007%203501%20AL%203600/RESOLUCION%203590%20DE%202007.pdf HTTP/1.1" 200 293931
104.154.123.41 - - [21/Jul/2016:00:04:16 -0500] "GET /BLA/resoluciones/RESOLUCIONES%202011/6413.pdf HTTP/1.1" 200 961578
66.249.64.185 - - [21/Jul/2016:00:04:34 -0500] "GET /SIG/Gestion%20Documental/126PA06-PR08%20CONTROL%20Y%20TRAITE%20CORRESPONDENCIA%20EXTERNA%20RECIBIDA.pdf HTTP/1.1" 200 283874
66.249.64.165 - - [21/Jul/2016:00:04:46 -0500] "GET /autoliquidacion/PERMISO%20DE%20OCUPACION%20DE%20SUELO/FORMATO%20DE%20SOLICITUD%20PERMISO%20DE%20CAUCES%20POC%20MODIFICADO_29072014.xls HTTP/1.1" 304 -
201.245.192.253 - - [21/Jul/2016:00:04:50 -0500] "POST /forms/lservlet;jsessionid=ac16012b30d6d7b74e4907534e0daea4f6386b2417c2.e3iSbxaKaheRe34Tax0PchuKax90n6jAmljGr5XDqQLvpAe HTTP/1.1" 200 2
66.249.64.165 - - [21/Jul/2016:00:04:52 -0500] "GET /portel_dama/libreria/php/2006/restauracion/22_proye/xtras_in/3a.pdf HTTP/1.1" 404 1018
66.249.64.165 - - [21/Jul/2016:00:04:53 -0500] "GET /BLA/resoluciones/AUTOS%202013/2013.pdf HTTP/1.1" 304 -
66.249.64.165 - - [21/Jul/2016:00:05:00 -0500] "GET /BLA/resoluciones/RESOLUCIONES%202014/3050.pdf HTTP/1.1" 304 -
181.142.146.101 - - [21/Jul/2016:00:05:06 -0500] "POST /forms/lservlet;jsessionid=ac16012b30d6e17fe838984d4f239499e779764a5139.e3iSbxaKaheRe34Tax0PchuKax90n6jAmljGr5XDqQLvpAe HTTP/1.1" 200 2
66.249.64.165 - - [21/Jul/2016:00:05:06 -0500] "GET /BLA/resoluciones/RESOLUCIONES%202008/0896.pdf HTTP/1.1" 304 -
66.249.64.185 - - [21/Jul/2016:00:05:20 -0500] "GET /ecodirectorio/files/res/downloads/download_0062.pdf HTTP/1.1" 304 -
66.249.64.165 - - [21/Jul/2016:00:05:26 -0500] "GET /BLA/resoluciones/AUTOS%202008/2187.pdf HTTP/1.1" 200 79401
66.249.64.165 - - [21/Jul/2016:00:05:27 -0500] "GET /BLA/resoluciones/RESOLUCIONES%202009/2840.pdf HTTP/1.1" 304 -
66.249.64.165 - - [21/Jul/2016:00:05:33 -0500] "GET /autoliquidacion/index.php?dir=TR%C1MITES+ACEITES-RESIDUOS-ESTACIONES%2FREGISTRO+ACEITE+VEGETAL+USADO%2F HTTP/1.1" 200 3439
104.154.123.31 - - [21/Jul/2016:00:06:00 -0500] "GET /BLA/resoluciones/RESOLUCIONES%202009/7638.pdf HTTP/1.1" 200 998591
66.249.64.165 - - [21/Jul/2016:00:06:01 -0500] "GET /BLA/resoluciones/AUTOS%202012/2531.pdf HTTP/1.1" 304 -
66.249.64.165 - - [21/Jul/2016:00:06:19 -0500] "GET /BLA/resoluciones/AUTOS%202013/2927.pdf HTTP/1.1" 200 2000622
66.249.64.185 - - [21/Jul/2016:00:06:34 -0500] "GET /BLA/boletinlegal/jurisprudencia/analisis/G__Jurisp.%20Junio%202014_Sent%20Tutela%20Drumond.docx HTTP/1.1" 304 -
186.113.72.247 - - [21/Jul/2016:00:06:34 -0500] "GET /galeria/galeria/jquery.fancybox.css?v=2.1.5 HTTP/1.1" 200 4895
186.113.72.247 - - [21/Jul/2016:00:06:34 -0500] "GET /BLA/boletinlegal/js/jquery.scrollShow.js HTTP/1.1" 200 4586
186.113.72.247 - - [21/Jul/2016:00:06:34 -0500] "GET /galeria/galeria/jquery.fancybox.js?v=2.1.5 HTTP/1.1" 200 48706
186.113.72.247 - - [21/Jul/2016:00:06:35 -0500] "GET /galeria/carrusel/Carrusel/jquery.thumbnailScroller.css HTTP/1.1" 200 2066
186.113.72.247 - - [21/Jul/2016:00:06:39 -0500] "GET /galeria/carrusel/Carrusel/jquery-ui-1.8.13.custom.min.js HTTP/1.1" 200 10800
186.113.72.247 - - [21/Jul/2016:00:06:40 -0500] "GET /galeria/carrusel/Carrusel/jquery.thumbnailScroller.js HTTP/1.1" 200 8157
186.113.72.247 - - [21/Jul/2016:00:06:40 -0500] "GET /galeria/nivo-slider/demo/demo.html HTTP/1.1" 200 4730
186.113.72.247 - - [21/Jul/2016:00:06:41 -0500] "GET /galeria/nivo-slider/themes/pascal/pascal.css HTTP/1.1" 200 2258
186.113.72.247 - - [21/Jul/2016:00:06:41 -0500] "GET /galeria/nivo-slider/themes/default/default.css HTTP/1.1" 200 1569
186.113.72.247 - - [21/Jul/2016:00:06:41 -0500] "GET /galeria/nivo-slider/themes/orman/orman.css HTTP/1.1" 200 2152
186.113.72.247 - - [21/Jul/2016:00:06:41 -0500] "GET /galeria/nivo-slider/nivo-slider.css HTTP/1.1" 200 1507
186.113.72.247 - - [21/Jul/2016:00:06:41 -0500] "GET /galeria/nivo-slider/demo/style.css HTTP/1.1" 200 2222
186.113.72.247 - - [21/Jul/2016:00:06:41 -0500] "GET /galeria/nivo-slider/demo/images/SUPERCADECRA30.jpg HTTP/1.1" 200 127549
186.113.72.247 - - [21/Jul/2016:00:06:41 -0500] "GET /galeria/nivo-slider/demo/scripts/jquery-1.7.1.min.js HTTP/1.1" 200 93868
186.113.72.247 - - [21/Jul/2016:00:06:41 -0500] "GET /galeria/nivo-slider/jquery.nivo.slider.pack.js HTTP/1.1" 200 11561
186.113.72.247 - - [21/Jul/2016:00:06:41 -0500] "GET /galeria/nivo-slider/demo/images/SUPERCADESUBA.jpg HTTP/1.1" 200 127509
186.113.72.247 - - [21/Jul/2016:00:06:41 -0500] "GET /galeria/nivo-slider/demo/images/convocatoriasecretaria.jpg HTTP/1.1" 200 129365
186.113.72.247 - - [21/Jul/2016:00:06:42 -0500] "GET /galeria/nivo-slider/demo/images/BANNERVISORGEOGRAFICO.jpg HTTP/1.1" 200 78514
69.162.124.232 - - [21/Jul/2016:00:06:42 -0500] "HEAD / HTTP/1.1" 200 -
186.113.72.247 - - [21/Jul/2016:00:06:43 -0500] "GET /galeria/nivo-slider/demo/images/BANNERCONFORMACIONGESTIONAMBIENTAL.jpg HTTP/1.1" 200 161009
186.113.72.247 - - [21/Jul/2016:00:06:43 -0500] "GET /galeria/nivo-slider/demo/images/vegetal.jpg HTTP/1.1" 200 216080
186.113.72.247 - - [21/Jul/2016:00:06:44 -0500] "GET /galeria/nivo-slider/demo/images/bannergenCAPACITACIONES-01.jpg HTTP/1.1" 200 153433
186.113.72.247 - - [21/Jul/2016:00:06:44 -0500] "GET /galeria/nivo-slider/demo/images/BANNERMADERALEGAL.jpg HTTP/1.1" 200 165750
186.113.72.247 - - [21/Jul/2016:00:06:45 -0500] "GET /galeria/nivo-slider/demo/images/Banner_wgic.jpg HTTP/1.1" 200 139000
186.113.72.247 - - [21/Jul/2016:00:06:45 -0500] "GET /galeria/nivo-slider/demo/images/ABC-Plan-de-contigencia.jpg HTTP/1.1" 200 423901
186.113.72.247 - - [21/Jul/2016:00:06:45 -0500] "GET /galeria/nivo-slider/themes/default/loading.gif HTTP/1.1" 200 1737
186.113.72.247 - - [21/Jul/2016:00:06:45 -0500] "GET /galeria/nivo-slider/demo/images/4Simple_Slider.png HTTP/1.1" 200 11722
186.113.72.247 - - [21/Jul/2016:00:06:46 -0500] "GET /galeria/nivo-slider/demo/images/ACOPIADORESYGESTORES.jpg HTTP/1.1" 200 118791
186.113.72.247 - - [21/Jul/2016:00:06:46 -0500] "GET /galeria/nivo-slider/demo/images/caminata-ecologica.jpg HTTP/1.1" 200 192926
186.113.72.247 - - [21/Jul/2016:00:06:48 -0500] "GET /galeria/nivo-slider/demo/images/Cmapana-onestidad.jpg HTTP/1.1" 200 141638
186.113.72.247 - - [21/Jul/2016:00:06:49 -0500] "GET /galeria/nivo-slider/demo/images/banner-llantas2.jpg HTTP/1.1" 200 234514
186.113.72.247 - - [21/Jul/2016:00:06:50 -0500] "GET /galeria/nivo-slider/demo/images/9Signos.jpg HTTP/1.1" 200 81776
201.245.192.253 - - [21/Jul/2016:00:06:51 -0500] "POST /forms/lservlet;jsessionid=ac16012b30d6d7b74e4907534e0daea4f6386b2417c2.e3iSbxaKaheRe34Tax0PchuKax90n6jAmljGr5XDqQLvpAe HTTP/1.1" 200 2
186.113.72.247 - - [21/Jul/2016:00:06:51 -0500] "GET /galeria/nivo-slider/demo/images/Ruta-vertimientos-01.jpg HTTP/1.1" 200 130151
186.113.72.247 - - [21/Jul/2016:00:06:51 -0500] "GET /galeria/nivo-slider/demo/images/bolsas-06.jpg HTTP/1.1" 200 210950
66.249.64.165 - - [21/Jul/2016:00:06:53 -0500] "GET /BLA/resoluciones/RESOLUCIONES%202008/0409.pdf HTTP/1.1" 304 -
186.113.72.247 - - [21/Jul/2016:00:06:58 -0500] "GET /galeria/nivo-slider/themes/default/arrows.png HTTP/1.1" 200 824
186.113.72.247 - - [21/Jul/2016:00:06:58 -0500] "GET /galeria/nivo-slider/themes/default/bullets.png HTTP/1.1" 200 1281
66.249.64.165 - - [21/Jul/2016:00:07:00 -0500] "GET /BLA/resoluciones/AUTOS%202014/3301.pdf HTTP/1.1" 304 -
181.142.146.101 - - [21/Jul/2016:00:07:06 -0500] "POST /forms/lservlet;jsessionid=ac16012b30d6e17fe838984d4f239499e779764a5139.e3iSbxaKaheRe34Tax0PchuKax90n6jAmljGr5XDqQLvpAe HTTP/1.1" 200 2
66.249.64.165 - - [21/Jul/2016:00:07:11 -0500] "GET /BLA/resoluciones/RESOLUCIONES%202009/2108.pdf HTTP/1.1" 200 437581
66.249.64.165 - - [21/Jul/2016:00:07:13 -0500] "GET /BLA/resoluciones/RESOLUCIONES%202010/6491.pdf HTTP/1.1" 304 -
66.249.64.165 - - [21/Jul/2016:00:07:20 -0500] "GET /BLA/resoluciones/AUTOS%202014/1361.pdf HTTP/1.1" 304 -
180.76.15.134 - - [21/Jul/2016:00:07:23 -0500] "GET / HTTP/1.1" 200 9990
66.249.64.165 - - [21/Jul/2016:00:07:39 -0500] "GET /galeria/nivo-slider/demo/images/BANNERVISORGEOGRAFICO.jpg HTTP/1.1" 304 -
66.249.64.165 - - [21/Jul/2016:00:07:53 -0500] "GET /BLA/resoluciones/AUTOS%202015/1052.pdf HTTP/1.1" 304 -
190.240.201.50 - - [21/Jul/2016:00:07:54 -0500] "GET /BLA/resoluciones/RESOLUCIONES%202007/RES%202007%201501%20AL%201600/RESOLUCION%201576%20DE%202007.pdf HTTP/1.1" 200 511568
190.240.201.50 - - [21/Jul/2016:00:07:54 -0500] "GET /favicon.ico HTTP/1.1" 200 7782
190.240.201.50 - - [21/Jul/2016:00:07:54 -0500] "GET /BLA/resoluciones/RESOLUCIONES%202007/RES%202007%201501%20AL%201600/RESOLUCION%201576%20DE%202007.pdf HTTP/1.1" 206 230060
66.249.64.165 - - [21/Jul/2016:00:08:04 -0500] "GET /BLA/resoluciones/RESOLUCIONES%202010/1479.pdf HTTP/1.1" 200 466909
192.168.175.104 - - [21/Jul/2016:00:08:19 -0500] "GET / HTTP/1.1" 200 9990
192.168.175.104 - - [21/Jul/2016:00:08:24 -0500] "GET / HTTP/1.0" 200 9990
66.249.69.168 - - [21/Jul/2016:00:08:36 -0500] "GET /BLA/resoluciones/AUTOS%202014/6475.pdf HTTP/1.1" 304 -
201.245.192.253 - - [21/Jul/2016:00:08:51 -0500] "POST /forms/lservlet;jsessionid=ac16012b30d6d7b74e4907534e0daea4f6386b2417c2.e3iSbxaKaheRe34Tax0PchuKax90n6jAmljGr5XDqQLvpAe HTTP/1.1" 200 2
192.168.175.104 - - [21/Jul/2016:00:08:51 -0500] "GET / HTTP/1.1" 200 9990
66.249.64.165 - - [21/Jul/2016:00:08:56 -0500] "GET /BLA/resoluciones/RESOLUCIONES%202009/4709.pdf HTTP/1.1" 200 569665
66.249.64.165 - - [21/Jul/2016:00:09:00 -0500] "GET /portalsiaccapacitaciones/0054.%20Experiencia%20SDA%20Criterios%20Ambientales%20y%20Gesti%C3%B3n%20Contractual%2013-11-2013.pdf HTTP/1.1" 404 1018
181.142.146.101 - - [21/Jul/2016:00:09:06 -0500] "POST /forms/lservlet;jsessionid=ac16012b30d6e17fe838984d4f239499e779764a5139.e3iSbxaKaheRe34Tax0PchuKax90n6jAmljGr5XDqQLvpAe HTTP/1.1" 200 2
66.249.64.183 - - [21/Jul/2016:00:09:07 -0500] "GET /portel_dama/libreria/php/2006/restauracion/33_publi/secc/42.html HTTP/1.1" 404 1019
66.249.64.183 - - [21/Jul/2016:00:09:27 -0500] "GET /pread332/pread/pread.htm HTTP/1.1" 404 1019
66.249.64.165 - - [21/Jul/2016:00:09:49 -0500] "GET /BLA/resoluciones/AUTOS%202008/2146.pdf HTTP/1.1" 200 100312
66.249.64.187 - - [21/Jul/2016:00:10:14 -0500] "GET /dama/libreria/pdf/pigas/PIGA_alcaldia_santafe/PIGA_LOC_Santa_fe.pdf HTTP/1.1" 404 1019
66.249.64.142 - - [21/Jul/2016:00:10:21 -0500] "GET /dama/libreria/php/decide.php?patron=03.14 HTTP/1.1" 404 1015
186.113.72.247 - - [21/Jul/2016:00:10:21 -0500] "GET /BLA/boletinlegal/js/jquery.scrollShow.js HTTP/1.1" 304 -
186.113.72.247 - - [21/Jul/2016:00:10:24 -0500] "GET /galeria/galeria/jquery.fancybox.css?v=2.1.5 HTTP/1.1" 304 -
186.113.72.247 - - [21/Jul/2016:00:10:42 -0500] "GET /galeria/galeria/jquery.fancybox.js?v=2.1.5 HTTP/1.1" 304 -
66.249.64.165 - - [21/Jul/2016:00:10:48 -0500] "GET /BLA/resoluciones/AUTOS%202008/0075.pdf HTTP/1.1" 200 153368
201.245.192.253 - - [21/Jul/2016:00:10:51 -0500] "POST /forms/lservlet;jsessionid=ac16012b30d6d7b74e4907534e0daea4f6386b2417c2.e3iSbxaKaheRe34Tax0PchuKax90n6jAmljGr5XDqQLvpAe HTTP/1.1" 200 2
66.249.64.165 - - [21/Jul/2016:00:11:02 -0500] "GET /BLA/resoluciones/AUTOS%202010/1903.pdf HTTP/1.1" 200 144935
181.142.146.101 - - [21/Jul/2016:00:11:06 -0500] "POST /forms/lservlet;jsessionid=ac16012b30d6e17fe838984d4f239499e779764a5139.e3iSbxaKaheRe34Tax0PchuKax90n6jAmljGr5XDqQLvpAe HTTP/1.1" 200 2
66.249.64.147 - - [21/Jul/2016:00:11:09 -0500] "GET /concurso_calidad/ HTTP/1.1" 404 1015
66.249.75.235 - - [21/Jul/2016:00:11:14 -0500] "GET /BLA/resoluciones/RESOLUCIONES%202011/5532.pdf HTTP/1.1" 304 -
66.249.64.187 - - [21/Jul/2016:00:11:14 -0500] "GET /dama/libreria/php/decide.php?patron=03.1305020113&numm=16 HTTP/1.1" 404 1019
66.249.64.145 - - [21/Jul/2016:00:11:21 -0500] "GET /dama/libreria/php/decide.php?patron=03.120402 HTTP/1.1" 404 1015
190.158.64.28 - - [21/Jul/2016:00:11:29 -0500] "GET /galeria/carrusel/Carrusel/jquery.thumbnailScroller.css HTTP/1.1" 200 2066
190.158.64.28 - - [21/Jul/2016:00:11:29 -0500] "GET /galeria/carrusel/Carrusel/jquery-ui-1.8.13.custom.min.js HTTP/1.1" 200 10800
190.158.64.28 - - [21/Jul/2016:00:11:29 -0500] "GET /galeria/carrusel/Carrusel/jquery.thumbnailScroller.js HTTP/1.1" 200 8157
190.158.64.28 - - [21/Jul/2016:00:11:29 -0500] "GET /galeria/nivo-slider/demo/demo.html HTTP/1.1" 200 4730
190.158.64.28 - - [21/Jul/2016:00:11:30 -0500] "GET /galeria/nivo-slider/themes/default/default.css HTTP/1.1" 200 1569
190.158.64.28 - - [21/Jul/2016:00:11:30 -0500] "GET /galeria/nivo-slider/themes/pascal/pascal.css HTTP/1.1" 200 2258
190.158.64.28 - - [21/Jul/2016:00:11:30 -0500] "GET /galeria/nivo-slider/themes/orman/orman.css HTTP/1.1" 200 2152
190.158.64.28 - - [21/Jul/2016:00:11:30 -0500] "GET /galeria/nivo-slider/nivo-slider.css HTTP/1.1" 200 1507
190.158.64.28 - - [21/Jul/2016:00:11:30 -0500] "GET /galeria/nivo-slider/demo/style.css HTTP/1.1" 200 2222
190.158.64.28 - - [21/Jul/2016:00:11:30 -0500] "GET /galeria/nivo-slider/demo/scripts/jquery-1.7.1.min.js HTTP/1.1" 200 93868
190.158.64.28 - - [21/Jul/2016:00:11:30 -0500] "GET /galeria/nivo-slider/demo/images/SUPERCADECRA30.jpg HTTP/1.1" 200 127549
190.158.64.28 - - [21/Jul/2016:00:11:30 -0500] "GET /galeria/nivo-slider/jquery.nivo.slider.pack.js HTTP/1.1" 200 11561
190.158.64.28 - - [21/Jul/2016:00:11:30 -0500] "GET /galeria/nivo-slider/demo/images/SUPERCADESUBA.jpg HTTP/1.1" 200 127509
190.158.64.28 - - [21/Jul/2016:00:11:30 -0500] "GET /galeria/nivo-slider/demo/images/convocatoriasecretaria.jpg HTTP/1.1" 200 129365
190.158.64.28 - - [21/Jul/2016:00:11:30 -0500] "GET /galeria/nivo-slider/demo/images/BANNERVISORGEOGRAFICO.jpg HTTP/1.1" 200 78514
190.158.64.28 - - [21/Jul/2016:00:11:30 -0500] "GET /galeria/nivo-slider/demo/images/BANNERCONFORMACIONGESTIONAMBIENTAL.jpg HTTP/1.1" 200 161009
190.158.64.28 - - [21/Jul/2016:00:11:32 -0500] "GET /galeria/nivo-slider/themes/default/loading.gif HTTP/1.1" 200 1737
190.158.64.28 - - [21/Jul/2016:00:11:32 -0500] "GET /galeria/nivo-slider/demo/images/4Simple_Slider.png HTTP/1.1" 200 11722
190.158.64.28 - - [21/Jul/2016:00:11:32 -0500] "GET /galeria/nivo-slider/demo/images/vegetal.jpg HTTP/1.1" 200 216080
190.158.64.28 - - [21/Jul/2016:00:11:32 -0500] "GET /galeria/nivo-slider/demo/images/bannergenCAPACITACIONES-01.jpg HTTP/1.1" 200 153433
190.158.64.28 - - [21/Jul/2016:00:11:32 -0500] "GET /galeria/nivo-slider/demo/images/BANNERMADERALEGAL.jpg HTTP/1.1" 200 165750
190.158.64.28 - - [21/Jul/2016:00:11:32 -0500] "GET /galeria/nivo-slider/demo/images/Banner_wgic.jpg HTTP/1.1" 200 139000
190.158.64.28 - - [21/Jul/2016:00:11:32 -0500] "GET /galeria/nivo-slider/demo/images/ACOPIADORESYGESTORES.jpg HTTP/1.1" 200 118791
190.158.64.28 - - [21/Jul/2016:00:11:32 -0500] "GET /galeria/nivo-slider/demo/images/ABC-Plan-de-contigencia.jpg HTTP/1.1" 200 423901
190.158.64.28 - - [21/Jul/2016:00:11:33 -0500] "GET /galeria/nivo-slider/demo/images/caminata-ecologica.jpg HTTP/1.1" 200 192926
190.158.64.28 - - [21/Jul/2016:00:11:34 -0500] "GET /galeria/nivo-slider/demo/images/Cmapana-onestidad.jpg HTTP/1.1" 200 141638
190.158.64.28 - - [21/Jul/2016:00:11:34 -0500] "GET /galeria/nivo-slider/demo/images/banner-llantas2.jpg HTTP/1.1" 200 234514
190.158.64.28 - - [21/Jul/2016:00:11:34 -0500] "GET /galeria/nivo-slider/demo/images/9Signos.jpg HTTP/1.1" 200 81776
190.158.64.28 - - [21/Jul/2016:00:11:34 -0500] "GET /galeria/nivo-slider/demo/images/Ruta-vertimientos-01.jpg HTTP/1.1" 200 130151
190.158.64.28 - - [21/Jul/2016:00:11:35 -0500] "GET /galeria/nivo-slider/demo/images/bolsas-06.jpg HTTP/1.1" 200 210950
66.249.64.165 - - [21/Jul/2016:00:11:35 -0500] "GET /BLA/resoluciones/AUTOS%202013/2135.pdf HTTP/1.1" 200 390778
66.249.64.183 - - [21/Jul/2016:00:11:37 -0500] "GET /portalsiaccapacitaciones/Soportes%20Capacitaciones%20A%C3%B1o%202013/0012.%20Presentaci%C3%B3n%20Resoluci%C3%B3n%20Escombros%2023-05-13.pdf HTTP/1.1" 404 1019
66.249.64.185 - - [21/Jul/2016:00:11:41 -0500] "GET /dama/libreria/php/frame_detalle.php?h_id=820 HTTP/1.1" 404 1019
190.158.64.28 - - [21/Jul/2016:00:11:41 -0500] "GET /galeria/nivo-slider/themes/default/arrows.png HTTP/1.1" 200 824
190.158.64.28 - - [21/Jul/2016:00:11:41 -0500] "GET /galeria/nivo-slider/themes/default/bullets.png HTTP/1.1" 200 1281
69.162.124.232 - - [21/Jul/2016:00:11:42 -0500] "HEAD / HTTP/1.1" 200 -
190.25.96.81 - - [21/Jul/2016:00:11:51 -0500] "GET /BLA/boletinlegal/js/jquery.scrollShow.js HTTP/1.1" 200 4586
190.25.96.81 - - [21/Jul/2016:00:11:51 -0500] "GET /galeria/galeria/jquery.fancybox.css?v=2.1.5 HTTP/1.1" 200 4895
190.25.96.81 - - [21/Jul/2016:00:11:51 -0500] "GET /galeria/galeria/jquery.fancybox.js?v=2.1.5 HTTP/1.1" 200 48706
190.25.96.81 - - [21/Jul/2016:00:11:51 -0500] "GET /galeria/carrusel/Carrusel/jquery.thumbnailScroller.css HTTP/1.1" 200 2066
190.25.96.81 - - [21/Jul/2016:00:11:51 -0500] "GET /galeria/carrusel/Carrusel/jquery-ui-1.8.13.custom.min.js HTTP/1.1" 200 10800
190.25.96.81 - - [21/Jul/2016:00:11:51 -0500] "GET /galeria/carrusel/Carrusel/jquery.thumbnailScroller.js HTTP/1.1" 200 8157
190.26.144.244 - - [21/Jul/2016:00:11:53 -0500] "GET /BLA/boletinlegal/js/jquery.scrollShow.js HTTP/1.1" 200 4586
190.26.144.244 - - [21/Jul/2016:00:11:53 -0500] "GET /galeria/galeria/jquery.fancybox.js?v=2.1.5 HTTP/1.1" 200 48706
190.26.144.244 - - [21/Jul/2016:00:11:53 -0500] "GET /galeria/galeria/jquery.fancybox.css?v=2.1.5 HTTP/1.1" 200 4895
190.25.96.81 - - [21/Jul/2016:00:11:54 -0500] "GET /galeria/nivo-slider/demo/demo.html HTTP/1.1" 200 4730
190.25.96.81 - - [21/Jul/2016:00:11:54 -0500] "GET /galeria/nivo-slider/themes/default/default.css HTTP/1.1" 200 1569
190.25.96.81 - - [21/Jul/2016:00:11:54 -0500] "GET /galeria/nivo-slider/themes/pascal/pascal.css HTTP/1.1" 200 2258
190.25.96.81 - - [21/Jul/2016:00:11:54 -0500] "GET /galeria/nivo-slider/themes/orman/orman.css HTTP/1.1" 200 2152
190.25.96.81 - - [21/Jul/2016:00:11:54 -0500] "GET /galeria/nivo-slider/nivo-slider.css HTTP/1.1" 200 1507
190.25.96.81 - - [21/Jul/2016:00:11:54 -0500] "GET /galeria/nivo-slider/demo/style.css HTTP/1.1" 200 2222
190.25.96.81 - - [21/Jul/2016:00:11:54 -0500] "GET /galeria/nivo-slider/demo/images/SUPERCADECRA30.jpg HTTP/1.1" 200 127549
190.25.96.81 - - [21/Jul/2016:00:11:54 -0500] "GET /galeria/nivo-slider/demo/scripts/jquery-1.7.1.min.js HTTP/1.1" 200 93868
190.25.96.81 - - [21/Jul/2016:00:11:54 -0500] "GET /galeria/nivo-slider/jquery.nivo.slider.pack.js HTTP/1.1" 200 11561
190.25.96.81 - - [21/Jul/2016:00:11:54 -0500] "GET /galeria/nivo-slider/demo/images/SUPERCADESUBA.jpg HTTP/1.1" 200 127509
190.25.96.81 - - [21/Jul/2016:00:11:54 -0500] "GET /galeria/nivo-slider/demo/images/convocatoriasecretaria.jpg HTTP/1.1" 200 129365
190.25.96.81 - - [21/Jul/2016:00:11:54 -0500] "GET /galeria/nivo-slider/demo/images/BANNERVISORGEOGRAFICO.jpg HTTP/1.1" 200 78514
66.249.64.141 - - [21/Jul/2016:00:11:55 -0500] "GET /portalsiaccapacitaciones/Soportes%20Capacitaciones%20A%C3%B1o%202013/0035%20Gu%C3%ADa%20de%20Tramites%2005-09-2013.pdf HTTP/1.1" 404 1015
190.25.96.81 - - [21/Jul/2016:00:11:55 -0500] "GET /galeria/nivo-slider/demo/images/BANNERCONFORMACIONGESTIONAMBIENTAL.jpg HTTP/1.1" 200 161009
190.25.96.81 - - [21/Jul/2016:00:11:56 -0500] "GET /galeria/nivo-slider/demo/images/vegetal.jpg HTTP/1.1" 200 216080
190.25.96.81 - - [21/Jul/2016:00:11:56 -0500] "GET /galeria/nivo-slider/demo/images/BANNERMADERALEGAL.jpg HTTP/1.1" 200 165750
190.25.96.81 - - [21/Jul/2016:00:11:57 -0500] "GET /galeria/nivo-slider/demo/images/bannergenCAPACITACIONES-01.jpg HTTP/1.1" 200 153433
190.25.96.81 - - [21/Jul/2016:00:11:57 -0500] "GET /galeria/nivo-slider/demo/images/Banner_wgic.jpg HTTP/1.1" 200 139000
190.25.96.81 - - [21/Jul/2016:00:11:57 -0500] "GET /galeria/nivo-slider/demo/images/ABC-Plan-de-contigencia.jpg HTTP/1.1" 200 423901
190.25.96.81 - - [21/Jul/2016:00:11:58 -0500] "GET /galeria/nivo-slider/demo/images/ACOPIADORESYGESTORES.jpg HTTP/1.1" 200 118791
190.25.96.81 - - [21/Jul/2016:00:11:59 -0500] "GET /galeria/nivo-slider/demo/images/caminata-ecologica.jpg HTTP/1.1" 200 192926
190.25.96.81 - - [21/Jul/2016:00:11:59 -0500] "GET /galeria/nivo-slider/demo/images/Cmapana-onestidad.jpg HTTP/1.1" 200 141638
190.25.96.81 - - [21/Jul/2016:00:12:00 -0500] "GET /galeria/nivo-slider/demo/images/banner-llantas2.jpg HTTP/1.1" 200 234514
190.25.96.81 - - [21/Jul/2016:00:12:00 -0500] "GET /galeria/nivo-slider/demo/images/9Signos.jpg HTTP/1.1" 200 81776
190.25.96.81 - - [21/Jul/2016:00:12:00 -0500] "GET /galeria/nivo-slider/demo/images/Ruta-vertimientos-01.jpg HTTP/1.1" 200 130151
190.25.96.81 - - [21/Jul/2016:00:12:01 -0500] "GET /galeria/nivo-slider/demo/images/bolsas-06.jpg HTTP/1.1" 200 210950
66.249.64.141 - - [21/Jul/2016:00:12:01 -0500] "GET /silvicultura/ HTTP/1.1" 404 1015
190.25.96.81 - - [21/Jul/2016:00:12:01 -0500] "GET /galeria/nivo-slider/demo/images/4Simple_Slider.png HTTP/1.1" 200 11722
190.25.96.81 - - [21/Jul/2016:00:12:01 -0500] "GET /galeria/nivo-slider/themes/default/loading.gif HTTP/1.1" 200 1737
190.25.96.81 - - [21/Jul/2016:00:12:03 -0500] "GET /galeria/nivo-slider/themes/default/arrows.png HTTP/1.1" 200 824
190.25.96.81 - - [21/Jul/2016:00:12:03 -0500] "GET /galeria/nivo-slider/themes/default/bullets.png HTTP/1.1" 200 1281
66.249.64.142 - - [21/Jul/2016:00:12:08 -0500] "GET /dama/libreria/php/frame_detalle.php HTTP/1.1" 404 1015
66.249.64.165 - - [21/Jul/2016:00:12:14 -0500] "GET /resoluciones/RESOLUCIONES%202007/RES%202007%202001%20AL%202100/RESOLUCION%202050%20DE%202007.pdf HTTP/1.1" 404 1018
66.249.64.141 - - [21/Jul/2016:00:12:21 -0500] "GET /counter/digits/microsc/ HTTP/1.1" 404 1015
190.26.144.244 - - [21/Jul/2016:00:12:24 -0500] "GET /BLA/boletinlegal/js/jquery.scrollShow.js HTTP/1.1" 304 -
190.26.144.244 - - [21/Jul/2016:00:12:24 -0500] "GET /galeria/galeria/jquery.fancybox.js?v=2.1.5 HTTP/1.1" 304 -
190.26.144.244 - - [21/Jul/2016:00:12:24 -0500] "GET /galeria/galeria/jquery.fancybox.css?v=2.1.5 HTTP/1.1" 304 -
66.249.64.165 - - [21/Jul/2016:00:12:28 -0500] "GET /BLA/resoluciones/RESOLUCIONES%202011/3714.pdf HTTP/1.1" 304 -
66.249.64.165 - - [21/Jul/2016:00:12:34 -0500] "GET /resoluciones/RESOLUCIONES%202007/RES%202007%20201%20AL%20300/RESOLUCION%200243%20DE%202007.pdf HTTP/1.1" 404 1018
186.147.83.167 - - [21/Jul/2016:00:12:38 -0500] "GET /BLA/boletinlegal/js/jquery.scrollShow.js HTTP/1.1" 200 4586
186.147.83.167 - - [21/Jul/2016:00:12:40 -0500] "GET /galeria/galeria/jquery.fancybox.css?v=2.1.5 HTTP/1.1" 200 4895
186.147.83.167 - - [21/Jul/2016:00:12:40 -0500] "GET /galeria/galeria/jquery.fancybox.js?v=2.1.5 HTTP/1.1" 200 48706
66.249.64.141 - - [21/Jul/2016:00:12:41 -0500] "GET /pga/ HTTP/1.1" 404 1015
66.249.64.185 - - [21/Jul/2016:00:12:48 -0500] "GET /dama/libreria/php/decide.php?patron=03.120602 HTTP/1.1" 404 1019
201.245.192.253 - - [21/Jul/2016:00:12:51 -0500] "POST /forms/lservlet;jsessionid=ac16012b30d6d7b74e4907534e0daea4f6386b2417c2.e3iSbxaKaheRe34Tax0PchuKax90n6jAmljGr5XDqQLvpAe HTTP/1.1" 200 2
66.249.64.165 - - [21/Jul/2016:00:13:01 -0500] "GET /BLA/resoluciones/RESOLUCIONES%202008/0809.pdf HTTP/1.1" 304 -
181.142.146.101 - - [21/Jul/2016:00:13:06 -0500] "POST /forms/lservlet;jsessionid=ac16012b30d6e17fe838984d4f239499e779764a5139.e3iSbxaKaheRe34Tax0PchuKax90n6jAmljGr5XDqQLvpAe HTTP/1.1" 200 2
66.249.64.165 - - [21/Jul/2016:00:13:08 -0500] "GET /BLA/resoluciones/RESOLUCIONES%202009/1803.pdf HTTP/1.1" 304 -
186.147.83.167 - - [21/Jul/2016:00:13:12 -0500] "GET /galeria/galeria/jquery.fancybox.css?v=2.1.5 HTTP/1.1" 304 -
186.147.83.167 - - [21/Jul/2016:00:13:12 -0500] "GET /BLA/boletinlegal/js/jquery.scrollShow.js HTTP/1.1" 304 -
186.147.83.167 - - [21/Jul/2016:00:13:12 -0500] "GET /galeria/galeria/jquery.fancybox.js?v=2.1.5 HTTP/1.1" 304 -
66.249.64.141 - - [21/Jul/2016:00:13:15 -0500] "GET /formas/as22.pdf HTTP/1.1" 404 1015
192.168.175.104 - - [21/Jul/2016:00:13:17 -0500] "GET / HTTP/1.1" 200 9990
66.249.64.165 - - [21/Jul/2016:00:13:19 -0500] "GET /BLA/resoluciones/RESOLUCIONES%202011/1598.pdf HTTP/1.1" 200 90729
192.168.175.104 - - [21/Jul/2016:00:13:22 -0500] "GET / HTTP/1.0" 200 9990
192.168.175.104 - - [21/Jul/2016:00:13:50 -0500] "GET / HTTP/1.1" 200 9990
66.249.64.165 - - [21/Jul/2016:00:14:03 -0500] "GET /galeria/nivo-slider/demo/images/9Signos.jpg HTTP/1.1" 304 -
66.249.64.165 - - [21/Jul/2016:00:14:11 -0500] "GET /BLA/resoluciones/RESOLUCIONES%202009/5830.pdf HTTP/1.1" 200 518723
186.113.10.143 - - [21/Jul/2016:00:14:36 -0500] "GET /galeria/nivo-slider/demo/images/dias-humedales2016.jpg HTTP/1.1" 304 -
201.245.192.253 - - [21/Jul/2016:00:14:52 -0500] "POST /forms/lservlet;jsessionid=ac16012b30d6d7b74e4907534e0daea4f6386b2417c2.e3iSbxaKaheRe34Tax0PchuKax90n6jAmljGr5XDqQLvpAe HTTP/1.1" 200 2
66.249.64.165 - - [21/Jul/2016:00:15:01 -0500] "GET /BLA/resoluciones/AUTOS%202010/5278.pdf HTTP/1.1" 200 194795
66.249.64.165 - - [21/Jul/2016:00:15:04 -0500] "GET /BLA/resoluciones/AUTOS%202013/0380.pdf HTTP/1.1" 200 1658705
181.142.146.101 - - [21/Jul/2016:00:15:06 -0500] "POST /forms/lservlet;jsessionid=ac16012b30d6e17fe838984d4f239499e779764a5139.e3iSbxaKaheRe34Tax0PchuKax90n6jAmljGr5XDqQLvpAe HTTP/1.1" 200 2
66.249.64.165 - - [21/Jul/2016:00:15:57 -0500] "GET /BLA/resoluciones/RESOLUCIONES%202009/6338.pdf HTTP/1.1" 200 515313
66.249.64.165 - - [21/Jul/2016:00:16:28 -0500] "GET /BLA/resoluciones/AUTOS%202015/1488.pdf HTTP/1.1" 200 783535
66.249.64.141 - - [21/Jul/2016:00:16:35 -0500] "GET /formas/fmf.pdf HTTP/1.1" 404 1015
66.249.64.165 - - [21/Jul/2016:00:16:42 -0500] "GET /BLA/resoluciones/AUTOS%202007/2924.pdf HTTP/1.1" 200 515156
69.162.124.232 - - [21/Jul/2016:00:16:42 -0500] "HEAD / HTTP/1.1" 200 -
66.249.64.165 - - [21/Jul/2016:00:16:52 -0500] "GET /BLA/resoluciones/AUTOS%202007/2331.pdf HTTP/1.1" 200 157140
201.245.192.253 - - [21/Jul/2016:00:16:52 -0500] "POST /forms/lservlet;jsessionid=ac16012b30d6d7b74e4907534e0daea4f6386b2417c2.e3iSbxaKaheRe34Tax0PchuKax90n6jAmljGr5XDqQLvpAe HTTP/1.1" 200 2
66.249.64.165 - - [21/Jul/2016:00:17:02 -0500] "GET /Autoliquidacion/TR%C3%81MITES%20VERTIMIENTOS/PERMISOS%20DE%20VERTIMIENTOS/ANEXO%204.%20formulario%20Unico%20nacional%20de%20solicitud%20de%20permiso%20de%20vertimientos.doc HTTP/1.1" 200 75777
181.142.146.101 - - [21/Jul/2016:00:17:07 -0500] "POST /forms/lservlet;jsessionid=ac16012b30d6e17fe838984d4f239499e779764a5139.e3iSbxaKaheRe34Tax0PchuKax90n6jAmljGr5XDqQLvpAe HTTP/1.1" 200 2
191.109.181.65 - - [21/Jul/2016:00:17:18 -0500] "GET /galeria/galeria/jquery.fancybox.css?v=2.1.5 HTTP/1.1" 200 4895
191.109.181.65 - - [21/Jul/2016:00:17:18 -0500] "GET /BLA/boletinlegal/js/jquery.scrollShow.js HTTP/1.1" 200 4586
191.109.181.65 - - [21/Jul/2016:00:17:18 -0500] "GET /galeria/galeria/jquery.fancybox.js?v=2.1.5 HTTP/1.1" 200 48706
66.249.64.190 - - [21/Jul/2016:00:17:20 -0500] "GET /portel_dama/libreria/php/2006/restauracion/55_artic/xtras/10.pdf HTTP/1.1" 404 1018
190.25.174.30 - - [21/Jul/2016:00:17:23 -0500] "GET /BLA/resoluciones/RESOLUCIONES%202010/4520.pdf HTTP/1.1" 200 368015
190.25.174.30 - - [21/Jul/2016:00:17:23 -0500] "GET /favicon.ico HTTP/1.1" 200 7782
191.109.181.65 - - [21/Jul/2016:00:17:28 -0500] "GET /BLA/boletinlegal/js/jquery.scrollShow.js HTTP/1.1" 304 -
191.109.181.65 - - [21/Jul/2016:00:17:28 -0500] "GET /galeria/galeria/jquery.fancybox.js?v=2.1.5 HTTP/1.1" 304 -
191.109.181.65 - - [21/Jul/2016:00:17:28 -0500] "GET /galeria/galeria/jquery.fancybox.css?v=2.1.5 HTTP/1.1" 304 -
186.29.226.42 - - [21/Jul/2016:00:17:30 -0500] "GET /BLA/boletinlegal/js/jquery.scrollShow.js HTTP/1.1" 200 4586
186.29.226.42 - - [21/Jul/2016:00:17:30 -0500] "GET /galeria/galeria/jquery.fancybox.js?v=2.1.5 HTTP/1.1" 200 48706
186.29.226.42 - - [21/Jul/2016:00:17:30 -0500] "GET /galeria/galeria/jquery.fancybox.css?v=2.1.5 HTTP/1.1" 200 4895
186.29.226.42 - - [21/Jul/2016:00:17:36 -0500] "GET /BLA/boletinlegal/js/jquery.scrollShow.js HTTP/1.1" 304 -
186.29.226.42 - - [21/Jul/2016:00:17:36 -0500] "GET /galeria/galeria/jquery.fancybox.js?v=2.1.5 HTTP/1.1" 304 -
186.29.226.42 - - [21/Jul/2016:00:17:36 -0500] "GET /galeria/galeria/jquery.fancybox.css?v=2.1.5 HTTP/1.1" 304 -
66.249.64.165 - - [21/Jul/2016:00:17:41 -0500] "GET /BLA/resoluciones/RESOLUCIONES%202009/1880.pdf HTTP/1.1" 200 356546
66.249.64.165 - - [21/Jul/2016:00:17:43 -0500] "GET /BLA/resoluciones/RESOLUCIONES%202010/2664.pdf HTTP/1.1" 200 381316
66.249.64.165 - - [21/Jul/2016:00:17:49 -0500] "GET /BLA/resoluciones/RESOLUCIONES%202008/2238.pdf HTTP/1.1" 200 192022
66.249.64.165 - - [21/Jul/2016:00:18:02 -0500] "GET /BLA/resoluciones/Notificaciones/AUTOS%202014/2115.doc HTTP/1.1" 200 269824
66.249.64.165 - - [21/Jul/2016:00:18:09 -0500] "GET /BLA/resoluciones/RESOLUCIONES%202011/1016.pdf HTTP/1.1" 200 76379
186.85.226.127 - - [21/Jul/2016:00:18:10 -0500] "GET /BLA/boletinlegal/js/jquery.scrollShow.js HTTP/1.1" 200 4586
186.85.226.127 - - [21/Jul/2016:00:18:10 -0500] "GET /galeria/galeria/jquery.fancybox.js?v=2.1.5 HTTP/1.1" 200 48706
186.85.226.127 - - [21/Jul/2016:00:18:10 -0500] "GET /galeria/galeria/jquery.fancybox.css?v=2.1.5 HTTP/1.1" 200 4895
186.85.226.127 - - [21/Jul/2016:00:18:11 -0500] "GET /galeria/carrusel/Carrusel/jquery.thumbnailScroller.css HTTP/1.1" 200 2066
186.85.226.127 - - [21/Jul/2016:00:18:11 -0500] "GET /galeria/carrusel/Carrusel/jquery-ui-1.8.13.custom.min.js HTTP/1.1" 200 10800
186.85.226.127 - - [21/Jul/2016:00:18:12 -0500] "GET /galeria/carrusel/Carrusel/jquery.thumbnailScroller.js HTTP/1.1" 200 8157
192.168.175.104 - - [21/Jul/2016:00:18:14 -0500] "GET / HTTP/1.1" 200 9990
66.249.64.165 - - [21/Jul/2016:00:18:15 -0500] "GET /BLA/resoluciones/Notificaciones/AUTOS%202014/1078.doc HTTP/1.1" 200 231424
186.85.226.127 - - [21/Jul/2016:00:18:18 -0500] "GET /galeria/nivo-slider/demo/demo.html HTTP/1.1" 200 4730
186.85.226.127 - - [21/Jul/2016:00:18:18 -0500] "GET /galeria/nivo-slider/themes/default/default.css HTTP/1.1" 200 1569
186.85.226.127 - - [21/Jul/2016:00:18:18 -0500] "GET /galeria/nivo-slider/themes/pascal/pascal.css HTTP/1.1" 200 2258
192.168.175.104 - - [21/Jul/2016:00:18:18 -0500] "GET / HTTP/1.0" 200 9990
186.85.226.127 - - [21/Jul/2016:00:18:19 -0500] "GET /galeria/nivo-slider/themes/orman/orman.css HTTP/1.1" 200 2152
186.85.226.127 - - [21/Jul/2016:00:18:19 -0500] "GET /galeria/nivo-slider/demo/style.css HTTP/1.1" 200 2222
186.85.226.127 - - [21/Jul/2016:00:18:19 -0500] "GET /galeria/nivo-slider/demo/images/SUPERCADECRA30.jpg HTTP/1.1" 200 127549
186.85.226.127 - - [21/Jul/2016:00:18:19 -0500] "GET /galeria/nivo-slider/demo/scripts/jquery-1.7.1.min.js HTTP/1.1" 200 93868
186.85.226.127 - - [21/Jul/2016:00:18:19 -0500] "GET /galeria/nivo-slider/nivo-slider.css HTTP/1.1" 200 1507
186.85.226.127 - - [21/Jul/2016:00:18:19 -0500] "GET /galeria/nivo-slider/jquery.nivo.slider.pack.js HTTP/1.1" 200 11561
186.85.226.127 - - [21/Jul/2016:00:18:19 -0500] "GET /galeria/nivo-slider/demo/images/convocatoriasecretaria.jpg HTTP/1.1" 200 129365
186.85.226.127 - - [21/Jul/2016:00:18:19 -0500] "GET /galeria/nivo-slider/demo/images/SUPERCADESUBA.jpg HTTP/1.1" 200 127509
186.85.226.127 - - [21/Jul/2016:00:18:19 -0500] "GET /galeria/nivo-slider/demo/images/BANNERVISORGEOGRAFICO.jpg HTTP/1.1" 200 78514
186.85.226.127 - - [21/Jul/2016:00:18:19 -0500] "GET /galeria/nivo-slider/themes/default/loading.gif HTTP/1.1" 200 1737
186.85.226.127 - - [21/Jul/2016:00:18:19 -0500] "GET /galeria/nivo-slider/demo/images/4Simple_Slider.png HTTP/1.1" 200 11722
186.85.226.127 - - [21/Jul/2016:00:18:19 -0500] "GET /galeria/nivo-slider/demo/images/BANNERCONFORMACIONGESTIONAMBIENTAL.jpg HTTP/1.1" 200 161009
186.85.226.127 - - [21/Jul/2016:00:18:19 -0500] "GET /galeria/nivo-slider/demo/images/vegetal.jpg HTTP/1.1" 200 216080
186.85.226.127 - - [21/Jul/2016:00:18:20 -0500] "GET /galeria/nivo-slider/demo/images/bannergenCAPACITACIONES-01.jpg HTTP/1.1" 200 153433
186.85.226.127 - - [21/Jul/2016:00:18:20 -0500] "GET /galeria/nivo-slider/demo/images/BANNERMADERALEGAL.jpg HTTP/1.1" 200 165750
186.85.226.127 - - [21/Jul/2016:00:18:20 -0500] "GET /galeria/nivo-slider/demo/images/Banner_wgic.jpg HTTP/1.1" 200 139000
186.85.226.127 - - [21/Jul/2016:00:18:20 -0500] "GET /galeria/nivo-slider/demo/images/ABC-Plan-de-contigencia.jpg HTTP/1.1" 200 423901
186.85.226.127 - - [21/Jul/2016:00:18:20 -0500] "GET /galeria/nivo-slider/demo/images/ACOPIADORESYGESTORES.jpg HTTP/1.1" 200 118791
186.85.226.127 - - [21/Jul/2016:00:18:21 -0500] "GET /galeria/nivo-slider/demo/images/caminata-ecologica.jpg HTTP/1.1" 200 192926
186.85.226.127 - - [21/Jul/2016:00:18:21 -0500] "GET /galeria/nivo-slider/demo/images/Cmapana-onestidad.jpg HTTP/1.1" 200 141638
186.85.226.127 - - [21/Jul/2016:00:18:21 -0500] "GET /galeria/nivo-slider/demo/images/banner-llantas2.jpg HTTP/1.1" 200 234514
186.85.226.127 - - [21/Jul/2016:00:18:21 -0500] "GET /galeria/nivo-slider/demo/images/9Signos.jpg HTTP/1.1" 200 81776
186.85.226.127 - - [21/Jul/2016:00:18:21 -0500] "GET /galeria/nivo-slider/demo/images/Ruta-vertimientos-01.jpg HTTP/1.1" 200 130151
66.249.64.165 - - [21/Jul/2016:00:18:22 -0500] "GET /BLA/resoluciones/AUTOS%202007/2903.pdf HTTP/1.1" 200 397779
186.85.226.127 - - [21/Jul/2016:00:18:22 -0500] "GET /galeria/nivo-slider/demo/images/bolsas-06.jpg HTTP/1.1" 200 210950
186.85.226.127 - - [21/Jul/2016:00:18:25 -0500] "GET /galeria/nivo-slider/themes/default/arrows.png HTTP/1.1" 200 824
186.85.226.127 - - [21/Jul/2016:00:18:25 -0500] "GET /galeria/nivo-slider/themes/default/bullets.png HTTP/1.1" 200 1281
66.249.64.165 - - [21/Jul/2016:00:18:29 -0500] "GET /BLA/resoluciones/RESOLUCIONES%202011/3531.pdf HTTP/1.1" 200 534455
66.249.64.165 - - [21/Jul/2016:00:18:33 -0500] "GET /BLA/resoluciones/RESOLUCIONES%202010/4896.pdf HTTP/1.1" 200 192598
66.249.64.165 - - [21/Jul/2016:00:18:35 -0500] "GET /BLA/resoluciones/AUTOS%202013/3300.pdf HTTP/1.1" 200 913799
66.249.64.165 - - [21/Jul/2016:00:18:42 -0500] "GET /BLA/resoluciones/Notificaciones/REGISTROS%202015/0632.doc HTTP/1.1" 200 160256
192.168.175.104 - - [21/Jul/2016:00:18:49 -0500] "GET / HTTP/1.1" 200 9990
201.245.192.253 - - [21/Jul/2016:00:18:52 -0500] "POST /forms/lservlet;jsessionid=ac16012b30d6d7b74e4907534e0daea4f6386b2417c2.e3iSbxaKaheRe34Tax0PchuKax90n6jAmljGr5XDqQLvpAe HTTP/1.1" 200 2
66.249.64.165 - - [21/Jul/2016:00:18:56 -0500] "GET /BLA/resoluciones/RESOLUCIONES%202008/2101.pdf HTTP/1.1" 200 54156
181.142.146.101 - - [21/Jul/2016:00:19:07 -0500] "POST /forms/lservlet;jsessionid=ac16012b30d6e17fe838984d4f239499e779764a5139.e3iSbxaKaheRe34Tax0PchuKax90n6jAmljGr5XDqQLvpAe HTTP/1.1" 200 2
161.18.194.37 - - [21/Jul/2016:00:19:11 -0500] "GET /galeria/galeria/jquery.fancybox.css?v=2.1.5 HTTP/1.1" 200 4895
161.18.194.37 - - [21/Jul/2016:00:19:11 -0500] "GET /BLA/boletinlegal/js/jquery.scrollShow.js HTTP/1.1" 200 4586
161.18.194.37 - - [21/Jul/2016:00:19:11 -0500] "GET /galeria/galeria/jquery.fancybox.js?v=2.1.5 HTTP/1.1" 200 48706
66.249.64.165 - - [21/Jul/2016:00:19:26 -0500] "GET /BLA/resoluciones/RESOLUCIONES%202009/1876.pdf HTTP/1.1" 200 347808
66.249.64.165 - - [21/Jul/2016:00:19:33 -0500] "GET /BLA/resoluciones/RESOLUCIONES%202007/RES%202007%201726%20AL%201800/RESOLUCION%201796%20DE%202007.pdf HTTP/1.1" 200 1347535
161.18.194.37 - - [21/Jul/2016:00:19:42 -0500] "GET /galeria/galeria/jquery.fancybox.css?v=2.1.5 HTTP/1.1" 304 -
161.18.194.37 - - [21/Jul/2016:00:19:42 -0500] "GET /BLA/boletinlegal/js/jquery.scrollShow.js HTTP/1.1" 304 -
161.18.194.37 - - [21/Jul/2016:00:19:42 -0500] "GET /galeria/galeria/jquery.fancybox.js?v=2.1.5 HTTP/1.1" 304 -
66.249.64.165 - - [21/Jul/2016:00:19:45 -0500] "GET /BLA/resoluciones/AUTOS%202014/1466.pdf HTTP/1.1" 200 708562
66.249.64.165 - - [21/Jul/2016:00:19:46 -0500] "GET /BLA/resoluciones/AUTOS%202014/0589.pdf HTTP/1.1" 200 236061
66.249.64.165 - - [21/Jul/2016:00:19:47 -0500] "GET /BLA/resoluciones/AUTOS%202008/1691.pdf HTTP/1.1" 200 120230
66.249.64.165 - - [21/Jul/2016:00:19:56 -0500] "GET /BLA/resoluciones/AUTOS%202014/1607.pdf HTTP/1.1" 200 486243
66.249.64.165 - - [21/Jul/2016:00:20:02 -0500] "GET /BLA/resoluciones/Autos%202008/0741.pdf HTTP/1.1" 200 56087
66.249.64.165 - - [21/Jul/2016:00:20:09 -0500] "GET /BLA/resoluciones/AUTOS%202007/0203.pdf HTTP/1.1" 200 17264
66.249.64.165 - - [21/Jul/2016:00:20:16 -0500] "GET /BLA/resoluciones/index.php?dir=AUTOS+2011%2F HTTP/1.1" 200 566232
66.249.64.165 - - [21/Jul/2016:00:20:18 -0500] "GET /BLA/resoluciones/RESOLUCIONES%202007/RES%202007%203901%20AL%204000/RESOLUCION%203943%20DE%202007.pdf HTTP/1.1" 200 992885
66.249.64.165 - - [21/Jul/2016:00:20:22 -0500] "GET /BLA/resoluciones/AUTOS%202008/3077.pdf HTTP/1.1" 200 68873
66.249.64.165 - - [21/Jul/2016:00:20:24 -0500] "GET /galeria/nivo-slider/demo/images/Ruta-vertimientos-01.jpg HTTP/1.1" 304 -
66.249.64.165 - - [21/Jul/2016:00:20:29 -0500] "GET /BLA/resoluciones/RESOLUCIONES%202009/0901.pdf HTTP/1.1" 200 29714
66.249.64.165 - - [21/Jul/2016:00:20:36 -0500] "GET /BLA/resoluciones/RESOLUCIONES%202009/6197.pdf HTTP/1.1" 200 488359
66.249.64.165 - - [21/Jul/2016:00:20:42 -0500] "GET /BLA/resoluciones/RESOLUCIONES%202010/6936.pdf HTTP/1.1" 200 677728
66.249.64.165 - - [21/Jul/2016:00:20:49 -0500] "GET /BLA/resoluciones/AUTOS%202007/2379.pdf HTTP/1.1" 200 74478
201.245.192.253 - - [21/Jul/2016:00:20:52 -0500] "POST /forms/lservlet;jsessionid=ac16012b30d6d7b74e4907534e0daea4f6386b2417c2.e3iSbxaKaheRe34Tax0PchuKax90n6jAmljGr5XDqQLvpAe HTTP/1.1" 200 2
66.249.64.165 - - [21/Jul/2016:00:20:56 -0500] "GET /BLA/resoluciones/RESOLUCIONES%202008/4534.pdf HTTP/1.1" 200 308971
66.249.64.165 - - [21/Jul/2016:00:21:03 -0500] "GET /BLA/resoluciones/RESOLUCIONES%202009/9271.pdf HTTP/1.1" 200 482897
181.142.146.101 - - [21/Jul/2016:00:21:07 -0500] "POST /forms/lservlet;jsessionid=ac16012b30d6e17fe838984d4f239499e779764a5139.e3iSbxaKaheRe34Tax0PchuKax90n6jAmljGr5XDqQLvpAe HTTP/1.1" 200 2
66.249.64.165 - - [21/Jul/2016:00:21:09 -0500] "GET /BLA/resoluciones/RESOLUCIONES%202010/1154.pdf HTTP/1.1" 200 105526
66.249.64.165 - - [21/Jul/2016:00:21:11 -0500] "GET /BLA/resoluciones/RESOLUCIONES%202009/2925.pdf HTTP/1.1" 200 543723
66.249.64.165 - - [21/Jul/2016:00:21:16 -0500] "GET /BLA/resoluciones/RESOLUCIONES%202010/4051.pdf HTTP/1.1" 200 731803
66.249.64.165 - - [21/Jul/2016:00:21:23 -0500] "GET /BLA/resoluciones/RESOLUCIONES%202009/9473.pdf HTTP/1.1" 200 352223
66.249.64.165 - - [21/Jul/2016:00:21:30 -0500] "GET /BLA/resoluciones/RESOLUCIONES%202009/7341.pdf HTTP/1.1" 200 193573
66.249.64.165 - - [21/Jul/2016:00:21:36 -0500] "GET /BLA/resoluciones/RESOLUCIONES%202009/8023.pdf HTTP/1.1" 200 73129
69.162.124.232 - - [21/Jul/2016:00:21:42 -0500] "HEAD / HTTP/1.1" 200 -
66.249.64.165 - - [21/Jul/2016:00:21:43 -0500] "GET /BLA/resoluciones/RESOLUCIONES%202010/2660.pdf HTTP/1.1" 200 377404
66.249.64.165 - - [21/Jul/2016:00:21:49 -0500] "GET /BLA/resoluciones/Notificaciones/AUTOS%202015/05446.doc HTTP/1.1" 200 137327
66.249.69.165 - - [21/Jul/2016:00:21:55 -0500] "GET /BLA/resoluciones/RESOLUCIONES%202011/1071.pdf HTTP/1.1" 304 -
66.249.64.165 - - [21/Jul/2016:00:21:56 -0500] "GET /BLA/resoluciones/AUTOS%202009/0104.pdf HTTP/1.1" 200 95228
66.249.64.165 - - [21/Jul/2016:00:22:03 -0500] "GET /BLA/resoluciones/RESOLUCIONES%202007/RES%202007%20701%20AL%20800/RESOLUCION%200795%20DE%202007.pdf HTTP/1.1" 200 566590
186.85.226.127 - - [21/Jul/2016:00:22:06 -0500] "GET /galeria/galeria/jquery.fancybox.js?v=2.1.5 HTTP/1.1" 304 -
186.85.226.127 - - [21/Jul/2016:00:22:06 -0500] "GET /galeria/galeria/jquery.fancybox.css?v=2.1.5 HTTP/1.1" 304 -
186.85.226.127 - - [21/Jul/2016:00:22:06 -0500] "GET /BLA/boletinlegal/js/jquery.scrollShow.js HTTP/1.1" 304 -
66.249.64.165 - - [21/Jul/2016:00:22:09 -0500] "GET /BLA/resoluciones/AUTOS%202007/2354.pdf HTTP/1.1" 200 102455
66.249.64.165 - - [21/Jul/2016:00:22:16 -0500] "GET /BLA/resoluciones/AUTOS%202007/1924.pdf HTTP/1.1" 200 157260
66.249.64.144 - - [21/Jul/2016:00:22:23 -0500] "GET /portel_dama/j/ HTTP/1.1" 404 1015
66.249.64.165 - - [21/Jul/2016:00:22:29 -0500] "GET /BLA/resoluciones/RESOLUCIONES%202009/7199.pdf HTTP/1.1" 200 1127173
66.249.64.165 - - [21/Jul/2016:00:22:43 -0500] "GET /BLA/resoluciones/AUTOS%202013/3557.pdf HTTP/1.1" 200 388544
180.76.15.7 - - [21/Jul/2016:00:22:43 -0500] "GET / HTTP/1.1" 200 9990
66.249.64.163 - - [21/Jul/2016:00:22:50 -0500] "GET / HTTP/1.1" 302 302
201.245.192.253 - - [21/Jul/2016:00:22:52 -0500] "POST /forms/lservlet;jsessionid=ac16012b30d6d7b74e4907534e0daea4f6386b2417c2.e3iSbxaKaheRe34Tax0PchuKax90n6jAmljGr5XDqQLvpAe HTTP/1.1" 200 2
66.249.64.165 - - [21/Jul/2016:00:22:56 -0500] "GET /BLA/resoluciones/RESOLUCIONES%202009/3870.pdf HTTP/1.1" 200 900694
180.76.15.32 - - [21/Jul/2016:00:23:06 -0500] "GET / HTTP/1.1" 200 9990
181.142.146.101 - - [21/Jul/2016:00:23:07 -0500] "POST /forms/lservlet;jsessionid=ac16012b30d6e17fe838984d4f239499e779764a5139.e3iSbxaKaheRe34Tax0PchuKax90n6jAmljGr5XDqQLvpAe HTTP/1.1" 200 2
192.168.175.104 - - [21/Jul/2016:00:23:12 -0500] "GET / HTTP/1.1" 200 9990
192.168.175.104 - - [21/Jul/2016:00:23:16 -0500] "GET / HTTP/1.0" 200 9990
192.168.175.104 - - [21/Jul/2016:00:23:48 -0500] "GET / HTTP/1.1" 200 9990
119.95.103.3 - - [21/Jul/2016:00:23:48 -0500] "GET /wp-login.php HTTP/1.1" 404 1019
66.249.64.165 - - [21/Jul/2016:00:23:48 -0500] "GET /BLA/resoluciones/RESOLUCIONES%202009/4103.pdf HTTP/1.1" 200 128588
66.249.64.165 - - [21/Jul/2016:00:24:03 -0500] "GET /BLA/resoluciones/AUTOS%202015/0269.pdf HTTP/1.1" 304 -
186.113.72.247 - - [21/Jul/2016:00:24:33 -0500] "GET /galeria/galeria/jquery.fancybox.css?v=2.1.5 HTTP/1.1" 304 -
186.113.72.247 - - [21/Jul/2016:00:24:33 -0500] "GET /BLA/boletinlegal/js/jquery.scrollShow.js HTTP/1.1" 304 -
186.113.72.247 - - [21/Jul/2016:00:24:33 -0500] "GET /galeria/galeria/jquery.fancybox.js?v=2.1.5 HTTP/1.1" 304 -
66.249.64.165 - - [21/Jul/2016:00:24:40 -0500] "GET /BLA/resoluciones/Notificaciones/REGISTROS%202014/1569.doc HTTP/1.1" 200 159744
66.249.69.168 - - [21/Jul/2016:00:24:42 -0500] "GET /BLA/resoluciones/RESOLUCIONES%202009/8589.pdf HTTP/1.1" 304 -
201.245.192.253 - - [21/Jul/2016:00:24:53 -0500] "POST /forms/lservlet;jsessionid=ac16012b30d6d7b74e4907534e0daea4f6386b2417c2.e3iSbxaKaheRe34Tax0PchuKax90n6jAmljGr5XDqQLvpAe HTTP/1.1" 200 2
164.132.161.12 - - [21/Jul/2016:00:24:55 -0500] "GET /BLA/resoluciones/index.php?dir=AUTOS%202016/&sort=date&order=asc HTTP/1.1" 200 22354
181.142.146.101 - - [21/Jul/2016:00:25:08 -0500] "POST /forms/lservlet;jsessionid=ac16012b30d6e17fe838984d4f239499e779764a5139.e3iSbxaKaheRe34Tax0PchuKax90n6jAmljGr5XDqQLvpAe HTTP/1.1" 200 2
66.249.64.165 - - [21/Jul/2016:00:25:10 -0500] "GET /BLA/resoluciones/AUTOS%202011/0216.pdf HTTP/1.1" 304 -
66.249.64.165 - - [21/Jul/2016:00:25:23 -0500] "GET /BLA/resoluciones/RESOLUCIONES%202009/7465.pdf HTTP/1.1" 200 712194
66.249.64.165 - - [21/Jul/2016:00:25:33 -0500] "GET /BLA/resoluciones/AUTOS%202015/1267.pdf HTTP/1.1" 200 231136
119.235.14.119 - - [21/Jul/2016:00:26:07 -0500] "GET /wp-login.php HTTP/1.1" 404 1018
66.249.64.165 - - [21/Jul/2016:00:26:25 -0500] "GET /BLA/resoluciones/RESOLUCIONES%202008/4649.pdf HTTP/1.1" 200 588779
66.249.64.165 - - [21/Jul/2016:00:26:30 -0500] "GET /BLA/resoluciones/Resoluciones%202011/6416.pdf HTTP/1.1" 304 -
69.162.124.232 - - [21/Jul/2016:00:26:42 -0500] "HEAD / HTTP/1.1" 200 -
66.249.64.165 - - [21/Jul/2016:00:26:44 -0500] "GET /BLA/resoluciones/RESOLUCIONES%202008/3800.pdf HTTP/1.1" 304 -
66.249.64.165 - - [21/Jul/2016:00:26:47 -0500] "GET /galeria/nivo-slider/demo/images/Cmapana-onestidad.jpg HTTP/1.1" 304 -
66.249.64.165 - - [21/Jul/2016:00:26:50 -0500] "GET /BLA/resoluciones/AUTOS%202014/6814.pdf HTTP/1.1" 304 -
201.245.192.253 - - [21/Jul/2016:00:26:53 -0500] "POST /forms/lservlet;jsessionid=ac16012b30d6d7b74e4907534e0daea4f6386b2417c2.e3iSbxaKaheRe34Tax0PchuKax90n6jAmljGr5XDqQLvpAe HTTP/1.1" 200 2
66.249.64.165 - - [21/Jul/2016:00:27:04 -0500] "GET /BLA/resoluciones/RESOLUCIONES%202011/0233.pdf HTTP/1.1" 304 -
181.142.146.101 - - [21/Jul/2016:00:27:08 -0500] "POST /forms/lservlet;jsessionid=ac16012b30d6e17fe838984d4f239499e779764a5139.e3iSbxaKaheRe34Tax0PchuKax90n6jAmljGr5XDqQLvpAe HTTP/1.1" 200 2
66.249.64.165 - - [21/Jul/2016:00:27:18 -0500] "GET /BLA/resoluciones/RESOLUCIONES%202008/3887.pdf HTTP/1.1" 200 791262
66.249.69.165 - - [21/Jul/2016:00:27:22 -0500] "GET /BLA/resoluciones/RESOLUCIONES%202008/0577.pdf HTTP/1.1" 304 -
66.249.64.165 - - [21/Jul/2016:00:27:37 -0500] "GET /BLA/resoluciones/RESOLUCIONES%202012/1557.pdf HTTP/1.1" 304 -
40.77.167.73 - - [21/Jul/2016:00:27:42 -0500] "GET /pot/pot10.htm HTTP/1.1" 404 1015
