66.249.66.175 - - [26/Jul/2016:05:01:47 -0500] "GET /BLA/resoluciones/AUTOS%202009/1922.pdf HTTP/1.1" 304 -
69.162.124.232 - - [26/Jul/2016:05:01:49 -0500] "HEAD / HTTP/1.1" 200 -
66.249.66.175 - - [26/Jul/2016:05:01:53 -0500] "GET /BLA/resoluciones/AUTOS%202015/3339.pdf HTTP/1.1" 200 669258
66.249.66.175 - - [26/Jul/2016:05:02:31 -0500] "GET /BLA/resoluciones/RESOLUCIONES%202013/1197.pdf HTTP/1.1" 304 -
157.55.39.240 - - [26/Jul/2016:05:02:38 -0500] "GET /BLA/boletinlegal/jurisprudencia/analisis/CUADRO%20ANALISIS%20SENTENCIA%20C-554%20DE%202007.doc HTTP/1.1" 200 35328
192.168.175.104 - - [26/Jul/2016:05:02:39 -0500] "GET / HTTP/1.1" 200 9990
192.168.175.104 - - [26/Jul/2016:05:03:16 -0500] "GET / HTTP/1.0" 200 9990
66.249.66.175 - - [26/Jul/2016:05:03:34 -0500] "GET /BLA/resoluciones/AUTOS%202013/0650.pdf HTTP/1.1" 304 -
66.249.66.175 - - [26/Jul/2016:05:03:41 -0500] "GET /BLA/resoluciones/AUTOS%202008/0729.pdf HTTP/1.1" 304 -
41.207.197.22 - - [26/Jul/2016:05:04:01 -0500] "GET /wp-login.php HTTP/1.1" 404 1019
192.168.175.104 - - [26/Jul/2016:05:04:31 -0500] "GET / HTTP/1.1" 200 9990
46.119.127.129 - - [26/Jul/2016:05:05:04 -0500] "GET /robots.txt HTTP/1.1" 404 1018
66.249.66.175 - - [26/Jul/2016:05:05:04 -0500] "GET /BLA/resoluciones/RESOLUCIONES%202013/0003.pdf HTTP/1.1" 304 -
46.119.127.129 - - [26/Jul/2016:05:05:04 -0500] "GET / HTTP/1.1" 200 9990
46.119.127.129 - - [26/Jul/2016:05:05:07 -0500] "GET /xmlrpc.php?rsd HTTP/1.1" 404 1018
46.119.127.129 - - [26/Jul/2016:05:05:08 -0500] "GET /blog/robots.txt HTTP/1.1" 404 1018
46.119.127.129 - - [26/Jul/2016:05:05:08 -0500] "GET /blog/ HTTP/1.1" 404 1018
46.119.127.129 - - [26/Jul/2016:05:05:08 -0500] "GET /wordpress/ HTTP/1.1" 404 1018
46.119.127.129 - - [26/Jul/2016:05:05:09 -0500] "GET /wp/ HTTP/1.1" 404 1018
5.9.63.149 - - [26/Jul/2016:05:05:18 -0500] "GET /robots.txt HTTP/1.0" 404 1015
5.9.63.149 - - [26/Jul/2016:05:05:19 -0500] "GET /PruebasSTORM/StormSDA_pruebas/?C=D;O=D HTTP/1.0" 200 3555
5.9.63.149 - - [26/Jul/2016:05:05:22 -0500] "GET /PruebasSTORM/StormSDA_pruebas/?C=M;O=D HTTP/1.0" 200 3555
5.9.63.149 - - [26/Jul/2016:05:05:24 -0500] "GET /PruebasSTORM/StormSDA_pruebas/?C=S;O=D HTTP/1.0" 200 3555
66.249.66.175 - - [26/Jul/2016:05:05:25 -0500] "GET /BLA/resoluciones/AUTOS%202011/6256.pdf HTTP/1.1" 304 -
5.9.63.149 - - [26/Jul/2016:05:05:26 -0500] "GET /PruebasSTORM/StormSDA_pruebas/lib/?C=D;O=A HTTP/1.0" 200 6441
5.9.63.149 - - [26/Jul/2016:05:05:29 -0500] "GET /PruebasSTORM/StormSDA_pruebas/lib/?C=M;O=A HTTP/1.0" 200 6441
66.249.66.175 - - [26/Jul/2016:05:05:32 -0500] "GET /BLA/resoluciones/RESOLUCIONES%202011/1049.pdf HTTP/1.1" 304 -
5.9.63.149 - - [26/Jul/2016:05:05:32 -0500] "GET /PruebasSTORM/StormSDA_pruebas/lib/?C=N;O=D HTTP/1.0" 200 6441
5.9.63.149 - - [26/Jul/2016:05:05:34 -0500] "GET /PruebasSTORM/StormSDA_pruebas/lib/?C=S;O=A HTTP/1.0" 200 6441
5.9.63.149 - - [26/Jul/2016:05:05:37 -0500] "GET /PruebasSTORM/StormSDA_pruebas/lib/myKeystore HTTP/1.0" 200 1254
5.9.63.149 - - [26/Jul/2016:05:05:40 -0500] "GET /PruebasSTORM/StormSDA_pruebas/nsjars/?C=D;O=A HTTP/1.0" 200 4112
5.9.63.149 - - [26/Jul/2016:05:05:42 -0500] "GET /PruebasSTORM/StormSDA_pruebas/nsjars/?C=M;O=A HTTP/1.0" 200 4112
5.9.63.149 - - [26/Jul/2016:05:05:44 -0500] "GET /PruebasSTORM/StormSDA_pruebas/nsjars/?C=N;O=D HTTP/1.0" 200 4112
207.46.13.102 - - [26/Jul/2016:05:05:47 -0500] "GET /galeria/bibloteca/ContentFlowAddOn_white.js HTTP/1.1" 200 2497
5.9.63.149 - - [26/Jul/2016:05:05:47 -0500] "GET /PruebasSTORM/StormSDA_pruebas/nsjars/?C=S;O=A HTTP/1.0" 200 4112
207.46.13.102 - - [26/Jul/2016:05:05:47 -0500] "GET /galeria/bibloteca/mycontentflow.css HTTP/1.1" 200 3110
5.9.63.149 - - [26/Jul/2016:05:05:50 -0500] "GET /PruebasSTORM/StormSDA_pruebas/nsjars/commons-httpclient-3.1.jar HTTP/1.0" 200 320155
207.46.13.63 - - [26/Jul/2016:05:05:52 -0500] "GET /galeria/bibloteca/contentflow.css HTTP/1.1" 200 3201
66.249.66.175 - - [26/Jul/2016:05:05:52 -0500] "GET /BLA/resoluciones/AUTOS%202013/0025.pdf HTTP/1.1" 304 -
5.9.63.149 - - [26/Jul/2016:05:05:54 -0500] "GET /PruebasSTORM/StormSDA_pruebas/nsjars/commons-logging.jar HTTP/1.0" 200 56264
5.9.63.149 - - [26/Jul/2016:05:05:57 -0500] "GET /PruebasSTORM/StormSDA_pruebas/nsjars/derby.jar HTTP/1.0" 200 2455899
5.9.63.149 - - [26/Jul/2016:05:05:59 -0500] "GET /PruebasSTORM/StormSDA_pruebas/nsjars/log4j-1.2.11.jar HTTP/1.0" 200 371765
5.9.63.149 - - [26/Jul/2016:05:06:07 -0500] "GET /PruebasSTORM/StormSDA_pruebas/nsjars/nsjars.jnlp HTTP/1.0" 200 1025
5.9.63.149 - - [26/Jul/2016:05:06:09 -0500] "GET /PruebasSTORM/StormSDA_pruebas/nsjars/nsjars.jnlp.bak HTTP/1.0" 200 987
5.9.63.149 - - [26/Jul/2016:05:06:11 -0500] "GET /PruebasSTORM/StormSDA_pruebas/nsjars/nsjars_bk.jnlp HTTP/1.0" 200 995
5.9.63.149 - - [26/Jul/2016:05:06:14 -0500] "GET /PruebasSTORM/StormSDA_pruebas/nsjars/poi-2.0.jar HTTP/1.0" 200 1422222
5.9.63.149 - - [26/Jul/2016:05:06:16 -0500] "GET /PruebasSTORM/StormSDA_pruebas/nsjars/saxon.jar HTTP/1.0" 200 2401995
5.9.63.149 - - [26/Jul/2016:05:06:19 -0500] "GET /PruebasSTORM/StormSDA_pruebas/storm/?C=D;O=A HTTP/1.0" 200 5619
5.9.63.149 - - [26/Jul/2016:05:06:22 -0500] "GET /PruebasSTORM/StormSDA_pruebas/storm/?C=D;O=D HTTP/1.0" 200 5619
5.9.63.149 - - [26/Jul/2016:05:06:24 -0500] "GET /PruebasSTORM/StormSDA_pruebas/storm/?C=M;O=A HTTP/1.0" 200 5619
66.249.66.175 - - [26/Jul/2016:05:06:27 -0500] "GET /BLA/resoluciones/RESOLUCIONES%202014/2883.pdf HTTP/1.1" 304 -
5.9.63.149 - - [26/Jul/2016:05:06:27 -0500] "GET /PruebasSTORM/StormSDA_pruebas/storm/?C=M;O=D HTTP/1.0" 200 5619
5.9.63.149 - - [26/Jul/2016:05:06:30 -0500] "GET /PruebasSTORM/StormSDA_pruebas/storm/?C=N;O=A HTTP/1.0" 200 5619
157.55.39.197 - - [26/Jul/2016:05:06:32 -0500] "GET /galeria/galeria/jquery.fancybox.css?v=2.1.5 HTTP/1.1" 200 4895
5.9.63.149 - - [26/Jul/2016:05:06:32 -0500] "GET /PruebasSTORM/StormSDA_pruebas/storm/?C=N;O=D HTTP/1.0" 200 5619
5.9.63.149 - - [26/Jul/2016:05:06:35 -0500] "GET /PruebasSTORM/StormSDA_pruebas/storm/?C=S;O=A HTTP/1.0" 200 5619
5.9.63.149 - - [26/Jul/2016:05:06:37 -0500] "GET /PruebasSTORM/StormSDA_pruebas/storm/?C=S;O=D HTTP/1.0" 200 5619
5.9.63.149 - - [26/Jul/2016:05:06:39 -0500] "GET /PruebasSTORM/StormSDA_pruebas/storm/EnviosPlugin.jar HTTP/1.0" 200 27614
5.9.63.149 - - [26/Jul/2016:05:06:42 -0500] "GET /PruebasSTORM/StormSDA_pruebas/storm/EnviosPlugin_bk.jar HTTP/1.0" 200 27617
5.9.63.149 - - [26/Jul/2016:05:06:44 -0500] "GET /PruebasSTORM/StormSDA_pruebas/storm/HTTPClient.jar HTTP/1.0" 200 10435
89.131.8.237 - - [26/Jul/2016:05:06:44 -0500] "GET /BLA/resoluciones/AUTOS%202014/2193.pdf HTTP/1.1" 200 2583727
89.131.8.237 - - [26/Jul/2016:05:06:45 -0500] "GET /favicon.ico HTTP/1.1" 200 7782
5.9.63.149 - - [26/Jul/2016:05:06:46 -0500] "GET /PruebasSTORM/StormSDA_pruebas/storm/Matriz.jar HTTP/1.0" 200 13155
89.131.8.237 - - [26/Jul/2016:05:06:47 -0500] "GET /BLA/resoluciones/AUTOS%202014/2193.pdf HTTP/1.1" 206 65536
5.9.63.149 - - [26/Jul/2016:05:06:48 -0500] "GET /PruebasSTORM/StormSDA_pruebas/storm/OpenRemote.jar HTTP/1.0" 200 11535
89.131.8.237 - - [26/Jul/2016:05:06:48 -0500] "GET /BLA/resoluciones/AUTOS%202014/2193.pdf HTTP/1.1" 206 2093605
69.162.124.232 - - [26/Jul/2016:05:06:49 -0500] "HEAD / HTTP/1.1" 200 -
5.9.63.149 - - [26/Jul/2016:05:06:50 -0500] "GET /PruebasSTORM/StormSDA_pruebas/storm/STORMFormula.jar HTTP/1.0" 200 73915
5.9.63.149 - - [26/Jul/2016:05:06:52 -0500] "GET /PruebasSTORM/StormSDA_pruebas/storm/STORMFormula1.jar HTTP/1.0" 200 73692
5.9.63.149 - - [26/Jul/2016:05:06:55 -0500] "GET /PruebasSTORM/StormSDA_pruebas/storm/STORMParser.jar HTTP/1.0" 200 122033
5.9.63.149 - - [26/Jul/2016:05:06:57 -0500] "GET /PruebasSTORM/StormSDA_pruebas/storm/ShaUtil.jar HTTP/1.0" 200 7404
5.9.63.149 - - [26/Jul/2016:05:06:59 -0500] "GET /PruebasSTORM/StormSDA_pruebas/storm/StormUser.jar HTTP/1.0" 200 306268
5.9.63.149 - - [26/Jul/2016:05:07:02 -0500] "GET /PruebasSTORM/StormSDA_pruebas/storm/StormUser03.jar HTTP/1.0" 200 240847
5.9.63.149 - - [26/Jul/2016:05:07:04 -0500] "GET /PruebasSTORM/StormSDA_pruebas/storm/StormUser_bk.jar HTTP/1.0" 200 306268
5.9.63.149 - - [26/Jul/2016:05:07:07 -0500] "GET /PruebasSTORM/StormSDA_pruebas/storm/Utils.jar HTTP/1.0" 200 88687
66.249.66.175 - - [26/Jul/2016:05:07:09 -0500] "GET /BLA/resoluciones/RESOLUCIONES%202011/0218.pdf HTTP/1.1" 304 -
5.9.63.149 - - [26/Jul/2016:05:07:09 -0500] "GET /PruebasSTORM/StormSDA_pruebas/storm/XMLFormula.jar HTTP/1.0" 200 13763
5.9.63.149 - - [26/Jul/2016:05:07:12 -0500] "GET /PruebasSTORM/StormSDA_pruebas/storm/stormNewServer.jar HTTP/1.0" 200 363851
5.9.63.149 - - [26/Jul/2016:05:07:14 -0500] "GET /PruebasSTORM/StormSDA_pruebas/storm/stormNewServer521.jar HTTP/1.0" 200 373502
5.9.63.149 - - [26/Jul/2016:05:07:19 -0500] "GET /PruebasSTORM/StormSDA_pruebas/storm/userHelp.jar HTTP/1.0" 200 742135
5.9.63.149 - - [26/Jul/2016:05:07:21 -0500] "GET /PruebasSTORM/StormSDA_pruebas/storm/version.jar HTTP/1.0" 200 65045
5.9.63.149 - - [26/Jul/2016:05:07:23 -0500] "GET /PruebasSTORM/StormSDA_pruebas/storm/version1.jar HTTP/1.0" 200 65045
5.9.63.149 - - [26/Jul/2016:05:07:25 -0500] "GET /PruebasSTORM/StormSDA_pruebas/storm/version_bk.jar HTTP/1.0" 200 65056
5.9.63.149 - - [26/Jul/2016:05:07:28 -0500] "GET /PruebasSTORM/StormSDA_pruebas/storm/vssver2.scc HTTP/1.0" 200 491
5.9.63.149 - - [26/Jul/2016:05:07:30 -0500] "GET /PruebasSTORM/StormSDA_pruebas/stormWeb/?C=D;O=A HTTP/1.0" 200 1471
5.9.63.149 - - [26/Jul/2016:05:07:32 -0500] "GET /PruebasSTORM/StormSDA_pruebas/stormWeb/?C=D;O=D HTTP/1.0" 200 1471
5.9.63.149 - - [26/Jul/2016:05:07:34 -0500] "GET /PruebasSTORM/StormSDA_pruebas/stormWeb/?C=M;O=A HTTP/1.0" 200 1471
89.131.8.237 - - [26/Jul/2016:05:07:36 -0500] "GET /BLA/resoluciones/AUTOS%202014/2193.pdf HTTP/1.1" 206 424960
5.9.63.149 - - [26/Jul/2016:05:07:37 -0500] "GET /PruebasSTORM/StormSDA_pruebas/stormWeb/?C=M;O=D HTTP/1.0" 200 1471
192.168.175.104 - - [26/Jul/2016:05:07:37 -0500] "GET / HTTP/1.1" 200 9990
190.242.83.124 - - [26/Jul/2016:05:07:37 -0500] "GET /galeria/galeria/fotos/Entrenube2G.jpg HTTP/1.1" 200 111422
5.9.63.149 - - [26/Jul/2016:05:07:38 -0500] "GET /PruebasSTORM/StormSDA_pruebas/stormWeb/?C=N;O=A HTTP/1.0" 200 1471
89.131.8.237 - - [26/Jul/2016:05:07:39 -0500] "GET /BLA/resoluciones/AUTOS%202014/2193.pdf HTTP/1.1" 206 65536
89.131.8.237 - - [26/Jul/2016:05:07:39 -0500] "GET /BLA/resoluciones/AUTOS%202014/2193.pdf HTTP/1.1" 206 65536
5.9.63.149 - - [26/Jul/2016:05:07:46 -0500] "GET /PruebasSTORM/StormSDA_pruebas/stormWeb/?C=N;O=D HTTP/1.0" 200 1471
5.9.63.149 - - [26/Jul/2016:05:07:48 -0500] "GET /PruebasSTORM/StormSDA_pruebas/stormWeb/?C=S;O=A HTTP/1.0" 200 1471
5.9.63.149 - - [26/Jul/2016:05:07:51 -0500] "GET /PruebasSTORM/StormSDA_pruebas/stormWeb/?C=S;O=D HTTP/1.0" 200 1471
5.9.63.149 - - [26/Jul/2016:05:07:53 -0500] "GET /PruebasSTORM/StormSDA_pruebas/stormWeb/presentacion.html HTTP/1.0" 200 5109
5.9.63.149 - - [26/Jul/2016:05:07:55 -0500] "GET /PruebasSTORM/StormSDA_pruebas/storm_silv/?C=D;O=A HTTP/1.0" 200 5853
66.249.66.175 - - [26/Jul/2016:05:07:57 -0500] "GET /BLA/resoluciones/RESOLUCIONES%202009/5735.pdf HTTP/1.1" 304 -
5.9.63.149 - - [26/Jul/2016:05:07:57 -0500] "GET /PruebasSTORM/StormSDA_pruebas/storm_silv/?C=D;O=D HTTP/1.0" 200 5853
5.9.63.149 - - [26/Jul/2016:05:08:00 -0500] "GET /PruebasSTORM/StormSDA_pruebas/storm_silv/?C=M;O=A HTTP/1.0" 200 5853
5.9.63.149 - - [26/Jul/2016:05:08:02 -0500] "GET /PruebasSTORM/StormSDA_pruebas/storm_silv/?C=M;O=D HTTP/1.0" 200 5853
5.9.63.149 - - [26/Jul/2016:05:08:05 -0500] "GET /PruebasSTORM/StormSDA_pruebas/storm_silv/?C=N;O=A HTTP/1.0" 200 5853
5.9.63.149 - - [26/Jul/2016:05:08:08 -0500] "GET /PruebasSTORM/StormSDA_pruebas/storm_silv/?C=N;O=D HTTP/1.0" 200 5853
5.9.63.149 - - [26/Jul/2016:05:08:11 -0500] "GET /PruebasSTORM/StormSDA_pruebas/storm_silv/?C=S;O=A HTTP/1.0" 200 5853
192.168.175.104 - - [26/Jul/2016:05:08:14 -0500] "GET / HTTP/1.0" 200 9990
5.9.63.149 - - [26/Jul/2016:05:08:14 -0500] "GET /PruebasSTORM/StormSDA_pruebas/storm_silv/?C=S;O=D HTTP/1.0" 200 5853
5.9.63.149 - - [26/Jul/2016:05:08:17 -0500] "GET /PruebasSTORM/StormSDA_pruebas/storm_silv/EnviosPlugin02.jar HTTP/1.0" 200 27467
5.9.63.149 - - [26/Jul/2016:05:08:20 -0500] "GET /PruebasSTORM/StormSDA_pruebas/storm_silv/EnviosPlugin03.jar HTTP/1.0" 200 27498
5.9.63.149 - - [26/Jul/2016:05:08:22 -0500] "GET /PruebasSTORM/StormSDA_pruebas/storm_silv/EnviosPlugin3.jar HTTP/1.0" 200 27617
5.9.63.149 - - [26/Jul/2016:05:08:24 -0500] "GET /PruebasSTORM/StormSDA_pruebas/userFiles/?C=D;O=D HTTP/1.0" 200 5496
5.9.63.149 - - [26/Jul/2016:05:08:28 -0500] "GET /PruebasSTORM/StormSDA_pruebas/userFiles/?C=M;O=D HTTP/1.0" 200 5496
5.9.63.149 - - [26/Jul/2016:05:08:30 -0500] "GET /PruebasSTORM/StormSDA_pruebas/userFiles/?C=N;O=A HTTP/1.0" 200 5496
5.9.63.149 - - [26/Jul/2016:05:08:32 -0500] "GET /PruebasSTORM/StormSDA_pruebas/userFiles/?C=S;O=D HTTP/1.0" 200 5496
5.9.63.149 - - [26/Jul/2016:05:08:35 -0500] "GET /PruebasSTORM/StormSDA_pruebas/userFiles/user_files/formulas/3/422.xml HTTP/1.0" 200 875
5.9.63.149 - - [26/Jul/2016:05:08:37 -0500] "GET /PruebasSTORM/StormSDA_pruebas/userFiles/user_files/formulas/3/423.xml HTTP/1.0" 200 889
5.9.63.149 - - [26/Jul/2016:05:08:39 -0500] "GET /PruebasSTORM/StormSDA_pruebas/userFiles/user_files/formulas/3/424.xml HTTP/1.0" 200 877
5.9.63.149 - - [26/Jul/2016:05:08:42 -0500] "GET /PruebasSTORM/StormSDA_pruebas/userFiles/user_files/formulas/3/425.xml HTTP/1.0" 200 881
5.9.63.149 - - [26/Jul/2016:05:08:44 -0500] "GET /PruebasSTORM/StormSDA_pruebas/userFiles/user_files/formulas/3/426.xml HTTP/1.0" 200 873
66.249.66.175 - - [26/Jul/2016:05:08:46 -0500] "GET /BLA/resoluciones/RESOLUCIONES%202010/0522.pdf HTTP/1.1" 304 -
5.9.63.149 - - [26/Jul/2016:05:08:46 -0500] "GET /PruebasSTORM/StormSDA_pruebas/userFiles/user_files/formulas/3/427.xml HTTP/1.0" 200 883
5.9.63.149 - - [26/Jul/2016:05:08:49 -0500] "GET /PruebasSTORM/StormSDA_pruebas/userFiles/user_files/formulas/3/429.xml HTTP/1.0" 200 877
5.9.63.149 - - [26/Jul/2016:05:08:51 -0500] "GET /PruebasSTORM/StormSDA_pruebas/userFiles/user_files/formulas/3/431.xml HTTP/1.0" 200 851
5.9.63.149 - - [26/Jul/2016:05:08:54 -0500] "GET /PruebasSTORM/StormSDA_pruebas/userFiles/user_files/formulas/3/432.xml HTTP/1.0" 200 885
5.9.63.149 - - [26/Jul/2016:05:08:56 -0500] "GET /PruebasSTORM/StormSDA_pruebas/userFiles/user_files/formulas/3/433.xml HTTP/1.0" 200 867
66.249.66.175 - - [26/Jul/2016:05:08:59 -0500] "GET /BLA/resoluciones/RESOLUCIONES%202014/0964.pdf HTTP/1.1" 304 -
5.9.63.149 - - [26/Jul/2016:05:08:59 -0500] "GET /PruebasSTORM/StormSDA_pruebas/userFiles/user_files/formulas/3/434.xml HTTP/1.0" 200 863
5.9.63.149 - - [26/Jul/2016:05:09:01 -0500] "GET /PruebasSTORM/StormSDA_pruebas/userFiles/user_files/formulas/3/435.xml HTTP/1.0" 200 881
5.9.63.149 - - [26/Jul/2016:05:09:03 -0500] "GET /PruebasSTORM/StormSDA_pruebas/userFiles/user_files/formulas/3/436.xml HTTP/1.0" 200 879
5.9.63.149 - - [26/Jul/2016:05:09:06 -0500] "GET /PruebasSTORM/StormSDA_pruebas/userFiles/user_files/formulas/3/437.xml HTTP/1.0" 200 877
66.249.66.175 - - [26/Jul/2016:05:09:06 -0500] "GET /BLA/resoluciones/RESOLUCIONES%202011/5660.pdf HTTP/1.1" 304 -
5.9.63.149 - - [26/Jul/2016:05:09:13 -0500] "GET /PruebasSTORM/StormSDA_pruebas/userFiles/user_files/formulas/3/438.xml HTTP/1.0" 200 885
66.249.66.175 - - [26/Jul/2016:05:09:13 -0500] "GET /BLA/resoluciones/RESOLUCIONES%202007/RES%202007%20401%20AL%20500/RESOLUCION%200429%20DE%202007.pdf HTTP/1.1" 304 -
5.9.63.149 - - [26/Jul/2016:05:09:15 -0500] "GET /PruebasSTORM/StormSDA_pruebas/userFiles/user_files/formulas/3/439.xml HTTP/1.0" 200 885
5.9.63.149 - - [26/Jul/2016:05:09:17 -0500] "GET /PruebasSTORM/StormSDA_pruebas/userFiles/user_files/formulas/3/440.xml HTTP/1.0" 200 879
5.9.63.149 - - [26/Jul/2016:05:09:19 -0500] "GET /PruebasSTORM/StormSDA_pruebas/userFiles/user_files/formulas/3/441.xml HTTP/1.0" 200 871
5.9.63.149 - - [26/Jul/2016:05:09:21 -0500] "GET /PruebasSTORM/StormSDA_pruebas/userFiles/user_files/formulas/3/514.xml HTTP/1.0" 200 995
5.9.63.149 - - [26/Jul/2016:05:09:24 -0500] "GET /PruebasSTORM/StormSDA_pruebas/userFiles/user_files/formulas/3/515.xml HTTP/1.0" 200 997
5.9.63.149 - - [26/Jul/2016:05:09:26 -0500] "GET /PruebasSTORM/StormSDA_pruebas/userFiles/user_files/formulas/3/516.xml HTTP/1.0" 200 1005
192.168.175.104 - - [26/Jul/2016:05:09:29 -0500] "GET / HTTP/1.1" 200 9990
5.9.63.149 - - [26/Jul/2016:05:09:34 -0500] "GET /PruebasSTORM/StormSDA_pruebas/userFiles/user_files/formulas/3/517.xml HTTP/1.0" 200 991
5.9.63.149 - - [26/Jul/2016:05:09:36 -0500] "GET /PruebasSTORM/StormSDA_pruebas/userFiles/user_files/formulas/3/518.xml HTTP/1.0" 200 977
5.9.63.149 - - [26/Jul/2016:05:09:39 -0500] "GET /PruebasSTORM/StormSDA_pruebas/userFiles/user_files/formulas/3/519.xml HTTP/1.0" 200 990
66.249.66.175 - - [26/Jul/2016:05:09:41 -0500] "GET /BLA/resoluciones/RESOLUCIONES%202013/2148.pdf HTTP/1.1" 304 -
5.9.63.149 - - [26/Jul/2016:05:09:41 -0500] "GET /PruebasSTORM/StormSDA_pruebas/userFiles/user_files/formulas/3/522.xml HTTP/1.0" 200 995
5.9.63.149 - - [26/Jul/2016:05:09:44 -0500] "GET /PruebasSTORM/StormSDA_pruebas/userFiles/user_files/formulas/3/592.xml HTTP/1.0" 200 999
5.9.63.149 - - [26/Jul/2016:05:09:46 -0500] "GET /PruebasSTORM/StormSDA_pruebas/userFiles/user_files/formulas/3/593.xml HTTP/1.0" 200 999
66.249.66.175 - - [26/Jul/2016:05:09:48 -0500] "GET /BLA/resoluciones/RESOLUCIONES%202013/0070.pdf HTTP/1.1" 304 -
5.9.63.149 - - [26/Jul/2016:05:09:48 -0500] "GET /PruebasSTORM/StormSDA_pruebas/userFiles/user_files/formulas/3/594.xml HTTP/1.0" 200 997
5.9.63.149 - - [26/Jul/2016:05:09:51 -0500] "GET /PruebasSTORM/StormSDA_pruebas/userFiles/user_files/formulas/3/595.xml HTTP/1.0" 200 1039
5.9.63.149 - - [26/Jul/2016:05:09:54 -0500] "GET /PruebasSTORM/StormSDA_pruebas/userFiles/user_files/formulas/3/596.xml HTTP/1.0" 200 995
66.249.66.175 - - [26/Jul/2016:05:09:55 -0500] "GET /BLA/resoluciones/RESOLUCIONES%202013/0908.pdf HTTP/1.1" 304 -
5.9.63.149 - - [26/Jul/2016:05:10:15 -0500] "GET /PruebasSTORM/StormSDA_pruebas/userFiles/user_files/formulas/3/598.xml HTTP/1.0" 200 1000
5.9.63.149 - - [26/Jul/2016:05:10:22 -0500] "GET /PruebasSTORM/StormSDA_pruebas/userFiles/user_files/formulas/3/599.xml HTTP/1.0" 200 999
5.9.63.149 - - [26/Jul/2016:05:10:24 -0500] "GET /PruebasSTORM/StormSDA_pruebas/userFiles/user_files/formulas/3/6.xml HTTP/1.0" 200 1076
5.9.63.149 - - [26/Jul/2016:05:10:26 -0500] "GET /PruebasSTORM/StormSDA_pruebas/userFiles/user_files/formulas/3/600.xml HTTP/1.0" 200 995
5.9.63.149 - - [26/Jul/2016:05:10:28 -0500] "GET /PruebasSTORM/StormSDA_pruebas/userFiles/user_files/formulas/3/601.xml HTTP/1.0" 200 994
66.249.66.175 - - [26/Jul/2016:05:10:30 -0500] "GET /BLA/resoluciones/AUTOS%202015/2104.pdf HTTP/1.1" 304 -
5.9.63.149 - - [26/Jul/2016:05:10:30 -0500] "GET /PruebasSTORM/StormSDA_pruebas/userFiles/user_files/formulas/3/602.xml HTTP/1.0" 200 993
5.9.63.149 - - [26/Jul/2016:05:10:33 -0500] "GET /PruebasSTORM/StormSDA_pruebas/userFiles/user_files/formulas/3/603.xml HTTP/1.0" 200 993
5.9.63.149 - - [26/Jul/2016:05:10:35 -0500] "GET /PruebasSTORM/StormSDA_pruebas/userFiles/user_files/formulas/3/604.xml HTTP/1.0" 200 1003
5.9.63.149 - - [26/Jul/2016:05:10:36 -0500] "GET /PruebasSTORM/StormSDA_pruebas/userFiles/user_files/formulas/3/607.xml HTTP/1.0" 200 977
5.9.63.149 - - [26/Jul/2016:05:10:40 -0500] "GET /PruebasSTORM/StormSDA_pruebas/userFiles/user_files/formulas/3/608.xml HTTP/1.0" 200 998
5.9.63.149 - - [26/Jul/2016:05:10:45 -0500] "GET /PruebasSTORM/StormSDA_pruebas/userFiles/user_files/formulas/3/609.xml HTTP/1.0" 200 991
5.9.63.149 - - [26/Jul/2016:05:10:47 -0500] "GET /PruebasSTORM/StormSDA_pruebas/userFiles/user_files/formulas/3/610.xml HTTP/1.0" 200 991
5.9.63.149 - - [26/Jul/2016:05:10:49 -0500] "GET /PruebasSTORM/StormSDA_pruebas/userFiles/user_files/formulas/3/611.xml HTTP/1.0" 200 993
66.249.66.175 - - [26/Jul/2016:05:10:50 -0500] "GET /BLA/resoluciones/AUTOS%202014/4104.pdf HTTP/1.1" 304 -
5.9.63.149 - - [26/Jul/2016:05:10:51 -0500] "GET /PruebasSTORM/StormSDA_pruebas/userFiles/user_files/formulas/3/612.xml HTTP/1.0" 200 979
5.9.63.149 - - [26/Jul/2016:05:10:55 -0500] "GET /PruebasSTORM/StormSDA_pruebas/userFiles/user_files/formulas/3/613.xml HTTP/1.0" 200 981
5.9.63.149 - - [26/Jul/2016:05:10:58 -0500] "GET /PruebasSTORM/StormSDA_pruebas/userFiles/user_files/formulas/3/614.xml HTTP/1.0" 200 988
5.9.63.149 - - [26/Jul/2016:05:10:59 -0500] "GET /PruebasSTORM/StormSDA_pruebas/userFiles/user_files/formulas/3/623.xml HTTP/1.0" 200 1004
5.9.63.149 - - [26/Jul/2016:05:11:05 -0500] "GET /PruebasSTORM/StormSDA_pruebas/userFiles/user_files/formulas/3/625.xml HTTP/1.0" 200 1004
5.9.63.149 - - [26/Jul/2016:05:11:07 -0500] "GET /PruebasSTORM/StormSDA_pruebas/userFiles/user_files/formulas/3/626.xml HTTP/1.0" 200 1001
5.9.63.149 - - [26/Jul/2016:05:11:09 -0500] "GET /PruebasSTORM/StormSDA_pruebas/userFiles/user_files/formulas/3/627.xml HTTP/1.0" 200 1002
5.9.63.149 - - [26/Jul/2016:05:11:12 -0500] "GET /PruebasSTORM/StormSDA_pruebas/userFiles/user_files/formulas/3/628.xml HTTP/1.0" 200 993
5.9.63.149 - - [26/Jul/2016:05:11:14 -0500] "GET /PruebasSTORM/StormSDA_pruebas/userFiles/user_files/formulas/3/629.xml HTTP/1.0" 200 995
5.9.63.149 - - [26/Jul/2016:05:11:21 -0500] "GET /PruebasSTORM/StormSDA_pruebas/userFiles/user_files/formulas/3/630.xml HTTP/1.0" 200 991
5.9.63.149 - - [26/Jul/2016:05:11:23 -0500] "GET /StormSDA/lib/?C=D;O=D HTTP/1.0" 200 6375
5.9.63.149 - - [26/Jul/2016:05:11:25 -0500] "GET /StormSDA/lib/?C=M;O=D HTTP/1.0" 200 6375
5.9.63.149 - - [26/Jul/2016:05:11:27 -0500] "GET /StormSDA/lib/?C=N;O=A HTTP/1.0" 200 6375
5.9.63.149 - - [26/Jul/2016:05:11:29 -0500] "GET /StormSDA/lib/?C=S;O=D HTTP/1.0" 200 6375
66.249.66.175 - - [26/Jul/2016:05:11:32 -0500] "GET /BLA/resoluciones/AUTOS%202014/0867.pdf HTTP/1.1" 304 -
5.9.63.149 - - [26/Jul/2016:05:11:32 -0500] "GET /StormSDA/lib/win32/?C=D;O=A HTTP/1.0" 200 1199
5.9.63.149 - - [26/Jul/2016:05:11:34 -0500] "GET /StormSDA/lib/win32/?C=M;O=A HTTP/1.0" 200 1199
5.9.63.149 - - [26/Jul/2016:05:11:36 -0500] "GET /StormSDA/lib/win32/?C=N;O=D HTTP/1.0" 200 1199
5.9.63.149 - - [26/Jul/2016:05:11:38 -0500] "GET /StormSDA/lib/win32/?C=S;O=A HTTP/1.0" 200 1199
5.9.63.149 - - [26/Jul/2016:05:11:40 -0500] "GET /StormSDA/stormWeb/img/?C=S;O=D HTTP/1.0" 200 2921
5.9.63.149 - - [26/Jul/2016:05:11:42 -0500] "GET /StormSDA/storm_silv/?C=D;O=D HTTP/1.0" 200 5784
5.9.63.149 - - [26/Jul/2016:05:11:45 -0500] "GET /StormSDA/storm_silv/?C=M;O=A HTTP/1.0" 200 5784
69.162.124.232 - - [26/Jul/2016:05:11:49 -0500] "HEAD / HTTP/1.1" 200 -
5.9.63.149 - - [26/Jul/2016:05:11:52 -0500] "GET /StormSDA/storm_silv/?C=N;O=A HTTP/1.0" 200 5784
66.249.66.175 - - [26/Jul/2016:05:11:53 -0500] "GET /BLA/resoluciones/AUTOS%202014/3073.pdf HTTP/1.1" 304 -
5.9.63.149 - - [26/Jul/2016:05:11:55 -0500] "GET /StormSDA/storm_silv/?C=S;O=A HTTP/1.0" 200 5784
5.9.63.149 - - [26/Jul/2016:05:11:58 -0500] "GET /StormSDA/storm_silv/?C=S;O=D HTTP/1.0" 200 5784
66.249.66.175 - - [26/Jul/2016:05:12:00 -0500] "GET /BLA/resoluciones/RESOLUCIONES%202007/RES%202007%202001%20AL%202100/RESOLUCION%202018%20DE%202007.pdf HTTP/1.1" 304 -
5.9.63.149 - - [26/Jul/2016:05:12:01 -0500] "GET /StormSDA/storm_silv/EnviosPlugin.jar HTTP/1.0" 200 27467
5.9.63.149 - - [26/Jul/2016:05:12:03 -0500] "GET /StormSDA/storm_silv/EnviosPlugin01.jar HTTP/1.0" 200 27498
5.9.63.149 - - [26/Jul/2016:05:12:05 -0500] "GET /StormSDA/storm_silv/EnviosPlugin_bk.jar HTTP/1.0" 200 27617
66.249.66.175 - - [26/Jul/2016:05:12:07 -0500] "GET /BLA/resoluciones/RESOLUCIONES%202009/3787.pdf HTTP/1.1" 304 -
5.9.63.149 - - [26/Jul/2016:05:12:07 -0500] "GET /StormSDA/storm_silv/HTTPClient.jar HTTP/1.0" 200 10435
5.9.63.149 - - [26/Jul/2016:05:12:10 -0500] "GET /StormSDA/storm_silv/Matriz.jar HTTP/1.0" 200 13155
5.9.63.149 - - [26/Jul/2016:05:12:12 -0500] "GET /StormSDA/storm_silv/OpenRemote.jar HTTP/1.0" 200 11535
66.249.66.175 - - [26/Jul/2016:05:12:14 -0500] "GET /BLA/resoluciones/AUTOS%202014/1291.pdf HTTP/1.1" 304 -
5.9.63.149 - - [26/Jul/2016:05:12:14 -0500] "GET /StormSDA/storm_silv/STORMFormula.jar HTTP/1.0" 200 72093
5.9.63.149 - - [26/Jul/2016:05:12:16 -0500] "GET /StormSDA/storm_silv/STORMParser.jar HTTP/1.0" 200 122033
66.249.66.175 - - [26/Jul/2016:05:12:21 -0500] "GET /BLA/resoluciones/AUTOS%202014/4991.pdf HTTP/1.1" 304 -
5.9.63.149 - - [26/Jul/2016:05:12:21 -0500] "GET /StormSDA/storm_silv/ShaUtil.jar HTTP/1.0" 200 7404
79.144.16.76 - - [26/Jul/2016:05:12:22 -0500] "GET /BLA/resoluciones/AUTOS%202014/5698.pdf HTTP/1.1" 200 1693582
5.9.63.149 - - [26/Jul/2016:05:12:23 -0500] "GET /StormSDA/storm_silv/StormUser.jar HTTP/1.0" 200 305783
79.144.16.76 - - [26/Jul/2016:05:12:23 -0500] "GET /favicon.ico HTTP/1.1" 200 7782
79.144.16.76 - - [26/Jul/2016:05:12:24 -0500] "GET /BLA/resoluciones/AUTOS%202014/5698.pdf HTTP/1.1" 206 1352576
5.9.63.149 - - [26/Jul/2016:05:12:24 -0500] "GET /StormSDA/storm_silv/StormUser001.jar HTTP/1.0" 200 243480
5.9.63.149 - - [26/Jul/2016:05:12:26 -0500] "GET /StormSDA/storm_silv/StormUser01.jar HTTP/1.0" 200 221546
5.9.63.149 - - [26/Jul/2016:05:12:29 -0500] "GET /StormSDA/storm_silv/StormUser04.jar HTTP/1.0" 200 243480
5.9.63.149 - - [26/Jul/2016:05:12:31 -0500] "GET /StormSDA/storm_silv/StormUser21.jar HTTP/1.0" 200 207575
5.9.63.149 - - [26/Jul/2016:05:12:33 -0500] "GET /StormSDA/storm_silv/Utils.jar HTTP/1.0" 200 88687
5.9.63.149 - - [26/Jul/2016:05:12:35 -0500] "GET /StormSDA/storm_silv/XMLFormula.jar HTTP/1.0" 200 13763
192.168.175.104 - - [26/Jul/2016:05:12:35 -0500] "GET / HTTP/1.1" 200 9990
5.9.63.149 - - [26/Jul/2016:05:12:36 -0500] "GET /StormSDA/storm_silv/stormNewServer.jar HTTP/1.0" 200 373502
5.9.63.149 - - [26/Jul/2016:05:12:39 -0500] "GET /StormSDA/storm_silv/userHelp.jar HTTP/1.0" 200 742135
5.9.63.149 - - [26/Jul/2016:05:12:41 -0500] "GET /StormSDA/storm_silv/version.jar HTTP/1.0" 200 65094
66.249.66.175 - - [26/Jul/2016:05:12:42 -0500] "GET /BLA/resoluciones/AUTOS%202014/1779.pdf HTTP/1.1" 304 -
5.9.63.149 - - [26/Jul/2016:05:12:43 -0500] "GET /StormSDA/storm_silv/version001.jar HTTP/1.0" 200 63957
66.249.69.183 - - [26/Jul/2016:05:12:42 -0500] "GET /galeria/nivo-slider/demo/images/PREDAcamp.jpg HTTP/1.1" 200 295358
5.9.63.149 - - [26/Jul/2016:05:12:50 -0500] "GET /StormSDA/storm_silv/version03.jar HTTP/1.0" 200 65094
5.9.63.149 - - [26/Jul/2016:05:12:52 -0500] "GET /StormSDA/storm_silv/version_bk.jar HTTP/1.0" 200 65067
66.249.66.175 - - [26/Jul/2016:05:12:55 -0500] "GET /BLA/resoluciones/AUTOS%202013/1346.pdf HTTP/1.1" 304 -
5.9.63.149 - - [26/Jul/2016:05:13:01 -0500] "GET /robots.txt HTTP/1.0" 404 1019
5.9.63.149 - - [26/Jul/2016:05:13:02 -0500] "GET /Ifweb/3.html HTTP/1.0" 404 1019
66.249.66.175 - - [26/Jul/2016:05:13:02 -0500] "GET /BLA/resoluciones/AUTOS%202015/0327.pdf HTTP/1.1" 304 -
5.9.63.149 - - [26/Jul/2016:05:13:04 -0500] "GET /Ifweb/4.html HTTP/1.0" 404 1019
5.9.63.149 - - [26/Jul/2016:05:13:06 -0500] "GET /SIG/index.php HTTP/1.0" 200 4514
5.9.63.149 - - [26/Jul/2016:05:13:08 -0500] "GET /SIG/index.php?dir= HTTP/1.0" 200 4514
5.9.63.149 - - [26/Jul/2016:05:13:12 -0500] "GET /SIG/index.php?dir=Control%20y%20mejora/ HTTP/1.0" 200 2777
192.168.175.104 - - [26/Jul/2016:05:13:14 -0500] "GET / HTTP/1.0" 200 9990
5.9.63.149 - - [26/Jul/2016:05:13:14 -0500] "GET /SIG/index.php?dir=Control%20y%20mejora/&sort=date&order=desc HTTP/1.0" 200 2776
5.9.63.149 - - [26/Jul/2016:05:13:16 -0500] "GET /SIG/index.php?dir=Control%20y%20mejora/&sort=name&order=asc HTTP/1.0" 200 2777
66.249.66.175 - - [26/Jul/2016:05:13:16 -0500] "GET /BLA/resoluciones/RESOLUCIONES%202007/RES%202007%202001%20AL%202100/RESOLUCION%202030%20%20DE%202007.pdf HTTP/1.1" 304 -
5.9.63.149 - - [26/Jul/2016:05:13:18 -0500] "GET /SIG/index.php?dir=Control%20y%20mejora/&sort=size&order=desc HTTP/1.0" 200 2776
5.9.63.149 - - [26/Jul/2016:05:13:20 -0500] "GET /SIG/index.php?dir=Control%20y%20mejora/Control%20y%20mejora/&sort=date&order=asc HTTP/1.0" 200 2843
5.9.63.149 - - [26/Jul/2016:05:13:22 -0500] "GET /SIG/index.php?dir=Control%20y%20mejora/Control%20y%20mejora/&sort=name&order=desc HTTP/1.0" 200 2842
5.9.63.149 - - [26/Jul/2016:05:13:24 -0500] "GET /SIG/index.php?dir=Control%20y%20mejora/Control%20y%20mejora/&sort=size&order=asc HTTP/1.0" 200 2843
5.9.63.149 - - [26/Jul/2016:05:13:26 -0500] "GET /SIG/index.php?dir=ECS/&sort=date&order=asc HTTP/1.0" 200 16570
5.9.63.149 - - [26/Jul/2016:05:13:29 -0500] "GET /SIG/index.php?dir=ECS/&sort=name&order=desc HTTP/1.0" 200 16569
66.249.66.175 - - [26/Jul/2016:05:13:30 -0500] "GET /BLA/resoluciones/AUTOS%202013/0353.pdf HTTP/1.1" 304 -
5.9.63.149 - - [26/Jul/2016:05:13:32 -0500] "GET /SIG/index.php?dir=ECS/&sort=size&order=asc HTTP/1.0" 200 16570
5.9.63.149 - - [26/Jul/2016:05:13:34 -0500] "GET /SIG/index.php?dir=Gestion%20Documental/&sort=date&order=asc HTTP/1.0" 200 5567
66.249.66.175 - - [26/Jul/2016:05:13:37 -0500] "GET /BLA/resoluciones/AUTOS%202012/1690.pdf HTTP/1.1" 304 -
66.249.88.7 - - [26/Jul/2016:05:13:38 -0500] "GET /galeria/carrusel/Carrusel/jquery.thumbnailScroller.css HTTP/1.1" 200 2066
66.249.88.18 - - [26/Jul/2016:05:13:38 -0500] "GET /galeria/galeria/jquery.fancybox.css?v=2.1.5 HTTP/1.1" 200 4895
66.249.88.29 - - [26/Jul/2016:05:13:38 -0500] "GET /BLA/boletinlegal/js/jquery.scrollShow.js HTTP/1.1" 200 4586
66.249.88.29 - - [26/Jul/2016:05:13:38 -0500] "GET /galeria/carrusel/Carrusel/jquery.thumbnailScroller.js HTTP/1.1" 200 8157
66.249.88.18 - - [26/Jul/2016:05:13:38 -0500] "GET /galeria/carrusel/Carrusel/jquery-ui-1.8.13.custom.min.js HTTP/1.1" 200 10800
66.249.88.7 - - [26/Jul/2016:05:13:38 -0500] "GET /galeria/galeria/jquery.fancybox.js?v=2.1.5 HTTP/1.1" 200 48706
66.249.88.18 - - [26/Jul/2016:05:13:41 -0500] "GET /galeria/nivo-slider/demo/demo.html HTTP/1.1" 200 4995
66.249.88.29 - - [26/Jul/2016:05:13:42 -0500] "GET /galeria/nivo-slider/themes/default/default.css HTTP/1.1" 200 1569
66.249.88.29 - - [26/Jul/2016:05:13:42 -0500] "GET /galeria/nivo-slider/themes/orman/orman.css HTTP/1.1" 200 2152
66.249.88.7 - - [26/Jul/2016:05:13:42 -0500] "GET /galeria/nivo-slider/nivo-slider.css HTTP/1.1" 200 1507
66.249.88.18 - - [26/Jul/2016:05:13:42 -0500] "GET /galeria/nivo-slider/jquery.nivo.slider.pack.js HTTP/1.1" 200 11561
66.249.88.18 - - [26/Jul/2016:05:13:42 -0500] "GET /galeria/nivo-slider/themes/pascal/pascal.css HTTP/1.1" 200 2258
66.249.88.7 - - [26/Jul/2016:05:13:42 -0500] "GET /galeria/nivo-slider/demo/images/Banner_wgic.jpg HTTP/1.1" 200 139000
66.249.88.29 - - [26/Jul/2016:05:13:42 -0500] "GET /galeria/nivo-slider/demo/images/BOMBILLASDA%C3%91ADAS.jpg HTTP/1.1" 200 145923
66.249.88.29 - - [26/Jul/2016:05:13:42 -0500] "GET /galeria/nivo-slider/demo/scripts/jquery-1.7.1.min.js HTTP/1.1" 200 93868
66.249.88.29 - - [26/Jul/2016:05:13:42 -0500] "GET /galeria/nivo-slider/demo/style.css HTTP/1.1" 200 2222
66.249.88.29 - - [26/Jul/2016:05:13:42 -0500] "GET /galeria/nivo-slider/demo/images/BANNERVISORGEOGRAFICO.jpg HTTP/1.1" 200 78514
66.249.88.29 - - [26/Jul/2016:05:13:42 -0500] "GET /galeria/nivo-slider/demo/images/Cmapana-onestidad.jpg HTTP/1.1" 200 141638
66.249.88.7 - - [26/Jul/2016:05:13:42 -0500] "GET /galeria/nivo-slider/demo/images/Ruta-vertimientos-01.jpg HTTP/1.1" 200 130151
66.249.88.18 - - [26/Jul/2016:05:13:42 -0500] "GET /galeria/nivo-slider/demo/images/banner-llantas2.jpg HTTP/1.1" 200 234514
66.249.88.18 - - [26/Jul/2016:05:13:42 -0500] "GET /galeria/nivo-slider/demo/images/convocatoriasecretaria.jpg HTTP/1.1" 200 129365
66.249.88.7 - - [26/Jul/2016:05:13:42 -0500] "GET /galeria/nivo-slider/demo/images/bolsas-06.jpg HTTP/1.1" 200 210950
66.249.88.18 - - [26/Jul/2016:05:13:42 -0500] "GET /galeria/nivo-slider/demo/images/caminata-ecologica.jpg HTTP/1.1" 200 192926
66.249.88.7 - - [26/Jul/2016:05:13:42 -0500] "GET /galeria/nivo-slider/demo/images/ECOLECTAVIRGILIOBARCO.jpg HTTP/1.1" 200 126403
66.249.88.7 - - [26/Jul/2016:05:13:42 -0500] "GET /galeria/nivo-slider/demo/images/ABC-Plan-de-contigencia.jpg HTTP/1.1" 200 423901
66.249.88.29 - - [26/Jul/2016:05:13:42 -0500] "GET /galeria/nivo-slider/demo/images/SUPERCADESUBA.jpg HTTP/1.1" 200 127509
66.249.88.18 - - [26/Jul/2016:05:13:42 -0500] "GET /galeria/nivo-slider/demo/images/BANNERMADERALEGAL.jpg HTTP/1.1" 200 165750
66.249.88.29 - - [26/Jul/2016:05:13:42 -0500] "GET /galeria/nivo-slider/demo/images/9Signos.jpg HTTP/1.1" 200 81776
66.249.88.18 - - [26/Jul/2016:05:13:42 -0500] "GET /galeria/nivo-slider/demo/images/BANNERCONFORMACIONGESTIONAMBIENTAL.jpg HTTP/1.1" 200 161009
66.249.88.29 - - [26/Jul/2016:05:13:42 -0500] "GET /galeria/nivo-slider/demo/images/bannergenCAPACITACIONES-01.jpg HTTP/1.1" 200 153433
66.249.88.29 - - [26/Jul/2016:05:13:42 -0500] "GET /galeria/nivo-slider/demo/images/ACOPIADORESYGESTORES.jpg HTTP/1.1" 200 118791
66.249.88.18 - - [26/Jul/2016:05:13:42 -0500] "GET /galeria/nivo-slider/demo/images/vegetal.jpg HTTP/1.1" 200 216080
66.249.88.7 - - [26/Jul/2016:05:13:44 -0500] "GET /galeria/nivo-slider/themes/default/loading.gif HTTP/1.1" 200 1737
66.249.88.29 - - [26/Jul/2016:05:13:44 -0500] "GET /galeria/nivo-slider/demo/images/4Simple_Slider.png HTTP/1.1" 200 11722
66.249.66.175 - - [26/Jul/2016:05:13:44 -0500] "GET /BLA/resoluciones/RESOLUCIONES%202009/9268.pdf HTTP/1.1" 304 -
66.249.88.18 - - [26/Jul/2016:05:13:47 -0500] "GET /galeria/nivo-slider/themes/default/arrows.png HTTP/1.1" 200 824
66.249.88.29 - - [26/Jul/2016:05:13:47 -0500] "GET /galeria/nivo-slider/themes/default/bullets.png HTTP/1.1" 200 1281
66.249.66.175 - - [26/Jul/2016:05:13:51 -0500] "GET /BLA/resoluciones/AUTOS%202013/3484.pdf HTTP/1.1" 304 -
5.9.63.149 - - [26/Jul/2016:05:13:59 -0500] "GET /SIG/index.php?dir=Gestion%20Documental/&sort=name&order=desc HTTP/1.0" 200 5566
5.9.63.149 - - [26/Jul/2016:05:14:01 -0500] "GET /SIG/index.php?dir=Gestion%20Documental/&sort=size&order=asc HTTP/1.0" 200 5567
5.9.63.149 - - [26/Jul/2016:05:14:03 -0500] "GET /_private/bogco.htm HTTP/1.0" 404 1019
66.249.66.175 - - [26/Jul/2016:05:14:04 -0500] "GET /BLA/resoluciones/AUTOS%202014/5688.pdf HTTP/1.1" 304 -
5.9.63.149 - - [26/Jul/2016:05:14:05 -0500] "GET /_private/pesos1.htm HTTP/1.0" 404 1019
5.9.63.149 - - [26/Jul/2016:05:14:07 -0500] "GET /_private/ts47.htm HTTP/1.0" 404 1019
5.9.63.149 - - [26/Jul/2016:05:14:09 -0500] "GET /actualizaciones/legisla/Dc094895.htm HTTP/1.0" 404 1019
5.9.63.149 - - [26/Jul/2016:05:14:11 -0500] "GET /actualizaciones/legisla/Ly007093.htm HTTP/1.0" 404 1019
66.249.66.175 - - [26/Jul/2016:05:14:11 -0500] "GET /BLA/resoluciones/RESOLUCIONES%202007/RES%202007%202101%20AL%202200/RESOLUCION%202175%20DE%202007.pdf HTTP/1.1" 304 -
5.9.63.149 - - [26/Jul/2016:05:14:14 -0500] "GET /cyber/ecour/eco.htm HTTP/1.0" 404 1019
200.118.146.124 - - [26/Jul/2016:05:14:19 -0500] "GET /BLA/boletinlegal/js/jquery.scrollShow.js HTTP/1.1" 200 4586
200.118.146.124 - - [26/Jul/2016:05:14:19 -0500] "GET /galeria/galeria/jquery.fancybox.js?v=2.1.5 HTTP/1.1" 200 48706
200.118.146.124 - - [26/Jul/2016:05:14:19 -0500] "GET /galeria/galeria/jquery.fancybox.css?v=2.1.5 HTTP/1.1" 200 4895
200.118.146.124 - - [26/Jul/2016:05:14:26 -0500] "GET /BLA/boletinlegal/js/jquery.scrollShow.js HTTP/1.1" 304 -
200.118.146.124 - - [26/Jul/2016:05:14:26 -0500] "GET /galeria/galeria/jquery.fancybox.js?v=2.1.5 HTTP/1.1" 304 -
200.118.146.124 - - [26/Jul/2016:05:14:26 -0500] "GET /galeria/galeria/jquery.fancybox.css?v=2.1.5 HTTP/1.1" 304 -
192.168.175.104 - - [26/Jul/2016:05:14:28 -0500] "GET / HTTP/1.1" 200 9990
66.249.66.175 - - [26/Jul/2016:05:14:39 -0500] "GET /BLA/resoluciones/RESOLUCIONES%202013/0880.pdf HTTP/1.1" 304 -
66.249.66.175 - - [26/Jul/2016:05:14:46 -0500] "GET /BLA/resoluciones/RESOLUCIONES%202008/2580.pdf HTTP/1.1" 304 -
66.249.66.175 - - [26/Jul/2016:05:15:51 -0500] "GET /BLA/resoluciones/RESOLUCIONES%202007/RES%202007%202201%20AL%202300/RESOLUCION%202243%20DE%202007.pdf HTTP/1.1" 304 -
66.249.66.175 - - [26/Jul/2016:05:16:25 -0500] "GET /BLA/resoluciones/RESOLUCIONES%202010/6000.pdf HTTP/1.1" 304 -
69.162.124.232 - - [26/Jul/2016:05:16:49 -0500] "HEAD / HTTP/1.1" 200 -
66.249.66.175 - - [26/Jul/2016:05:16:58 -0500] "GET /autoliquidacion/index.php?dir=Solicitud+de+expedici%F3n+de+certificados+de+estado+de+conservaci%F3n+ambiental+(CECA)%2F HTTP/1.1" 200 2715
66.249.66.175 - - [26/Jul/2016:05:17:05 -0500] "GET /BLA/resoluciones/RESOLUCIONES%202007/RES%202007%202901%20AL%203000/RESOLUCION%202907%20DE%202007.pdf HTTP/1.1" 304 -
66.249.66.175 - - [26/Jul/2016:05:17:26 -0500] "GET /BLA/resoluciones/RESOLUCIONES%202014/1941.pdf HTTP/1.1" 304 -
192.168.175.104 - - [26/Jul/2016:05:17:35 -0500] "GET / HTTP/1.1" 200 9990
66.249.66.175 - - [26/Jul/2016:05:18:00 -0500] "GET /BLA/resoluciones/RESOLUCIONES%202014/1844.pdf HTTP/1.1" 304 -
192.168.175.104 - - [26/Jul/2016:05:18:11 -0500] "GET / HTTP/1.0" 200 9990
66.249.66.175 - - [26/Jul/2016:05:19:00 -0500] "GET /BLA/resoluciones/RESOLUCIONES%202009/8359.pdf HTTP/1.1" 304 -
186.28.103.59 - - [26/Jul/2016:05:19:21 -0500] "GET /BLA/boletinlegal/js/jquery.scrollShow.js HTTP/1.1" 200 4586
186.28.103.59 - - [26/Jul/2016:05:19:21 -0500] "GET /galeria/galeria/jquery.fancybox.css?v=2.1.5 HTTP/1.1" 200 4895
186.28.103.59 - - [26/Jul/2016:05:19:21 -0500] "GET /galeria/galeria/jquery.fancybox.js?v=2.1.5 HTTP/1.1" 200 48706
192.168.175.104 - - [26/Jul/2016:05:19:26 -0500] "GET / HTTP/1.1" 200 9990
207.46.13.139 - - [26/Jul/2016:05:20:18 -0500] "GET /SIG/Gestion%20Recursos%20Financieros/126PA02-PR20%20REGISTRO%20DE%20DIFERIDOS.pdf HTTP/1.1" 200 231681
207.46.13.179 - - [26/Jul/2016:05:21:27 -0500] "GET /robots.txt HTTP/1.1" 301 334
207.46.13.179 - - [26/Jul/2016:05:21:31 -0500] "GET /noticias/ HTTP/1.1" 301 333
66.249.66.177 - - [26/Jul/2016:05:21:35 -0500] "GET /BLA/boletinlegal/jurisprudencia/analisis/Analisis%20Sentencia%20T-1077,%202%20corregida.doc HTTP/1.1" 304 -
69.162.124.232 - - [26/Jul/2016:05:21:49 -0500] "HEAD / HTTP/1.1" 200 -
122.172.70.7 - - [26/Jul/2016:05:22:13 -0500] "GET /wp-login.php HTTP/1.1" 404 1018
66.249.66.175 - - [26/Jul/2016:05:22:24 -0500] "GET /BLA/resoluciones/RESOLUCIONES%202008/0026.pdf HTTP/1.1" 304 -
66.249.66.175 - - [26/Jul/2016:05:22:30 -0500] "GET /BLA/resoluciones/AUTOS%202013/3483.pdf HTTP/1.1" 304 -
192.168.175.104 - - [26/Jul/2016:05:22:32 -0500] "GET / HTTP/1.1" 200 9990
66.249.66.175 - - [26/Jul/2016:05:22:58 -0500] "GET /BLA/resoluciones/RESOLUCIONES%202011/4481.pdf HTTP/1.1" 304 -
66.249.66.175 - - [26/Jul/2016:05:23:05 -0500] "GET /BLA/resoluciones/AUTOS%202012/2185.pdf HTTP/1.1" 304 -
192.168.175.104 - - [26/Jul/2016:05:23:09 -0500] "GET / HTTP/1.0" 200 9990
192.168.175.104 - - [26/Jul/2016:05:24:25 -0500] "GET / HTTP/1.1" 200 9990
66.249.66.175 - - [26/Jul/2016:05:24:25 -0500] "GET /BLA/resoluciones/AUTOS%202014/1360.pdf HTTP/1.1" 304 -
157.55.39.240 - - [26/Jul/2016:05:24:30 -0500] "GET / HTTP/1.1" 200 9990
207.46.13.54 - - [26/Jul/2016:05:24:33 -0500] "GET / HTTP/1.1" 200 9990
66.249.66.175 - - [26/Jul/2016:05:24:39 -0500] "GET /BLA/resoluciones/AUTOS%202015/2288.pdf HTTP/1.1" 304 -
66.249.66.175 - - [26/Jul/2016:05:24:40 -0500] "GET /BLA/resoluciones/AUTOS%202014/2668.pdf HTTP/1.1" 304 -
66.249.66.175 - - [26/Jul/2016:05:24:42 -0500] "GET /BLA/resoluciones/AUTOS%202010/4737.pdf HTTP/1.1" 304 -
66.249.66.175 - - [26/Jul/2016:05:24:43 -0500] "GET /BLA/resoluciones/RESOLUCIONES%202007/RES%202007%201301%20AL%201400/RESOLUCION%201392%20DE%202007.pdf HTTP/1.1" 304 -
66.249.66.175 - - [26/Jul/2016:05:24:49 -0500] "GET /BLA/resoluciones/RESOLUCIONES%202007/RES%202007%201801%20AL%201900/RESOLUCION%201872%20DE%202007.pdf HTTP/1.1" 304 -
66.249.66.175 - - [26/Jul/2016:05:25:03 -0500] "GET /BLA/resoluciones/AUTOS%202011/6949.pdf HTTP/1.1" 304 -
157.55.39.185 - - [26/Jul/2016:05:25:03 -0500] "GET /BLA/resoluciones/AUTOS%202014/6086.pdf HTTP/1.1" 200 107871
66.249.66.175 - - [26/Jul/2016:05:25:10 -0500] "GET /BLA/resoluciones/RESOLUCIONES%202009/5934.pdf HTTP/1.1" 304 -
66.249.66.175 - - [26/Jul/2016:05:25:38 -0500] "GET /BLA/resoluciones/AUTOS%202014/3556.pdf HTTP/1.1" 304 -
66.249.66.175 - - [26/Jul/2016:05:25:51 -0500] "GET /BLA/resoluciones/RESOLUCIONES%202008/4196.pdf HTTP/1.1" 200 413093
66.249.66.175 - - [26/Jul/2016:05:26:05 -0500] "GET /autoliquidacion/TR%C3%81MITES%20ACEITES-RESIDUOS-ESTACIONES/aceites-ES/126PM04-PR38-F-A2chequeo%20solicitud%20registro.xls HTTP/1.1" 200 206336
123.231.122.182 - - [26/Jul/2016:05:26:32 -0500] "GET /wp-login.php HTTP/1.1" 404 1018
66.249.66.175 - - [26/Jul/2016:05:26:47 -0500] "GET /BLA/resoluciones/RESOLUCIONES%202009/0101.pdf HTTP/1.1" 304 -
69.162.124.232 - - [26/Jul/2016:05:26:49 -0500] "HEAD / HTTP/1.1" 200 -
192.168.175.104 - - [26/Jul/2016:05:27:30 -0500] "GET / HTTP/1.1" 200 9990
66.249.66.175 - - [26/Jul/2016:05:27:36 -0500] "GET /BLA/resoluciones/AUTOS%202014/5243.pdf HTTP/1.1" 304 -
66.249.66.140 - - [26/Jul/2016:05:28:03 -0500] "GET / HTTP/1.1" 301 324
192.168.175.104 - - [26/Jul/2016:05:28:07 -0500] "GET / HTTP/1.0" 200 9990
66.249.66.175 - - [26/Jul/2016:05:28:24 -0500] "GET /BLA/resoluciones/RESOLUCIONES%202009/7533.pdf HTTP/1.1" 304 -
66.249.66.175 - - [26/Jul/2016:05:28:31 -0500] "GET /BLA/resoluciones/AUTOS%202014/1226.pdf HTTP/1.1" 200 1072198
66.249.66.175 - - [26/Jul/2016:05:28:45 -0500] "GET /BLA/resoluciones/AUTOS%202014/3951.pdf HTTP/1.1" 200 491690
66.249.66.131 - - [26/Jul/2016:05:28:59 -0500] "GET /POT-2013/Cartografia/32_Altura%20para%20c%C3%A1lculo%20de%20edificabilidad%20predominante%20y%20aisl.pdf HTTP/1.1" 304 -
66.249.66.175 - - [26/Jul/2016:05:29:06 -0500] "GET /BLA/resoluciones/RESOLUCIONES%202007/RES%202007%202901%20AL%203000/RESOLUCION%202905%20DE%202007.pdf HTTP/1.1" 304 -
66.249.66.175 - - [26/Jul/2016:05:29:12 -0500] "GET /BLA/resoluciones/RESOLUCIONES%202012/0958.pdf HTTP/1.1" 304 -
66.249.66.175 - - [26/Jul/2016:05:29:19 -0500] "GET /BLA/resoluciones/RESOLUCIONES%202012/0958.pdf HTTP/1.1" 304 -
192.168.175.104 - - [26/Jul/2016:05:29:23 -0500] "GET / HTTP/1.1" 200 9990
66.249.66.175 - - [26/Jul/2016:05:29:33 -0500] "GET /BLA/resoluciones/RESOLUCIONES%202013/0468.pdf HTTP/1.1" 304 -
66.249.66.175 - - [26/Jul/2016:05:29:40 -0500] "GET /BLA/resoluciones/RESOLUCIONES%202010/5757.pdf HTTP/1.1" 304 -
66.249.66.175 - - [26/Jul/2016:05:29:47 -0500] "GET /BLA/resoluciones/RESOLUCIONES%202007/RES%202007%201201%20AL%201300/RESOLUCION%201300%20DE%202007.pdf HTTP/1.1" 304 -
66.249.66.175 - - [26/Jul/2016:05:29:54 -0500] "GET /BLA/resoluciones/AUTOS%202013/1382.pdf HTTP/1.1" 304 -
66.249.66.175 - - [26/Jul/2016:05:30:15 -0500] "GET /BLA/resoluciones/AUTOS%202013/2223.pdf HTTP/1.1" 304 -
203.57.25.2 - - [26/Jul/2016:05:30:23 -0500] "GET /wp-login.php HTTP/1.1" 404 1019
169.229.3.91 - - [26/Jul/2016:05:30:56 -0500] "[\x9f\xd4\xce\xa4`+1>\xa9\x9d\xb7\xe9e\xe6\xd9\xe7" 501 953
186.146.212.239 - - [26/Jul/2016:05:31:23 -0500] "GET /galeria/galeria/jquery.fancybox.css?v=2.1.5 HTTP/1.1" 200 4895
186.146.212.239 - - [26/Jul/2016:05:31:23 -0500] "GET /BLA/boletinlegal/js/jquery.scrollShow.js HTTP/1.1" 200 4586
186.146.212.239 - - [26/Jul/2016:05:31:23 -0500] "GET /galeria/galeria/jquery.fancybox.js?v=2.1.5 HTTP/1.1" 200 48706
186.146.212.239 - - [26/Jul/2016:05:31:31 -0500] "GET /BLA/boletinlegal/js/jquery.scrollShow.js HTTP/1.1" 304 -
186.146.212.239 - - [26/Jul/2016:05:31:31 -0500] "GET /galeria/galeria/jquery.fancybox.js?v=2.1.5 HTTP/1.1" 304 -
186.146.212.239 - - [26/Jul/2016:05:31:31 -0500] "GET /galeria/galeria/jquery.fancybox.css?v=2.1.5 HTTP/1.1" 304 -
69.162.124.232 - - [26/Jul/2016:05:31:49 -0500] "HEAD / HTTP/1.1" 200 -
66.249.66.175 - - [26/Jul/2016:05:31:52 -0500] "GET /BLA/resoluciones/Notificaciones/AUTOS%202015/2314.doc HTTP/1.1" 304 -
66.249.66.175 - - [26/Jul/2016:05:32:06 -0500] "GET /BLA/resoluciones/RESOLUCIONES%202013/0815.pdf HTTP/1.1" 304 -
66.249.66.175 - - [26/Jul/2016:05:32:13 -0500] "GET /BLA/resoluciones/RESOLUCIONES%202010/0238.pdf HTTP/1.1" 304 -
66.249.66.175 - - [26/Jul/2016:05:32:20 -0500] "GET /BLA/resoluciones/RESOLUCIONES%202013/1135.pdf HTTP/1.1" 304 -
185.69.244.0 - - [26/Jul/2016:05:32:26 -0500] "GET /wp-login.php HTTP/1.1" 404 1019
66.249.66.175 - - [26/Jul/2016:05:32:27 -0500] "GET /BLA/resoluciones/RESOLUCIONES%202009/6931.pdf HTTP/1.1" 304 -
192.168.175.104 - - [26/Jul/2016:05:32:29 -0500] "GET / HTTP/1.1" 200 9990
66.249.66.175 - - [26/Jul/2016:05:32:34 -0500] "GET /BLA/resoluciones/RESOLUCIONES%202013/0467.pdf HTTP/1.1" 304 -
66.249.66.175 - - [26/Jul/2016:05:32:40 -0500] "GET /BLA/resoluciones/RESOLUCIONES%202007/RES%202007%203101%20AL%203200/RESOLUCION%203107%20DE%202007.pdf HTTP/1.1" 304 -
66.249.66.181 - - [26/Jul/2016:05:32:48 -0500] "GET /ecodirectorio/files/res/downloads/download_0094.pdf HTTP/1.1" 304 -
66.249.66.175 - - [26/Jul/2016:05:32:54 -0500] "GET /BLA/resoluciones/RESOLUCIONES%202014/0565.pdf HTTP/1.1" 304 -
66.249.66.175 - - [26/Jul/2016:05:33:01 -0500] "GET /BLA/resoluciones/RESOLUCIONES%202008/0577.pdf HTTP/1.1" 304 -
192.168.175.104 - - [26/Jul/2016:05:33:04 -0500] "GET / HTTP/1.0" 200 9990
66.249.66.175 - - [26/Jul/2016:05:33:15 -0500] "GET /BLA/resoluciones/AUTOS%202015/1450.pdf HTTP/1.1" 304 -
66.249.66.175 - - [26/Jul/2016:05:33:22 -0500] "GET /BLA/resoluciones/AUTOS%202010/5383.pdf HTTP/1.1" 304 -
66.249.66.175 - - [26/Jul/2016:05:33:29 -0500] "GET /BLA/resoluciones/AUTOS%202014/7293.pdf HTTP/1.1" 304 -
66.249.66.175 - - [26/Jul/2016:05:33:36 -0500] "GET /BLA/resoluciones/AUTOS%202013/2015.pdf HTTP/1.1" 304 -
66.249.66.175 - - [26/Jul/2016:05:33:43 -0500] "GET /BLA/resoluciones/RESOLUCIONES%202007/RES%202007%203201%20AL%203300/RESOLUCION%203287%20DE%202007.pdf HTTP/1.1" 304 -
66.249.66.175 - - [26/Jul/2016:05:33:50 -0500] "GET /BLA/resoluciones/RESOLUCIONES%202007/RES%202007%204001%20AL%204100/RESOLUCION%204045%20DE%202007.pdf HTTP/1.1" 304 -
66.249.66.175 - - [26/Jul/2016:05:34:04 -0500] "GET /BLA/resoluciones/AUTOS%202014/6259.pdf HTTP/1.1" 304 -
66.249.66.175 - - [26/Jul/2016:05:34:11 -0500] "GET /BLA/resoluciones/RESOLUCIONES%202007/RES%202007%202401%20AL%202500/RESOLUCION%202401%20DE%202007.pdf HTTP/1.1" 304 -
66.249.66.175 - - [26/Jul/2016:05:34:18 -0500] "GET /BLA/resoluciones/RESOLUCIONES%202010/4727.pdf HTTP/1.1" 304 -
192.168.175.104 - - [26/Jul/2016:05:34:21 -0500] "GET / HTTP/1.1" 200 9990
66.249.66.175 - - [26/Jul/2016:05:34:24 -0500] "GET /BLA/resoluciones/RESOLUCIONES%202010/6702.pdf HTTP/1.1" 304 -
66.249.66.175 - - [26/Jul/2016:05:34:31 -0500] "GET /BLA/resoluciones/RESOLUCIONES%202014/2004.pdf HTTP/1.1" 304 -
179.33.82.122 - - [26/Jul/2016:05:34:37 -0500] "GET /galeria/galeria/jquery.fancybox.css?v=2.1.5 HTTP/1.1" 200 4895
179.33.82.122 - - [26/Jul/2016:05:34:37 -0500] "GET /BLA/boletinlegal/js/jquery.scrollShow.js HTTP/1.1" 200 4586
179.33.82.122 - - [26/Jul/2016:05:34:37 -0500] "GET /galeria/galeria/jquery.fancybox.js?v=2.1.5 HTTP/1.1" 200 48706
66.249.66.175 - - [26/Jul/2016:05:34:45 -0500] "GET /BLA/resoluciones/RESOLUCIONES%202010/6085.pdf HTTP/1.1" 304 -
66.249.66.132 - - [26/Jul/2016:05:34:50 -0500] "GET / HTTP/1.1" 301 324
66.249.66.180 - - [26/Jul/2016:05:34:59 -0500] "GET /BLA/boletinlegal/jurisprudencia/analisis/analisis%20sentencia%20C-1007-2011-1.doc HTTP/1.1" 304 -
66.249.66.175 - - [26/Jul/2016:05:35:06 -0500] "GET /BLA/resoluciones/RESOLUCIONES%202014/3900.pdf HTTP/1.1" 304 -
66.249.66.175 - - [26/Jul/2016:05:35:20 -0500] "GET /BLA/resoluciones/AUTOS%202011/0202.pdf HTTP/1.1" 304 -
179.33.82.122 - - [26/Jul/2016:05:35:22 -0500] "GET /BLA/boletinlegal/js/jquery.scrollShow.js HTTP/1.1" 304 -
179.33.82.122 - - [26/Jul/2016:05:35:22 -0500] "GET /galeria/galeria/jquery.fancybox.js?v=2.1.5 HTTP/1.1" 304 -
179.33.82.122 - - [26/Jul/2016:05:35:22 -0500] "GET /galeria/galeria/jquery.fancybox.css?v=2.1.5 HTTP/1.1" 304 -
66.249.66.175 - - [26/Jul/2016:05:35:27 -0500] "GET /BLA/resoluciones/AUTOS%202012/1743.pdf HTTP/1.1" 304 -
66.249.66.175 - - [26/Jul/2016:05:35:34 -0500] "GET /BLA/resoluciones/RESOLUCIONES%202007/RES%202007%201001%20AL%201100/RESOLUCION%201098%20DE%202007.pdf HTTP/1.1" 304 -
66.249.66.175 - - [26/Jul/2016:05:35:41 -0500] "GET /BLA/resoluciones/RESOLUCIONES%202009/9600.pdf HTTP/1.1" 304 -
190.84.121.44 - - [26/Jul/2016:05:35:44 -0500] "GET /BLA/boletinlegal/js/jquery.scrollShow.js HTTP/1.1" 200 4586
190.84.121.44 - - [26/Jul/2016:05:35:44 -0500] "GET /galeria/galeria/jquery.fancybox.js?v=2.1.5 HTTP/1.1" 200 48706
66.249.66.175 - - [26/Jul/2016:05:35:48 -0500] "GET /BLA/resoluciones/AUTOS%202013/1617.pdf HTTP/1.1" 304 -
66.249.66.175 - - [26/Jul/2016:05:35:55 -0500] "GET /BLA/resoluciones/AUTOS%202011/0182.pdf HTTP/1.1" 304 -
66.249.66.175 - - [26/Jul/2016:05:36:01 -0500] "GET /BLA/resoluciones/AUTOS%202013/3312.pdf HTTP/1.1" 304 -
66.249.66.175 - - [26/Jul/2016:05:36:08 -0500] "GET /BLA/resoluciones/AUTOS%202015/0167.pdf HTTP/1.1" 304 -
66.249.66.177 - - [26/Jul/2016:05:36:23 -0500] "GET /portalsiaccapacitaciones/Soportes%20Capacitaciones%202015/0013.%20ppt%20Compras%20Verdes%2019_11_15.pdf HTTP/1.1" 304 -
190.27.28.3 - - [26/Jul/2016:05:36:25 -0500] "GET /galeria/galeria/jquery.fancybox.css?v=2.1.5 HTTP/1.1" 200 4895
190.27.28.3 - - [26/Jul/2016:05:36:25 -0500] "GET /BLA/boletinlegal/js/jquery.scrollShow.js HTTP/1.1" 200 4586
190.27.28.3 - - [26/Jul/2016:05:36:25 -0500] "GET /galeria/galeria/jquery.fancybox.js?v=2.1.5 HTTP/1.1" 200 48706
212.183.230.9 - - [26/Jul/2016:05:36:30 -0500] "GET /wp-login.php HTTP/1.1" 404 1019
190.27.28.3 - - [26/Jul/2016:05:36:31 -0500] "GET /BLA/boletinlegal/js/jquery.scrollShow.js HTTP/1.1" 304 -
190.27.28.3 - - [26/Jul/2016:05:36:31 -0500] "GET /galeria/galeria/jquery.fancybox.js?v=2.1.5 HTTP/1.1" 304 -
190.27.28.3 - - [26/Jul/2016:05:36:31 -0500] "GET /galeria/galeria/jquery.fancybox.css?v=2.1.5 HTTP/1.1" 304 -
69.162.124.232 - - [26/Jul/2016:05:36:49 -0500] "HEAD / HTTP/1.1" 200 -
66.249.66.175 - - [26/Jul/2016:05:36:50 -0500] "GET /BLA/resoluciones/AUTOS%202015/1849.pdf HTTP/1.1" 200 680964
66.249.66.175 - - [26/Jul/2016:05:36:57 -0500] "GET /BLA/resoluciones/AUTOS%202013/1290.pdf HTTP/1.1" 304 -
