181.49.188.8 - - [13/Aug/2016:16:44:05 -0500] "GET /galeria/nivo-slider/demo/images/Cartadignoalciudadano.jpg HTTP/1.1" 304 -
191.102.69.50 - - [13/Aug/2016:16:42:41 -0500] "GET /videos/CRRFFS.mp4 HTTP/1.1" 206 286283515
192.168.175.104 - - [13/Aug/2016:16:44:14 -0500] "GET / HTTP/1.1" 200 9990
181.49.188.8 - - [13/Aug/2016:16:44:15 -0500] "GET /galeria/nivo-slider/demo/images/Cartadignoalciudadano.jpg HTTP/1.1" 304 -
181.49.188.8 - - [13/Aug/2016:16:44:15 -0500] "GET /galeria/nivo-slider/demo/images/BOMBILLASDA%C3%91ADAS.jpg HTTP/1.1" 304 -
181.49.188.8 - - [13/Aug/2016:16:44:25 -0500] "GET /galeria/nivo-slider/demo/images/BOMBILLASDA%C3%91ADAS.jpg HTTP/1.1" 304 -
181.49.188.8 - - [13/Aug/2016:16:44:25 -0500] "GET /galeria/nivo-slider/demo/images/SUPERCADESUBA.jpg HTTP/1.1" 304 -
66.249.64.165 - - [13/Aug/2016:16:44:27 -0500] "GET /BLA/resoluciones/RESOLUCIONES%202007/RES%202007%204101%20AL%204200/RESOLUCION%204193%20DE%202007.pdf HTTP/1.1" 304 -
191.95.247.151 - - [13/Aug/2016:16:44:34 -0500] "GET /BLA/resoluciones/AUTOS%202008/2358.pdf HTTP/1.1" 200 90299
66.249.64.165 - - [13/Aug/2016:16:44:34 -0500] "GET /BLA/resoluciones/RESOLUCIONES%202013/0495.pdf HTTP/1.1" 304 -
181.49.188.8 - - [13/Aug/2016:16:44:35 -0500] "GET /galeria/nivo-slider/demo/images/SUPERCADESUBA.jpg HTTP/1.1" 304 -
181.49.188.8 - - [13/Aug/2016:16:44:35 -0500] "GET /galeria/nivo-slider/demo/images/convocatoriasecretaria.jpg HTTP/1.1" 304 -
157.55.39.14 - - [13/Aug/2016:16:44:36 -0500] "GET /pot/pot11.htm HTTP/1.1" 404 1019
66.249.64.165 - - [13/Aug/2016:16:44:41 -0500] "GET /BLA/resoluciones/RESOLUCIONES%202011/1049.pdf HTTP/1.1" 304 -
181.49.188.8 - - [13/Aug/2016:16:44:45 -0500] "GET /galeria/nivo-slider/demo/images/convocatoriasecretaria.jpg HTTP/1.1" 304 -
181.49.188.8 - - [13/Aug/2016:16:44:45 -0500] "GET /galeria/nivo-slider/demo/images/BANNERVISORGEOGRAFICO.jpg HTTP/1.1" 304 -
181.49.188.8 - - [13/Aug/2016:16:44:55 -0500] "GET /galeria/nivo-slider/demo/images/BANNERVISORGEOGRAFICO.jpg HTTP/1.1" 304 -
181.49.188.8 - - [13/Aug/2016:16:44:55 -0500] "GET /galeria/nivo-slider/demo/images/BANNERCONFORMACIONGESTIONAMBIENTAL.jpg HTTP/1.1" 304 -
66.249.64.165 - - [13/Aug/2016:16:45:03 -0500] "GET /BLA/resoluciones/AUTOS%202015/2514.pdf HTTP/1.1" 304 -
191.95.247.151 - - [13/Aug/2016:16:45:04 -0500] "GET /BLA/resoluciones/AUTOS%202008/2358.pdf HTTP/1.1" 200 90299
181.49.188.8 - - [13/Aug/2016:16:45:05 -0500] "GET /galeria/nivo-slider/demo/images/BANNERCONFORMACIONGESTIONAMBIENTAL.jpg HTTP/1.1" 304 -
181.49.188.8 - - [13/Aug/2016:16:45:05 -0500] "GET /galeria/nivo-slider/demo/images/ECOLECTAVIRGILIOBARCO.jpg HTTP/1.1" 304 -
186.31.182.93 - - [13/Aug/2016:16:45:10 -0500] "GET /BLA/boletinlegal/js/jquery.scrollShow.js HTTP/1.1" 304 -
186.31.182.93 - - [13/Aug/2016:16:45:10 -0500] "GET /galeria/galeria/jquery.fancybox.css?v=2.1.5 HTTP/1.1" 304 -
186.31.182.93 - - [13/Aug/2016:16:45:10 -0500] "GET /galeria/galeria/jquery.fancybox.js?v=2.1.5 HTTP/1.1" 304 -
181.49.188.8 - - [13/Aug/2016:16:45:15 -0500] "GET /galeria/nivo-slider/demo/images/ECOLECTAVIRGILIOBARCO.jpg HTTP/1.1" 304 -
181.49.188.8 - - [13/Aug/2016:16:45:15 -0500] "GET /galeria/nivo-slider/demo/images/vegetal.jpg HTTP/1.1" 304 -
181.49.188.8 - - [13/Aug/2016:16:45:25 -0500] "GET /galeria/nivo-slider/demo/images/vegetal.jpg HTTP/1.1" 304 -
181.49.188.8 - - [13/Aug/2016:16:45:25 -0500] "GET /galeria/nivo-slider/demo/images/BannerCiclodeCapacitaci%C3%B3nes.jpg HTTP/1.1" 304 -
191.95.247.151 - - [13/Aug/2016:16:45:27 -0500] "GET /BLA/resoluciones/AUTOS%202008/2358.pdf HTTP/1.1" 200 90299
66.249.64.165 - - [13/Aug/2016:16:45:33 -0500] "GET /BLA/resoluciones/RESOLUCIONES%202013/0062.pdf HTTP/1.1" 304 -
181.49.188.8 - - [13/Aug/2016:16:45:35 -0500] "GET /galeria/nivo-slider/demo/images/BannerCiclodeCapacitaci%C3%B3nes.jpg HTTP/1.1" 304 -
181.49.188.8 - - [13/Aug/2016:16:45:35 -0500] "GET /galeria/nivo-slider/demo/images/BANNERMADERALEGAL.jpg HTTP/1.1" 304 -
69.162.124.232 - - [13/Aug/2016:16:45:36 -0500] "HEAD / HTTP/1.1" 200 -
181.49.188.8 - - [13/Aug/2016:16:45:45 -0500] "GET /galeria/nivo-slider/demo/images/BANNERMADERALEGAL.jpg HTTP/1.1" 304 -
181.49.188.8 - - [13/Aug/2016:16:45:45 -0500] "GET /galeria/nivo-slider/demo/images/Banner_wgic.jpg HTTP/1.1" 304 -
200.118.17.15 - - [13/Aug/2016:16:45:46 -0500] "GET /galeria/galeria/fotos/juan-amarillo4G.jpg HTTP/1.1" 200 202445
66.249.64.165 - - [13/Aug/2016:16:45:47 -0500] "GET /BLA/resoluciones/AUTOS%202014/6376.pdf HTTP/1.1" 304 -
181.49.188.8 - - [13/Aug/2016:16:45:55 -0500] "GET /galeria/nivo-slider/demo/images/Banner_wgic.jpg HTTP/1.1" 304 -
191.95.142.206 - - [13/Aug/2016:16:45:57 -0500] "GET /BLA/resoluciones/RESOLUCIONES%202007/RES%202007%202501%20AL%202600/RESOLUCION%202542%20DE%202007.pdf HTTP/1.1" 200 867071
181.49.74.112 - - [13/Aug/2016:16:46:01 -0500] "GET /BLA/boletinlegal/js/jquery.scrollShow.js HTTP/1.1" 200 4586
181.49.74.112 - - [13/Aug/2016:16:46:01 -0500] "GET /galeria/galeria/jquery.fancybox.css?v=2.1.5 HTTP/1.1" 200 4895
181.49.74.112 - - [13/Aug/2016:16:46:01 -0500] "GET /galeria/galeria/jquery.fancybox.js?v=2.1.5 HTTP/1.1" 200 48706
181.49.188.8 - - [13/Aug/2016:16:46:05 -0500] "GET /galeria/nivo-slider/demo/images/ACOPIADORESYGESTORES.jpg HTTP/1.1" 304 -
66.249.64.165 - - [13/Aug/2016:16:46:09 -0500] "GET /BLA/resoluciones/RESOLUCIONES%202009/3892.pdf HTTP/1.1" 304 -
181.49.188.8 - - [13/Aug/2016:16:46:15 -0500] "GET /galeria/nivo-slider/demo/images/ACOPIADORESYGESTORES.jpg HTTP/1.1" 304 -
66.249.64.165 - - [13/Aug/2016:16:46:16 -0500] "GET /BLA/resoluciones/AUTOS%202013/0886.pdf HTTP/1.1" 304 -
190.156.97.217 - - [13/Aug/2016:16:46:26 -0500] "GET /BLA/resoluciones/RESOLUCIONES%202007/RES%202007%201301%20AL%201400/RESOLUCION%201327%20DE%202007.pdf HTTP/1.1" 200 233451
192.168.175.104 - - [13/Aug/2016:16:46:33 -0500] "GET / HTTP/1.0" 200 9990
181.209.246.99 - - [13/Aug/2016:16:46:44 -0500] "GET /galeria/galeria/jquery.fancybox.css?v=2.1.5 HTTP/1.1" 200 4895
181.209.246.99 - - [13/Aug/2016:16:46:44 -0500] "GET /BLA/boletinlegal/js/jquery.scrollShow.js HTTP/1.1" 200 4586
181.209.246.99 - - [13/Aug/2016:16:46:44 -0500] "GET /galeria/galeria/jquery.fancybox.js?v=2.1.5 HTTP/1.1" 200 48706
66.249.64.165 - - [13/Aug/2016:16:46:46 -0500] "GET /BLA/resoluciones/AUTOS%202013/2448.pdf HTTP/1.1" 304 -
152.201.195.180 - - [13/Aug/2016:16:47:03 -0500] "GET /galeria/galeria/jquery.fancybox.js?v=2.1.5 HTTP/1.1" 200 48706
152.201.195.180 - - [13/Aug/2016:16:47:03 -0500] "GET /galeria/galeria/jquery.fancybox.css?v=2.1.5 HTTP/1.1" 200 4895
152.201.195.180 - - [13/Aug/2016:16:47:03 -0500] "GET /BLA/boletinlegal/js/jquery.scrollShow.js HTTP/1.1" 200 4586
181.52.9.20 - - [13/Aug/2016:16:47:03 -0500] "GET /BLA/resoluciones/RESOLUCIONES%202014/1460.pdf HTTP/1.1" 200 519400
181.52.9.20 - - [13/Aug/2016:16:47:04 -0500] "GET /favicon.ico HTTP/1.1" 200 7782
181.52.9.20 - - [13/Aug/2016:16:47:05 -0500] "GET /BLA/resoluciones/RESOLUCIONES%202014/1460.pdf HTTP/1.1" 206 46632
192.168.175.104 - - [13/Aug/2016:16:47:05 -0500] "GET / HTTP/1.1" 200 9990
66.249.64.165 - - [13/Aug/2016:16:47:07 -0500] "GET /BLA/resoluciones/RESOLUCIONES%202009/6013.pdf HTTP/1.1" 304 -
152.201.195.180 - - [13/Aug/2016:16:47:09 -0500] "GET /galeria/galeria/jquery.fancybox.js?v=2.1.5 HTTP/1.1" 304 -
152.201.195.180 - - [13/Aug/2016:16:47:09 -0500] "GET /BLA/boletinlegal/js/jquery.scrollShow.js HTTP/1.1" 304 -
152.201.195.180 - - [13/Aug/2016:16:47:09 -0500] "GET /galeria/galeria/jquery.fancybox.css?v=2.1.5 HTTP/1.1" 304 -
181.49.188.8 - - [13/Aug/2016:16:47:15 -0500] "GET /galeria/nivo-slider/demo/images/Cartadignoalciudadano.jpg HTTP/1.1" 304 -
66.249.64.165 - - [13/Aug/2016:16:47:22 -0500] "GET /BLA/resoluciones/RESOLUCIONES%202007/RES%202007%202201%20AL%202300/RESOLUCION%202215%20DE%202007.pdf HTTP/1.1" 200 50786
181.49.188.8 - - [13/Aug/2016:16:47:25 -0500] "GET /galeria/nivo-slider/demo/images/Cartadignoalciudadano.jpg HTTP/1.1" 304 -
181.49.188.8 - - [13/Aug/2016:16:47:25 -0500] "GET /galeria/nivo-slider/demo/images/BOMBILLASDA%C3%91ADAS.jpg HTTP/1.1" 304 -
66.249.64.165 - - [13/Aug/2016:16:47:29 -0500] "GET /BLA/resoluciones/RESOLUCIONES%202014/2053.pdf HTTP/1.1" 304 -
181.209.246.99 - - [13/Aug/2016:16:47:29 -0500] "GET /BLA/boletinlegal/js/jquery.scrollShow.js HTTP/1.1" 304 -
181.209.246.99 - - [13/Aug/2016:16:47:29 -0500] "GET /galeria/galeria/jquery.fancybox.js?v=2.1.5 HTTP/1.1" 304 -
181.209.246.99 - - [13/Aug/2016:16:47:29 -0500] "GET /galeria/galeria/jquery.fancybox.css?v=2.1.5 HTTP/1.1" 304 -
181.49.188.8 - - [13/Aug/2016:16:47:35 -0500] "GET /galeria/nivo-slider/demo/images/BOMBILLASDA%C3%91ADAS.jpg HTTP/1.1" 304 -
181.49.188.8 - - [13/Aug/2016:16:47:35 -0500] "GET /galeria/nivo-slider/demo/images/SUPERCADESUBA.jpg HTTP/1.1" 304 -
66.249.64.165 - - [13/Aug/2016:16:47:44 -0500] "GET /BLA/resoluciones/AUTOS%202015/0280.pdf HTTP/1.1" 304 -
181.49.188.8 - - [13/Aug/2016:16:47:45 -0500] "GET /galeria/nivo-slider/demo/images/SUPERCADESUBA.jpg HTTP/1.1" 304 -
181.49.188.8 - - [13/Aug/2016:16:47:45 -0500] "GET /galeria/nivo-slider/demo/images/convocatoriasecretaria.jpg HTTP/1.1" 304 -
181.209.246.99 - - [13/Aug/2016:16:47:50 -0500] "GET /BLA/boletinlegal/js/jquery.scrollShow.js HTTP/1.1" 304 -
181.209.246.99 - - [13/Aug/2016:16:47:51 -0500] "GET /galeria/galeria/jquery.fancybox.js?v=2.1.5 HTTP/1.1" 304 -
181.209.246.99 - - [13/Aug/2016:16:47:51 -0500] "GET /galeria/galeria/jquery.fancybox.css?v=2.1.5 HTTP/1.1" 304 -
66.249.64.165 - - [13/Aug/2016:16:47:51 -0500] "GET /BLA/resoluciones/RESOLUCIONES%202008/4383.pdf HTTP/1.1" 304 -
186.154.37.73 - - [13/Aug/2016:16:47:53 -0500] "GET /BLA/boletinlegal/js/jquery.scrollShow.js HTTP/1.1" 200 4586
186.154.37.73 - - [13/Aug/2016:16:47:53 -0500] "GET /galeria/galeria/jquery.fancybox.js?v=2.1.5 HTTP/1.1" 200 48706
186.154.37.73 - - [13/Aug/2016:16:47:54 -0500] "GET /galeria/galeria/jquery.fancybox.css?v=2.1.5 HTTP/1.1" 200 4895
181.49.188.8 - - [13/Aug/2016:16:47:55 -0500] "GET /galeria/nivo-slider/demo/images/convocatoriasecretaria.jpg HTTP/1.1" 304 -
181.49.188.8 - - [13/Aug/2016:16:47:55 -0500] "GET /galeria/nivo-slider/demo/images/BANNERVISORGEOGRAFICO.jpg HTTP/1.1" 304 -
181.49.188.8 - - [13/Aug/2016:16:48:05 -0500] "GET /galeria/nivo-slider/demo/images/BANNERVISORGEOGRAFICO.jpg HTTP/1.1" 304 -
181.49.188.8 - - [13/Aug/2016:16:48:05 -0500] "GET /galeria/nivo-slider/demo/images/BANNERCONFORMACIONGESTIONAMBIENTAL.jpg HTTP/1.1" 304 -
186.154.37.73 - - [13/Aug/2016:16:48:07 -0500] "GET /BLA/boletinlegal/js/jquery.scrollShow.js HTTP/1.1" 304 -
186.154.37.73 - - [13/Aug/2016:16:48:07 -0500] "GET /galeria/galeria/jquery.fancybox.js?v=2.1.5 HTTP/1.1" 304 -
186.154.37.73 - - [13/Aug/2016:16:48:07 -0500] "GET /galeria/galeria/jquery.fancybox.css?v=2.1.5 HTTP/1.1" 304 -
186.28.47.34 - - [13/Aug/2016:16:48:12 -0500] "GET /galeria/galeria/jquery.fancybox.css?v=2.1.5 HTTP/1.1" 200 4895
186.28.47.34 - - [13/Aug/2016:16:48:12 -0500] "GET /BLA/boletinlegal/js/jquery.scrollTo-min.js HTTP/1.1" 200 1150
186.28.47.34 - - [13/Aug/2016:16:48:12 -0500] "GET /BLA/boletinlegal/js/jquery.scrollShow.js HTTP/1.1" 200 4586
186.28.47.34 - - [13/Aug/2016:16:48:12 -0500] "GET /galeria/galeria/jquery.fancybox.js?v=2.1.5 HTTP/1.1" 200 48706
181.49.188.8 - - [13/Aug/2016:16:48:15 -0500] "GET /galeria/nivo-slider/demo/images/BANNERCONFORMACIONGESTIONAMBIENTAL.jpg HTTP/1.1" 304 -
181.49.188.8 - - [13/Aug/2016:16:48:15 -0500] "GET /galeria/nivo-slider/demo/images/ECOLECTAVIRGILIOBARCO.jpg HTTP/1.1" 304 -
66.249.64.165 - - [13/Aug/2016:16:48:20 -0500] "GET /BLA/resoluciones/AUTOS%202011/2368.pdf HTTP/1.1" 304 -
181.49.188.8 - - [13/Aug/2016:16:48:25 -0500] "GET /galeria/nivo-slider/demo/images/ECOLECTAVIRGILIOBARCO.jpg HTTP/1.1" 304 -
181.49.188.8 - - [13/Aug/2016:16:48:25 -0500] "GET /galeria/nivo-slider/demo/images/vegetal.jpg HTTP/1.1" 304 -
66.249.64.165 - - [13/Aug/2016:16:48:28 -0500] "GET /BLA/resoluciones/RESOLUCIONES%202007/RES%202007%202901%20AL%203000/RESOLUCION%202955%20DE%202007.pdf HTTP/1.1" 304 -
66.249.64.165 - - [13/Aug/2016:16:48:35 -0500] "GET /BLA/resoluciones/AUTOS%202015/1888.pdf HTTP/1.1" 304 -
181.49.188.8 - - [13/Aug/2016:16:48:35 -0500] "GET /galeria/nivo-slider/demo/images/vegetal.jpg HTTP/1.1" 304 -
181.49.188.8 - - [13/Aug/2016:16:48:35 -0500] "GET /galeria/nivo-slider/demo/images/BannerCiclodeCapacitaci%C3%B3nes.jpg HTTP/1.1" 304 -
181.49.188.8 - - [13/Aug/2016:16:48:45 -0500] "GET /galeria/nivo-slider/demo/images/BannerCiclodeCapacitaci%C3%B3nes.jpg HTTP/1.1" 304 -
181.49.188.8 - - [13/Aug/2016:16:48:45 -0500] "GET /galeria/nivo-slider/demo/images/BANNERMADERALEGAL.jpg HTTP/1.1" 304 -
66.249.64.165 - - [13/Aug/2016:16:48:50 -0500] "GET /BLA/resoluciones/RESOLUCIONES%202009/0897.pdf HTTP/1.1" 304 -
201.234.75.11 - - [13/Aug/2016:16:48:53 -0500] "GET /galeria/nivo-slider/demo/images/Baner-ACERCAR.jpg HTTP/1.1" 304 -
181.49.188.8 - - [13/Aug/2016:16:48:55 -0500] "GET /galeria/nivo-slider/demo/images/BANNERMADERALEGAL.jpg HTTP/1.1" 304 -
181.49.188.8 - - [13/Aug/2016:16:48:55 -0500] "GET /galeria/nivo-slider/demo/images/Banner_wgic.jpg HTTP/1.1" 304 -
66.249.64.165 - - [13/Aug/2016:16:48:57 -0500] "GET /BLA/resoluciones/RESOLUCIONES%202014/1026.pdf HTTP/1.1" 304 -
66.249.64.165 - - [13/Aug/2016:16:49:04 -0500] "GET /BLA/resoluciones/Notificaciones/AUTOS%202014/4280.doc HTTP/1.1" 304 -
181.49.188.8 - - [13/Aug/2016:16:49:05 -0500] "GET /galeria/nivo-slider/demo/images/Banner_wgic.jpg HTTP/1.1" 304 -
66.249.64.165 - - [13/Aug/2016:16:49:12 -0500] "GET /BLA/resoluciones/RESOLUCIONES%202012/1440.pdf HTTP/1.1" 304 -
192.168.175.104 - - [13/Aug/2016:16:49:13 -0500] "GET / HTTP/1.1" 200 9990
181.49.188.8 - - [13/Aug/2016:16:49:15 -0500] "GET /galeria/nivo-slider/demo/images/ACOPIADORESYGESTORES.jpg HTTP/1.1" 304 -
181.49.188.8 - - [13/Aug/2016:16:49:25 -0500] "GET /galeria/nivo-slider/demo/images/ACOPIADORESYGESTORES.jpg HTTP/1.1" 304 -
66.249.64.165 - - [13/Aug/2016:16:49:34 -0500] "GET /BLA/resoluciones/AUTOS%202014/0072.pdf HTTP/1.1" 304 -
181.55.236.88 - - [13/Aug/2016:16:49:48 -0500] "GET /BLA/boletinlegal/js/jquery.scrollShow.js HTTP/1.1" 200 4586
181.55.236.88 - - [13/Aug/2016:16:49:48 -0500] "GET /galeria/galeria/jquery.fancybox.css?v=2.1.5 HTTP/1.1" 200 4895
181.55.236.88 - - [13/Aug/2016:16:49:48 -0500] "GET /galeria/galeria/jquery.fancybox.js?v=2.1.5 HTTP/1.1" 200 48706
181.55.236.88 - - [13/Aug/2016:16:49:54 -0500] "GET /BLA/boletinlegal/js/jquery.scrollShow.js HTTP/1.1" 304 -
181.55.236.88 - - [13/Aug/2016:16:49:54 -0500] "GET /galeria/galeria/jquery.fancybox.css?v=2.1.5 HTTP/1.1" 304 -
181.55.236.88 - - [13/Aug/2016:16:49:54 -0500] "GET /galeria/galeria/jquery.fancybox.js?v=2.1.5 HTTP/1.1" 304 -
66.249.64.165 - - [13/Aug/2016:16:49:55 -0500] "GET /BLA/resoluciones/AUTOS%202013/3595.pdf HTTP/1.1" 304 -
66.249.64.165 - - [13/Aug/2016:16:50:03 -0500] "GET /BLA/resoluciones/RESOLUCIONES%202014/0826.pdf HTTP/1.1" 304 -
66.249.64.165 - - [13/Aug/2016:16:50:16 -0500] "GET /galeria/galeria/fotos/JUACO10peq.jpg HTTP/1.1" 200 58651
66.249.64.165 - - [13/Aug/2016:16:50:17 -0500] "GET /BLA/resoluciones/RESOLUCIONES%202010/5992.pdf HTTP/1.1" 304 -
181.49.188.8 - - [13/Aug/2016:16:50:25 -0500] "GET /galeria/nivo-slider/demo/images/Cartadignoalciudadano.jpg HTTP/1.1" 304 -
181.49.188.8 - - [13/Aug/2016:16:50:35 -0500] "GET /galeria/nivo-slider/demo/images/Cartadignoalciudadano.jpg HTTP/1.1" 304 -
181.49.188.8 - - [13/Aug/2016:16:50:35 -0500] "GET /galeria/nivo-slider/demo/images/BOMBILLASDA%C3%91ADAS.jpg HTTP/1.1" 304 -
69.162.124.232 - - [13/Aug/2016:16:50:36 -0500] "HEAD / HTTP/1.1" 200 -
181.49.188.8 - - [13/Aug/2016:16:50:45 -0500] "GET /galeria/nivo-slider/demo/images/BOMBILLASDA%C3%91ADAS.jpg HTTP/1.1" 304 -
181.49.188.8 - - [13/Aug/2016:16:50:45 -0500] "GET /galeria/nivo-slider/demo/images/SUPERCADESUBA.jpg HTTP/1.1" 304 -
66.249.64.165 - - [13/Aug/2016:16:50:47 -0500] "GET /BLA/resoluciones/RESOLUCIONES%202011/4481.pdf HTTP/1.1" 304 -
66.249.64.165 - - [13/Aug/2016:16:50:54 -0500] "GET /BLA/resoluciones/RESOLUCIONES%202011/5543.pdf HTTP/1.1" 304 -
181.131.95.181 - - [13/Aug/2016:16:50:55 -0500] "GET /galeria/galeria/jquery.fancybox.css?v=2.1.5 HTTP/1.1" 200 4895
181.131.95.181 - - [13/Aug/2016:16:50:55 -0500] "GET /galeria/galeria/jquery.fancybox.js?v=2.1.5 HTTP/1.1" 200 48706
181.131.95.181 - - [13/Aug/2016:16:50:55 -0500] "GET /BLA/boletinlegal/js/jquery.scrollShow.js HTTP/1.1" 200 4586
181.49.188.8 - - [13/Aug/2016:16:50:55 -0500] "GET /galeria/nivo-slider/demo/images/SUPERCADESUBA.jpg HTTP/1.1" 304 -
181.49.188.8 - - [13/Aug/2016:16:50:55 -0500] "GET /galeria/nivo-slider/demo/images/convocatoriasecretaria.jpg HTTP/1.1" 304 -
181.131.95.181 - - [13/Aug/2016:16:51:03 -0500] "GET /BLA/boletinlegal/js/jquery.scrollShow.js HTTP/1.1" 304 -
181.131.95.181 - - [13/Aug/2016:16:51:03 -0500] "GET /galeria/galeria/jquery.fancybox.js?v=2.1.5 HTTP/1.1" 304 -
181.131.95.181 - - [13/Aug/2016:16:51:03 -0500] "GET /galeria/galeria/jquery.fancybox.css?v=2.1.5 HTTP/1.1" 304 -
181.49.188.8 - - [13/Aug/2016:16:51:05 -0500] "GET /galeria/nivo-slider/demo/images/convocatoriasecretaria.jpg HTTP/1.1" 304 -
181.49.188.8 - - [13/Aug/2016:16:51:05 -0500] "GET /galeria/nivo-slider/demo/images/BANNERVISORGEOGRAFICO.jpg HTTP/1.1" 304 -
181.49.188.8 - - [13/Aug/2016:16:51:15 -0500] "GET /galeria/nivo-slider/demo/images/BANNERVISORGEOGRAFICO.jpg HTTP/1.1" 304 -
181.49.188.8 - - [13/Aug/2016:16:51:15 -0500] "GET /galeria/nivo-slider/demo/images/BANNERCONFORMACIONGESTIONAMBIENTAL.jpg HTTP/1.1" 304 -
137.226.113.4 - - [13/Aug/2016:16:51:18 -0500] "\x16\x03\x01" 400 291
181.49.64.63 - - [13/Aug/2016:16:51:19 -0500] "GET /galeria/galeria/jquery.fancybox.css?v=2.1.5 HTTP/1.1" 200 4895
181.49.64.63 - - [13/Aug/2016:16:51:19 -0500] "GET /BLA/boletinlegal/js/jquery.scrollShow.js HTTP/1.1" 200 4586
181.49.64.63 - - [13/Aug/2016:16:51:19 -0500] "GET /galeria/galeria/jquery.fancybox.js?v=2.1.5 HTTP/1.1" 200 48706
181.49.188.9 - - [13/Aug/2016:16:51:24 -0500] "GET /galeria/galeria/jquery.fancybox.css?v=2.1.5 HTTP/1.1" 200 4895
181.49.188.9 - - [13/Aug/2016:16:51:24 -0500] "GET /BLA/boletinlegal/js/jquery.scrollShow.js HTTP/1.1" 304 -
181.49.188.9 - - [13/Aug/2016:16:51:24 -0500] "GET /galeria/galeria/jquery.fancybox.js?v=2.1.5 HTTP/1.1" 200 48706
181.49.188.8 - - [13/Aug/2016:16:51:25 -0500] "GET /galeria/nivo-slider/demo/images/BANNERCONFORMACIONGESTIONAMBIENTAL.jpg HTTP/1.1" 304 -
181.49.188.8 - - [13/Aug/2016:16:51:25 -0500] "GET /galeria/nivo-slider/demo/images/ECOLECTAVIRGILIOBARCO.jpg HTTP/1.1" 304 -
191.155.73.175 - - [13/Aug/2016:16:51:26 -0500] "GET /galeria/galeria/jquery.fancybox.css?v=2.1.5 HTTP/1.1" 200 4895
191.155.73.175 - - [13/Aug/2016:16:51:26 -0500] "GET /BLA/boletinlegal/js/jquery.scrollShow.js HTTP/1.1" 200 4586
191.155.73.175 - - [13/Aug/2016:16:51:26 -0500] "GET /galeria/galeria/jquery.fancybox.js?v=2.1.5 HTTP/1.1" 200 48706
181.49.64.63 - - [13/Aug/2016:16:51:27 -0500] "GET /BLA/boletinlegal/js/jquery.scrollShow.js HTTP/1.1" 304 -
181.49.64.63 - - [13/Aug/2016:16:51:27 -0500] "GET /galeria/galeria/jquery.fancybox.js?v=2.1.5 HTTP/1.1" 304 -
181.49.64.63 - - [13/Aug/2016:16:51:27 -0500] "GET /galeria/galeria/jquery.fancybox.css?v=2.1.5 HTTP/1.1" 304 -
66.249.64.165 - - [13/Aug/2016:16:51:30 -0500] "GET /BLA/resoluciones/AUTOS%202012/0800.pdf HTTP/1.1" 304 -
192.168.175.104 - - [13/Aug/2016:16:51:31 -0500] "GET / HTTP/1.0" 200 9990
191.95.142.206 - - [13/Aug/2016:16:51:31 -0500] "GET /BLA/resoluciones/AUTOS%202012/2511.pdf HTTP/1.1" 200 4158695
181.49.188.9 - - [13/Aug/2016:16:51:35 -0500] "GET /galeria/galeria/jquery.fancybox.css?v=2.1.5 HTTP/1.1" 304 -
181.49.188.9 - - [13/Aug/2016:16:51:35 -0500] "GET /BLA/boletinlegal/js/jquery.scrollShow.js HTTP/1.1" 304 -
181.49.188.9 - - [13/Aug/2016:16:51:35 -0500] "GET /galeria/galeria/jquery.fancybox.js?v=2.1.5 HTTP/1.1" 304 -
181.49.188.8 - - [13/Aug/2016:16:51:35 -0500] "GET /galeria/nivo-slider/demo/images/ECOLECTAVIRGILIOBARCO.jpg HTTP/1.1" 304 -
181.49.188.8 - - [13/Aug/2016:16:51:35 -0500] "GET /galeria/nivo-slider/demo/images/vegetal.jpg HTTP/1.1" 304 -
191.155.73.175 - - [13/Aug/2016:16:51:35 -0500] "GET /BLA/boletinlegal/js/jquery.scrollShow.js HTTP/1.1" 304 -
191.155.73.175 - - [13/Aug/2016:16:51:35 -0500] "GET /galeria/galeria/jquery.fancybox.js?v=2.1.5 HTTP/1.1" 304 -
191.155.73.175 - - [13/Aug/2016:16:51:35 -0500] "GET /galeria/galeria/jquery.fancybox.css?v=2.1.5 HTTP/1.1" 304 -
181.49.188.8 - - [13/Aug/2016:16:51:45 -0500] "GET /galeria/nivo-slider/demo/images/vegetal.jpg HTTP/1.1" 304 -
181.49.188.8 - - [13/Aug/2016:16:51:45 -0500] "GET /galeria/nivo-slider/demo/images/BannerCiclodeCapacitaci%C3%B3nes.jpg HTTP/1.1" 304 -
186.118.54.97 - - [13/Aug/2016:16:51:51 -0500] "GET /BLA/boletinlegal/js/jquery.scrollShow.js HTTP/1.1" 200 4586
186.118.54.97 - - [13/Aug/2016:16:51:52 -0500] "GET /galeria/galeria/jquery.fancybox.js?v=2.1.5 HTTP/1.1" 200 48706
186.118.54.97 - - [13/Aug/2016:16:51:52 -0500] "GET /galeria/galeria/jquery.fancybox.css?v=2.1.5 HTTP/1.1" 200 4895
181.49.188.8 - - [13/Aug/2016:16:51:55 -0500] "GET /galeria/nivo-slider/demo/images/BANNERMADERALEGAL.jpg HTTP/1.1" 304 -
181.49.188.8 - - [13/Aug/2016:16:51:55 -0500] "GET /galeria/nivo-slider/demo/images/BannerCiclodeCapacitaci%C3%B3nes.jpg HTTP/1.1" 304 -
186.118.54.97 - - [13/Aug/2016:16:51:57 -0500] "GET /BLA/boletinlegal/js/jquery.scrollShow.js HTTP/1.1" 304 -
186.118.54.97 - - [13/Aug/2016:16:51:57 -0500] "GET /galeria/galeria/jquery.fancybox.js?v=2.1.5 HTTP/1.1" 304 -
186.118.54.97 - - [13/Aug/2016:16:51:57 -0500] "GET /galeria/galeria/jquery.fancybox.css?v=2.1.5 HTTP/1.1" 304 -
192.168.175.104 - - [13/Aug/2016:16:52:03 -0500] "GET / HTTP/1.1" 200 9990
181.49.188.8 - - [13/Aug/2016:16:52:05 -0500] "GET /galeria/nivo-slider/demo/images/BANNERMADERALEGAL.jpg HTTP/1.1" 304 -
181.49.188.8 - - [13/Aug/2016:16:52:05 -0500] "GET /galeria/nivo-slider/demo/images/Banner_wgic.jpg HTTP/1.1" 304 -
186.154.49.21 - - [13/Aug/2016:16:52:09 -0500] "GET /galeria/galeria/fotos/1humedal-Burro1G.jpg HTTP/1.1" 200 132804
181.49.188.8 - - [13/Aug/2016:16:52:15 -0500] "GET /galeria/nivo-slider/demo/images/Banner_wgic.jpg HTTP/1.1" 304 -
181.49.188.8 - - [13/Aug/2016:16:52:25 -0500] "GET /galeria/nivo-slider/demo/images/ACOPIADORESYGESTORES.jpg HTTP/1.1" 304 -
181.49.188.8 - - [13/Aug/2016:16:52:35 -0500] "GET /galeria/nivo-slider/demo/images/ACOPIADORESYGESTORES.jpg HTTP/1.1" 304 -
186.154.49.21 - - [13/Aug/2016:16:52:42 -0500] "GET /galeria/galeria/fotos/Humedal-vaca6G.jpg HTTP/1.1" 200 176858
186.43.24.92 - - [13/Aug/2016:16:52:45 -0500] "GET /galeria/galeria/jquery.fancybox.css?v=2.1.5 HTTP/1.1" 200 4895
186.43.24.92 - - [13/Aug/2016:16:52:45 -0500] "GET /BLA/boletinlegal/js/jquery.scrollShow.js HTTP/1.1" 200 4586
186.43.24.92 - - [13/Aug/2016:16:52:45 -0500] "GET /galeria/galeria/jquery.fancybox.js?v=2.1.5 HTTP/1.1" 200 48706
161.18.74.139 - - [13/Aug/2016:16:52:49 -0500] "GET /galeria/galeria/jquery.fancybox.css?v=2.1.5 HTTP/1.1" 200 4895
161.18.74.139 - - [13/Aug/2016:16:52:49 -0500] "GET /galeria/galeria/jquery.fancybox.js?v=2.1.5 HTTP/1.1" 200 48706
161.18.74.139 - - [13/Aug/2016:16:52:49 -0500] "GET /BLA/boletinlegal/js/jquery.scrollShow.js HTTP/1.1" 200 4586
186.43.24.92 - - [13/Aug/2016:16:52:56 -0500] "GET /BLA/boletinlegal/js/jquery.scrollShow.js HTTP/1.1" 304 -
186.43.24.92 - - [13/Aug/2016:16:52:56 -0500] "GET /galeria/galeria/jquery.fancybox.css?v=2.1.5 HTTP/1.1" 304 -
186.43.24.92 - - [13/Aug/2016:16:52:56 -0500] "GET /galeria/galeria/jquery.fancybox.js?v=2.1.5 HTTP/1.1" 304 -
161.18.74.139 - - [13/Aug/2016:16:53:03 -0500] "GET /galeria/galeria/jquery.fancybox.js?v=2.1.5 HTTP/1.1" 304 -
161.18.74.139 - - [13/Aug/2016:16:53:03 -0500] "GET /galeria/galeria/jquery.fancybox.css?v=2.1.5 HTTP/1.1" 304 -
161.18.74.139 - - [13/Aug/2016:16:53:03 -0500] "GET /BLA/boletinlegal/js/jquery.scrollShow.js HTTP/1.1" 304 -
66.249.64.165 - - [13/Aug/2016:16:53:05 -0500] "GET /BLA/resoluciones/AUTOS%202014/1522.pdf HTTP/1.1" 304 -
186.154.49.21 - - [13/Aug/2016:16:53:21 -0500] "GET /galeria/galeria/fotos/Humedal-vaca6G.jpg HTTP/1.1" 200 176858
186.155.12.135 - - [13/Aug/2016:16:53:24 -0500] "GET /galeria/galeria/jquery.fancybox.css?v=2.1.5 HTTP/1.1" 200 4895
186.155.12.135 - - [13/Aug/2016:16:53:24 -0500] "GET /galeria/carrusel/Carrusel/jquery.thumbnailScroller.css HTTP/1.1" 200 2066
186.155.12.135 - - [13/Aug/2016:16:53:24 -0500] "GET /BLA/boletinlegal/js/jquery.scrollShow.js HTTP/1.1" 200 4586
186.155.12.135 - - [13/Aug/2016:16:53:24 -0500] "GET /galeria/galeria/jquery.fancybox.js?v=2.1.5 HTTP/1.1" 200 48706
186.155.12.135 - - [13/Aug/2016:16:53:25 -0500] "GET /galeria/carrusel/Carrusel/jquery-ui-1.8.13.custom.min.js HTTP/1.1" 200 10800
186.155.12.135 - - [13/Aug/2016:16:53:25 -0500] "GET /galeria/carrusel/Carrusel/jquery.thumbnailScroller.js HTTP/1.1" 200 8157
186.155.12.135 - - [13/Aug/2016:16:53:25 -0500] "GET /galeria/nivo-slider/demo/demo.html HTTP/1.1" 200 5082
186.155.12.135 - - [13/Aug/2016:16:53:25 -0500] "GET /galeria/nivo-slider/themes/default/default.css HTTP/1.1" 200 1569
186.155.12.135 - - [13/Aug/2016:16:53:25 -0500] "GET /galeria/nivo-slider/themes/pascal/pascal.css HTTP/1.1" 200 2258
186.155.12.135 - - [13/Aug/2016:16:53:25 -0500] "GET /galeria/nivo-slider/themes/orman/orman.css HTTP/1.1" 200 2152
186.155.12.135 - - [13/Aug/2016:16:53:25 -0500] "GET /galeria/nivo-slider/nivo-slider.css HTTP/1.1" 200 1507
186.155.12.135 - - [13/Aug/2016:16:53:25 -0500] "GET /galeria/nivo-slider/demo/style.css HTTP/1.1" 200 2222
186.155.12.135 - - [13/Aug/2016:16:53:25 -0500] "GET /galeria/nivo-slider/demo/scripts/jquery-1.7.1.min.js HTTP/1.1" 200 93868
186.155.12.135 - - [13/Aug/2016:16:53:25 -0500] "GET /galeria/nivo-slider/jquery.nivo.slider.pack.js HTTP/1.1" 200 11561
186.155.12.135 - - [13/Aug/2016:16:53:25 -0500] "GET /galeria/nivo-slider/demo/images/Cartadignoalciudadano.jpg HTTP/1.1" 200 138184
186.155.12.135 - - [13/Aug/2016:16:53:25 -0500] "GET /galeria/nivo-slider/demo/images/BOMBILLASDA%C3%91ADAS.jpg HTTP/1.1" 200 145923
186.155.12.135 - - [13/Aug/2016:16:53:25 -0500] "GET /galeria/nivo-slider/demo/images/SUPERCADESUBA.jpg HTTP/1.1" 200 127509
186.155.12.135 - - [13/Aug/2016:16:53:25 -0500] "GET /galeria/nivo-slider/demo/images/convocatoriasecretaria.jpg HTTP/1.1" 200 129365
186.155.12.135 - - [13/Aug/2016:16:53:25 -0500] "GET /galeria/nivo-slider/themes/default/loading.gif HTTP/1.1" 200 1737
186.155.12.135 - - [13/Aug/2016:16:53:25 -0500] "GET /galeria/nivo-slider/demo/images/4Simple_Slider.png HTTP/1.1" 200 11722
186.155.12.135 - - [13/Aug/2016:16:53:26 -0500] "GET /galeria/nivo-slider/demo/images/BANNERVISORGEOGRAFICO.jpg HTTP/1.1" 200 78514
66.249.64.187 - - [13/Aug/2016:16:53:30 -0500] "GET /portalsiaccapacitaciones/Soportes%20Capacitaciones%202016/Mesas%20de%20Trabajo%20Mayo%202016/Presentaci%C3%B3n%20Vertimientos.pdf HTTP/1.1" 304 -
186.155.12.135 - - [13/Aug/2016:16:53:30 -0500] "GET /galeria/nivo-slider/demo/images/BANNERCONFORMACIONGESTIONAMBIENTAL.jpg HTTP/1.1" 200 161009
186.155.12.135 - - [13/Aug/2016:16:53:30 -0500] "GET /galeria/nivo-slider/demo/images/ECOLECTAVIRGILIOBARCO.jpg HTTP/1.1" 200 126403
186.155.12.135 - - [13/Aug/2016:16:53:30 -0500] "GET /galeria/nivo-slider/demo/images/vegetal.jpg HTTP/1.1" 200 216080
186.155.12.135 - - [13/Aug/2016:16:53:31 -0500] "GET /galeria/nivo-slider/demo/images/BannerCiclodeCapacitaci%C3%B3nes.jpg HTTP/1.1" 200 657001
181.49.188.8 - - [13/Aug/2016:16:53:35 -0500] "GET /galeria/nivo-slider/demo/images/Cartadignoalciudadano.jpg HTTP/1.1" 304 -
186.155.12.135 - - [13/Aug/2016:16:53:39 -0500] "GET /galeria/nivo-slider/demo/images/BANNERMADERALEGAL.jpg HTTP/1.1" 200 165750
186.155.12.135 - - [13/Aug/2016:16:53:39 -0500] "GET /galeria/nivo-slider/demo/images/Banner_wgic.jpg HTTP/1.1" 200 139000
186.155.12.135 - - [13/Aug/2016:16:53:39 -0500] "GET /galeria/nivo-slider/demo/images/ABC-Plan-de-contigencia.jpg HTTP/1.1" 200 423901
190.9.200.137 - - [13/Aug/2016:16:53:39 -0500] "GET /BLA/boletinlegal/js/jquery.scrollShow.js HTTP/1.1" 200 4586
190.9.200.137 - - [13/Aug/2016:16:53:39 -0500] "GET /galeria/galeria/jquery.fancybox.js?v=2.1.5 HTTP/1.1" 200 48706
190.9.200.137 - - [13/Aug/2016:16:53:39 -0500] "GET /galeria/galeria/jquery.fancybox.css?v=2.1.5 HTTP/1.1" 200 4895
186.155.12.135 - - [13/Aug/2016:16:53:40 -0500] "GET /galeria/nivo-slider/demo/images/ACOPIADORESYGESTORES.jpg HTTP/1.1" 200 118791
186.155.12.135 - - [13/Aug/2016:16:53:40 -0500] "GET /galeria/nivo-slider/demo/images/caminata-ecologica.jpg HTTP/1.1" 200 192926
186.155.12.135 - - [13/Aug/2016:16:53:42 -0500] "GET /galeria/nivo-slider/demo/images/Cmapana-onestidad.jpg HTTP/1.1" 200 141638
186.155.12.135 - - [13/Aug/2016:16:53:42 -0500] "GET /galeria/nivo-slider/demo/images/banner-llantas2.jpg HTTP/1.1" 200 234514
186.155.12.135 - - [13/Aug/2016:16:53:43 -0500] "GET /galeria/nivo-slider/demo/images/9Signos.jpg HTTP/1.1" 200 81776
186.155.12.135 - - [13/Aug/2016:16:53:44 -0500] "GET /galeria/nivo-slider/demo/images/Ruta-vertimientos-01.jpg HTTP/1.1" 200 130151
186.155.12.135 - - [13/Aug/2016:16:53:44 -0500] "GET /galeria/nivo-slider/demo/images/bolsas-06.jpg HTTP/1.1" 200 210950
181.49.188.8 - - [13/Aug/2016:16:53:45 -0500] "GET /galeria/nivo-slider/demo/images/Cartadignoalciudadano.jpg HTTP/1.1" 304 -
181.49.188.8 - - [13/Aug/2016:16:53:45 -0500] "GET /galeria/nivo-slider/demo/images/BOMBILLASDA%C3%91ADAS.jpg HTTP/1.1" 304 -
186.155.12.135 - - [13/Aug/2016:16:53:50 -0500] "GET /galeria/nivo-slider/themes/default/bullets.png HTTP/1.1" 200 1281
186.155.12.135 - - [13/Aug/2016:16:53:51 -0500] "GET /galeria/nivo-slider/themes/default/arrows.png HTTP/1.1" 200 824
181.49.188.8 - - [13/Aug/2016:16:53:55 -0500] "GET /galeria/nivo-slider/demo/images/SUPERCADESUBA.jpg HTTP/1.1" 304 -
181.49.188.8 - - [13/Aug/2016:16:53:55 -0500] "GET /galeria/nivo-slider/demo/images/BOMBILLASDA%C3%91ADAS.jpg HTTP/1.1" 304 -
181.49.188.8 - - [13/Aug/2016:16:54:05 -0500] "GET /galeria/nivo-slider/demo/images/SUPERCADESUBA.jpg HTTP/1.1" 304 -
181.49.188.8 - - [13/Aug/2016:16:54:05 -0500] "GET /galeria/nivo-slider/demo/images/convocatoriasecretaria.jpg HTTP/1.1" 304 -
192.168.175.104 - - [13/Aug/2016:16:54:10 -0500] "GET / HTTP/1.1" 200 9990
179.51.108.2 - - [13/Aug/2016:16:54:13 -0500] "GET /galeria/carrusel/Carrusel/jquery.thumbnailScroller.css HTTP/1.1" 200 2066
179.51.108.2 - - [13/Aug/2016:16:54:13 -0500] "GET /galeria/carrusel/Carrusel/jquery-ui-1.8.13.custom.min.js HTTP/1.1" 200 10800
179.51.108.2 - - [13/Aug/2016:16:54:13 -0500] "GET /galeria/carrusel/Carrusel/jquery.thumbnailScroller.js HTTP/1.1" 200 8157
181.49.188.8 - - [13/Aug/2016:16:54:15 -0500] "GET /galeria/nivo-slider/demo/images/convocatoriasecretaria.jpg HTTP/1.1" 304 -
181.49.188.8 - - [13/Aug/2016:16:54:15 -0500] "GET /galeria/nivo-slider/demo/images/BANNERVISORGEOGRAFICO.jpg HTTP/1.1" 304 -
179.51.108.2 - - [13/Aug/2016:16:54:20 -0500] "GET /galeria/nivo-slider/demo/demo.html HTTP/1.1" 200 5082
179.51.108.2 - - [13/Aug/2016:16:54:21 -0500] "GET /galeria/nivo-slider/themes/pascal/pascal.css HTTP/1.1" 200 2258
179.51.108.2 - - [13/Aug/2016:16:54:21 -0500] "GET /galeria/nivo-slider/themes/default/default.css HTTP/1.1" 200 1569
179.51.108.2 - - [13/Aug/2016:16:54:21 -0500] "GET /galeria/nivo-slider/themes/orman/orman.css HTTP/1.1" 200 2152
179.51.108.2 - - [13/Aug/2016:16:54:21 -0500] "GET /galeria/nivo-slider/nivo-slider.css HTTP/1.1" 200 1507
179.51.108.2 - - [13/Aug/2016:16:54:21 -0500] "GET /galeria/nivo-slider/demo/style.css HTTP/1.1" 200 2222
179.51.108.2 - - [13/Aug/2016:16:54:21 -0500] "GET /galeria/nivo-slider/demo/images/Cartadignoalciudadano.jpg HTTP/1.1" 200 138184
179.51.108.2 - - [13/Aug/2016:16:54:21 -0500] "GET /galeria/nivo-slider/demo/scripts/jquery-1.7.1.min.js HTTP/1.1" 200 93868
179.51.108.2 - - [13/Aug/2016:16:54:22 -0500] "GET /galeria/nivo-slider/jquery.nivo.slider.pack.js HTTP/1.1" 200 11561
179.51.108.2 - - [13/Aug/2016:16:54:22 -0500] "GET /galeria/nivo-slider/demo/images/BOMBILLASDA%C3%91ADAS.jpg HTTP/1.1" 200 145923
179.51.108.2 - - [13/Aug/2016:16:54:22 -0500] "GET /galeria/nivo-slider/demo/images/SUPERCADESUBA.jpg HTTP/1.1" 200 127509
179.51.108.2 - - [13/Aug/2016:16:54:22 -0500] "GET /galeria/nivo-slider/demo/images/convocatoriasecretaria.jpg HTTP/1.1" 200 129365
186.29.249.43 - - [13/Aug/2016:16:54:22 -0500] "GET /galeria/galeria/jquery.fancybox.css?v=2.1.5 HTTP/1.1" 200 4895
186.29.249.43 - - [13/Aug/2016:16:54:22 -0500] "GET /BLA/boletinlegal/js/jquery.scrollShow.js HTTP/1.1" 200 4586
186.29.249.43 - - [13/Aug/2016:16:54:22 -0500] "GET /galeria/galeria/jquery.fancybox.js?v=2.1.5 HTTP/1.1" 200 48706
179.51.108.2 - - [13/Aug/2016:16:54:22 -0500] "GET /galeria/nivo-slider/demo/images/4Simple_Slider.png HTTP/1.1" 200 11722
179.51.108.2 - - [13/Aug/2016:16:54:22 -0500] "GET /galeria/nivo-slider/themes/default/loading.gif HTTP/1.1" 200 1737
179.51.108.2 - - [13/Aug/2016:16:54:23 -0500] "GET /galeria/nivo-slider/demo/images/BANNERVISORGEOGRAFICO.jpg HTTP/1.1" 200 78514
179.51.108.2 - - [13/Aug/2016:16:54:24 -0500] "GET /galeria/nivo-slider/demo/images/ECOLECTAVIRGILIOBARCO.jpg HTTP/1.1" 200 126403
179.51.108.2 - - [13/Aug/2016:16:54:24 -0500] "GET /galeria/nivo-slider/demo/images/BANNERCONFORMACIONGESTIONAMBIENTAL.jpg HTTP/1.1" 200 161009
179.51.108.2 - - [13/Aug/2016:16:54:24 -0500] "GET /galeria/nivo-slider/demo/images/vegetal.jpg HTTP/1.1" 200 216080
179.51.108.2 - - [13/Aug/2016:16:54:24 -0500] "GET /galeria/nivo-slider/demo/images/BannerCiclodeCapacitaci%C3%B3nes.jpg HTTP/1.1" 200 657001
179.51.108.2 - - [13/Aug/2016:16:54:25 -0500] "GET /galeria/nivo-slider/demo/images/BANNERMADERALEGAL.jpg HTTP/1.1" 200 165750
181.49.188.8 - - [13/Aug/2016:16:54:25 -0500] "GET /galeria/nivo-slider/demo/images/BANNERVISORGEOGRAFICO.jpg HTTP/1.1" 304 -
181.49.188.8 - - [13/Aug/2016:16:54:25 -0500] "GET /galeria/nivo-slider/demo/images/BANNERCONFORMACIONGESTIONAMBIENTAL.jpg HTTP/1.1" 304 -
179.51.108.2 - - [13/Aug/2016:16:54:25 -0500] "GET /galeria/nivo-slider/demo/images/Banner_wgic.jpg HTTP/1.1" 200 139000
179.51.108.2 - - [13/Aug/2016:16:54:26 -0500] "GET /galeria/nivo-slider/demo/images/ABC-Plan-de-contigencia.jpg HTTP/1.1" 200 423901
179.51.108.2 - - [13/Aug/2016:16:54:28 -0500] "GET /galeria/nivo-slider/demo/images/ACOPIADORESYGESTORES.jpg HTTP/1.1" 200 118791
179.51.108.2 - - [13/Aug/2016:16:54:28 -0500] "GET /galeria/nivo-slider/demo/images/caminata-ecologica.jpg HTTP/1.1" 200 192926
179.51.108.2 - - [13/Aug/2016:16:54:29 -0500] "GET /galeria/nivo-slider/demo/images/Cmapana-onestidad.jpg HTTP/1.1" 200 141638
179.51.108.2 - - [13/Aug/2016:16:54:29 -0500] "GET /galeria/nivo-slider/demo/images/banner-llantas2.jpg HTTP/1.1" 200 234514
179.51.108.2 - - [13/Aug/2016:16:54:29 -0500] "GET /galeria/nivo-slider/demo/images/9Signos.jpg HTTP/1.1" 200 81776
179.51.108.2 - - [13/Aug/2016:16:54:31 -0500] "GET /galeria/nivo-slider/demo/images/Ruta-vertimientos-01.jpg HTTP/1.1" 200 130151
179.51.108.2 - - [13/Aug/2016:16:54:32 -0500] "GET /galeria/nivo-slider/demo/images/bolsas-06.jpg HTTP/1.1" 200 210950
181.49.188.8 - - [13/Aug/2016:16:54:35 -0500] "GET /galeria/nivo-slider/demo/images/BANNERCONFORMACIONGESTIONAMBIENTAL.jpg HTTP/1.1" 304 -
181.49.188.8 - - [13/Aug/2016:16:54:35 -0500] "GET /galeria/nivo-slider/demo/images/ECOLECTAVIRGILIOBARCO.jpg HTTP/1.1" 304 -
179.51.108.2 - - [13/Aug/2016:16:54:35 -0500] "GET /galeria/nivo-slider/themes/default/arrows.png HTTP/1.1" 200 824
179.51.108.2 - - [13/Aug/2016:16:54:36 -0500] "GET /galeria/nivo-slider/themes/default/bullets.png HTTP/1.1" 200 1281
66.249.64.165 - - [13/Aug/2016:16:54:40 -0500] "GET /BLA/resoluciones/RESOLUCIONES%202013/2091.pdf HTTP/1.1" 304 -
181.49.188.8 - - [13/Aug/2016:16:54:45 -0500] "GET /galeria/nivo-slider/demo/images/ECOLECTAVIRGILIOBARCO.jpg HTTP/1.1" 304 -
181.49.188.8 - - [13/Aug/2016:16:54:45 -0500] "GET /galeria/nivo-slider/demo/images/vegetal.jpg HTTP/1.1" 304 -
66.249.64.165 - - [13/Aug/2016:16:54:47 -0500] "GET /BLA/resoluciones/RESOLUCIONES%202011/0258.pdf HTTP/1.1" 200 292609
179.51.108.2 - - [13/Aug/2016:16:54:52 -0500] "GET /BLA/boletinlegal/js/jquery.scrollShow.js HTTP/1.1" 304 -
179.51.108.2 - - [13/Aug/2016:16:54:52 -0500] "GET /galeria/galeria/jquery.fancybox.css?v=2.1.5 HTTP/1.1" 304 -
179.51.108.2 - - [13/Aug/2016:16:54:52 -0500] "GET /galeria/galeria/jquery.fancybox.js?v=2.1.5 HTTP/1.1" 304 -
186.170.0.188 - - [13/Aug/2016:16:54:54 -0500] "GET /galeria/galeria/jquery.fancybox.css?v=2.1.5 HTTP/1.1" 200 4895
186.170.0.188 - - [13/Aug/2016:16:54:55 -0500] "GET /galeria/galeria/jquery.fancybox.js?v=2.1.5 HTTP/1.1" 200 48706
186.170.0.188 - - [13/Aug/2016:16:54:55 -0500] "GET /BLA/boletinlegal/js/jquery.scrollShow.js HTTP/1.1" 200 4586
181.49.188.8 - - [13/Aug/2016:16:54:55 -0500] "GET /galeria/nivo-slider/demo/images/vegetal.jpg HTTP/1.1" 304 -
181.49.188.8 - - [13/Aug/2016:16:54:55 -0500] "GET /galeria/nivo-slider/demo/images/BannerCiclodeCapacitaci%C3%B3nes.jpg HTTP/1.1" 304 -
190.9.200.137 - - [13/Aug/2016:16:54:56 -0500] "GET /galeria/carrusel/Carrusel/jquery.thumbnailScroller.css HTTP/1.1" 200 2066
190.9.200.137 - - [13/Aug/2016:16:54:56 -0500] "GET /galeria/carrusel/Carrusel/jquery-ui-1.8.13.custom.min.js HTTP/1.1" 200 10800
190.9.200.137 - - [13/Aug/2016:16:54:56 -0500] "GET /galeria/carrusel/Carrusel/jquery.thumbnailScroller.js HTTP/1.1" 200 8157
190.9.200.137 - - [13/Aug/2016:16:54:59 -0500] "GET /galeria/nivo-slider/demo/demo.html HTTP/1.1" 200 5082
190.9.200.137 - - [13/Aug/2016:16:55:00 -0500] "GET /galeria/nivo-slider/themes/default/default.css HTTP/1.1" 200 1569
190.9.200.137 - - [13/Aug/2016:16:55:00 -0500] "GET /galeria/nivo-slider/themes/pascal/pascal.css HTTP/1.1" 200 2258
190.9.200.137 - - [13/Aug/2016:16:55:00 -0500] "GET /galeria/nivo-slider/themes/orman/orman.css HTTP/1.1" 200 2152
190.9.200.137 - - [13/Aug/2016:16:55:00 -0500] "GET /galeria/nivo-slider/demo/style.css HTTP/1.1" 200 2222
190.9.200.137 - - [13/Aug/2016:16:55:00 -0500] "GET /galeria/nivo-slider/demo/scripts/jquery-1.7.1.min.js HTTP/1.1" 200 93868
190.9.200.137 - - [13/Aug/2016:16:55:00 -0500] "GET /galeria/nivo-slider/jquery.nivo.slider.pack.js HTTP/1.1" 200 11561
190.9.200.137 - - [13/Aug/2016:16:55:00 -0500] "GET /galeria/nivo-slider/nivo-slider.css HTTP/1.1" 200 1507
190.9.200.137 - - [13/Aug/2016:16:55:01 -0500] "GET /galeria/nivo-slider/demo/images/Cartadignoalciudadano.jpg HTTP/1.1" 200 138184
190.9.200.137 - - [13/Aug/2016:16:55:01 -0500] "GET /galeria/nivo-slider/demo/images/BOMBILLASDA%C3%91ADAS.jpg HTTP/1.1" 200 145923
190.9.200.137 - - [13/Aug/2016:16:55:01 -0500] "GET /galeria/nivo-slider/demo/images/SUPERCADESUBA.jpg HTTP/1.1" 200 127509
190.9.200.137 - - [13/Aug/2016:16:55:01 -0500] "GET /galeria/nivo-slider/demo/images/BANNERVISORGEOGRAFICO.jpg HTTP/1.1" 200 78514
190.9.200.137 - - [13/Aug/2016:16:55:01 -0500] "GET /galeria/nivo-slider/demo/images/convocatoriasecretaria.jpg HTTP/1.1" 200 129365
190.9.200.137 - - [13/Aug/2016:16:55:01 -0500] "GET /galeria/nivo-slider/demo/images/BANNERCONFORMACIONGESTIONAMBIENTAL.jpg HTTP/1.1" 200 161009
66.249.64.165 - - [13/Aug/2016:16:55:02 -0500] "GET /BLA/resoluciones/RESOLUCIONES%202010/4507.pdf HTTP/1.1" 304 -
190.9.200.137 - - [13/Aug/2016:16:55:02 -0500] "GET /galeria/nivo-slider/demo/images/ECOLECTAVIRGILIOBARCO.jpg HTTP/1.1" 200 126403
190.9.200.137 - - [13/Aug/2016:16:55:02 -0500] "GET /galeria/nivo-slider/demo/images/vegetal.jpg HTTP/1.1" 200 216080
190.9.200.137 - - [13/Aug/2016:16:55:03 -0500] "GET /galeria/nivo-slider/demo/images/BannerCiclodeCapacitaci%C3%B3nes.jpg HTTP/1.1" 200 657001
190.9.200.137 - - [13/Aug/2016:16:55:04 -0500] "GET /galeria/nivo-slider/demo/images/BANNERMADERALEGAL.jpg HTTP/1.1" 200 165750
190.9.200.137 - - [13/Aug/2016:16:55:04 -0500] "GET /galeria/nivo-slider/demo/images/Banner_wgic.jpg HTTP/1.1" 200 139000
186.170.0.188 - - [13/Aug/2016:16:55:04 -0500] "GET /BLA/boletinlegal/js/jquery.scrollShow.js HTTP/1.1" 304 -
186.170.0.188 - - [13/Aug/2016:16:55:04 -0500] "GET /galeria/galeria/jquery.fancybox.js?v=2.1.5 HTTP/1.1" 304 -
186.170.0.188 - - [13/Aug/2016:16:55:04 -0500] "GET /galeria/galeria/jquery.fancybox.css?v=2.1.5 HTTP/1.1" 304 -
190.9.200.137 - - [13/Aug/2016:16:55:05 -0500] "GET /galeria/nivo-slider/demo/images/ABC-Plan-de-contigencia.jpg HTTP/1.1" 200 423901
181.49.188.8 - - [13/Aug/2016:16:55:05 -0500] "GET /galeria/nivo-slider/demo/images/BannerCiclodeCapacitaci%C3%B3nes.jpg HTTP/1.1" 304 -
181.49.188.8 - - [13/Aug/2016:16:55:05 -0500] "GET /galeria/nivo-slider/demo/images/BANNERMADERALEGAL.jpg HTTP/1.1" 304 -
190.9.200.137 - - [13/Aug/2016:16:55:07 -0500] "GET /galeria/nivo-slider/demo/images/ACOPIADORESYGESTORES.jpg HTTP/1.1" 200 118791
190.9.200.137 - - [13/Aug/2016:16:55:08 -0500] "GET /galeria/nivo-slider/demo/images/caminata-ecologica.jpg HTTP/1.1" 200 192926
190.9.200.137 - - [13/Aug/2016:16:55:09 -0500] "GET /galeria/nivo-slider/demo/images/Cmapana-onestidad.jpg HTTP/1.1" 200 141638
190.9.200.137 - - [13/Aug/2016:16:55:10 -0500] "GET /galeria/nivo-slider/demo/images/banner-llantas2.jpg HTTP/1.1" 200 234514
190.9.200.137 - - [13/Aug/2016:16:55:12 -0500] "GET /galeria/nivo-slider/demo/images/9Signos.jpg HTTP/1.1" 200 81776
190.9.200.137 - - [13/Aug/2016:16:55:12 -0500] "GET /galeria/nivo-slider/demo/images/Ruta-vertimientos-01.jpg HTTP/1.1" 200 130151
190.9.200.137 - - [13/Aug/2016:16:55:13 -0500] "GET /galeria/nivo-slider/demo/images/bolsas-06.jpg HTTP/1.1" 200 210950
181.49.188.8 - - [13/Aug/2016:16:55:15 -0500] "GET /galeria/nivo-slider/demo/images/BANNERMADERALEGAL.jpg HTTP/1.1" 304 -
181.49.188.8 - - [13/Aug/2016:16:55:15 -0500] "GET /galeria/nivo-slider/demo/images/Banner_wgic.jpg HTTP/1.1" 304 -
66.249.64.165 - - [13/Aug/2016:16:55:17 -0500] "GET /BLA/resoluciones/RESOLUCIONES%202012/0903.pdf HTTP/1.1" 304 -
181.49.188.8 - - [13/Aug/2016:16:55:25 -0500] "GET /galeria/nivo-slider/demo/images/Banner_wgic.jpg HTTP/1.1" 304 -
181.49.188.8 - - [13/Aug/2016:16:55:35 -0500] "GET /galeria/nivo-slider/demo/images/ACOPIADORESYGESTORES.jpg HTTP/1.1" 304 -
69.162.124.232 - - [13/Aug/2016:16:55:36 -0500] "HEAD / HTTP/1.1" 200 -
186.29.102.109 - - [13/Aug/2016:16:55:40 -0500] "GET /galeria/galeria/fotos/diaSC6.jpg HTTP/1.1" 200 117970
181.49.188.8 - - [13/Aug/2016:16:55:45 -0500] "GET /galeria/nivo-slider/demo/images/ACOPIADORESYGESTORES.jpg HTTP/1.1" 304 -
66.249.64.165 - - [13/Aug/2016:16:55:53 -0500] "GET /BLA/resoluciones/AUTOS%202009/0708.pdf HTTP/1.1" 304 -
66.249.64.165 - - [13/Aug/2016:16:56:08 -0500] "GET /transparencia/directorioservidores/septiembre2015.xlsx HTTP/1.1" 304 -
190.66.7.228 - - [13/Aug/2016:16:56:26 -0500] "GET /galeria/galeria/fotos/cusumbo4G.jpg HTTP/1.1" 200 292522
66.249.64.165 - - [13/Aug/2016:16:56:30 -0500] "GET /BLA/resoluciones/AUTOS%202013/1332.pdf HTTP/1.1" 304 -
192.168.175.104 - - [13/Aug/2016:16:56:31 -0500] "GET / HTTP/1.0" 200 9990
66.249.64.165 - - [13/Aug/2016:16:56:37 -0500] "GET /autoliquidacion/Solicitudes%20relacionadas%20con%20calidad%20del%20aire%20auditiva%20y%20visual/Evaluaci%C3%B3n%20para%20Certificaci%C3%B3n%20en%20materia%20de%20Revisi%C3%B3n%20de%20Gases/lista%20de%20chequeo%20certificacion%20en%20materia%20de%20revision%20de%20gases.pdf HTTP/1.1" 304 -
66.249.64.165 - - [13/Aug/2016:16:56:44 -0500] "GET /BLA/resoluciones/RESOLUCIONES%202014/2211.pdf HTTP/1.1" 304 -
181.49.188.8 - - [13/Aug/2016:16:56:45 -0500] "GET /galeria/nivo-slider/demo/images/Cartadignoalciudadano.jpg HTTP/1.1" 304 -
190.242.80.124 - - [13/Aug/2016:16:56:47 -0500] "GET /galeria/galeria/jquery.fancybox.css?v=2.1.5 HTTP/1.1" 200 4895
190.242.80.124 - - [13/Aug/2016:16:56:47 -0500] "GET /BLA/boletinlegal/js/jquery.scrollShow.js HTTP/1.1" 200 4586
190.242.80.124 - - [13/Aug/2016:16:56:47 -0500] "GET /galeria/galeria/jquery.fancybox.js?v=2.1.5 HTTP/1.1" 200 48706
181.49.188.8 - - [13/Aug/2016:16:56:55 -0500] "GET /galeria/nivo-slider/demo/images/Cartadignoalciudadano.jpg HTTP/1.1" 304 -
181.49.188.8 - - [13/Aug/2016:16:56:55 -0500] "GET /galeria/nivo-slider/demo/images/BOMBILLASDA%C3%91ADAS.jpg HTTP/1.1" 304 -
66.249.64.185 - - [13/Aug/2016:16:56:58 -0500] "GET /galeria/nivo-slider/demo/images/banner-Pacto-por-la-madera.jpg HTTP/1.1" 200 209966
66.249.64.165 - - [13/Aug/2016:16:56:59 -0500] "GET /BLA/resoluciones/RESOLUCIONES%202013/0050.pdf HTTP/1.1" 304 -
192.168.175.104 - - [13/Aug/2016:16:57:02 -0500] "GET / HTTP/1.1" 200 9990
181.49.188.8 - - [13/Aug/2016:16:57:05 -0500] "GET /galeria/nivo-slider/demo/images/SUPERCADESUBA.jpg HTTP/1.1" 304 -
181.49.188.8 - - [13/Aug/2016:16:57:05 -0500] "GET /galeria/nivo-slider/demo/images/BOMBILLASDA%C3%91ADAS.jpg HTTP/1.1" 304 -
181.49.188.8 - - [13/Aug/2016:16:57:15 -0500] "GET /galeria/nivo-slider/demo/images/SUPERCADESUBA.jpg HTTP/1.1" 304 -
181.49.188.8 - - [13/Aug/2016:16:57:15 -0500] "GET /galeria/nivo-slider/demo/images/convocatoriasecretaria.jpg HTTP/1.1" 304 -
66.249.64.165 - - [13/Aug/2016:16:57:21 -0500] "GET /BLA/resoluciones/AUTOS%202015/1255.pdf HTTP/1.1" 304 -
181.49.188.8 - - [13/Aug/2016:16:57:25 -0500] "GET /galeria/nivo-slider/demo/images/convocatoriasecretaria.jpg HTTP/1.1" 304 -
181.49.188.8 - - [13/Aug/2016:16:57:25 -0500] "GET /galeria/nivo-slider/demo/images/BANNERVISORGEOGRAFICO.jpg HTTP/1.1" 304 -
66.249.64.165 - - [13/Aug/2016:16:57:28 -0500] "GET /BLA/resoluciones/RESOLUCIONES%202014/2473.pdf HTTP/1.1" 304 -
181.49.188.8 - - [13/Aug/2016:16:57:35 -0500] "GET /galeria/nivo-slider/demo/images/BANNERVISORGEOGRAFICO.jpg HTTP/1.1" 304 -
181.49.188.8 - - [13/Aug/2016:16:57:35 -0500] "GET /galeria/nivo-slider/demo/images/BANNERCONFORMACIONGESTIONAMBIENTAL.jpg HTTP/1.1" 304 -
186.155.13.70 - - [13/Aug/2016:16:57:37 -0500] "GET /galeria/galeria/jquery.fancybox.css?v=2.1.5 HTTP/1.1" 200 4895
186.155.13.70 - - [13/Aug/2016:16:57:37 -0500] "GET /BLA/boletinlegal/js/jquery.scrollShow.js HTTP/1.1" 200 4586
186.155.13.70 - - [13/Aug/2016:16:57:40 -0500] "GET /galeria/galeria/jquery.fancybox.js?v=2.1.5 HTTP/1.1" 200 48706
181.59.138.51 - - [13/Aug/2016:16:57:42 -0500] "GET /BLA/boletinlegal/js/jquery.scrollShow.js HTTP/1.1" 200 4586
181.59.138.51 - - [13/Aug/2016:16:57:42 -0500] "GET /galeria/galeria/jquery.fancybox.css?v=2.1.5 HTTP/1.1" 200 4895
181.59.138.51 - - [13/Aug/2016:16:57:42 -0500] "GET /galeria/galeria/jquery.fancybox.js?v=2.1.5 HTTP/1.1" 200 48706
66.249.64.165 - - [13/Aug/2016:16:57:43 -0500] "GET /BLA/resoluciones/RESOLUCIONES%202007/RES%202007%203601%20AL%203700/RESOLUCION%203662%20DE%202007.pdf HTTP/1.1" 304 -
186.155.13.70 - - [13/Aug/2016:16:57:45 -0500] "GET /BLA/boletinlegal/js/jquery.scrollShow.js HTTP/1.1" 304 -
186.155.13.70 - - [13/Aug/2016:16:57:45 -0500] "GET /galeria/galeria/jquery.fancybox.js?v=2.1.5 HTTP/1.1" 304 -
186.155.13.70 - - [13/Aug/2016:16:57:45 -0500] "GET /galeria/galeria/jquery.fancybox.css?v=2.1.5 HTTP/1.1" 304 -
181.49.188.8 - - [13/Aug/2016:16:57:45 -0500] "GET /galeria/nivo-slider/demo/images/BANNERCONFORMACIONGESTIONAMBIENTAL.jpg HTTP/1.1" 304 -
181.49.188.8 - - [13/Aug/2016:16:57:45 -0500] "GET /galeria/nivo-slider/demo/images/ECOLECTAVIRGILIOBARCO.jpg HTTP/1.1" 304 -
190.157.21.232 - - [13/Aug/2016:16:57:54 -0500] "GET /galeria/galeria/jquery.fancybox.css?v=2.1.5 HTTP/1.1" 200 4895
190.157.21.232 - - [13/Aug/2016:16:57:54 -0500] "GET /BLA/boletinlegal/js/jquery.scrollShow.js HTTP/1.1" 200 4586
190.157.21.232 - - [13/Aug/2016:16:57:55 -0500] "GET /galeria/galeria/jquery.fancybox.js?v=2.1.5 HTTP/1.1" 200 48706
181.49.188.8 - - [13/Aug/2016:16:57:55 -0500] "GET /galeria/nivo-slider/demo/images/ECOLECTAVIRGILIOBARCO.jpg HTTP/1.1" 304 -
181.49.188.8 - - [13/Aug/2016:16:57:55 -0500] "GET /galeria/nivo-slider/demo/images/vegetal.jpg HTTP/1.1" 304 -
66.249.64.165 - - [13/Aug/2016:16:57:57 -0500] "GET /BLA/resoluciones/AUTOS%202013/2015.pdf HTTP/1.1" 304 -
181.59.138.51 - - [13/Aug/2016:16:58:04 -0500] "GET /galeria/galeria/jquery.fancybox.css?v=2.1.5 HTTP/1.1" 304 -
181.59.138.51 - - [13/Aug/2016:16:58:04 -0500] "GET /BLA/boletinlegal/js/jquery.scrollShow.js HTTP/1.1" 304 -
181.59.138.51 - - [13/Aug/2016:16:58:04 -0500] "GET /galeria/galeria/jquery.fancybox.js?v=2.1.5 HTTP/1.1" 304 -
66.249.64.165 - - [13/Aug/2016:16:58:05 -0500] "GET /BLA/resoluciones/AUTOS%202012/3002.pdf HTTP/1.1" 304 -
181.49.188.8 - - [13/Aug/2016:16:58:05 -0500] "GET /galeria/nivo-slider/demo/images/vegetal.jpg HTTP/1.1" 304 -
181.49.188.8 - - [13/Aug/2016:16:58:05 -0500] "GET /galeria/nivo-slider/demo/images/BannerCiclodeCapacitaci%C3%B3nes.jpg HTTP/1.1" 304 -
181.49.188.8 - - [13/Aug/2016:16:58:15 -0500] "GET /galeria/nivo-slider/demo/images/BANNERMADERALEGAL.jpg HTTP/1.1" 304 -
181.49.188.8 - - [13/Aug/2016:16:58:15 -0500] "GET /galeria/nivo-slider/demo/images/BannerCiclodeCapacitaci%C3%B3nes.jpg HTTP/1.1" 304 -
181.49.188.8 - - [13/Aug/2016:16:58:25 -0500] "GET /galeria/nivo-slider/demo/images/BANNERMADERALEGAL.jpg HTTP/1.1" 304 -
181.49.188.8 - - [13/Aug/2016:16:58:25 -0500] "GET /galeria/nivo-slider/demo/images/Banner_wgic.jpg HTTP/1.1" 304 -
190.157.21.232 - - [13/Aug/2016:16:58:27 -0500] "GET /galeria/galeria/jquery.fancybox.css?v=2.1.5 HTTP/1.1" 304 -
190.157.21.232 - - [13/Aug/2016:16:58:27 -0500] "GET /BLA/boletinlegal/js/jquery.scrollShow.js HTTP/1.1" 304 -
190.157.21.232 - - [13/Aug/2016:16:58:27 -0500] "GET /galeria/galeria/jquery.fancybox.js?v=2.1.5 HTTP/1.1" 304 -
181.49.70.149 - - [13/Aug/2016:16:58:30 -0500] "GET /BLA/boletinlegal/js/jquery.scrollShow.js HTTP/1.1" 200 4586
181.49.70.149 - - [13/Aug/2016:16:58:30 -0500] "GET /galeria/galeria/jquery.fancybox.css?v=2.1.5 HTTP/1.1" 200 4895
181.49.70.149 - - [13/Aug/2016:16:58:30 -0500] "GET /galeria/galeria/jquery.fancybox.js?v=2.1.5 HTTP/1.1" 200 48706
181.49.70.149 - - [13/Aug/2016:16:58:34 -0500] "GET /BLA/boletinlegal/js/jquery.scrollShow.js HTTP/1.1" 304 -
181.49.70.149 - - [13/Aug/2016:16:58:34 -0500] "GET /galeria/galeria/jquery.fancybox.js?v=2.1.5 HTTP/1.1" 304 -
181.49.70.149 - - [13/Aug/2016:16:58:34 -0500] "GET /galeria/galeria/jquery.fancybox.css?v=2.1.5 HTTP/1.1" 304 -
181.49.188.8 - - [13/Aug/2016:16:58:35 -0500] "GET /galeria/nivo-slider/demo/images/Banner_wgic.jpg HTTP/1.1" 304 -
