5.9.89.170 - - [19/Aug/2016:09:47:57 -0500] "GET /PruebasSTORM/StormSDA_pruebas/userFiles/user_files/listas/5.xml HTTP/1.0" 200 1705
5.9.89.170 - - [19/Aug/2016:09:48:00 -0500] "GET /PruebasSTORM/StormSDA_pruebas/userFiles/user_files/listas/50.xml HTTP/1.0" 200 435
190.147.218.52 - - [19/Aug/2016:09:48:01 -0500] "GET /galeria/galeria/jquery.fancybox.css?v=2.1.5 HTTP/1.1" 200 4895
190.147.218.52 - - [19/Aug/2016:09:48:01 -0500] "GET /BLA/boletinlegal/js/jquery.scrollShow.js HTTP/1.1" 200 4586
190.147.218.52 - - [19/Aug/2016:09:48:01 -0500] "GET /galeria/galeria/jquery.fancybox.js?v=2.1.5 HTTP/1.1" 200 48706
5.9.89.170 - - [19/Aug/2016:09:48:01 -0500] "GET /PruebasSTORM/StormSDA_pruebas/userFiles/user_files/listas/51.xml HTTP/1.0" 200 664
5.9.89.170 - - [19/Aug/2016:09:48:03 -0500] "GET /PruebasSTORM/StormSDA_pruebas/userFiles/user_files/listas/52.xml HTTP/1.0" 200 296
190.147.218.52 - - [19/Aug/2016:09:48:03 -0500] "GET /galeria/galeria/jquery.fancybox.css?v=2.1.5 HTTP/1.1" 304 -
190.147.218.52 - - [19/Aug/2016:09:48:03 -0500] "GET /BLA/boletinlegal/js/jquery.scrollShow.js HTTP/1.1" 304 -
190.147.218.52 - - [19/Aug/2016:09:48:03 -0500] "GET /galeria/galeria/jquery.fancybox.js?v=2.1.5 HTTP/1.1" 304 -
5.9.89.170 - - [19/Aug/2016:09:48:05 -0500] "GET /PruebasSTORM/StormSDA_pruebas/userFiles/user_files/listas/53.xml HTTP/1.0" 200 247
181.49.188.7 - - [19/Aug/2016:09:48:06 -0500] "GET /BLA/resoluciones/RESOLUCIONES%202007/RES%202007%202501%20AL%202600/RESOLUCION%202542%20DE%202007.pdf HTTP/1.1" 200 867071
5.9.89.170 - - [19/Aug/2016:09:48:07 -0500] "GET /PruebasSTORM/StormSDA_pruebas/userFiles/user_files/listas/54.xml HTTP/1.0" 200 855
181.49.188.7 - - [19/Aug/2016:09:48:08 -0500] "GET /favicon.ico HTTP/1.1" 304 -
181.49.188.7 - - [19/Aug/2016:09:48:08 -0500] "GET /BLA/resoluciones/RESOLUCIONES%202007/RES%202007%202501%20AL%202600/RESOLUCION%202542%20DE%202007.pdf HTTP/1.1" 304 -
5.9.89.170 - - [19/Aug/2016:09:48:09 -0500] "GET /PruebasSTORM/StormSDA_pruebas/userFiles/user_files/listas/55.xml HTTP/1.0" 200 250
201.245.192.253 - - [19/Aug/2016:09:48:17 -0500] "GET /galeria/nivo-slider/demo/demo.html HTTP/1.1" 304 -
201.245.192.253 - - [19/Aug/2016:09:48:17 -0500] "GET /galeria/nivo-slider/demo/images/Cartadignoalciudadano.jpg HTTP/1.1" 304 -
181.54.110.215 - - [19/Aug/2016:09:48:18 -0500] "GET /galeria/galeria/jquery.fancybox.css?v=2.1.5 HTTP/1.1" 304 -
181.54.110.215 - - [19/Aug/2016:09:48:18 -0500] "GET /galeria/galeria/jquery.fancybox.js?v=2.1.5 HTTP/1.1" 304 -
181.54.110.215 - - [19/Aug/2016:09:48:18 -0500] "GET /BLA/boletinlegal/js/jquery.scrollShow.js HTTP/1.1" 304 -
201.245.192.253 - - [19/Aug/2016:09:48:18 -0500] "GET /galeria/nivo-slider/demo/images/BannerCiclodeCapacitaci%C3%B3nes.jpg HTTP/1.1" 304 -
5.9.89.170 - - [19/Aug/2016:09:48:18 -0500] "GET /PruebasSTORM/StormSDA_pruebas/userFiles/user_files/listas/?C=D;O=D HTTP/1.0" 200 49938
5.9.89.170 - - [19/Aug/2016:09:48:22 -0500] "GET /PruebasSTORM/StormSDA_pruebas/userFiles/user_files/listas/?C=M;O=D HTTP/1.0" 200 49938
181.48.87.10 - - [19/Aug/2016:09:48:25 -0500] "GET /galeria/galeria/jquery.fancybox.css?v=2.1.5 HTTP/1.1" 200 4895
181.48.87.10 - - [19/Aug/2016:09:48:25 -0500] "GET /BLA/boletinlegal/js/jquery.scrollShow.js HTTP/1.1" 200 4586
181.48.87.10 - - [19/Aug/2016:09:48:25 -0500] "GET /galeria/galeria/jquery.fancybox.js?v=2.1.5 HTTP/1.1" 200 48706
5.9.89.170 - - [19/Aug/2016:09:48:24 -0500] "GET /PruebasSTORM/StormSDA_pruebas/userFiles/user_files/listas/?C=N;O=A HTTP/1.0" 200 49938
5.9.89.170 - - [19/Aug/2016:09:48:27 -0500] "GET /PruebasSTORM/StormSDA_pruebas/userFiles/user_files/listas/?C=S;O=D HTTP/1.0" 200 49938
190.85.117.189 - - [19/Aug/2016:09:48:29 -0500] "GET /BLA/boletinlegal/js/jquery.scrollShow.js HTTP/1.1" 200 4586
190.85.117.189 - - [19/Aug/2016:09:48:29 -0500] "GET /galeria/galeria/jquery.fancybox.js?v=2.1.5 HTTP/1.1" 200 48706
190.85.117.189 - - [19/Aug/2016:09:48:29 -0500] "GET /galeria/galeria/jquery.fancybox.css?v=2.1.5 HTTP/1.1" 200 4895
190.85.117.189 - - [19/Aug/2016:09:48:30 -0500] "GET /galeria/carrusel/Carrusel/jquery.thumbnailScroller.css HTTP/1.1" 200 2066
5.9.89.170 - - [19/Aug/2016:09:48:31 -0500] "GET /PruebasSTORM/silvicultura2Pruebas/?C=M;O=D HTTP/1.0" 200 1231
41.242.167.226 - - [19/Aug/2016:09:48:31 -0500] "GET /wp-login.php HTTP/1.1" 404 1019
66.249.64.165 - - [19/Aug/2016:09:48:31 -0500] "GET /BLA/resoluciones/AUTOS%202011/2104.pdf HTTP/1.1" 304 -
41.242.167.226 - - [19/Aug/2016:09:48:32 -0500] "GET / HTTP/1.1" 200 9990
190.85.117.189 - - [19/Aug/2016:09:48:32 -0500] "GET /galeria/carrusel/Carrusel/jquery-ui-1.8.13.custom.min.js HTTP/1.1" 200 10800
190.85.117.189 - - [19/Aug/2016:09:48:32 -0500] "GET /galeria/carrusel/Carrusel/jquery.thumbnailScroller.js HTTP/1.1" 200 8157
190.85.117.189 - - [19/Aug/2016:09:48:32 -0500] "GET /galeria/nivo-slider/demo/demo.html HTTP/1.1" 200 5082
190.85.117.189 - - [19/Aug/2016:09:48:32 -0500] "GET /galeria/nivo-slider/themes/default/default.css HTTP/1.1" 200 1569
190.85.117.189 - - [19/Aug/2016:09:48:32 -0500] "GET /galeria/nivo-slider/themes/orman/orman.css HTTP/1.1" 200 2152
190.85.117.189 - - [19/Aug/2016:09:48:32 -0500] "GET /galeria/nivo-slider/themes/pascal/pascal.css HTTP/1.1" 200 2258
5.9.89.170 - - [19/Aug/2016:09:48:33 -0500] "GET /robots.txt HTTP/1.0" 404 1015
190.85.117.189 - - [19/Aug/2016:09:48:33 -0500] "GET /galeria/nivo-slider/demo/scripts/jquery-1.7.1.min.js HTTP/1.1" 200 93868
190.85.117.189 - - [19/Aug/2016:09:48:33 -0500] "GET /galeria/nivo-slider/jquery.nivo.slider.pack.js HTTP/1.1" 200 11561
190.85.117.189 - - [19/Aug/2016:09:48:33 -0500] "GET /galeria/nivo-slider/nivo-slider.css HTTP/1.1" 200 1507
190.85.117.189 - - [19/Aug/2016:09:48:33 -0500] "GET /galeria/nivo-slider/demo/style.css HTTP/1.1" 200 2222
190.85.117.189 - - [19/Aug/2016:09:48:33 -0500] "GET /galeria/nivo-slider/demo/images/Cartadignoalciudadano.jpg HTTP/1.1" 200 138184
190.85.117.189 - - [19/Aug/2016:09:48:33 -0500] "GET /galeria/nivo-slider/demo/images/BOMBILLASDA%C3%91ADAS.jpg HTTP/1.1" 200 145923
190.85.117.189 - - [19/Aug/2016:09:48:33 -0500] "GET /galeria/nivo-slider/demo/images/SUPERCADESUBA.jpg HTTP/1.1" 200 127509
200.69.101.162 - - [19/Aug/2016:09:48:33 -0500] "GET /BLA/boletinlegal/js/jquery.scrollShow.js HTTP/1.1" 200 4586
190.85.117.189 - - [19/Aug/2016:09:48:33 -0500] "GET /galeria/nivo-slider/demo/images/convocatoriasecretaria.jpg HTTP/1.1" 200 129365
190.85.117.189 - - [19/Aug/2016:09:48:33 -0500] "GET /galeria/nivo-slider/demo/images/BANNERVISORGEOGRAFICO.jpg HTTP/1.1" 200 78514
200.69.101.162 - - [19/Aug/2016:09:48:33 -0500] "GET /galeria/galeria/jquery.fancybox.js?v=2.1.5 HTTP/1.1" 200 48706
190.85.117.189 - - [19/Aug/2016:09:48:33 -0500] "GET /galeria/nivo-slider/demo/images/BANNERCONFORMACIONGESTIONAMBIENTAL.jpg HTTP/1.1" 200 161009
190.85.117.189 - - [19/Aug/2016:09:48:33 -0500] "GET /galeria/nivo-slider/demo/images/ECOLECTAVIRGILIOBARCO.jpg HTTP/1.1" 200 126403
190.85.117.189 - - [19/Aug/2016:09:48:33 -0500] "GET /galeria/nivo-slider/demo/images/4Simple_Slider.png HTTP/1.1" 200 11722
190.85.117.189 - - [19/Aug/2016:09:48:33 -0500] "GET /galeria/nivo-slider/themes/default/loading.gif HTTP/1.1" 200 1737
190.85.117.189 - - [19/Aug/2016:09:48:34 -0500] "GET /galeria/nivo-slider/demo/images/vegetal.jpg HTTP/1.1" 200 216080
190.85.117.189 - - [19/Aug/2016:09:48:34 -0500] "GET /galeria/nivo-slider/demo/images/BannerCiclodeCapacitaci%C3%B3nes.jpg HTTP/1.1" 200 657001
190.85.117.189 - - [19/Aug/2016:09:48:34 -0500] "GET /galeria/nivo-slider/demo/images/BANNERMADERALEGAL.jpg HTTP/1.1" 200 165750
200.69.101.162 - - [19/Aug/2016:09:48:34 -0500] "GET /galeria/galeria/jquery.fancybox.css?v=2.1.5 HTTP/1.1" 200 4895
5.9.89.170 - - [19/Aug/2016:09:48:34 -0500] "GET /StormSDA/?C=D;O=A HTTP/1.1" 200 4406
190.85.117.189 - - [19/Aug/2016:09:48:35 -0500] "GET /galeria/nivo-slider/demo/images/ABC-Plan-de-contigencia.jpg HTTP/1.1" 200 423901
190.85.117.189 - - [19/Aug/2016:09:48:35 -0500] "GET /galeria/nivo-slider/demo/images/Banner_wgic.jpg HTTP/1.1" 200 139000
190.85.117.189 - - [19/Aug/2016:09:48:36 -0500] "GET /galeria/nivo-slider/demo/images/ACOPIADORESYGESTORES.jpg HTTP/1.1" 200 118791
190.85.117.189 - - [19/Aug/2016:09:48:36 -0500] "GET /galeria/nivo-slider/demo/images/caminata-ecologica.jpg HTTP/1.1" 200 192926
190.85.117.189 - - [19/Aug/2016:09:48:36 -0500] "GET /galeria/nivo-slider/demo/images/Cmapana-onestidad.jpg HTTP/1.1" 200 141638
190.85.117.189 - - [19/Aug/2016:09:48:36 -0500] "GET /galeria/nivo-slider/demo/images/banner-llantas2.jpg HTTP/1.1" 200 234514
5.9.89.170 - - [19/Aug/2016:09:48:36 -0500] "GET /StormSDA/?C=M;O=A HTTP/1.1" 200 4406
190.85.117.189 - - [19/Aug/2016:09:48:36 -0500] "GET /galeria/nivo-slider/demo/images/9Signos.jpg HTTP/1.1" 200 81776
190.85.117.189 - - [19/Aug/2016:09:48:37 -0500] "GET /galeria/nivo-slider/demo/images/Ruta-vertimientos-01.jpg HTTP/1.1" 200 130151
190.85.117.189 - - [19/Aug/2016:09:48:37 -0500] "GET /galeria/nivo-slider/demo/images/bolsas-06.jpg HTTP/1.1" 200 210950
190.157.129.92 - - [19/Aug/2016:09:48:38 -0500] "GET /BLA/boletinlegal/js/jquery.scrollShow.js HTTP/1.1" 200 4586
190.157.129.92 - - [19/Aug/2016:09:48:38 -0500] "GET /galeria/galeria/jquery.fancybox.js?v=2.1.5 HTTP/1.1" 200 48706
190.157.129.92 - - [19/Aug/2016:09:48:38 -0500] "GET /galeria/galeria/jquery.fancybox.css?v=2.1.5 HTTP/1.1" 200 4895
190.157.129.92 - - [19/Aug/2016:09:48:38 -0500] "GET /galeria/carrusel/Carrusel/jquery.thumbnailScroller.css HTTP/1.1" 200 2066
190.157.129.92 - - [19/Aug/2016:09:48:38 -0500] "GET /galeria/carrusel/Carrusel/jquery-ui-1.8.13.custom.min.js HTTP/1.1" 200 10800
190.157.129.92 - - [19/Aug/2016:09:48:38 -0500] "GET /galeria/carrusel/Carrusel/jquery.thumbnailScroller.js HTTP/1.1" 200 8157
5.9.89.170 - - [19/Aug/2016:09:48:39 -0500] "GET /StormSDA/?C=N;O=D HTTP/1.1" 200 4406
190.85.117.189 - - [19/Aug/2016:09:48:39 -0500] "GET /galeria/nivo-slider/themes/default/arrows.png HTTP/1.1" 200 824
190.85.117.189 - - [19/Aug/2016:09:48:39 -0500] "GET /galeria/nivo-slider/themes/default/bullets.png HTTP/1.1" 200 1281
190.157.129.92 - - [19/Aug/2016:09:48:39 -0500] "GET /galeria/nivo-slider/demo/demo.html HTTP/1.1" 200 5082
190.157.129.92 - - [19/Aug/2016:09:48:39 -0500] "GET /galeria/nivo-slider/themes/pascal/pascal.css HTTP/1.1" 200 2258
190.157.129.92 - - [19/Aug/2016:09:48:39 -0500] "GET /galeria/nivo-slider/themes/default/default.css HTTP/1.1" 200 1569
190.157.129.92 - - [19/Aug/2016:09:48:39 -0500] "GET /galeria/nivo-slider/nivo-slider.css HTTP/1.1" 200 1507
190.157.129.92 - - [19/Aug/2016:09:48:39 -0500] "GET /galeria/nivo-slider/themes/orman/orman.css HTTP/1.1" 200 2152
190.157.129.92 - - [19/Aug/2016:09:48:39 -0500] "GET /galeria/nivo-slider/demo/style.css HTTP/1.1" 200 2222
190.157.129.92 - - [19/Aug/2016:09:48:39 -0500] "GET /galeria/nivo-slider/demo/images/Cartadignoalciudadano.jpg HTTP/1.1" 200 138184
190.157.129.92 - - [19/Aug/2016:09:48:39 -0500] "GET /galeria/nivo-slider/demo/scripts/jquery-1.7.1.min.js HTTP/1.1" 200 93868
190.157.129.92 - - [19/Aug/2016:09:48:39 -0500] "GET /galeria/nivo-slider/jquery.nivo.slider.pack.js HTTP/1.1" 200 11561
190.157.129.92 - - [19/Aug/2016:09:48:39 -0500] "GET /galeria/nivo-slider/demo/images/BOMBILLASDA%C3%91ADAS.jpg HTTP/1.1" 200 145923
190.157.129.92 - - [19/Aug/2016:09:48:39 -0500] "GET /galeria/nivo-slider/demo/images/SUPERCADESUBA.jpg HTTP/1.1" 200 127509
190.157.129.92 - - [19/Aug/2016:09:48:39 -0500] "GET /galeria/nivo-slider/demo/images/convocatoriasecretaria.jpg HTTP/1.1" 200 129365
190.157.129.92 - - [19/Aug/2016:09:48:40 -0500] "GET /galeria/nivo-slider/demo/images/BANNERVISORGEOGRAFICO.jpg HTTP/1.1" 200 78514
201.245.192.253 - - [19/Aug/2016:09:48:40 -0500] "GET /isolucionsda/SesionTermina.asp HTTP/1.1" 200 388
190.157.129.92 - - [19/Aug/2016:09:48:40 -0500] "GET /galeria/nivo-slider/demo/images/BANNERCONFORMACIONGESTIONAMBIENTAL.jpg HTTP/1.1" 200 161009
201.245.192.253 - - [19/Aug/2016:09:48:40 -0500] "GET /isolucionsda/Errores/SesionExpirada.asp? HTTP/1.1" 200 6598
190.157.129.92 - - [19/Aug/2016:09:48:40 -0500] "GET /galeria/nivo-slider/demo/images/ECOLECTAVIRGILIOBARCO.jpg HTTP/1.1" 200 126403
190.157.129.92 - - [19/Aug/2016:09:48:40 -0500] "GET /galeria/nivo-slider/demo/images/vegetal.jpg HTTP/1.1" 200 216080
190.157.129.92 - - [19/Aug/2016:09:48:40 -0500] "GET /galeria/nivo-slider/demo/images/BannerCiclodeCapacitaci%C3%B3nes.jpg HTTP/1.1" 200 657001
190.157.129.92 - - [19/Aug/2016:09:48:40 -0500] "GET /galeria/nivo-slider/demo/images/BANNERMADERALEGAL.jpg HTTP/1.1" 200 165750
190.157.129.92 - - [19/Aug/2016:09:48:40 -0500] "GET /galeria/nivo-slider/demo/images/Banner_wgic.jpg HTTP/1.1" 200 139000
5.9.89.170 - - [19/Aug/2016:09:48:41 -0500] "GET /StormSDA/?C=S;O=A HTTP/1.1" 200 4406
190.157.129.92 - - [19/Aug/2016:09:48:41 -0500] "GET /galeria/nivo-slider/demo/images/ABC-Plan-de-contigencia.jpg HTTP/1.1" 200 423901
190.157.129.92 - - [19/Aug/2016:09:48:41 -0500] "GET /galeria/nivo-slider/demo/images/ACOPIADORESYGESTORES.jpg HTTP/1.1" 200 118791
190.157.129.92 - - [19/Aug/2016:09:48:41 -0500] "GET /galeria/nivo-slider/demo/images/caminata-ecologica.jpg HTTP/1.1" 200 192926
190.157.129.92 - - [19/Aug/2016:09:48:41 -0500] "GET /galeria/nivo-slider/demo/images/Cmapana-onestidad.jpg HTTP/1.1" 200 141638
190.157.129.92 - - [19/Aug/2016:09:48:42 -0500] "GET /galeria/nivo-slider/demo/images/banner-llantas2.jpg HTTP/1.1" 200 234514
190.157.129.92 - - [19/Aug/2016:09:48:43 -0500] "GET /galeria/nivo-slider/demo/images/9Signos.jpg HTTP/1.1" 200 81776
190.157.129.92 - - [19/Aug/2016:09:48:43 -0500] "GET /galeria/nivo-slider/demo/images/Ruta-vertimientos-01.jpg HTTP/1.1" 200 130151
5.9.89.170 - - [19/Aug/2016:09:48:43 -0500] "GET /StormSDA/forms/?C=D;O=D HTTP/1.1" 200 3472
192.168.175.104 - - [19/Aug/2016:09:48:43 -0500] "GET / HTTP/1.1" 200 9990
190.157.129.92 - - [19/Aug/2016:09:48:43 -0500] "GET /galeria/nivo-slider/demo/images/bolsas-06.jpg HTTP/1.1" 200 210950
190.157.129.92 - - [19/Aug/2016:09:48:43 -0500] "GET /galeria/nivo-slider/demo/images/4Simple_Slider.png HTTP/1.1" 200 11722
190.157.129.92 - - [19/Aug/2016:09:48:43 -0500] "GET /galeria/nivo-slider/themes/default/loading.gif HTTP/1.1" 200 1737
190.157.129.92 - - [19/Aug/2016:09:48:44 -0500] "GET /galeria/nivo-slider/themes/default/arrows.png HTTP/1.1" 200 824
190.157.129.92 - - [19/Aug/2016:09:48:44 -0500] "GET /galeria/nivo-slider/themes/default/bullets.png HTTP/1.1" 200 1281
5.9.89.170 - - [19/Aug/2016:09:48:44 -0500] "GET /StormSDA/forms/?C=M;O=D HTTP/1.1" 200 3472
5.9.89.170 - - [19/Aug/2016:09:48:46 -0500] "GET /StormSDA/forms/?C=N;O=A HTTP/1.1" 200 3472
66.249.64.165 - - [19/Aug/2016:09:48:47 -0500] "GET /BLA/resoluciones/Notificaciones/AUTOS%202014/6095.doc HTTP/1.1" 304 -
5.9.89.170 - - [19/Aug/2016:09:48:48 -0500] "GET /StormSDA/forms/?C=S;O=D HTTP/1.1" 200 3472
201.245.192.253 - - [19/Aug/2016:09:48:49 -0500] "GET /IsolucionSDA/ControlDeInicio.asp HTTP/1.1" 200 739
201.245.192.253 - - [19/Aug/2016:09:48:49 -0500] "GET /IsolucionSDA/IdentificaUsuario.asp?Pagina1=FrameSetGeneral.asp& HTTP/1.1" 200 5090
5.9.89.170 - - [19/Aug/2016:09:48:50 -0500] "GET /StormSDA/lib/?C=D;O=D HTTP/1.1" 200 6376
190.25.96.229 - - [19/Aug/2016:09:48:51 -0500] "GET /BLA/boletinlegal/js/jquery.scrollShow.js HTTP/1.1" 304 -
190.25.96.229 - - [19/Aug/2016:09:48:51 -0500] "GET /galeria/galeria/jquery.fancybox.js?v=2.1.5 HTTP/1.1" 304 -
190.25.96.229 - - [19/Aug/2016:09:48:51 -0500] "GET /galeria/galeria/jquery.fancybox.css?v=2.1.5 HTTP/1.1" 304 -
5.9.89.170 - - [19/Aug/2016:09:48:51 -0500] "GET /StormSDA/lib/?C=M;O=D HTTP/1.1" 200 6376
5.9.89.170 - - [19/Aug/2016:09:48:53 -0500] "GET /StormSDA/lib/?C=N;O=A HTTP/1.1" 200 6376
66.249.64.165 - - [19/Aug/2016:09:48:54 -0500] "GET /BLA/resoluciones/AUTOS%202012/1525.pdf HTTP/1.1" 304 -
5.9.89.170 - - [19/Aug/2016:09:48:54 -0500] "GET /StormSDA/lib/?C=S;O=D HTTP/1.1" 200 6376
201.245.192.253 - - [19/Aug/2016:09:48:55 -0500] "POST /IsolucionSDA/IdentificaUsuario.asp?Pagina1=FrameSetGeneral.asp& HTTP/1.1" 302 173
201.245.192.253 - - [19/Aug/2016:09:48:55 -0500] "GET /IsolucionSDA/FrameSetGeneral.asp?Pagina1=FrameSetGeneral.asp& HTTP/1.1" 200 6485
201.245.192.253 - - [19/Aug/2016:09:48:55 -0500] "GET /IsolucionSDA/Encabezado.asp?Pagina1=FrameSetGeneral.asp&&Pagina=MagazinHome.asp HTTP/1.1" 200 15755
201.245.192.253 - - [19/Aug/2016:09:48:55 -0500] "GET /IsolucionSDA/BarraTitulos.asp?Pagina1=FrameSetGeneral.asp&&Pagina=MagazinHome.asp HTTP/1.1" 200 6844
201.245.192.253 - - [19/Aug/2016:09:48:56 -0500] "GET /isolucionsda/Session.asp HTTP/1.1" 200 6325
201.245.192.253 - - [19/Aug/2016:09:48:55 -0500] "GET /IsolucionSDA/BarraFavoritos.asp HTTP/1.1" 200 911
201.245.192.253 - - [19/Aug/2016:09:48:55 -0500] "GET /IsolucionSDA/Session.asp?Continue=1 HTTP/1.1" 200 6195
201.245.192.253 - - [19/Aug/2016:09:48:56 -0500] "GET /BLA/boletinlegal/conceptos.php HTTP/1.1" 200 6162
201.245.192.253 - - [19/Aug/2016:09:48:56 -0500] "GET /IsolucionSDA/g/Bot_IndicadoresOver_ESP.jpg HTTP/1.1" 200 5413
5.9.89.170 - - [19/Aug/2016:09:48:56 -0500] "GET /StormSDA/lib/win32/?C=D;O=D HTTP/1.1" 200 1200
201.245.192.253 - - [19/Aug/2016:09:48:55 -0500] "GET /IsolucionSDA/MagazinHome.asp HTTP/1.1" 200 38210
201.245.192.253 - - [19/Aug/2016:09:48:56 -0500] "GET /IsolucionSDA/g/Bgr_Destacado3399CC.jpg HTTP/1.1" 404 5233
201.245.192.253 - - [19/Aug/2016:09:48:56 -0500] "GET /IsolucionSDA/TareasSFRedirect.asp HTTP/1.1" 302 195
201.245.192.253 - - [19/Aug/2016:09:48:57 -0500] "GET /IsolucionSDA/FrameSetGeneral.asp?Pagina=Menu.asp&IdModulo=4 HTTP/1.1" 200 6455
201.245.192.253 - - [19/Aug/2016:09:48:57 -0500] "GET /IsolucionSDA/BarraTitulos.asp?Pagina=Menu.asp&IdModulo=4 HTTP/1.1" 200 6857
201.245.192.253 - - [19/Aug/2016:09:48:57 -0500] "GET /IsolucionSDA/Encabezado.asp?Pagina=Menu.asp&IdModulo=4 HTTP/1.1" 200 15756
201.245.192.253 - - [19/Aug/2016:09:48:57 -0500] "GET /IsolucionSDA/BarraFavoritos.asp HTTP/1.1" 200 911
201.245.192.253 - - [19/Aug/2016:09:48:57 -0500] "GET /IsolucionSDA/Menu.asp?Pagina=Menu.asp&IdModulo=4 HTTP/1.1" 200 17869
201.245.192.253 - - [19/Aug/2016:09:48:57 -0500] "GET /IsolucionSDA/Session.asp?Continue=1 HTTP/1.1" 200 6195
5.9.89.170 - - [19/Aug/2016:09:48:57 -0500] "GET /StormSDA/lib/win32/?C=M;O=D HTTP/1.1" 200 1200
201.245.192.253 - - [19/Aug/2016:09:48:56 -0500] "GET /IsolucionSDA/Login.aspx?TARGET=SFContainerFiltrado.aspx&number=50685669697048694556 HTTP/1.1" 302 886
201.245.192.253 - - [19/Aug/2016:09:48:58 -0500] "GET /IsolucionSDA/FrameSetGeneral.asp?Pagina=ListadoMaestroDocumentos3.asp HTTP/1.1" 200 6506
201.245.192.253 - - [19/Aug/2016:09:48:58 -0500] "GET /IsolucionSDA/Encabezado.asp?Pagina=ListadoMaestroDocumentos3.asp HTTP/1.1" 200 15731
201.245.192.253 - - [19/Aug/2016:09:48:58 -0500] "GET /IsolucionSDA/BarraTitulos.asp?Pagina=ListadoMaestroDocumentos3.asp HTTP/1.1" 200 6857
201.245.192.253 - - [19/Aug/2016:09:48:58 -0500] "GET /IsolucionSDA/BarraFavoritos.asp HTTP/1.1" 200 911
201.245.192.253 - - [19/Aug/2016:09:48:58 -0500] "GET /IsolucionSDA/ListadoMaestroDocumentos3.asp?Pagina=ListadoMaestroDocumentos3.asp HTTP/1.1" 200 11591
186.84.179.211 - - [19/Aug/2016:09:48:59 -0500] "GET /BLA/boletinlegal/js/jquery.scrollShow.js HTTP/1.1" 200 4586
186.84.179.211 - - [19/Aug/2016:09:48:59 -0500] "GET /galeria/galeria/jquery.fancybox.js?v=2.1.5 HTTP/1.1" 200 48706
186.84.179.211 - - [19/Aug/2016:09:48:59 -0500] "GET /galeria/galeria/jquery.fancybox.css?v=2.1.5 HTTP/1.1" 200 4895
186.84.179.211 - - [19/Aug/2016:09:48:59 -0500] "GET /galeria/carrusel/Carrusel/jquery-ui-1.8.13.custom.min.js HTTP/1.1" 200 10800
186.84.179.211 - - [19/Aug/2016:09:48:59 -0500] "GET /galeria/carrusel/Carrusel/jquery.thumbnailScroller.css HTTP/1.1" 200 2066
5.9.89.170 - - [19/Aug/2016:09:48:59 -0500] "GET /StormSDA/lib/win32/?C=N;O=A HTTP/1.1" 200 1200
186.84.179.211 - - [19/Aug/2016:09:48:59 -0500] "GET /galeria/carrusel/Carrusel/jquery.thumbnailScroller.js HTTP/1.1" 200 8157
201.245.192.253 - - [19/Aug/2016:09:48:59 -0500] "GET /IsolucionSDA/Jerarquia.asp?Tabla=Proceso&Form=Admon&CampoDisplay=ProcesoDisplayObjetoProceso&CampoHidden=Proceso&bSubmit=True&items= HTTP/1.1" 200 10481
5.9.89.170 - - [19/Aug/2016:09:49:00 -0500] "GET /StormSDA/lib/win32/?C=S;O=D HTTP/1.1" 200 1200
5.9.89.170 - - [19/Aug/2016:09:49:02 -0500] "GET /StormSDA/nsjars/?C=D;O=D HTTP/1.1" 200 5599
66.249.64.165 - - [19/Aug/2016:09:49:02 -0500] "GET /BLA/boletinlegal/js/jquery.scrollShow.js HTTP/1.1" 200 4586
66.249.64.165 - - [19/Aug/2016:09:49:03 -0500] "GET /galeria/galeria/jquery.fancybox.css?v=2.1.5 HTTP/1.1" 200 4895
66.249.64.165 - - [19/Aug/2016:09:49:03 -0500] "GET /galeria/carrusel/Carrusel/jquery-ui-1.8.13.custom.min.js HTTP/1.1" 200 10800
201.245.192.253 - - [19/Aug/2016:09:49:04 -0500] "POST /IsolucionSDA/Jerarquia.asp HTTP/1.1" 200 7974
66.249.64.187 - - [19/Aug/2016:09:49:04 -0500] "GET /ecodirectorio/files/res/downloads/download_0195.pdf HTTP/1.1" 304 -
201.245.192.253 - - [19/Aug/2016:09:49:04 -0500] "POST /IsolucionSDA/ListadoMaestroDocumentos3.asp HTTP/1.1" 200 16840
66.249.64.165 - - [19/Aug/2016:09:49:05 -0500] "GET /galeria/carrusel/Carrusel/jquery.thumbnailScroller.css HTTP/1.1" 200 2066
66.249.64.165 - - [19/Aug/2016:09:49:06 -0500] "GET /galeria/galeria/jquery.fancybox.js?v=2.1.5 HTTP/1.1" 200 48706
66.249.64.165 - - [19/Aug/2016:09:49:06 -0500] "GET /galeria/carrusel/Carrusel/jquery.thumbnailScroller.js HTTP/1.1" 200 8157
66.249.64.165 - - [19/Aug/2016:09:49:07 -0500] "GET /galeria/carrusel/Carrusel/jquery-ui-1.8.13.custom.min.js HTTP/1.1" 200 10800
5.9.89.170 - - [19/Aug/2016:09:49:07 -0500] "GET /StormSDA/nsjars/?C=M;O=D HTTP/1.1" 200 5599
66.249.64.165 - - [19/Aug/2016:09:49:08 -0500] "GET /galeria/carrusel/Carrusel/jquery.thumbnailScroller.css HTTP/1.1" 200 2066
66.249.64.165 - - [19/Aug/2016:09:49:09 -0500] "GET /galeria/galeria/jquery.fancybox.js?v=2.1.5 HTTP/1.1" 200 48706
5.9.89.170 - - [19/Aug/2016:09:49:09 -0500] "GET /StormSDA/nsjars/?C=N;O=A HTTP/1.1" 200 5599
66.249.64.165 - - [19/Aug/2016:09:49:10 -0500] "GET /galeria/carrusel/Carrusel/jquery.thumbnailScroller.js HTTP/1.1" 200 8157
5.9.89.170 - - [19/Aug/2016:09:49:11 -0500] "GET /StormSDA/nsjars/?C=S;O=D HTTP/1.1" 200 5599
201.245.192.253 - - [19/Aug/2016:09:49:11 -0500] "POST /IsolucionSDA/ListadoMaestroDocumentos3.asp HTTP/1.1" 200 13785
201.245.192.253 - - [19/Aug/2016:09:48:32 -0500] "GET /BLA/boletinlegal/ HTTP/1.1" 200 36811
5.9.89.170 - - [19/Aug/2016:09:49:13 -0500] "GET /StormSDA/storm/?C=D;O=D HTTP/1.1" 200 5554
5.9.89.170 - - [19/Aug/2016:09:49:14 -0500] "GET /StormSDA/storm/?C=M;O=D HTTP/1.1" 200 5554
69.162.124.232 - - [19/Aug/2016:09:49:15 -0500] "HEAD / HTTP/1.1" 200 -
66.249.64.165 - - [19/Aug/2016:09:49:17 -0500] "GET /BLA/resoluciones/RESOLUCIONES%202013/1229.pdf HTTP/1.1" 304 -
5.9.89.170 - - [19/Aug/2016:09:49:18 -0500] "GET /StormSDA/storm/?C=N;O=A HTTP/1.1" 200 5554
5.9.89.170 - - [19/Aug/2016:09:49:20 -0500] "GET /StormSDA/storm/?C=S;O=D HTTP/1.1" 200 5554
186.43.17.2 - - [19/Aug/2016:09:49:20 -0500] "GET /galeria/galeria/jquery.fancybox.css?v=2.1.5 HTTP/1.1" 200 4895
186.43.17.2 - - [19/Aug/2016:09:49:20 -0500] "GET /BLA/boletinlegal/js/jquery.scrollShow.js HTTP/1.1" 200 4586
186.43.17.2 - - [19/Aug/2016:09:49:20 -0500] "GET /galeria/galeria/jquery.fancybox.js?v=2.1.5 HTTP/1.1" 200 48706
5.9.89.170 - - [19/Aug/2016:09:49:23 -0500] "GET /StormSDA/stormWeb/?C=D;O=D HTTP/1.1" 200 1188
66.249.64.165 - - [19/Aug/2016:09:49:24 -0500] "GET /BLA/resoluciones/RESOLUCIONES%202011/0878.pdf HTTP/1.1" 304 -
5.9.89.170 - - [19/Aug/2016:09:49:25 -0500] "GET /StormSDA/stormWeb/?C=M;O=D HTTP/1.1" 200 1188
5.9.89.170 - - [19/Aug/2016:09:49:27 -0500] "GET /StormSDA/stormWeb/?C=N;O=A HTTP/1.1" 200 1188
5.9.89.170 - - [19/Aug/2016:09:49:29 -0500] "GET /StormSDA/stormWeb/?C=S;O=D HTTP/1.1" 200 1188
186.43.17.2 - - [19/Aug/2016:09:49:30 -0500] "GET /BLA/boletinlegal/js/jquery.scrollShow.js HTTP/1.1" 304 -
186.43.17.2 - - [19/Aug/2016:09:49:30 -0500] "GET /galeria/galeria/jquery.fancybox.js?v=2.1.5 HTTP/1.1" 304 -
186.43.17.2 - - [19/Aug/2016:09:49:30 -0500] "GET /galeria/galeria/jquery.fancybox.css?v=2.1.5 HTTP/1.1" 304 -
66.249.64.165 - - [19/Aug/2016:09:49:32 -0500] "GET /BLA/resoluciones/AUTOS%202014/6162.pdf HTTP/1.1" 304 -
190.144.121.181 - - [19/Aug/2016:09:49:33 -0500] "GET /galeria/nivo-slider/demo/demo.html HTTP/1.1" 304 -
190.9.201.188 - - [19/Aug/2016:09:49:33 -0500] "GET /galeria/galeria/jquery.fancybox.css?v=2.1.5 HTTP/1.1" 200 4895
190.9.201.188 - - [19/Aug/2016:09:49:33 -0500] "GET /BLA/boletinlegal/js/jquery.scrollShow.js HTTP/1.1" 200 4586
190.9.201.188 - - [19/Aug/2016:09:49:33 -0500] "GET /galeria/galeria/jquery.fancybox.js?v=2.1.5 HTTP/1.1" 200 48706
190.144.121.181 - - [19/Aug/2016:09:49:33 -0500] "GET /galeria/nivo-slider/demo/images/Cartadignoalciudadano.jpg HTTP/1.1" 304 -
190.144.121.181 - - [19/Aug/2016:09:49:33 -0500] "GET /galeria/nivo-slider/demo/images/4Simple_Slider.png HTTP/1.1" 200 11722
190.144.121.181 - - [19/Aug/2016:09:49:33 -0500] "GET /galeria/nivo-slider/themes/default/loading.gif HTTP/1.1" 200 1737
190.144.121.181 - - [19/Aug/2016:09:49:33 -0500] "GET /galeria/nivo-slider/demo/images/BannerCiclodeCapacitaci%C3%B3nes.jpg HTTP/1.1" 304 -
5.9.89.170 - - [19/Aug/2016:09:49:35 -0500] "GET /StormSDA/stormWeb/img/?C=D;O=D HTTP/1.1" 200 2922
181.49.188.7 - - [19/Aug/2016:09:49:36 -0500] "GET /BLA/boletinlegal/js/jquery.scrollShow.js HTTP/1.1" 304 -
181.49.188.7 - - [19/Aug/2016:09:49:36 -0500] "GET /galeria/galeria/jquery.fancybox.js?v=2.1.5 HTTP/1.1" 200 48706
181.49.188.7 - - [19/Aug/2016:09:49:36 -0500] "GET /galeria/galeria/jquery.fancybox.css?v=2.1.5 HTTP/1.1" 200 4895
181.49.188.7 - - [19/Aug/2016:09:49:37 -0500] "GET /galeria/carrusel/Carrusel/jquery.thumbnailScroller.css HTTP/1.1" 304 -
181.49.188.7 - - [19/Aug/2016:09:49:37 -0500] "GET /galeria/carrusel/Carrusel/jquery-ui-1.8.13.custom.min.js HTTP/1.1" 304 -
181.49.188.7 - - [19/Aug/2016:09:49:37 -0500] "GET /galeria/carrusel/Carrusel/jquery.thumbnailScroller.js HTTP/1.1" 304 -
181.49.188.7 - - [19/Aug/2016:09:49:38 -0500] "GET /galeria/nivo-slider/demo/demo.html HTTP/1.1" 304 -
190.144.121.181 - - [19/Aug/2016:09:49:38 -0500] "GET /galeria/nivo-slider/themes/default/arrows.png HTTP/1.1" 200 824
190.144.121.181 - - [19/Aug/2016:09:49:38 -0500] "GET /galeria/nivo-slider/themes/default/bullets.png HTTP/1.1" 200 1281
181.49.188.7 - - [19/Aug/2016:09:49:38 -0500] "GET /galeria/nivo-slider/themes/pascal/pascal.css HTTP/1.1" 304 -
5.9.89.170 - - [19/Aug/2016:09:49:38 -0500] "GET /StormSDA/stormWeb/img/?C=M;O=D HTTP/1.1" 200 2922
181.49.188.7 - - [19/Aug/2016:09:49:38 -0500] "GET /galeria/nivo-slider/themes/default/default.css HTTP/1.1" 304 -
181.49.188.7 - - [19/Aug/2016:09:49:38 -0500] "GET /galeria/nivo-slider/themes/orman/orman.css HTTP/1.1" 304 -
181.49.188.7 - - [19/Aug/2016:09:49:38 -0500] "GET /galeria/nivo-slider/nivo-slider.css HTTP/1.1" 304 -
181.49.188.7 - - [19/Aug/2016:09:49:38 -0500] "GET /galeria/nivo-slider/demo/style.css HTTP/1.1" 304 -
181.49.188.7 - - [19/Aug/2016:09:49:38 -0500] "GET /galeria/nivo-slider/demo/images/Cartadignoalciudadano.jpg HTTP/1.1" 304 -
181.49.188.7 - - [19/Aug/2016:09:49:39 -0500] "GET /galeria/nivo-slider/demo/scripts/jquery-1.7.1.min.js HTTP/1.1" 304 -
181.49.188.7 - - [19/Aug/2016:09:49:39 -0500] "GET /galeria/nivo-slider/jquery.nivo.slider.pack.js HTTP/1.1" 304 -
181.49.188.7 - - [19/Aug/2016:09:49:39 -0500] "GET /galeria/nivo-slider/demo/images/4Simple_Slider.png HTTP/1.1" 304 -
181.49.188.7 - - [19/Aug/2016:09:49:39 -0500] "GET /galeria/nivo-slider/themes/default/loading.gif HTTP/1.1" 304 -
181.49.188.7 - - [19/Aug/2016:09:49:39 -0500] "GET /galeria/nivo-slider/demo/images/BOMBILLASDA%C3%91ADAS.jpg HTTP/1.1" 304 -
152.200.248.173 - - [19/Aug/2016:09:49:39 -0500] "GET /BLA/boletinlegal/js/jquery.scrollShow.js HTTP/1.1" 200 4586
152.200.248.173 - - [19/Aug/2016:09:49:39 -0500] "GET /galeria/galeria/jquery.fancybox.js?v=2.1.5 HTTP/1.1" 200 48706
181.49.188.7 - - [19/Aug/2016:09:49:39 -0500] "GET /galeria/nivo-slider/demo/images/SUPERCADESUBA.jpg HTTP/1.1" 304 -
5.9.89.170 - - [19/Aug/2016:09:49:39 -0500] "GET /StormSDA/stormWeb/img/?C=N;O=A HTTP/1.1" 200 2922
181.49.188.7 - - [19/Aug/2016:09:49:40 -0500] "GET /galeria/nivo-slider/demo/images/convocatoriasecretaria.jpg HTTP/1.1" 304 -
181.49.188.7 - - [19/Aug/2016:09:49:40 -0500] "GET /galeria/nivo-slider/demo/images/BANNERVISORGEOGRAFICO.jpg HTTP/1.1" 304 -
181.49.188.7 - - [19/Aug/2016:09:49:40 -0500] "GET /galeria/nivo-slider/demo/images/BANNERCONFORMACIONGESTIONAMBIENTAL.jpg HTTP/1.1" 304 -
181.49.188.7 - - [19/Aug/2016:09:49:41 -0500] "GET /galeria/nivo-slider/demo/images/ECOLECTAVIRGILIOBARCO.jpg HTTP/1.1" 304 -
152.200.248.173 - - [19/Aug/2016:09:49:41 -0500] "GET /galeria/galeria/jquery.fancybox.css?v=2.1.5 HTTP/1.1" 200 4895
181.49.188.7 - - [19/Aug/2016:09:49:41 -0500] "GET /galeria/nivo-slider/demo/images/vegetal.jpg HTTP/1.1" 304 -
181.49.188.7 - - [19/Aug/2016:09:49:41 -0500] "GET /galeria/nivo-slider/demo/images/BannerCiclodeCapacitaci%C3%B3nes.jpg HTTP/1.1" 304 -
181.49.188.7 - - [19/Aug/2016:09:49:41 -0500] "GET /galeria/nivo-slider/demo/images/BANNERMADERALEGAL.jpg HTTP/1.1" 304 -
5.9.89.170 - - [19/Aug/2016:09:49:41 -0500] "GET /StormSDA/stormWeb/img/?C=S;O=D HTTP/1.1" 200 2922
181.49.188.7 - - [19/Aug/2016:09:49:42 -0500] "GET /galeria/nivo-slider/demo/images/Banner_wgic.jpg HTTP/1.1" 304 -
181.49.188.7 - - [19/Aug/2016:09:49:42 -0500] "GET /galeria/nivo-slider/demo/images/ABC-Plan-de-contigencia.jpg HTTP/1.1" 304 -
181.49.188.7 - - [19/Aug/2016:09:49:42 -0500] "GET /galeria/nivo-slider/demo/images/ACOPIADORESYGESTORES.jpg HTTP/1.1" 304 -
181.49.188.7 - - [19/Aug/2016:09:49:43 -0500] "GET /galeria/nivo-slider/demo/images/caminata-ecologica.jpg HTTP/1.1" 304 -
5.9.89.170 - - [19/Aug/2016:09:49:43 -0500] "GET /StormSDA/storm_silv/?C=D;O=D HTTP/1.1" 200 5785
181.49.188.7 - - [19/Aug/2016:09:49:43 -0500] "GET /galeria/nivo-slider/demo/images/Cmapana-onestidad.jpg HTTP/1.1" 304 -
181.49.188.7 - - [19/Aug/2016:09:49:44 -0500] "GET /galeria/nivo-slider/demo/images/banner-llantas2.jpg HTTP/1.1" 304 -
181.49.188.7 - - [19/Aug/2016:09:49:44 -0500] "GET /galeria/nivo-slider/demo/images/9Signos.jpg HTTP/1.1" 304 -
5.9.89.170 - - [19/Aug/2016:09:49:44 -0500] "GET /StormSDA/storm_silv/?C=M;O=D HTTP/1.1" 200 5785
181.49.188.7 - - [19/Aug/2016:09:49:45 -0500] "GET /galeria/nivo-slider/demo/images/Ruta-vertimientos-01.jpg HTTP/1.1" 304 -
181.49.188.7 - - [19/Aug/2016:09:49:45 -0500] "GET /galeria/nivo-slider/demo/images/bolsas-06.jpg HTTP/1.1" 304 -
181.49.188.7 - - [19/Aug/2016:09:49:47 -0500] "GET /galeria/nivo-slider/themes/default/bullets.png HTTP/1.1" 304 -
181.49.188.7 - - [19/Aug/2016:09:49:47 -0500] "GET /galeria/nivo-slider/themes/default/arrows.png HTTP/1.1" 304 -
5.9.89.170 - - [19/Aug/2016:09:49:49 -0500] "GET /StormSDA/storm_silv/?C=N;O=A HTTP/1.1" 200 5785
201.245.192.253 - - [19/Aug/2016:09:49:49 -0500] "GET /galeria/galeria/jquery.fancybox.css?v=2.1.5 HTTP/1.1" 200 4895
201.245.192.253 - - [19/Aug/2016:09:49:49 -0500] "GET /BLA/boletinlegal/js/jquery.scrollTo-min.js HTTP/1.1" 200 1150
201.245.192.253 - - [19/Aug/2016:09:49:49 -0500] "GET /BLA/boletinlegal/js/jquery.scrollShow.js HTTP/1.1" 200 4586
201.245.192.253 - - [19/Aug/2016:09:49:49 -0500] "GET /galeria/galeria/jquery.fancybox.js?v=2.1.5 HTTP/1.1" 200 48706
66.249.64.165 - - [19/Aug/2016:09:49:49 -0500] "GET /galeria/nivo-slider/demo/demo.html HTTP/1.1" 200 5082
66.249.64.165 - - [19/Aug/2016:09:49:49 -0500] "GET /galeria/nivo-slider/themes/pascal/pascal.css HTTP/1.1" 200 2258
66.249.64.165 - - [19/Aug/2016:09:49:50 -0500] "GET /galeria/nivo-slider/themes/orman/orman.css HTTP/1.1" 200 2152
5.9.89.170 - - [19/Aug/2016:09:49:50 -0500] "GET /StormSDA/storm_silv/?C=S;O=A HTTP/1.1" 200 5785
152.200.248.173 - - [19/Aug/2016:09:49:50 -0500] "GET /BLA/boletinlegal/js/jquery.scrollShow.js HTTP/1.1" 304 -
152.200.248.173 - - [19/Aug/2016:09:49:50 -0500] "GET /galeria/galeria/jquery.fancybox.js?v=2.1.5 HTTP/1.1" 304 -
66.249.64.165 - - [19/Aug/2016:09:49:50 -0500] "GET /galeria/nivo-slider/themes/default/default.css HTTP/1.1" 200 1569
152.200.248.173 - - [19/Aug/2016:09:49:51 -0500] "GET /galeria/galeria/jquery.fancybox.css?v=2.1.5 HTTP/1.1" 304 -
66.249.64.165 - - [19/Aug/2016:09:49:51 -0500] "GET /galeria/nivo-slider/jquery.nivo.slider.pack.js HTTP/1.1" 200 11561
5.9.89.170 - - [19/Aug/2016:09:49:51 -0500] "GET /StormSDA/userFiles%20-%20Copy%2019-07-2012/?C=D;O=D HTTP/1.1" 200 5897
66.249.64.165 - - [19/Aug/2016:09:49:52 -0500] "GET /galeria/nivo-slider/nivo-slider.css HTTP/1.1" 200 1507
190.9.201.188 - - [19/Aug/2016:09:49:52 -0500] "GET /BLA/boletinlegal/js/jquery.scrollShow.js HTTP/1.1" 304 -
190.9.201.188 - - [19/Aug/2016:09:49:52 -0500] "GET /galeria/galeria/jquery.fancybox.js?v=2.1.5 HTTP/1.1" 304 -
190.9.201.188 - - [19/Aug/2016:09:49:52 -0500] "GET /galeria/galeria/jquery.fancybox.css?v=2.1.5 HTTP/1.1" 304 -
66.249.64.165 - - [19/Aug/2016:09:49:53 -0500] "GET /galeria/nivo-slider/demo/scripts/jquery-1.7.1.min.js HTTP/1.1" 200 93868
5.9.89.170 - - [19/Aug/2016:09:49:53 -0500] "GET /StormSDA/userFiles%20-%20Copy%2019-07-2012/?C=M;O=D HTTP/1.1" 200 5897
66.249.64.165 - - [19/Aug/2016:09:49:53 -0500] "GET /galeria/nivo-slider/demo/style.css HTTP/1.1" 200 2222
66.249.64.165 - - [19/Aug/2016:09:49:54 -0500] "GET /galeria/nivo-slider/demo/images/BANNERECOLECTARESIDUOS.jpg HTTP/1.1" 304 -
5.9.89.170 - - [19/Aug/2016:09:49:54 -0500] "GET /StormSDA/userFiles%20-%20Copy%2019-07-2012/?C=N;O=A HTTP/1.1" 200 5897
5.9.89.170 - - [19/Aug/2016:09:49:56 -0500] "GET /StormSDA/userFiles%20-%20Copy%2019-07-2012/?C=S;O=D HTTP/1.1" 200 5897
190.157.129.92 - - [19/Aug/2016:09:49:56 -0500] "GET /BLA/boletinlegal/js/jquery.scrollShow.js HTTP/1.1" 304 -
190.157.129.92 - - [19/Aug/2016:09:49:56 -0500] "GET /galeria/galeria/jquery.fancybox.css?v=2.1.5 HTTP/1.1" 304 -
190.157.129.92 - - [19/Aug/2016:09:49:56 -0500] "GET /galeria/galeria/jquery.fancybox.js?v=2.1.5 HTTP/1.1" 304 -
5.9.89.170 - - [19/Aug/2016:09:49:57 -0500] "GET /StormSDA/userFiles%20-%20Copy%2019-07-2012/user_files/1/?C=D;O=A HTTP/1.1" 200 1748
5.9.89.170 - - [19/Aug/2016:09:49:59 -0500] "GET /StormSDA/userFiles%20-%20Copy%2019-07-2012/user_files/1/?C=M;O=A HTTP/1.1" 200 1748
207.46.13.128 - - [19/Aug/2016:09:50:00 -0500] "GET /www.ambientebogota.gov.co/web/intranet/inicio?p_p_state=maximized&p_p_mode=view&saveLastPath=0&_58_struts_action=%2Flogin%2Flogin&p_p_id=58&p_p_lifecycle=0&_58_redirect=%2Fgroup%2Fintranet%2Finicio HTTP/1.1" 404 1019
5.9.89.170 - - [19/Aug/2016:09:50:00 -0500] "GET /StormSDA/userFiles%20-%20Copy%2019-07-2012/user_files/1/?C=N;O=D HTTP/1.1" 200 1748
5.9.89.170 - - [19/Aug/2016:09:50:02 -0500] "GET /StormSDA/userFiles%20-%20Copy%2019-07-2012/user_files/88/?C=D;O=A HTTP/1.1" 200 874
66.249.64.165 - - [19/Aug/2016:09:50:02 -0500] "GET /BLA/resoluciones/AUTOS%202010/4447.pdf HTTP/1.1" 304 -
5.9.89.170 - - [19/Aug/2016:09:50:07 -0500] "GET /StormSDA/userFiles%20-%20Copy%2019-07-2012/user_files/88/?C=D;O=D HTTP/1.0" 200 873
5.9.89.170 - - [19/Aug/2016:09:50:10 -0500] "GET /StormSDA/userFiles%20-%20Copy%2019-07-2012/user_files/88/?C=M;O=D HTTP/1.0" 200 873
5.9.89.170 - - [19/Aug/2016:09:50:12 -0500] "GET /StormSDA/userFiles%20-%20Copy%2019-07-2012/user_files/88/?C=N;O=A HTTP/1.0" 200 873
5.9.89.170 - - [19/Aug/2016:09:50:14 -0500] "GET /StormSDA/userFiles%20-%20Copy%2019-07-2012/user_files/88/?C=S;O=D HTTP/1.0" 200 873
5.9.89.170 - - [19/Aug/2016:09:50:16 -0500] "GET /StormSDA/userFiles%20-%20Copy%2019-07-2012/user_files/97/?C=M;O=A HTTP/1.0" 200 873
168.176.239.35 - - [19/Aug/2016:09:50:17 -0500] "GET /dama/libreria/jpg/sec_amb.jpg HTTP/1.1" 404 1019
168.176.239.35 - - [19/Aug/2016:09:50:17 -0500] "GET /dama/libreria/jpg/sec_amb.jpg HTTP/1.1" 404 1019
168.176.239.31 - - [19/Aug/2016:09:50:17 -0500] "GET /dama/libreria/jpg/sec_amb.jpg HTTP/1.1" 404 1019
168.176.239.35 - - [19/Aug/2016:09:50:17 -0500] "GET /dama/libreria/jpg/sec_amb.jpg HTTP/1.1" 404 1019
168.176.239.35 - - [19/Aug/2016:09:50:17 -0500] "GET /dama/libreria/jpg/sec_amb.jpg HTTP/1.1" 404 1019
168.176.239.32 - - [19/Aug/2016:09:50:18 -0500] "GET /dama/libreria/jpg/sec_amb.jpg HTTP/1.1" 404 1019
168.176.239.35 - - [19/Aug/2016:09:50:18 -0500] "GET /dama/libreria/jpg/sec_amb.jpg HTTP/1.1" 404 1019
168.176.239.35 - - [19/Aug/2016:09:50:18 -0500] "GET /dama/libreria/jpg/sec_amb.jpg HTTP/1.1" 404 1019
5.9.89.170 - - [19/Aug/2016:09:50:18 -0500] "GET /StormSDA/userFiles%20-%20Copy%2019-07-2012/user_files/97/?C=N;O=D HTTP/1.0" 200 873
5.9.89.170 - - [19/Aug/2016:09:50:29 -0500] "GET /StormSDA/userFiles%20-%20Copy%2019-07-2012/user_files/97/?C=S;O=A HTTP/1.0" 200 873
5.9.89.170 - - [19/Aug/2016:09:50:30 -0500] "GET /StormSDA/userFiles%20-%20Copy%2019-07-2012/user_files/98/?C=D;O=A HTTP/1.0" 200 873
5.9.89.170 - - [19/Aug/2016:09:50:32 -0500] "GET /StormSDA/userFiles%20-%20Copy%2019-07-2012/user_files/formatos/1.xml HTTP/1.0" 200 3276
5.9.89.170 - - [19/Aug/2016:09:50:35 -0500] "GET /StormSDA/userFiles%20-%20Copy%2019-07-2012/user_files/formatos/2.xml HTTP/1.0" 200 1629
5.9.89.170 - - [19/Aug/2016:09:50:37 -0500] "GET /StormSDA/userFiles%20-%20Copy%2019-07-2012/user_files/formatos/?C=D;O=A HTTP/1.0" 200 1514
190.25.96.229 - - [19/Aug/2016:09:50:38 -0500] "GET /transparencia/directorioservidores/2016/agosto2016.xlsx HTTP/1.1" 404 1350
190.25.96.229 - - [19/Aug/2016:09:50:38 -0500] "GET /favicon.ico HTTP/1.1" 200 7782
5.9.89.170 - - [19/Aug/2016:09:50:39 -0500] "GET /StormSDA/userFiles%20-%20Copy%2019-07-2012/user_files/formatos/?C=M;O=A HTTP/1.0" 200 1514
5.9.89.170 - - [19/Aug/2016:09:50:40 -0500] "GET /StormSDA/userFiles%20-%20Copy%2019-07-2012/user_files/formatos/?C=N;O=D HTTP/1.0" 200 1514
201.245.192.253 - - [19/Aug/2016:09:50:42 -0500] "GET /BLA/boletinlegal/consulta_conceptos.php?no=&solicitante=&radicado_entrada=3506139&fecha_concepto=2016&objeto= HTTP/1.1" 200 567
5.9.89.170 - - [19/Aug/2016:09:50:42 -0500] "GET /StormSDA/userFiles%20-%20Copy%2019-07-2012/user_files/formatos/?C=S;O=A HTTP/1.0" 200 1514
190.25.96.229 - - [19/Aug/2016:09:50:42 -0500] "GET /transparencia/directorioservidores/2016/julio2016.xlsx HTTP/1.1" 200 88722
5.9.89.170 - - [19/Aug/2016:09:50:44 -0500] "GET /StormSDA/userFiles%20-%20Copy%2019-07-2012/user_files/formatos/eventos/?C=D;O=A HTTP/1.1" 200 911
5.9.89.170 - - [19/Aug/2016:09:50:46 -0500] "GET /StormSDA/userFiles%20-%20Copy%2019-07-2012/user_files/formatos/eventos/?C=M;O=A HTTP/1.1" 200 911
5.9.89.170 - - [19/Aug/2016:09:50:47 -0500] "GET /StormSDA/userFiles%20-%20Copy%2019-07-2012/user_files/formatos/eventos/?C=N;O=A HTTP/1.0" 200 910
66.249.64.165 - - [19/Aug/2016:09:50:48 -0500] "GET /BLA/resoluciones/RESOLUCIONES%202014/1564.pdf HTTP/1.1" 304 -
181.57.14.75 - - [19/Aug/2016:09:50:48 -0500] "GET /BLA/boletinlegal/js/jquery.scrollShow.js HTTP/1.1" 200 4586
181.57.14.75 - - [19/Aug/2016:09:50:49 -0500] "GET /galeria/galeria/jquery.fancybox.js?v=2.1.5 HTTP/1.1" 200 48706
5.9.89.170 - - [19/Aug/2016:09:50:49 -0500] "GET /StormSDA/userFiles%20-%20Copy%2019-07-2012/user_files/formatos/eventos/?C=N;O=D HTTP/1.1" 200 911
181.57.14.75 - - [19/Aug/2016:09:50:49 -0500] "GET /galeria/galeria/jquery.fancybox.css?v=2.1.5 HTTP/1.1" 200 4895
181.57.14.75 - - [19/Aug/2016:09:50:49 -0500] "GET /galeria/carrusel/Carrusel/jquery.thumbnailScroller.css HTTP/1.1" 200 2066
181.57.14.75 - - [19/Aug/2016:09:50:49 -0500] "GET /galeria/carrusel/Carrusel/jquery-ui-1.8.13.custom.min.js HTTP/1.1" 200 10800
181.57.14.75 - - [19/Aug/2016:09:50:49 -0500] "GET /galeria/carrusel/Carrusel/jquery.thumbnailScroller.js HTTP/1.1" 200 8157
181.57.14.75 - - [19/Aug/2016:09:50:50 -0500] "GET /galeria/nivo-slider/demo/demo.html HTTP/1.1" 200 5082
5.9.89.170 - - [19/Aug/2016:09:50:50 -0500] "GET /StormSDA/userFiles%20-%20Copy%2019-07-2012/user_files/formatos/eventos/?C=S;O=A HTTP/1.1" 200 911
51.255.65.46 - - [19/Aug/2016:09:50:51 -0500] "GET /BLA/resoluciones/RESOLUCIONES%202006/RES%202006%202701-2750/00002722.tif HTTP/1.1" 200 319882
181.57.14.75 - - [19/Aug/2016:09:50:51 -0500] "GET /galeria/nivo-slider/themes/default/default.css HTTP/1.1" 200 1569
181.57.14.75 - - [19/Aug/2016:09:50:51 -0500] "GET /galeria/nivo-slider/themes/pascal/pascal.css HTTP/1.1" 200 2258
181.57.14.75 - - [19/Aug/2016:09:50:52 -0500] "GET /galeria/nivo-slider/themes/orman/orman.css HTTP/1.1" 200 2152
181.57.14.75 - - [19/Aug/2016:09:50:52 -0500] "GET /galeria/nivo-slider/nivo-slider.css HTTP/1.1" 200 1507
181.57.14.75 - - [19/Aug/2016:09:50:52 -0500] "GET /galeria/nivo-slider/demo/style.css HTTP/1.1" 200 2222
181.57.14.75 - - [19/Aug/2016:09:50:52 -0500] "GET /galeria/nivo-slider/demo/scripts/jquery-1.7.1.min.js HTTP/1.1" 200 93868
181.57.14.75 - - [19/Aug/2016:09:50:52 -0500] "GET /galeria/nivo-slider/demo/images/Cartadignoalciudadano.jpg HTTP/1.1" 200 138184
181.57.14.75 - - [19/Aug/2016:09:50:52 -0500] "GET /galeria/nivo-slider/jquery.nivo.slider.pack.js HTTP/1.1" 200 11561
181.57.14.75 - - [19/Aug/2016:09:50:52 -0500] "GET /galeria/nivo-slider/demo/images/BOMBILLASDA%C3%91ADAS.jpg HTTP/1.1" 200 145923
181.57.14.75 - - [19/Aug/2016:09:50:52 -0500] "GET /galeria/nivo-slider/demo/images/SUPERCADESUBA.jpg HTTP/1.1" 200 127509
181.57.14.75 - - [19/Aug/2016:09:50:53 -0500] "GET /galeria/nivo-slider/themes/default/loading.gif HTTP/1.1" 200 1737
5.9.89.170 - - [19/Aug/2016:09:50:53 -0500] "GET /StormSDA/userFiles%20-%20Copy%2019-07-2012/user_files/formulas/2/?C=D;O=A HTTP/1.1" 200 899
138.204.238.11 - - [19/Aug/2016:09:50:53 -0500] "GET /galeria/galeria/jquery.fancybox.css?v=2.1.5 HTTP/1.1" 304 -
138.204.238.11 - - [19/Aug/2016:09:50:53 -0500] "GET /galeria/galeria/jquery.fancybox.js?v=2.1.5 HTTP/1.1" 304 -
181.57.14.75 - - [19/Aug/2016:09:50:54 -0500] "GET /galeria/nivo-slider/demo/images/4Simple_Slider.png HTTP/1.1" 200 11722
181.57.14.75 - - [19/Aug/2016:09:50:54 -0500] "GET /galeria/nivo-slider/demo/images/convocatoriasecretaria.jpg HTTP/1.1" 200 129365
192.168.175.104 - - [19/Aug/2016:09:50:54 -0500] "GET / HTTP/1.1" 200 9990
190.157.129.92 - - [19/Aug/2016:09:50:56 -0500] "GET /BLA/boletinlegal/js/jquery.scrollShow.js HTTP/1.1" 304 -
190.157.129.92 - - [19/Aug/2016:09:50:56 -0500] "GET /galeria/galeria/jquery.fancybox.js?v=2.1.5 HTTP/1.1" 304 -
190.157.129.92 - - [19/Aug/2016:09:50:56 -0500] "GET /galeria/galeria/jquery.fancybox.css?v=2.1.5 HTTP/1.1" 304 -
181.57.14.75 - - [19/Aug/2016:09:50:57 -0500] "GET /galeria/nivo-slider/demo/images/BANNERVISORGEOGRAFICO.jpg HTTP/1.1" 200 78514
5.9.89.170 - - [19/Aug/2016:09:50:57 -0500] "GET /StormSDA/userFiles%20-%20Copy%2019-07-2012/user_files/formulas/2/?C=N;O=A HTTP/1.0" 200 898
190.24.131.219 - - [19/Aug/2016:09:50:58 -0500] "GET /galeria/galeria/jquery.fancybox.js?v=2.1.5 HTTP/1.1" 200 48706
190.24.131.219 - - [19/Aug/2016:09:50:58 -0500] "GET /BLA/boletinlegal/js/jquery.scrollShow.js HTTP/1.1" 200 4586
190.24.131.219 - - [19/Aug/2016:09:50:58 -0500] "GET /galeria/galeria/jquery.fancybox.css?v=2.1.5 HTTP/1.1" 200 4895
181.49.105.222 - - [19/Aug/2016:09:50:58 -0500] "GET /galeria/galeria/jquery.fancybox.js?v=2.1.5 HTTP/1.1" 200 48706
181.49.105.222 - - [19/Aug/2016:09:50:58 -0500] "GET /galeria/galeria/jquery.fancybox.css?v=2.1.5 HTTP/1.1" 200 4895
181.57.14.75 - - [19/Aug/2016:09:50:59 -0500] "GET /galeria/nivo-slider/demo/images/ECOLECTAVIRGILIOBARCO.jpg HTTP/1.1" 200 126403
181.49.105.222 - - [19/Aug/2016:09:50:59 -0500] "GET /galeria/galeria/fotos/Humedal-Santa-Mar%C3%ADa-del-Lago1P.jpg HTTP/1.1" 200 26912
181.57.14.75 - - [19/Aug/2016:09:50:59 -0500] "GET /galeria/nivo-slider/demo/images/BANNERCONFORMACIONGESTIONAMBIENTAL.jpg HTTP/1.1" 200 161009
181.49.105.222 - - [19/Aug/2016:09:51:00 -0500] "GET /galeria/galeria/fotos/Humedal-Santa-Mar%C3%ADa-del-Lago2P.jpg HTTP/1.1" 200 37138
181.57.14.75 - - [19/Aug/2016:09:51:00 -0500] "GET /galeria/nivo-slider/demo/images/vegetal.jpg HTTP/1.1" 200 216080
181.49.105.222 - - [19/Aug/2016:09:51:00 -0500] "GET /galeria/galeria/fotos/Humedal-Santa-Mar%C3%ADa-del-Lago3P.jpg HTTP/1.1" 200 30161
181.49.105.222 - - [19/Aug/2016:09:51:00 -0500] "GET /galeria/galeria/fotos/Humedal-Santa-Mar%C3%ADa-del-Lago4P.jpg HTTP/1.1" 200 33121
186.43.17.2 - - [19/Aug/2016:09:51:00 -0500] "GET /galeria/galeria/jquery.fancybox.css?v=2.1.5 HTTP/1.1" 304 -
186.43.17.2 - - [19/Aug/2016:09:51:00 -0500] "GET /BLA/boletinlegal/js/jquery.scrollShow.js HTTP/1.1" 304 -
186.43.17.2 - - [19/Aug/2016:09:51:00 -0500] "GET /galeria/galeria/jquery.fancybox.js?v=2.1.5 HTTP/1.1" 304 -
5.9.89.170 - - [19/Aug/2016:09:51:00 -0500] "GET /StormSDA/userFiles%20-%20Copy%2019-07-2012/user_files/str_areas.xml HTTP/1.0" 200 111
181.57.14.75 - - [19/Aug/2016:09:51:01 -0500] "GET /galeria/nivo-slider/demo/images/BannerCiclodeCapacitaci%C3%B3nes.jpg HTTP/1.1" 200 657001
5.9.89.170 - - [19/Aug/2016:09:51:03 -0500] "GET /StormSDA/userFiles%20-%20Copy%2019-07-2012/user_files/str_expresiones.xml HTTP/1.0" 200 1502
181.57.14.75 - - [19/Aug/2016:09:51:03 -0500] "GET /galeria/nivo-slider/demo/images/BANNERMADERALEGAL.jpg HTTP/1.1" 200 165750
66.249.64.165 - - [19/Aug/2016:09:51:03 -0500] "GET /BLA/resoluciones/RESOLUCIONES%202013/1835.pdf HTTP/1.1" 304 -
5.9.89.170 - - [19/Aug/2016:09:51:04 -0500] "GET /StormSDA/userFiles%20-%20Copy%2019-07-2012/user_files/str_moneda.xml HTTP/1.0" 200 327
190.24.131.219 - - [19/Aug/2016:09:51:07 -0500] "GET /BLA/boletinlegal/js/jquery.scrollShow.js HTTP/1.1" 200 4586
190.24.131.219 - - [19/Aug/2016:09:51:07 -0500] "GET /galeria/galeria/jquery.fancybox.js?v=2.1.5 HTTP/1.1" 200 48706
192.168.175.104 - - [19/Aug/2016:09:51:07 -0500] "GET / HTTP/1.0" 200 9990
5.9.89.170 - - [19/Aug/2016:09:51:08 -0500] "GET /StormSDA/userFiles%20-%20Copy%2019-07-2012/user_files/str_periodicidad.xml HTTP/1.0" 200 327
190.24.131.219 - - [19/Aug/2016:09:51:08 -0500] "GET /galeria/galeria/jquery.fancybox.css?v=2.1.5 HTTP/1.1" 200 4895
181.59.0.15 - - [19/Aug/2016:09:51:09 -0500] "GET /galeria/galeria/jquery.fancybox.css?v=2.1.5 HTTP/1.1" 200 4895
181.59.0.15 - - [19/Aug/2016:09:51:09 -0500] "GET /galeria/galeria/jquery.fancybox.js?v=2.1.5 HTTP/1.1" 200 48706
181.59.0.15 - - [19/Aug/2016:09:51:09 -0500] "GET /BLA/boletinlegal/js/jquery.scrollShow.js HTTP/1.1" 200 4586
181.57.14.75 - - [19/Aug/2016:09:51:09 -0500] "GET /galeria/nivo-slider/demo/images/Banner_wgic.jpg HTTP/1.1" 200 139000
5.9.89.170 - - [19/Aug/2016:09:51:09 -0500] "GET /StormSDA/userFiles/?C=M;O=D HTTP/1.1" 200 6084
181.57.14.75 - - [19/Aug/2016:09:51:10 -0500] "GET /galeria/nivo-slider/demo/images/ABC-Plan-de-contigencia.jpg HTTP/1.1" 200 423901
66.249.64.165 - - [19/Aug/2016:09:51:10 -0500] "GET /BLA/resoluciones/RESOLUCIONES%202011/4722.pdf HTTP/1.1" 200 538850
181.57.14.75 - - [19/Aug/2016:09:51:10 -0500] "GET /galeria/nivo-slider/demo/images/ACOPIADORESYGESTORES.jpg HTTP/1.1" 200 118791
181.57.14.75 - - [19/Aug/2016:09:51:10 -0500] "GET /galeria/nivo-slider/demo/images/caminata-ecologica.jpg HTTP/1.1" 200 192926
198.27.66.66 - - [19/Aug/2016:09:51:10 -0500] "HEAD /BLA/boletinlegal/Directivas/2013/Directiva%20No.%203%20del%2016%20de%20julio%20de%202013.pdf HTTP/1.1" 200 -
5.9.89.170 - - [19/Aug/2016:09:51:11 -0500] "GET /StormSDA/userFiles/?C=N;O=A HTTP/1.1" 200 6084
181.57.14.75 - - [19/Aug/2016:09:51:12 -0500] "GET /galeria/nivo-slider/demo/images/Cmapana-onestidad.jpg HTTP/1.1" 200 141638
181.57.14.75 - - [19/Aug/2016:09:51:13 -0500] "GET /galeria/nivo-slider/demo/images/banner-llantas2.jpg HTTP/1.1" 200 234514
5.9.89.170 - - [19/Aug/2016:09:51:13 -0500] "GET /StormSDA/userFiles/?C=S;O=D HTTP/1.1" 200 6084
181.57.14.75 - - [19/Aug/2016:09:51:13 -0500] "GET /galeria/nivo-slider/demo/images/9Signos.jpg HTTP/1.1" 200 81776
5.9.89.170 - - [19/Aug/2016:09:51:15 -0500] "GET /StormSDA/userFiles/backup%2027-09-2012/update.txt HTTP/1.0" 200 33
181.57.14.75 - - [19/Aug/2016:09:51:16 -0500] "GET /galeria/nivo-slider/demo/images/Ruta-vertimientos-01.jpg HTTP/1.1" 200 130151
181.59.0.15 - - [19/Aug/2016:09:51:17 -0500] "GET /BLA/boletinlegal/js/jquery.scrollShow.js HTTP/1.1" 304 -
181.59.0.15 - - [19/Aug/2016:09:51:17 -0500] "GET /galeria/galeria/jquery.fancybox.js?v=2.1.5 HTTP/1.1" 304 -
181.59.0.15 - - [19/Aug/2016:09:51:17 -0500] "GET /galeria/galeria/jquery.fancybox.css?v=2.1.5 HTTP/1.1" 304 -
190.13.109.252 - - [19/Aug/2016:09:51:17 -0500] "GET /BLA/boletinlegal/js/jquery.scrollShow.js HTTP/1.1" 304 -
190.13.109.252 - - [19/Aug/2016:09:51:17 -0500] "GET /galeria/galeria/jquery.fancybox.js?v=2.1.5 HTTP/1.1" 304 -
190.13.109.252 - - [19/Aug/2016:09:51:17 -0500] "GET /galeria/galeria/jquery.fancybox.css?v=2.1.5 HTTP/1.1" 304 -
5.9.89.170 - - [19/Aug/2016:09:51:17 -0500] "GET /StormSDA/userFiles/user_files/1/?C=M;O=D HTTP/1.0" 200 1687
5.9.89.170 - - [19/Aug/2016:09:51:19 -0500] "GET /StormSDA/userFiles/user_files/88/?C=D;O=D HTTP/1.0" 200 813
181.57.14.75 - - [19/Aug/2016:09:51:19 -0500] "GET /galeria/nivo-slider/demo/images/bolsas-06.jpg HTTP/1.1" 200 210950
190.144.253.77 - - [19/Aug/2016:09:51:20 -0500] "GET /galeria/galeria/jquery.fancybox.css?v=2.1.5 HTTP/1.1" 200 4895
190.144.253.77 - - [19/Aug/2016:09:51:20 -0500] "GET /galeria/galeria/jquery.fancybox.js?v=2.1.5 HTTP/1.1" 200 48706
5.9.89.170 - - [19/Aug/2016:09:51:21 -0500] "GET /StormSDA/userFiles/user_files/88/?C=M;O=D HTTP/1.0" 200 813
190.13.109.252 - - [19/Aug/2016:09:51:21 -0500] "GET /BLA/boletinlegal/js/jquery.scrollShow.js HTTP/1.1" 304 -
190.13.109.252 - - [19/Aug/2016:09:51:21 -0500] "GET /galeria/galeria/jquery.fancybox.js?v=2.1.5 HTTP/1.1" 304 -
190.13.109.252 - - [19/Aug/2016:09:51:22 -0500] "GET /galeria/galeria/jquery.fancybox.css?v=2.1.5 HTTP/1.1" 304 -
5.9.89.170 - - [19/Aug/2016:09:51:22 -0500] "GET /StormSDA/userFiles/user_files/formatos/eventos/?C=M;O=A HTTP/1.1" 200 851
190.144.253.77 - - [19/Aug/2016:09:51:24 -0500] "GET /BLA/boletinlegal/js/jquery.scrollShow.js HTTP/1.1" 200 4586
5.9.89.170 - - [19/Aug/2016:09:51:24 -0500] "GET /StormSDA/userFiles/user_files/formatos/eventos/?C=N;O=D HTTP/1.1" 200 851
