66.249.69.165 - - [04/Oct/2016:02:08:12 -0500] "GET /BLA/resoluciones/RESOLUCIONES%202010/1930.pdf HTTP/1.1" 304 -
66.249.69.165 - - [04/Oct/2016:02:08:28 -0500] "GET /autoliquidacion/TR%C3%81MITES%20MINER%C3%8DA/126PM04-PR39-M-A6-V5.0%20Terminos%20de%20referencia%20PMRRA[1].doc HTTP/1.1" 304 -
66.249.69.24 - - [04/Oct/2016:02:08:37 -0500] "GET /Autoliquidacion/Grupo%20Forestal%20-%20Industria%20de%20la%20Madera/Solicitud%20de%20verificaci%C3%B3n%20para%20exportaci%C3%B3n%20o%20importaci%C3%B3n.pdf HTTP/1.1" 404 1019
66.249.69.165 - - [04/Oct/2016:02:08:37 -0500] "GET /m/BLA/resoluciones/RESOLUCIONES%202007/RES%202007%201601%20AL%201725/RESOLUCION%201607%20DE%202007.pdf HTTP/1.1" 404 1018
66.249.69.165 - - [04/Oct/2016:02:09:09 -0500] "GET /BLA/resoluciones/RESOLUCIONES%202009/6134.pdf HTTP/1.1" 200 124664
66.249.69.165 - - [04/Oct/2016:02:09:12 -0500] "GET /BLA/resoluciones/RESOLUCIONES%202008/4107.pdf HTTP/1.1" 200 955385
66.249.69.165 - - [04/Oct/2016:02:09:22 -0500] "GET /BLA/resoluciones/Notificaciones/RESOLUCIONES%202014/1593.doc HTTP/1.1" 200 117248
66.249.69.165 - - [04/Oct/2016:02:09:22 -0500] "GET /BLA/resoluciones/AUTOS%202013/2335.pdf HTTP/1.1" 304 -
66.249.69.165 - - [04/Oct/2016:02:09:29 -0500] "GET /BLA/resoluciones/RESOLUCIONES%202009/9147.pdf HTTP/1.1" 200 437695
66.249.69.165 - - [04/Oct/2016:02:09:30 -0500] "GET /BLA/resoluciones/RESOLUCIONES%202009/0712.pdf HTTP/1.1" 304 -
192.168.175.104 - - [04/Oct/2016:02:09:32 -0500] "GET / HTTP/1.1" 200 9990
66.249.69.165 - - [04/Oct/2016:02:09:38 -0500] "GET /BLA/resoluciones/RESOLUCIONES%202009/0897.pdf HTTP/1.1" 304 -
192.168.175.104 - - [04/Oct/2016:02:09:39 -0500] "GET / HTTP/1.0" 200 9990
66.249.69.168 - - [04/Oct/2016:02:09:39 -0500] "GET /BLA/resoluciones/RESOLUCIONES%202009/4956.pdf HTTP/1.1" 200 3479753
69.162.124.232 - - [04/Oct/2016:02:10:08 -0500] "HEAD / HTTP/1.1" 200 -
66.249.69.165 - - [04/Oct/2016:02:10:17 -0500] "GET /BLA/resoluciones/AUTOS%202009/0025.pdf HTTP/1.1" 304 -
198.71.226.45 - - [04/Oct/2016:02:10:19 -0500] "GET /wp/wp-admin/ HTTP/1.1" 404 1015
66.249.69.165 - - [04/Oct/2016:02:10:32 -0500] "GET /galeria/galeria/fotos/juan-amarillo3G.jpg HTTP/1.1" 304 -
66.249.69.171 - - [04/Oct/2016:02:10:33 -0500] "GET /BLA/resoluciones/RESOLUCIONES%202007/RES%202007%201726%20AL%201800/RESOLUCION%201773%20DE%202007.pdf HTTP/1.1" 304 -
66.249.69.168 - - [04/Oct/2016:02:10:36 -0500] "GET /BLA/resoluciones/RESOLUCIONES%202008/2427.pdf HTTP/1.1" 200 188533
66.249.69.165 - - [04/Oct/2016:02:10:41 -0500] "GET /BLA/resoluciones/AUTOS%202011/5274.pdf HTTP/1.1" 304 -
66.249.69.165 - - [04/Oct/2016:02:10:49 -0500] "GET /BLA/resoluciones/AUTOS%202013/2418.pdf HTTP/1.1" 304 -
66.249.69.168 - - [04/Oct/2016:02:11:28 -0500] "GET /BLA/resoluciones/RESOLUCIONES%202013/0176.pdf HTTP/1.1" 304 -
192.168.175.104 - - [04/Oct/2016:02:12:14 -0500] "GET / HTTP/1.1" 200 9990
66.249.69.168 - - [04/Oct/2016:02:12:15 -0500] "GET /BLA/resoluciones/AUTOS%202013/1187.pdf HTTP/1.1" 200 1636566
66.249.69.165 - - [04/Oct/2016:02:12:33 -0500] "GET /BLA/resoluciones/RESOLUCIONES%202008/1934.pdf HTTP/1.1" 200 221818
66.249.69.165 - - [04/Oct/2016:02:12:46 -0500] "GET /BLA/resoluciones/RESOLUCIONES%202009/4990.pdf HTTP/1.1" 200 702901
66.249.69.165 - - [04/Oct/2016:02:13:10 -0500] "GET /BLA/resoluciones/RESOLUCIONES%202012/1122.pdf HTTP/1.1" 304 -
85.115.53.180 - - [04/Oct/2016:02:13:30 -0500] "GET /dama/libreria/php/imagenes/10.jpg HTTP/1.1" 404 1019
85.115.53.180 - - [04/Oct/2016:02:13:31 -0500] "GET /dama/libreria/php/imagenes/10.jpg HTTP/1.1" 404 1019
66.249.69.165 - - [04/Oct/2016:02:14:01 -0500] "GET /BLA/resoluciones/RESOLUCIONES%202008/1368.pdf HTTP/1.1" 200 214497
66.249.69.165 - - [04/Oct/2016:02:14:05 -0500] "GET /BLA/resoluciones/AUTOS%202009/0980.pdf HTTP/1.1" 304 -
114.69.13.27 - - [04/Oct/2016:02:14:15 -0500] "GET /galeria/galeria/jquery.fancybox.css?v=2.1.5 HTTP/1.1" 200 4895
114.69.13.27 - - [04/Oct/2016:02:14:15 -0500] "GET /BLA/boletinlegal/js/jquery.scrollShow.js HTTP/1.1" 200 4586
114.69.13.27 - - [04/Oct/2016:02:14:15 -0500] "GET /galeria/galeria/jquery.fancybox.js?v=2.1.5 HTTP/1.1" 200 48706
66.249.69.168 - - [04/Oct/2016:02:14:29 -0500] "GET /BLA/resoluciones/RESOLUCIONES%202010/4507.pdf HTTP/1.1" 304 -
192.168.175.104 - - [04/Oct/2016:02:14:29 -0500] "GET / HTTP/1.1" 200 9990
114.69.13.27 - - [04/Oct/2016:02:14:36 -0500] "GET /galeria/galeria/jquery.fancybox.css?v=2.1.5 HTTP/1.1" 304 -
114.69.13.27 - - [04/Oct/2016:02:14:36 -0500] "GET /BLA/boletinlegal/js/jquery.scrollShow.js HTTP/1.1" 304 -
114.69.13.27 - - [04/Oct/2016:02:14:36 -0500] "GET /galeria/galeria/jquery.fancybox.js?v=2.1.5 HTTP/1.1" 304 -
66.249.69.168 - - [04/Oct/2016:02:14:36 -0500] "GET /BLA/resoluciones/RESOLUCIONES%202009/4659.pdf HTTP/1.1" 304 -
192.168.175.104 - - [04/Oct/2016:02:14:37 -0500] "GET / HTTP/1.0" 200 9990
66.249.69.165 - - [04/Oct/2016:02:14:42 -0500] "GET /BLA/resoluciones/RESOLUCIONES%202009/2866.pdf HTTP/1.1" 200 472417
66.249.69.165 - - [04/Oct/2016:02:14:44 -0500] "GET /BLA/resoluciones/RESOLUCIONES%202009/6469.pdf HTTP/1.1" 304 -
66.249.69.165 - - [04/Oct/2016:02:15:01 -0500] "GET /mobile/BLA/resoluciones/RESOLUCIONES%202007/RES%202007%201726%20AL%201800/RESOLUCION%201795%20DE%202007.pdf HTTP/1.1" 404 1018
69.162.124.232 - - [04/Oct/2016:02:15:08 -0500] "HEAD / HTTP/1.1" 200 -
66.249.69.165 - - [04/Oct/2016:02:15:24 -0500] "GET /BLA/resoluciones/RESOLUCIONES%202010/0523.pdf HTTP/1.1" 304 -
186.154.154.84 - - [04/Oct/2016:02:15:29 -0500] "GET /BLA/boletinlegal/js/jquery.scrollShow.js HTTP/1.1" 200 4586
186.154.154.84 - - [04/Oct/2016:02:15:29 -0500] "GET /galeria/galeria/jquery.fancybox.css?v=2.1.5 HTTP/1.1" 200 4895
186.154.154.84 - - [04/Oct/2016:02:15:29 -0500] "GET /galeria/galeria/jquery.fancybox.js?v=2.1.5 HTTP/1.1" 200 48706
66.249.69.165 - - [04/Oct/2016:02:16:03 -0500] "GET /BLA/resoluciones/RESOLUCIONES%202010/7471.pdf HTTP/1.1" 304 -
66.249.69.165 - - [04/Oct/2016:02:16:17 -0500] "GET /BLA/resoluciones/RESOLUCIONES%202008/4780.pdf HTTP/1.1" 200 171831
66.249.69.165 - - [04/Oct/2016:02:16:50 -0500] "GET /BLA/resoluciones/RESOLUCIONES%202010/5832.pdf HTTP/1.1" 200 491881
66.249.69.165 - - [04/Oct/2016:02:16:58 -0500] "GET /BLA/resoluciones/RESOLUCIONES%202007/RES%202007%201001%20AL%201100/RESOLUCION%201013%20DE%202007.pdf HTTP/1.1" 304 -
157.55.39.59 - - [04/Oct/2016:02:16:59 -0500] "GET /robots.txt HTTP/1.1" 404 1018
66.249.69.165 - - [04/Oct/2016:02:17:06 -0500] "GET /BLA/resoluciones/AUTOS%202014/7158.pdf HTTP/1.1" 200 2170509
192.168.175.104 - - [04/Oct/2016:02:17:12 -0500] "GET / HTTP/1.1" 200 9990
66.249.69.165 - - [04/Oct/2016:02:17:14 -0500] "GET /BLA/resoluciones/AUTOS%202015/0198.pdf HTTP/1.1" 304 -
66.249.69.168 - - [04/Oct/2016:02:17:21 -0500] "GET /BLA/resoluciones/RESOLUCIONES%202009/6030.pdf HTTP/1.1" 200 483449
66.249.69.165 - - [04/Oct/2016:02:17:35 -0500] "GET /BLA/resoluciones/RESOLUCIONES%202008/2138.pdf HTTP/1.1" 200 219123
66.249.69.165 - - [04/Oct/2016:02:17:37 -0500] "GET /BLA/resoluciones/RESOLUCIONES%202008/0393.pdf HTTP/1.1" 200 341769
66.249.69.165 - - [04/Oct/2016:02:17:52 -0500] "GET /BLA/resoluciones/Notificaciones/RESOLUCIONES%202014/1801.doc HTTP/1.1" 200 119296
66.249.69.165 - - [04/Oct/2016:02:18:24 -0500] "GET /m/BLA/resoluciones/RESOLUCIONES%202011/4823.pdf HTTP/1.1" 404 1018
66.249.69.165 - - [04/Oct/2016:02:18:25 -0500] "GET /BLA/resoluciones/RESOLUCIONES%202012/1219.pdf HTTP/1.1" 304 -
66.249.69.165 - - [04/Oct/2016:02:18:25 -0500] "GET /BLA/resoluciones/RESOLUCIONES%202009/1373.pdf HTTP/1.1" 304 -
66.249.69.165 - - [04/Oct/2016:02:18:32 -0500] "GET /BLA/resoluciones/AUTOS%202013/1102.pdf HTTP/1.1" 304 -
108.178.9.98 - - [04/Oct/2016:02:18:34 -0500] "GET /old/wp-admin/ HTTP/1.1" 404 1015
66.249.69.168 - - [04/Oct/2016:02:19:11 -0500] "GET /BLA/resoluciones/RESOLUCIONES%202009/7104.pdf HTTP/1.1" 304 -
192.168.175.104 - - [04/Oct/2016:02:19:28 -0500] "GET / HTTP/1.1" 200 9990
192.168.175.104 - - [04/Oct/2016:02:19:35 -0500] "GET / HTTP/1.0" 200 9990
66.249.69.165 - - [04/Oct/2016:02:19:40 -0500] "GET /BLA/resoluciones/RESOLUCIONES%202009/6870.pdf HTTP/1.1" 200 280623
66.249.69.18 - - [04/Oct/2016:02:19:51 -0500] "GET /Autoliquidacion/index.php?dir=Solicitudes+relacionadas+con+calidad+del+aire+auditiva+y+visual%2FEvaluaci%F3n+certificado+de+Intensidad+Auditiva%2F HTTP/1.1" 200 2811
66.249.69.168 - - [04/Oct/2016:02:19:58 -0500] "GET /BLA/resoluciones/RESOLUCIONES%202007/RES%202007%202001%20AL%202100/RESOLUCION%202095%20DE%202007.pdf HTTP/1.1" 304 -
66.249.69.168 - - [04/Oct/2016:02:20:06 -0500] "GET /BLA/resoluciones/RESOLUCIONES%202009/7978.pdf HTTP/1.1" 304 -
69.162.124.232 - - [04/Oct/2016:02:20:08 -0500] "HEAD / HTTP/1.1" 200 -
66.249.69.165 - - [04/Oct/2016:02:20:14 -0500] "GET /BLA/ HTTP/1.1" 200 538
186.84.170.223 - - [04/Oct/2016:02:20:17 -0500] "GET /galeria/galeria/jquery.fancybox.css?v=2.1.5 HTTP/1.1" 200 4895
186.84.170.223 - - [04/Oct/2016:02:20:17 -0500] "GET /BLA/boletinlegal/js/jquery.scrollShow.js HTTP/1.1" 200 4586
186.84.170.223 - - [04/Oct/2016:02:20:17 -0500] "GET /galeria/galeria/jquery.fancybox.js?v=2.1.5 HTTP/1.1" 200 48706
186.84.170.223 - - [04/Oct/2016:02:20:24 -0500] "GET /galeria/galeria/jquery.fancybox.css?v=2.1.5 HTTP/1.1" 304 -
186.84.170.223 - - [04/Oct/2016:02:20:24 -0500] "GET /BLA/boletinlegal/js/jquery.scrollShow.js HTTP/1.1" 304 -
186.84.170.223 - - [04/Oct/2016:02:20:24 -0500] "GET /galeria/galeria/jquery.fancybox.js?v=2.1.5 HTTP/1.1" 304 -
198.204.255.78 - - [04/Oct/2016:02:20:28 -0500] "GET / HTTP/1.1" 200 9990
152.200.66.238 - - [04/Oct/2016:02:20:39 -0500] "GET /BLA/resoluciones/RESOLUCIONES%202007/RES%202007%20701%20AL%20800/RESOLUCION%200705%20DE%202007.pdf HTTP/1.1" 200 1060513
152.200.66.238 - - [04/Oct/2016:02:20:40 -0500] "GET /favicon.ico HTTP/1.1" 200 7782
66.249.69.165 - - [04/Oct/2016:02:20:46 -0500] "GET /BLA/resoluciones/RESOLUCIONES%202007/RES%202007%203801%20AL%203900/RESOLUCION%203833%20DE%202007.pdf HTTP/1.1" 304 -
66.249.69.165 - - [04/Oct/2016:02:20:53 -0500] "GET /BLA/resoluciones/AUTOS%202015/0462.pdf HTTP/1.1" 304 -
193.147.239.254 - - [04/Oct/2016:02:21:00 -0500] "GET /galeria/galeria/jquery.fancybox.css?v=2.1.5 HTTP/1.1" 200 4895
193.147.239.254 - - [04/Oct/2016:02:21:00 -0500] "GET /BLA/boletinlegal/js/jquery.scrollShow.js HTTP/1.1" 200 4586
193.147.239.254 - - [04/Oct/2016:02:21:00 -0500] "GET /galeria/galeria/jquery.fancybox.js?v=2.1.5 HTTP/1.1" 200 48706
193.147.239.254 - - [04/Oct/2016:02:21:06 -0500] "GET /galeria/galeria/jquery.fancybox.js?v=2.1.5 HTTP/1.1" 304 -
193.147.239.254 - - [04/Oct/2016:02:21:06 -0500] "GET /BLA/boletinlegal/js/jquery.scrollShow.js HTTP/1.1" 304 -
193.147.239.254 - - [04/Oct/2016:02:21:06 -0500] "GET /galeria/galeria/jquery.fancybox.css?v=2.1.5 HTTP/1.1" 304 -
192.168.175.104 - - [04/Oct/2016:02:22:11 -0500] "GET / HTTP/1.1" 200 9990
66.249.69.177 - - [04/Oct/2016:02:22:12 -0500] "GET /BLA/resoluciones/RESOLUCIONES%202010/7878.pdf HTTP/1.1" 304 -
66.249.69.174 - - [04/Oct/2016:02:22:28 -0500] "GET /BLA/resoluciones/RESOLUCIONES%202010/7871.pdf HTTP/1.1" 304 -
66.249.69.171 - - [04/Oct/2016:02:22:51 -0500] "GET /BLA/resoluciones/RESOLUCIONES%202014/1825.pdf HTTP/1.1" 304 -
66.249.69.174 - - [04/Oct/2016:02:22:59 -0500] "GET /BLA/resoluciones/RESOLUCIONES%202014/3900.pdf HTTP/1.1" 304 -
66.249.69.165 - - [04/Oct/2016:02:23:13 -0500] "GET /BLA/resoluciones/RESOLUCIONES%202009/7398.pdf HTTP/1.1" 200 678585
62.138.2.243 - - [04/Oct/2016:02:23:30 -0500] "GET /robots.txt HTTP/1.0" 301 334
66.249.69.171 - - [04/Oct/2016:02:23:30 -0500] "GET /BLA/resoluciones/RESOLUCIONES%202009/7080.pdf HTTP/1.1" 200 910691
62.138.2.243 - - [04/Oct/2016:02:23:33 -0500] "GET /carta-de-bogota-america-en-defensa-del-agua-la-tierra-y-la-vida/ HTTP/1.0" 301 388
66.249.69.165 - - [04/Oct/2016:02:23:38 -0500] "GET /BLA/resoluciones/RESOLUCIONES%202010/6659.pdf HTTP/1.1" 304 -
62.138.2.243 - - [04/Oct/2016:02:23:39 -0500] "GET /comments/feed/ HTTP/1.0" 301 338
127.0.0.1 - - [04/Oct/2016:02:23:44 -0500] "POST /plugins/update-check/1.1/ HTTP/1.0" 404 1021
127.0.0.1 - - [04/Oct/2016:02:23:44 -0500] "POST /themes/update-check/1.1/ HTTP/1.0" 404 1021
127.0.0.1 - - [04/Oct/2016:02:23:44 -0500] "POST /core/version-check/1.7/?version=4.2.2&php=5.5.15&locale=es_ES&mysql=5.6.20&local_package=&blogs=1&users=583&multisite_enabled=0 HTTP/1.0" 404 1021
127.0.0.1 - - [04/Oct/2016:02:23:44 -0500] "POST /themes/update-check/1.1/ HTTP/1.0" 404 1021
127.0.0.1 - - [04/Oct/2016:02:23:44 -0500] "POST /plugins/update-check/1.1/ HTTP/1.0" 404 1021
66.249.69.165 - - [04/Oct/2016:02:23:46 -0500] "GET /BLA/resoluciones/RESOLUCIONES%202013/0085.pdf HTTP/1.1" 304 -
66.249.69.165 - - [04/Oct/2016:02:23:54 -0500] "GET /BLA/resoluciones/RESOLUCIONES%202014/0985.pdf HTTP/1.1" 304 -
66.249.69.165 - - [04/Oct/2016:02:23:57 -0500] "GET /BLA/resoluciones/RESOLUCIONES%202008/5670.pdf HTTP/1.1" 200 196171
192.168.175.104 - - [04/Oct/2016:02:24:26 -0500] "GET / HTTP/1.1" 200 9990
192.168.175.104 - - [04/Oct/2016:02:24:33 -0500] "GET / HTTP/1.0" 200 9990
66.249.69.165 - - [04/Oct/2016:02:24:33 -0500] "GET /BLA/resoluciones/AUTOS%202013/1048.pdf HTTP/1.1" 304 -
66.249.69.168 - - [04/Oct/2016:02:24:57 -0500] "GET /BLA/resoluciones/RESOLUCIONES%202008/0615.pdf HTTP/1.1" 304 -
69.162.124.232 - - [04/Oct/2016:02:25:08 -0500] "HEAD / HTTP/1.1" 200 -
180.76.15.14 - - [04/Oct/2016:02:25:21 -0500] "GET / HTTP/1.1" 200 9990
66.249.69.171 - - [04/Oct/2016:02:25:28 -0500] "GET /BLA/resoluciones/RESOLUCIONES%202012/0788.pdf HTTP/1.1" 304 -
66.249.69.171 - - [04/Oct/2016:02:25:29 -0500] "GET /BLA/resoluciones/RESOLUCIONES%202009/7170.pdf HTTP/1.1" 200 1142779
66.249.69.168 - - [04/Oct/2016:02:25:36 -0500] "GET /BLA/resoluciones/AUTOS%202015/2655.pdf HTTP/1.1" 304 -
66.249.69.165 - - [04/Oct/2016:02:25:44 -0500] "GET /BLA/resoluciones/Notificaciones/RESOLUCIONES%202014/1590.doc HTTP/1.1" 200 118784
180.76.15.19 - - [04/Oct/2016:02:25:48 -0500] "GET / HTTP/1.1" 200 9990
66.249.69.165 - - [04/Oct/2016:02:26:00 -0500] "GET /BLA/resoluciones/RESOLUCIONES%202007/RES%202007%202201%20AL%202300/RESOLUCION%202202%20DE%202007.pdf HTTP/1.1" 304 -
66.249.69.168 - - [04/Oct/2016:02:26:23 -0500] "GET /BLA/resoluciones/RESOLUCIONES%202011/6563.pdf HTTP/1.1" 304 -
66.249.69.168 - - [04/Oct/2016:02:26:39 -0500] "GET /BLA/resoluciones/AUTOS%202014/1101.pdf HTTP/1.1" 304 -
192.168.175.104 - - [04/Oct/2016:02:27:10 -0500] "GET / HTTP/1.1" 200 9990
66.249.69.165 - - [04/Oct/2016:02:27:28 -0500] "GET /BLA/resoluciones/RESOLUCIONES%202008/3332.pdf HTTP/1.1" 200 299592
66.249.69.165 - - [04/Oct/2016:02:27:29 -0500] "GET /BLA/resoluciones/RESOLUCIONES%202009/9695.pdf HTTP/1.1" 200 326450
66.249.69.179 - - [04/Oct/2016:02:27:33 -0500] "GET /BLA/resoluciones/RESOLUCIONES%202010/1931.pdf HTTP/1.1" 304 -
66.249.69.179 - - [04/Oct/2016:02:27:33 -0500] "GET /BLA/resoluciones/RESOLUCIONES%202012/1333.pdf HTTP/1.1" 304 -
66.249.69.183 - - [04/Oct/2016:02:27:34 -0500] "GET /BLA/resoluciones/AUTOS%202014/6143.pdf HTTP/1.1" 304 -
66.249.69.177 - - [04/Oct/2016:02:27:57 -0500] "GET /BLA/resoluciones/RESOLUCIONES%202013/0274.pdf HTTP/1.1" 304 -
66.249.69.127 - - [04/Oct/2016:02:28:06 -0500] "GET /BLA/ HTTP/1.1" 200 538
66.249.69.187 - - [04/Oct/2016:02:28:10 -0500] "GET /galeria/galeria/fotos/Entrenube1G.jpg HTTP/1.1" 304 -
66.249.69.168 - - [04/Oct/2016:02:28:19 -0500] "GET /BLA/resoluciones/RESOLUCIONES%202008/2623.pdf HTTP/1.1" 200 619552
66.249.69.179 - - [04/Oct/2016:02:28:29 -0500] "GET /BLA/resoluciones/AUTOS%202014/2143.pdf HTTP/1.1" 304 -
66.249.69.179 - - [04/Oct/2016:02:28:33 -0500] "GET /BLA/resoluciones/RESOLUCIONES%202008/1237.pdf HTTP/1.1" 200 304423
66.249.69.24 - - [04/Oct/2016:02:28:33 -0500] "GET /Autoliquidacion/Grupo%20Forestal%20-%20Industria%20de%20la%20Madera/Solicitud%20de%20Registro%20del%20Libro%20de%20operaciones.pdf HTTP/1.1" 404 1019
66.249.69.168 - - [04/Oct/2016:02:28:37 -0500] "GET /BLA/resoluciones/RESOLUCIONES%202010/4788.pdf HTTP/1.1" 304 -
66.249.69.174 - - [04/Oct/2016:02:29:08 -0500] "GET /BLA/resoluciones/AUTOS%202015/4960.pdf HTTP/1.1" 304 -
66.249.69.168 - - [04/Oct/2016:02:29:24 -0500] "GET /BLA/resoluciones/AUTOS%202015/1065.pdf HTTP/1.1" 304 -
192.168.175.104 - - [04/Oct/2016:02:29:24 -0500] "GET / HTTP/1.1" 200 9990
192.168.175.104 - - [04/Oct/2016:02:29:31 -0500] "GET / HTTP/1.0" 200 9990
66.249.69.171 - - [04/Oct/2016:02:29:39 -0500] "GET /BLA/resoluciones/AUTOS%202014/3134.pdf HTTP/1.1" 304 -
66.249.69.165 - - [04/Oct/2016:02:29:47 -0500] "GET /BLA/resoluciones/AUTOS%202015/2337.pdf HTTP/1.1" 304 -
69.162.124.232 - - [04/Oct/2016:02:30:08 -0500] "HEAD / HTTP/1.1" 200 -
66.249.69.165 - - [04/Oct/2016:02:30:50 -0500] "GET /BLA/resoluciones/RESOLUCIONES%202007/RES%202007%203601%20AL%203700/RESOLUCION%203673%20%20DE%202007.pdf HTTP/1.1" 304 -
78.158.11.226 - - [04/Oct/2016:02:30:52 -0500] "GET / HTTP/1.0" 301 324
66.249.69.128 - - [04/Oct/2016:02:31:15 -0500] "GET /apple-app-site-association HTTP/1.1" 404 1018
66.249.69.171 - - [04/Oct/2016:02:31:22 -0500] "GET /BLA/resoluciones/AUTOS%202013/0886.pdf HTTP/1.1" 304 -
66.249.69.165 - - [04/Oct/2016:02:31:29 -0500] "GET /BLA/resoluciones/RESOLUCIONES%202013/0361.pdf HTTP/1.1" 304 -
66.249.69.168 - - [04/Oct/2016:02:32:01 -0500] "GET /BLA/resoluciones/AUTOS%202013/0927.pdf HTTP/1.1" 304 -
192.168.175.104 - - [04/Oct/2016:02:32:08 -0500] "GET / HTTP/1.1" 200 9990
66.249.69.165 - - [04/Oct/2016:02:32:09 -0500] "GET /BLA/resoluciones/Notificaciones/AUTOS%202014/5643.doc HTTP/1.1" 304 -
66.249.69.165 - - [04/Oct/2016:02:32:10 -0500] "GET /BLA/resoluciones/RESOLUCIONES%202009/5273.pdf HTTP/1.1" 200 600264
66.249.69.165 - - [04/Oct/2016:02:32:23 -0500] "GET /BLA/resoluciones/RESOLUCIONES%202008/3484.pdf HTTP/1.1" 200 232781
66.249.69.165 - - [04/Oct/2016:02:32:48 -0500] "GET /BLA/resoluciones/RESOLUCIONES%202010/6906.pdf HTTP/1.1" 304 -
66.249.69.165 - - [04/Oct/2016:02:32:49 -0500] "GET /BLA/resoluciones/RESOLUCIONES%202009/1192.pdf HTTP/1.1" 200 522670
66.249.69.165 - - [04/Oct/2016:02:32:54 -0500] "GET /BLA/resoluciones/RESOLUCIONES%202008/3619.pdf HTTP/1.1" 200 303862
66.249.69.165 - - [04/Oct/2016:02:33:01 -0500] "GET /BLA/resoluciones/RESOLUCIONES%202009/7920.pdf HTTP/1.1" 200 538507
163.172.66.94 - - [04/Oct/2016:02:33:11 -0500] "GET /BLA/resoluciones/AUTOS%202006/AUTOS%202006%20401-500/00000436.tif HTTP/1.1" 200 44208
66.249.69.165 - - [04/Oct/2016:02:33:11 -0500] "GET /BLA/resoluciones/AUTOS%202014/1034.pdf HTTP/1.1" 304 -
66.249.69.165 - - [04/Oct/2016:02:33:44 -0500] "GET /autoliquidacion/Grupo%20Forestal%20-%20Silvicultura/Estructura%20del%20SIADAMA.xls HTTP/1.1" 304 -
66.249.69.165 - - [04/Oct/2016:02:33:51 -0500] "GET /BLA/resoluciones/RESOLUCIONES%202009/0987.pdf HTTP/1.1" 200 60426
66.249.69.165 - - [04/Oct/2016:02:34:08 -0500] "GET /galeria/mapa/TIBANICA12.jpg HTTP/1.1" 200 23039
66.249.69.165 - - [04/Oct/2016:02:34:08 -0500] "GET /BLA/resoluciones/RESOLUCIONES%202009/1213.pdf HTTP/1.1" 200 562213
66.249.69.165 - - [04/Oct/2016:02:34:14 -0500] "GET /BLA/resoluciones/RESOLUCIONES%202011/5202.pdf HTTP/1.1" 304 -
192.168.175.104 - - [04/Oct/2016:02:34:22 -0500] "GET / HTTP/1.1" 200 9990
192.168.175.104 - - [04/Oct/2016:02:34:29 -0500] "GET / HTTP/1.0" 200 9990
66.249.69.165 - - [04/Oct/2016:02:35:01 -0500] "GET /BLA/resoluciones/RESOLUCIONES%202008/4516.pdf HTTP/1.1" 304 -
69.162.124.232 - - [04/Oct/2016:02:35:08 -0500] "HEAD / HTTP/1.1" 200 -
66.249.69.165 - - [04/Oct/2016:02:35:09 -0500] "GET /BLA/resoluciones/RESOLUCIONES%202014/2609.pdf HTTP/1.1" 304 -
66.249.69.165 - - [04/Oct/2016:02:35:15 -0500] "GET /BLA/resoluciones/RESOLUCIONES%202008/2986.pdf HTTP/1.1" 200 314366
66.249.69.165 - - [04/Oct/2016:02:35:25 -0500] "GET /BLA/resoluciones/AUTOS%202014/6876.pdf HTTP/1.1" 304 -
66.249.69.165 - - [04/Oct/2016:02:35:50 -0500] "GET /BLA/resoluciones/RESOLUCIONES%202009/4503.pdf HTTP/1.1" 200 579387
66.249.69.165 - - [04/Oct/2016:02:36:04 -0500] "GET /BLA/resoluciones/RESOLUCIONES%202009/4428.pdf HTTP/1.1" 304 -
66.249.69.165 - - [04/Oct/2016:02:36:21 -0500] "GET /BLA/resoluciones/RESOLUCIONES%202009/5217.pdf HTTP/1.1" 200 525955
66.249.69.165 - - [04/Oct/2016:02:36:29 -0500] "GET /BLA/resoluciones/RESOLUCIONES%202008/1519.pdf HTTP/1.1" 200 386890
66.249.69.165 - - [04/Oct/2016:02:36:51 -0500] "GET /BLA/resoluciones/AUTOS%202012/0796.pdf HTTP/1.1" 304 -
192.168.175.104 - - [04/Oct/2016:02:37:06 -0500] "GET / HTTP/1.1" 200 9990
66.249.69.165 - - [04/Oct/2016:02:37:32 -0500] "GET /mobile/BLA/resoluciones/AUTOS%202011/0211.pdf HTTP/1.1" 404 1018
66.249.69.165 - - [04/Oct/2016:02:37:46 -0500] "GET /BLA/resoluciones/RESOLUCIONES%202014/0160.pdf HTTP/1.1" 304 -
65.55.218.55 - - [04/Oct/2016:02:37:52 -0500] "GET /BLA/boletinlegal/js/jquery.scrollShow.js HTTP/1.1" 200 4586
65.55.218.46 - - [04/Oct/2016:02:37:52 -0500] "GET /galeria/galeria/jquery.fancybox.js?v=2.1.5 HTTP/1.1" 200 48706
65.55.218.55 - - [04/Oct/2016:02:37:53 -0500] "GET /galeria/galeria/jquery.fancybox.css?v=2.1.5 HTTP/1.1" 200 4895
66.249.69.165 - - [04/Oct/2016:02:38:02 -0500] "GET /BLA/resoluciones/RESOLUCIONES%202009/9268.pdf HTTP/1.1" 304 -
163.172.66.131 - - [04/Oct/2016:02:38:15 -0500] "GET /BLA/resoluciones/RESOLUCIONES%202006/RES%202006%20751-800/00000765.tif HTTP/1.1" 200 211146
131.253.24.154 - - [04/Oct/2016:02:38:18 -0500] "GET /BLA/boletinlegal/js/jquery.scrollShow.js HTTP/1.1" 200 4586
131.253.26.247 - - [04/Oct/2016:02:38:18 -0500] "GET /galeria/galeria/jquery.fancybox.js?v=2.1.5 HTTP/1.1" 200 48706
131.253.24.154 - - [04/Oct/2016:02:38:18 -0500] "GET /galeria/galeria/jquery.fancybox.css?v=2.1.5 HTTP/1.1" 200 4895
66.249.69.165 - - [04/Oct/2016:02:38:33 -0500] "GET /BLA/resoluciones/AUTOS%202011/4800.pdf HTTP/1.1" 304 -
66.249.69.168 - - [04/Oct/2016:02:38:41 -0500] "GET /BLA/resoluciones/RESOLUCIONES%202009/2840.pdf HTTP/1.1" 304 -
100.43.91.6 - - [04/Oct/2016:02:38:42 -0500] "GET /robots.txt HTTP/1.1" 302 308
66.249.69.165 - - [04/Oct/2016:02:38:48 -0500] "GET /BLA/resoluciones/RESOLUCIONES%202008/0389.pdf HTTP/1.1" 200 66193
66.249.69.165 - - [04/Oct/2016:02:38:49 -0500] "GET /BLA/resoluciones/RESOLUCIONES%202009/2009.pdf HTTP/1.1" 304 -
51.255.65.6 - - [04/Oct/2016:02:38:54 -0500] "GET /BLA/resoluciones/RESOLUCIONES%202005/RES%202005%20%201701-1750/00001714.tif HTTP/1.1" 200 179738
192.168.175.104 - - [04/Oct/2016:02:39:20 -0500] "GET / HTTP/1.1" 200 9990
192.168.175.104 - - [04/Oct/2016:02:39:28 -0500] "GET / HTTP/1.0" 200 9990
66.249.69.165 - - [04/Oct/2016:02:39:52 -0500] "GET /BLA/resoluciones/AUTOS%202013/2399.pdf HTTP/1.1" 304 -
163.172.66.180 - - [04/Oct/2016:02:39:59 -0500] "GET /BLA/resoluciones/AUTOS%202006/AUTOS%202006%201-100/00000096.tif HTTP/1.1" 200 49128
186.29.97.115 - - [04/Oct/2016:02:40:00 -0500] "GET /dama/libreria/php/decide.php?patron=03.1305020113&numm=36 HTTP/1.1" 404 1359
66.249.69.165 - - [04/Oct/2016:02:40:00 -0500] "GET /BLA/resoluciones/AUTOS%202014/4690.pdf HTTP/1.1" 200 566535
186.29.97.115 - - [04/Oct/2016:02:40:00 -0500] "GET /favicon.ico HTTP/1.1" 200 7782
69.162.124.232 - - [04/Oct/2016:02:40:08 -0500] "HEAD / HTTP/1.1" 200 -
66.249.69.171 - - [04/Oct/2016:02:41:34 -0500] "GET /BLA/resoluciones/RESOLUCIONES%202013/0466.pdf HTTP/1.1" 304 -
192.168.175.104 - - [04/Oct/2016:02:42:04 -0500] "GET / HTTP/1.1" 200 9990
66.249.69.165 - - [04/Oct/2016:02:42:15 -0500] "GET /BLA/resoluciones/RESOLUCIONES%202009/4937.pdf HTTP/1.1" 304 -
66.249.69.165 - - [04/Oct/2016:02:43:06 -0500] "GET /BLA/resoluciones/RESOLUCIONES%202008/4065.pdf HTTP/1.1" 200 477315
66.249.69.165 - - [04/Oct/2016:02:43:16 -0500] "GET /BLA/resoluciones/RESOLUCIONES%202009/8967.pdf HTTP/1.1" 200 373356
66.249.69.165 - - [04/Oct/2016:02:43:24 -0500] "GET /BLA/resoluciones/AUTOS%202015/5316.pdf HTTP/1.1" 304 -
66.249.69.171 - - [04/Oct/2016:02:43:32 -0500] "GET /BLA/resoluciones/RESOLUCIONES%202010/2414.pdf HTTP/1.1" 304 -
66.249.69.165 - - [04/Oct/2016:02:43:55 -0500] "GET /BLA/resoluciones/RESOLUCIONES%202012/1898.pdf HTTP/1.1" 304 -
66.249.69.165 - - [04/Oct/2016:02:44:03 -0500] "GET /BLA/resoluciones/RESOLUCIONES%202011/5156.pdf HTTP/1.1" 304 -
66.249.69.165 - - [04/Oct/2016:02:44:05 -0500] "GET /BLA/resoluciones/RESOLUCIONES%202009/9539.pdf HTTP/1.1" 200 521739
51.255.65.81 - - [04/Oct/2016:02:44:12 -0500] "GET /BLA/resoluciones/AUTOS%202006/AUTOS%202006%201901%20-%202000/00001914.tif HTTP/1.1" 200 51890
192.168.175.104 - - [04/Oct/2016:02:44:18 -0500] "GET / HTTP/1.1" 200 9990
192.168.175.104 - - [04/Oct/2016:02:44:25 -0500] "GET / HTTP/1.0" 200 9990
66.249.69.165 - - [04/Oct/2016:02:44:27 -0500] "GET /BLA/resoluciones/AUTOS%202009/0022.pdf HTTP/1.1" 304 -
66.249.69.168 - - [04/Oct/2016:02:44:35 -0500] "GET /BLA/resoluciones/RESOLUCIONES%202008/1548.pdf HTTP/1.1" 304 -
66.249.69.165 - - [04/Oct/2016:02:44:42 -0500] "GET /BLA/resoluciones/RESOLUCIONES%202010/6306.pdf HTTP/1.1" 304 -
66.249.69.168 - - [04/Oct/2016:02:44:45 -0500] "GET /BLA/resoluciones/RESOLUCIONES%202008/0411.pdf HTTP/1.1" 304 -
66.249.69.165 - - [04/Oct/2016:02:44:50 -0500] "GET /BLA/resoluciones/RESOLUCIONES%202012/0955.pdf HTTP/1.1" 304 -
66.249.69.165 - - [04/Oct/2016:02:44:58 -0500] "GET /BLA/resoluciones/AUTOS%202012/2531.pdf HTTP/1.1" 304 -
66.249.69.165 - - [04/Oct/2016:02:45:03 -0500] "GET /BLA/resoluciones/RESOLUCIONES%202009/3630.pdf HTTP/1.1" 200 224870
69.162.124.232 - - [04/Oct/2016:02:45:08 -0500] "HEAD / HTTP/1.1" 200 -
66.249.69.165 - - [04/Oct/2016:02:45:19 -0500] "GET /BLA/resoluciones/RESOLUCIONES%202009/5499.pdf HTTP/1.1" 200 496571
207.46.13.160 - - [04/Oct/2016:02:45:33 -0500] "GET /SIG/Participaci%C3%83%C2%B3n/126PM01-PR07.pdf HTTP/1.1" 404 1015
66.249.69.165 - - [04/Oct/2016:02:45:40 -0500] "GET /BLA/resoluciones/RESOLUCIONES%202008/3742.pdf HTTP/1.1" 200 146441
66.249.69.165 - - [04/Oct/2016:02:45:53 -0500] "GET /BLA/resoluciones/RESOLUCIONES%202012/1143.pdf HTTP/1.1" 304 -
163.172.65.250 - - [04/Oct/2016:02:46:01 -0500] "GET /BLA/resoluciones/AUTOS%202006/AUTOS%202006%201801-%201900/00001833.tif HTTP/1.1" 200 126698
66.249.69.165 - - [04/Oct/2016:02:46:01 -0500] "GET /BLA/resoluciones/AUTOS%202015/1795.pdf HTTP/1.1" 304 -
66.249.69.165 - - [04/Oct/2016:02:46:09 -0500] "GET /BLA/resoluciones/AUTOS%202013/3455.pdf HTTP/1.1" 304 -
66.249.69.165 - - [04/Oct/2016:02:46:16 -0500] "GET /BLA/resoluciones/RESOLUCIONES%202008/0146.pdf HTTP/1.1" 304 -
89.201.184.232 - - [04/Oct/2016:02:46:19 -0500] "GET /wp-login.php HTTP/1.1" 404 1018
89.201.184.232 - - [04/Oct/2016:02:46:19 -0500] "GET / HTTP/1.1" 200 9990
66.249.69.168 - - [04/Oct/2016:02:46:32 -0500] "GET /BLA/resoluciones/RESOLUCIONES%202011/3845.pdf HTTP/1.1" 304 -
163.172.65.12 - - [04/Oct/2016:02:46:41 -0500] "GET /BLA/resoluciones/index.php?dir=RESOLUCIONES%202008/&sort=date&order=asc HTTP/1.1" 200 976102
66.249.69.168 - - [04/Oct/2016:02:46:48 -0500] "GET /BLA/resoluciones/RESOLUCIONES%202012/0328.pdf HTTP/1.1" 200 1108878
192.168.175.104 - - [04/Oct/2016:02:47:02 -0500] "GET / HTTP/1.1" 200 9990
66.249.69.165 - - [04/Oct/2016:02:47:04 -0500] "GET /BLA/resoluciones/RESOLUCIONES%202014/2201.pdf HTTP/1.1" 304 -
66.249.69.165 - - [04/Oct/2016:02:47:11 -0500] "GET /mobile/BLA/resoluciones/RESOLUCIONES%202012/1557.pdf HTTP/1.1" 404 1018
66.249.69.165 - - [04/Oct/2016:02:47:19 -0500] "GET /BLA/resoluciones/RESOLUCIONES%202011/4200.pdf HTTP/1.1" 304 -
66.249.69.165 - - [04/Oct/2016:02:47:27 -0500] "GET /BLA/resoluciones/AUTOS%202013/2008.pdf HTTP/1.1" 304 -
186.119.109.252 - - [04/Oct/2016:02:47:31 -0500] "GET /BLA/boletinlegal/js/jquery.scrollShow.js HTTP/1.1" 200 4586
186.119.109.252 - - [04/Oct/2016:02:47:31 -0500] "GET /galeria/galeria/jquery.fancybox.css?v=2.1.5 HTTP/1.1" 200 4895
186.119.109.252 - - [04/Oct/2016:02:47:31 -0500] "GET /galeria/carrusel/Carrusel/jquery-ui-1.8.13.custom.min.js HTTP/1.1" 200 10800
186.119.109.252 - - [04/Oct/2016:02:47:31 -0500] "GET /galeria/carrusel/Carrusel/jquery.thumbnailScroller.css HTTP/1.1" 200 2066
186.119.109.252 - - [04/Oct/2016:02:47:31 -0500] "GET /galeria/galeria/jquery.fancybox.js?v=2.1.5 HTTP/1.1" 200 48706
186.119.109.252 - - [04/Oct/2016:02:47:31 -0500] "GET /galeria/carrusel/Carrusel/jquery.thumbnailScroller.js HTTP/1.1" 200 8157
186.119.109.252 - - [04/Oct/2016:02:47:34 -0500] "GET /galeria/nivo-slider/demo/demo.html HTTP/1.1" 200 3863
66.249.69.165 - - [04/Oct/2016:02:47:35 -0500] "GET /BLA/resoluciones/RESOLUCIONES%202009/3199.pdf HTTP/1.1" 304 -
186.119.109.252 - - [04/Oct/2016:02:47:38 -0500] "GET /galeria/nivo-slider/themes/pascal/pascal.css HTTP/1.1" 200 2258
186.119.109.252 - - [04/Oct/2016:02:47:38 -0500] "GET /galeria/nivo-slider/themes/default/default.css HTTP/1.1" 200 1569
186.119.109.252 - - [04/Oct/2016:02:47:38 -0500] "GET /galeria/nivo-slider/nivo-slider.css HTTP/1.1" 200 1507
186.119.109.252 - - [04/Oct/2016:02:47:38 -0500] "GET /galeria/nivo-slider/themes/orman/orman.css HTTP/1.1" 200 2152
186.119.109.252 - - [04/Oct/2016:02:47:38 -0500] "GET /galeria/nivo-slider/demo/style.css HTTP/1.1" 200 2222
186.119.109.252 - - [04/Oct/2016:02:47:38 -0500] "GET /galeria/nivo-slider/demo/scripts/jquery-1.7.1.min.js HTTP/1.1" 200 93868
186.119.109.252 - - [04/Oct/2016:02:47:38 -0500] "GET /galeria/nivo-slider/jquery.nivo.slider.pack.js HTTP/1.1" 200 11561
186.119.109.252 - - [04/Oct/2016:02:47:39 -0500] "GET /galeria/nivo-slider/demo/images/bannerservicioalciudadano3.jpg HTTP/1.1" 200 216910
186.119.109.252 - - [04/Oct/2016:02:47:39 -0500] "GET /galeria/nivo-slider/demo/images/Cartadignoalciudadano.jpg HTTP/1.1" 200 138184
186.119.109.252 - - [04/Oct/2016:02:47:39 -0500] "GET /galeria/nivo-slider/demo/images/BANNERVISORGEOGRAFICO.jpg HTTP/1.1" 200 78514
186.119.109.252 - - [04/Oct/2016:02:47:39 -0500] "GET /galeria/nivo-slider/demo/images/BANNERCONFORMACIONGESTIONAMBIENTAL.jpg HTTP/1.1" 200 161009
186.119.109.252 - - [04/Oct/2016:02:47:39 -0500] "GET /galeria/nivo-slider/demo/images/vegetal.jpg HTTP/1.1" 200 216080
186.119.109.252 - - [04/Oct/2016:02:47:43 -0500] "GET /galeria/nivo-slider/demo/images/Banner_wgic.jpg HTTP/1.1" 200 139000
186.119.109.252 - - [04/Oct/2016:02:47:43 -0500] "GET /galeria/nivo-slider/demo/images/ABC-Plan-de-contigencia.jpg HTTP/1.1" 200 423901
186.119.109.252 - - [04/Oct/2016:02:47:43 -0500] "GET /galeria/nivo-slider/demo/images/ACOPIADORESYGESTORES.jpg HTTP/1.1" 200 118791
186.119.109.252 - - [04/Oct/2016:02:47:43 -0500] "GET /galeria/nivo-slider/demo/images/BANNERARBOLES.jpg HTTP/1.1" 200 227630
186.119.109.252 - - [04/Oct/2016:02:47:43 -0500] "GET /galeria/nivo-slider/demo/images/banner-llantas2.jpg HTTP/1.1" 200 234514
186.119.109.252 - - [04/Oct/2016:02:47:43 -0500] "GET /galeria/nivo-slider/demo/images/Ruta-vertimientos-01.jpg HTTP/1.1" 200 130151
186.119.109.252 - - [04/Oct/2016:02:47:43 -0500] "GET /galeria/nivo-slider/demo/images/bolsas-06.jpg HTTP/1.1" 200 210950
186.119.109.252 - - [04/Oct/2016:02:47:43 -0500] "GET /galeria/nivo-slider/demo/images/4Simple_Slider.png HTTP/1.1" 200 11722
186.119.109.252 - - [04/Oct/2016:02:47:44 -0500] "GET /galeria/nivo-slider/themes/default/loading.gif HTTP/1.1" 200 1737
186.119.109.252 - - [04/Oct/2016:02:47:50 -0500] "GET /galeria/nivo-slider/themes/default/arrows.png HTTP/1.1" 200 824
186.119.109.252 - - [04/Oct/2016:02:47:50 -0500] "GET /galeria/nivo-slider/themes/default/bullets.png HTTP/1.1" 200 1281
66.249.69.165 - - [04/Oct/2016:02:47:51 -0500] "GET /BLA/resoluciones/RESOLUCIONES%202012/0909.pdf HTTP/1.1" 304 -
66.249.69.165 - - [04/Oct/2016:02:47:59 -0500] "GET /BLA/resoluciones/AUTOS%202014/4470.pdf HTTP/1.1" 304 -
66.249.69.165 - - [04/Oct/2016:02:48:06 -0500] "GET /BLA/resoluciones/RESOLUCIONES%202007/RES%202007%202201%20AL%202300/RESOLUCION%202246%20DE%202007.pdf HTTP/1.1" 304 -
66.249.69.165 - - [04/Oct/2016:02:48:22 -0500] "GET /BLA/resoluciones/AUTOS%202011/2104.pdf HTTP/1.1" 304 -
66.249.69.165 - - [04/Oct/2016:02:48:30 -0500] "GET /BLA/resoluciones/RESOLUCIONES%202012/0611.pdf HTTP/1.1" 304 -
108.28.164.248 - - [04/Oct/2016:02:48:35 -0500] "GET /webdav/ HTTP/1.1" 404 1018
66.249.69.22 - - [04/Oct/2016:02:48:46 -0500] "GET /portalsiaccapacitaciones/Listas%20de%20Asistencia%202016/ HTTP/1.1" 200 4862
186.83.208.83 - - [04/Oct/2016:02:48:52 -0500] "GET /galeria/galeria/jquery.fancybox.css?v=2.1.5 HTTP/1.1" 200 4895
186.83.208.83 - - [04/Oct/2016:02:48:52 -0500] "GET /BLA/boletinlegal/js/jquery.scrollShow.js HTTP/1.1" 200 4586
186.83.208.83 - - [04/Oct/2016:02:48:52 -0500] "GET /galeria/galeria/jquery.fancybox.js?v=2.1.5 HTTP/1.1" 200 48706
192.168.175.104 - - [04/Oct/2016:02:49:16 -0500] "GET / HTTP/1.1" 200 9990
192.168.175.104 - - [04/Oct/2016:02:49:24 -0500] "GET / HTTP/1.0" 200 9990
66.249.69.165 - - [04/Oct/2016:02:49:25 -0500] "GET /BLA/resoluciones/AUTOS%202013/0103.pdf HTTP/1.1" 304 -
66.249.69.168 - - [04/Oct/2016:02:49:33 -0500] "GET /BLA/resoluciones/AUTOS%202014/1608.pdf HTTP/1.1" 304 -
66.249.69.168 - - [04/Oct/2016:02:50:04 -0500] "GET /BLA/resoluciones/RESOLUCIONES%202011/5605.pdf HTTP/1.1" 304 -
69.162.124.232 - - [04/Oct/2016:02:50:08 -0500] "HEAD / HTTP/1.1" 200 -
66.249.69.165 - - [04/Oct/2016:02:50:12 -0500] "GET /BLA/resoluciones/AUTOS%202015/2107.pdf HTTP/1.1" 304 -
66.249.69.165 - - [04/Oct/2016:02:50:36 -0500] "GET /BLA/resoluciones/RESOLUCIONES%202007/RES%202007%202401%20AL%202500/RESOLUCION%202443%20DE%202007.pdf HTTP/1.1" 304 -
66.249.69.165 - - [04/Oct/2016:02:50:51 -0500] "GET /BLA/resoluciones/RESOLUCIONES%202012/1114.pdf HTTP/1.1" 304 -
66.249.69.165 - - [04/Oct/2016:02:51:07 -0500] "GET /BLA/resoluciones/AUTOS%202015/2943.pdf HTTP/1.1" 304 -
66.249.69.165 - - [04/Oct/2016:02:51:15 -0500] "GET /BLA/resoluciones/RESOLUCIONES%202010/6491.pdf HTTP/1.1" 304 -
66.249.69.165 - - [04/Oct/2016:02:51:23 -0500] "GET /BLA/resoluciones/RESOLUCIONES%202009/2038.pdf HTTP/1.1" 304 -
66.249.69.165 - - [04/Oct/2016:02:51:27 -0500] "GET /BLA/resoluciones/Notificaciones/RESOLUCIONES%202014/0467.doc HTTP/1.1" 200 241664
207.46.13.160 - - [04/Oct/2016:02:51:30 -0500] "GET /BLA/boletinlegal/norma_menu.php HTTP/1.1" 200 5344
66.249.69.165 - - [04/Oct/2016:02:51:31 -0500] "GET /BLA/resoluciones/RESOLUCIONES%202007/RES%202007%201001%20AL%201100/RESOLUCION%201052%20DE%202007.pdf HTTP/1.1" 200 792126
207.46.13.57 - - [04/Oct/2016:02:51:51 -0500] "GET /robots.txt HTTP/1.1" 404 1019
207.46.13.57 - - [04/Oct/2016:02:51:52 -0500] "GET /BLA/boletinlegal/js/ajax.js HTTP/1.1" 200 772
207.46.13.57 - - [04/Oct/2016:02:51:52 -0500] "GET /BLA/boletinlegal/js/popup.js HTTP/1.1" 200 1270
192.168.175.104 - - [04/Oct/2016:02:52:01 -0500] "GET / HTTP/1.1" 200 9990
66.249.69.165 - - [04/Oct/2016:02:52:10 -0500] "GET /BLA/resoluciones/AUTOS%202009/1922.pdf HTTP/1.1" 304 -
66.249.69.165 - - [04/Oct/2016:02:52:18 -0500] "GET /BLA/resoluciones/RESOLUCIONES%202012/0959.pdf HTTP/1.1" 304 -
40.77.167.16 - - [04/Oct/2016:02:52:24 -0500] "GET /BLA/boletinlegal/js/jquery1.js HTTP/1.1" 200 29846
40.77.167.16 - - [04/Oct/2016:02:52:24 -0500] "GET /BLA/boletinlegal/js/lib.js HTTP/1.1" 200 6474
40.77.167.16 - - [04/Oct/2016:02:52:25 -0500] "GET /BLA/boletinlegal/swfobject.js HTTP/1.1" 200 9763
51.255.65.46 - - [04/Oct/2016:02:52:30 -0500] "GET /BLA/resoluciones/AUTOS%202006/AUTOS%202006%201601%20-%201700/00001643.tif HTTP/1.1" 200 140880
66.249.69.165 - - [04/Oct/2016:02:52:31 -0500] "GET /BLA/resoluciones/RESOLUCIONES%202009/7980.pdf HTTP/1.1" 200 496637
66.249.69.165 - - [04/Oct/2016:02:52:41 -0500] "GET /BLA/resoluciones/RESOLUCIONES%202012/1475.pdf HTTP/1.1" 304 -
66.249.69.165 - - [04/Oct/2016:02:52:49 -0500] "GET /BLA/resoluciones/AUTOS%202012/2180.pdf HTTP/1.1" 304 -
66.249.69.165 - - [04/Oct/2016:02:53:05 -0500] "GET /BLA/resoluciones/RESOLUCIONES%202009/7474.pdf HTTP/1.1" 304 -
66.249.69.165 - - [04/Oct/2016:02:53:13 -0500] "GET /BLA/resoluciones/RESOLUCIONES%202007/RES%202007%203401%20AL%203500/RESOLUCION%203453%20DE%202007.pdf HTTP/1.1" 304 -
66.249.69.165 - - [04/Oct/2016:02:53:18 -0500] "GET /BLA/resoluciones/RESOLUCIONES%202009/8594.pdf HTTP/1.1" 200 395799
66.249.69.165 - - [04/Oct/2016:02:53:20 -0500] "GET /BLA/resoluciones/RESOLUCIONES%202014/2443.pdf HTTP/1.1" 304 -
66.249.69.165 - - [04/Oct/2016:02:53:37 -0500] "GET /m/BLA/resoluciones/AUTOS%202011/0211.pdf HTTP/1.1" 404 1018
66.249.69.165 - - [04/Oct/2016:02:53:50 -0500] "GET /BLA/resoluciones/RESOLUCIONES%202008/2410.pdf HTTP/1.1" 200 196532
192.168.175.104 - - [04/Oct/2016:02:54:14 -0500] "GET / HTTP/1.1" 200 9990
66.249.69.165 - - [04/Oct/2016:02:54:16 -0500] "GET /BLA/resoluciones/RESOLUCIONES%202009/5627.pdf HTTP/1.1" 200 681319
66.249.69.165 - - [04/Oct/2016:02:54:18 -0500] "GET /BLA/resoluciones/AUTOS%202011/7318.pdf HTTP/1.1" 304 -
66.249.69.165 - - [04/Oct/2016:02:54:19 -0500] "GET /BLA/resoluciones/AUTOS%202011/6279.pdf HTTP/1.1" 304 -
66.249.69.168 - - [04/Oct/2016:02:54:20 -0500] "GET /BLA/resoluciones/RESOLUCIONES%202008/5213.pdf HTTP/1.1" 200 75954
192.168.175.104 - - [04/Oct/2016:02:54:21 -0500] "GET / HTTP/1.0" 200 9990
157.55.39.168 - - [04/Oct/2016:02:54:23 -0500] "GET /POT-2013/expediente/EXPEDIENTE%20DISTRITAL%20VIGENCIA%202011octubre%20final.pdf HTTP/1.1" 200 36716932
66.249.69.171 - - [04/Oct/2016:02:54:23 -0500] "GET /BLA/resoluciones/RESOLUCIONES%202009/0967.pdf HTTP/1.1" 304 -
66.249.69.165 - - [04/Oct/2016:02:54:58 -0500] "GET /BLA/resoluciones/RESOLUCIONES%202009/6376.pdf HTTP/1.1" 200 522349
69.162.124.232 - - [04/Oct/2016:02:55:08 -0500] "HEAD / HTTP/1.1" 200 -
66.249.69.174 - - [04/Oct/2016:02:55:10 -0500] "GET /BLA/resoluciones/AUTOS%202015/3329.pdf HTTP/1.1" 304 -
161.18.106.2 - - [04/Oct/2016:02:55:17 -0500] "GET /galeria/galeria/jquery.fancybox.css?v=2.1.5 HTTP/1.1" 200 4895
161.18.106.2 - - [04/Oct/2016:02:55:17 -0500] "GET /BLA/boletinlegal/js/jquery.scrollShow.js HTTP/1.1" 200 4586
161.18.106.2 - - [04/Oct/2016:02:55:17 -0500] "GET /galeria/galeria/jquery.fancybox.js?v=2.1.5 HTTP/1.1" 200 48706
66.249.69.168 - - [04/Oct/2016:02:55:18 -0500] "GET /BLA/resoluciones/RESOLUCIONES%202007/RES%202007%202301%20AL%202400/RESOLUCION%202355%20DE%202007.pdf HTTP/1.1" 304 -
66.249.69.168 - - [04/Oct/2016:02:55:42 -0500] "GET /BLA/resoluciones/AUTOS%202013/0537.pdf HTTP/1.1" 304 -
66.249.69.165 - - [04/Oct/2016:02:55:50 -0500] "GET /BLA/resoluciones/AUTOS%202013/2013.pdf HTTP/1.1" 304 -
66.249.69.165 - - [04/Oct/2016:02:55:50 -0500] "GET /BLA/resoluciones/RESOLUCIONES%202010/6266.pdf HTTP/1.1" 304 -
66.249.69.28 - - [04/Oct/2016:02:55:51 -0500] "GET /Autoliquidacion/Solicitud%20de%20Clasificaci%C3%B3n%20de%20Impacto%20Ambiental/lista-chequeo-sol-clasificacion-impacto-ambiental0.pdf HTTP/1.1" 200 124784
164.132.161.44 - - [04/Oct/2016:02:55:52 -0500] "GET /BLA/resoluciones/RESOLUCIONES%202006/RES%202006%20751-800/00000761.tif HTTP/1.1" 200 144874
66.249.69.165 - - [04/Oct/2016:02:56:05 -0500] "GET /BLA/resoluciones/RESOLUCIONES%202007/RES%202007%202401%20AL%202500/RESOLUCION%202488%20DE%202007.pdf HTTP/1.1" 304 -
161.18.106.2 - - [04/Oct/2016:02:56:05 -0500] "GET /galeria/galeria/jquery.fancybox.css?v=2.1.5 HTTP/1.1" 304 -
161.18.106.2 - - [04/Oct/2016:02:56:05 -0500] "GET /BLA/boletinlegal/js/jquery.scrollShow.js HTTP/1.1" 304 -
161.18.106.2 - - [04/Oct/2016:02:56:05 -0500] "GET /galeria/galeria/jquery.fancybox.js?v=2.1.5 HTTP/1.1" 304 -
66.249.69.165 - - [04/Oct/2016:02:56:13 -0500] "GET /BLA/resoluciones/AUTOS%202014/4289.pdf HTTP/1.1" 304 -
66.249.69.168 - - [04/Oct/2016:02:56:29 -0500] "GET /BLA/resoluciones/RESOLUCIONES%202009/5985.pdf HTTP/1.1" 304 -
192.168.175.104 - - [04/Oct/2016:02:56:58 -0500] "GET / HTTP/1.1" 200 9990
66.249.69.165 - - [04/Oct/2016:02:57:00 -0500] "GET /BLA/resoluciones/AUTOS%202010/3183.pdf HTTP/1.1" 304 -
66.249.69.165 - - [04/Oct/2016:02:57:08 -0500] "GET /BLA/resoluciones/Notificaciones/REGISTROS%202014/01411.doc HTTP/1.1" 304 -
66.249.69.165 - - [04/Oct/2016:02:57:16 -0500] "GET /BLA/resoluciones/AUTOS%202014/1233.pdf HTTP/1.1" 304 -
66.249.69.165 - - [04/Oct/2016:02:57:23 -0500] "GET /BLA/resoluciones/RESOLUCIONES%202008/4187.pdf HTTP/1.1" 200 588463
66.249.69.165 - - [04/Oct/2016:02:57:40 -0500] "GET /BLA/resoluciones/AUTOS%202014/5967.pdf HTTP/1.1" 304 -
66.249.69.165 - - [04/Oct/2016:02:58:03 -0500] "GET /BLA/resoluciones/RESOLUCIONES%202014/0386.pdf HTTP/1.1" 304 -
163.172.66.150 - - [04/Oct/2016:02:58:21 -0500] "GET /BLA/resoluciones/RESOLUCIONES%202002/RES%202002%20551-600/00000573.tif HTTP/1.1" 200 160378
66.249.69.165 - - [04/Oct/2016:02:58:34 -0500] "GET /BLA/resoluciones/RESOLUCIONES%202009/6802.pdf HTTP/1.1" 200 715456
192.168.175.104 - - [04/Oct/2016:02:59:13 -0500] "GET / HTTP/1.1" 200 9990
66.249.69.168 - - [04/Oct/2016:02:59:14 -0500] "GET /BLA/resoluciones/RESOLUCIONES%202010/4175.pdf HTTP/1.1" 304 -
192.168.175.104 - - [04/Oct/2016:02:59:20 -0500] "GET / HTTP/1.0" 200 9990
66.249.69.168 - - [04/Oct/2016:02:59:30 -0500] "GET /BLA/resoluciones/AUTOS%202014/1176.pdf HTTP/1.1" 304 -
66.249.69.165 - - [04/Oct/2016:02:59:45 -0500] "GET /BLA/resoluciones/RESOLUCIONES%202007/RES%202007%20401%20AL%20500/RESOLUCION%200431%20DE%202007.pdf HTTP/1.1" 304 -
66.249.69.165 - - [04/Oct/2016:02:59:53 -0500] "GET /BLA/resoluciones/AUTOS%202013/1178.pdf HTTP/1.1" 304 -
69.162.124.232 - - [04/Oct/2016:03:00:08 -0500] "HEAD / HTTP/1.1" 200 -
66.249.69.165 - - [04/Oct/2016:03:00:25 -0500] "GET /BLA/resoluciones/AUTOS%202013/0351.pdf HTTP/1.1" 304 -
66.249.69.28 - - [04/Oct/2016:03:00:30 -0500] "GET /Autoliquidacion/Solicitud%20de%20Licencia%20Ambiental/Solicitud%20de%20licencia%20ambiental.....pdf HTTP/1.1" 200 99744
66.249.69.165 - - [04/Oct/2016:03:00:32 -0500] "GET /BLA/resoluciones/RESOLUCIONES%202014/0565.pdf HTTP/1.1" 304 -
66.249.69.165 - - [04/Oct/2016:03:00:40 -0500] "GET /BLA/resoluciones/RESOLUCIONES%202007/RES%202007%202301%20AL%202400/RESOLUCION%202343%20DE%202007.pdf HTTP/1.1" 304 -
66.249.69.165 - - [04/Oct/2016:03:00:48 -0500] "GET /BLA/resoluciones/RESOLUCIONES%202011/5482.pdf HTTP/1.1" 304 -
51.255.65.72 - - [04/Oct/2016:03:00:48 -0500] "GET /BLA/resoluciones/AUTOS%202006/AUTOS%202006%201601%20-%201700/00001646.tif HTTP/1.1" 200 113070
66.249.69.165 - - [04/Oct/2016:03:00:54 -0500] "GET /BLA/resoluciones/RESOLUCIONES%202009/4640.pdf HTTP/1.1" 200 293729
66.249.69.171 - - [04/Oct/2016:03:01:13 -0500] "GET /BLA/resoluciones/RESOLUCIONES%202010/7751.pdf HTTP/1.1" 304 -
51.255.65.20 - - [04/Oct/2016:03:01:21 -0500] "GET /BLA/resoluciones/RESOLUCIONES%202006/RES%202006%201251-1300/00001279.tif HTTP/1.1" 200 290256
51.255.65.43 - - [04/Oct/2016:03:01:26 -0500] "GET /BLA/resoluciones/RESOLUCIONES%202004/RES%202004%20651-700/00000695.tif HTTP/1.1" 200 203932
66.249.69.165 - - [04/Oct/2016:03:01:27 -0500] "GET /BLA/resoluciones/AUTOS%202010/2227.pdf HTTP/1.1" 304 -
66.249.69.168 - - [04/Oct/2016:03:01:35 -0500] "GET /BLA/resoluciones/RESOLUCIONES%202007/RES%202007%202101%20AL%202200/RESOLUCION%202115%20DE%202007.pdf HTTP/1.1" 304 -
163.172.66.100 - - [04/Oct/2016:03:01:42 -0500] "GET /BLA/resoluciones/index.php?dir=RESOLUCIONES%202007/RES%202007%20601%20AL%20700/&sort=size&order=desc HTTP/1.1" 200 26654
66.249.69.168 - - [04/Oct/2016:03:01:51 -0500] "GET /BLA/resoluciones/RESOLUCIONES%202010/7206.pdf HTTP/1.1" 304 -
192.168.175.104 - - [04/Oct/2016:03:01:56 -0500] "GET / HTTP/1.1" 200 9990
207.46.13.160 - - [04/Oct/2016:03:02:05 -0500] "GET /ecodirectorio/files/res/downloads/download_0052.pdf HTTP/1.1" 200 309337
207.46.13.160 - - [04/Oct/2016:03:02:06 -0500] "GET /BLA/boletinlegal/norma_menu.php HTTP/1.1" 200 5344
207.46.13.160 - - [04/Oct/2016:03:02:07 -0500] "GET /PORTAL_SIAC/swf/videos/ HTTP/1.1" 200 13066
207.46.13.160 - - [04/Oct/2016:03:02:07 -0500] "GET /POT-2013/index.php?dir=Articulado/&sort=name&order=asc HTTP/1.1" 200 1857
207.46.13.160 - - [04/Oct/2016:03:02:07 -0500] "GET /SIG/Comunicaciones/126PG02-PR02.pdf HTTP/1.1" 200 58239
207.46.13.160 - - [04/Oct/2016:03:02:08 -0500] "GET /SIG/Comunicaciones/126PG02-PR04.pdf HTTP/1.1" 200 73943
207.46.13.160 - - [04/Oct/2016:03:02:08 -0500] "GET /SIG/Direccionamiento%20Estrategico/126PG01-PR16.pdf HTTP/1.1" 200 991849
207.46.13.160 - - [04/Oct/2016:03:02:09 -0500] "GET /SIG/Gestion%20Documental/126PA06-PR01%20CONTROL%20DOCUMENTOS%20SIG.pdf HTTP/1.1" 200 377965
207.46.13.160 - - [04/Oct/2016:03:02:10 -0500] "GET /SIG/Gestion%20Documental/126PA06-PR07%20CONTROL%20Y%20TRAMITE%20CORRESPONDENCIA%20EXT%20RECIBIDA.pdf HTTP/1.1" 200 369841
207.46.13.160 - - [04/Oct/2016:03:02:11 -0500] "GET /SIG/Gestion%20Recursos%20Financieros/126PA02-PR10%20SOLICITUD%20Y%20EXPEDICION%20CRP.pdf HTTP/1.1" 200 249802
207.46.13.160 - - [04/Oct/2016:03:02:11 -0500] "GET /SIG/Gesti%C3%83%C2%B3n%20Talento%20Humano/126PA01-PR13.pdf HTTP/1.1" 404 1019
207.46.13.160 - - [04/Oct/2016:03:02:11 -0500] "GET /SIG/Gesti%C3%B3n%20Talento%20Humano/126PA01-PR15.pdf HTTP/1.1" 200 49275
207.46.13.160 - - [04/Oct/2016:03:02:12 -0500] "GET /SIG/Gesti%C3%B3n%20Talento%20Humano/126PA01-PR19.pdf HTTP/1.1" 200 54976
207.46.13.160 - - [04/Oct/2016:03:02:13 -0500] "GET /SIG/Gesti%C3%B3n%20Talento%20Humano/126PA01-PR20.pdf HTTP/1.1" 200 71236
207.46.13.160 - - [04/Oct/2016:03:02:13 -0500] "GET /SIG/Gesti%C3%B3n%20Talento%20Humano/126PA01-PR26.pdf HTTP/1.1" 200 60767
207.46.13.160 - - [04/Oct/2016:03:02:14 -0500] "GET /SIG/Gesti%C3%B3n%20de%20Recursos%20F%C3%ADsicos/126PA04-PR04.pdf HTTP/1.1" 200 23183
207.46.13.160 - - [04/Oct/2016:03:02:15 -0500] "GET /Anexos%20estudio%20Organizacional%20SDA/ANEXO%20No.%201-%20NORMAS%20LEGALES%20DE%20ESTRUCTURA%20Y%20PLANTA/Decreto%20175%20de%202009%20.htm HTTP/1.1" 200 53743
207.46.13.160 - - [04/Oct/2016:03:02:16 -0500] "GET /SIG/Gesti%C3%B3n%20de%20Recursos%20F%C3%ADsicos/126PA04-PR08.pdf HTTP/1.1" 200 59271
207.46.13.160 - - [04/Oct/2016:03:02:16 -0500] "GET /SIG/index.php?dir=Educaci\xc3\xb3n%20Ambiental/&sort=name&order=desc HTTP/1.1" 200 4716
207.46.13.160 - - [04/Oct/2016:03:02:17 -0500] "GET /Anexos%20estudio%20Organizacional%20SDA/index.php?dir=ANEXO%20No.%203-%20CONTRATACI\xc3\x83\xe2\x80\x9cN%20%20OPS\xc3\x82\xc2\xb4s%202008-2012/&sort=date&order=asc HTTP/1.1" 200 6160
207.46.13.160 - - [04/Oct/2016:03:02:17 -0500] "GET /SIG/Gesti%C3%B3n%20de%20Recursos%20F%C3%ADsicos/126PA04-PR20.pdf HTTP/1.1" 200 56070
207.46.13.160 - - [04/Oct/2016:03:02:17 -0500] "GET /Anexos%20estudio%20Organizacional%20SDA/index.php?dir=ANEXO%20No.%203-%20CONTRATACI\xc3\x83\xe2\x80\x9cN%20%20OPS\xc3\x82\xc2\xb4s%202008-2012/&sort=size&order=asc HTTP/1.1" 200 6160
207.46.13.160 - - [04/Oct/2016:03:02:18 -0500] "GET /SIG/Gesti%C3%B3n%20de%20Recursos%20F%C3%ADsicos/126PA04-PR31.pdf HTTP/1.1" 200 56246
207.46.13.160 - - [04/Oct/2016:03:02:18 -0500] "GET /SIG/Gesti%C3%B3n%20de%20Recursos%20F%C3%ADsicos/126PA04-PR37.pdf HTTP/1.1" 200 135270
207.46.13.160 - - [04/Oct/2016:03:02:19 -0500] "GET /SIG/Gesti%C3%B3n%20de%20Recursos%20Inform%C3%A1ticos%20y%20Tecnol%C3%B3gicos/126PA03-PR05.pdf HTTP/1.1" 200 1617284
207.46.13.160 - - [04/Oct/2016:03:02:20 -0500] "GET /SIG/index.php?dir=Gesti\xc3\xb3n%20Ambiental/&sort=date&order=asc HTTP/1.1" 200 4711
207.46.13.160 - - [04/Oct/2016:03:02:20 -0500] "GET /SIG/index.php?dir=Gesti\xc3\xb3n%20Ambiental/&sort=size&order=asc HTTP/1.1" 200 4711
207.46.13.160 - - [04/Oct/2016:03:02:20 -0500] "GET /SIG/index.php?dir=Gesti\xc3\xb3n%20Talento%20Humano/&sort=date&order=asc HTTP/1.1" 200 4726
207.46.13.160 - - [04/Oct/2016:03:02:21 -0500] "GET /SIG/index.php?dir=Gesti\xc3\xb3n%20Talento%20Humano/&sort=size&order=asc HTTP/1.1" 200 4726
66.249.69.165 - - [04/Oct/2016:03:02:22 -0500] "GET /BLA/resoluciones/RESOLUCIONES%202010/4514.pdf HTTP/1.1" 304 -
66.249.69.165 - - [04/Oct/2016:03:02:33 -0500] "GET /BLA/resoluciones/RESOLUCIONES%202008/3096.pdf HTTP/1.1" 200 209494
207.46.13.57 - - [04/Oct/2016:03:02:35 -0500] "GET /BLA/boletinlegal/registro/index.php HTTP/1.1" 200 2721
207.46.13.57 - - [04/Oct/2016:03:02:35 -0500] "GET /ecodirectorio/files/res/downloads/download_0159.pdf HTTP/1.1" 200 255594
207.46.13.57 - - [04/Oct/2016:03:02:36 -0500] "GET /SIG/Comunicaciones/126PG02-PR06.pdf HTTP/1.1" 200 62670
207.46.13.57 - - [04/Oct/2016:03:02:37 -0500] "GET /SIG/Control%20Disciplinario/plantilla%20para%20Procedimientos%20-%20disciplinario%20ordinario%20version%20080.pdf HTTP/1.1" 200 2256826
181.61.63.166 - - [04/Oct/2016:03:02:37 -0500] "GET /BLA/resoluciones/AUTOS%202014/1078.pdf HTTP/1.1" 200 617627
207.46.13.57 - - [04/Oct/2016:03:02:37 -0500] "GET /SIG/Control%20Disciplinario/plantilla%20para%20Procedimientos%20-%20disciplinario%20verbal%20version%20070.pdf HTTP/1.1" 200 1019404
66.249.69.165 - - [04/Oct/2016:03:02:38 -0500] "GET /BLA/resoluciones/AUTOS%202014/5658.pdf HTTP/1.1" 304 -
207.46.13.57 - - [04/Oct/2016:03:02:38 -0500] "GET /SIG/Control%20Disciplinario/plantilla%20para%20Procedimientos%20-%20segunda%20instancia%20version%20050.pdf HTTP/1.1" 200 855222
207.46.13.57 - - [04/Oct/2016:03:02:39 -0500] "GET /SIG/Control%20y%20mejora/126PE01-PR03.pdf HTTP/1.1" 200 78207
207.46.13.57 - - [04/Oct/2016:03:02:39 -0500] "GET /SIG/Direccionamiento%20Estrategico/126PG01-PR09.pdf HTTP/1.1" 200 2863502
207.46.13.57 - - [04/Oct/2016:03:02:40 -0500] "GET /SIG/Direccionamiento%20Estrategico/126PG01-PR14.pdf HTTP/1.1" 200 3995408
207.46.13.57 - - [04/Oct/2016:03:02:41 -0500] "GET /SIG/Direccionamiento%20Estrategico/126PG01-PR18.pdf HTTP/1.1" 200 1725719
207.46.13.57 - - [04/Oct/2016:03:02:42 -0500] "GET /SIG/Gestion%20Recursos%20Financieros/126PA02-PR27%20TRAMITE%20PAGOS.pdf HTTP/1.1" 200 453550
207.46.13.57 - - [04/Oct/2016:03:02:42 -0500] "GET /SIG/Gesti%C3%B3n%20de%20Recursos%20Inform%C3%A1ticos%20y%20Tecnol%C3%B3gicos/126PA03-PR07.pdf HTTP/1.1" 200 1216388
207.46.13.57 - - [04/Oct/2016:03:02:43 -0500] "GET /SIG/Gesti%C3%83%C2%B3n%20Ambiental/126PM03-PR03.pdf HTTP/1.1" 404 1019
207.46.13.57 - - [04/Oct/2016:03:02:43 -0500] "GET /SIG/Gesti%C3%B3n%20Ambiental/126PM03-PR10.pdf HTTP/1.1" 200 244426
207.46.13.57 - - [04/Oct/2016:03:02:44 -0500] "GET /SIG/Gesti%C3%B3n%20Ambiental/126PM03-PR29.pdf HTTP/1.1" 200 404124
207.46.13.57 - - [04/Oct/2016:03:02:44 -0500] "GET /SIG/Gesti%C3%B3n%20Talento%20Humano/126PA01-PR24.pdf HTTP/1.1" 200 65403
