66.249.64.82 - - [25/Oct/2016:02:27:18 -0500] "GET /BLA/resoluciones/RESOLUCIONES%202009/3803.pdf HTTP/1.1" 200 999606
66.249.64.82 - - [25/Oct/2016:02:27:34 -0500] "GET /BLA/resoluciones/RESOLUCIONES%202009/5615.pdf HTTP/1.1" 200 60202
66.249.64.82 - - [25/Oct/2016:02:27:50 -0500] "GET /BLA/resoluciones/RESOLUCIONES%202009/3330.pdf HTTP/1.1" 200 705640
192.168.175.104 - - [25/Oct/2016:02:28:03 -0500] "GET / HTTP/1.0" 200 9990
66.249.64.82 - - [25/Oct/2016:02:28:29 -0500] "GET /BLA/resoluciones/Notificaciones/AUTOS%202015/06602.doc HTTP/1.1" 200 108627
192.168.175.104 - - [25/Oct/2016:02:28:30 -0500] "GET / HTTP/1.1" 200 9990
66.249.64.82 - - [25/Oct/2016:02:28:38 -0500] "GET /BLA/resoluciones/RESOLUCIONES%202008/3059.pdf HTTP/1.1" 200 436473
66.249.64.82 - - [25/Oct/2016:02:28:44 -0500] "GET /BLA/resoluciones/RESOLUCIONES%202011/5448.pdf HTTP/1.1" 200 575054
201.245.192.253 - - [25/Oct/2016:02:28:49 -0500] "POST /forms/lservlet;jsessionid=ac16012b30d6edb16c4aa5cd4b0ebd13debbeda2de98.e3iSbxaKaheRe3yOchyOb3eLaO1ynknvrkLOlQzNp65In0 HTTP/1.1" 200 2
191.109.229.174 - - [25/Oct/2016:02:28:49 -0500] "GET /galeria/galeria/jquery.fancybox.css?v=2.1.5 HTTP/1.1" 200 4895
191.109.229.174 - - [25/Oct/2016:02:28:49 -0500] "GET /BLA/boletinlegal/js/jquery.scrollShow.js HTTP/1.1" 200 4586
191.109.229.174 - - [25/Oct/2016:02:28:49 -0500] "GET /galeria/galeria/jquery.fancybox.js?v=2.1.5 HTTP/1.1" 200 48706
191.109.229.174 - - [25/Oct/2016:02:28:58 -0500] "GET /BLA/boletinlegal/js/jquery.scrollShow.js HTTP/1.1" 304 -
191.109.229.174 - - [25/Oct/2016:02:28:58 -0500] "GET /galeria/galeria/jquery.fancybox.js?v=2.1.5 HTTP/1.1" 304 -
191.109.229.174 - - [25/Oct/2016:02:28:58 -0500] "GET /galeria/galeria/jquery.fancybox.css?v=2.1.5 HTTP/1.1" 304 -
66.249.64.87 - - [25/Oct/2016:02:29:07 -0500] "GET /BLA/resoluciones/RESOLUCIONES%202011/0612.pdf HTTP/1.1" 200 72553
69.162.124.232 - - [25/Oct/2016:02:29:14 -0500] "HEAD / HTTP/1.1" 200 -
192.168.175.104 - - [25/Oct/2016:02:29:38 -0500] "GET / HTTP/1.1" 200 9990
66.249.64.82 - - [25/Oct/2016:02:30:40 -0500] "GET /BLA/resoluciones/AUTOS%202009/3433.pdf HTTP/1.1" 200 98332
201.245.192.253 - - [25/Oct/2016:02:30:49 -0500] "POST /forms/lservlet;jsessionid=ac16012b30d6edb16c4aa5cd4b0ebd13debbeda2de98.e3iSbxaKaheRe3yOchyOb3eLaO1ynknvrkLOlQzNp65In0 HTTP/1.1" 200 2
66.249.64.82 - - [25/Oct/2016:02:31:15 -0500] "GET /BLA/resoluciones/RESOLUCIONES%202009/2022.pdf HTTP/1.1" 200 384560
66.249.64.82 - - [25/Oct/2016:02:31:26 -0500] "GET /BLA/resoluciones/Autos%202008/0797.pdf HTTP/1.1" 200 273286
147.96.14.15 - - [25/Oct/2016:02:31:56 -0500] "GET /galeria/galeria/jquery.fancybox.css?v=2.1.5 HTTP/1.1" 200 4895
147.96.14.15 - - [25/Oct/2016:02:31:56 -0500] "GET /BLA/boletinlegal/js/jquery.scrollShow.js HTTP/1.1" 200 4586
147.96.14.15 - - [25/Oct/2016:02:31:56 -0500] "GET /galeria/galeria/jquery.fancybox.js?v=2.1.5 HTTP/1.1" 200 48706
66.249.64.82 - - [25/Oct/2016:02:32:25 -0500] "GET /BLA/resoluciones/AUTOS%202009/2250.pdf HTTP/1.1" 200 120784
66.249.64.82 - - [25/Oct/2016:02:32:40 -0500] "GET /BLA/resoluciones/AUTOS%202009/0416.pdf HTTP/1.1" 200 216568
201.245.192.253 - - [25/Oct/2016:02:32:50 -0500] "POST /forms/lservlet;jsessionid=ac16012b30d6edb16c4aa5cd4b0ebd13debbeda2de98.e3iSbxaKaheRe3yOchyOb3eLaO1ynknvrkLOlQzNp65In0 HTTP/1.1" 200 2
5.170.107.244 - - [25/Oct/2016:02:33:00 -0500] "GET /galeria/galeria/fotos/Humedal-Santa-Mar%C3%ADa-del-Lago1G.jpg HTTP/1.1" 200 290867
185.158.113.14 - - [25/Oct/2016:02:33:01 -0500] "HEAD / HTTP/1.1" 200 -
192.168.175.104 - - [25/Oct/2016:02:33:02 -0500] "GET / HTTP/1.0" 200 9990
5.170.107.244 - - [25/Oct/2016:02:33:23 -0500] "GET /galeria/galeria/fotos/Humedal-Santa-Mar%C3%ADa-del-Lago4G.jpg HTTP/1.1" 200 361652
66.249.64.82 - - [25/Oct/2016:02:33:24 -0500] "GET /BLA/resoluciones/RESOLUCIONES%202011/1561.pdf HTTP/1.1" 200 197105
192.168.175.104 - - [25/Oct/2016:02:33:29 -0500] "GET / HTTP/1.1" 200 9990
66.249.64.82 - - [25/Oct/2016:02:33:35 -0500] "GET /galeria/nivo-slider/demo/images/Banner_wgic.jpg HTTP/1.1" 304 -
66.249.64.82 - - [25/Oct/2016:02:33:39 -0500] "GET /BLA/resoluciones/RESOLUCIONES%202008/1969.pdf HTTP/1.1" 200 64075
190.12.28.226 - - [25/Oct/2016:02:33:59 -0500] "GET /galeria/galeria/jquery.fancybox.css?v=2.1.5 HTTP/1.1" 200 4895
190.12.28.226 - - [25/Oct/2016:02:33:59 -0500] "GET /BLA/boletinlegal/js/jquery.scrollShow.js HTTP/1.1" 200 4586
190.12.28.226 - - [25/Oct/2016:02:33:59 -0500] "GET /galeria/galeria/jquery.fancybox.js?v=2.1.5 HTTP/1.1" 200 48706
66.249.64.82 - - [25/Oct/2016:02:34:03 -0500] "GET /BLA/resoluciones/AUTOS%202014/5110.pdf HTTP/1.1" 304 -
69.162.124.232 - - [25/Oct/2016:02:34:14 -0500] "HEAD / HTTP/1.1" 200 -
190.158.140.43 - - [25/Oct/2016:02:34:24 -0500] "GET /videos/galeria-cronicas/playlist.htm? HTTP/1.1" 200 8986
190.158.140.43 - - [25/Oct/2016:02:34:24 -0500] "GET /videos/galeria-cronicas/skin/blue.monday/jplayer.blue.monday.css HTTP/1.1" 200 12518
190.158.140.43 - - [25/Oct/2016:02:34:24 -0500] "GET /videos/galeria-cronicas/js/jquery.jplayer.min.js HTTP/1.1" 200 43668
190.158.140.43 - - [25/Oct/2016:02:34:24 -0500] "GET /videos/galeria-cronicas/js/jplayer.playlist.min.js HTTP/1.1" 200 8608
190.158.140.43 - - [25/Oct/2016:02:34:25 -0500] "GET /videos/galeria-cronicas/skin/blue.monday/jplayer.blue.monday.video.play.png HTTP/1.1" 200 14424
190.158.140.43 - - [25/Oct/2016:02:34:25 -0500] "GET /videos/galeria-cronicas/skin/blue.monday/jplayer.blue.monday.jpg HTTP/1.1" 200 23189
190.158.140.43 - - [25/Oct/2016:02:34:27 -0500] "GET /videos/galeria-cronicas/cronicas/NuestraGente20.mp4video.mp4 HTTP/1.1" 206 12986828
190.158.140.43 - - [25/Oct/2016:02:34:28 -0500] "GET /videos/galeria-cronicas/cronicas/NuestraGente20.mp4video.mp4 HTTP/1.1" 206 43468
190.158.140.43 - - [25/Oct/2016:02:34:28 -0500] "GET /videos/galeria-cronicas/cronicas/NuestraGente20.mp4video.mp4 HTTP/1.1" 206 12910592
190.158.140.43 - - [25/Oct/2016:02:34:30 -0500] "GET /videos/Disciplinarios.flv HTTP/1.1" 200 3644983
190.158.140.43 - - [25/Oct/2016:02:34:30 -0500] "GET /videos/galeria-cronicas/cronicas/NuestraGente20.mp4video.mp4 HTTP/1.1" 206 12874420
190.158.140.43 - - [25/Oct/2016:02:34:30 -0500] "GET /videos/galeria-cronicas/skin/blue.monday/jplayer.blue.monday.seeking.gif HTTP/1.1" 200 3284
190.12.28.226 - - [25/Oct/2016:02:34:33 -0500] "GET /galeria/galeria/jquery.fancybox.js?v=2.1.5 HTTP/1.1" 304 -
190.12.28.226 - - [25/Oct/2016:02:34:33 -0500] "GET /galeria/galeria/jquery.fancybox.css?v=2.1.5 HTTP/1.1" 304 -
190.12.28.226 - - [25/Oct/2016:02:34:33 -0500] "GET /BLA/boletinlegal/js/jquery.scrollShow.js HTTP/1.1" 304 -
192.168.175.104 - - [25/Oct/2016:02:34:37 -0500] "GET / HTTP/1.1" 200 9990
201.245.192.253 - - [25/Oct/2016:02:34:50 -0500] "POST /forms/lservlet;jsessionid=ac16012b30d6edb16c4aa5cd4b0ebd13debbeda2de98.e3iSbxaKaheRe3yOchyOb3eLaO1ynknvrkLOlQzNp65In0 HTTP/1.1" 200 2
190.158.140.43 - - [25/Oct/2016:02:35:05 -0500] "GET /videos/galeria-cronicas/cronicas/NuestraGente20.mp4video.mp4 HTTP/1.1" 206 460
190.158.140.43 - - [25/Oct/2016:02:35:08 -0500] "GET /videos/galeria-cronicas/cronicas/NuestraGente19.mp4video.mp4 HTTP/1.1" 206 3096613
190.158.140.43 - - [25/Oct/2016:02:35:08 -0500] "GET /videos/galeria-cronicas/cronicas/NuestraGente19.mp4video.mp4 HTTP/1.1" 206 49189
190.158.140.43 - - [25/Oct/2016:02:35:08 -0500] "GET /videos/galeria-cronicas/cronicas/NuestraGente19.mp4video.mp4 HTTP/1.1" 206 3011245
190.158.140.43 - - [25/Oct/2016:02:35:13 -0500] "GET /videos/galeria-cronicas/cronicas/NuestraGente19.mp4video.mp4 HTTP/1.1" 206 37
201.245.192.253 - - [25/Oct/2016:02:36:50 -0500] "POST /forms/lservlet;jsessionid=ac16012b30d6edb16c4aa5cd4b0ebd13debbeda2de98.e3iSbxaKaheRe3yOchyOb3eLaO1ynknvrkLOlQzNp65In0 HTTP/1.1" 200 2
66.249.64.71 - - [25/Oct/2016:02:37:51 -0500] "GET /portalsiaccapacitaciones/Listas%20de%20Asistencia%202014/Lista%20de%20Asistencia%20Sesi%C3%B3n%202.%20Sistema%20Integrado%20de%20Gesti%C3%B3n%2029-04-2014.pdf HTTP/1.1" 404 1018
192.168.175.104 - - [25/Oct/2016:02:38:00 -0500] "GET / HTTP/1.0" 200 9990
190.24.32.127 - - [25/Oct/2016:02:38:27 -0500] "GET /galeria/carrusel/Carrusel/jquery.thumbnailScroller.css HTTP/1.1" 200 2066
190.24.32.127 - - [25/Oct/2016:02:38:27 -0500] "GET /galeria/carrusel/Carrusel/jquery-ui-1.8.13.custom.min.js HTTP/1.1" 200 10800
190.24.32.127 - - [25/Oct/2016:02:38:27 -0500] "GET /galeria/carrusel/Carrusel/jquery.thumbnailScroller.js HTTP/1.1" 200 8157
192.168.175.104 - - [25/Oct/2016:02:38:27 -0500] "GET / HTTP/1.1" 200 9990
190.24.32.127 - - [25/Oct/2016:02:38:27 -0500] "GET /galeria/nivo-slider/demo/demo.html HTTP/1.1" 200 3424
190.24.32.127 - - [25/Oct/2016:02:38:27 -0500] "GET /galeria/nivo-slider/themes/pascal/pascal.css HTTP/1.1" 200 2258
190.24.32.127 - - [25/Oct/2016:02:38:27 -0500] "GET /galeria/nivo-slider/themes/default/default.css HTTP/1.1" 200 1569
190.24.32.127 - - [25/Oct/2016:02:38:27 -0500] "GET /galeria/nivo-slider/themes/orman/orman.css HTTP/1.1" 200 2152
190.24.32.127 - - [25/Oct/2016:02:38:27 -0500] "GET /galeria/nivo-slider/nivo-slider.css HTTP/1.1" 200 1507
190.24.32.127 - - [25/Oct/2016:02:38:27 -0500] "GET /galeria/nivo-slider/demo/style.css HTTP/1.1" 200 2222
190.24.32.127 - - [25/Oct/2016:02:38:27 -0500] "GET /galeria/nivo-slider/demo/scripts/jquery-1.7.1.min.js HTTP/1.1" 200 93868
190.24.32.127 - - [25/Oct/2016:02:38:27 -0500] "GET /galeria/nivo-slider/themes/default/loading.gif HTTP/1.1" 200 1737
190.24.32.127 - - [25/Oct/2016:02:38:27 -0500] "GET /galeria/nivo-slider/demo/images/4Simple_Slider.png HTTP/1.1" 200 11722
190.24.32.127 - - [25/Oct/2016:02:38:27 -0500] "GET /galeria/nivo-slider/jquery.nivo.slider.pack.js HTTP/1.1" 200 11561
190.24.32.127 - - [25/Oct/2016:02:38:28 -0500] "GET /galeria/nivo-slider/demo/images/banner%20web%20idiger%20simulacrodistrital.jpg HTTP/1.1" 200 278870
190.24.32.127 - - [25/Oct/2016:02:38:29 -0500] "GET /galeria/nivo-slider/demo/images/bannerinvitaci%C3%B3nacaminatasecologicas2.jpg HTTP/1.1" 200 513253
190.24.32.127 - - [25/Oct/2016:02:38:29 -0500] "GET /galeria/nivo-slider/demo/images/forolatinoamericanodeciudadesporelagua2.jpg HTTP/1.1" 200 217439
66.249.64.82 - - [25/Oct/2016:02:38:32 -0500] "GET /BLA/resoluciones/RESOLUCIONES%202010/1576.pdf HTTP/1.1" 200 494675
66.249.64.82 - - [25/Oct/2016:02:38:50 -0500] "GET /BLA/resoluciones/AUTOS%202009/1924.pdf HTTP/1.1" 200 182898
201.245.192.253 - - [25/Oct/2016:02:38:50 -0500] "POST /forms/lservlet;jsessionid=ac16012b30d6edb16c4aa5cd4b0ebd13debbeda2de98.e3iSbxaKaheRe3yOchyOb3eLaO1ynknvrkLOlQzNp65In0 HTTP/1.1" 200 2
66.249.64.82 - - [25/Oct/2016:02:38:59 -0500] "GET /BLA/resoluciones/RESOLUCIONES%202010/1934.pdf HTTP/1.1" 200 628174
69.162.124.232 - - [25/Oct/2016:02:39:14 -0500] "HEAD / HTTP/1.1" 200 -
66.249.64.82 - - [25/Oct/2016:02:39:21 -0500] "GET /BLA/resoluciones/RESOLUCIONES%202009/2818.pdf HTTP/1.1" 200 486766
66.249.64.82 - - [25/Oct/2016:02:39:27 -0500] "GET /BLA/resoluciones/AUTOS%202009/0980.pdf HTTP/1.1" 200 194866
192.168.175.104 - - [25/Oct/2016:02:39:35 -0500] "GET / HTTP/1.1" 200 9990
190.25.116.4 - - [25/Oct/2016:02:39:47 -0500] "GET /galeria/galeria/jquery.fancybox.css?v=2.1.5 HTTP/1.1" 200 4895
190.25.116.4 - - [25/Oct/2016:02:39:47 -0500] "GET /BLA/boletinlegal/js/jquery.scrollShow.js HTTP/1.1" 200 4586
190.25.116.4 - - [25/Oct/2016:02:39:47 -0500] "GET /galeria/galeria/jquery.fancybox.js?v=2.1.5 HTTP/1.1" 200 48706
190.25.116.4 - - [25/Oct/2016:02:40:03 -0500] "GET /galeria/galeria/jquery.fancybox.css?v=2.1.5 HTTP/1.1" 304 -
190.25.116.4 - - [25/Oct/2016:02:40:03 -0500] "GET /BLA/boletinlegal/js/jquery.scrollShow.js HTTP/1.1" 304 -
190.25.116.4 - - [25/Oct/2016:02:40:03 -0500] "GET /galeria/galeria/jquery.fancybox.js?v=2.1.5 HTTP/1.1" 304 -
40.77.167.93 - - [25/Oct/2016:02:40:15 -0500] "GET /BLA/boletinlegal/actas/097-2013.pdf HTTP/1.1" 200 164183
201.245.192.253 - - [25/Oct/2016:02:40:51 -0500] "POST /forms/lservlet;jsessionid=ac16012b30d6edb16c4aa5cd4b0ebd13debbeda2de98.e3iSbxaKaheRe3yOchyOb3eLaO1ynknvrkLOlQzNp65In0 HTTP/1.1" 200 2
163.172.66.183 - - [25/Oct/2016:02:40:55 -0500] "GET /BLA/resoluciones/RESOLUCIONES%202003/RES%202003%201951-2000/00001952.tif HTTP/1.1" 200 154854
157.55.39.190 - - [25/Oct/2016:02:41:24 -0500] "GET /dama/libreria/php/decide.php?patron=03.120701 HTTP/1.1" 404 1019
66.249.64.82 - - [25/Oct/2016:02:41:36 -0500] "GET /BLA/resoluciones/RESOLUCIONES%202011/1590.pdf HTTP/1.1" 200 69481
157.55.39.226 - - [25/Oct/2016:02:41:50 -0500] "GET /dama/libreria/php/decide.php?patron=03.150308 HTTP/1.1" 404 1019
66.249.64.91 - - [25/Oct/2016:02:41:51 -0500] "GET /BLA/resoluciones/RESOLUCIONES%202011/0928.pdf HTTP/1.1" 200 69139
201.245.192.253 - - [25/Oct/2016:02:42:51 -0500] "POST /forms/lservlet;jsessionid=ac16012b30d6edb16c4aa5cd4b0ebd13debbeda2de98.e3iSbxaKaheRe3yOchyOb3eLaO1ynknvrkLOlQzNp65In0 HTTP/1.1" 200 2
192.168.175.104 - - [25/Oct/2016:02:42:59 -0500] "GET / HTTP/1.0" 200 9990
163.172.66.169 - - [25/Oct/2016:02:43:23 -0500] "GET /BLA/resoluciones/RESOLUCIONES%202005/RES%202005%20901-950/00000938.tif HTTP/1.1" 200 146350
192.168.175.104 - - [25/Oct/2016:02:43:26 -0500] "GET / HTTP/1.1" 200 9990
163.172.64.230 - - [25/Oct/2016:02:43:26 -0500] "GET /BLA/resoluciones/RESOLUCIONES%202002/RES%202002%201851-1900/20021864.tif HTTP/1.1" 200 93456
69.162.124.232 - - [25/Oct/2016:02:44:14 -0500] "HEAD / HTTP/1.1" 200 -
66.249.64.82 - - [25/Oct/2016:02:44:28 -0500] "GET /BLA/resoluciones/AUTOS%202009/3250.pdf HTTP/1.1" 200 192433
66.249.64.82 - - [25/Oct/2016:02:44:29 -0500] "GET /BLA/resoluciones/RESOLUCIONES%202011/0266.pdf HTTP/1.1" 200 62838
192.168.175.104 - - [25/Oct/2016:02:44:33 -0500] "GET / HTTP/1.1" 200 9990
201.245.192.253 - - [25/Oct/2016:02:44:51 -0500] "POST /forms/lservlet;jsessionid=ac16012b30d6edb16c4aa5cd4b0ebd13debbeda2de98.e3iSbxaKaheRe3yOchyOb3eLaO1ynknvrkLOlQzNp65In0 HTTP/1.1" 200 2
51.255.65.31 - - [25/Oct/2016:02:45:00 -0500] "GET /BLA/resoluciones/AUTOS%202006/AUTOS%202006%202201%20-%202300/00002206.tif HTTP/1.1" 200 101108
66.249.64.82 - - [25/Oct/2016:02:45:13 -0500] "GET /autoliquidacion/index.php?dir=Solicitud%20de%20expedici%F3n%20de%20certificados%20de%20estado%20de%20conservaci%F3n%20ambiental%20(CECA)/&sort=name&order=desc HTTP/1.1" 200 2714
127.0.0.1 - - [25/Oct/2016:02:45:18 -0500] "POST /plugins/update-check/1.1/ HTTP/1.0" 404 1021
127.0.0.1 - - [25/Oct/2016:02:45:18 -0500] "POST /themes/update-check/1.1/ HTTP/1.0" 404 1021
127.0.0.1 - - [25/Oct/2016:02:45:18 -0500] "POST /core/version-check/1.7/?version=4.2.2&php=5.5.15&locale=es_ES&mysql=5.6.20&local_package=&blogs=1&users=587&multisite_enabled=0 HTTP/1.0" 404 1021
127.0.0.1 - - [25/Oct/2016:02:45:19 -0500] "POST /themes/update-check/1.1/ HTTP/1.0" 404 1021
127.0.0.1 - - [25/Oct/2016:02:45:19 -0500] "POST /plugins/update-check/1.1/ HTTP/1.0" 404 1021
66.249.64.82 - - [25/Oct/2016:02:45:19 -0500] "GET /BLA/resoluciones/RESOLUCIONES%202008/4462.pdf HTTP/1.1" 200 696783
66.249.64.82 - - [25/Oct/2016:02:45:20 -0500] "GET /BLA/resoluciones/RESOLUCIONES%202013/0333.pdf HTTP/1.1" 200 2325003
66.249.64.82 - - [25/Oct/2016:02:46:04 -0500] "GET /BLA/resoluciones/AUTOS%202009/2877.pdf HTTP/1.1" 200 102160
66.249.64.82 - - [25/Oct/2016:02:46:20 -0500] "GET /BLA/resoluciones/AUTOS%202009/1049.pdf HTTP/1.1" 200 145034
66.249.64.87 - - [25/Oct/2016:02:46:43 -0500] "GET /BLA/resoluciones/RESOLUCIONES%202010/2181.pdf HTTP/1.1" 200 487397
66.249.64.87 - - [25/Oct/2016:02:46:51 -0500] "GET /BLA/resoluciones/RESOLUCIONES%202009/1451.pdf HTTP/1.1" 200 499989
201.245.192.253 - - [25/Oct/2016:02:46:51 -0500] "POST /forms/lservlet;jsessionid=ac16012b30d6edb16c4aa5cd4b0ebd13debbeda2de98.e3iSbxaKaheRe3yOchyOb3eLaO1ynknvrkLOlQzNp65In0 HTTP/1.1" 200 2
66.249.64.82 - - [25/Oct/2016:02:47:02 -0500] "GET /BLA/resoluciones/RESOLUCIONES%202011/1003.pdf HTTP/1.1" 200 68261
66.249.64.82 - - [25/Oct/2016:02:47:31 -0500] "GET /BLA/resoluciones/AUTOS%202009/1251.pdf HTTP/1.1" 200 110480
192.168.175.104 - - [25/Oct/2016:02:47:58 -0500] "GET / HTTP/1.0" 200 9990
66.249.64.82 - - [25/Oct/2016:02:48:22 -0500] "GET /BLA/resoluciones/AUTOS%202009/1490.pdf HTTP/1.1" 200 108509
192.168.175.104 - - [25/Oct/2016:02:48:24 -0500] "GET / HTTP/1.1" 200 9990
66.249.64.82 - - [25/Oct/2016:02:48:38 -0500] "GET /BLA/resoluciones/AUTOS%202009/1569.pdf HTTP/1.1" 200 122912
66.249.64.82 - - [25/Oct/2016:02:48:42 -0500] "GET /BLA/resoluciones/RESOLUCIONES%202009/3808.pdf HTTP/1.1" 200 798268
201.245.192.253 - - [25/Oct/2016:02:48:51 -0500] "POST /forms/lservlet;jsessionid=ac16012b30d6edb16c4aa5cd4b0ebd13debbeda2de98.e3iSbxaKaheRe3yOchyOb3eLaO1ynknvrkLOlQzNp65In0 HTTP/1.1" 200 2
66.249.64.82 - - [25/Oct/2016:02:48:58 -0500] "GET /BLA/resoluciones/RESOLUCIONES%202008/3912.pdf HTTP/1.1" 200 464386
66.249.64.146 - - [25/Oct/2016:02:49:06 -0500] "GET /ecodirectorio/files/res/pages/page_0141.swf HTTP/1.1" 200 107865
69.162.124.232 - - [25/Oct/2016:02:49:14 -0500] "HEAD / HTTP/1.1" 200 -
66.249.64.82 - - [25/Oct/2016:02:49:17 -0500] "GET /galeria/galeria/fotos/Humedal-Tibanica3G.jpg HTTP/1.1" 200 428565
192.168.175.104 - - [25/Oct/2016:02:49:32 -0500] "GET / HTTP/1.1" 200 9990
157.55.39.24 - - [25/Oct/2016:02:50:09 -0500] "GET /galeria/mapa/humedal.html? HTTP/1.1" 200 11204
66.249.64.169 - - [25/Oct/2016:02:50:23 -0500] "GET /BLA/boletinlegal/Circulares/2011/Circular%20No.%207%20del%2023%20de%20Diciembre%20de%202011.pdf HTTP/1.1" 304 -
46.229.164.98 - - [25/Oct/2016:02:50:38 -0500] "GET /robots.txt HTTP/1.1" 404 1019
201.245.192.253 - - [25/Oct/2016:02:50:52 -0500] "POST /forms/lservlet;jsessionid=ac16012b30d6edb16c4aa5cd4b0ebd13debbeda2de98.e3iSbxaKaheRe3yOchyOb3eLaO1ynknvrkLOlQzNp65In0 HTTP/1.1" 200 2
66.249.64.82 - - [25/Oct/2016:02:50:55 -0500] "GET /autoliquidacion/index.php?dir=Grupo+Forestal+-+Silvicultura%2F HTTP/1.1" 200 4949
66.249.64.82 - - [25/Oct/2016:02:51:00 -0500] "GET /BLA/resoluciones/AUTOS%202009/3554.pdf HTTP/1.1" 200 166599
66.249.64.82 - - [25/Oct/2016:02:51:17 -0500] "GET /BLA/resoluciones/AUTOS%202009/1115.pdf HTTP/1.1" 200 115996
51.255.65.31 - - [25/Oct/2016:02:52:36 -0500] "GET /BLA/resoluciones/RESOLUCIONES%202005/RES%202005%202801-2850/00002839.tif HTTP/1.1" 200 122792
66.249.64.82 - - [25/Oct/2016:02:52:40 -0500] "GET /BLA/resoluciones/RESOLUCIONES%202010/0241.pdf HTTP/1.1" 200 272005
201.245.192.253 - - [25/Oct/2016:02:52:52 -0500] "POST /forms/lservlet;jsessionid=ac16012b30d6edb16c4aa5cd4b0ebd13debbeda2de98.e3iSbxaKaheRe3yOchyOb3eLaO1ynknvrkLOlQzNp65In0 HTTP/1.1" 200 2
192.168.175.104 - - [25/Oct/2016:02:52:56 -0500] "GET / HTTP/1.0" 200 9990
78.95.128.121 - - [25/Oct/2016:02:53:05 -0500] "GET /webdav/x32.php?host=95.186.19.32&time=60&port=80 HTTP/1.1" 404 1018
192.168.175.104 - - [25/Oct/2016:02:53:22 -0500] "GET / HTTP/1.1" 200 9990
66.249.64.82 - - [25/Oct/2016:02:53:39 -0500] "GET /BLA/resoluciones/RESOLUCIONES%202011/0887.pdf HTTP/1.1" 200 65043
69.162.124.232 - - [25/Oct/2016:02:54:14 -0500] "HEAD / HTTP/1.1" 200 -
40.77.169.100 - - [25/Oct/2016:02:54:19 -0500] "GET /dama/libreria/pdf/PMA_alcaldia.pdf HTTP/1.1" 404 1019
181.54.112.155 - - [25/Oct/2016:02:54:30 -0500] "GET /galeria/galeria/jquery.fancybox.css?v=2.1.5 HTTP/1.1" 200 4895
192.168.175.104 - - [25/Oct/2016:02:54:30 -0500] "GET / HTTP/1.1" 200 9990
201.245.192.253 - - [25/Oct/2016:02:54:52 -0500] "POST /forms/lservlet;jsessionid=ac16012b30d6edb16c4aa5cd4b0ebd13debbeda2de98.e3iSbxaKaheRe3yOchyOb3eLaO1ynknvrkLOlQzNp65In0 HTTP/1.1" 200 2
207.46.13.227 - - [25/Oct/2016:02:55:37 -0500] "GET /robots.txt HTTP/1.1" 404 1019
40.77.167.93 - - [25/Oct/2016:02:55:41 -0500] "GET /SIG/Gesti%C3%B3n%20Talento%20Humano/126PA01-PR25.pdf HTTP/1.1" 200 54733
51.255.65.71 - - [25/Oct/2016:02:55:45 -0500] "GET /Residuos/pinturas/pinturas.html HTTP/1.1" 200 1959
66.249.64.82 - - [25/Oct/2016:02:56:12 -0500] "GET /BLA/resoluciones/RESOLUCIONES%202008/0440.pdf HTTP/1.1" 200 408603
66.249.64.87 - - [25/Oct/2016:02:56:18 -0500] "GET /BLA/resoluciones/RESOLUCIONES%202009/0613.pdf HTTP/1.1" 200 310943
201.245.192.253 - - [25/Oct/2016:02:56:52 -0500] "POST /forms/lservlet;jsessionid=ac16012b30d6edb16c4aa5cd4b0ebd13debbeda2de98.e3iSbxaKaheRe3yOchyOb3eLaO1ynknvrkLOlQzNp65In0 HTTP/1.1" 200 2
66.249.64.99 - - [25/Oct/2016:02:57:06 -0500] "GET /BLA/resoluciones/RESOLUCIONES%202012/1865.pdf HTTP/1.1" 200 547021
66.249.64.87 - - [25/Oct/2016:02:57:14 -0500] "GET /BLA/resoluciones/RESOLUCIONES%202007/RES%202007%203401%20AL%203500/RESOLUCION%203479%20DE%202007.pdf HTTP/1.1" 200 528519
66.249.64.87 - - [25/Oct/2016:02:57:44 -0500] "GET /BLA/resoluciones/AUTOS%202012/0903.pdf HTTP/1.1" 200 349662
192.168.175.104 - - [25/Oct/2016:02:57:54 -0500] "GET / HTTP/1.0" 200 9990
192.168.175.104 - - [25/Oct/2016:02:58:21 -0500] "GET / HTTP/1.1" 200 9990
66.249.64.91 - - [25/Oct/2016:02:58:42 -0500] "GET /BLA/resoluciones/RESOLUCIONES%202011/0986.pdf HTTP/1.1" 200 70119
201.245.192.253 - - [25/Oct/2016:02:58:53 -0500] "POST /forms/lservlet;jsessionid=ac16012b30d6edb16c4aa5cd4b0ebd13debbeda2de98.e3iSbxaKaheRe3yOchyOb3eLaO1ynknvrkLOlQzNp65In0 HTTP/1.1" 200 2
66.249.64.82 - - [25/Oct/2016:02:59:01 -0500] "GET /BLA/resoluciones/RESOLUCIONES%202011/0397.pdf HTTP/1.1" 200 71993
66.249.64.82 - - [25/Oct/2016:02:59:06 -0500] "GET /BLA/resoluciones/RESOLUCIONES%202007/RES%202007%202201%20AL%202300/RESOLUCION%202208%20DE%202007.pdf HTTP/1.1" 304 -
69.162.124.232 - - [25/Oct/2016:02:59:14 -0500] "HEAD / HTTP/1.1" 200 -
192.168.175.104 - - [25/Oct/2016:02:59:29 -0500] "GET / HTTP/1.1" 200 9990
163.172.66.12 - - [25/Oct/2016:02:59:36 -0500] "GET /BLA/resoluciones/index.php?dir=RESOLUCIONES%202004/RES%202004%20351-400/&sort=size&order=desc HTTP/1.1" 200 12049
66.249.64.161 - - [25/Oct/2016:02:59:36 -0500] "GET /BLA/boletinlegal/Circulares/2010/Circular%2006%20de%208%20de%20septiembre%20de%202010.pdf HTTP/1.1" 304 -
66.249.64.82 - - [25/Oct/2016:03:00:10 -0500] "GET /BLA/resoluciones/RESOLUCIONES%202009/4268.pdf HTTP/1.1" 200 504713
40.77.167.93 - - [25/Oct/2016:03:00:17 -0500] "GET /SIG/Gesti%C3%B3n%20Talento%20Humano/126PA01-PR07.pdf HTTP/1.1" 200 59096
66.249.64.82 - - [25/Oct/2016:03:00:25 -0500] "GET /BLA/resoluciones/RESOLUCIONES%202014/0015.pdf HTTP/1.1" 200 529212
51.255.65.10 - - [25/Oct/2016:03:00:31 -0500] "GET /BLA/resoluciones/RESOLUCIONES%202006/RES%202006%20%202801-2850/00002825.tif HTTP/1.1" 200 145164
201.245.192.253 - - [25/Oct/2016:03:00:53 -0500] "POST /forms/lservlet;jsessionid=ac16012b30d6edb16c4aa5cd4b0ebd13debbeda2de98.e3iSbxaKaheRe3yOchyOb3eLaO1ynknvrkLOlQzNp65In0 HTTP/1.1" 200 2
190.25.87.172 - - [25/Oct/2016:03:01:25 -0500] "-" 408 -
190.25.87.172 - - [25/Oct/2016:03:01:25 -0500] "-" 408 -
190.25.87.172 - - [25/Oct/2016:03:01:25 -0500] "-" 408 -
190.25.87.172 - - [25/Oct/2016:03:01:25 -0500] "-" 408 -
66.249.64.82 - - [25/Oct/2016:03:02:16 -0500] "GET /BLA/resoluciones/RESOLUCIONES%202013/1450.pdf HTTP/1.1" 200 3807279
192.168.175.104 - - [25/Oct/2016:03:02:52 -0500] "GET / HTTP/1.0" 200 9990
201.245.192.253 - - [25/Oct/2016:03:02:53 -0500] "POST /forms/lservlet;jsessionid=ac16012b30d6edb16c4aa5cd4b0ebd13debbeda2de98.e3iSbxaKaheRe3yOchyOb3eLaO1ynknvrkLOlQzNp65In0 HTTP/1.1" 200 2
148.246.214.19 - - [25/Oct/2016:03:03:01 -0500] "GET /BLA/boletinlegal/js/jquery.scrollShow.js HTTP/1.1" 200 4586
148.246.214.19 - - [25/Oct/2016:03:03:03 -0500] "GET /galeria/galeria/jquery.fancybox.js?v=2.1.5 HTTP/1.1" 200 48706
148.246.214.19 - - [25/Oct/2016:03:03:04 -0500] "GET /galeria/galeria/jquery.fancybox.css?v=2.1.5 HTTP/1.1" 200 4895
148.246.214.19 - - [25/Oct/2016:03:03:09 -0500] "GET /galeria/carrusel/Carrusel/jquery.thumbnailScroller.css HTTP/1.1" 200 2066
148.246.214.19 - - [25/Oct/2016:03:03:10 -0500] "GET /galeria/carrusel/Carrusel/jquery-ui-1.8.13.custom.min.js HTTP/1.1" 200 10800
148.246.214.19 - - [25/Oct/2016:03:03:10 -0500] "GET /galeria/carrusel/Carrusel/jquery.thumbnailScroller.js HTTP/1.1" 200 8157
148.246.214.19 - - [25/Oct/2016:03:03:11 -0500] "GET /galeria/nivo-slider/demo/demo.html HTTP/1.1" 200 3424
148.246.214.19 - - [25/Oct/2016:03:03:11 -0500] "GET /galeria/nivo-slider/themes/default/default.css HTTP/1.1" 200 1569
148.246.214.19 - - [25/Oct/2016:03:03:11 -0500] "GET /galeria/nivo-slider/themes/pascal/pascal.css HTTP/1.1" 200 2258
148.246.214.19 - - [25/Oct/2016:03:03:11 -0500] "GET /galeria/nivo-slider/themes/orman/orman.css HTTP/1.1" 200 2152
148.246.214.19 - - [25/Oct/2016:03:03:11 -0500] "GET /galeria/nivo-slider/nivo-slider.css HTTP/1.1" 200 1507
148.246.214.19 - - [25/Oct/2016:03:03:11 -0500] "GET /galeria/nivo-slider/demo/style.css HTTP/1.1" 200 2222
148.246.214.19 - - [25/Oct/2016:03:03:12 -0500] "GET /galeria/nivo-slider/demo/scripts/jquery-1.7.1.min.js HTTP/1.1" 200 93868
148.246.214.19 - - [25/Oct/2016:03:03:12 -0500] "GET /galeria/nivo-slider/jquery.nivo.slider.pack.js HTTP/1.1" 200 11561
148.246.214.19 - - [25/Oct/2016:03:03:12 -0500] "GET /galeria/nivo-slider/demo/images/banner%20web%20idiger%20simulacrodistrital.jpg HTTP/1.1" 200 278870
148.246.214.19 - - [25/Oct/2016:03:03:12 -0500] "GET /galeria/nivo-slider/demo/images/forolatinoamericanodeciudadesporelagua2.jpg HTTP/1.1" 200 217439
148.246.214.19 - - [25/Oct/2016:03:03:12 -0500] "GET /galeria/nivo-slider/demo/images/bannerinvitaci%C3%B3nacaminatasecologicas2.jpg HTTP/1.1" 200 513253
148.246.214.19 - - [25/Oct/2016:03:03:13 -0500] "GET /galeria/nivo-slider/demo/images/bannersilvicultura.jpg HTTP/1.1" 200 173023
148.246.214.19 - - [25/Oct/2016:03:03:15 -0500] "GET /galeria/nivo-slider/themes/default/loading.gif HTTP/1.1" 200 1737
148.246.214.19 - - [25/Oct/2016:03:03:16 -0500] "GET /galeria/nivo-slider/demo/images/4Simple_Slider.png HTTP/1.1" 200 11722
148.246.214.19 - - [25/Oct/2016:03:03:17 -0500] "GET /galeria/nivo-slider/demo/images/bannerciclodecapacitacion2.jpg HTTP/1.1" 200 224889
192.168.175.104 - - [25/Oct/2016:03:03:18 -0500] "GET / HTTP/1.1" 200 9990
148.246.214.19 - - [25/Oct/2016:03:03:23 -0500] "GET /galeria/nivo-slider/demo/images/BANNERARBOLES.jpg HTTP/1.1" 200 227630
148.246.214.19 - - [25/Oct/2016:03:03:24 -0500] "GET /galeria/nivo-slider/demo/images/ACOPIADORESYGESTORES.jpg HTTP/1.1" 200 118791
148.246.214.19 - - [25/Oct/2016:03:03:27 -0500] "GET /galeria/nivo-slider/demo/images/vegetal.jpg HTTP/1.1" 200 216080
148.246.214.19 - - [25/Oct/2016:03:03:30 -0500] "GET /galeria/nivo-slider/demo/images/Ruta-vertimientos-01.jpg HTTP/1.1" 200 130151
148.246.214.19 - - [25/Oct/2016:03:03:31 -0500] "GET /galeria/nivo-slider/demo/images/bolsas-06.jpg HTTP/1.1" 200 210950
148.246.214.19 - - [25/Oct/2016:03:03:54 -0500] "GET /galeria/nivo-slider/themes/default/arrows.png HTTP/1.1" 200 824
148.246.214.19 - - [25/Oct/2016:03:03:54 -0500] "GET /galeria/nivo-slider/themes/default/bullets.png HTTP/1.1" 200 1281
69.162.124.232 - - [25/Oct/2016:03:04:14 -0500] "HEAD / HTTP/1.1" 200 -
192.168.175.104 - - [25/Oct/2016:03:04:27 -0500] "GET / HTTP/1.1" 200 9990
66.249.64.82 - - [25/Oct/2016:03:04:28 -0500] "GET /BLA/resoluciones/AUTOS%202009/3119.pdf HTTP/1.1" 200 153086
201.245.192.253 - - [25/Oct/2016:03:04:53 -0500] "POST /forms/lservlet;jsessionid=ac16012b30d6edb16c4aa5cd4b0ebd13debbeda2de98.e3iSbxaKaheRe3yOchyOb3eLaO1ynknvrkLOlQzNp65In0 HTTP/1.1" 200 2
148.246.214.19 - - [25/Oct/2016:03:04:54 -0500] "GET /galeria/galeria/jquery.fancybox.css?v=2.1.5 HTTP/1.1" 304 -
148.246.214.19 - - [25/Oct/2016:03:04:54 -0500] "GET /BLA/boletinlegal/js/jquery.scrollShow.js HTTP/1.1" 304 -
148.246.214.19 - - [25/Oct/2016:03:04:54 -0500] "GET /galeria/galeria/jquery.fancybox.js?v=2.1.5 HTTP/1.1" 304 -
66.249.64.82 - - [25/Oct/2016:03:04:58 -0500] "GET /BLA/resoluciones/RESOLUCIONES%202007/RES%202007%201501%20AL%201600/RESOLUCION%201576%20DE%202007.pdf HTTP/1.1" 200 511568
66.249.64.82 - - [25/Oct/2016:03:05:09 -0500] "GET /BLA/resoluciones/Autos%202008/1119.pdf HTTP/1.1" 200 170778
66.249.64.82 - - [25/Oct/2016:03:05:11 -0500] "GET /BLA/boletinlegal/Circulares/2011/Circular%20No.%207%20del%2023%20de%20Diciembre%20de%202011.pdf HTTP/1.1" 200 1107785
66.249.64.87 - - [25/Oct/2016:03:05:39 -0500] "GET /BLA/resoluciones/RESOLUCIONES%202010/6285.pdf HTTP/1.1" 304 -
66.249.64.82 - - [25/Oct/2016:03:05:52 -0500] "GET /BLA/resoluciones/RESOLUCIONES%202011/0370.pdf HTTP/1.1" 200 81501
66.249.64.82 - - [25/Oct/2016:03:05:54 -0500] "GET /BLA/resoluciones/RESOLUCIONES%202008/2607.pdf HTTP/1.1" 200 72795
66.249.64.82 - - [25/Oct/2016:03:05:55 -0500] "GET /BLA/resoluciones/AUTOS%202009/0813.pdf HTTP/1.1" 200 71713
181.50.53.230 - - [25/Oct/2016:03:06:08 -0500] "GET /galeria/galeria/jquery.fancybox.css?v=2.1.5 HTTP/1.1" 200 4895
181.50.53.230 - - [25/Oct/2016:03:06:08 -0500] "GET /BLA/boletinlegal/js/jquery.scrollShow.js HTTP/1.1" 200 4586
181.50.53.230 - - [25/Oct/2016:03:06:08 -0500] "GET /galeria/galeria/jquery.fancybox.js?v=2.1.5 HTTP/1.1" 200 48706
181.53.186.181 - - [25/Oct/2016:03:06:27 -0500] "GET /BLA/boletinlegal/js/jquery.scrollShow.js HTTP/1.1" 200 4586
181.53.186.181 - - [25/Oct/2016:03:06:27 -0500] "GET /galeria/galeria/jquery.fancybox.js?v=2.1.5 HTTP/1.1" 200 48706
181.53.186.181 - - [25/Oct/2016:03:06:27 -0500] "GET /galeria/galeria/jquery.fancybox.css?v=2.1.5 HTTP/1.1" 200 4895
181.53.186.181 - - [25/Oct/2016:03:06:30 -0500] "GET /galeria/galeria/jquery.fancybox.js?v=2.1.5 HTTP/1.1" 304 -
181.53.186.181 - - [25/Oct/2016:03:06:30 -0500] "GET /BLA/boletinlegal/js/jquery.scrollShow.js HTTP/1.1" 304 -
181.53.186.181 - - [25/Oct/2016:03:06:30 -0500] "GET /galeria/galeria/jquery.fancybox.css?v=2.1.5 HTTP/1.1" 304 -
201.245.192.253 - - [25/Oct/2016:03:06:54 -0500] "POST /forms/lservlet;jsessionid=ac16012b30d6edb16c4aa5cd4b0ebd13debbeda2de98.e3iSbxaKaheRe3yOchyOb3eLaO1ynknvrkLOlQzNp65In0 HTTP/1.1" 200 2
66.249.64.165 - - [25/Oct/2016:03:07:46 -0500] "GET /BLA/boletinlegal/jurisprudencia/analisis/Analisis%20jurisprudencial%20Sentencia%20C-366-11.doc HTTP/1.1" 304 -
66.249.64.82 - - [25/Oct/2016:03:07:49 -0500] "GET /BLA/resoluciones/RESOLUCIONES%202008/0933.pdf HTTP/1.1" 304 -
192.168.175.104 - - [25/Oct/2016:03:07:50 -0500] "GET / HTTP/1.0" 200 9990
192.168.175.104 - - [25/Oct/2016:03:08:16 -0500] "GET / HTTP/1.1" 200 9990
66.249.64.91 - - [25/Oct/2016:03:08:53 -0500] "GET /galeria/galeria/fotos/Jaboque1G.jpg HTTP/1.1" 304 -
201.245.192.253 - - [25/Oct/2016:03:08:54 -0500] "POST /forms/lservlet;jsessionid=ac16012b30d6edb16c4aa5cd4b0ebd13debbeda2de98.e3iSbxaKaheRe3yOchyOb3eLaO1ynknvrkLOlQzNp65In0 HTTP/1.1" 200 2
69.162.124.232 - - [25/Oct/2016:03:09:14 -0500] "HEAD / HTTP/1.1" 200 -
164.132.161.95 - - [25/Oct/2016:03:09:14 -0500] "GET /BLA/resoluciones/RESOLUCIONES%202004/RES%202004%20251-300/00000291.tif HTTP/1.1" 200 90286
192.168.175.104 - - [25/Oct/2016:03:09:25 -0500] "GET / HTTP/1.1" 200 9990
186.29.183.110 - - [25/Oct/2016:03:09:38 -0500] "GET /BLA/boletinlegal/js/jquery.scrollShow.js HTTP/1.1" 200 4586
186.29.183.110 - - [25/Oct/2016:03:09:38 -0500] "GET /galeria/galeria/jquery.fancybox.css?v=2.1.5 HTTP/1.1" 200 4895
186.29.183.110 - - [25/Oct/2016:03:09:38 -0500] "GET /galeria/galeria/jquery.fancybox.js?v=2.1.5 HTTP/1.1" 200 48706
186.29.183.110 - - [25/Oct/2016:03:09:50 -0500] "GET /BLA/boletinlegal/js/jquery.scrollShow.js HTTP/1.1" 304 -
186.29.183.110 - - [25/Oct/2016:03:09:50 -0500] "GET /galeria/galeria/jquery.fancybox.js?v=2.1.5 HTTP/1.1" 304 -
186.29.183.110 - - [25/Oct/2016:03:09:50 -0500] "GET /galeria/galeria/jquery.fancybox.css?v=2.1.5 HTTP/1.1" 304 -
66.249.64.126 - - [25/Oct/2016:03:10:04 -0500] "GET /BLA/boletinlegal/Circulares/2011/Circular%20No.%207%20del%2015%20de%20Septiembre%20de%202011.pdf HTTP/1.1" 200 314873
201.245.192.253 - - [25/Oct/2016:03:10:54 -0500] "POST /forms/lservlet;jsessionid=ac16012b30d6edb16c4aa5cd4b0ebd13debbeda2de98.e3iSbxaKaheRe3yOchyOb3eLaO1ynknvrkLOlQzNp65In0 HTTP/1.1" 200 2
66.249.64.82 - - [25/Oct/2016:03:11:21 -0500] "GET /BLA/resoluciones/AUTOS%202014/1361.pdf HTTP/1.1" 200 509251
66.249.64.82 - - [25/Oct/2016:03:11:24 -0500] "GET /BLA/resoluciones/AUTOS%202009/1634.pdf HTTP/1.1" 200 114905
66.249.64.82 - - [25/Oct/2016:03:12:00 -0500] "GET /BLA/resoluciones/AUTOS%202009/0659.pdf HTTP/1.1" 200 102937
66.249.64.82 - - [25/Oct/2016:03:12:06 -0500] "GET /BLA/resoluciones/RESOLUCIONES%202014/2211.pdf HTTP/1.1" 200 469314
51.255.65.96 - - [25/Oct/2016:03:12:07 -0500] "GET /BLA/resoluciones/RESOLUCIONES%202003/RES%202003%201201-1250/2003RES1208.tif HTTP/1.1" 200 2103320
66.249.64.82 - - [25/Oct/2016:03:12:15 -0500] "GET /BLA/resoluciones/RESOLUCIONES%202010/2866.pdf HTTP/1.1" 200 874867
66.249.64.82 - - [25/Oct/2016:03:12:21 -0500] "GET /BLA/resoluciones/AUTOS%202014/0763.pdf HTTP/1.1" 200 424642
66.249.64.87 - - [25/Oct/2016:03:12:28 -0500] "GET /BLA/resoluciones/AUTOS%202009/1437.pdf HTTP/1.1" 200 209288
192.168.175.104 - - [25/Oct/2016:03:12:49 -0500] "GET / HTTP/1.0" 200 9990
66.249.64.82 - - [25/Oct/2016:03:12:51 -0500] "GET /BLA/resoluciones/AUTOS%202012/2918.pdf HTTP/1.1" 200 1683985
201.245.192.253 - - [25/Oct/2016:03:12:54 -0500] "POST /forms/lservlet;jsessionid=ac16012b30d6edb16c4aa5cd4b0ebd13debbeda2de98.e3iSbxaKaheRe3yOchyOb3eLaO1ynknvrkLOlQzNp65In0 HTTP/1.1" 200 2
66.249.64.82 - - [25/Oct/2016:03:13:06 -0500] "GET /BLA/resoluciones/Notificaciones/REGISTROS%202014/00997.doc HTTP/1.1" 304 -
192.168.175.104 - - [25/Oct/2016:03:13:14 -0500] "GET / HTTP/1.1" 200 9990
69.162.124.232 - - [25/Oct/2016:03:14:14 -0500] "HEAD / HTTP/1.1" 200 -
192.168.175.104 - - [25/Oct/2016:03:14:24 -0500] "GET / HTTP/1.1" 200 9990
201.245.192.253 - - [25/Oct/2016:03:14:54 -0500] "POST /forms/lservlet;jsessionid=ac16012b30d6edb16c4aa5cd4b0ebd13debbeda2de98.e3iSbxaKaheRe3yOchyOb3eLaO1ynknvrkLOlQzNp65In0 HTTP/1.1" 200 2
163.172.65.47 - - [25/Oct/2016:03:14:59 -0500] "GET /BLA/resoluciones/RESOLUCIONES%202006/RES%202006%20301-350/00000315.tif HTTP/1.1" 200 115136
66.249.64.82 - - [25/Oct/2016:03:16:06 -0500] "GET /BLA/resoluciones/RESOLUCIONES%202007/RES%202007%204201%20AL%204300/RESOLUCION%204202%20DE%202007.pdf HTTP/1.1" 304 -
66.249.64.82 - - [25/Oct/2016:03:16:23 -0500] "GET /BLA/resoluciones/RESOLUCIONES%202007/RES%202007%202501%20AL%202600/RESOLUCION%202517%20DE%202007.pdf HTTP/1.1" 200 235989
181.142.215.140 - - [25/Oct/2016:03:16:38 -0500] "GET /BLA/boletinlegal/js/jquery.scrollShow.js HTTP/1.1" 200 4586
181.142.215.140 - - [25/Oct/2016:03:16:38 -0500] "GET /galeria/galeria/jquery.fancybox.js?v=2.1.5 HTTP/1.1" 200 48706
181.142.215.140 - - [25/Oct/2016:03:16:38 -0500] "GET /galeria/galeria/jquery.fancybox.css?v=2.1.5 HTTP/1.1" 200 4895
66.249.64.82 - - [25/Oct/2016:03:16:51 -0500] "GET /BLA/resoluciones/AUTOS%202008/3491.pdf HTTP/1.1" 304 -
201.245.192.253 - - [25/Oct/2016:03:16:55 -0500] "POST /forms/lservlet;jsessionid=ac16012b30d6edb16c4aa5cd4b0ebd13debbeda2de98.e3iSbxaKaheRe3yOchyOb3eLaO1ynknvrkLOlQzNp65In0 HTTP/1.1" 200 2
66.249.88.4 - - [25/Oct/2016:03:17:08 -0500] "GET /BLA/boletinlegal/js/jquery.scrollShow.js HTTP/1.1" 200 4586
66.249.88.4 - - [25/Oct/2016:03:17:08 -0500] "GET /galeria/galeria/jquery.fancybox.css?v=2.1.5 HTTP/1.1" 200 4895
66.249.88.1 - - [25/Oct/2016:03:17:08 -0500] "GET /galeria/galeria/jquery.fancybox.js?v=2.1.5 HTTP/1.1" 200 48706
66.249.64.82 - - [25/Oct/2016:03:17:20 -0500] "GET /BLA/resoluciones/AUTOS%202011/7514.pdf HTTP/1.1" 200 148435
66.249.64.82 - - [25/Oct/2016:03:17:21 -0500] "GET /BLA/resoluciones/RESOLUCIONES%202010/6278.pdf HTTP/1.1" 304 -
181.142.215.140 - - [25/Oct/2016:03:17:22 -0500] "GET /galeria/galeria/jquery.fancybox.js?v=2.1.5 HTTP/1.1" 304 -
181.142.215.140 - - [25/Oct/2016:03:17:22 -0500] "GET /galeria/galeria/jquery.fancybox.css?v=2.1.5 HTTP/1.1" 304 -
181.142.215.140 - - [25/Oct/2016:03:17:22 -0500] "GET /BLA/boletinlegal/js/jquery.scrollShow.js HTTP/1.1" 304 -
181.54.112.155 - - [25/Oct/2016:03:17:24 -0500] "GET /galeria/galeria/jquery.fancybox.css?v=2.1.5 HTTP/1.1" 200 4895
181.54.112.155 - - [25/Oct/2016:03:17:24 -0500] "GET /galeria/galeria/jquery.fancybox.js?v=2.1.5 HTTP/1.1" 200 48706
181.54.112.155 - - [25/Oct/2016:03:17:24 -0500] "GET /BLA/boletinlegal/js/jquery.scrollShow.js HTTP/1.1" 200 4586
181.54.112.155 - - [25/Oct/2016:03:17:29 -0500] "GET /BLA/boletinlegal/js/jquery.scrollShow.js HTTP/1.1" 304 -
181.54.112.155 - - [25/Oct/2016:03:17:29 -0500] "GET /galeria/galeria/jquery.fancybox.css?v=2.1.5 HTTP/1.1" 304 -
181.54.112.155 - - [25/Oct/2016:03:17:29 -0500] "GET /galeria/galeria/jquery.fancybox.js?v=2.1.5 HTTP/1.1" 304 -
192.168.175.104 - - [25/Oct/2016:03:17:47 -0500] "GET / HTTP/1.0" 200 9990
66.249.64.82 - - [25/Oct/2016:03:17:55 -0500] "GET /BLA/resoluciones/RESOLUCIONES%202013/0174.pdf HTTP/1.1" 200 2945421
192.168.175.104 - - [25/Oct/2016:03:18:12 -0500] "GET / HTTP/1.1" 200 9990
66.249.64.82 - - [25/Oct/2016:03:18:21 -0500] "GET /BLA/resoluciones/RESOLUCIONES%202009/3780.pdf HTTP/1.1" 200 454918
66.249.64.91 - - [25/Oct/2016:03:18:39 -0500] "GET /BLA/resoluciones/AUTOS%202014/3197.pdf HTTP/1.1" 200 433775
201.245.192.253 - - [25/Oct/2016:03:18:55 -0500] "POST /forms/lservlet;jsessionid=ac16012b30d6edb16c4aa5cd4b0ebd13debbeda2de98.e3iSbxaKaheRe3yOchyOb3eLaO1ynknvrkLOlQzNp65In0 HTTP/1.1" 200 2
163.172.66.35 - - [25/Oct/2016:03:18:55 -0500] "GET /BLA/resoluciones/RESOLUCIONES%202005/RES%202005%203101-3150/00003104.tif HTTP/1.1" 200 140092
69.162.124.232 - - [25/Oct/2016:03:19:14 -0500] "HEAD / HTTP/1.1" 200 -
66.249.88.1 - - [25/Oct/2016:03:19:16 -0500] "GET /BLA/boletinlegal/js/jquery.scrollShow.js HTTP/1.1" 304 -
66.249.88.7 - - [25/Oct/2016:03:19:16 -0500] "GET /galeria/galeria/jquery.fancybox.css?v=2.1.5 HTTP/1.1" 304 -
66.249.88.1 - - [25/Oct/2016:03:19:16 -0500] "GET /galeria/galeria/jquery.fancybox.js?v=2.1.5 HTTP/1.1" 304 -
66.249.64.82 - - [25/Oct/2016:03:19:19 -0500] "GET /BLA/resoluciones/RESOLUCIONES%202009/8646.pdf HTTP/1.1" 200 52580
192.168.175.104 - - [25/Oct/2016:03:19:22 -0500] "GET / HTTP/1.1" 200 9990
66.249.64.82 - - [25/Oct/2016:03:19:35 -0500] "GET /BLA/resoluciones/AUTOS%202014/6162.pdf HTTP/1.1" 304 -
66.249.64.82 - - [25/Oct/2016:03:19:36 -0500] "GET /portalsiaccapacitaciones/Listas%20de%20Asistencia%202015/LA%20HC%2019-08-2015.pdf HTTP/1.1" 200 521470
66.249.64.82 - - [25/Oct/2016:03:19:37 -0500] "GET /BLA/resoluciones/RESOLUCIONES%202009/5911.pdf HTTP/1.1" 200 549987
167.0.15.63 - - [25/Oct/2016:03:20:11 -0500] "GET /galeria/galeria/jquery.fancybox.css?v=2.1.5 HTTP/1.1" 200 4895
167.0.15.63 - - [25/Oct/2016:03:20:11 -0500] "GET /BLA/boletinlegal/js/jquery.scrollShow.js HTTP/1.1" 200 4586
167.0.15.63 - - [25/Oct/2016:03:20:11 -0500] "GET /galeria/galeria/jquery.fancybox.js?v=2.1.5 HTTP/1.1" 200 48706
167.0.15.63 - - [25/Oct/2016:03:20:20 -0500] "GET /BLA/boletinlegal/js/jquery.scrollShow.js HTTP/1.1" 304 -
167.0.15.63 - - [25/Oct/2016:03:20:20 -0500] "GET /galeria/galeria/jquery.fancybox.js?v=2.1.5 HTTP/1.1" 304 -
167.0.15.63 - - [25/Oct/2016:03:20:20 -0500] "GET /galeria/galeria/jquery.fancybox.css?v=2.1.5 HTTP/1.1" 304 -
201.245.192.253 - - [25/Oct/2016:03:20:55 -0500] "POST /forms/lservlet;jsessionid=ac16012b30d6edb16c4aa5cd4b0ebd13debbeda2de98.e3iSbxaKaheRe3yOchyOb3eLaO1ynknvrkLOlQzNp65In0 HTTP/1.1" 200 2
66.249.64.82 - - [25/Oct/2016:03:21:00 -0500] "GET /BLA/resoluciones/AUTOS%202013/0458.pdf HTTP/1.1" 200 3295760
66.249.64.161 - - [25/Oct/2016:03:22:26 -0500] "GET /BLA/boletinlegal/jurisprudencia/analisis/analisis%20C-595-2010.doc HTTP/1.1" 304 -
192.168.175.104 - - [25/Oct/2016:03:22:45 -0500] "GET / HTTP/1.0" 200 9990
201.245.192.253 - - [25/Oct/2016:03:22:55 -0500] "POST /forms/lservlet;jsessionid=ac16012b30d6edb16c4aa5cd4b0ebd13debbeda2de98.e3iSbxaKaheRe3yOchyOb3eLaO1ynknvrkLOlQzNp65In0 HTTP/1.1" 200 2
192.168.175.104 - - [25/Oct/2016:03:23:10 -0500] "GET / HTTP/1.1" 200 9990
66.249.64.82 - - [25/Oct/2016:03:23:18 -0500] "GET /BLA/resoluciones/AUTOS%202009/1211.pdf HTTP/1.1" 200 123056
66.249.64.91 - - [25/Oct/2016:03:23:52 -0500] "GET /BLA/resoluciones/AUTOS%202010/1379.pdf HTTP/1.1" 200 259115
69.162.124.232 - - [25/Oct/2016:03:24:14 -0500] "HEAD / HTTP/1.1" 200 -
192.168.175.104 - - [25/Oct/2016:03:24:20 -0500] "GET / HTTP/1.1" 200 9990
66.249.64.82 - - [25/Oct/2016:03:24:54 -0500] "GET /BLA/resoluciones/RESOLUCIONES%202008/2525.pdf HTTP/1.1" 200 457759
201.245.192.253 - - [25/Oct/2016:03:24:56 -0500] "POST /forms/lservlet;jsessionid=ac16012b30d6edb16c4aa5cd4b0ebd13debbeda2de98.e3iSbxaKaheRe3yOchyOb3eLaO1ynknvrkLOlQzNp65In0 HTTP/1.1" 200 2
66.249.64.82 - - [25/Oct/2016:03:25:20 -0500] "GET /BLA/resoluciones/RESOLUCIONES%202013/0693.pdf HTTP/1.1" 200 3440049
66.249.64.82 - - [25/Oct/2016:03:26:00 -0500] "GET /BLA/resoluciones/RESOLUCIONES%202010/6778.pdf HTTP/1.1" 200 726534
66.249.64.82 - - [25/Oct/2016:03:26:40 -0500] "GET /BLA/resoluciones/AUTOS%202015/0499.pdf HTTP/1.1" 304 -
201.245.192.253 - - [25/Oct/2016:03:26:56 -0500] "POST /forms/lservlet;jsessionid=ac16012b30d6edb16c4aa5cd4b0ebd13debbeda2de98.e3iSbxaKaheRe3yOchyOb3eLaO1ynknvrkLOlQzNp65In0 HTTP/1.1" 200 2
66.249.64.82 - - [25/Oct/2016:03:27:35 -0500] "GET /BLA/resoluciones/RESOLUCIONES%202011/3761.pdf HTTP/1.1" 200 582289
192.168.175.104 - - [25/Oct/2016:03:27:43 -0500] "GET / HTTP/1.0" 200 9990
66.249.64.82 - - [25/Oct/2016:03:28:02 -0500] "GET /BLA/resoluciones/RESOLUCIONES%202010/5730.pdf HTTP/1.1" 200 75795
192.168.175.104 - - [25/Oct/2016:03:28:09 -0500] "GET / HTTP/1.1" 200 9990
201.245.192.253 - - [25/Oct/2016:03:28:56 -0500] "POST /forms/lservlet;jsessionid=ac16012b30d6edb16c4aa5cd4b0ebd13debbeda2de98.e3iSbxaKaheRe3yOchyOb3eLaO1ynknvrkLOlQzNp65In0 HTTP/1.1" 200 2
69.162.124.232 - - [25/Oct/2016:03:29:14 -0500] "HEAD / HTTP/1.1" 200 -
192.168.175.104 - - [25/Oct/2016:03:29:19 -0500] "GET / HTTP/1.1" 200 9990
163.172.66.26 - - [25/Oct/2016:03:30:34 -0500] "GET /BLA/resoluciones/AUTOS%202006/AUTOS%202006%202101%20-%202200/00002177.tif HTTP/1.1" 200 56126
180.76.15.160 - - [25/Oct/2016:03:30:35 -0500] "GET / HTTP/1.1" 200 9990
66.249.64.82 - - [25/Oct/2016:03:30:36 -0500] "GET /BLA/resoluciones/AUTOS%202011/0217.pdf HTTP/1.1" 200 444200
164.132.161.96 - - [25/Oct/2016:03:30:45 -0500] "GET /BLA/resoluciones/index.php?dir=RESOLUCIONES%202007/RES%202007%204301%20AL%204352/&sort=size&order=asc HTTP/1.1" 200 14905
163.172.65.38 - - [25/Oct/2016:03:30:50 -0500] "GET /BLA/resoluciones/RESOLUCIONES%202006/RES%202006%20601-650/00000622.tif HTTP/1.1" 200 226624
201.245.192.253 - - [25/Oct/2016:03:30:56 -0500] "POST /forms/lservlet;jsessionid=ac16012b30d6edb16c4aa5cd4b0ebd13debbeda2de98.e3iSbxaKaheRe3yOchyOb3eLaO1ynknvrkLOlQzNp65In0 HTTP/1.1" 200 2
66.249.64.91 - - [25/Oct/2016:03:31:43 -0500] "GET /BLA/resoluciones/RESOLUCIONES%202007/RES%202007%202801%20AL%202900/RESOLUCION%202811%20DE%202007.pdf HTTP/1.1" 200 570262
66.249.64.82 - - [25/Oct/2016:03:31:59 -0500] "GET /BLA/resoluciones/RESOLUCIONES%202008/2929.pdf HTTP/1.1" 200 175585
207.46.13.209 - - [25/Oct/2016:03:32:23 -0500] "GET /robots.txt HTTP/1.1" 404 1018
192.168.175.104 - - [25/Oct/2016:03:32:41 -0500] "GET / HTTP/1.0" 200 9990
201.245.192.253 - - [25/Oct/2016:03:32:57 -0500] "POST /forms/lservlet;jsessionid=ac16012b30d6edb16c4aa5cd4b0ebd13debbeda2de98.e3iSbxaKaheRe3yOchyOb3eLaO1ynknvrkLOlQzNp65In0 HTTP/1.1" 200 2
192.168.175.104 - - [25/Oct/2016:03:33:06 -0500] "GET / HTTP/1.1" 200 9990
66.249.64.82 - - [25/Oct/2016:03:33:07 -0500] "GET /BLA/resoluciones/RESOLUCIONES%202009/1692.pdf HTTP/1.1" 200 770474
66.249.64.82 - - [25/Oct/2016:03:33:23 -0500] "GET /BLA/resoluciones/RESOLUCIONES%202007/RES%202007%201501%20AL%201600/RESOLUCION%201574%20DE%202007.pdf HTTP/1.1" 200 640055
69.162.124.232 - - [25/Oct/2016:03:34:14 -0500] "HEAD / HTTP/1.1" 200 -
192.168.175.104 - - [25/Oct/2016:03:34:17 -0500] "GET / HTTP/1.1" 200 9990
163.172.65.113 - - [25/Oct/2016:03:34:41 -0500] "GET /BLA/resoluciones/RESOLUCIONES%202005/RES%202005%20151-200/00000197.tif HTTP/1.1" 200 42186
66.249.64.87 - - [25/Oct/2016:03:34:41 -0500] "GET /BLA/resoluciones/RESOLUCIONES%202007/RES%202007%20201%20AL%20300/RESOLUCION%200268%20DE%202007.pdf HTTP/1.1" 200 33240
201.245.192.253 - - [25/Oct/2016:03:34:57 -0500] "POST /forms/lservlet;jsessionid=ac16012b30d6edb16c4aa5cd4b0ebd13debbeda2de98.e3iSbxaKaheRe3yOchyOb3eLaO1ynknvrkLOlQzNp65In0 HTTP/1.1" 200 2
66.249.64.82 - - [25/Oct/2016:03:35:10 -0500] "GET /BLA/resoluciones/RESOLUCIONES%202007/RES%202007%202501%20AL%202600/RESOLUCION%202518%20DE%202007.pdf HTTP/1.1" 304 -
163.172.66.181 - - [25/Oct/2016:03:35:17 -0500] "GET /BLA/resoluciones/RESOLUCIONES%202004/RES%202004%202151-2200/00002158.tif HTTP/1.1" 200 83534
66.249.64.82 - - [25/Oct/2016:03:35:28 -0500] "GET /BLA/resoluciones/AUTOS%202009/0379.pdf HTTP/1.1" 200 213796
131.253.25.180 - - [25/Oct/2016:03:35:31 -0500] "GET /galeria/galeria/jquery.fancybox.js?v=2.1.5 HTTP/1.1" 200 48706
131.253.27.35 - - [25/Oct/2016:03:35:32 -0500] "GET /galeria/galeria/jquery.fancybox.css?v=2.1.5 HTTP/1.1" 200 4895
131.253.27.35 - - [25/Oct/2016:03:35:34 -0500] "GET /galeria/nivo-slider/demo/demo.html HTTP/1.1" 200 3424
131.253.27.144 - - [25/Oct/2016:03:35:34 -0500] "GET /galeria/carrusel/Carrusel/jquery.thumbnailScroller.css HTTP/1.1" 200 2066
131.253.25.197 - - [25/Oct/2016:03:35:35 -0500] "GET /galeria/nivo-slider/themes/default/default.css HTTP/1.1" 200 1569
131.253.27.141 - - [25/Oct/2016:03:35:36 -0500] "GET /galeria/nivo-slider/themes/pascal/pascal.css HTTP/1.1" 200 2258
131.253.27.35 - - [25/Oct/2016:03:35:36 -0500] "GET /galeria/nivo-slider/themes/orman/orman.css HTTP/1.1" 200 2152
131.253.25.197 - - [25/Oct/2016:03:35:36 -0500] "GET /galeria/nivo-slider/nivo-slider.css HTTP/1.1" 200 1507
131.253.27.35 - - [25/Oct/2016:03:35:37 -0500] "GET /galeria/nivo-slider/demo/style.css HTTP/1.1" 200 2222
131.253.27.55 - - [25/Oct/2016:03:35:37 -0500] "GET /galeria/carrusel/Carrusel/jquery-ui-1.8.13.custom.min.js HTTP/1.1" 200 10800
131.253.27.144 - - [25/Oct/2016:03:35:38 -0500] "GET /galeria/nivo-slider/demo/images/banner%20web%20idiger%20simulacrodistrital.jpg HTTP/1.1" 200 278870
131.253.27.55 - - [25/Oct/2016:03:35:40 -0500] "GET /galeria/nivo-slider/demo/images/forolatinoamericanodeciudadesporelagua2.jpg HTTP/1.1" 200 217439
131.253.27.167 - - [25/Oct/2016:03:35:41 -0500] "GET /galeria/carrusel/Carrusel/jquery.thumbnailScroller.js HTTP/1.1" 200 8157
131.253.27.19 - - [25/Oct/2016:03:35:45 -0500] "GET /galeria/nivo-slider/demo/images/bannerinvitaci%C3%B3nacaminatasecologicas2.jpg HTTP/1.1" 200 513253
131.253.27.141 - - [25/Oct/2016:03:35:47 -0500] "GET /galeria/nivo-slider/demo/images/bannerciclodecapacitacion2.jpg HTTP/1.1" 200 224889
131.253.27.144 - - [25/Oct/2016:03:35:49 -0500] "GET /galeria/nivo-slider/demo/images/BANNERARBOLES.jpg HTTP/1.1" 200 227630
131.253.27.167 - - [25/Oct/2016:03:35:52 -0500] "GET /galeria/nivo-slider/demo/images/Ruta-vertimientos-01.jpg HTTP/1.1" 200 130151
131.253.25.164 - - [25/Oct/2016:03:35:54 -0500] "GET /galeria/nivo-slider/demo/images/bolsas-06.jpg HTTP/1.1" 200 210950
66.249.64.82 - - [25/Oct/2016:03:35:55 -0500] "GET /BLA/resoluciones/AUTOS%202014/4096.pdf HTTP/1.1" 304 -
131.253.25.164 - - [25/Oct/2016:03:36:00 -0500] "GET /galeria/nivo-slider/themes/default/loading.gif HTTP/1.1" 200 1737
68.180.230.228 - - [25/Oct/2016:03:36:10 -0500] "GET /robots.txt HTTP/1.1" 404 1018
163.172.65.108 - - [25/Oct/2016:03:36:11 -0500] "GET /BLA/resoluciones/RESOLUCIONES%202004/RES%202004%201301-1350/00001321.tif HTTP/1.1" 200 100868
201.245.192.253 - - [25/Oct/2016:03:36:57 -0500] "POST /forms/lservlet;jsessionid=ac16012b30d6edb16c4aa5cd4b0ebd13debbeda2de98.e3iSbxaKaheRe3yOchyOb3eLaO1ynknvrkLOlQzNp65In0 HTTP/1.1" 200 2
192.168.175.104 - - [25/Oct/2016:03:37:39 -0500] "GET / HTTP/1.0" 200 9990
66.249.64.82 - - [25/Oct/2016:03:37:56 -0500] "GET /BLA/resoluciones/RESOLUCIONES%202012/1012.pdf HTTP/1.1" 200 517611
66.249.64.87 - - [25/Oct/2016:03:38:03 -0500] "GET /BLA/resoluciones/RESOLUCIONES%202009/5097.pdf HTTP/1.1" 200 496195
192.168.175.104 - - [25/Oct/2016:03:38:04 -0500] "GET / HTTP/1.1" 200 9990
164.132.161.93 - - [25/Oct/2016:03:38:27 -0500] "GET /BLA/resoluciones/RESOLUCIONES%202000/2000%201200-1249.tif HTTP/1.1" 200 4148361
66.249.64.91 - - [25/Oct/2016:03:38:42 -0500] "GET /BLA/resoluciones/RESOLUCIONES%202011/0284.pdf HTTP/1.1" 200 73181
201.245.192.253 - - [25/Oct/2016:03:38:57 -0500] "POST /forms/lservlet;jsessionid=ac16012b30d6edb16c4aa5cd4b0ebd13debbeda2de98.e3iSbxaKaheRe3yOchyOb3eLaO1ynknvrkLOlQzNp65In0 HTTP/1.1" 200 2
69.162.124.232 - - [25/Oct/2016:03:39:14 -0500] "HEAD / HTTP/1.1" 200 -
192.168.175.104 - - [25/Oct/2016:03:39:15 -0500] "GET / HTTP/1.1" 200 9990
66.249.64.91 - - [25/Oct/2016:03:39:43 -0500] "GET /portalsiaccapacitaciones/Listas%20de%20Asistencia%202015/LA%20HC%2025-05-2015.pdf HTTP/1.1" 200 556697
66.249.64.87 - - [25/Oct/2016:03:39:44 -0500] "GET /BLA/resoluciones/RESOLUCIONES%202009/4343.pdf HTTP/1.1" 304 -
66.249.64.87 - - [25/Oct/2016:03:40:04 -0500] "GET /BLA/resoluciones/RESOLUCIONES%202009/6931.pdf HTTP/1.1" 304 -
201.245.192.253 - - [25/Oct/2016:03:40:58 -0500] "POST /forms/lservlet;jsessionid=ac16012b30d6edb16c4aa5cd4b0ebd13debbeda2de98.e3iSbxaKaheRe3yOchyOb3eLaO1ynknvrkLOlQzNp65In0 HTTP/1.1" 200 2
66.249.64.82 - - [25/Oct/2016:03:41:01 -0500] "GET /BLA/resoluciones/RESOLUCIONES%202009/9268.pdf HTTP/1.1" 304 -
66.249.64.82 - - [25/Oct/2016:03:41:06 -0500] "GET /BLA/resoluciones/RESOLUCIONES%202011/1441.pdf HTTP/1.1" 200 62911
66.249.64.82 - - [25/Oct/2016:03:41:16 -0500] "GET /BLA/resoluciones/RESOLUCIONES%202010/5757.pdf HTTP/1.1" 304 -
66.249.64.87 - - [25/Oct/2016:03:41:44 -0500] "GET /BLA/resoluciones/RESOLUCIONES%202014/0676.pdf HTTP/1.1" 200 542289
66.249.64.82 - - [25/Oct/2016:03:42:01 -0500] "GET /BLA/resoluciones/AUTOS%202013/0337.pdf HTTP/1.1" 200 1643530
66.249.64.87 - - [25/Oct/2016:03:42:26 -0500] "GET /BLA/resoluciones/RESOLUCIONES%202007/RES%202007%201401%20AL%201500/RESOLUCION%201449%20DE%202007.pdf HTTP/1.1" 200 229463
66.249.64.87 - - [25/Oct/2016:03:42:30 -0500] "GET /BLA/resoluciones/RESOLUCIONES%202009/1943.pdf HTTP/1.1" 304 -
192.168.175.104 - - [25/Oct/2016:03:42:37 -0500] "GET / HTTP/1.0" 200 9990
66.249.64.91 - - [25/Oct/2016:03:42:43 -0500] "GET /BLA/resoluciones/Notificaciones/REGISTROS%202015/0982.doc HTTP/1.1" 200 206848
