66.249.64.51 - - [17/Nov/2016:02:14:44 -0500] "GET /BLA/resoluciones/RESOLUCIONES%202009/3817.pdf HTTP/1.1" 304 -
69.162.124.232 - - [17/Nov/2016:02:14:45 -0500] "HEAD / HTTP/1.1" 200 -
66.249.64.51 - - [17/Nov/2016:02:14:46 -0500] "GET /BLA/resoluciones/RESOLUCIONES%202007/RES%202007%201901%20AL%202000/RESOLUCION%201918%20DE%202007.pdf HTTP/1.1" 304 -
207.46.13.27 - - [17/Nov/2016:02:14:47 -0500] "GET /SIG/Gesti%C3%B3n%20Talento%20Humano/Gesti%C3%B3n%20Talento%20Humano/126PA01-PR24.pdf HTTP/1.1" 200 65403
66.249.64.51 - - [17/Nov/2016:02:14:48 -0500] "GET /BLA/resoluciones/AUTOS%202010/5384.pdf HTTP/1.1" 304 -
66.249.64.51 - - [17/Nov/2016:02:14:50 -0500] "GET /BLA/resoluciones/RESOLUCIONES%202007/RES%202007%203201%20AL%203300/RESOLUCION%203287%20DE%202007.pdf HTTP/1.1" 304 -
66.249.64.51 - - [17/Nov/2016:02:14:52 -0500] "GET /BLA/resoluciones/RESOLUCIONES%202013/1284.pdf HTTP/1.1" 304 -
66.249.64.51 - - [17/Nov/2016:02:14:54 -0500] "GET /BLA/resoluciones/RESOLUCIONES%202013/0936.pdf HTTP/1.1" 304 -
186.84.14.10 - - [17/Nov/2016:02:14:54 -0500] "GET /galeria/nivo-slider/demo/images/banner%20encuesta%20sda2-web3.jpg HTTP/1.1" 200 111668
186.84.14.10 - - [17/Nov/2016:02:14:54 -0500] "GET /galeria/nivo-slider/demo/images/bannerwebsemanecoempresarial.jpg HTTP/1.1" 200 108354
66.249.64.51 - - [17/Nov/2016:02:14:56 -0500] "GET /BLA/resoluciones/AUTOS%202012/1752.pdf HTTP/1.1" 304 -
66.249.64.51 - - [17/Nov/2016:02:14:57 -0500] "GET /BLA/resoluciones/AUTOS%202015/5602.pdf HTTP/1.1" 304 -
186.155.18.38 - - [17/Nov/2016:02:14:58 -0500] "GET /galeria/galeria/jquery.fancybox.css?v=2.1.5 HTTP/1.1" 200 4895
186.155.18.38 - - [17/Nov/2016:02:14:58 -0500] "GET /BLA/boletinlegal/js/jquery.scrollShow.js HTTP/1.1" 200 4586
186.155.18.38 - - [17/Nov/2016:02:14:58 -0500] "GET /galeria/galeria/jquery.fancybox.js?v=2.1.5 HTTP/1.1" 200 48706
66.249.64.51 - - [17/Nov/2016:02:14:59 -0500] "GET /BLA/resoluciones/RESOLUCIONES%202012/1725.pdf HTTP/1.1" 304 -
66.249.64.51 - - [17/Nov/2016:02:15:01 -0500] "GET /BLA/resoluciones/RESOLUCIONES%202013/0241.pdf HTTP/1.1" 304 -
66.249.64.51 - - [17/Nov/2016:02:15:03 -0500] "GET /BLA/resoluciones/RESOLUCIONES%202007/RES%202007%201501%20AL%201600/RESOLUCION%201550%20DE%202007.pdf HTTP/1.1" 304 -
186.84.14.10 - - [17/Nov/2016:02:15:04 -0500] "GET /galeria/nivo-slider/demo/images/BANNER%20ECORECICLATON-01d%20(2).jpg HTTP/1.1" 200 136864
186.84.14.10 - - [17/Nov/2016:02:15:04 -0500] "GET /galeria/nivo-slider/demo/images/bannerwebsemanecoempresarial.jpg HTTP/1.1" 200 108354
66.249.64.51 - - [17/Nov/2016:02:15:05 -0500] "GET /BLA/resoluciones/RESOLUCIONES%202011/4684.pdf HTTP/1.1" 304 -
66.249.64.51 - - [17/Nov/2016:02:15:07 -0500] "GET /BLA/resoluciones/AUTOS%202013/1296.pdf HTTP/1.1" 304 -
207.46.13.101 - - [17/Nov/2016:02:15:08 -0500] "GET /pot/pot8.htm HTTP/1.1" 404 1019
66.249.64.51 - - [17/Nov/2016:02:15:09 -0500] "GET /BLA/resoluciones/RESOLUCIONES%202009/2038.pdf HTTP/1.1" 304 -
186.155.18.38 - - [17/Nov/2016:02:15:10 -0500] "GET /BLA/boletinlegal/js/jquery.scrollShow.js HTTP/1.1" 304 -
186.155.18.38 - - [17/Nov/2016:02:15:10 -0500] "GET /galeria/galeria/jquery.fancybox.css?v=2.1.5 HTTP/1.1" 304 -
186.155.18.38 - - [17/Nov/2016:02:15:10 -0500] "GET /galeria/galeria/jquery.fancybox.js?v=2.1.5 HTTP/1.1" 304 -
66.249.64.51 - - [17/Nov/2016:02:15:11 -0500] "GET /BLA/resoluciones/RESOLUCIONES%202007/RES%202007%201001%20AL%201100/RESOLUCION%201019%20DE%202007.pdf HTTP/1.1" 304 -
66.249.64.51 - - [17/Nov/2016:02:15:13 -0500] "GET /BLA/resoluciones/RESOLUCIONES%202010/6176.pdf HTTP/1.1" 304 -
186.84.14.10 - - [17/Nov/2016:02:15:14 -0500] "GET /galeria/nivo-slider/demo/images/BANNER%20ECORECICLATON-01d%20(2).jpg HTTP/1.1" 200 136864
186.84.14.10 - - [17/Nov/2016:02:15:14 -0500] "GET /galeria/nivo-slider/demo/images/bannerinvitaci%C3%B3nacaminatasecologicas2.jpg HTTP/1.1" 200 513253
66.249.64.51 - - [17/Nov/2016:02:15:15 -0500] "GET /BLA/resoluciones/AUTOS%202013/0896.pdf HTTP/1.1" 304 -
66.249.64.51 - - [17/Nov/2016:02:15:17 -0500] "GET /BLA/resoluciones/RESOLUCIONES%202007/RES%202007%203301%20AL%203400/RESOLUCION%203326%20DE%202007.pdf HTTP/1.1" 304 -
66.249.64.51 - - [17/Nov/2016:02:15:19 -0500] "GET /BLA/resoluciones/RESOLUCIONES%202013/0693.pdf HTTP/1.1" 304 -
66.249.64.51 - - [17/Nov/2016:02:15:20 -0500] "GET /BLA/resoluciones/RESOLUCIONES%202013/0880.pdf HTTP/1.1" 304 -
66.249.64.51 - - [17/Nov/2016:02:15:22 -0500] "GET /BLA/resoluciones/AUTOS%202015/2008.pdf HTTP/1.1" 304 -
66.249.64.53 - - [17/Nov/2016:02:15:23 -0500] "GET /BLA/resoluciones/RESOLUCIONES%202011/4197.pdf HTTP/1.1" 200 425833
186.84.14.10 - - [17/Nov/2016:02:15:24 -0500] "GET /galeria/nivo-slider/demo/images/bannersilvicultura.jpg HTTP/1.1" 200 173023
66.249.64.53 - - [17/Nov/2016:02:15:24 -0500] "GET /BLA/resoluciones/AUTOS%202013/3073.pdf HTTP/1.1" 304 -
66.249.64.51 - - [17/Nov/2016:02:15:26 -0500] "GET /BLA/resoluciones/RESOLUCIONES%202010/7836.pdf HTTP/1.1" 304 -
66.249.64.51 - - [17/Nov/2016:02:15:28 -0500] "GET /BLA/resoluciones/RESOLUCIONES%202013/2081.pdf HTTP/1.1" 304 -
66.249.64.51 - - [17/Nov/2016:02:15:30 -0500] "GET /BLA/resoluciones/AUTOS%202007/3144.pdf HTTP/1.1" 304 -
66.249.64.51 - - [17/Nov/2016:02:15:32 -0500] "GET /BLA/resoluciones/RESOLUCIONES%202013/0767.pdf HTTP/1.1" 304 -
66.249.64.51 - - [17/Nov/2016:02:15:34 -0500] "GET /BLA/resoluciones/RESOLUCIONES%202013/0274.pdf HTTP/1.1" 304 -
186.84.14.10 - - [17/Nov/2016:02:15:34 -0500] "GET /galeria/nivo-slider/demo/images/bannersilvicultura.jpg HTTP/1.1" 200 173023
186.84.14.10 - - [17/Nov/2016:02:15:34 -0500] "GET /galeria/nivo-slider/demo/images/BANNERARBOLES.jpg HTTP/1.1" 200 227630
66.249.64.51 - - [17/Nov/2016:02:15:36 -0500] "GET /BLA/resoluciones/AUTOS%202015/1312.pdf HTTP/1.1" 304 -
66.249.64.51 - - [17/Nov/2016:02:15:38 -0500] "GET /BLA/resoluciones/RESOLUCIONES%202008/3715.pdf HTTP/1.1" 200 178698
181.54.121.122 - - [17/Nov/2016:02:15:41 -0500] "GET /galeria/galeria/jquery.fancybox.css?v=2.1.5 HTTP/1.1" 304 -
181.54.121.122 - - [17/Nov/2016:02:15:41 -0500] "GET /BLA/boletinlegal/js/jquery.scrollShow.js HTTP/1.1" 304 -
181.54.121.122 - - [17/Nov/2016:02:15:41 -0500] "GET /galeria/galeria/jquery.fancybox.js?v=2.1.5 HTTP/1.1" 304 -
66.249.64.51 - - [17/Nov/2016:02:15:42 -0500] "GET /BLA/resoluciones/Notificaciones/REGISTROS%202014/01474.doc HTTP/1.1" 304 -
66.249.64.51 - - [17/Nov/2016:02:15:43 -0500] "GET /BLA/resoluciones/AUTOS%202015/0160.pdf HTTP/1.1" 304 -
186.84.14.10 - - [17/Nov/2016:02:15:44 -0500] "GET /galeria/nivo-slider/demo/images/BANNERARBOLES.jpg HTTP/1.1" 200 227630
186.84.14.10 - - [17/Nov/2016:02:15:44 -0500] "GET /galeria/nivo-slider/demo/images/ACOPIADORESYGESTORES.jpg HTTP/1.1" 200 118791
66.249.64.51 - - [17/Nov/2016:02:15:45 -0500] "GET /BLA/resoluciones/RESOLUCIONES%202007/RES%202007%204101%20AL%204200/RESOLUCION%204141%20DE%202007.pdf HTTP/1.1" 304 -
66.249.64.51 - - [17/Nov/2016:02:15:47 -0500] "GET /BLA/resoluciones/RESOLUCIONES%202007/RES%202007%202301%20AL%202400/RESOLUCION%202355%20DE%202007.pdf HTTP/1.1" 304 -
66.249.64.51 - - [17/Nov/2016:02:15:49 -0500] "GET /autoliquidacion/index.php?dir=TR%C1MITES+VERTIMIENTOS%2FPERMISOS+DE+VERTIMIENTOS%2F HTTP/1.1" 200 3692
66.249.64.51 - - [17/Nov/2016:02:15:51 -0500] "GET /BLA/resoluciones/RESOLUCIONES%202010/4788.pdf HTTP/1.1" 304 -
66.249.64.51 - - [17/Nov/2016:02:15:53 -0500] "GET /BLA/resoluciones/AUTOS%202014/1901.pdf HTTP/1.1" 304 -
186.84.14.10 - - [17/Nov/2016:02:15:54 -0500] "GET /galeria/nivo-slider/demo/images/ACOPIADORESYGESTORES.jpg HTTP/1.1" 200 118791
186.84.14.10 - - [17/Nov/2016:02:15:54 -0500] "GET /galeria/nivo-slider/demo/images/bannergestionambiental2.jpg HTTP/1.1" 200 245647
66.249.64.51 - - [17/Nov/2016:02:15:55 -0500] "GET /BLA/resoluciones/RESOLUCIONES%202010/6266.pdf HTTP/1.1" 304 -
66.249.64.51 - - [17/Nov/2016:02:15:57 -0500] "GET /BLA/resoluciones/RESOLUCIONES%202007/RES%202007%203201%20AL%203300/RESOLUCION%203257%20DE%202007.pdf HTTP/1.1" 304 -
66.249.64.51 - - [17/Nov/2016:02:15:59 -0500] "GET /BLA/resoluciones/AUTOS%202015/0327.pdf HTTP/1.1" 304 -
66.249.64.51 - - [17/Nov/2016:02:16:01 -0500] "GET /BLA/resoluciones/RESOLUCIONES%202013/0161.pdf HTTP/1.1" 304 -
66.249.64.51 - - [17/Nov/2016:02:16:03 -0500] "GET /BLA/resoluciones/RESOLUCIONES%202011/6125.pdf HTTP/1.1" 304 -
186.84.14.10 - - [17/Nov/2016:02:16:04 -0500] "GET /galeria/nivo-slider/demo/images/bannergestionambiental2.jpg HTTP/1.1" 200 245647
186.84.14.10 - - [17/Nov/2016:02:16:04 -0500] "GET /galeria/nivo-slider/demo/images/vegetal.jpg HTTP/1.1" 200 216080
66.249.64.51 - - [17/Nov/2016:02:16:04 -0500] "GET /BLA/resoluciones/AUTOS%202013/1944.pdf HTTP/1.1" 304 -
66.249.64.51 - - [17/Nov/2016:02:16:06 -0500] "GET /BLA/resoluciones/RESOLUCIONES%202014/3900.pdf HTTP/1.1" 304 -
123.125.67.163 - - [17/Nov/2016:02:16:07 -0500] "GET /BLA/resoluciones/AUTOS%202014/0822.pdf HTTP/1.1" 200 756105
66.249.64.51 - - [17/Nov/2016:02:16:08 -0500] "GET /BLA/resoluciones/RESOLUCIONES%202007/RES%202007%201801%20AL%201900/RESOLUCION%201855%20DE%202007.pdf HTTP/1.1" 304 -
181.56.195.18 - - [17/Nov/2016:02:16:08 -0500] "GET /galeria/galeria/jquery.fancybox.css?v=2.1.5 HTTP/1.1" 304 -
181.56.195.18 - - [17/Nov/2016:02:16:08 -0500] "GET /BLA/boletinlegal/js/jquery.scrollShow.js HTTP/1.1" 304 -
181.56.195.18 - - [17/Nov/2016:02:16:09 -0500] "GET /galeria/galeria/jquery.fancybox.js?v=2.1.5 HTTP/1.1" 304 -
66.249.64.51 - - [17/Nov/2016:02:16:10 -0500] "GET /BLA/resoluciones/AUTOS%202013/0353.pdf HTTP/1.1" 304 -
66.249.64.51 - - [17/Nov/2016:02:16:12 -0500] "GET /BLA/resoluciones/RESOLUCIONES%202013/1223.pdf HTTP/1.1" 304 -
186.84.14.10 - - [17/Nov/2016:02:16:14 -0500] "GET /galeria/nivo-slider/demo/images/vegetal.jpg HTTP/1.1" 200 216080
186.84.14.10 - - [17/Nov/2016:02:16:14 -0500] "GET /galeria/nivo-slider/demo/images/Ruta-vertimientos-01.jpg HTTP/1.1" 200 130151
66.249.64.51 - - [17/Nov/2016:02:16:14 -0500] "GET /BLA/resoluciones/RESOLUCIONES%202007/RES%202007%201001%20AL%201100/RESOLUCION%201059%20DE%202007.pdf HTTP/1.1" 304 -
66.249.64.51 - - [17/Nov/2016:02:16:16 -0500] "GET /BLA/resoluciones/AUTOS%202014/4278.pdf HTTP/1.1" 304 -
66.249.64.51 - - [17/Nov/2016:02:16:18 -0500] "GET /BLA/resoluciones/AUTOS%202009/0177.pdf HTTP/1.1" 304 -
66.249.64.51 - - [17/Nov/2016:02:16:20 -0500] "GET /BLA/resoluciones/AUTOS%202014/3387.pdf HTTP/1.1" 304 -
192.168.175.104 - - [17/Nov/2016:02:16:21 -0500] "GET / HTTP/1.0" 200 9990
66.249.64.51 - - [17/Nov/2016:02:16:22 -0500] "GET /BLA/resoluciones/RESOLUCIONES%202013/0050.pdf HTTP/1.1" 304 -
66.249.64.51 - - [17/Nov/2016:02:16:24 -0500] "GET /BLA/resoluciones/AUTOS%202014/2091.pdf HTTP/1.1" 304 -
186.84.14.10 - - [17/Nov/2016:02:16:24 -0500] "GET /galeria/nivo-slider/demo/images/Ruta-vertimientos-01.jpg HTTP/1.1" 200 130151
186.84.14.10 - - [17/Nov/2016:02:16:24 -0500] "GET /galeria/nivo-slider/demo/images/bolsas-06.jpg HTTP/1.1" 200 210950
66.249.64.51 - - [17/Nov/2016:02:16:26 -0500] "GET /BLA/resoluciones/RESOLUCIONES%202010/1748.pdf HTTP/1.1" 304 -
66.249.64.51 - - [17/Nov/2016:02:16:27 -0500] "GET /BLA/resoluciones/AUTOS%202015/1255.pdf HTTP/1.1" 304 -
192.168.175.104 - - [17/Nov/2016:02:16:29 -0500] "GET / HTTP/1.1" 200 9990
189.190.93.110 - - [17/Nov/2016:02:16:29 -0500] "GET /BLA/boletinlegal/js/jquery.scrollShow.js HTTP/1.1" 200 4586
189.190.93.110 - - [17/Nov/2016:02:16:29 -0500] "GET /galeria/galeria/jquery.fancybox.css?v=2.1.5 HTTP/1.1" 200 4895
189.190.93.110 - - [17/Nov/2016:02:16:29 -0500] "GET /galeria/galeria/jquery.fancybox.js?v=2.1.5 HTTP/1.1" 200 48706
66.249.64.51 - - [17/Nov/2016:02:16:29 -0500] "GET /BLA/resoluciones/AUTOS%202013/0354.pdf HTTP/1.1" 304 -
66.249.64.51 - - [17/Nov/2016:02:16:31 -0500] "GET /BLA/resoluciones/RESOLUCIONES%202011/0165.pdf HTTP/1.1" 304 -
66.249.64.51 - - [17/Nov/2016:02:16:33 -0500] "GET /BLA/resoluciones/RESOLUCIONES%202008/0411.pdf HTTP/1.1" 304 -
186.84.14.10 - - [17/Nov/2016:02:16:34 -0500] "GET /galeria/nivo-slider/demo/images/bolsas-06.jpg HTTP/1.1" 200 210950
186.84.14.10 - - [17/Nov/2016:02:16:34 -0500] "GET /galeria/nivo-slider/demo/images/bannerdiadelvoluntariado2.jpg HTTP/1.1" 200 92375
66.249.64.51 - - [17/Nov/2016:02:16:35 -0500] "GET /BLA/resoluciones/RESOLUCIONES%202009/4659.pdf HTTP/1.1" 304 -
66.249.64.51 - - [17/Nov/2016:02:16:37 -0500] "GET /BLA/resoluciones/AUTOS%202012/0200.pdf HTTP/1.1" 304 -
66.249.64.51 - - [17/Nov/2016:02:16:39 -0500] "GET /BLA/resoluciones/AUTOS%202014/6273.pdf HTTP/1.1" 304 -
66.249.64.51 - - [17/Nov/2016:02:16:41 -0500] "GET /BLA/resoluciones/AUTOS%202013/0223.pdf HTTP/1.1" 304 -
66.249.64.51 - - [17/Nov/2016:02:16:43 -0500] "GET /BLA/resoluciones/AUTOS%202013/2431.pdf HTTP/1.1" 304 -
186.84.14.10 - - [17/Nov/2016:02:16:44 -0500] "GET /galeria/nivo-slider/demo/images/bannerdiadelvoluntariado2.jpg HTTP/1.1" 200 92375
186.84.14.10 - - [17/Nov/2016:02:16:44 -0500] "GET /galeria/nivo-slider/demo/images/banner%20encuesta%20sda2-web3.jpg HTTP/1.1" 200 111668
66.249.64.51 - - [17/Nov/2016:02:16:45 -0500] "GET /BLA/resoluciones/RESOLUCIONES%202009/6734.pdf HTTP/1.1" 304 -
66.249.64.51 - - [17/Nov/2016:02:16:47 -0500] "GET /BLA/resoluciones/RESOLUCIONES%202007/RES%202007%202201%20AL%202300/RESOLUCION%202246%20DE%202007.pdf HTTP/1.1" 304 -
66.249.64.51 - - [17/Nov/2016:02:16:49 -0500] "GET /BLA/resoluciones/RESOLUCIONES%202011/1660.pdf HTTP/1.1" 304 -
66.249.64.51 - - [17/Nov/2016:02:16:50 -0500] "GET /BLA/resoluciones/AUTOS%202013/1308.pdf HTTP/1.1" 304 -
66.249.64.51 - - [17/Nov/2016:02:16:52 -0500] "GET /BLA/resoluciones/AUTOS%202008/0614.pdf HTTP/1.1" 304 -
186.84.14.10 - - [17/Nov/2016:02:16:54 -0500] "GET /galeria/nivo-slider/demo/images/banner%20encuesta%20sda2-web3.jpg HTTP/1.1" 200 111668
186.84.14.10 - - [17/Nov/2016:02:16:54 -0500] "GET /galeria/nivo-slider/demo/images/bannerwebsemanecoempresarial.jpg HTTP/1.1" 200 108354
66.249.64.51 - - [17/Nov/2016:02:16:54 -0500] "GET /BLA/resoluciones/RESOLUCIONES%202007/RES%202007%202301%20AL%202400/RESOLUCION%202316%20DE%202007.pdf HTTP/1.1" 304 -
66.249.64.51 - - [17/Nov/2016:02:16:56 -0500] "GET /BLA/resoluciones/AUTOS%202014/6534.pdf HTTP/1.1" 304 -
66.249.64.51 - - [17/Nov/2016:02:16:58 -0500] "GET /BLA/resoluciones/RESOLUCIONES%202007/RES%202007%201301%20AL%201400/RESOLUCION%201400%20DE%202007.pdf HTTP/1.1" 304 -
66.249.64.51 - - [17/Nov/2016:02:17:00 -0500] "GET /BLA/resoluciones/AUTOS%202015/5255.pdf HTTP/1.1" 304 -
66.249.64.51 - - [17/Nov/2016:02:17:02 -0500] "GET /BLA/resoluciones/RESOLUCIONES%202007/RES%202007%20101%20AL%20200/RESOLUCION%200187%20DE%202007.pdf HTTP/1.1" 304 -
66.249.64.51 - - [17/Nov/2016:02:17:04 -0500] "GET /BLA/resoluciones/RESOLUCIONES%202007/RES%202007%201%20AL%20100/RESOLUCION%200058%20DE%202007.pdf HTTP/1.1" 304 -
186.84.14.10 - - [17/Nov/2016:02:17:04 -0500] "GET /galeria/nivo-slider/demo/images/bannerwebsemanecoempresarial.jpg HTTP/1.1" 200 108354
186.84.14.10 - - [17/Nov/2016:02:17:04 -0500] "GET /galeria/nivo-slider/demo/images/BANNER%20ECORECICLATON-01d%20(2).jpg HTTP/1.1" 200 136864
66.249.64.51 - - [17/Nov/2016:02:17:06 -0500] "GET /BLA/resoluciones/RESOLUCIONES%202010/6426.pdf HTTP/1.1" 304 -
66.249.64.51 - - [17/Nov/2016:02:17:08 -0500] "GET /BLA/resoluciones/RESOLUCIONES%202008/4187.pdf HTTP/1.1" 304 -
66.249.64.51 - - [17/Nov/2016:02:17:10 -0500] "GET /BLA/resoluciones/AUTOS%202010/3183.pdf HTTP/1.1" 304 -
192.168.175.104 - - [17/Nov/2016:02:17:10 -0500] "GET / HTTP/1.1" 200 9990
66.249.64.51 - - [17/Nov/2016:02:17:12 -0500] "GET /BLA/resoluciones/AUTOS%202013/2014.pdf HTTP/1.1" 304 -
66.249.64.51 - - [17/Nov/2016:02:17:13 -0500] "GET /BLA/resoluciones/RESOLUCIONES%202007/RES%202007%201901%20AL%202000/RESOLUCION%201945%20DE%202007.pdf HTTP/1.1" 304 -
186.84.14.10 - - [17/Nov/2016:02:17:14 -0500] "GET /galeria/nivo-slider/demo/images/BANNER%20ECORECICLATON-01d%20(2).jpg HTTP/1.1" 200 136864
186.84.14.10 - - [17/Nov/2016:02:17:14 -0500] "GET /galeria/nivo-slider/demo/images/bannerinvitaci%C3%B3nacaminatasecologicas2.jpg HTTP/1.1" 200 513253
66.249.64.51 - - [17/Nov/2016:02:17:15 -0500] "GET /BLA/resoluciones/AUTOS%202011/0741.pdf HTTP/1.1" 304 -
66.249.64.51 - - [17/Nov/2016:02:17:17 -0500] "GET /BLA/resoluciones/RESOLUCIONES%202008/4081.pdf HTTP/1.1" 304 -
66.249.64.51 - - [17/Nov/2016:02:17:19 -0500] "GET /BLA/resoluciones/AUTOS%202008/3491.pdf HTTP/1.1" 304 -
66.249.64.51 - - [17/Nov/2016:02:17:21 -0500] "GET /BLA/resoluciones/AUTOS%202011/0636.pdf HTTP/1.1" 304 -
66.249.64.51 - - [17/Nov/2016:02:17:23 -0500] "GET /BLA/resoluciones/RESOLUCIONES%202007/RES%202007%202101%20AL%202200/RESOLUCION%202111%20DE%202007.pdf HTTP/1.1" 304 -
186.84.14.10 - - [17/Nov/2016:02:17:24 -0500] "GET /galeria/nivo-slider/demo/images/bannersilvicultura.jpg HTTP/1.1" 200 173023
186.84.14.10 - - [17/Nov/2016:02:17:24 -0500] "GET /galeria/nivo-slider/demo/images/bannerinvitaci%C3%B3nacaminatasecologicas2.jpg HTTP/1.1" 200 513253
66.249.64.51 - - [17/Nov/2016:02:17:25 -0500] "GET /BLA/resoluciones/AUTOS%202014/4096.pdf HTTP/1.1" 304 -
66.249.64.51 - - [17/Nov/2016:02:17:27 -0500] "GET /BLA/resoluciones/RESOLUCIONES%202007/RES%202007%202001%20AL%202100/RESOLUCION%202030%20%20DE%202007.pdf HTTP/1.1" 304 -
66.249.64.51 - - [17/Nov/2016:02:17:28 -0500] "GET /BLA/resoluciones/AUTOS%202009/2411.pdf HTTP/1.1" 200 100116
66.249.64.51 - - [17/Nov/2016:02:17:31 -0500] "GET /BLA/resoluciones/AUTOS%202014/1705.pdf HTTP/1.1" 304 -
66.249.64.51 - - [17/Nov/2016:02:17:33 -0500] "GET /BLA/resoluciones/RESOLUCIONES%202013/0298.pdf HTTP/1.1" 304 -
186.84.14.10 - - [17/Nov/2016:02:17:34 -0500] "GET /galeria/nivo-slider/demo/images/bannersilvicultura.jpg HTTP/1.1" 200 173023
186.84.14.10 - - [17/Nov/2016:02:17:34 -0500] "GET /galeria/nivo-slider/demo/images/BANNERARBOLES.jpg HTTP/1.1" 200 227630
66.249.64.51 - - [17/Nov/2016:02:17:35 -0500] "GET /BLA/resoluciones/RESOLUCIONES%202008/0026.pdf HTTP/1.1" 304 -
66.249.64.51 - - [17/Nov/2016:02:17:36 -0500] "GET /BLA/resoluciones/AUTOS%202014/4105.pdf HTTP/1.1" 304 -
66.249.64.51 - - [17/Nov/2016:02:17:38 -0500] "GET /BLA/resoluciones/AUTOS%202013/0538.pdf HTTP/1.1" 304 -
66.249.64.51 - - [17/Nov/2016:02:17:40 -0500] "GET /BLA/resoluciones/RESOLUCIONES%202007/RES%202007%202001%20AL%202100/RESOLUCION%202095%20DE%202007.pdf HTTP/1.1" 304 -
66.249.64.51 - - [17/Nov/2016:02:17:42 -0500] "GET /BLA/resoluciones/RESOLUCIONES%202013/0062.pdf HTTP/1.1" 304 -
186.84.14.10 - - [17/Nov/2016:02:17:44 -0500] "GET /galeria/nivo-slider/demo/images/BANNERARBOLES.jpg HTTP/1.1" 200 227630
186.84.14.10 - - [17/Nov/2016:02:17:44 -0500] "GET /galeria/nivo-slider/demo/images/ACOPIADORESYGESTORES.jpg HTTP/1.1" 200 118791
66.249.64.51 - - [17/Nov/2016:02:17:44 -0500] "GET /BLA/resoluciones/RESOLUCIONES%202012/1087.pdf HTTP/1.1" 200 429267
66.249.64.51 - - [17/Nov/2016:02:17:45 -0500] "GET /BLA/resoluciones/RESOLUCIONES%202010/7687.pdf HTTP/1.1" 304 -
66.249.64.51 - - [17/Nov/2016:02:17:46 -0500] "GET /BLA/resoluciones/RESOLUCIONES%202013/1132.pdf HTTP/1.1" 304 -
66.249.64.51 - - [17/Nov/2016:02:17:48 -0500] "GET /BLA/resoluciones/RESOLUCIONES%202009/9737.pdf HTTP/1.1" 304 -
66.249.64.51 - - [17/Nov/2016:02:17:50 -0500] "GET /BLA/resoluciones/RESOLUCIONES%202007/RES%202007%202301%20AL%202400/RESOLUCION%202345%20DE%202007.pdf HTTP/1.1" 304 -
66.249.64.51 - - [17/Nov/2016:02:17:52 -0500] "GET /BLA/resoluciones/RESOLUCIONES%202014/0672.pdf HTTP/1.1" 304 -
66.249.64.51 - - [17/Nov/2016:02:17:54 -0500] "GET /BLA/resoluciones/AUTOS%202007/0754.pdf HTTP/1.1" 304 -
186.84.14.10 - - [17/Nov/2016:02:17:54 -0500] "GET /galeria/nivo-slider/demo/images/ACOPIADORESYGESTORES.jpg HTTP/1.1" 200 118791
186.84.14.10 - - [17/Nov/2016:02:17:54 -0500] "GET /galeria/nivo-slider/demo/images/bannergestionambiental2.jpg HTTP/1.1" 200 245647
66.249.64.51 - - [17/Nov/2016:02:17:56 -0500] "GET /BLA/resoluciones/RESOLUCIONES%202013/0096.pdf HTTP/1.1" 304 -
66.249.64.51 - - [17/Nov/2016:02:17:57 -0500] "GET /BLA/resoluciones/RESOLUCIONES%202010/6340.pdf HTTP/1.1" 304 -
66.249.64.51 - - [17/Nov/2016:02:17:59 -0500] "GET /BLA/resoluciones/AUTOS%202012/1121.pdf HTTP/1.1" 304 -
66.249.64.51 - - [17/Nov/2016:02:18:01 -0500] "GET /BLA/resoluciones/AUTOS%202013/3100.pdf HTTP/1.1" 304 -
186.84.14.10 - - [17/Nov/2016:02:18:04 -0500] "GET /galeria/nivo-slider/demo/images/bannergestionambiental2.jpg HTTP/1.1" 200 245647
186.84.14.10 - - [17/Nov/2016:02:18:04 -0500] "GET /galeria/nivo-slider/demo/images/vegetal.jpg HTTP/1.1" 200 216080
186.84.14.10 - - [17/Nov/2016:02:18:14 -0500] "GET /galeria/nivo-slider/demo/images/vegetal.jpg HTTP/1.1" 200 216080
186.84.14.10 - - [17/Nov/2016:02:18:15 -0500] "GET /galeria/nivo-slider/demo/images/Ruta-vertimientos-01.jpg HTTP/1.1" 200 130151
66.249.64.51 - - [17/Nov/2016:02:18:19 -0500] "GET /BLA/resoluciones/AUTOS%202014/2020.pdf HTTP/1.1" 200 897912
186.84.14.10 - - [17/Nov/2016:02:18:24 -0500] "GET /galeria/nivo-slider/demo/images/Ruta-vertimientos-01.jpg HTTP/1.1" 200 130151
186.84.14.10 - - [17/Nov/2016:02:18:24 -0500] "GET /galeria/nivo-slider/demo/images/bolsas-06.jpg HTTP/1.1" 200 210950
186.84.14.10 - - [17/Nov/2016:02:18:34 -0500] "GET /galeria/nivo-slider/demo/images/bolsas-06.jpg HTTP/1.1" 200 210950
186.84.14.10 - - [17/Nov/2016:02:18:34 -0500] "GET /galeria/nivo-slider/demo/images/bannerdiadelvoluntariado2.jpg HTTP/1.1" 200 92375
186.84.14.10 - - [17/Nov/2016:02:18:44 -0500] "GET /galeria/nivo-slider/demo/images/bannerdiadelvoluntariado2.jpg HTTP/1.1" 200 92375
186.84.14.10 - - [17/Nov/2016:02:18:44 -0500] "GET /galeria/nivo-slider/demo/images/banner%20encuesta%20sda2-web3.jpg HTTP/1.1" 200 111668
186.84.14.10 - - [17/Nov/2016:02:18:54 -0500] "GET /galeria/nivo-slider/demo/images/banner%20encuesta%20sda2-web3.jpg HTTP/1.1" 200 111668
186.84.14.10 - - [17/Nov/2016:02:18:54 -0500] "GET /galeria/nivo-slider/demo/images/bannerwebsemanecoempresarial.jpg HTTP/1.1" 200 108354
66.249.64.53 - - [17/Nov/2016:02:18:59 -0500] "GET /BLA/resoluciones/RESOLUCIONES%202014/0376.pdf HTTP/1.1" 200 874083
66.249.64.53 - - [17/Nov/2016:02:19:01 -0500] "GET /BLA/resoluciones/AUTOS%202012/1608.pdf HTTP/1.1" 200 290837
186.84.14.10 - - [17/Nov/2016:02:19:04 -0500] "GET /galeria/nivo-slider/demo/images/bannerwebsemanecoempresarial.jpg HTTP/1.1" 200 108354
186.84.14.10 - - [17/Nov/2016:02:19:04 -0500] "GET /galeria/nivo-slider/demo/images/BANNER%20ECORECICLATON-01d%20(2).jpg HTTP/1.1" 200 136864
186.84.14.10 - - [17/Nov/2016:02:19:14 -0500] "GET /galeria/nivo-slider/demo/images/BANNER%20ECORECICLATON-01d%20(2).jpg HTTP/1.1" 200 136864
186.84.14.10 - - [17/Nov/2016:02:19:14 -0500] "GET /galeria/nivo-slider/demo/images/bannerinvitaci%C3%B3nacaminatasecologicas2.jpg HTTP/1.1" 200 513253
186.84.14.10 - - [17/Nov/2016:02:19:24 -0500] "GET /galeria/nivo-slider/demo/images/bannersilvicultura.jpg HTTP/1.1" 200 173023
186.84.14.10 - - [17/Nov/2016:02:19:24 -0500] "GET /galeria/nivo-slider/demo/images/bannerinvitaci%C3%B3nacaminatasecologicas2.jpg HTTP/1.1" 200 513253
186.84.14.10 - - [17/Nov/2016:02:19:34 -0500] "GET /galeria/nivo-slider/demo/images/BANNERARBOLES.jpg HTTP/1.1" 200 227630
186.84.14.10 - - [17/Nov/2016:02:19:34 -0500] "GET /galeria/nivo-slider/demo/images/bannersilvicultura.jpg HTTP/1.1" 200 173023
186.84.14.10 - - [17/Nov/2016:02:19:44 -0500] "GET /galeria/nivo-slider/demo/images/BANNERARBOLES.jpg HTTP/1.1" 200 227630
186.84.14.10 - - [17/Nov/2016:02:19:44 -0500] "GET /galeria/nivo-slider/demo/images/ACOPIADORESYGESTORES.jpg HTTP/1.1" 200 118791
163.172.65.196 - - [17/Nov/2016:02:19:45 -0500] "GET /BLA/resoluciones/AUTOS%202006/AUTOS%202006%20901-1000/00000902.tif HTTP/1.1" 200 52674
69.162.124.232 - - [17/Nov/2016:02:19:45 -0500] "HEAD / HTTP/1.1" 200 -
186.84.14.10 - - [17/Nov/2016:02:19:54 -0500] "GET /galeria/nivo-slider/demo/images/ACOPIADORESYGESTORES.jpg HTTP/1.1" 200 118791
186.84.14.10 - - [17/Nov/2016:02:19:54 -0500] "GET /galeria/nivo-slider/demo/images/bannergestionambiental2.jpg HTTP/1.1" 200 245647
186.84.14.10 - - [17/Nov/2016:02:20:04 -0500] "GET /galeria/nivo-slider/demo/images/bannergestionambiental2.jpg HTTP/1.1" 200 245647
186.84.14.10 - - [17/Nov/2016:02:20:04 -0500] "GET /galeria/nivo-slider/demo/images/vegetal.jpg HTTP/1.1" 200 216080
186.84.14.10 - - [17/Nov/2016:02:20:14 -0500] "GET /galeria/nivo-slider/demo/images/vegetal.jpg HTTP/1.1" 200 216080
186.84.14.10 - - [17/Nov/2016:02:20:14 -0500] "GET /galeria/nivo-slider/demo/images/Ruta-vertimientos-01.jpg HTTP/1.1" 200 130151
66.249.64.51 - - [17/Nov/2016:02:20:19 -0500] "GET /BLA/resoluciones/AUTOS%202008/2367.pdf HTTP/1.1" 200 90480
186.84.14.10 - - [17/Nov/2016:02:20:24 -0500] "GET /galeria/nivo-slider/demo/images/Ruta-vertimientos-01.jpg HTTP/1.1" 200 130151
186.84.14.10 - - [17/Nov/2016:02:20:24 -0500] "GET /galeria/nivo-slider/demo/images/bolsas-06.jpg HTTP/1.1" 200 210950
186.84.14.10 - - [17/Nov/2016:02:20:34 -0500] "GET /galeria/nivo-slider/demo/images/bolsas-06.jpg HTTP/1.1" 200 210950
186.84.14.10 - - [17/Nov/2016:02:20:34 -0500] "GET /galeria/nivo-slider/demo/images/bannerdiadelvoluntariado2.jpg HTTP/1.1" 200 92375
219.94.128.197 - - [17/Nov/2016:02:20:37 -0500] "GET /wp-admin/ HTTP/1.1" 404 1018
66.249.64.51 - - [17/Nov/2016:02:20:40 -0500] "GET /BLA/resoluciones/AUTOS%202015/1918.pdf HTTP/1.1" 304 -
40.77.169.101 - - [17/Nov/2016:02:20:47 -0500] "GET / HTTP/1.1" 200 9990
66.249.64.51 - - [17/Nov/2016:02:20:56 -0500] "GET /BLA/resoluciones/RESOLUCIONES%202011/1527.pdf HTTP/1.1" 200 344966
181.49.77.203 - - [17/Nov/2016:02:21:03 -0500] "GET /galeria/galeria/jquery.fancybox.css?v=2.1.5 HTTP/1.1" 200 4895
181.49.77.203 - - [17/Nov/2016:02:21:03 -0500] "GET /BLA/boletinlegal/js/jquery.scrollShow.js HTTP/1.1" 200 4586
181.49.77.203 - - [17/Nov/2016:02:21:03 -0500] "GET /galeria/galeria/jquery.fancybox.js?v=2.1.5 HTTP/1.1" 200 48706
66.249.64.51 - - [17/Nov/2016:02:21:04 -0500] "GET /BLA/resoluciones/RESOLUCIONES%202011/0045.pdf HTTP/1.1" 200 370868
66.249.64.51 - - [17/Nov/2016:02:21:10 -0500] "GET /BLA/resoluciones/AUTOS%202014/4195.pdf HTTP/1.1" 200 278649
181.49.77.203 - - [17/Nov/2016:02:21:16 -0500] "GET /BLA/boletinlegal/js/jquery.scrollShow.js HTTP/1.1" 304 -
181.49.77.203 - - [17/Nov/2016:02:21:16 -0500] "GET /galeria/galeria/jquery.fancybox.js?v=2.1.5 HTTP/1.1" 304 -
181.49.77.203 - - [17/Nov/2016:02:21:16 -0500] "GET /galeria/galeria/jquery.fancybox.css?v=2.1.5 HTTP/1.1" 304 -
192.168.175.104 - - [17/Nov/2016:02:21:19 -0500] "GET / HTTP/1.0" 200 9990
163.172.65.68 - - [17/Nov/2016:02:21:20 -0500] "GET /BLA/resoluciones/AUTOS%202006/AUTOS%202006%202201%20-%202300/00002245.tif HTTP/1.1" 200 69266
192.168.175.104 - - [17/Nov/2016:02:21:27 -0500] "GET / HTTP/1.1" 200 9990
189.207.217.115 - - [17/Nov/2016:02:21:43 -0500] "GET /galeria/galeria/jquery.fancybox.css?v=2.1.5 HTTP/1.1" 200 4895
189.207.217.115 - - [17/Nov/2016:02:21:43 -0500] "GET /BLA/boletinlegal/js/jquery.scrollShow.js HTTP/1.1" 200 4586
189.207.217.115 - - [17/Nov/2016:02:21:43 -0500] "GET /galeria/galeria/jquery.fancybox.js?v=2.1.5 HTTP/1.1" 200 48706
66.249.64.51 - - [17/Nov/2016:02:21:49 -0500] "GET /BLA/resoluciones/AUTOS%202007/1626.pdf HTTP/1.1" 200 92006
185.158.153.23 - - [17/Nov/2016:02:22:05 -0500] "HEAD / HTTP/1.1" 200 -
185.158.153.60 - - [17/Nov/2016:02:22:05 -0500] "HEAD / HTTP/1.1" 200 -
185.158.153.84 - - [17/Nov/2016:02:22:05 -0500] "HEAD / HTTP/1.1" 200 -
192.168.175.104 - - [17/Nov/2016:02:22:08 -0500] "GET / HTTP/1.1" 200 9990
66.249.64.51 - - [17/Nov/2016:02:22:13 -0500] "GET /BLA/resoluciones/RESOLUCIONES%202011/1925.pdf HTTP/1.1" 200 222927
66.249.64.51 - - [17/Nov/2016:02:22:22 -0500] "GET /BLA/resoluciones/RESOLUCIONES%202011/0642.pdf HTTP/1.1" 200 359462
66.249.64.51 - - [17/Nov/2016:02:22:42 -0500] "GET /BLA/resoluciones/RESOLUCIONES%202011/3119.pdf HTTP/1.1" 200 640144
66.249.64.51 - - [17/Nov/2016:02:22:53 -0500] "GET /BLA/resoluciones/AUTOS%202015/1897.pdf HTTP/1.1" 200 340463
66.249.64.51 - - [17/Nov/2016:02:23:05 -0500] "GET /BLA/resoluciones/Autos%202008/3077.pdf HTTP/1.1" 200 68873
163.172.66.42 - - [17/Nov/2016:02:23:16 -0500] "GET /BLA/resoluciones/RESOLUCIONES%202003/RES%202003%201551-1601/20031582.tif HTTP/1.1" 200 114582
66.249.64.51 - - [17/Nov/2016:02:23:17 -0500] "GET /BLA/resoluciones/AUTOS%202014/0059.pdf HTTP/1.1" 200 659601
184.168.193.153 - - [17/Nov/2016:02:23:37 -0500] "GET /blog/wp-admin/ HTTP/1.1" 404 1018
66.249.64.51 - - [17/Nov/2016:02:23:59 -0500] "GET /BLA/resoluciones/AUTOS%202015/2385.pdf HTTP/1.1" 304 -
66.249.64.51 - - [17/Nov/2016:02:24:10 -0500] "GET /BLA/resoluciones/AUTOS%202012/1340.pdf HTTP/1.1" 200 163319
66.249.64.51 - - [17/Nov/2016:02:24:33 -0500] "GET /BLA/resoluciones/RESOLUCIONES%202009/6104.pdf HTTP/1.1" 304 -
66.249.64.51 - - [17/Nov/2016:02:24:34 -0500] "GET /BLA/resoluciones/AUTOS%202011/5217.pdf HTTP/1.1" 200 312693
66.249.64.51 - - [17/Nov/2016:02:24:38 -0500] "GET /BLA/resoluciones/RESOLUCIONES%202007/RES%202007%201%20AL%20100/RESOLUCION%200043%20DE%202007.pdf HTTP/1.1" 304 -
69.162.124.232 - - [17/Nov/2016:02:24:45 -0500] "HEAD / HTTP/1.1" 200 -
66.249.64.51 - - [17/Nov/2016:02:24:54 -0500] "GET /BLA/resoluciones/RESOLUCIONES%202012/0623.pdf HTTP/1.1" 304 -
193.124.131.168 - - [17/Nov/2016:02:25:08 -0500] "HEAD / HTTP/1.1" 200 -
66.249.64.51 - - [17/Nov/2016:02:25:15 -0500] "GET /BLA/resoluciones/RESOLUCIONES%202011/0256.pdf HTTP/1.1" 200 306093
66.249.64.51 - - [17/Nov/2016:02:25:21 -0500] "GET /BLA/resoluciones/RESOLUCIONES%202011/2487.pdf HTTP/1.1" 200 758590
66.249.64.51 - - [17/Nov/2016:02:25:25 -0500] "GET /BLA/resoluciones/RESOLUCIONES%202009/7978.pdf HTTP/1.1" 304 -
66.249.64.51 - - [17/Nov/2016:02:25:28 -0500] "GET /BLA/resoluciones/RESOLUCIONES%202009/3156.pdf HTTP/1.1" 200 478509
66.249.64.51 - - [17/Nov/2016:02:25:38 -0500] "GET /galeria/nivo-slider/demo/images/bannerresiduosweb.jpg HTTP/1.1" 200 101690
66.249.64.51 - - [17/Nov/2016:02:25:38 -0500] "GET /BLA/resoluciones/Notificaciones/REGISTROS%202015/0183.doc HTTP/1.1" 304 -
180.76.15.153 - - [17/Nov/2016:02:25:38 -0500] "GET / HTTP/1.1" 200 9990
66.249.64.53 - - [17/Nov/2016:02:25:40 -0500] "GET /BLA/resoluciones/RESOLUCIONES%202011/0770.pdf HTTP/1.1" 200 549467
66.249.64.55 - - [17/Nov/2016:02:26:04 -0500] "GET /BLA/resoluciones/AUTOS%202013/3484.pdf HTTP/1.1" 304 -
180.76.15.29 - - [17/Nov/2016:02:26:08 -0500] "GET / HTTP/1.1" 200 9990
66.249.64.51 - - [17/Nov/2016:02:26:09 -0500] "GET /BLA/resoluciones/AUTOS%202015/3334.pdf HTTP/1.1" 304 -
192.168.175.104 - - [17/Nov/2016:02:26:17 -0500] "GET / HTTP/1.0" 200 9990
66.249.64.55 - - [17/Nov/2016:02:26:19 -0500] "GET /BLA/resoluciones/RESOLUCIONES%202007/RES%202007%202101%20AL%202200/RESOLUCION%202116%20DE%202007.pdf HTTP/1.1" 304 -
192.168.175.104 - - [17/Nov/2016:02:26:25 -0500] "GET / HTTP/1.1" 200 9990
66.249.64.55 - - [17/Nov/2016:02:26:27 -0500] "GET /BLA/resoluciones/RESOLUCIONES%202014/2479.pdf HTTP/1.1" 304 -
66.249.64.53 - - [17/Nov/2016:02:26:32 -0500] "GET /BLA/resoluciones/RESOLUCIONES%202011/6213.pdf HTTP/1.1" 304 -
66.249.64.51 - - [17/Nov/2016:02:26:33 -0500] "GET /BLA/resoluciones/RESOLUCIONES%202007/RES%202007%20401%20AL%20500/RESOLUCION%200414%20DE%202007.pdf HTTP/1.1" 304 -
66.249.64.53 - - [17/Nov/2016:02:26:34 -0500] "GET /BLA/resoluciones/RESOLUCIONES%202009/4663.pdf HTTP/1.1" 304 -
66.249.64.51 - - [17/Nov/2016:02:26:45 -0500] "GET /BLA/resoluciones/RESOLUCIONES%202014/1831.pdf HTTP/1.1" 200 453247
192.168.175.104 - - [17/Nov/2016:02:27:07 -0500] "GET / HTTP/1.1" 200 9990
66.249.64.55 - - [17/Nov/2016:02:27:28 -0500] "GET /BLA/resoluciones/RESOLUCIONES%202007/RES%202007%20301%20AL%20400/RESOLUCION%200317%20DE%202007.pdf HTTP/1.1" 304 -
66.249.64.51 - - [17/Nov/2016:02:27:33 -0500] "GET /BLA/resoluciones/RESOLUCIONES%202006/RES%202006%20301-350/00000345.tif HTTP/1.1" 200 66036
66.249.64.51 - - [17/Nov/2016:02:28:01 -0500] "GET /BLA/resoluciones/RESOLUCIONES%202010/4492.pdf HTTP/1.1" 304 -
66.249.64.51 - - [17/Nov/2016:02:28:02 -0500] "GET /BLA/resoluciones/AUTOS%202012/0766.pdf HTTP/1.1" 200 365788
66.249.64.51 - - [17/Nov/2016:02:28:10 -0500] "GET /BLA/resoluciones/RESOLUCIONES%202013/0932.pdf HTTP/1.1" 304 -
66.249.64.51 - - [17/Nov/2016:02:28:19 -0500] "GET /BLA/resoluciones/RESOLUCIONES%202014/1098.pdf HTTP/1.1" 200 1076824
186.82.228.184 - - [17/Nov/2016:02:28:43 -0500] "GET /galeria/galeria/jquery.fancybox.css?v=2.1.5 HTTP/1.1" 200 4895
186.82.228.184 - - [17/Nov/2016:02:28:43 -0500] "GET /BLA/boletinlegal/js/jquery.scrollShow.js HTTP/1.1" 200 4586
186.82.228.184 - - [17/Nov/2016:02:28:43 -0500] "GET /galeria/galeria/jquery.fancybox.js?v=2.1.5 HTTP/1.1" 200 48706
66.249.64.51 - - [17/Nov/2016:02:28:45 -0500] "GET /BLA/resoluciones/AUTOS%202015/4069.pdf HTTP/1.1" 304 -
163.172.65.54 - - [17/Nov/2016:02:28:46 -0500] "GET /BLA/resoluciones/RESOLUCIONES%202006/RES%202006%202601-2650/00002626.tif HTTP/1.1" 200 146204
66.249.64.51 - - [17/Nov/2016:02:28:47 -0500] "GET /BLA/resoluciones/RESOLUCIONES%202007/RES%202007%201901%20AL%202000/RESOLUCION%201958%20DE%202007.pdf HTTP/1.1" 200 468646
186.82.228.184 - - [17/Nov/2016:02:28:50 -0500] "GET /BLA/boletinlegal/js/jquery.scrollShow.js HTTP/1.1" 304 -
186.82.228.184 - - [17/Nov/2016:02:28:50 -0500] "GET /galeria/galeria/jquery.fancybox.js?v=2.1.5 HTTP/1.1" 304 -
186.82.228.184 - - [17/Nov/2016:02:28:50 -0500] "GET /galeria/galeria/jquery.fancybox.css?v=2.1.5 HTTP/1.1" 304 -
66.249.88.24 - - [17/Nov/2016:02:28:53 -0500] "GET /dama/libreria/jpg/ecosistemas/aulas/aa2_1.jpg HTTP/1.1" 404 1315
66.249.88.26 - - [17/Nov/2016:02:28:54 -0500] "GET /dama/libreria/jpg/ecosistemas/aulas/aa2_1.jpg HTTP/1.1" 404 1315
207.46.13.137 - - [17/Nov/2016:02:29:12 -0500] "GET / HTTP/1.1" 301 324
66.249.64.51 - - [17/Nov/2016:02:29:20 -0500] "GET /BLA/resoluciones/RESOLUCIONES%202009/1350.pdf HTTP/1.1" 200 512393
66.249.64.51 - - [17/Nov/2016:02:29:20 -0500] "GET /BLA/resoluciones/RESOLUCIONES%202011/0164.pdf HTTP/1.1" 200 252772
66.249.64.51 - - [17/Nov/2016:02:29:21 -0500] "GET /BLA/resoluciones/RESOLUCIONES%202009/6092.pdf HTTP/1.1" 200 508345
66.249.64.51 - - [17/Nov/2016:02:29:22 -0500] "GET /BLA/resoluciones/AUTOS%202013/0553.pdf HTTP/1.1" 304 -
219.94.128.197 - - [17/Nov/2016:02:29:29 -0500] "GET /test/wp-admin/ HTTP/1.1" 404 1018
69.162.124.232 - - [17/Nov/2016:02:29:45 -0500] "HEAD / HTTP/1.1" 200 -
66.249.64.51 - - [17/Nov/2016:02:29:49 -0500] "GET /BLA/resoluciones/AUTOS%202010/6744.pdf HTTP/1.1" 200 232823
123.126.113.85 - - [17/Nov/2016:02:29:47 -0500] "GET /transparencia/directorioservidores/MANUAL%20DE%20FUNCIONES%2002666%20DEL%204-DIC-2015.pdf HTTP/1.1" 200 52098444
66.249.64.51 - - [17/Nov/2016:02:30:02 -0500] "GET /BLA/resoluciones/AUTOS%202011/4157.pdf HTTP/1.1" 304 -
66.249.64.51 - - [17/Nov/2016:02:30:09 -0500] "GET /BLA/resoluciones/RESOLUCIONES%202012/1239.pdf HTTP/1.1" 304 -
66.249.64.51 - - [17/Nov/2016:02:30:15 -0500] "GET /BLA/resoluciones/RESOLUCIONES%202008/1025.pdf HTTP/1.1" 304 -
66.249.64.55 - - [17/Nov/2016:02:30:23 -0500] "GET /BLA/resoluciones/RESOLUCIONES%202010/6306.pdf HTTP/1.1" 304 -
66.249.64.53 - - [17/Nov/2016:02:30:28 -0500] "GET /BLA/resoluciones/RESOLUCIONES%202007/RES%202007%201901%20AL%202000/RESOLUCION%201903%20DE%202007.pdf HTTP/1.1" 304 -
66.249.64.53 - - [17/Nov/2016:02:30:30 -0500] "GET /BLA/resoluciones/RESOLUCIONES%202007/RES%202007%202101%20AL%202200/RESOLUCION%202175%20DE%202007.pdf HTTP/1.1" 304 -
66.249.64.51 - - [17/Nov/2016:02:30:34 -0500] "GET /BLA/resoluciones/RESOLUCIONES%202007/RES%202007%201001%20AL%201100/RESOLUCION%201075%20DE%202007.pdf HTTP/1.1" 304 -
66.249.64.51 - - [17/Nov/2016:02:30:37 -0500] "GET /BLA/resoluciones/RESOLUCIONES%202008/1663.pdf HTTP/1.1" 200 210783
66.249.64.51 - - [17/Nov/2016:02:30:38 -0500] "GET /BLA/resoluciones/RESOLUCIONES%202007/RES%202007%201301%20AL%201400/RESOLUCION%201372%20DE%202007.pdf HTTP/1.1" 304 -
66.249.64.51 - - [17/Nov/2016:02:30:39 -0500] "GET /BLA/resoluciones/AUTOS%202014/1294.pdf HTTP/1.1" 304 -
66.249.64.51 - - [17/Nov/2016:02:30:46 -0500] "GET /transparencia/directorioservidores/abril2016.xlsx HTTP/1.1" 304 -
66.249.64.51 - - [17/Nov/2016:02:30:47 -0500] "GET /BLA/resoluciones/RESOLUCIONES%202007/RES%202007%202501%20AL%202600/RESOLUCION%202514%20DE%202007.pdf HTTP/1.1" 304 -
66.249.64.51 - - [17/Nov/2016:02:30:48 -0500] "GET /BLA/resoluciones/AUTOS%202015/2934.pdf HTTP/1.1" 304 -
66.249.64.51 - - [17/Nov/2016:02:30:51 -0500] "GET /BLA/resoluciones/RESOLUCIONES%202013/0481.pdf HTTP/1.1" 304 -
66.249.64.51 - - [17/Nov/2016:02:30:54 -0500] "GET /BLA/resoluciones/RESOLUCIONES%202011/0382.pdf HTTP/1.1" 304 -
66.249.64.51 - - [17/Nov/2016:02:30:58 -0500] "GET /BLA/resoluciones/RESOLUCIONES%202009/4934.pdf HTTP/1.1" 304 -
66.249.64.51 - - [17/Nov/2016:02:30:59 -0500] "GET /BLA/resoluciones/AUTOS%202013/0492.pdf HTTP/1.1" 304 -
66.249.64.51 - - [17/Nov/2016:02:31:00 -0500] "GET /BLA/resoluciones/RESOLUCIONES%202007/RES%202007%202201%20AL%202300/RESOLUCION%202264%20DE%202007.pdf HTTP/1.1" 304 -
66.249.64.51 - - [17/Nov/2016:02:31:01 -0500] "GET /BLA/resoluciones/RESOLUCIONES%202007/RES%202007%203201%20AL%203300/RESOLUCION%20322_%20DE%202007.pdf HTTP/1.1" 304 -
66.249.64.51 - - [17/Nov/2016:02:31:01 -0500] "GET /BLA/resoluciones/AUTOS%202014/6419.pdf HTTP/1.1" 304 -
66.249.64.51 - - [17/Nov/2016:02:31:02 -0500] "GET /BLA/resoluciones/RESOLUCIONES%202010/6357.pdf HTTP/1.1" 304 -
66.249.64.51 - - [17/Nov/2016:02:31:05 -0500] "GET /BLA/resoluciones/AUTOS%202013/0624.pdf HTTP/1.1" 304 -
66.249.64.51 - - [17/Nov/2016:02:31:10 -0500] "GET /BLA/resoluciones/RESOLUCIONES%202011/0614.pdf HTTP/1.1" 304 -
66.249.64.51 - - [17/Nov/2016:02:31:11 -0500] "GET /BLA/resoluciones/Notificaciones/AUTOS%202015/4324.doc HTTP/1.1" 200 178688
192.168.175.104 - - [17/Nov/2016:02:31:15 -0500] "GET / HTTP/1.0" 200 9990
66.249.64.51 - - [17/Nov/2016:02:31:15 -0500] "GET /BLA/resoluciones/AUTOS%202014/0651.pdf HTTP/1.1" 304 -
66.249.64.51 - - [17/Nov/2016:02:31:17 -0500] "GET /BLA/resoluciones/RESOLUCIONES%202007/RES%202007%201001%20AL%201100/RESOLUCION%201086%20DE%202007.pdf HTTP/1.1" 304 -
66.249.64.51 - - [17/Nov/2016:02:31:17 -0500] "GET /AFLUENTESYEFUENTES/ HTTP/1.1" 304 -
66.249.64.51 - - [17/Nov/2016:02:31:20 -0500] "GET /BLA/resoluciones/Notificaciones/AUTOS%202015/3085.doc HTTP/1.1" 304 -
66.249.64.51 - - [17/Nov/2016:02:31:22 -0500] "GET /BLA/resoluciones/RESOLUCIONES%202007/RES%202007%20201%20AL%20300/RESOLUCION%200264%20DE%202007.pdf HTTP/1.1" 304 -
192.168.175.104 - - [17/Nov/2016:02:31:23 -0500] "GET / HTTP/1.1" 200 9990
66.249.64.51 - - [17/Nov/2016:02:31:24 -0500] "GET /BLA/resoluciones/Notificaciones/AUTOS%202015/3030.doc HTTP/1.1" 200 174592
66.249.64.51 - - [17/Nov/2016:02:31:25 -0500] "GET /BLA/resoluciones/RESOLUCIONES%202009/4675.pdf HTTP/1.1" 304 -
66.249.64.51 - - [17/Nov/2016:02:31:25 -0500] "GET /BLA/resoluciones/RESOLUCIONES%202012/0962.pdf HTTP/1.1" 304 -
66.249.64.51 - - [17/Nov/2016:02:31:27 -0500] "GET /BLA/resoluciones/AUTOS%202011/1963.pdf HTTP/1.1" 304 -
66.249.64.51 - - [17/Nov/2016:02:31:28 -0500] "GET /BLA/resoluciones/AUTOS%202014/5574.pdf HTTP/1.1" 304 -
66.249.64.51 - - [17/Nov/2016:02:31:29 -0500] "GET /BLA/resoluciones/RESOLUCIONES%202010/6190.pdf HTTP/1.1" 304 -
66.249.64.51 - - [17/Nov/2016:02:31:33 -0500] "GET /BLA/resoluciones/RESOLUCIONES%202012/0911.pdf HTTP/1.1" 304 -
66.249.64.51 - - [17/Nov/2016:02:31:35 -0500] "GET /BLA/resoluciones/AUTOS%202013/0480.pdf HTTP/1.1" 304 -
66.249.64.51 - - [17/Nov/2016:02:31:36 -0500] "GET /BLA/resoluciones/AUTOS%202013/1284.pdf HTTP/1.1" 304 -
66.249.64.51 - - [17/Nov/2016:02:31:37 -0500] "GET /BLA/resoluciones/AUTOS%202014/7248.pdf HTTP/1.1" 304 -
66.249.64.51 - - [17/Nov/2016:02:31:40 -0500] "GET /BLA/resoluciones/RESOLUCIONES%202007/RES%202007%203101%20AL%203200/RESOLUCION%203107%20DE%202007.pdf HTTP/1.1" 304 -
66.249.64.51 - - [17/Nov/2016:02:31:40 -0500] "GET /BLA/resoluciones/Notificaciones/AUTOS%202015/1485.doc HTTP/1.1" 200 803328
66.249.64.51 - - [17/Nov/2016:02:31:42 -0500] "GET /BLA/resoluciones/AUTOS%202012/1729.pdf HTTP/1.1" 304 -
66.249.64.51 - - [17/Nov/2016:02:31:43 -0500] "GET /BLA/resoluciones/AUTOS%202015/4648.pdf HTTP/1.1" 304 -
66.249.64.51 - - [17/Nov/2016:02:31:44 -0500] "GET /BLA/resoluciones/AUTOS%202013/3542.pdf HTTP/1.1" 304 -
66.249.64.51 - - [17/Nov/2016:02:31:47 -0500] "GET /BLA/resoluciones/AUTOS%202014/5870.pdf HTTP/1.1" 304 -
66.249.64.51 - - [17/Nov/2016:02:31:49 -0500] "GET /BLA/resoluciones/AUTOS%202013/1133.pdf HTTP/1.1" 304 -
66.249.64.51 - - [17/Nov/2016:02:31:50 -0500] "GET /BLA/resoluciones/AUTOS%202011/3701.pdf HTTP/1.1" 304 -
66.249.64.51 - - [17/Nov/2016:02:31:52 -0500] "GET /BLA/resoluciones/RESOLUCIONES%202014/4000.pdf HTTP/1.1" 304 -
66.249.64.51 - - [17/Nov/2016:02:31:53 -0500] "GET /BLA/resoluciones/RESOLUCIONES%202007/RES%202007%203201%20AL%203300/RESOLUCION%203300%20DE%202007.pdf HTTP/1.1" 304 -
66.249.64.51 - - [17/Nov/2016:02:31:54 -0500] "GET /BLA/resoluciones/RESOLUCIONES%202012/1813.pdf HTTP/1.1" 200 380990
66.249.64.59 - - [17/Nov/2016:02:31:55 -0500] "GET /Autoliquidacion/TR%C3%81MITES%20MINER%C3%8DA/126PM04-PR39-M-A5-V5.0%20Terminos%20de%20referencia%20PMA[1].doc HTTP/1.1" 404 1019
66.249.64.51 - - [17/Nov/2016:02:31:55 -0500] "GET /BLA/resoluciones/Notificaciones/AUTOS%202015/07011.doc HTTP/1.1" 200 136616
66.249.64.53 - - [17/Nov/2016:02:31:57 -0500] "GET /BLA/resoluciones/AUTOS%202015/2097.pdf HTTP/1.1" 304 -
66.249.64.51 - - [17/Nov/2016:02:31:58 -0500] "GET /BLA/resoluciones/AUTOS%202015/0266.pdf HTTP/1.1" 304 -
66.249.64.51 - - [17/Nov/2016:02:31:59 -0500] "GET /BLA/resoluciones/RESOLUCIONES%202009/5624.pdf HTTP/1.1" 304 -
192.168.175.104 - - [17/Nov/2016:02:32:04 -0500] "GET / HTTP/1.1" 200 9990
66.249.64.53 - - [17/Nov/2016:02:32:08 -0500] "GET /BLA/resoluciones/RESOLUCIONES%202014/2198.pdf HTTP/1.1" 200 329746
66.249.64.53 - - [17/Nov/2016:02:32:09 -0500] "GET /BLA/resoluciones/AUTOS%202014/2371.pdf HTTP/1.1" 304 -
66.249.64.51 - - [17/Nov/2016:02:32:09 -0500] "GET /BLA/resoluciones/RESOLUCIONES%202007/RES%202007%201001%20AL%201100/RESOLUCION%201098%20DE%202007.pdf HTTP/1.1" 304 -
184.168.193.153 - - [17/Nov/2016:02:32:14 -0500] "GET /wp/wp-admin/ HTTP/1.1" 404 1018
66.249.64.55 - - [17/Nov/2016:02:32:16 -0500] "GET /BLA/resoluciones/RESOLUCIONES%202013/0609.pdf HTTP/1.1" 304 -
66.249.64.55 - - [17/Nov/2016:02:32:16 -0500] "GET /BLA/resoluciones/AUTOS%202014/4475.pdf HTTP/1.1" 304 -
66.249.64.51 - - [17/Nov/2016:02:32:17 -0500] "GET /BLA/resoluciones/AUTOS%202010/0607.pdf HTTP/1.1" 304 -
66.249.64.51 - - [17/Nov/2016:02:32:17 -0500] "GET /BLA/resoluciones/AUTOS%202015/1949.pdf HTTP/1.1" 304 -
66.249.64.55 - - [17/Nov/2016:02:32:18 -0500] "GET /BLA/resoluciones/AUTOS%202011/7383.pdf HTTP/1.1" 304 -
66.249.64.55 - - [17/Nov/2016:02:32:19 -0500] "GET /BLA/resoluciones/AUTOS%202009/2774.pdf HTTP/1.1" 304 -
66.249.64.51 - - [17/Nov/2016:02:32:20 -0500] "GET /BLA/resoluciones/AUTOS%202008/2932.pdf HTTP/1.1" 304 -
66.249.64.51 - - [17/Nov/2016:02:32:21 -0500] "GET /BLA/resoluciones/AUTOS%202015/2334.pdf HTTP/1.1" 304 -
66.249.64.57 - - [17/Nov/2016:02:32:22 -0500] "GET /BLA/resoluciones/RESOLUCIONES%202013/1050.pdf HTTP/1.1" 304 -
66.249.64.55 - - [17/Nov/2016:02:32:26 -0500] "GET /BLA/resoluciones/RESOLUCIONES%202010/2391.pdf HTTP/1.1" 304 -
66.249.64.53 - - [17/Nov/2016:02:32:27 -0500] "GET /BLA/resoluciones/AUTOS%202011/4269.pdf HTTP/1.1" 304 -
66.249.64.51 - - [17/Nov/2016:02:32:29 -0500] "GET /BLA/resoluciones/AUTOS%202014/2542.pdf HTTP/1.1" 200 703989
66.249.64.53 - - [17/Nov/2016:02:32:35 -0500] "GET /BLA/resoluciones/RESOLUCIONES%202007/RES%202007%20101%20AL%20200/RESOLUCION%200165%20DE%202007.pdf HTTP/1.1" 304 -
66.249.64.51 - - [17/Nov/2016:02:32:50 -0500] "GET /BLA/resoluciones/RESOLUCIONES%202008/4516.pdf HTTP/1.1" 304 -
66.249.64.51 - - [17/Nov/2016:02:32:56 -0500] "GET /BLA/resoluciones/AUTOS%202014/0433.pdf HTTP/1.1" 304 -
66.249.64.51 - - [17/Nov/2016:02:33:12 -0500] "GET /BLA/resoluciones/RESOLUCIONES%202007/RES%202007%20601%20AL%20700/RESOLUCION%200629%20DE%202007.pdf HTTP/1.1" 304 -
66.249.64.51 - - [17/Nov/2016:02:33:15 -0500] "GET /BLA/resoluciones/AUTOS%202009/2921.pdf HTTP/1.1" 200 102689
66.249.64.51 - - [17/Nov/2016:02:33:31 -0500] "GET /BLA/resoluciones/AUTOS%202013/1088.pdf HTTP/1.1" 304 -
66.249.64.51 - - [17/Nov/2016:02:33:32 -0500] "GET /BLA/resoluciones/RESOLUCIONES%202009/7264.pdf HTTP/1.1" 304 -
66.249.64.51 - - [17/Nov/2016:02:33:32 -0500] "GET /BLA/resoluciones/RESOLUCIONES%202014/0406.pdf HTTP/1.1" 304 -
66.249.64.51 - - [17/Nov/2016:02:33:48 -0500] "GET /BLA/resoluciones/RESOLUCIONES%202007/RES%202007%203701%20AL%203800/RESOLUCION%203789%20DE%202007.pdf HTTP/1.1" 304 -
66.249.64.51 - - [17/Nov/2016:02:33:54 -0500] "GET /BLA/resoluciones/RESOLUCIONES%202009/0712.pdf HTTP/1.1" 304 -
66.249.64.51 - - [17/Nov/2016:02:33:55 -0500] "GET /BLA/resoluciones/RESOLUCIONES%202008/0721.pdf HTTP/1.1" 304 -
66.249.64.51 - - [17/Nov/2016:02:33:58 -0500] "GET /BLA/resoluciones/RESOLUCIONES%202011/3069.pdf HTTP/1.1" 200 553510
66.249.64.51 - - [17/Nov/2016:02:34:09 -0500] "GET /BLA/resoluciones/AUTOS%202011/0211.pdf HTTP/1.1" 304 -
66.249.64.51 - - [17/Nov/2016:02:34:09 -0500] "GET /BLA/resoluciones/RESOLUCIONES%202011/0850.pdf HTTP/1.1" 200 266424
66.249.64.51 - - [17/Nov/2016:02:34:19 -0500] "GET /BLA/resoluciones/RESOLUCIONES%202009/7926.pdf HTTP/1.1" 304 -
66.249.64.51 - - [17/Nov/2016:02:34:20 -0500] "GET /BLA/resoluciones/RESOLUCIONES%202007/RES%202007%203901%20AL%204000/RESOLUCION%203939%20DE%202007.pdf HTTP/1.1" 304 -
66.249.64.51 - - [17/Nov/2016:02:34:29 -0500] "GET /BLA/resoluciones/RESOLUCIONES%202009/4393.pdf HTTP/1.1" 200 425766
69.162.124.232 - - [17/Nov/2016:02:34:45 -0500] "HEAD / HTTP/1.1" 200 -
66.249.64.51 - - [17/Nov/2016:02:35:07 -0500] "GET /BLA/resoluciones/RESOLUCIONES%202007/RES%202007%20801%20AL%20900/RESOLUCION%200840%20DE%202007.pdf HTTP/1.1" 304 -
66.249.64.53 - - [17/Nov/2016:02:35:10 -0500] "GET /BLA/resoluciones/AUTOS%202008/2969.pdf HTTP/1.1" 200 79617
66.249.64.55 - - [17/Nov/2016:02:35:37 -0500] "GET /BLA/resoluciones/Autos%202008/1562.pdf HTTP/1.1" 200 91233
66.249.64.55 - - [17/Nov/2016:02:35:41 -0500] "GET /BLA/resoluciones/AUTOS%202011/1353.pdf HTTP/1.1" 200 195719
66.249.64.51 - - [17/Nov/2016:02:35:44 -0500] "GET /BLA/resoluciones/RESOLUCIONES%202011/0810.pdf HTTP/1.1" 304 -
66.249.64.53 - - [17/Nov/2016:02:35:47 -0500] "GET /BLA/resoluciones/AUTOS%202015/1466.pdf HTTP/1.1" 200 515525
66.249.64.53 - - [17/Nov/2016:02:35:48 -0500] "GET /BLA/resoluciones/RESOLUCIONES%202010/6659.pdf HTTP/1.1" 304 -
66.249.64.51 - - [17/Nov/2016:02:35:54 -0500] "GET /BLA/resoluciones/AUTOS%202014/1868.pdf HTTP/1.1" 304 -
66.249.64.51 - - [17/Nov/2016:02:35:56 -0500] "GET /BLA/resoluciones/RESOLUCIONES%202007/RES%202007%202901%20AL%203000/RESOLUCION%202906%20DE%202007.pdf HTTP/1.1" 304 -
66.249.64.51 - - [17/Nov/2016:02:35:58 -0500] "GET /BLA/resoluciones/AUTOS%202014/3106.pdf HTTP/1.1" 304 -
66.249.64.51 - - [17/Nov/2016:02:36:05 -0500] "GET /BLA/resoluciones/RESOLUCIONES%202011/3276.pdf HTTP/1.1" 304 -
192.168.175.104 - - [17/Nov/2016:02:36:13 -0500] "GET / HTTP/1.0" 200 9990
66.249.64.51 - - [17/Nov/2016:02:36:15 -0500] "GET /BLA/resoluciones/AUTOS%202014/7172.pdf HTTP/1.1" 304 -
66.249.64.51 - - [17/Nov/2016:02:36:18 -0500] "GET /BLA/resoluciones/RESOLUCIONES%202007/RES%202007%20701%20AL%20800/RESOLUCION%200781%20DE%202007.pdf HTTP/1.1" 304 -
66.249.64.51 - - [17/Nov/2016:02:36:20 -0500] "GET /BLA/resoluciones/RESOLUCIONES%202011/1638.pdf HTTP/1.1" 200 300932
192.168.175.104 - - [17/Nov/2016:02:36:21 -0500] "GET / HTTP/1.1" 200 9990
66.249.64.51 - - [17/Nov/2016:02:36:22 -0500] "GET /BLA/resoluciones/RESOLUCIONES%202014/3641.pdf HTTP/1.1" 304 -
66.249.64.51 - - [17/Nov/2016:02:36:23 -0500] "GET /BLA/resoluciones/AUTOS%202012/2731.pdf HTTP/1.1" 200 665189
66.249.64.51 - - [17/Nov/2016:02:36:24 -0500] "GET /BLA/resoluciones/RESOLUCIONES%202007/RES%202007%203501%20AL%203600/RESOLUCION%203566%20DE%202007.pdf HTTP/1.1" 200 41325
66.249.64.51 - - [17/Nov/2016:02:36:24 -0500] "GET /BLA/resoluciones/RESOLUCIONES%202010/5807.pdf HTTP/1.1" 304 -
66.249.64.51 - - [17/Nov/2016:02:36:28 -0500] "GET /BLA/resoluciones/AUTOS%202014/2503.pdf HTTP/1.1" 304 -
66.249.64.51 - - [17/Nov/2016:02:36:31 -0500] "GET /BLA/resoluciones/AUTOS%202014/0493.pdf HTTP/1.1" 304 -
66.249.64.51 - - [17/Nov/2016:02:36:33 -0500] "GET /BLA/resoluciones/RESOLUCIONES%202010/4229.pdf HTTP/1.1" 304 -
151.80.31.178 - - [17/Nov/2016:02:36:34 -0500] "GET /robots.txt HTTP/1.1" 404 1018
163.172.65.17 - - [17/Nov/2016:02:36:34 -0500] "GET /BLA/resoluciones/RESOLUCIONES%202003/RES%202003%201101-1150/1150.tif HTTP/1.1" 200 403760
66.249.64.51 - - [17/Nov/2016:02:36:39 -0500] "GET /BLA/resoluciones/AUTOS%202010/0843.pdf HTTP/1.1" 304 -
66.249.64.51 - - [17/Nov/2016:02:36:45 -0500] "GET /BLA/resoluciones/AUTOS%202014/2831.pdf HTTP/1.1" 200 2493440
66.249.64.51 - - [17/Nov/2016:02:36:47 -0500] "GET /BLA/resoluciones/RESOLUCIONES%202006/RES%202006%20301-350/00000336.tif HTTP/1.1" 200 224986
66.249.64.51 - - [17/Nov/2016:02:36:48 -0500] "GET /BLA/resoluciones/RESOLUCIONES%202007/RES%202007%202201%20AL%202300/RESOLUCION%202263%20DE%202007.pdf HTTP/1.1" 304 -
66.249.64.51 - - [17/Nov/2016:02:36:49 -0500] "GET /BLA/resoluciones/AUTOS%202015/3063.pdf HTTP/1.1" 304 -
66.249.64.55 - - [17/Nov/2016:02:36:55 -0500] "GET /BLA/resoluciones/AUTOS%202012/2631.pdf HTTP/1.1" 200 260800
66.249.64.53 - - [17/Nov/2016:02:37:02 -0500] "GET /BLA/resoluciones/AUTOS%202009/3326.pdf HTTP/1.1" 304 -
192.168.175.104 - - [17/Nov/2016:02:37:02 -0500] "GET / HTTP/1.1" 200 9990
66.249.64.53 - - [17/Nov/2016:02:37:02 -0500] "GET /BLA/resoluciones/RESOLUCIONES%202010/7878.pdf HTTP/1.1" 304 -
66.249.64.53 - - [17/Nov/2016:02:37:03 -0500] "GET /BLA/resoluciones/AUTOS%202014/5469.pdf HTTP/1.1" 200 520737
66.249.64.55 - - [17/Nov/2016:02:37:04 -0500] "GET /BLA/resoluciones/RESOLUCIONES%202014/1005.pdf HTTP/1.1" 200 294627
66.249.64.53 - - [17/Nov/2016:02:37:07 -0500] "GET /BLA/resoluciones/RESOLUCIONES%202009/4422.pdf HTTP/1.1" 304 -
66.249.64.57 - - [17/Nov/2016:02:37:08 -0500] "GET /BLA/resoluciones/AUTOS%202015/1954.pdf HTTP/1.1" 304 -
