190.159.25.25 - - [17/Nov/2016:01:23:21 -0500] "GET /galeria/nivo-slider/demo/images/banner%20encuesta%20sda2-web3.jpg HTTP/1.1" 200 111668
190.159.25.25 - - [17/Nov/2016:01:23:21 -0500] "GET /galeria/nivo-slider/demo/images/bannerwebsemanecoempresarial.jpg HTTP/1.1" 200 108354
190.159.25.25 - - [17/Nov/2016:01:23:21 -0500] "GET /galeria/nivo-slider/demo/images/BANNER%20ECORECICLATON-01d%20(2).jpg HTTP/1.1" 200 136864
66.249.64.51 - - [17/Nov/2016:01:23:21 -0500] "GET /BLA/resoluciones/AUTOS%202015/1845.pdf HTTP/1.1" 200 647864
190.159.25.25 - - [17/Nov/2016:01:23:21 -0500] "GET /galeria/nivo-slider/demo/images/bannerinvitaci%C3%B3nacaminatasecologicas2.jpg HTTP/1.1" 200 513253
190.159.25.25 - - [17/Nov/2016:01:23:21 -0500] "GET /galeria/nivo-slider/demo/images/bannersilvicultura.jpg HTTP/1.1" 200 173023
190.159.25.25 - - [17/Nov/2016:01:23:22 -0500] "GET /galeria/nivo-slider/demo/images/BANNERARBOLES.jpg HTTP/1.1" 200 227630
190.159.25.25 - - [17/Nov/2016:01:23:22 -0500] "GET /galeria/nivo-slider/demo/images/ACOPIADORESYGESTORES.jpg HTTP/1.1" 200 118791
190.159.25.25 - - [17/Nov/2016:01:23:23 -0500] "GET /galeria/nivo-slider/demo/images/vegetal.jpg HTTP/1.1" 200 216080
190.159.25.25 - - [17/Nov/2016:01:23:23 -0500] "GET /galeria/nivo-slider/demo/images/Ruta-vertimientos-01.jpg HTTP/1.1" 200 130151
190.159.25.25 - - [17/Nov/2016:01:23:23 -0500] "GET /galeria/nivo-slider/demo/images/bannergestionambiental2.jpg HTTP/1.1" 200 245647
190.159.25.25 - - [17/Nov/2016:01:23:23 -0500] "GET /galeria/nivo-slider/demo/images/bolsas-06.jpg HTTP/1.1" 200 210950
190.159.25.25 - - [17/Nov/2016:01:23:24 -0500] "GET /galeria/nivo-slider/demo/images/4Simple_Slider.png HTTP/1.1" 200 11722
186.84.14.10 - - [17/Nov/2016:01:23:24 -0500] "GET /galeria/nivo-slider/demo/images/bannersilvicultura.jpg HTTP/1.1" 200 173023
190.159.25.25 - - [17/Nov/2016:01:23:25 -0500] "GET /galeria/nivo-slider/themes/default/loading.gif HTTP/1.1" 200 1737
66.249.64.51 - - [17/Nov/2016:01:23:25 -0500] "GET /BLA/resoluciones/RESOLUCIONES%202012/0532.pdf HTTP/1.1" 304 -
190.159.25.25 - - [17/Nov/2016:01:23:26 -0500] "GET /galeria/nivo-slider/themes/default/arrows.png HTTP/1.1" 200 824
190.159.25.25 - - [17/Nov/2016:01:23:27 -0500] "GET /galeria/nivo-slider/themes/default/bullets.png HTTP/1.1" 200 1281
186.84.14.10 - - [17/Nov/2016:01:23:34 -0500] "GET /galeria/nivo-slider/demo/images/bannersilvicultura.jpg HTTP/1.1" 200 173023
66.249.64.51 - - [17/Nov/2016:01:23:34 -0500] "GET /BLA/resoluciones/AUTOS%202013/0851.pdf HTTP/1.1" 304 -
186.84.14.10 - - [17/Nov/2016:01:23:35 -0500] "GET /galeria/nivo-slider/demo/images/BANNERARBOLES.jpg HTTP/1.1" 200 227630
83.243.58.157 - - [17/Nov/2016:01:23:36 -0500] "GET /blog/wp-admin/ HTTP/1.1" 404 1018
66.249.64.51 - - [17/Nov/2016:01:23:38 -0500] "GET /BLA/resoluciones/AUTOS%202009/2317.pdf HTTP/1.1" 200 152199
66.249.64.51 - - [17/Nov/2016:01:23:38 -0500] "GET /BLA/resoluciones/AUTOS%202014/0493.pdf HTTP/1.1" 304 -
66.249.64.51 - - [17/Nov/2016:01:23:40 -0500] "GET /BLA/resoluciones/RESOLUCIONES%202010/6105.pdf HTTP/1.1" 304 -
66.249.64.51 - - [17/Nov/2016:01:23:41 -0500] "GET /BLA/resoluciones/AUTOS%202014/2684.pdf HTTP/1.1" 304 -
66.249.64.51 - - [17/Nov/2016:01:23:43 -0500] "GET /BLA/resoluciones/RESOLUCIONES%202013/1044.pdf HTTP/1.1" 304 -
186.84.14.10 - - [17/Nov/2016:01:23:44 -0500] "GET /galeria/nivo-slider/demo/images/BANNERARBOLES.jpg HTTP/1.1" 200 227630
186.84.14.10 - - [17/Nov/2016:01:23:44 -0500] "GET /galeria/nivo-slider/demo/images/ACOPIADORESYGESTORES.jpg HTTP/1.1" 200 118791
66.249.64.51 - - [17/Nov/2016:01:23:46 -0500] "GET /BLA/resoluciones/RESOLUCIONES%202007/RES%202007%203701%20AL%203800/RESOLUCION%203800%20DE%202007.pdf HTTP/1.1" 200 486730
66.249.64.51 - - [17/Nov/2016:01:23:48 -0500] "GET /BLA/resoluciones/AUTOS%202011/5250.pdf HTTP/1.1" 304 -
66.249.64.51 - - [17/Nov/2016:01:23:48 -0500] "GET /BLA/resoluciones/RESOLUCIONES%202014/0959.pdf HTTP/1.1" 200 627409
66.249.64.51 - - [17/Nov/2016:01:23:50 -0500] "GET /BLA/resoluciones/RESOLUCIONES%202007/RES%202007%202101%20AL%202200/RESOLUCION%202138%20DE%202007.pdf HTTP/1.1" 304 -
66.249.64.51 - - [17/Nov/2016:01:23:50 -0500] "GET /BLA/resoluciones/AUTOS%202014/2546.pdf HTTP/1.1" 200 520821
66.249.64.53 - - [17/Nov/2016:01:23:52 -0500] "GET /BLA/resoluciones/AUTOS%202011/7383.pdf HTTP/1.1" 304 -
66.249.64.51 - - [17/Nov/2016:01:23:52 -0500] "GET /BLA/resoluciones/AUTOS%202012/1700.pdf HTTP/1.1" 200 843199
66.249.64.53 - - [17/Nov/2016:01:23:53 -0500] "GET /BLA/resoluciones/AUTOS%202014/4829.pdf HTTP/1.1" 304 -
190.159.25.25 - - [17/Nov/2016:01:23:54 -0500] "GET /BLA/boletinlegal/js/jquery.scrollShow.js HTTP/1.1" 200 4586
190.159.25.25 - - [17/Nov/2016:01:23:54 -0500] "GET /galeria/galeria/jquery.fancybox.css?v=2.1.5 HTTP/1.1" 200 4895
190.159.25.25 - - [17/Nov/2016:01:23:54 -0500] "GET /galeria/galeria/jquery.fancybox.js?v=2.1.5 HTTP/1.1" 200 48706
186.84.14.10 - - [17/Nov/2016:01:23:54 -0500] "GET /galeria/nivo-slider/demo/images/ACOPIADORESYGESTORES.jpg HTTP/1.1" 200 118791
186.84.14.10 - - [17/Nov/2016:01:23:54 -0500] "GET /galeria/nivo-slider/demo/images/bannergestionambiental2.jpg HTTP/1.1" 200 245647
66.249.64.51 - - [17/Nov/2016:01:23:56 -0500] "GET /BLA/resoluciones/AUTOS%202011/3701.pdf HTTP/1.1" 304 -
66.249.64.53 - - [17/Nov/2016:01:23:57 -0500] "GET /BLA/resoluciones/RESOLUCIONES%202011/4686.pdf HTTP/1.1" 304 -
66.249.64.53 - - [17/Nov/2016:01:24:03 -0500] "GET /BLA/resoluciones/RESOLUCIONES%202010/4601.pdf HTTP/1.1" 304 -
186.84.14.10 - - [17/Nov/2016:01:24:04 -0500] "GET /galeria/nivo-slider/demo/images/vegetal.jpg HTTP/1.1" 200 216080
186.84.14.10 - - [17/Nov/2016:01:24:04 -0500] "GET /galeria/nivo-slider/demo/images/bannergestionambiental2.jpg HTTP/1.1" 200 245647
66.249.64.55 - - [17/Nov/2016:01:24:09 -0500] "GET /BLA/resoluciones/RESOLUCIONES%202008/0690.pdf HTTP/1.1" 200 422428
66.249.64.51 - - [17/Nov/2016:01:24:09 -0500] "GET /BLA/resoluciones/AUTOS%202009/0185.pdf HTTP/1.1" 304 -
66.249.64.55 - - [17/Nov/2016:01:24:12 -0500] "GET /BLA/resoluciones/AUTOS%202012/0328.pdf HTTP/1.1" 200 287313
66.249.64.51 - - [17/Nov/2016:01:24:13 -0500] "GET /BLA/resoluciones/AUTOS%202015/1412.pdf HTTP/1.1" 304 -
186.84.14.10 - - [17/Nov/2016:01:24:14 -0500] "GET /galeria/nivo-slider/demo/images/vegetal.jpg HTTP/1.1" 200 216080
186.84.14.10 - - [17/Nov/2016:01:24:14 -0500] "GET /galeria/nivo-slider/demo/images/Ruta-vertimientos-01.jpg HTTP/1.1" 200 130151
66.249.64.53 - - [17/Nov/2016:01:24:17 -0500] "GET /BLA/resoluciones/RESOLUCIONES%202007/RES%202007%202101%20AL%202200/RESOLUCION%202109%20DE%202007.pdf HTTP/1.1" 200 587591
66.249.64.51 - - [17/Nov/2016:01:24:20 -0500] "GET /BLA/resoluciones/AUTOS%202009/0723.pdf HTTP/1.1" 304 -
66.249.64.53 - - [17/Nov/2016:01:24:20 -0500] "GET /BLA/resoluciones/AUTOS%202015/5159.pdf HTTP/1.1" 200 638447
186.84.14.10 - - [17/Nov/2016:01:24:24 -0500] "GET /galeria/nivo-slider/demo/images/Ruta-vertimientos-01.jpg HTTP/1.1" 200 130151
186.84.14.10 - - [17/Nov/2016:01:24:24 -0500] "GET /galeria/nivo-slider/demo/images/bolsas-06.jpg HTTP/1.1" 200 210950
66.249.64.51 - - [17/Nov/2016:01:24:27 -0500] "GET /BLA/resoluciones/AUTOS%202011/2485.pdf HTTP/1.1" 200 86140
66.249.64.53 - - [17/Nov/2016:01:24:29 -0500] "GET /BLA/resoluciones/RESOLUCIONES%202013/2170.pdf HTTP/1.1" 200 853783
66.249.64.51 - - [17/Nov/2016:01:24:30 -0500] "GET /BLA/resoluciones/AUTOS%202015/1956.pdf HTTP/1.1" 200 624740
66.249.64.53 - - [17/Nov/2016:01:24:31 -0500] "GET /BLA/resoluciones/AUTOS%202015/1966.pdf HTTP/1.1" 200 518696
66.249.64.51 - - [17/Nov/2016:01:24:31 -0500] "GET /BLA/resoluciones/AUTOS%202009/1890.pdf HTTP/1.1" 304 -
66.249.64.51 - - [17/Nov/2016:01:24:32 -0500] "GET /BLA/resoluciones/Notificaciones/AUTOS%202015/06604.doc HTTP/1.1" 200 105716
66.249.64.51 - - [17/Nov/2016:01:24:33 -0500] "GET /BLA/resoluciones/AUTOS%202015/0602.pdf HTTP/1.1" 200 521847
186.84.14.10 - - [17/Nov/2016:01:24:34 -0500] "GET /galeria/nivo-slider/demo/images/bannerdiadelvoluntariado2.jpg HTTP/1.1" 200 92375
66.249.64.53 - - [17/Nov/2016:01:24:37 -0500] "GET /BLA/resoluciones/AUTOS%202014/3245.pdf HTTP/1.1" 200 800528
66.249.64.53 - - [17/Nov/2016:01:24:39 -0500] "GET /BLA/resoluciones/AUTOS%202014/6875.pdf HTTP/1.1" 304 -
66.249.64.51 - - [17/Nov/2016:01:24:42 -0500] "GET /BLA/resoluciones/AUTOS%202012/2733.pdf HTTP/1.1" 200 395805
66.249.64.51 - - [17/Nov/2016:01:24:44 -0500] "GET /BLA/resoluciones/Notificaciones/AUTOS%202015/0912.doc HTTP/1.1" 200 157184
69.162.124.232 - - [17/Nov/2016:01:24:45 -0500] "HEAD / HTTP/1.1" 200 -
66.249.64.55 - - [17/Nov/2016:01:24:48 -0500] "GET /BLA/resoluciones/RESOLUCIONES%202007/RES%202007%203601%20AL%203700/RESOLUCION%203608%20DE%202007.pdf HTTP/1.1" 304 -
66.249.64.53 - - [17/Nov/2016:01:24:49 -0500] "GET /autoliquidacion/Grupo%20Forestal%20-%20Silvicultura/Especies%20de%20flora%20en%20la%20ciudad%20de%20bogota.xls HTTP/1.1" 304 -
66.249.64.51 - - [17/Nov/2016:01:24:52 -0500] "GET /BLA/resoluciones/AUTOS%202015/2446.pdf HTTP/1.1" 200 720043
66.249.64.55 - - [17/Nov/2016:01:24:54 -0500] "GET /BLA/resoluciones/RESOLUCIONES%202007/RES%202007%20701%20AL%20800/RESOLUCION%200703%20DE%202007.pdf HTTP/1.1" 304 -
66.249.64.55 - - [17/Nov/2016:01:24:54 -0500] "GET /BLA/resoluciones/Notificaciones/REGISTROS%202015/1838.doc HTTP/1.1" 200 203264
66.249.64.53 - - [17/Nov/2016:01:24:56 -0500] "GET /BLA/resoluciones/RESOLUCIONES%202013/2465.pdf HTTP/1.1" 304 -
66.249.64.51 - - [17/Nov/2016:01:24:56 -0500] "GET /BLA/resoluciones/AUTOS%202012/2873.pdf HTTP/1.1" 200 404298
66.249.64.55 - - [17/Nov/2016:01:24:57 -0500] "GET /BLA/resoluciones/RESOLUCIONES%202007/RES%202007%201201%20AL%201300/RESOLUCION%201275%20DE%202007.pdf HTTP/1.1" 304 -
66.249.88.7 - - [17/Nov/2016:01:24:59 -0500] "GET /BLA/resoluciones/RESOLUCIONES%202010/7477.pdf HTTP/1.1" 200 451665
66.249.64.57 - - [17/Nov/2016:01:25:01 -0500] "GET /BLA/resoluciones/RESOLUCIONES%202009/6956.pdf HTTP/1.1" 304 -
66.249.64.59 - - [17/Nov/2016:01:25:20 -0500] "GET /BLA/resoluciones/AUTOS%202010/6587.pdf HTTP/1.1" 200 362685
66.249.64.51 - - [17/Nov/2016:01:25:23 -0500] "GET /BLA/resoluciones/AUTOS%202009/1302.pdf HTTP/1.1" 200 233830
66.249.64.63 - - [17/Nov/2016:01:25:23 -0500] "GET /BLA/resoluciones/AUTOS%202014/2402.pdf HTTP/1.1" 200 597476
66.249.64.53 - - [17/Nov/2016:01:25:25 -0500] "GET /BLA/resoluciones/RESOLUCIONES%202009/7223.pdf HTTP/1.1" 304 -
66.249.64.59 - - [17/Nov/2016:01:25:25 -0500] "GET /BLA/resoluciones/AUTOS%202014/4871.pdf HTTP/1.1" 304 -
66.249.64.59 - - [17/Nov/2016:01:25:26 -0500] "GET /BLA/resoluciones/RESOLUCIONES%202007/RES%202007%20101%20AL%20200/RESOLUCION%200107%20DE%202007.pdf HTTP/1.1" 304 -
66.249.64.63 - - [17/Nov/2016:01:25:26 -0500] "GET /ecodirectorio/files/res/downloads/download_0093.pdf HTTP/1.1" 304 -
66.249.64.55 - - [17/Nov/2016:01:25:27 -0500] "GET /BLA/resoluciones/RESOLUCIONES%202013/1413.pdf HTTP/1.1" 200 621058
66.249.64.59 - - [17/Nov/2016:01:25:29 -0500] "GET /BLA/resoluciones/AUTOS%202014/3560.pdf HTTP/1.1" 304 -
66.249.64.57 - - [17/Nov/2016:01:25:29 -0500] "GET /BLA/resoluciones/AUTOS%202015/1925.pdf HTTP/1.1" 200 645100
66.249.64.51 - - [17/Nov/2016:01:25:31 -0500] "GET /BLA/resoluciones/AUTOS%202014/0057.pdf HTTP/1.1" 304 -
66.249.64.57 - - [17/Nov/2016:01:25:32 -0500] "GET /BLA/resoluciones/AUTOS%202011/4305.pdf HTTP/1.1" 200 266719
66.249.64.55 - - [17/Nov/2016:01:25:33 -0500] "GET /BLA/resoluciones/RESOLUCIONES%202008/5169.pdf HTTP/1.1" 200 349962
66.249.64.53 - - [17/Nov/2016:01:25:35 -0500] "GET /BLA/resoluciones/AUTOS%202013/0220.pdf HTTP/1.1" 304 -
66.249.64.53 - - [17/Nov/2016:01:25:35 -0500] "GET /BLA/resoluciones/AUTOS%202014/7037.pdf HTTP/1.1" 200 74905
66.249.64.37 - - [17/Nov/2016:01:25:36 -0500] "GET /BLA/boletinlegal/Directivas/2016/Directiva%20No.%2001%20del%2012%20de%20Abril%20de%202016.pdf HTTP/1.1" 304 -
66.249.64.51 - - [17/Nov/2016:01:25:37 -0500] "GET /BLA/resoluciones/AUTOS%202013/2511.pdf HTTP/1.1" 200 758566
66.249.64.53 - - [17/Nov/2016:01:25:38 -0500] "GET /BLA/resoluciones/RESOLUCIONES%202009/6710.pdf HTTP/1.1" 304 -
66.249.64.55 - - [17/Nov/2016:01:25:39 -0500] "GET /BLA/resoluciones/RESOLUCIONES%202010/4224.pdf HTTP/1.1" 200 360826
66.249.64.53 - - [17/Nov/2016:01:25:39 -0500] "GET /BLA/resoluciones/RESOLUCIONES%202013/1549.pdf HTTP/1.1" 200 268932
66.249.64.55 - - [17/Nov/2016:01:25:40 -0500] "GET /BLA/resoluciones/RESOLUCIONES%202007/RES%202007%201301%20AL%201400/RESOLUCION%201375%20DE%202007.pdf HTTP/1.1" 304 -
66.249.64.51 - - [17/Nov/2016:01:25:49 -0500] "GET /BLA/resoluciones/RESOLUCIONES%202007/RES%202007%203401%20AL%203500/RESOLUCION%203438%20DE%202007.pdf HTTP/1.1" 200 731540
66.249.64.55 - - [17/Nov/2016:01:25:52 -0500] "GET /BLA/resoluciones/AUTOS%202011/6796.pdf HTTP/1.1" 200 219512
66.249.64.55 - - [17/Nov/2016:01:25:56 -0500] "GET /BLA/resoluciones/RESOLUCIONES%202009/3467.pdf HTTP/1.1" 304 -
78.47.27.170 - - [17/Nov/2016:01:25:56 -0500] "GET /robots.txt HTTP/1.0" 404 1018
78.47.27.170 - - [17/Nov/2016:01:25:57 -0500] "GET /BLA/resoluciones/AUTOS%202009/0815.pdf HTTP/1.0" 200 72249
66.249.64.51 - - [17/Nov/2016:01:25:59 -0500] "GET /BLA/resoluciones/RESOLUCIONES%202007/RES%202007%20501%20AL%20600/RESOLUCION%200509%20DE%202007.pdf HTTP/1.1" 200 260752
66.249.64.51 - - [17/Nov/2016:01:26:01 -0500] "GET /BLA/resoluciones/RESOLUCIONES%202014/0535.pdf HTTP/1.1" 200 577622
123.125.71.88 - - [17/Nov/2016:01:26:06 -0500] "GET /BLA/resoluciones/RESOLUCIONES%202009/8058.pdf HTTP/1.1" 200 134566
104.131.147.112 - - [17/Nov/2016:01:26:19 -0500] "GET / HTTP/1.1" 200 9990
66.249.64.59 - - [17/Nov/2016:01:26:19 -0500] "GET /BLA/resoluciones/AUTOS%202013/0664.pdf HTTP/1.1" 304 -
201.234.75.11 - - [17/Nov/2016:01:26:20 -0500] "GET /galeria/nivo-slider/demo/images/Ruta-vertimientos-01.jpg HTTP/1.1" 304 -
66.249.64.55 - - [17/Nov/2016:01:26:22 -0500] "GET /BLA/resoluciones/RESOLUCIONES%202009/2053.pdf HTTP/1.1" 200 606953
186.84.14.10 - - [17/Nov/2016:01:26:24 -0500] "GET /galeria/nivo-slider/demo/images/Ruta-vertimientos-01.jpg HTTP/1.1" 200 130151
186.84.14.10 - - [17/Nov/2016:01:26:24 -0500] "GET /galeria/nivo-slider/demo/images/bolsas-06.jpg HTTP/1.1" 200 210950
163.172.65.219 - - [17/Nov/2016:01:26:26 -0500] "GET /BLA/resoluciones/RESOLUCIONES%202005/RES%202005%201751-1800/00001775.tif HTTP/1.1" 200 172282
66.249.64.57 - - [17/Nov/2016:01:26:30 -0500] "GET /BLA/resoluciones/AUTOS%202007/0636.pdf HTTP/1.1" 200 71021
190.146.207.148 - - [17/Nov/2016:01:26:33 -0500] "GET /galeria/galeria/jquery.fancybox.css?v=2.1.5 HTTP/1.1" 200 4895
190.146.207.148 - - [17/Nov/2016:01:26:33 -0500] "GET /galeria/galeria/jquery.fancybox.js?v=2.1.5 HTTP/1.1" 200 48706
190.146.207.148 - - [17/Nov/2016:01:26:33 -0500] "GET /galeria/galeria/fotos/Humedal-Santa-Mar%C3%ADa-del-Lago1P.jpg HTTP/1.1" 200 26912
190.146.207.148 - - [17/Nov/2016:01:26:33 -0500] "GET /galeria/galeria/fotos/Humedal-Santa-Mar%C3%ADa-del-Lago2P.jpg HTTP/1.1" 200 37138
190.146.207.148 - - [17/Nov/2016:01:26:33 -0500] "GET /galeria/galeria/fotos/Humedal-Santa-Mar%C3%ADa-del-Lago3P.jpg HTTP/1.1" 200 30161
190.146.207.148 - - [17/Nov/2016:01:26:33 -0500] "GET /galeria/galeria/fotos/Humedal-Santa-Mar%C3%ADa-del-Lago4P.jpg HTTP/1.1" 200 33121
186.84.14.10 - - [17/Nov/2016:01:26:34 -0500] "GET /galeria/nivo-slider/demo/images/bolsas-06.jpg HTTP/1.1" 200 210950
186.84.14.10 - - [17/Nov/2016:01:26:34 -0500] "GET /galeria/nivo-slider/demo/images/bannerdiadelvoluntariado2.jpg HTTP/1.1" 200 92375
66.249.64.59 - - [17/Nov/2016:01:26:35 -0500] "GET /ecodirectorio/files/res/downloads/download_0155.pdf HTTP/1.1" 200 284203
190.159.25.25 - - [17/Nov/2016:01:26:38 -0500] "GET /galeria/galeria/jquery.fancybox.css?v=2.1.5 HTTP/1.1" 200 4895
190.159.25.25 - - [17/Nov/2016:01:26:38 -0500] "GET /galeria/galeria/jquery.fancybox.js?v=2.1.5 HTTP/1.1" 200 48706
190.159.25.25 - - [17/Nov/2016:01:26:38 -0500] "GET /BLA/boletinlegal/js/jquery.scrollShow.js HTTP/1.1" 200 4586
66.249.64.53 - - [17/Nov/2016:01:26:38 -0500] "GET /BLA/resoluciones/RESOLUCIONES%202013/1955.pdf HTTP/1.1" 200 1133271
192.168.175.104 - - [17/Nov/2016:01:26:41 -0500] "GET / HTTP/1.0" 200 9990
186.84.14.10 - - [17/Nov/2016:01:26:44 -0500] "GET /galeria/nivo-slider/demo/images/banner%20encuesta%20sda2-web3.jpg HTTP/1.1" 200 111668
186.84.14.10 - - [17/Nov/2016:01:26:44 -0500] "GET /galeria/nivo-slider/demo/images/bannerdiadelvoluntariado2.jpg HTTP/1.1" 200 92375
190.146.207.148 - - [17/Nov/2016:01:26:47 -0500] "GET /galeria/galeria/fotos/Humedal-Santa-Mar%C3%ADa-del-Lago1G.jpg HTTP/1.1" 200 290867
190.146.207.148 - - [17/Nov/2016:01:26:47 -0500] "GET /galeria/galeria/fancybox_overlay.png HTTP/1.1" 200 1003
190.146.207.148 - - [17/Nov/2016:01:26:47 -0500] "GET /galeria/galeria/fancybox_sprite.png HTTP/1.1" 200 1362
190.146.207.148 - - [17/Nov/2016:01:26:47 -0500] "GET /galeria/galeria/fancybox_loading.gif HTTP/1.1" 200 6567
190.146.207.148 - - [17/Nov/2016:01:26:47 -0500] "GET /galeria/galeria/fotos/Humedal-Santa-Mar%C3%ADa-del-Lago2G.jpg HTTP/1.1" 200 313606
190.146.207.148 - - [17/Nov/2016:01:26:47 -0500] "GET /galeria/galeria/fotos/Humedal-Santa-Mar%C3%ADa-del-Lago3G.jpg HTTP/1.1" 200 271832
190.146.207.148 - - [17/Nov/2016:01:26:47 -0500] "GET /galeria/galeria/fotos/Humedal-Santa-Mar%C3%ADa-del-Lago4G.jpg HTTP/1.1" 200 361652
190.146.207.148 - - [17/Nov/2016:01:26:47 -0500] "GET /galeria/galeria/blank.gif HTTP/1.1" 200 43
192.168.175.104 - - [17/Nov/2016:01:26:51 -0500] "GET / HTTP/1.1" 200 9990
186.84.14.10 - - [17/Nov/2016:01:26:54 -0500] "GET /galeria/nivo-slider/demo/images/bannerwebsemanecoempresarial.jpg HTTP/1.1" 200 108354
186.84.14.10 - - [17/Nov/2016:01:26:54 -0500] "GET /galeria/nivo-slider/demo/images/banner%20encuesta%20sda2-web3.jpg HTTP/1.1" 200 111668
186.84.14.10 - - [17/Nov/2016:01:27:04 -0500] "GET /galeria/nivo-slider/demo/images/BANNER%20ECORECICLATON-01d%20(2).jpg HTTP/1.1" 200 136864
186.84.14.10 - - [17/Nov/2016:01:27:04 -0500] "GET /galeria/nivo-slider/demo/images/bannerwebsemanecoempresarial.jpg HTTP/1.1" 200 108354
52.3.105.23 - - [17/Nov/2016:01:27:09 -0500] "GET /robots.txt HTTP/1.1" 404 1018
66.249.64.51 - - [17/Nov/2016:01:27:10 -0500] "GET /BLA/resoluciones/RESOLUCIONES%202009/5689.pdf HTTP/1.1" 200 477357
66.249.64.53 - - [17/Nov/2016:01:27:11 -0500] "GET /transparencia/directorioservidores/2016/?C=M;O=D HTTP/1.1" 200 3024
186.84.14.10 - - [17/Nov/2016:01:27:14 -0500] "GET /galeria/nivo-slider/demo/images/BANNER%20ECORECICLATON-01d%20(2).jpg HTTP/1.1" 200 136864
186.84.14.10 - - [17/Nov/2016:01:27:14 -0500] "GET /galeria/nivo-slider/demo/images/bannerinvitaci%C3%B3nacaminatasecologicas2.jpg HTTP/1.1" 200 513253
66.249.64.51 - - [17/Nov/2016:01:27:15 -0500] "GET /BLA/resoluciones/RESOLUCIONES%202008/0411.pdf HTTP/1.1" 304 -
66.249.64.55 - - [17/Nov/2016:01:27:24 -0500] "GET /BLA/resoluciones/AUTOS%202012/2896.pdf HTTP/1.1" 304 -
186.84.14.10 - - [17/Nov/2016:01:27:24 -0500] "GET /galeria/nivo-slider/demo/images/bannersilvicultura.jpg HTTP/1.1" 200 173023
186.84.14.10 - - [17/Nov/2016:01:27:24 -0500] "GET /galeria/nivo-slider/demo/images/bannerinvitaci%C3%B3nacaminatasecologicas2.jpg HTTP/1.1" 200 513253
192.168.175.104 - - [17/Nov/2016:01:27:29 -0500] "GET / HTTP/1.1" 200 9990
186.84.14.10 - - [17/Nov/2016:01:27:34 -0500] "GET /galeria/nivo-slider/demo/images/BANNERARBOLES.jpg HTTP/1.1" 200 227630
186.84.14.10 - - [17/Nov/2016:01:27:34 -0500] "GET /galeria/nivo-slider/demo/images/bannersilvicultura.jpg HTTP/1.1" 200 173023
186.84.14.10 - - [17/Nov/2016:01:27:44 -0500] "GET /galeria/nivo-slider/demo/images/ACOPIADORESYGESTORES.jpg HTTP/1.1" 200 118791
186.84.14.10 - - [17/Nov/2016:01:27:44 -0500] "GET /galeria/nivo-slider/demo/images/BANNERARBOLES.jpg HTTP/1.1" 200 227630
186.170.196.229 - - [17/Nov/2016:01:27:45 -0500] "GET /galeria/galeria/jquery.fancybox.css?v=2.1.5 HTTP/1.1" 200 4895
186.170.196.229 - - [17/Nov/2016:01:27:45 -0500] "GET /BLA/boletinlegal/js/jquery.scrollShow.js HTTP/1.1" 200 4586
186.170.196.229 - - [17/Nov/2016:01:27:45 -0500] "GET /galeria/galeria/jquery.fancybox.js?v=2.1.5 HTTP/1.1" 200 48706
66.249.64.59 - - [17/Nov/2016:01:27:50 -0500] "GET /ecodirectorio/files/res/downloads/download_0052.pdf HTTP/1.1" 304 -
66.249.64.61 - - [17/Nov/2016:01:27:50 -0500] "GET / HTTP/1.1" 200 9990
66.249.64.63 - - [17/Nov/2016:01:27:53 -0500] "GET /ecodirectorio/files/res/downloads/download_0159.pdf HTTP/1.1" 304 -
66.249.64.59 - - [17/Nov/2016:01:27:53 -0500] "GET /ecodirectorio/files/res/downloads/download_0193.pdf HTTP/1.1" 304 -
66.249.64.51 - - [17/Nov/2016:01:27:54 -0500] "GET /BLA/resoluciones/AUTOS%202011/1362.pdf HTTP/1.1" 304 -
186.84.14.10 - - [17/Nov/2016:01:27:54 -0500] "GET /galeria/nivo-slider/demo/images/ACOPIADORESYGESTORES.jpg HTTP/1.1" 200 118791
186.84.14.10 - - [17/Nov/2016:01:27:54 -0500] "GET /galeria/nivo-slider/demo/images/bannergestionambiental2.jpg HTTP/1.1" 200 245647
190.156.72.83 - - [17/Nov/2016:01:27:56 -0500] "GET /galeria/galeria/fotos/Soratama1G.jpg HTTP/1.1" 200 127762
66.249.64.61 - - [17/Nov/2016:01:27:59 -0500] "GET /ecodirectorio/files/res/downloads/download_0051.pdf HTTP/1.1" 304 -
66.249.64.53 - - [17/Nov/2016:01:27:59 -0500] "GET /BLA/resoluciones/AUTOS%202009/0764.pdf HTTP/1.1" 200 156963
186.145.185.107 - - [17/Nov/2016:01:28:01 -0500] "GET /galeria/carrusel/Carrusel/jquery.thumbnailScroller.css HTTP/1.1" 200 2066
186.145.185.107 - - [17/Nov/2016:01:28:01 -0500] "GET /galeria/galeria/jquery.fancybox.css?v=2.1.5 HTTP/1.1" 200 4895
186.145.185.107 - - [17/Nov/2016:01:28:01 -0500] "GET /BLA/boletinlegal/js/jquery.scrollShow.js HTTP/1.1" 200 4586
186.145.185.107 - - [17/Nov/2016:01:28:01 -0500] "GET /galeria/galeria/jquery.fancybox.js?v=2.1.5 HTTP/1.1" 200 48706
186.145.185.107 - - [17/Nov/2016:01:28:01 -0500] "GET /galeria/carrusel/Carrusel/jquery.thumbnailScroller.js HTTP/1.1" 200 8157
186.145.185.107 - - [17/Nov/2016:01:28:01 -0500] "GET /galeria/nivo-slider/demo/demo.html HTTP/1.1" 200 3765
186.145.185.107 - - [17/Nov/2016:01:28:01 -0500] "GET /galeria/carrusel/Carrusel/jquery-ui-1.8.13.custom.min.js HTTP/1.1" 200 10800
186.145.185.107 - - [17/Nov/2016:01:28:01 -0500] "GET /galeria/nivo-slider/themes/default/default.css HTTP/1.1" 200 1569
186.145.185.107 - - [17/Nov/2016:01:28:01 -0500] "GET /galeria/nivo-slider/themes/pascal/pascal.css HTTP/1.1" 200 2258
186.145.185.107 - - [17/Nov/2016:01:28:01 -0500] "GET /galeria/nivo-slider/themes/orman/orman.css HTTP/1.1" 200 2152
186.145.185.107 - - [17/Nov/2016:01:28:01 -0500] "GET /galeria/nivo-slider/nivo-slider.css HTTP/1.1" 200 1507
186.145.185.107 - - [17/Nov/2016:01:28:01 -0500] "GET /galeria/nivo-slider/demo/style.css HTTP/1.1" 200 2222
186.145.185.107 - - [17/Nov/2016:01:28:01 -0500] "GET /galeria/nivo-slider/jquery.nivo.slider.pack.js HTTP/1.1" 200 11561
186.145.185.107 - - [17/Nov/2016:01:28:01 -0500] "GET /galeria/nivo-slider/demo/scripts/jquery-1.7.1.min.js HTTP/1.1" 200 93868
186.145.185.107 - - [17/Nov/2016:01:28:01 -0500] "GET /galeria/nivo-slider/demo/images/bannerdiadelvoluntariado2.jpg HTTP/1.1" 200 92375
186.145.185.107 - - [17/Nov/2016:01:28:02 -0500] "GET /galeria/nivo-slider/demo/images/banner%20encuesta%20sda2-web3.jpg HTTP/1.1" 200 111668
186.145.185.107 - - [17/Nov/2016:01:28:02 -0500] "GET /galeria/nivo-slider/demo/images/bannerwebsemanecoempresarial.jpg HTTP/1.1" 200 108354
186.145.185.107 - - [17/Nov/2016:01:28:02 -0500] "GET /galeria/nivo-slider/demo/images/BANNER%20ECORECICLATON-01d%20(2).jpg HTTP/1.1" 200 136864
186.145.185.107 - - [17/Nov/2016:01:28:02 -0500] "GET /galeria/nivo-slider/demo/images/bannerinvitaci%C3%B3nacaminatasecologicas2.jpg HTTP/1.1" 200 513253
186.145.185.107 - - [17/Nov/2016:01:28:02 -0500] "GET /galeria/nivo-slider/demo/images/4Simple_Slider.png HTTP/1.1" 200 11722
186.145.185.107 - - [17/Nov/2016:01:28:02 -0500] "GET /galeria/nivo-slider/demo/images/bannersilvicultura.jpg HTTP/1.1" 200 173023
186.145.185.107 - - [17/Nov/2016:01:28:02 -0500] "GET /galeria/nivo-slider/themes/default/loading.gif HTTP/1.1" 200 1737
186.145.185.107 - - [17/Nov/2016:01:28:03 -0500] "GET /galeria/nivo-slider/demo/images/BANNERARBOLES.jpg HTTP/1.1" 200 227630
186.145.185.107 - - [17/Nov/2016:01:28:03 -0500] "GET /galeria/nivo-slider/demo/images/ACOPIADORESYGESTORES.jpg HTTP/1.1" 200 118791
186.145.185.107 - - [17/Nov/2016:01:28:03 -0500] "GET /galeria/nivo-slider/demo/images/bannergestionambiental2.jpg HTTP/1.1" 200 245647
186.84.14.10 - - [17/Nov/2016:01:28:04 -0500] "GET /galeria/nivo-slider/demo/images/vegetal.jpg HTTP/1.1" 200 216080
66.249.64.59 - - [17/Nov/2016:01:28:05 -0500] "GET /POT-2013/Cartografia/09_EEP.pdf HTTP/1.1" 304 -
186.145.185.107 - - [17/Nov/2016:01:28:05 -0500] "GET /galeria/nivo-slider/demo/images/vegetal.jpg HTTP/1.1" 200 216080
186.145.185.107 - - [17/Nov/2016:01:28:06 -0500] "GET /galeria/nivo-slider/demo/images/Ruta-vertimientos-01.jpg HTTP/1.1" 200 130151
186.145.185.107 - - [17/Nov/2016:01:28:07 -0500] "GET /galeria/nivo-slider/demo/images/bolsas-06.jpg HTTP/1.1" 200 210950
186.145.185.107 - - [17/Nov/2016:01:28:09 -0500] "GET /galeria/nivo-slider/themes/default/bullets.png HTTP/1.1" 200 1281
186.145.185.107 - - [17/Nov/2016:01:28:13 -0500] "GET /galeria/nivo-slider/themes/default/arrows.png HTTP/1.1" 200 824
186.84.14.10 - - [17/Nov/2016:01:28:14 -0500] "GET /galeria/nivo-slider/demo/images/vegetal.jpg HTTP/1.1" 200 216080
186.84.14.10 - - [17/Nov/2016:01:28:14 -0500] "GET /galeria/nivo-slider/demo/images/Ruta-vertimientos-01.jpg HTTP/1.1" 200 130151
66.249.64.53 - - [17/Nov/2016:01:28:16 -0500] "GET /BLA/resoluciones/AUTOS%202014/7293.pdf HTTP/1.1" 304 -
190.24.58.218 - - [17/Nov/2016:01:28:17 -0500] "GET /galeria/galeria/jquery.fancybox.css?v=2.1.5 HTTP/1.1" 200 4895
190.24.58.218 - - [17/Nov/2016:01:28:17 -0500] "GET /BLA/boletinlegal/js/jquery.scrollShow.js HTTP/1.1" 200 4586
190.24.58.218 - - [17/Nov/2016:01:28:17 -0500] "GET /galeria/galeria/jquery.fancybox.js?v=2.1.5 HTTP/1.1" 200 48706
52.3.105.23 - - [17/Nov/2016:01:27:18 -0500] "GET /BLA/boletinlegal/ HTTP/1.1" 200 52900
66.249.64.51 - - [17/Nov/2016:01:28:19 -0500] "GET /BLA/resoluciones/RESOLUCIONES%202011/2185.pdf HTTP/1.1" 200 511455
186.84.14.10 - - [17/Nov/2016:01:28:24 -0500] "GET /galeria/nivo-slider/demo/images/bolsas-06.jpg HTTP/1.1" 200 210950
190.24.58.218 - - [17/Nov/2016:01:28:31 -0500] "GET /galeria/galeria/jquery.fancybox.css?v=2.1.5 HTTP/1.1" 304 -
190.24.58.218 - - [17/Nov/2016:01:28:31 -0500] "GET /BLA/boletinlegal/js/jquery.scrollShow.js HTTP/1.1" 304 -
190.24.58.218 - - [17/Nov/2016:01:28:31 -0500] "GET /galeria/galeria/jquery.fancybox.js?v=2.1.5 HTTP/1.1" 304 -
66.249.64.51 - - [17/Nov/2016:01:28:33 -0500] "GET /BLA/resoluciones/AUTOS%202013/1706.pdf HTTP/1.1" 200 1767065
186.84.14.10 - - [17/Nov/2016:01:28:34 -0500] "GET /galeria/nivo-slider/demo/images/bannerdiadelvoluntariado2.jpg HTTP/1.1" 200 92375
66.249.64.51 - - [17/Nov/2016:01:28:36 -0500] "GET /BLA/resoluciones/AUTOS%202014/2296.pdf HTTP/1.1" 304 -
186.154.37.66 - - [17/Nov/2016:01:28:38 -0500] "GET /BLA/resoluciones/AUTOS%202014/2491.pdf HTTP/1.1" 200 820547
66.249.64.51 - - [17/Nov/2016:01:28:38 -0500] "GET /BLA/resoluciones/AUTOS%202014/0061.pdf HTTP/1.1" 200 615366
186.154.37.66 - - [17/Nov/2016:01:28:39 -0500] "GET /favicon.ico HTTP/1.1" 200 7782
186.154.37.66 - - [17/Nov/2016:01:28:40 -0500] "GET /BLA/resoluciones/AUTOS%202014/2491.pdf HTTP/1.1" 206 709071
186.84.14.10 - - [17/Nov/2016:01:28:44 -0500] "GET /galeria/nivo-slider/demo/images/bannerdiadelvoluntariado2.jpg HTTP/1.1" 200 92375
186.84.14.10 - - [17/Nov/2016:01:28:44 -0500] "GET /galeria/nivo-slider/demo/images/banner%20encuesta%20sda2-web3.jpg HTTP/1.1" 200 111668
66.249.64.53 - - [17/Nov/2016:01:28:47 -0500] "GET /BLA/resoluciones/RESOLUCIONES%202013/1796.pdf HTTP/1.1" 200 517032
66.249.64.53 - - [17/Nov/2016:01:28:48 -0500] "GET /BLA/resoluciones/RESOLUCIONES%202011/3099.pdf HTTP/1.1" 304 -
66.249.64.51 - - [17/Nov/2016:01:28:50 -0500] "GET /BLA/resoluciones/RESOLUCIONES%202007/RES%202007%203701%20AL%203800/RESOLUCION%203789%20DE%202007.pdf HTTP/1.1" 304 -
66.249.64.53 - - [17/Nov/2016:01:28:51 -0500] "GET /BLA/resoluciones/AUTOS%202009/3009.pdf HTTP/1.1" 200 185607
186.84.14.10 - - [17/Nov/2016:01:28:54 -0500] "GET /galeria/nivo-slider/demo/images/banner%20encuesta%20sda2-web3.jpg HTTP/1.1" 200 111668
186.84.14.10 - - [17/Nov/2016:01:28:54 -0500] "GET /galeria/nivo-slider/demo/images/bannerwebsemanecoempresarial.jpg HTTP/1.1" 200 108354
66.249.64.53 - - [17/Nov/2016:01:28:59 -0500] "GET /BLA/resoluciones/AUTOS%202014/5172.pdf HTTP/1.1" 200 471869
66.249.64.51 - - [17/Nov/2016:01:29:01 -0500] "GET /BLA/resoluciones/AUTOS%202013/1361.pdf HTTP/1.1" 304 -
66.249.64.57 - - [17/Nov/2016:01:29:01 -0500] "GET /BLA/resoluciones/AUTOS%202013/3665.pdf HTTP/1.1" 200 995990
66.249.64.57 - - [17/Nov/2016:01:29:03 -0500] "GET /BLA/resoluciones/RESOLUCIONES%202008/3763.pdf HTTP/1.1" 200 1141158
186.84.14.10 - - [17/Nov/2016:01:29:04 -0500] "GET /galeria/nivo-slider/demo/images/BANNER%20ECORECICLATON-01d%20(2).jpg HTTP/1.1" 200 136864
66.249.64.51 - - [17/Nov/2016:01:29:06 -0500] "GET /BLA/resoluciones/AUTOS%202014/1852.pdf HTTP/1.1" 200 658040
66.249.64.57 - - [17/Nov/2016:01:29:07 -0500] "GET /BLA/resoluciones/RESOLUCIONES%202010/5807.pdf HTTP/1.1" 304 -
186.84.14.10 - - [17/Nov/2016:01:29:14 -0500] "GET /galeria/nivo-slider/demo/images/BANNER%20ECORECICLATON-01d%20(2).jpg HTTP/1.1" 200 136864
186.84.14.10 - - [17/Nov/2016:01:29:14 -0500] "GET /galeria/nivo-slider/demo/images/bannerinvitaci%C3%B3nacaminatasecologicas2.jpg HTTP/1.1" 200 513253
66.249.64.63 - - [17/Nov/2016:01:29:15 -0500] "GET /SIG/Gesti%C3%B3n%20Talento%20Humano/126PA01-PR23.pdf HTTP/1.1" 304 -
66.249.64.51 - - [17/Nov/2016:01:29:18 -0500] "GET /BLA/resoluciones/RESOLUCIONES%202014/0015.pdf HTTP/1.1" 304 -
66.249.64.61 - - [17/Nov/2016:01:29:22 -0500] "GET /BLA/resoluciones/AUTOS%202014/5574.pdf HTTP/1.1" 304 -
186.84.14.10 - - [17/Nov/2016:01:29:24 -0500] "GET /galeria/nivo-slider/demo/images/bannersilvicultura.jpg HTTP/1.1" 200 173023
66.249.64.51 - - [17/Nov/2016:01:29:25 -0500] "GET /BLA/resoluciones/AUTOS%202014/1107.pdf HTTP/1.1" 200 360767
66.249.64.55 - - [17/Nov/2016:01:29:33 -0500] "GET /BLA/resoluciones/AUTOS%202014/4692.pdf HTTP/1.1" 200 565750
186.84.14.10 - - [17/Nov/2016:01:29:34 -0500] "GET /galeria/nivo-slider/demo/images/bannersilvicultura.jpg HTTP/1.1" 200 173023
186.84.14.10 - - [17/Nov/2016:01:29:34 -0500] "GET /galeria/nivo-slider/demo/images/BANNERARBOLES.jpg HTTP/1.1" 200 227630
66.249.64.53 - - [17/Nov/2016:01:29:35 -0500] "GET /BLA/resoluciones/AUTOS%202014/5526.pdf HTTP/1.1" 200 381011
66.249.64.51 - - [17/Nov/2016:01:29:37 -0500] "GET /BLA/resoluciones/AUTOS%202012/0030.pdf HTTP/1.1" 200 176306
66.249.64.55 - - [17/Nov/2016:01:29:43 -0500] "GET /BLA/resoluciones/AUTOS%202015/4207.pdf HTTP/1.1" 304 -
186.84.14.10 - - [17/Nov/2016:01:29:44 -0500] "GET /galeria/nivo-slider/demo/images/BANNERARBOLES.jpg HTTP/1.1" 200 227630
186.84.14.10 - - [17/Nov/2016:01:29:44 -0500] "GET /galeria/nivo-slider/demo/images/ACOPIADORESYGESTORES.jpg HTTP/1.1" 200 118791
69.162.124.232 - - [17/Nov/2016:01:29:45 -0500] "HEAD / HTTP/1.1" 200 -
66.249.64.53 - - [17/Nov/2016:01:29:46 -0500] "GET /BLA/resoluciones/AUTOS%202008/2221.pdf HTTP/1.1" 304 -
66.249.64.53 - - [17/Nov/2016:01:29:50 -0500] "GET /BLA/resoluciones/AUTOS%202014/2536.pdf HTTP/1.1" 200 481906
186.84.14.10 - - [17/Nov/2016:01:29:54 -0500] "GET /galeria/nivo-slider/demo/images/bannergestionambiental2.jpg HTTP/1.1" 200 245647
66.249.64.51 - - [17/Nov/2016:01:29:56 -0500] "GET /BLA/resoluciones/RESOLUCIONES%202011/3496.pdf HTTP/1.1" 304 -
66.249.64.51 - - [17/Nov/2016:01:29:58 -0500] "GET /BLA/resoluciones/AUTOS%202014/1723.pdf HTTP/1.1" 200 617311
66.249.64.53 - - [17/Nov/2016:01:30:02 -0500] "GET /BLA/resoluciones/AUTOS%202013/2594.pdf HTTP/1.1" 304 -
66.249.64.51 - - [17/Nov/2016:01:30:04 -0500] "GET /BLA/resoluciones/AUTOS%202011/4516.pdf HTTP/1.1" 200 243015
186.84.14.10 - - [17/Nov/2016:01:30:04 -0500] "GET /galeria/nivo-slider/demo/images/bannergestionambiental2.jpg HTTP/1.1" 200 245647
186.84.14.10 - - [17/Nov/2016:01:30:04 -0500] "GET /galeria/nivo-slider/demo/images/vegetal.jpg HTTP/1.1" 200 216080
66.249.64.53 - - [17/Nov/2016:01:30:06 -0500] "GET /BLA/resoluciones/AUTOS%202011/6165.pdf HTTP/1.1" 200 977845
181.138.129.41 - - [17/Nov/2016:01:30:09 -0500] "GET /galeria/galeria/jquery.fancybox.css?v=2.1.5 HTTP/1.1" 200 4895
181.138.129.41 - - [17/Nov/2016:01:30:09 -0500] "GET /BLA/boletinlegal/js/jquery.scrollShow.js HTTP/1.1" 200 4586
181.138.129.41 - - [17/Nov/2016:01:30:09 -0500] "GET /galeria/galeria/jquery.fancybox.js?v=2.1.5 HTTP/1.1" 200 48706
186.84.14.10 - - [17/Nov/2016:01:30:14 -0500] "GET /galeria/nivo-slider/demo/images/Ruta-vertimientos-01.jpg HTTP/1.1" 200 130151
186.84.14.10 - - [17/Nov/2016:01:30:14 -0500] "GET /galeria/nivo-slider/demo/images/vegetal.jpg HTTP/1.1" 200 216080
66.249.64.55 - - [17/Nov/2016:01:30:15 -0500] "GET /BLA/resoluciones/AUTOS%202014/5848.pdf HTTP/1.1" 304 -
66.249.64.55 - - [17/Nov/2016:01:30:17 -0500] "GET /BLA/resoluciones/AUTOS%202014/4170.pdf HTTP/1.1" 200 151516
66.249.64.55 - - [17/Nov/2016:01:30:19 -0500] "GET /BLA/resoluciones/AUTOS%202014/2704.pdf HTTP/1.1" 304 -
66.249.64.53 - - [17/Nov/2016:01:30:21 -0500] "GET /BLA/resoluciones/AUTOS%202011/1407.pdf HTTP/1.1" 200 348870
66.249.64.53 - - [17/Nov/2016:01:30:23 -0500] "GET /BLA/resoluciones/AUTOS%202012/1817.pdf HTTP/1.1" 200 286861
186.84.14.10 - - [17/Nov/2016:01:30:24 -0500] "GET /galeria/nivo-slider/demo/images/Ruta-vertimientos-01.jpg HTTP/1.1" 200 130151
186.84.14.10 - - [17/Nov/2016:01:30:24 -0500] "GET /galeria/nivo-slider/demo/images/bolsas-06.jpg HTTP/1.1" 200 210950
66.249.64.51 - - [17/Nov/2016:01:30:30 -0500] "GET /BLA/resoluciones/AUTOS%202011/5757.pdf HTTP/1.1" 200 825489
66.249.64.53 - - [17/Nov/2016:01:30:33 -0500] "GET /BLA/resoluciones/AUTOS%202011/3008.pdf HTTP/1.1" 200 156787
186.86.163.192 - - [17/Nov/2016:01:30:33 -0500] "GET /galeria/galeria/jquery.fancybox.js?v=2.1.5 HTTP/1.1" 200 48706
186.86.163.192 - - [17/Nov/2016:01:30:33 -0500] "GET /BLA/boletinlegal/js/jquery.scrollShow.js HTTP/1.1" 200 4586
186.86.163.192 - - [17/Nov/2016:01:30:33 -0500] "GET /galeria/galeria/jquery.fancybox.css?v=2.1.5 HTTP/1.1" 200 4895
186.84.14.10 - - [17/Nov/2016:01:30:34 -0500] "GET /galeria/nivo-slider/demo/images/bannerdiadelvoluntariado2.jpg HTTP/1.1" 200 92375
186.84.14.10 - - [17/Nov/2016:01:30:34 -0500] "GET /galeria/nivo-slider/demo/images/bolsas-06.jpg HTTP/1.1" 200 210950
66.249.64.53 - - [17/Nov/2016:01:30:36 -0500] "GET /BLA/resoluciones/AUTOS%202011/6867.pdf HTTP/1.1" 200 178591
66.249.79.175 - - [17/Nov/2016:01:30:38 -0500] "GET /BLA/resoluciones/AUTOS%202009/2861.pdf HTTP/1.1" 200 103071
66.249.64.51 - - [17/Nov/2016:01:30:39 -0500] "GET /BLA/resoluciones/AUTOS%202011/0110.pdf HTTP/1.1" 200 156407
186.86.163.192 - - [17/Nov/2016:01:30:39 -0500] "GET /BLA/boletinlegal/js/jquery.scrollShow.js HTTP/1.1" 200 4586
186.86.163.192 - - [17/Nov/2016:01:30:39 -0500] "GET /galeria/galeria/jquery.fancybox.js?v=2.1.5 HTTP/1.1" 200 48706
186.86.163.192 - - [17/Nov/2016:01:30:39 -0500] "GET /galeria/galeria/jquery.fancybox.css?v=2.1.5 HTTP/1.1" 304 -
66.249.64.53 - - [17/Nov/2016:01:30:40 -0500] "GET /BLA/resoluciones/AUTOS%202014/1421.pdf HTTP/1.1" 200 672778
66.249.64.55 - - [17/Nov/2016:01:30:42 -0500] "GET /BLA/resoluciones/RESOLUCIONES%202007/RES%202007%202401%20AL%202500/RESOLUCION%202411%20DE%202007.pdf HTTP/1.1" 200 850580
66.249.64.55 - - [17/Nov/2016:01:30:44 -0500] "GET /BLA/resoluciones/AUTOS%202011/6366.pdf HTTP/1.1" 200 229525
186.84.14.10 - - [17/Nov/2016:01:30:44 -0500] "GET /galeria/nivo-slider/demo/images/banner%20encuesta%20sda2-web3.jpg HTTP/1.1" 200 111668
186.84.14.10 - - [17/Nov/2016:01:30:44 -0500] "GET /galeria/nivo-slider/demo/images/bannerdiadelvoluntariado2.jpg HTTP/1.1" 200 92375
66.249.64.57 - - [17/Nov/2016:01:30:48 -0500] "GET /BLA/resoluciones/RESOLUCIONES%202011/0077.pdf HTTP/1.1" 304 -
186.84.14.10 - - [17/Nov/2016:01:30:54 -0500] "GET /galeria/nivo-slider/demo/images/bannerwebsemanecoempresarial.jpg HTTP/1.1" 200 108354
186.84.14.10 - - [17/Nov/2016:01:30:54 -0500] "GET /galeria/nivo-slider/demo/images/banner%20encuesta%20sda2-web3.jpg HTTP/1.1" 200 111668
66.249.64.51 - - [17/Nov/2016:01:30:56 -0500] "GET /BLA/resoluciones/RESOLUCIONES%202009/3424.pdf HTTP/1.1" 304 -
66.249.64.51 - - [17/Nov/2016:01:30:57 -0500] "GET /BLA/resoluciones/AUTOS%202010/0613.pdf HTTP/1.1" 304 -
66.249.64.53 - - [17/Nov/2016:01:31:03 -0500] "GET /BLA/resoluciones/AUTOS%202012/1854.pdf HTTP/1.1" 200 263051
186.84.14.10 - - [17/Nov/2016:01:31:04 -0500] "GET /galeria/nivo-slider/demo/images/BANNER%20ECORECICLATON-01d%20(2).jpg HTTP/1.1" 200 136864
186.84.14.10 - - [17/Nov/2016:01:31:04 -0500] "GET /galeria/nivo-slider/demo/images/bannerwebsemanecoempresarial.jpg HTTP/1.1" 200 108354
66.249.64.55 - - [17/Nov/2016:01:31:05 -0500] "GET /BLA/resoluciones/AUTOS%202011/4358.pdf HTTP/1.1" 304 -
66.249.64.57 - - [17/Nov/2016:01:31:07 -0500] "GET /BLA/resoluciones/RESOLUCIONES%202013/0122.pdf HTTP/1.1" 304 -
186.29.111.180 - - [17/Nov/2016:01:31:08 -0500] "GET /galeria/galeria/fotos/Humedal-Santa-Mar%C3%ADa-del-Lago3G.jpg HTTP/1.1" 200 271832
66.249.64.53 - - [17/Nov/2016:01:31:09 -0500] "GET /BLA/resoluciones/AUTOS%202015/0779.pdf HTTP/1.1" 200 509390
66.249.64.51 - - [17/Nov/2016:01:31:11 -0500] "GET /BLA/resoluciones/Notificaciones/AUTOS%202014/5507.doc HTTP/1.1" 200 95744
66.249.64.55 - - [17/Nov/2016:01:31:13 -0500] "GET /BLA/resoluciones/RESOLUCIONES%202009/4039.pdf HTTP/1.1" 304 -
66.249.64.51 - - [17/Nov/2016:01:31:14 -0500] "GET /BLA/resoluciones/AUTOS%202009/0029.pdf HTTP/1.1" 200 100956
186.84.14.10 - - [17/Nov/2016:01:31:14 -0500] "GET /galeria/nivo-slider/demo/images/BANNER%20ECORECICLATON-01d%20(2).jpg HTTP/1.1" 200 136864
186.84.14.10 - - [17/Nov/2016:01:31:14 -0500] "GET /galeria/nivo-slider/demo/images/bannerinvitaci%C3%B3nacaminatasecologicas2.jpg HTTP/1.1" 200 513253
66.249.64.59 - - [17/Nov/2016:01:31:15 -0500] "GET /BLA/resoluciones/AUTOS%202008/2420.pdf HTTP/1.1" 304 -
66.249.64.55 - - [17/Nov/2016:01:31:17 -0500] "GET /BLA/resoluciones/RESOLUCIONES%202009/4631.pdf HTTP/1.1" 200 193432
186.84.14.10 - - [17/Nov/2016:01:31:24 -0500] "GET /galeria/nivo-slider/demo/images/bannerinvitaci%C3%B3nacaminatasecologicas2.jpg HTTP/1.1" 200 513253
186.84.14.10 - - [17/Nov/2016:01:31:24 -0500] "GET /galeria/nivo-slider/demo/images/bannersilvicultura.jpg HTTP/1.1" 200 173023
66.249.64.57 - - [17/Nov/2016:01:31:26 -0500] "GET /BLA/resoluciones/AUTOS%202014/2468.pdf HTTP/1.1" 200 757051
66.249.64.53 - - [17/Nov/2016:01:31:27 -0500] "GET /BLA/resoluciones/RESOLUCIONES%202009/1749.pdf HTTP/1.1" 304 -
66.249.64.55 - - [17/Nov/2016:01:31:28 -0500] "GET /BLA/resoluciones/AUTOS%202008/0178.pdf HTTP/1.1" 200 98923
66.249.64.55 - - [17/Nov/2016:01:31:28 -0500] "GET /BLA/resoluciones/AUTOS%202014/5580.pdf HTTP/1.1" 200 1267120
66.249.64.55 - - [17/Nov/2016:01:31:31 -0500] "GET /BLA/resoluciones/RESOLUCIONES%202011/3760.pdf HTTP/1.1" 200 754618
66.249.64.51 - - [17/Nov/2016:01:31:34 -0500] "GET /BLA/resoluciones/AUTOS%202013/0921.pdf HTTP/1.1" 304 -
186.84.14.10 - - [17/Nov/2016:01:31:34 -0500] "GET /galeria/nivo-slider/demo/images/BANNERARBOLES.jpg HTTP/1.1" 200 227630
186.29.111.180 - - [17/Nov/2016:01:31:34 -0500] "GET /galeria/galeria/fotos/Humedal-Santa-Mar%C3%ADa-del-Lago1G.jpg HTTP/1.1" 200 290867
66.249.64.51 - - [17/Nov/2016:01:31:36 -0500] "GET /BLA/resoluciones/AUTOS%202012/1978.pdf HTTP/1.1" 304 -
192.168.175.104 - - [17/Nov/2016:01:31:39 -0500] "GET / HTTP/1.0" 200 9990
66.249.64.51 - - [17/Nov/2016:01:31:39 -0500] "GET /BLA/resoluciones/RESOLUCIONES%202014/2013.pdf HTTP/1.1" 304 -
66.249.64.51 - - [17/Nov/2016:01:31:43 -0500] "GET /BLA/resoluciones/RESOLUCIONES%202007/RES%202007%202401%20AL%202500/RESOLUCION%202447%20DE%202007.pdf HTTP/1.1" 304 -
186.84.14.10 - - [17/Nov/2016:01:31:44 -0500] "GET /galeria/nivo-slider/demo/images/BANNERARBOLES.jpg HTTP/1.1" 200 227630
186.84.14.10 - - [17/Nov/2016:01:31:44 -0500] "GET /galeria/nivo-slider/demo/images/ACOPIADORESYGESTORES.jpg HTTP/1.1" 200 118791
66.249.64.53 - - [17/Nov/2016:01:31:45 -0500] "GET /BLA/resoluciones/RESOLUCIONES%202010/4510.pdf HTTP/1.1" 304 -
186.29.111.180 - - [17/Nov/2016:01:31:46 -0500] "GET /galeria/galeria/fotos/Humedal-Santa-Mar%C3%ADa-del-Lago4G.jpg HTTP/1.1" 200 361652
66.249.64.55 - - [17/Nov/2016:01:31:47 -0500] "GET /BLA/resoluciones/AUTOS%202007/2704.pdf HTTP/1.1" 304 -
192.168.175.104 - - [17/Nov/2016:01:31:48 -0500] "GET / HTTP/1.1" 200 9990
66.249.64.55 - - [17/Nov/2016:01:31:49 -0500] "GET /BLA/resoluciones/RESOLUCIONES%202009/3047.pdf HTTP/1.1" 304 -
66.249.64.53 - - [17/Nov/2016:01:31:51 -0500] "GET /BLA/resoluciones/RESOLUCIONES%202013/0491.pdf HTTP/1.1" 304 -
66.249.64.55 - - [17/Nov/2016:01:31:53 -0500] "GET /BLA/resoluciones/RESOLUCIONES%202010/4229.pdf HTTP/1.1" 304 -
186.84.14.10 - - [17/Nov/2016:01:31:54 -0500] "GET /galeria/nivo-slider/demo/images/ACOPIADORESYGESTORES.jpg HTTP/1.1" 200 118791
186.84.14.10 - - [17/Nov/2016:01:31:54 -0500] "GET /galeria/nivo-slider/demo/images/bannergestionambiental2.jpg HTTP/1.1" 200 245647
66.249.64.51 - - [17/Nov/2016:01:31:55 -0500] "GET /BLA/resoluciones/RESOLUCIONES%202014/3691.pdf HTTP/1.1" 304 -
66.249.64.51 - - [17/Nov/2016:01:31:57 -0500] "GET /BLA/resoluciones/RESOLUCIONES%202007/RES%202007%202001%20AL%202100/RESOLUCION%202049%20DE%202007.pdf HTTP/1.1" 304 -
66.249.64.63 - - [17/Nov/2016:01:31:59 -0500] "GET /BLA/boletinlegal/Circulares/2010/Circular%2006%20de%208%20de%20septiembre%20de%202010.pdf HTTP/1.1" 200 4657752
52.3.105.23 - - [17/Nov/2016:01:32:00 -0500] "GET /robots.txt HTTP/1.1" 404 1018
186.84.14.10 - - [17/Nov/2016:01:32:04 -0500] "GET /galeria/nivo-slider/demo/images/vegetal.jpg HTTP/1.1" 200 216080
66.249.64.57 - - [17/Nov/2016:01:32:05 -0500] "GET /BLA/resoluciones/RESOLUCIONES%202010/1700.pdf HTTP/1.1" 304 -
66.249.64.51 - - [17/Nov/2016:01:32:06 -0500] "GET /BLA/resoluciones/RESOLUCIONES%202014/0959.pdf HTTP/1.1" 304 -
66.249.64.55 - - [17/Nov/2016:01:32:10 -0500] "GET /BLA/resoluciones/RESOLUCIONES%202009/2173.pdf HTTP/1.1" 304 -
66.249.64.55 - - [17/Nov/2016:01:32:14 -0500] "GET /BLA/resoluciones/RESOLUCIONES%202007/RES%202007%204201%20AL%204300/RESOLUCION%204289%20DE%202007.pdf HTTP/1.1" 304 -
186.84.14.10 - - [17/Nov/2016:01:32:14 -0500] "GET /galeria/nivo-slider/demo/images/vegetal.jpg HTTP/1.1" 200 216080
186.84.14.10 - - [17/Nov/2016:01:32:14 -0500] "GET /galeria/nivo-slider/demo/images/Ruta-vertimientos-01.jpg HTTP/1.1" 200 130151
66.249.64.61 - - [17/Nov/2016:01:32:16 -0500] "GET /BLA/resoluciones/AUTOS%202010/5325.pdf HTTP/1.1" 304 -
66.249.64.61 - - [17/Nov/2016:01:32:18 -0500] "GET /BLA/resoluciones/RESOLUCIONES%202010/4075.pdf HTTP/1.1" 304 -
66.249.64.51 - - [17/Nov/2016:01:32:20 -0500] "GET /BLA/resoluciones/RESOLUCIONES%202011/5495.pdf HTTP/1.1" 304 -
66.249.64.59 - - [17/Nov/2016:01:32:22 -0500] "GET /BLA/resoluciones/AUTOS%202012/0914.pdf HTTP/1.1" 304 -
66.249.64.55 - - [17/Nov/2016:01:32:24 -0500] "GET /autoliquidacion/TR%C3%81MITES%20MINER%C3%8DA/126PM04-PR39-M-A6-V5.0%20Terminos%20de%20referencia%20PMRRA[1].doc HTTP/1.1" 404 1018
83.243.58.157 - - [17/Nov/2016:01:32:24 -0500] "GET /wp/wp-admin/ HTTP/1.1" 404 1018
186.84.14.10 - - [17/Nov/2016:01:32:24 -0500] "GET /galeria/nivo-slider/demo/images/bolsas-06.jpg HTTP/1.1" 200 210950
66.249.64.61 - - [17/Nov/2016:01:32:25 -0500] "GET /BLA/resoluciones/AUTOS%202013/2448.pdf HTTP/1.1" 304 -
192.168.175.104 - - [17/Nov/2016:01:32:27 -0500] "GET / HTTP/1.1" 200 9990
66.249.64.59 - - [17/Nov/2016:01:32:31 -0500] "GET /BLA/resoluciones/RESOLUCIONES%202009/8961.pdf HTTP/1.1" 304 -
66.249.64.57 - - [17/Nov/2016:01:32:33 -0500] "GET /BLA/resoluciones/AUTOS%202007/1230.pdf HTTP/1.1" 304 -
186.84.14.10 - - [17/Nov/2016:01:32:34 -0500] "GET /galeria/nivo-slider/demo/images/bolsas-06.jpg HTTP/1.1" 200 210950
186.84.14.10 - - [17/Nov/2016:01:32:34 -0500] "GET /galeria/nivo-slider/demo/images/bannerdiadelvoluntariado2.jpg HTTP/1.1" 200 92375
66.249.64.59 - - [17/Nov/2016:01:32:35 -0500] "GET /BLA/resoluciones/AUTOS%202014/6107.pdf HTTP/1.1" 304 -
186.84.14.10 - - [17/Nov/2016:01:32:44 -0500] "GET /galeria/nivo-slider/demo/images/bannerdiadelvoluntariado2.jpg HTTP/1.1" 200 92375
186.84.14.10 - - [17/Nov/2016:01:32:44 -0500] "GET /galeria/nivo-slider/demo/images/banner%20encuesta%20sda2-web3.jpg HTTP/1.1" 200 111668
66.249.64.57 - - [17/Nov/2016:01:32:54 -0500] "GET /BLA/resoluciones/AUTOS%202012/2896.pdf HTTP/1.1" 304 -
186.84.14.10 - - [17/Nov/2016:01:32:54 -0500] "GET /galeria/nivo-slider/demo/images/bannerwebsemanecoempresarial.jpg HTTP/1.1" 200 108354
186.84.14.10 - - [17/Nov/2016:01:33:04 -0500] "GET /galeria/nivo-slider/demo/images/bannerwebsemanecoempresarial.jpg HTTP/1.1" 200 108354
186.84.14.10 - - [17/Nov/2016:01:33:04 -0500] "GET /galeria/nivo-slider/demo/images/BANNER%20ECORECICLATON-01d%20(2).jpg HTTP/1.1" 200 136864
186.84.14.10 - - [17/Nov/2016:01:33:14 -0500] "GET /galeria/nivo-slider/demo/images/BANNER%20ECORECICLATON-01d%20(2).jpg HTTP/1.1" 200 136864
186.84.14.10 - - [17/Nov/2016:01:33:14 -0500] "GET /galeria/nivo-slider/demo/images/bannerinvitaci%C3%B3nacaminatasecologicas2.jpg HTTP/1.1" 200 513253
66.249.64.55 - - [17/Nov/2016:01:33:19 -0500] "GET /BLA/resoluciones/RESOLUCIONES%202011/0849.pdf HTTP/1.1" 200 292483
66.249.64.55 - - [17/Nov/2016:01:33:20 -0500] "GET /portalsiaccapacitaciones/Soportes%20Capacitaciones%202015 HTTP/1.1" 301 352
66.249.64.55 - - [17/Nov/2016:01:33:21 -0500] "GET /portalsiaccapacitaciones/Soportes%20Capacitaciones%202015/ HTTP/1.1" 200 8862
186.84.14.10 - - [17/Nov/2016:01:33:24 -0500] "GET /galeria/nivo-slider/demo/images/bannerinvitaci%C3%B3nacaminatasecologicas2.jpg HTTP/1.1" 200 513253
186.84.14.10 - - [17/Nov/2016:01:33:24 -0500] "GET /galeria/nivo-slider/demo/images/bannersilvicultura.jpg HTTP/1.1" 200 173023
66.249.64.51 - - [17/Nov/2016:01:33:32 -0500] "GET /BLA/resoluciones/RESOLUCIONES%202010/6813.pdf HTTP/1.1" 200 648137
186.84.14.10 - - [17/Nov/2016:01:33:34 -0500] "GET /galeria/nivo-slider/demo/images/BANNERARBOLES.jpg HTTP/1.1" 200 227630
186.84.14.10 - - [17/Nov/2016:01:33:34 -0500] "GET /galeria/nivo-slider/demo/images/bannersilvicultura.jpg HTTP/1.1" 200 173023
186.84.14.10 - - [17/Nov/2016:01:33:44 -0500] "GET /galeria/nivo-slider/demo/images/BANNERARBOLES.jpg HTTP/1.1" 200 227630
186.84.14.10 - - [17/Nov/2016:01:33:44 -0500] "GET /galeria/nivo-slider/demo/images/ACOPIADORESYGESTORES.jpg HTTP/1.1" 200 118791
45.55.42.203 - - [17/Nov/2016:01:33:51 -0500] "GET /robots.txt HTTP/1.1" 301 330
186.84.14.10 - - [17/Nov/2016:01:33:54 -0500] "GET /galeria/nivo-slider/demo/images/bannergestionambiental2.jpg HTTP/1.1" 200 245647
186.84.14.10 - - [17/Nov/2016:01:33:54 -0500] "GET /galeria/nivo-slider/demo/images/ACOPIADORESYGESTORES.jpg HTTP/1.1" 200 118791
45.55.42.203 - - [17/Nov/2016:01:33:57 -0500] "GET / HTTP/1.1" 301 324
186.84.14.10 - - [17/Nov/2016:01:34:04 -0500] "GET /galeria/nivo-slider/demo/images/vegetal.jpg HTTP/1.1" 200 216080
186.84.14.10 - - [17/Nov/2016:01:34:04 -0500] "GET /galeria/nivo-slider/demo/images/bannergestionambiental2.jpg HTTP/1.1" 200 245647
186.84.14.10 - - [17/Nov/2016:01:34:14 -0500] "GET /galeria/nivo-slider/demo/images/vegetal.jpg HTTP/1.1" 200 216080
186.84.14.10 - - [17/Nov/2016:01:34:14 -0500] "GET /galeria/nivo-slider/demo/images/Ruta-vertimientos-01.jpg HTTP/1.1" 200 130151
66.249.64.51 - - [17/Nov/2016:01:34:15 -0500] "GET /BLA/resoluciones/RESOLUCIONES%202011/1225.pdf HTTP/1.1" 200 532038
163.172.66.39 - - [17/Nov/2016:01:34:21 -0500] "GET /BLA/resoluciones/RESOLUCIONES%202003/RES%202003%20051-100/2003RES55.tif HTTP/1.1" 200 90236
186.84.14.10 - - [17/Nov/2016:01:34:24 -0500] "GET /galeria/nivo-slider/demo/images/Ruta-vertimientos-01.jpg HTTP/1.1" 200 130151
186.84.14.10 - - [17/Nov/2016:01:34:24 -0500] "GET /galeria/nivo-slider/demo/images/bolsas-06.jpg HTTP/1.1" 200 210950
186.84.14.10 - - [17/Nov/2016:01:34:34 -0500] "GET /galeria/nivo-slider/demo/images/bolsas-06.jpg HTTP/1.1" 200 210950
186.84.14.10 - - [17/Nov/2016:01:34:34 -0500] "GET /galeria/nivo-slider/demo/images/bannerdiadelvoluntariado2.jpg HTTP/1.1" 200 92375
186.84.14.10 - - [17/Nov/2016:01:34:44 -0500] "GET /galeria/nivo-slider/demo/images/banner%20encuesta%20sda2-web3.jpg HTTP/1.1" 200 111668
186.84.14.10 - - [17/Nov/2016:01:34:44 -0500] "GET /galeria/nivo-slider/demo/images/bannerdiadelvoluntariado2.jpg HTTP/1.1" 200 92375
69.162.124.232 - - [17/Nov/2016:01:34:45 -0500] "HEAD / HTTP/1.1" 200 -
186.84.14.10 - - [17/Nov/2016:01:34:54 -0500] "GET /galeria/nivo-slider/demo/images/bannerwebsemanecoempresarial.jpg HTTP/1.1" 200 108354
186.84.14.10 - - [17/Nov/2016:01:34:54 -0500] "GET /galeria/nivo-slider/demo/images/banner%20encuesta%20sda2-web3.jpg HTTP/1.1" 200 111668
186.84.14.10 - - [17/Nov/2016:01:35:04 -0500] "GET /galeria/nivo-slider/demo/images/bannerwebsemanecoempresarial.jpg HTTP/1.1" 200 108354
186.84.14.10 - - [17/Nov/2016:01:35:04 -0500] "GET /galeria/nivo-slider/demo/images/BANNER%20ECORECICLATON-01d%20(2).jpg HTTP/1.1" 200 136864
104.154.180.217 - - [17/Nov/2016:01:35:08 -0500] "GET /galeria/galeria/jquery.fancybox.css?v=2.1.5 HTTP/1.1" 200 4895
104.154.180.217 - - [17/Nov/2016:01:35:08 -0500] "GET /galeria/carrusel/Carrusel/jquery.thumbnailScroller.css HTTP/1.1" 200 2066
104.154.180.217 - - [17/Nov/2016:01:35:08 -0500] "GET /BLA/boletinlegal/js/jquery.scrollShow.js HTTP/1.1" 200 4586
104.154.180.217 - - [17/Nov/2016:01:35:08 -0500] "GET /galeria/galeria/jquery.fancybox.js?v=2.1.5 HTTP/1.1" 200 48706
104.154.180.217 - - [17/Nov/2016:01:35:12 -0500] "GET /galeria/carrusel/Carrusel/jquery-ui-1.8.13.custom.min.js HTTP/1.1" 200 10800
104.154.180.217 - - [17/Nov/2016:01:35:13 -0500] "GET /galeria/carrusel/Carrusel/jquery.thumbnailScroller.js HTTP/1.1" 200 8157
186.84.14.10 - - [17/Nov/2016:01:35:14 -0500] "GET /galeria/nivo-slider/demo/images/BANNER%20ECORECICLATON-01d%20(2).jpg HTTP/1.1" 200 136864
