186.84.14.10 - - [17/Nov/2016:00:26:44 -0500] "GET /galeria/nivo-slider/demo/images/banner%20encuesta%20sda2-web3.jpg HTTP/1.1" 200 111668
186.84.14.10 - - [17/Nov/2016:00:26:54 -0500] "GET /galeria/nivo-slider/demo/images/banner%20encuesta%20sda2-web3.jpg HTTP/1.1" 200 111668
186.84.14.10 - - [17/Nov/2016:00:26:54 -0500] "GET /galeria/nivo-slider/demo/images/bannerwebsemanecoempresarial.jpg HTTP/1.1" 200 108354
66.249.64.51 - - [17/Nov/2016:00:27:02 -0500] "GET /BLA/resoluciones/RESOLUCIONES%202012/0623.pdf HTTP/1.1" 304 -
192.168.175.104 - - [17/Nov/2016:00:27:04 -0500] "GET / HTTP/1.0" 200 9990
66.249.64.51 - - [17/Nov/2016:00:27:04 -0500] "GET /BLA/resoluciones/RESOLUCIONES%202009/4800.pdf HTTP/1.1" 304 -
186.84.14.10 - - [17/Nov/2016:00:27:04 -0500] "GET /galeria/nivo-slider/demo/images/bannerwebsemanecoempresarial.jpg HTTP/1.1" 200 108354
186.84.14.10 - - [17/Nov/2016:00:27:04 -0500] "GET /galeria/nivo-slider/demo/images/BANNER%20ECORECICLATON-01d%20(2).jpg HTTP/1.1" 200 136864
66.249.64.51 - - [17/Nov/2016:00:27:10 -0500] "GET /BLA/resoluciones/AUTOS%202011/4309.pdf HTTP/1.1" 304 -
186.84.14.10 - - [17/Nov/2016:00:27:14 -0500] "GET /galeria/nivo-slider/demo/images/BANNER%20ECORECICLATON-01d%20(2).jpg HTTP/1.1" 200 136864
186.84.14.10 - - [17/Nov/2016:00:27:14 -0500] "GET /galeria/nivo-slider/demo/images/bannerinvitaci%C3%B3nacaminatasecologicas2.jpg HTTP/1.1" 200 513253
66.249.64.51 - - [17/Nov/2016:00:27:15 -0500] "GET /BLA/resoluciones/AUTOS%202012/1484.pdf HTTP/1.1" 304 -
192.168.175.104 - - [17/Nov/2016:00:27:15 -0500] "GET / HTTP/1.1" 200 9990
66.249.64.51 - - [17/Nov/2016:00:27:22 -0500] "GET /BLA/resoluciones/RESOLUCIONES%202007/RES%202007%201101%20AL%201200/RESOLUCION%201148%20DE%202007.pdf HTTP/1.1" 304 -
66.249.64.51 - - [17/Nov/2016:00:27:22 -0500] "GET /BLA/resoluciones/RESOLUCIONES%202013/1138.pdf HTTP/1.1" 304 -
186.84.14.10 - - [17/Nov/2016:00:27:24 -0500] "GET /galeria/nivo-slider/demo/images/bannerinvitaci%C3%B3nacaminatasecologicas2.jpg HTTP/1.1" 200 513253
186.84.14.10 - - [17/Nov/2016:00:27:24 -0500] "GET /galeria/nivo-slider/demo/images/bannersilvicultura.jpg HTTP/1.1" 200 173023
66.249.64.51 - - [17/Nov/2016:00:27:28 -0500] "GET /BLA/resoluciones/RESOLUCIONES%202014/3050.pdf HTTP/1.1" 304 -
163.172.66.31 - - [17/Nov/2016:00:27:34 -0500] "GET /BLA/resoluciones/AUTOS%202006/AUTOS%202006%201901%20-%202000/00001981.tif HTTP/1.1" 200 55812
186.84.14.10 - - [17/Nov/2016:00:27:34 -0500] "GET /galeria/nivo-slider/demo/images/bannersilvicultura.jpg HTTP/1.1" 200 173023
186.84.14.10 - - [17/Nov/2016:00:27:34 -0500] "GET /galeria/nivo-slider/demo/images/BANNERARBOLES.jpg HTTP/1.1" 200 227630
66.249.64.51 - - [17/Nov/2016:00:27:44 -0500] "GET /BLA/resoluciones/AUTOS%202013/2013.pdf HTTP/1.1" 304 -
186.84.14.10 - - [17/Nov/2016:00:27:44 -0500] "GET /galeria/nivo-slider/demo/images/BANNERARBOLES.jpg HTTP/1.1" 200 227630
186.84.14.10 - - [17/Nov/2016:00:27:44 -0500] "GET /galeria/nivo-slider/demo/images/ACOPIADORESYGESTORES.jpg HTTP/1.1" 200 118791
186.154.35.159 - - [17/Nov/2016:00:27:45 -0500] "GET /BLA/resoluciones/RESOLUCIONES%202007/RES%202007%203001%20AL%203100/RESOLUCION%203075%20DE%202007.pdf HTTP/1.1" 200 154411
186.154.35.159 - - [17/Nov/2016:00:27:45 -0500] "GET /favicon.ico HTTP/1.1" 200 7782
192.168.175.104 - - [17/Nov/2016:00:27:50 -0500] "GET / HTTP/1.1" 200 9990
186.84.14.10 - - [17/Nov/2016:00:27:54 -0500] "GET /galeria/nivo-slider/demo/images/ACOPIADORESYGESTORES.jpg HTTP/1.1" 200 118791
186.84.14.10 - - [17/Nov/2016:00:27:54 -0500] "GET /galeria/nivo-slider/demo/images/bannergestionambiental2.jpg HTTP/1.1" 200 245647
186.84.14.10 - - [17/Nov/2016:00:28:04 -0500] "GET /galeria/nivo-slider/demo/images/bannergestionambiental2.jpg HTTP/1.1" 200 245647
186.84.14.10 - - [17/Nov/2016:00:28:04 -0500] "GET /galeria/nivo-slider/demo/images/vegetal.jpg HTTP/1.1" 200 216080
186.84.14.10 - - [17/Nov/2016:00:28:14 -0500] "GET /galeria/nivo-slider/demo/images/Ruta-vertimientos-01.jpg HTTP/1.1" 200 130151
186.84.14.10 - - [17/Nov/2016:00:28:14 -0500] "GET /galeria/nivo-slider/demo/images/vegetal.jpg HTTP/1.1" 200 216080
186.84.14.10 - - [17/Nov/2016:00:28:24 -0500] "GET /galeria/nivo-slider/demo/images/Ruta-vertimientos-01.jpg HTTP/1.1" 200 130151
186.84.14.10 - - [17/Nov/2016:00:28:24 -0500] "GET /galeria/nivo-slider/demo/images/bolsas-06.jpg HTTP/1.1" 200 210950
186.84.14.10 - - [17/Nov/2016:00:28:34 -0500] "GET /galeria/nivo-slider/demo/images/bolsas-06.jpg HTTP/1.1" 200 210950
186.84.14.10 - - [17/Nov/2016:00:28:34 -0500] "GET /galeria/nivo-slider/demo/images/bannerdiadelvoluntariado2.jpg HTTP/1.1" 200 92375
66.249.64.51 - - [17/Nov/2016:00:28:36 -0500] "GET /BLA/resoluciones/RESOLUCIONES%202007/RES%202007%203201%20AL%203300/RESOLUCION%203213%20DE%202007.pdf HTTP/1.1" 200 1043160
181.61.92.210 - - [17/Nov/2016:00:28:44 -0500] "GET /galeria/galeria/jquery.fancybox.css?v=2.1.5 HTTP/1.1" 304 -
181.61.92.210 - - [17/Nov/2016:00:28:44 -0500] "GET /BLA/boletinlegal/js/jquery.scrollShow.js HTTP/1.1" 304 -
181.61.92.210 - - [17/Nov/2016:00:28:44 -0500] "GET /galeria/galeria/jquery.fancybox.js?v=2.1.5 HTTP/1.1" 304 -
186.84.14.10 - - [17/Nov/2016:00:28:44 -0500] "GET /galeria/nivo-slider/demo/images/banner%20encuesta%20sda2-web3.jpg HTTP/1.1" 200 111668
186.84.14.10 - - [17/Nov/2016:00:28:54 -0500] "GET /galeria/nivo-slider/demo/images/banner%20encuesta%20sda2-web3.jpg HTTP/1.1" 200 111668
186.84.14.10 - - [17/Nov/2016:00:28:54 -0500] "GET /galeria/nivo-slider/demo/images/bannerwebsemanecoempresarial.jpg HTTP/1.1" 200 108354
186.84.14.10 - - [17/Nov/2016:00:29:04 -0500] "GET /galeria/nivo-slider/demo/images/bannerwebsemanecoempresarial.jpg HTTP/1.1" 200 108354
186.84.14.10 - - [17/Nov/2016:00:29:04 -0500] "GET /galeria/nivo-slider/demo/images/BANNER%20ECORECICLATON-01d%20(2).jpg HTTP/1.1" 200 136864
186.84.14.10 - - [17/Nov/2016:00:29:14 -0500] "GET /galeria/nivo-slider/demo/images/bannerinvitaci%C3%B3nacaminatasecologicas2.jpg HTTP/1.1" 200 513253
186.84.14.10 - - [17/Nov/2016:00:29:14 -0500] "GET /galeria/nivo-slider/demo/images/BANNER%20ECORECICLATON-01d%20(2).jpg HTTP/1.1" 200 136864
187.199.137.110 - - [17/Nov/2016:00:29:24 -0500] "GET /galeria/galeria/fotos/Humedal-Vaca2G.jpg HTTP/1.1" 200 279730
186.84.14.10 - - [17/Nov/2016:00:29:24 -0500] "GET /galeria/nivo-slider/demo/images/bannerinvitaci%C3%B3nacaminatasecologicas2.jpg HTTP/1.1" 200 513253
186.84.14.10 - - [17/Nov/2016:00:29:24 -0500] "GET /galeria/nivo-slider/demo/images/bannersilvicultura.jpg HTTP/1.1" 200 173023
66.102.6.84 - - [17/Nov/2016:00:29:25 -0500] "GET /galeria/galeria/fotos/Humedal-Vaca3P.jpg HTTP/1.1" 200 38460
66.102.6.85 - - [17/Nov/2016:00:29:25 -0500] "GET /galeria/galeria/fotos/Humedal-Vaca2P.jpg HTTP/1.1" 200 26921
66.102.6.85 - - [17/Nov/2016:00:29:25 -0500] "GET /galeria/galeria/fotos/Humedal-vaca7P.jpg HTTP/1.1" 200 11116
66.102.6.85 - - [17/Nov/2016:00:29:25 -0500] "GET /galeria/galeria/fotos/Humedal-vaca6P.jpg HTTP/1.1" 200 11678
186.84.14.10 - - [17/Nov/2016:00:29:34 -0500] "GET /galeria/nivo-slider/demo/images/bannersilvicultura.jpg HTTP/1.1" 200 173023
186.84.14.10 - - [17/Nov/2016:00:29:34 -0500] "GET /galeria/nivo-slider/demo/images/BANNERARBOLES.jpg HTTP/1.1" 200 227630
186.84.14.10 - - [17/Nov/2016:00:29:44 -0500] "GET /galeria/nivo-slider/demo/images/BANNERARBOLES.jpg HTTP/1.1" 200 227630
186.84.14.10 - - [17/Nov/2016:00:29:44 -0500] "GET /galeria/nivo-slider/demo/images/ACOPIADORESYGESTORES.jpg HTTP/1.1" 200 118791
69.162.124.232 - - [17/Nov/2016:00:29:45 -0500] "HEAD / HTTP/1.1" 200 -
66.249.64.51 - - [17/Nov/2016:00:29:52 -0500] "GET /BLA/resoluciones/RESOLUCIONES%202009/3368.pdf HTTP/1.1" 200 548715
186.84.14.10 - - [17/Nov/2016:00:29:54 -0500] "GET /galeria/nivo-slider/demo/images/ACOPIADORESYGESTORES.jpg HTTP/1.1" 200 118791
186.84.14.10 - - [17/Nov/2016:00:29:54 -0500] "GET /galeria/nivo-slider/demo/images/bannergestionambiental2.jpg HTTP/1.1" 200 245647
66.249.64.53 - - [17/Nov/2016:00:30:03 -0500] "GET /BLA/resoluciones/RESOLUCIONES%202007/RES%202007%203201%20AL%203300/RESOLUCION%203244%20DE%202007.pdf HTTP/1.1" 304 -
186.84.14.10 - - [17/Nov/2016:00:30:04 -0500] "GET /galeria/nivo-slider/demo/images/bannergestionambiental2.jpg HTTP/1.1" 200 245647
186.84.14.10 - - [17/Nov/2016:00:30:04 -0500] "GET /galeria/nivo-slider/demo/images/vegetal.jpg HTTP/1.1" 200 216080
186.84.14.10 - - [17/Nov/2016:00:30:14 -0500] "GET /galeria/nivo-slider/demo/images/Ruta-vertimientos-01.jpg HTTP/1.1" 200 130151
186.84.14.10 - - [17/Nov/2016:00:30:24 -0500] "GET /galeria/nivo-slider/demo/images/Ruta-vertimientos-01.jpg HTTP/1.1" 200 130151
186.84.14.10 - - [17/Nov/2016:00:30:25 -0500] "GET /galeria/nivo-slider/demo/images/bolsas-06.jpg HTTP/1.1" 200 210950
66.249.64.51 - - [17/Nov/2016:00:30:27 -0500] "GET /BLA/resoluciones/AUTOS%202007/0902.pdf HTTP/1.1" 304 -
186.84.14.10 - - [17/Nov/2016:00:30:34 -0500] "GET /galeria/nivo-slider/demo/images/bolsas-06.jpg HTTP/1.1" 200 210950
186.84.14.10 - - [17/Nov/2016:00:30:34 -0500] "GET /galeria/nivo-slider/demo/images/bannerdiadelvoluntariado2.jpg HTTP/1.1" 200 92375
66.249.64.51 - - [17/Nov/2016:00:30:41 -0500] "GET /BLA/resoluciones/RESOLUCIONES%202008/3150.pdf HTTP/1.1" 304 -
186.84.14.10 - - [17/Nov/2016:00:30:44 -0500] "GET /galeria/nivo-slider/demo/images/bannerdiadelvoluntariado2.jpg HTTP/1.1" 200 92375
186.84.14.10 - - [17/Nov/2016:00:30:44 -0500] "GET /galeria/nivo-slider/demo/images/banner%20encuesta%20sda2-web3.jpg HTTP/1.1" 200 111668
190.159.171.91 - - [17/Nov/2016:00:30:45 -0500] "GET /galeria/galeria/jquery.fancybox.css?v=2.1.5 HTTP/1.1" 200 4895
66.249.64.51 - - [17/Nov/2016:00:30:49 -0500] "GET /BLA/resoluciones/RESOLUCIONES%202011/6097.pdf HTTP/1.1" 304 -
186.84.14.10 - - [17/Nov/2016:00:30:54 -0500] "GET /galeria/nivo-slider/demo/images/bannerwebsemanecoempresarial.jpg HTTP/1.1" 200 108354
186.84.14.10 - - [17/Nov/2016:00:30:54 -0500] "GET /galeria/nivo-slider/demo/images/banner%20encuesta%20sda2-web3.jpg HTTP/1.1" 200 111668
190.159.171.91 - - [17/Nov/2016:00:30:59 -0500] "GET /BLA/boletinlegal/js/jquery.scrollShow.js HTTP/1.1" 304 -
190.159.171.91 - - [17/Nov/2016:00:30:59 -0500] "GET /galeria/galeria/jquery.fancybox.css?v=2.1.5 HTTP/1.1" 304 -
190.159.171.91 - - [17/Nov/2016:00:30:59 -0500] "GET /galeria/galeria/jquery.fancybox.js?v=2.1.5 HTTP/1.1" 304 -
186.84.14.10 - - [17/Nov/2016:00:31:04 -0500] "GET /galeria/nivo-slider/demo/images/bannerwebsemanecoempresarial.jpg HTTP/1.1" 200 108354
186.84.14.10 - - [17/Nov/2016:00:31:04 -0500] "GET /galeria/nivo-slider/demo/images/BANNER%20ECORECICLATON-01d%20(2).jpg HTTP/1.1" 200 136864
202.90.128.84 - - [17/Nov/2016:00:31:07 -0500] "GET /wp-login.php HTTP/1.1" 404 1018
202.90.128.84 - - [17/Nov/2016:00:31:08 -0500] "GET / HTTP/1.1" 200 9990
186.84.14.10 - - [17/Nov/2016:00:31:14 -0500] "GET /galeria/nivo-slider/demo/images/BANNER%20ECORECICLATON-01d%20(2).jpg HTTP/1.1" 200 136864
186.84.14.10 - - [17/Nov/2016:00:31:14 -0500] "GET /galeria/nivo-slider/demo/images/bannerinvitaci%C3%B3nacaminatasecologicas2.jpg HTTP/1.1" 200 513253
186.80.249.246 - - [17/Nov/2016:00:31:18 -0500] "GET /BLA/boletinlegal/js/jquery.scrollShow.js HTTP/1.1" 200 4586
186.80.249.246 - - [17/Nov/2016:00:31:19 -0500] "GET /galeria/galeria/jquery.fancybox.js?v=2.1.5 HTTP/1.1" 200 48706
186.80.249.246 - - [17/Nov/2016:00:31:19 -0500] "GET /galeria/galeria/jquery.fancybox.css?v=2.1.5 HTTP/1.1" 200 4895
66.249.64.55 - - [17/Nov/2016:00:31:22 -0500] "GET /BLA/resoluciones/RESOLUCIONES%202007/RES%202007%203801%20AL%203900/RESOLUCION%203862%20DE%202007.pdf HTTP/1.1" 200 1080389
186.84.14.10 - - [17/Nov/2016:00:31:26 -0500] "GET /galeria/nivo-slider/demo/images/bannersilvicultura.jpg HTTP/1.1" 200 173023
66.249.64.53 - - [17/Nov/2016:00:31:28 -0500] "GET /BLA/resoluciones/RESOLUCIONES%202009/4360.pdf HTTP/1.1" 200 913666
66.249.64.51 - - [17/Nov/2016:00:31:30 -0500] "GET /BLA/resoluciones/AUTOS%202014/1294.pdf HTTP/1.1" 304 -
66.249.64.53 - - [17/Nov/2016:00:31:32 -0500] "GET /BLA/resoluciones/RESOLUCIONES%202007/RES%202007%202601%20AL%202700/RESOLUCION%202700%20DE%202007.pdf HTTP/1.1" 304 -
186.84.14.10 - - [17/Nov/2016:00:31:36 -0500] "GET /galeria/nivo-slider/demo/images/BANNERARBOLES.jpg HTTP/1.1" 200 227630
186.84.14.10 - - [17/Nov/2016:00:31:45 -0500] "GET /galeria/nivo-slider/demo/images/ACOPIADORESYGESTORES.jpg HTTP/1.1" 200 118791
190.167.218.13 - - [17/Nov/2016:00:31:49 -0500] "GET /galeria/galeria/jquery.fancybox.css?v=2.1.5 HTTP/1.1" 200 4895
190.167.218.13 - - [17/Nov/2016:00:31:50 -0500] "GET /BLA/boletinlegal/js/jquery.scrollShow.js HTTP/1.1" 200 4586
190.167.218.13 - - [17/Nov/2016:00:31:50 -0500] "GET /galeria/galeria/jquery.fancybox.js?v=2.1.5 HTTP/1.1" 200 48706
186.84.14.10 - - [17/Nov/2016:00:31:54 -0500] "GET /galeria/nivo-slider/demo/images/ACOPIADORESYGESTORES.jpg HTTP/1.1" 200 118791
186.84.14.10 - - [17/Nov/2016:00:31:55 -0500] "GET /galeria/nivo-slider/demo/images/bannergestionambiental2.jpg HTTP/1.1" 200 245647
192.168.175.104 - - [17/Nov/2016:00:32:01 -0500] "GET / HTTP/1.0" 200 9990
186.84.14.10 - - [17/Nov/2016:00:32:04 -0500] "GET /galeria/nivo-slider/demo/images/vegetal.jpg HTTP/1.1" 200 216080
181.51.211.132 - - [17/Nov/2016:00:32:05 -0500] "GET /BLA/boletinlegal/styles2.css HTTP/1.1" 200 1838
181.51.211.132 - - [17/Nov/2016:00:32:05 -0500] "GET /BLA/boletinlegal/style.css HTTP/1.1" 200 9406
181.51.211.132 - - [17/Nov/2016:00:32:05 -0500] "GET /BLA/boletinlegal/js/jquery.scrollTo-min.js HTTP/1.1" 200 1150
181.51.211.132 - - [17/Nov/2016:00:32:05 -0500] "GET /BLA/boletinlegal/js/jquery.scrollShow.js HTTP/1.1" 200 4586
181.51.211.132 - - [17/Nov/2016:00:32:05 -0500] "GET /BLA/boletinlegal/js/jquery.js HTTP/1.1" 200 57254
181.51.211.132 - - [17/Nov/2016:00:32:05 -0500] "GET /BLA/boletinlegal/images/nuevo.gif HTTP/1.1" 200 26475
181.51.211.132 - - [17/Nov/2016:00:32:05 -0500] "GET /BLA/boletinlegal/images/arr_l.jpg HTTP/1.1" 200 1979
181.51.211.132 - - [17/Nov/2016:00:32:05 -0500] "GET /BLA/boletinlegal/images/historia.png HTTP/1.1" 200 52775
181.51.211.132 - - [17/Nov/2016:00:32:05 -0500] "GET /BLA/boletinlegal/images/cabezote%20BLEGAL.jpg HTTP/1.1" 200 118164
181.51.211.132 - - [17/Nov/2016:00:32:06 -0500] "GET /BLA/boletinlegal/images/hover.jpg HTTP/1.1" 200 640
181.51.211.132 - - [17/Nov/2016:00:32:05 -0500] "GET /BLA/boletinlegal/images/subscribe-icon-big.png HTTP/1.1" 200 47702
181.51.211.132 - - [17/Nov/2016:00:32:06 -0500] "GET /BLA/boletinlegal/images/bg_top.jpg HTTP/1.1" 200 522
181.51.211.132 - - [17/Nov/2016:00:32:06 -0500] "GET /BLA/boletinlegal/images/menu_bg.jpg HTTP/1.1" 200 620
181.51.211.132 - - [17/Nov/2016:00:32:06 -0500] "GET /BLA/boletinlegal/images/body_bg.jpg HTTP/1.1" 200 1601
181.51.211.132 - - [17/Nov/2016:00:32:06 -0500] "GET /BLA/boletinlegal/images/launch.jpg HTTP/1.1" 200 14577
181.51.211.132 - - [17/Nov/2016:00:32:06 -0500] "GET /BLA/boletinlegal/images/menu_rght.gif HTTP/1.1" 200 1627
181.51.211.132 - - [17/Nov/2016:00:32:06 -0500] "GET /BLA/boletinlegal/images/text.jpg HTTP/1.1" 200 568
181.51.211.132 - - [17/Nov/2016:00:32:06 -0500] "GET /BLA/boletinlegal/images/menu_lft.gif HTTP/1.1" 200 1713
181.51.211.132 - - [17/Nov/2016:00:32:06 -0500] "GET /BLA/boletinlegal/images/screen_1.png HTTP/1.1" 200 202547
181.51.211.132 - - [17/Nov/2016:00:32:06 -0500] "GET /BLA/boletinlegal/images/screen_2.png HTTP/1.1" 200 362502
181.51.211.132 - - [17/Nov/2016:00:32:11 -0500] "GET /BLA/boletinlegal/images/pdf.gif HTTP/1.1" 200 567
181.51.211.132 - - [17/Nov/2016:00:32:11 -0500] "GET /BLA/boletinlegal/images/arr_r.jpg HTTP/1.1" 200 1998
181.51.211.132 - - [17/Nov/2016:00:32:11 -0500] "GET /BLA/boletinlegal/images/footer_bg.jpg HTTP/1.1" 200 586
181.51.211.132 - - [17/Nov/2016:00:32:11 -0500] "GET /BLA/boletinlegal/images/screen_3.png HTTP/1.1" 200 210620
181.51.211.132 - - [17/Nov/2016:00:32:11 -0500] "GET /BLA/boletinlegal/images/screen_5.png HTTP/1.1" 200 368876
192.168.175.104 - - [17/Nov/2016:00:32:13 -0500] "GET / HTTP/1.1" 200 9990
66.249.64.63 - - [17/Nov/2016:00:32:13 -0500] "GET /BLA/resoluciones/RESOLUCIONES%202008/4383.pdf HTTP/1.1" 304 -
186.84.14.10 - - [17/Nov/2016:00:32:14 -0500] "GET /galeria/nivo-slider/demo/images/vegetal.jpg HTTP/1.1" 200 216080
186.84.14.10 - - [17/Nov/2016:00:32:15 -0500] "GET /galeria/nivo-slider/demo/images/Ruta-vertimientos-01.jpg HTTP/1.1" 200 130151
66.249.64.53 - - [17/Nov/2016:00:32:20 -0500] "GET /BLA/resoluciones/RESOLUCIONES%202013/1223.pdf HTTP/1.1" 304 -
66.249.64.2 - - [17/Nov/2016:00:32:23 -0500] "GET /BLA/resoluciones/RESOLUCIONES%202007/RES%202007%201201%20AL%201300/RESOLUCION%201255%20DE%202007.pdf HTTP/1.1" 200 1953488
186.84.14.10 - - [17/Nov/2016:00:32:24 -0500] "GET /galeria/nivo-slider/demo/images/Ruta-vertimientos-01.jpg HTTP/1.1" 200 130151
186.84.14.10 - - [17/Nov/2016:00:32:24 -0500] "GET /galeria/nivo-slider/demo/images/bolsas-06.jpg HTTP/1.1" 200 210950
181.51.211.132 - - [17/Nov/2016:00:32:05 -0500] "GET /BLA/boletinlegal/ HTTP/1.1" 200 24523
186.84.14.10 - - [17/Nov/2016:00:32:35 -0500] "GET /galeria/nivo-slider/demo/images/bannerdiadelvoluntariado2.jpg HTTP/1.1" 200 92375
186.84.14.10 - - [17/Nov/2016:00:32:44 -0500] "GET /galeria/nivo-slider/demo/images/bannerdiadelvoluntariado2.jpg HTTP/1.1" 200 92375
186.84.14.10 - - [17/Nov/2016:00:32:45 -0500] "GET /galeria/nivo-slider/demo/images/banner%20encuesta%20sda2-web3.jpg HTTP/1.1" 200 111668
66.249.64.59 - - [17/Nov/2016:00:32:46 -0500] "GET /BLA/resoluciones/RESOLUCIONES%202011/4560.pdf HTTP/1.1" 304 -
192.168.175.104 - - [17/Nov/2016:00:32:48 -0500] "GET / HTTP/1.1" 200 9990
186.84.14.10 - - [17/Nov/2016:00:32:54 -0500] "GET /galeria/nivo-slider/demo/images/banner%20encuesta%20sda2-web3.jpg HTTP/1.1" 200 111668
186.84.14.10 - - [17/Nov/2016:00:32:54 -0500] "GET /galeria/nivo-slider/demo/images/bannerwebsemanecoempresarial.jpg HTTP/1.1" 200 108354
66.249.64.51 - - [17/Nov/2016:00:32:55 -0500] "GET /BLA/resoluciones/RESOLUCIONES%202009/8589.pdf HTTP/1.1" 304 -
66.249.64.51 - - [17/Nov/2016:00:32:59 -0500] "GET /BLA/resoluciones/AUTOS%202013/2932.pdf HTTP/1.1" 304 -
66.249.64.57 - - [17/Nov/2016:00:33:01 -0500] "GET /BLA/resoluciones/RESOLUCIONES%202009/4428.pdf HTTP/1.1" 304 -
66.249.64.53 - - [17/Nov/2016:00:33:03 -0500] "GET /BLA/resoluciones/AUTOS%202007/3665.pdf HTTP/1.1" 304 -
186.84.14.10 - - [17/Nov/2016:00:33:04 -0500] "GET /galeria/nivo-slider/demo/images/bannerwebsemanecoempresarial.jpg HTTP/1.1" 200 108354
186.84.14.10 - - [17/Nov/2016:00:33:04 -0500] "GET /galeria/nivo-slider/demo/images/BANNER%20ECORECICLATON-01d%20(2).jpg HTTP/1.1" 200 136864
66.249.64.55 - - [17/Nov/2016:00:33:04 -0500] "GET /BLA/resoluciones/AUTOS%202009/3121.pdf HTTP/1.1" 304 -
66.249.64.51 - - [17/Nov/2016:00:33:06 -0500] "GET /BLA/resoluciones/AUTOS%202011/0482.pdf HTTP/1.1" 304 -
66.249.64.53 - - [17/Nov/2016:00:33:08 -0500] "GET /BLA/resoluciones/RESOLUCIONES%202007/RES%202007%201401%20AL%201500/RESOLUCION%201404%20DE%202007.pdf HTTP/1.1" 304 -
66.249.64.55 - - [17/Nov/2016:00:33:09 -0500] "GET /BLA/resoluciones/RESOLUCIONES%202007/RES%202007%201501%20AL%201600/RESOLUCION%201574%20DE%202007.pdf HTTP/1.1" 304 -
66.249.64.51 - - [17/Nov/2016:00:33:10 -0500] "GET /BLA/resoluciones/RESOLUCIONES%202007/RES%202007%202501%20AL%202600/RESOLUCION%202517%20DE%202007.pdf HTTP/1.1" 304 -
66.249.64.51 - - [17/Nov/2016:00:33:12 -0500] "GET /BLA/resoluciones/RESOLUCIONES%202012/1301.pdf HTTP/1.1" 304 -
66.249.64.51 - - [17/Nov/2016:00:33:13 -0500] "GET /BLA/resoluciones/AUTOS%202015/0917.pdf HTTP/1.1" 304 -
66.249.64.53 - - [17/Nov/2016:00:33:14 -0500] "GET /BLA/resoluciones/AUTOS%202015/2449.pdf HTTP/1.1" 304 -
186.84.14.10 - - [17/Nov/2016:00:33:14 -0500] "GET /galeria/nivo-slider/demo/images/BANNER%20ECORECICLATON-01d%20(2).jpg HTTP/1.1" 200 136864
186.84.14.10 - - [17/Nov/2016:00:33:14 -0500] "GET /galeria/nivo-slider/demo/images/bannerinvitaci%C3%B3nacaminatasecologicas2.jpg HTTP/1.1" 200 513253
66.249.64.53 - - [17/Nov/2016:00:33:15 -0500] "GET /BLA/resoluciones/AUTOS%202011/5274.pdf HTTP/1.1" 304 -
66.249.64.51 - - [17/Nov/2016:00:33:18 -0500] "GET /BLA/resoluciones/RESOLUCIONES%202007/RES%202007%20401%20AL%20500/RESOLUCION%200429%20DE%202007.pdf HTTP/1.1" 304 -
66.249.64.53 - - [17/Nov/2016:00:33:18 -0500] "GET /BLA/resoluciones/AUTOS%202014/2143.pdf HTTP/1.1" 304 -
66.249.64.51 - - [17/Nov/2016:00:33:19 -0500] "GET /BLA/resoluciones/RESOLUCIONES%202012/0969.pdf HTTP/1.1" 304 -
66.249.64.51 - - [17/Nov/2016:00:33:20 -0500] "GET /BLA/resoluciones/RESOLUCIONES%202007/RES%202007%202301%20AL%202400/RESOLUCION%202345%20DE%202007.pdf HTTP/1.1" 304 -
66.249.64.53 - - [17/Nov/2016:00:33:22 -0500] "GET /BLA/resoluciones/AUTOS%202014/6376.pdf HTTP/1.1" 304 -
66.249.64.53 - - [17/Nov/2016:00:33:23 -0500] "GET /BLA/resoluciones/RESOLUCIONES%202007/RES%202007%202801%20AL%202900/RESOLUCION%202807%20DE%202007.pdf HTTP/1.1" 304 -
66.249.64.51 - - [17/Nov/2016:00:33:23 -0500] "GET /BLA/resoluciones/AUTOS%202013/0567.pdf HTTP/1.1" 304 -
186.84.14.10 - - [17/Nov/2016:00:33:24 -0500] "GET /galeria/nivo-slider/demo/images/bannersilvicultura.jpg HTTP/1.1" 200 173023
66.249.64.51 - - [17/Nov/2016:00:33:25 -0500] "GET /BLA/resoluciones/AUTOS%202014/6185.pdf HTTP/1.1" 304 -
66.249.64.51 - - [17/Nov/2016:00:33:26 -0500] "GET /BLA/resoluciones/RESOLUCIONES%202007/RES%202007%202001%20AL%202100/RESOLUCION%202027%20DE%202007.pdf HTTP/1.1" 304 -
66.249.64.51 - - [17/Nov/2016:00:33:27 -0500] "GET /BLA/resoluciones/AUTOS%202012/3002.pdf HTTP/1.1" 304 -
66.249.64.51 - - [17/Nov/2016:00:33:28 -0500] "GET /BLA/resoluciones/AUTOS%202014/3384.pdf HTTP/1.1" 304 -
66.249.64.51 - - [17/Nov/2016:00:33:33 -0500] "GET /BLA/resoluciones/AUTOS%202014/5375.pdf HTTP/1.1" 304 -
186.84.14.10 - - [17/Nov/2016:00:33:34 -0500] "GET /galeria/nivo-slider/demo/images/bannersilvicultura.jpg HTTP/1.1" 200 173023
186.84.14.10 - - [17/Nov/2016:00:33:34 -0500] "GET /galeria/nivo-slider/demo/images/BANNERARBOLES.jpg HTTP/1.1" 200 227630
66.249.64.51 - - [17/Nov/2016:00:33:34 -0500] "GET /autoliquidacion/index.php?dir=TR%C1MITES+VERTIMIENTOS%2FPERMISOS+DE+VERTIMIENTOS%2F HTTP/1.1" 200 3692
66.249.64.51 - - [17/Nov/2016:00:33:35 -0500] "GET /BLA/resoluciones/RESOLUCIONES%202014/2211.pdf HTTP/1.1" 304 -
66.249.64.51 - - [17/Nov/2016:00:33:37 -0500] "GET /autoliquidacion/index.php?dir=Solicitudes+relacionadas+con+calidad+del+aire+auditiva+y+visual%2F HTTP/1.1" 200 5748
66.249.64.51 - - [17/Nov/2016:00:33:38 -0500] "GET /BLA/resoluciones/RESOLUCIONES%202011/3761.pdf HTTP/1.1" 304 -
66.249.64.51 - - [17/Nov/2016:00:33:39 -0500] "GET /BLA/resoluciones/RESOLUCIONES%202009/5176.pdf HTTP/1.1" 304 -
66.249.64.51 - - [17/Nov/2016:00:33:39 -0500] "GET /BLA/resoluciones/AUTOS%202015/1918.pdf HTTP/1.1" 304 -
66.249.64.51 - - [17/Nov/2016:00:33:41 -0500] "GET /BLA/resoluciones/AUTOS%202013/1332.pdf HTTP/1.1" 304 -
186.84.14.10 - - [17/Nov/2016:00:33:44 -0500] "GET /galeria/nivo-slider/demo/images/BANNERARBOLES.jpg HTTP/1.1" 200 227630
186.84.14.10 - - [17/Nov/2016:00:33:44 -0500] "GET /galeria/nivo-slider/demo/images/ACOPIADORESYGESTORES.jpg HTTP/1.1" 200 118791
66.249.64.51 - - [17/Nov/2016:00:33:46 -0500] "GET /BLA/resoluciones/RESOLUCIONES%202007/RES%202007%204001%20AL%204100/RESOLUCION%204070%20DE%202007.pdf HTTP/1.1" 304 -
66.249.64.51 - - [17/Nov/2016:00:33:46 -0500] "GET /BLA/resoluciones/RESOLUCIONES%202007/RES%202007%201%20AL%20100/RESOLUCION%200058%20DE%202007.pdf HTTP/1.1" 304 -
66.249.64.51 - - [17/Nov/2016:00:33:47 -0500] "GET /BLA/resoluciones/RESOLUCIONES%202009/4659.pdf HTTP/1.1" 304 -
66.249.64.51 - - [17/Nov/2016:00:33:48 -0500] "GET /BLA/resoluciones/RESOLUCIONES%202010/7440.pdf HTTP/1.1" 304 -
66.249.64.51 - - [17/Nov/2016:00:33:49 -0500] "GET /BLA/resoluciones/RESOLUCIONES%202008/4187.pdf HTTP/1.1" 304 -
66.249.64.51 - - [17/Nov/2016:00:33:50 -0500] "GET /BLA/resoluciones/AUTOS%202015/1284.pdf HTTP/1.1" 304 -
66.249.64.51 - - [17/Nov/2016:00:33:52 -0500] "GET /BLA/resoluciones/RESOLUCIONES%202013/0062.pdf HTTP/1.1" 304 -
66.249.64.51 - - [17/Nov/2016:00:33:54 -0500] "GET /BLA/resoluciones/AUTOS%202013/0354.pdf HTTP/1.1" 304 -
186.84.14.10 - - [17/Nov/2016:00:33:54 -0500] "GET /galeria/nivo-slider/demo/images/bannergestionambiental2.jpg HTTP/1.1" 200 245647
66.249.64.51 - - [17/Nov/2016:00:33:56 -0500] "GET /BLA/resoluciones/AUTOS%202010/3183.pdf HTTP/1.1" 304 -
66.249.64.51 - - [17/Nov/2016:00:33:58 -0500] "GET /BLA/resoluciones/RESOLUCIONES%202007/RES%202007%20801%20AL%20900/RESOLUCION%200827%20DE%202007.pdf HTTP/1.1" 304 -
66.249.64.51 - - [17/Nov/2016:00:34:00 -0500] "GET /BLA/resoluciones/RESOLUCIONES%202007/RES%202007%201301%20AL%201400/RESOLUCION%201400%20DE%202007.pdf HTTP/1.1" 304 -
66.249.64.51 - - [17/Nov/2016:00:34:03 -0500] "GET /BLA/resoluciones/AUTOS%202014/6519.pdf HTTP/1.1" 304 -
66.249.64.51 - - [17/Nov/2016:00:34:04 -0500] "GET /BLA/resoluciones/RESOLUCIONES%202013/1572.pdf HTTP/1.1" 304 -
186.84.14.10 - - [17/Nov/2016:00:34:04 -0500] "GET /galeria/nivo-slider/demo/images/vegetal.jpg HTTP/1.1" 200 216080
66.249.64.51 - - [17/Nov/2016:00:34:05 -0500] "GET /BLA/resoluciones/RESOLUCIONES%202007/RES%202007%202101%20AL%202200/RESOLUCION%202105%20DE%202007.pdf HTTP/1.1" 304 -
66.249.64.51 - - [17/Nov/2016:00:34:06 -0500] "GET /BLA/resoluciones/AUTOS%202013/0128.pdf HTTP/1.1" 304 -
66.249.64.51 - - [17/Nov/2016:00:34:07 -0500] "GET /BLA/resoluciones/RESOLUCIONES%202007/RES%202007%203501%20AL%203600/RESOLUCION%203545%20DE%202007.pdf HTTP/1.1" 304 -
66.249.64.51 - - [17/Nov/2016:00:34:09 -0500] "GET /BLA/resoluciones/AUTOS%202014/4096.pdf HTTP/1.1" 304 -
66.249.64.51 - - [17/Nov/2016:00:34:10 -0500] "GET /BLA/resoluciones/Notificaciones/REGISTROS%202014/01474.doc HTTP/1.1" 304 -
66.249.64.51 - - [17/Nov/2016:00:34:12 -0500] "GET /BLA/resoluciones/RESOLUCIONES%202007/RES%202007%202201%20AL%202300/RESOLUCION%202246%20DE%202007.pdf HTTP/1.1" 304 -
66.249.64.51 - - [17/Nov/2016:00:34:12 -0500] "GET /BLA/resoluciones/AUTOS%202014/1522.pdf HTTP/1.1" 304 -
66.249.64.51 - - [17/Nov/2016:00:34:14 -0500] "GET /BLA/resoluciones/RESOLUCIONES%202011/4481.pdf HTTP/1.1" 304 -
66.249.64.51 - - [17/Nov/2016:00:34:14 -0500] "GET /BLA/resoluciones/AUTOS%202012/0200.pdf HTTP/1.1" 304 -
186.84.14.10 - - [17/Nov/2016:00:34:14 -0500] "GET /galeria/nivo-slider/demo/images/vegetal.jpg HTTP/1.1" 200 216080
186.84.14.10 - - [17/Nov/2016:00:34:15 -0500] "GET /galeria/nivo-slider/demo/images/Ruta-vertimientos-01.jpg HTTP/1.1" 200 130151
66.249.64.51 - - [17/Nov/2016:00:34:16 -0500] "GET /BLA/resoluciones/Notificaciones/REGISTROS%202015/0056.doc HTTP/1.1" 304 -
66.249.64.51 - - [17/Nov/2016:00:34:16 -0500] "GET /BLA/resoluciones/RESOLUCIONES%202010/4514.pdf HTTP/1.1" 304 -
66.249.64.51 - - [17/Nov/2016:00:34:17 -0500] "GET /BLA/resoluciones/AUTOS%202014/0682.pdf HTTP/1.1" 304 -
66.249.64.51 - - [17/Nov/2016:00:34:19 -0500] "GET /BLA/resoluciones/RESOLUCIONES%202007/RES%202007%201501%20AL%201600/RESOLUCION%201505%20DE%202007.pdf HTTP/1.1" 304 -
66.249.64.51 - - [17/Nov/2016:00:34:20 -0500] "GET /BLA/resoluciones/RESOLUCIONES%202009/9737.pdf HTTP/1.1" 304 -
66.249.64.51 - - [17/Nov/2016:00:34:22 -0500] "GET /BLA/resoluciones/RESOLUCIONES%202007/RES%202007%20401%20AL%20500/RESOLUCION%200489%20DE%202007.pdf HTTP/1.1" 200 435752
66.249.64.51 - - [17/Nov/2016:00:34:22 -0500] "GET /BLA/resoluciones/RESOLUCIONES%202014/2198.pdf HTTP/1.1" 304 -
186.84.14.10 - - [17/Nov/2016:00:34:24 -0500] "GET /galeria/nivo-slider/demo/images/Ruta-vertimientos-01.jpg HTTP/1.1" 200 130151
186.84.14.10 - - [17/Nov/2016:00:34:24 -0500] "GET /galeria/nivo-slider/demo/images/bolsas-06.jpg HTTP/1.1" 200 210950
186.84.14.10 - - [17/Nov/2016:00:34:34 -0500] "GET /galeria/nivo-slider/demo/images/bannerdiadelvoluntariado2.jpg HTTP/1.1" 200 92375
66.249.64.51 - - [17/Nov/2016:00:34:36 -0500] "GET /BLA/resoluciones/RESOLUCIONES%202008/3330.pdf HTTP/1.1" 304 -
66.249.64.51 - - [17/Nov/2016:00:34:37 -0500] "GET /BLA/resoluciones/RESOLUCIONES%202007/RES%202007%202001%20AL%202100/RESOLUCION%202030%20%20DE%202007.pdf HTTP/1.1" 304 -
66.249.88.1 - - [17/Nov/2016:00:34:38 -0500] "GET /galeria/galeria/fotos/mirador4G.jpg HTTP/1.1" 200 159827
186.84.14.10 - - [17/Nov/2016:00:34:44 -0500] "GET /galeria/nivo-slider/demo/images/bannerdiadelvoluntariado2.jpg HTTP/1.1" 200 92375
186.84.14.10 - - [17/Nov/2016:00:34:45 -0500] "GET /galeria/nivo-slider/demo/images/banner%20encuesta%20sda2-web3.jpg HTTP/1.1" 200 111668
69.162.124.232 - - [17/Nov/2016:00:34:45 -0500] "HEAD / HTTP/1.1" 200 -
186.84.14.10 - - [17/Nov/2016:00:34:54 -0500] "GET /galeria/nivo-slider/demo/images/bannerwebsemanecoempresarial.jpg HTTP/1.1" 200 108354
66.249.88.1 - - [17/Nov/2016:00:34:55 -0500] "GET /galeria/galeria/fotos/mirador3G.jpg HTTP/1.1" 200 131992
66.249.64.51 - - [17/Nov/2016:00:34:56 -0500] "GET /BLA/resoluciones/RESOLUCIONES%202007/RES%202007%201301%20AL%201400/RESOLUCION%201372%20DE%202007.pdf HTTP/1.1" 304 -
66.249.64.51 - - [17/Nov/2016:00:34:56 -0500] "GET /BLA/resoluciones/RESOLUCIONES%202010/6306.pdf HTTP/1.1" 304 -
181.49.188.5 - - [17/Nov/2016:00:35:03 -0500] "GET /galeria/galeria/jquery.fancybox.js?v=2.1.5 HTTP/1.1" 200 48706
66.249.88.4 - - [17/Nov/2016:00:35:03 -0500] "GET /galeria/galeria/fotos/mirador2G.jpg HTTP/1.1" 200 115084
181.49.188.5 - - [17/Nov/2016:00:35:03 -0500] "GET /galeria/galeria/jquery.fancybox.css?v=2.1.5 HTTP/1.1" 200 4895
181.49.188.5 - - [17/Nov/2016:00:35:03 -0500] "GET /BLA/boletinlegal/js/jquery.scrollShow.js HTTP/1.1" 304 -
186.84.14.10 - - [17/Nov/2016:00:35:04 -0500] "GET /galeria/nivo-slider/demo/images/bannerwebsemanecoempresarial.jpg HTTP/1.1" 200 108354
186.84.14.10 - - [17/Nov/2016:00:35:05 -0500] "GET /galeria/nivo-slider/demo/images/BANNER%20ECORECICLATON-01d%20(2).jpg HTTP/1.1" 200 136864
66.249.64.51 - - [17/Nov/2016:00:35:06 -0500] "GET /BLA/resoluciones/AUTOS%202015/2351.pdf HTTP/1.1" 304 -
181.49.188.5 - - [17/Nov/2016:00:35:09 -0500] "GET /galeria/galeria/jquery.fancybox.js?v=2.1.5 HTTP/1.1" 304 -
181.49.188.5 - - [17/Nov/2016:00:35:09 -0500] "GET /BLA/boletinlegal/js/jquery.scrollShow.js HTTP/1.1" 304 -
181.49.188.5 - - [17/Nov/2016:00:35:09 -0500] "GET /galeria/galeria/jquery.fancybox.css?v=2.1.5 HTTP/1.1" 304 -
66.249.64.51 - - [17/Nov/2016:00:35:09 -0500] "GET /BLA/resoluciones/RESOLUCIONES%202007/RES%202007%201001%20AL%201100/RESOLUCION%201052%20DE%202007.pdf HTTP/1.1" 304 -
207.46.13.27 - - [17/Nov/2016:00:35:09 -0500] "GET /dama/libreria/php/frame_detalle.php?h_id=615 HTTP/1.1" 404 1015
181.49.75.106 - - [17/Nov/2016:00:35:12 -0500] "GET /galeria/galeria/fotos/Soratama4G.jpg HTTP/1.1" 200 167128
181.49.75.106 - - [17/Nov/2016:00:35:12 -0500] "GET /favicon.ico HTTP/1.1" 200 7782
186.84.14.10 - - [17/Nov/2016:00:35:14 -0500] "GET /galeria/nivo-slider/demo/images/BANNER%20ECORECICLATON-01d%20(2).jpg HTTP/1.1" 200 136864
186.84.14.10 - - [17/Nov/2016:00:35:14 -0500] "GET /galeria/nivo-slider/demo/images/bannerinvitaci%C3%B3nacaminatasecologicas2.jpg HTTP/1.1" 200 513253
66.249.64.51 - - [17/Nov/2016:00:35:16 -0500] "GET /BLA/resoluciones/RESOLUCIONES%202008/4516.pdf HTTP/1.1" 304 -
186.84.14.10 - - [17/Nov/2016:00:35:24 -0500] "GET /galeria/nivo-slider/demo/images/bannersilvicultura.jpg HTTP/1.1" 200 173023
186.84.14.10 - - [17/Nov/2016:00:35:24 -0500] "GET /galeria/nivo-slider/demo/images/bannerinvitaci%C3%B3nacaminatasecologicas2.jpg HTTP/1.1" 200 513253
180.76.15.163 - - [17/Nov/2016:00:35:33 -0500] "GET / HTTP/1.1" 200 9990
186.84.14.10 - - [17/Nov/2016:00:35:34 -0500] "GET /galeria/nivo-slider/demo/images/BANNERARBOLES.jpg HTTP/1.1" 200 227630
186.84.14.10 - - [17/Nov/2016:00:35:44 -0500] "GET /galeria/nivo-slider/demo/images/BANNERARBOLES.jpg HTTP/1.1" 200 227630
186.84.14.10 - - [17/Nov/2016:00:35:45 -0500] "GET /galeria/nivo-slider/demo/images/ACOPIADORESYGESTORES.jpg HTTP/1.1" 200 118791
186.82.69.20 - - [17/Nov/2016:00:35:49 -0500] "GET /galeria/galeria/jquery.fancybox.css?v=2.1.5 HTTP/1.1" 200 4895
186.82.69.20 - - [17/Nov/2016:00:35:49 -0500] "GET /galeria/carrusel/Carrusel/jquery.thumbnailScroller.css HTTP/1.1" 200 2066
186.82.69.20 - - [17/Nov/2016:00:35:49 -0500] "GET /BLA/boletinlegal/js/jquery.scrollShow.js HTTP/1.1" 200 4586
186.82.69.20 - - [17/Nov/2016:00:35:49 -0500] "GET /galeria/galeria/jquery.fancybox.js?v=2.1.5 HTTP/1.1" 200 48706
66.249.64.51 - - [17/Nov/2016:00:35:49 -0500] "GET /BLA/resoluciones/RESOLUCIONES%202013/2078.pdf HTTP/1.1" 304 -
186.82.69.20 - - [17/Nov/2016:00:35:50 -0500] "GET /galeria/carrusel/Carrusel/jquery-ui-1.8.13.custom.min.js HTTP/1.1" 200 10800
186.82.69.20 - - [17/Nov/2016:00:35:50 -0500] "GET /galeria/carrusel/Carrusel/jquery.thumbnailScroller.js HTTP/1.1" 200 8157
186.82.69.20 - - [17/Nov/2016:00:35:50 -0500] "GET /galeria/nivo-slider/demo/demo.html HTTP/1.1" 200 3765
186.82.69.20 - - [17/Nov/2016:00:35:50 -0500] "GET /galeria/nivo-slider/themes/default/default.css HTTP/1.1" 200 1569
186.82.69.20 - - [17/Nov/2016:00:35:50 -0500] "GET /galeria/nivo-slider/themes/pascal/pascal.css HTTP/1.1" 200 2258
186.82.69.20 - - [17/Nov/2016:00:35:50 -0500] "GET /galeria/nivo-slider/themes/orman/orman.css HTTP/1.1" 200 2152
186.82.69.20 - - [17/Nov/2016:00:35:50 -0500] "GET /galeria/nivo-slider/nivo-slider.css HTTP/1.1" 200 1507
186.82.69.20 - - [17/Nov/2016:00:35:50 -0500] "GET /galeria/nivo-slider/demo/style.css HTTP/1.1" 200 2222
186.82.69.20 - - [17/Nov/2016:00:35:50 -0500] "GET /galeria/nivo-slider/demo/scripts/jquery-1.7.1.min.js HTTP/1.1" 200 93868
186.82.69.20 - - [17/Nov/2016:00:35:50 -0500] "GET /galeria/nivo-slider/jquery.nivo.slider.pack.js HTTP/1.1" 200 11561
186.82.69.20 - - [17/Nov/2016:00:35:50 -0500] "GET /galeria/nivo-slider/demo/images/bannerdiadelvoluntariado2.jpg HTTP/1.1" 200 92375
186.82.69.20 - - [17/Nov/2016:00:35:50 -0500] "GET /galeria/nivo-slider/demo/images/banner%20encuesta%20sda2-web3.jpg HTTP/1.1" 200 111668
186.82.69.20 - - [17/Nov/2016:00:35:50 -0500] "GET /galeria/nivo-slider/demo/images/bannerwebsemanecoempresarial.jpg HTTP/1.1" 200 108354
186.82.69.20 - - [17/Nov/2016:00:35:50 -0500] "GET /galeria/nivo-slider/demo/images/BANNER%20ECORECICLATON-01d%20(2).jpg HTTP/1.1" 200 136864
186.82.69.20 - - [17/Nov/2016:00:35:50 -0500] "GET /galeria/nivo-slider/demo/images/bannerinvitaci%C3%B3nacaminatasecologicas2.jpg HTTP/1.1" 200 513253
186.82.69.20 - - [17/Nov/2016:00:35:51 -0500] "GET /galeria/nivo-slider/themes/default/loading.gif HTTP/1.1" 200 1737
186.82.69.20 - - [17/Nov/2016:00:35:52 -0500] "GET /galeria/nivo-slider/demo/images/4Simple_Slider.png HTTP/1.1" 200 11722
186.82.69.20 - - [17/Nov/2016:00:35:53 -0500] "GET /galeria/nivo-slider/demo/images/bannersilvicultura.jpg HTTP/1.1" 200 173023
186.82.69.20 - - [17/Nov/2016:00:35:53 -0500] "GET /galeria/nivo-slider/demo/images/BANNERARBOLES.jpg HTTP/1.1" 200 227630
186.82.69.20 - - [17/Nov/2016:00:35:54 -0500] "GET /galeria/nivo-slider/demo/images/ACOPIADORESYGESTORES.jpg HTTP/1.1" 200 118791
186.82.69.20 - - [17/Nov/2016:00:35:54 -0500] "GET /galeria/nivo-slider/demo/images/bannergestionambiental2.jpg HTTP/1.1" 200 245647
186.82.69.20 - - [17/Nov/2016:00:35:54 -0500] "GET /galeria/nivo-slider/demo/images/vegetal.jpg HTTP/1.1" 200 216080
186.82.69.20 - - [17/Nov/2016:00:35:54 -0500] "GET /galeria/nivo-slider/demo/images/Ruta-vertimientos-01.jpg HTTP/1.1" 200 130151
186.84.14.10 - - [17/Nov/2016:00:35:54 -0500] "GET /galeria/nivo-slider/demo/images/bannergestionambiental2.jpg HTTP/1.1" 200 245647
186.82.69.20 - - [17/Nov/2016:00:35:55 -0500] "GET /galeria/nivo-slider/demo/images/bolsas-06.jpg HTTP/1.1" 200 210950
186.82.69.20 - - [17/Nov/2016:00:35:57 -0500] "GET /galeria/nivo-slider/themes/default/arrows.png HTTP/1.1" 200 824
186.82.69.20 - - [17/Nov/2016:00:35:57 -0500] "GET /galeria/nivo-slider/themes/default/bullets.png HTTP/1.1" 200 1281
66.249.64.51 - - [17/Nov/2016:00:36:02 -0500] "GET /BLA/resoluciones/RESOLUCIONES%202013/0096.pdf HTTP/1.1" 304 -
186.84.14.10 - - [17/Nov/2016:00:36:04 -0500] "GET /galeria/nivo-slider/demo/images/bannergestionambiental2.jpg HTTP/1.1" 200 245647
186.84.14.10 - - [17/Nov/2016:00:36:04 -0500] "GET /galeria/nivo-slider/demo/images/vegetal.jpg HTTP/1.1" 200 216080
123.125.71.45 - - [17/Nov/2016:00:36:07 -0500] "GET /BLA/resoluciones/RESOLUCIONES%202007/RES%202007%203001%20AL%203100/RESOLUCION%203083%20DE%202007.pdf HTTP/1.1" 200 565246
186.84.14.10 - - [17/Nov/2016:00:36:14 -0500] "GET /galeria/nivo-slider/demo/images/vegetal.jpg HTTP/1.1" 200 216080
186.84.14.10 - - [17/Nov/2016:00:36:14 -0500] "GET /galeria/nivo-slider/demo/images/Ruta-vertimientos-01.jpg HTTP/1.1" 200 130151
66.249.64.51 - - [17/Nov/2016:00:36:20 -0500] "GET /BLA/resoluciones/RESOLUCIONES%202007/RES%202007%201901%20AL%202000/RESOLUCION%201901%20DE%202007.pdf HTTP/1.1" 304 -
180.76.15.156 - - [17/Nov/2016:00:36:23 -0500] "GET / HTTP/1.1" 200 9990
186.84.14.10 - - [17/Nov/2016:00:36:24 -0500] "GET /galeria/nivo-slider/demo/images/bolsas-06.jpg HTTP/1.1" 200 210950
66.249.80.9 - - [17/Nov/2016:00:36:25 -0500] "-" 408 -
66.249.80.13 - - [17/Nov/2016:00:36:25 -0500] "-" 408 -
66.249.80.13 - - [17/Nov/2016:00:36:25 -0500] "-" 408 -
66.249.64.53 - - [17/Nov/2016:00:36:28 -0500] "GET /BLA/resoluciones/RESOLUCIONES%202014/2479.pdf HTTP/1.1" 304 -
186.84.14.10 - - [17/Nov/2016:00:36:34 -0500] "GET /galeria/nivo-slider/demo/images/bolsas-06.jpg HTTP/1.1" 200 210950
186.84.14.10 - - [17/Nov/2016:00:36:35 -0500] "GET /galeria/nivo-slider/demo/images/bannerdiadelvoluntariado2.jpg HTTP/1.1" 200 92375
66.249.80.13 - - [17/Nov/2016:00:36:37 -0500] "-" 408 -
66.249.80.9 - - [17/Nov/2016:00:36:37 -0500] "-" 408 -
66.249.80.13 - - [17/Nov/2016:00:36:37 -0500] "-" 408 -
181.49.188.5 - - [17/Nov/2016:00:36:39 -0500] "GET /BLA/boletinlegal/js/jquery.scrollShow.js HTTP/1.1" 304 -
181.49.188.5 - - [17/Nov/2016:00:36:39 -0500] "GET /galeria/galeria/jquery.fancybox.js?v=2.1.5 HTTP/1.1" 304 -
181.49.188.5 - - [17/Nov/2016:00:36:39 -0500] "GET /galeria/galeria/jquery.fancybox.css?v=2.1.5 HTTP/1.1" 304 -
66.249.64.59 - - [17/Nov/2016:00:36:41 -0500] "GET /ecodirectorio/files/res/downloads/download_0171.pdf HTTP/1.1" 200 209755
186.84.14.10 - - [17/Nov/2016:00:36:44 -0500] "GET /galeria/nivo-slider/demo/images/bannerdiadelvoluntariado2.jpg HTTP/1.1" 200 92375
186.84.14.10 - - [17/Nov/2016:00:36:44 -0500] "GET /galeria/nivo-slider/demo/images/banner%20encuesta%20sda2-web3.jpg HTTP/1.1" 200 111668
186.82.69.20 - - [17/Nov/2016:00:36:46 -0500] "GET /galeria/galeria/jquery.fancybox.css?v=2.1.5 HTTP/1.1" 304 -
186.82.69.20 - - [17/Nov/2016:00:36:46 -0500] "GET /BLA/boletinlegal/js/jquery.scrollShow.js HTTP/1.1" 304 -
186.82.69.20 - - [17/Nov/2016:00:36:46 -0500] "GET /galeria/galeria/jquery.fancybox.js?v=2.1.5 HTTP/1.1" 304 -
186.84.14.10 - - [17/Nov/2016:00:36:54 -0500] "GET /galeria/nivo-slider/demo/images/banner%20encuesta%20sda2-web3.jpg HTTP/1.1" 200 111668
186.84.14.10 - - [17/Nov/2016:00:36:54 -0500] "GET /galeria/nivo-slider/demo/images/bannerwebsemanecoempresarial.jpg HTTP/1.1" 200 108354
186.113.10.143 - - [17/Nov/2016:00:36:56 -0500] "GET /galeria/nivo-slider/demo/images/BANNER%20ECORECICLATON.jpg HTTP/1.1" 304 -
186.154.157.40 - - [17/Nov/2016:00:36:57 -0500] "GET /BLA/boletinlegal/js/jquery.scrollShow.js HTTP/1.1" 200 4586
186.154.157.40 - - [17/Nov/2016:00:36:57 -0500] "GET /galeria/galeria/jquery.fancybox.css?v=2.1.5 HTTP/1.1" 200 4895
186.154.157.40 - - [17/Nov/2016:00:36:57 -0500] "GET /galeria/galeria/jquery.fancybox.js?v=2.1.5 HTTP/1.1" 200 48706
192.168.175.104 - - [17/Nov/2016:00:36:59 -0500] "GET / HTTP/1.0" 200 9990
186.154.157.40 - - [17/Nov/2016:00:37:01 -0500] "GET /BLA/boletinlegal/js/jquery.scrollShow.js HTTP/1.1" 304 -
186.154.157.40 - - [17/Nov/2016:00:37:01 -0500] "GET /galeria/galeria/jquery.fancybox.js?v=2.1.5 HTTP/1.1" 304 -
186.154.157.40 - - [17/Nov/2016:00:37:01 -0500] "GET /galeria/galeria/jquery.fancybox.css?v=2.1.5 HTTP/1.1" 304 -
186.84.14.10 - - [17/Nov/2016:00:37:04 -0500] "GET /galeria/nivo-slider/demo/images/BANNER%20ECORECICLATON-01d%20(2).jpg HTTP/1.1" 200 136864
186.84.14.10 - - [17/Nov/2016:00:37:04 -0500] "GET /galeria/nivo-slider/demo/images/bannerwebsemanecoempresarial.jpg HTTP/1.1" 200 108354
66.249.64.51 - - [17/Nov/2016:00:37:10 -0500] "GET /BLA/resoluciones/RESOLUCIONES%202007/RES%202007%202401%20AL%202500/RESOLUCION%202481%20DE%202007.pdf HTTP/1.1" 304 -
192.168.175.104 - - [17/Nov/2016:00:37:12 -0500] "GET / HTTP/1.1" 200 9990
186.84.14.10 - - [17/Nov/2016:00:37:14 -0500] "GET /galeria/nivo-slider/demo/images/BANNER%20ECORECICLATON-01d%20(2).jpg HTTP/1.1" 200 136864
186.84.14.10 - - [17/Nov/2016:00:37:14 -0500] "GET /galeria/nivo-slider/demo/images/bannerinvitaci%C3%B3nacaminatasecologicas2.jpg HTTP/1.1" 200 513253
186.84.14.10 - - [17/Nov/2016:00:37:24 -0500] "GET /galeria/nivo-slider/demo/images/bannerinvitaci%C3%B3nacaminatasecologicas2.jpg HTTP/1.1" 200 513253
186.84.14.10 - - [17/Nov/2016:00:37:24 -0500] "GET /galeria/nivo-slider/demo/images/bannersilvicultura.jpg HTTP/1.1" 200 173023
186.84.14.10 - - [17/Nov/2016:00:37:34 -0500] "GET /galeria/nivo-slider/demo/images/BANNERARBOLES.jpg HTTP/1.1" 200 227630
186.87.163.10 - - [17/Nov/2016:00:37:39 -0500] "GET /galeria/galeria/jquery.fancybox.js?v=2.1.5 HTTP/1.1" 200 48706
186.87.163.10 - - [17/Nov/2016:00:37:39 -0500] "GET /galeria/galeria/jquery.fancybox.css?v=2.1.5 HTTP/1.1" 200 4895
186.87.163.10 - - [17/Nov/2016:00:37:39 -0500] "GET /galeria/carrusel/Carrusel/jquery.thumbnailScroller.js HTTP/1.1" 200 8157
186.87.163.10 - - [17/Nov/2016:00:37:39 -0500] "GET /galeria/carrusel/Carrusel/jquery.thumbnailScroller.css HTTP/1.1" 200 2066
186.87.163.10 - - [17/Nov/2016:00:37:39 -0500] "GET /galeria/carrusel/Carrusel/jquery-ui-1.8.13.custom.min.js HTTP/1.1" 200 10800
186.87.163.10 - - [17/Nov/2016:00:37:39 -0500] "GET /BLA/boletinlegal/js/jquery.scrollShow.js HTTP/1.1" 200 4586
186.84.14.10 - - [17/Nov/2016:00:37:44 -0500] "GET /galeria/nivo-slider/demo/images/BANNERARBOLES.jpg HTTP/1.1" 200 227630
186.84.14.10 - - [17/Nov/2016:00:37:45 -0500] "GET /galeria/nivo-slider/demo/images/ACOPIADORESYGESTORES.jpg HTTP/1.1" 200 118791
192.168.175.104 - - [17/Nov/2016:00:37:46 -0500] "GET / HTTP/1.1" 200 9990
186.87.163.10 - - [17/Nov/2016:00:37:47 -0500] "GET /galeria/nivo-slider/demo/demo.html HTTP/1.1" 200 3765
186.87.163.10 - - [17/Nov/2016:00:37:48 -0500] "GET /galeria/nivo-slider/themes/pascal/pascal.css HTTP/1.1" 200 2258
186.87.163.10 - - [17/Nov/2016:00:37:48 -0500] "GET /galeria/nivo-slider/themes/default/default.css HTTP/1.1" 200 1569
186.87.163.10 - - [17/Nov/2016:00:37:48 -0500] "GET /galeria/nivo-slider/themes/orman/orman.css HTTP/1.1" 200 2152
186.87.163.10 - - [17/Nov/2016:00:37:48 -0500] "GET /galeria/nivo-slider/nivo-slider.css HTTP/1.1" 200 1507
186.87.163.10 - - [17/Nov/2016:00:37:48 -0500] "GET /galeria/nivo-slider/demo/images/bannerdiadelvoluntariado2.jpg HTTP/1.1" 200 92375
186.87.163.10 - - [17/Nov/2016:00:37:48 -0500] "GET /galeria/nivo-slider/demo/style.css HTTP/1.1" 200 2222
186.87.163.10 - - [17/Nov/2016:00:37:49 -0500] "GET /galeria/nivo-slider/demo/images/bannerwebsemanecoempresarial.jpg HTTP/1.1" 200 108354
186.87.163.10 - - [17/Nov/2016:00:37:49 -0500] "GET /galeria/nivo-slider/demo/images/banner%20encuesta%20sda2-web3.jpg HTTP/1.1" 200 111668
186.87.163.10 - - [17/Nov/2016:00:37:49 -0500] "GET /galeria/nivo-slider/demo/images/BANNER%20ECORECICLATON-01d%20(2).jpg HTTP/1.1" 200 136864
186.87.163.10 - - [17/Nov/2016:00:37:49 -0500] "GET /galeria/nivo-slider/demo/images/bannersilvicultura.jpg HTTP/1.1" 200 173023
186.87.163.10 - - [17/Nov/2016:00:37:49 -0500] "GET /galeria/nivo-slider/demo/images/bannerinvitaci%C3%B3nacaminatasecologicas2.jpg HTTP/1.1" 200 513253
186.87.163.10 - - [17/Nov/2016:00:37:50 -0500] "GET /galeria/nivo-slider/demo/scripts/jquery-1.7.1.min.js HTTP/1.1" 200 93868
186.87.163.10 - - [17/Nov/2016:00:37:50 -0500] "GET /galeria/nivo-slider/jquery.nivo.slider.pack.js HTTP/1.1" 200 11561
186.87.163.10 - - [17/Nov/2016:00:37:50 -0500] "GET /galeria/nivo-slider/demo/images/4Simple_Slider.png HTTP/1.1" 200 11722
186.87.163.10 - - [17/Nov/2016:00:37:50 -0500] "GET /galeria/nivo-slider/themes/default/loading.gif HTTP/1.1" 200 1737
186.87.163.10 - - [17/Nov/2016:00:37:51 -0500] "GET /galeria/nivo-slider/demo/images/BANNERARBOLES.jpg HTTP/1.1" 200 227630
186.87.163.10 - - [17/Nov/2016:00:37:51 -0500] "GET /galeria/nivo-slider/demo/images/ACOPIADORESYGESTORES.jpg HTTP/1.1" 200 118791
186.87.163.10 - - [17/Nov/2016:00:37:51 -0500] "GET /galeria/nivo-slider/demo/images/bannergestionambiental2.jpg HTTP/1.1" 200 245647
186.87.163.10 - - [17/Nov/2016:00:37:52 -0500] "GET /galeria/nivo-slider/demo/images/vegetal.jpg HTTP/1.1" 200 216080
186.87.163.10 - - [17/Nov/2016:00:37:53 -0500] "GET /galeria/nivo-slider/demo/images/Ruta-vertimientos-01.jpg HTTP/1.1" 200 130151
186.87.163.10 - - [17/Nov/2016:00:37:53 -0500] "GET /galeria/nivo-slider/demo/images/bolsas-06.jpg HTTP/1.1" 200 210950
186.84.14.10 - - [17/Nov/2016:00:37:54 -0500] "GET /galeria/nivo-slider/demo/images/bannergestionambiental2.jpg HTTP/1.1" 200 245647
186.84.14.10 - - [17/Nov/2016:00:37:54 -0500] "GET /galeria/nivo-slider/demo/images/ACOPIADORESYGESTORES.jpg HTTP/1.1" 200 118791
186.87.163.10 - - [17/Nov/2016:00:37:58 -0500] "GET /BLA/boletinlegal/styles2.css HTTP/1.1" 200 1838
186.87.163.10 - - [17/Nov/2016:00:37:58 -0500] "GET /BLA/boletinlegal/js/jquery.js HTTP/1.1" 200 57254
186.87.163.10 - - [17/Nov/2016:00:37:58 -0500] "GET /BLA/boletinlegal/style.css HTTP/1.1" 200 9406
186.87.163.10 - - [17/Nov/2016:00:37:58 -0500] "GET /BLA/boletinlegal/js/jquery.scrollTo-min.js HTTP/1.1" 200 1150
186.87.163.10 - - [17/Nov/2016:00:37:58 -0500] "GET /BLA/boletinlegal/images/arr_l.jpg HTTP/1.1" 200 1979
186.87.163.10 - - [17/Nov/2016:00:37:58 -0500] "GET /BLA/boletinlegal/images/subscribe-icon-big.png HTTP/1.1" 200 47702
186.87.163.10 - - [17/Nov/2016:00:37:59 -0500] "GET /BLA/boletinlegal/images/cabezote%20BLEGAL.jpg HTTP/1.1" 200 118164
186.87.163.10 - - [17/Nov/2016:00:37:59 -0500] "GET /BLA/boletinlegal/images/nuevo.gif HTTP/1.1" 200 26475
186.87.163.10 - - [17/Nov/2016:00:37:59 -0500] "GET /BLA/boletinlegal/images/historia.png HTTP/1.1" 200 52775
186.87.163.10 - - [17/Nov/2016:00:37:59 -0500] "GET /BLA/boletinlegal/images/screen_2.png HTTP/1.1" 200 362502
186.87.163.10 - - [17/Nov/2016:00:37:59 -0500] "GET /BLA/boletinlegal/images/launch.jpg HTTP/1.1" 200 14577
186.87.163.10 - - [17/Nov/2016:00:37:59 -0500] "GET /BLA/boletinlegal/images/screen_1.png HTTP/1.1" 200 202547
186.87.163.10 - - [17/Nov/2016:00:38:01 -0500] "GET /BLA/boletinlegal/images/body_bg.jpg HTTP/1.1" 200 1601
186.87.163.10 - - [17/Nov/2016:00:38:01 -0500] "GET /BLA/boletinlegal/images/menu_lft.gif HTTP/1.1" 200 1713
186.87.163.10 - - [17/Nov/2016:00:38:01 -0500] "GET /BLA/boletinlegal/images/menu_rght.gif HTTP/1.1" 200 1627
186.87.163.10 - - [17/Nov/2016:00:38:01 -0500] "GET /BLA/boletinlegal/images/bg_top.jpg HTTP/1.1" 200 522
186.87.163.10 - - [17/Nov/2016:00:38:01 -0500] "GET /BLA/boletinlegal/images/menu_bg.jpg HTTP/1.1" 200 620
186.87.163.10 - - [17/Nov/2016:00:38:02 -0500] "GET /BLA/boletinlegal/images/hover.jpg HTTP/1.1" 200 640
186.87.163.10 - - [17/Nov/2016:00:38:02 -0500] "GET /BLA/boletinlegal/images/text.jpg HTTP/1.1" 200 568
186.87.163.10 - - [17/Nov/2016:00:38:03 -0500] "GET /BLA/boletinlegal/images/screen_3.png HTTP/1.1" 200 210620
186.87.163.10 - - [17/Nov/2016:00:38:03 -0500] "GET /BLA/boletinlegal/images/screen_5.png HTTP/1.1" 200 368876
186.87.163.10 - - [17/Nov/2016:00:38:03 -0500] "GET /BLA/boletinlegal/images/arr_r.jpg HTTP/1.1" 200 1998
186.87.163.10 - - [17/Nov/2016:00:38:03 -0500] "GET /BLA/boletinlegal/images/pdf.gif HTTP/1.1" 200 567
186.87.163.10 - - [17/Nov/2016:00:38:03 -0500] "GET /BLA/boletinlegal/images/footer_bg.jpg HTTP/1.1" 200 586
186.87.163.10 - - [17/Nov/2016:00:38:03 -0500] "GET /BLA/boletinlegal/actos.php HTTP/1.1" 200 7660
186.87.163.10 - - [17/Nov/2016:00:38:04 -0500] "GET /BLA/boletinlegal/js/ajax_actos.js HTTP/1.1" 200 1322
186.87.163.10 - - [17/Nov/2016:00:38:04 -0500] "GET /BLA/boletinlegal/niceforms.js HTTP/1.1" 200 22876
186.87.163.10 - - [17/Nov/2016:00:38:04 -0500] "GET /BLA/boletinlegal/js/lib.js HTTP/1.1" 200 6474
186.87.163.10 - - [17/Nov/2016:00:38:04 -0500] "GET /BLA/boletinlegal/niceforms-default.css HTTP/1.1" 200 6694
186.87.163.10 - - [17/Nov/2016:00:38:04 -0500] "GET /BLA/boletinlegal/js/popup.js HTTP/1.1" 200 1270
186.87.163.10 - - [17/Nov/2016:00:38:04 -0500] "GET /BLA/boletinlegal/js/jquery1.js HTTP/1.1" 200 29846
186.87.163.10 - - [17/Nov/2016:00:38:04 -0500] "GET /BLA/boletinlegal/images/green-yellow-blue-pink-th.png HTTP/1.1" 200 7394
186.84.14.10 - - [17/Nov/2016:00:38:04 -0500] "GET /galeria/nivo-slider/demo/images/bannergestionambiental2.jpg HTTP/1.1" 200 245647
186.84.14.10 - - [17/Nov/2016:00:38:04 -0500] "GET /galeria/nivo-slider/demo/images/vegetal.jpg HTTP/1.1" 200 216080
186.87.163.10 - - [17/Nov/2016:00:38:05 -0500] "GET /BLA/boletinlegal/images/abajo.png HTTP/1.1" 200 96676
186.87.163.10 - - [17/Nov/2016:00:38:05 -0500] "GET /BLA/boletinlegal/images/footer_bg_l.jpg HTTP/1.1" 200 776
186.87.163.10 - - [17/Nov/2016:00:38:05 -0500] "GET /BLA/boletinlegal/actos.php HTTP/1.1" 200 7660
186.87.163.10 - - [17/Nov/2016:00:38:05 -0500] "GET /BLA/boletinlegal/images/abajo.png HTTP/1.1" 206 94021
186.87.163.10 - - [17/Nov/2016:00:38:06 -0500] "GET /BLA/boletinlegal/images/footer_bg_l.jpg HTTP/1.1" 200 776
186.87.163.10 - - [17/Nov/2016:00:38:06 -0500] "GET /BLA/boletinlegal/img/0.png HTTP/1.1" 200 110
186.87.163.10 - - [17/Nov/2016:00:38:06 -0500] "GET /BLA/boletinlegal/img/select-left.png HTTP/1.1" 200 263
186.87.163.10 - - [17/Nov/2016:00:38:06 -0500] "GET /BLA/boletinlegal/img/button.png HTTP/1.1" 200 43241
186.87.163.10 - - [17/Nov/2016:00:38:06 -0500] "GET /BLA/boletinlegal/img/select-right.png HTTP/1.1" 200 44019
186.87.163.10 - - [17/Nov/2016:00:38:06 -0500] "GET /BLA/boletinlegal/img/button-left.png HTTP/1.1" 200 57071
186.87.163.10 - - [17/Nov/2016:00:38:06 -0500] "GET /BLA/boletinlegal/img/button-right.png HTTP/1.1" 200 57878
