66.249.64.51 - - [17/Nov/2016:02:03:52 -0500] "GET /BLA/resoluciones/Autos%202008/1460.pdf HTTP/1.1" 200 92759
186.84.14.10 - - [17/Nov/2016:02:03:54 -0500] "GET /galeria/nivo-slider/demo/images/bannergestionambiental2.jpg HTTP/1.1" 200 245647
66.249.64.53 - - [17/Nov/2016:02:03:55 -0500] "GET /BLA/resoluciones/RESOLUCIONES%202008/5472.pdf HTTP/1.1" 200 256070
66.249.64.51 - - [17/Nov/2016:02:03:59 -0500] "GET /BLA/resoluciones/RESOLUCIONES%202011/4808.pdf HTTP/1.1" 304 -
66.249.64.53 - - [17/Nov/2016:02:04:03 -0500] "GET /BLA/resoluciones/RESOLUCIONES%202011/4865.pdf HTTP/1.1" 304 -
66.249.64.51 - - [17/Nov/2016:02:04:03 -0500] "GET /robots.txt HTTP/1.1" 404 1018
66.249.64.51 - - [17/Nov/2016:02:04:03 -0500] "GET /BLA/resoluciones/RESOLUCIONES%202010/2505.pdf HTTP/1.1" 304 -
66.249.64.51 - - [17/Nov/2016:02:04:04 -0500] "GET /BLA/resoluciones/AUTOS%202007/0633.pdf HTTP/1.1" 200 67442
186.84.14.10 - - [17/Nov/2016:02:04:04 -0500] "GET /galeria/nivo-slider/demo/images/bannergestionambiental2.jpg HTTP/1.1" 200 245647
186.84.14.10 - - [17/Nov/2016:02:04:04 -0500] "GET /galeria/nivo-slider/demo/images/vegetal.jpg HTTP/1.1" 200 216080
66.249.64.53 - - [17/Nov/2016:02:04:04 -0500] "GET /BLA/resoluciones/RESOLUCIONES%202008/1587.pdf HTTP/1.1" 304 -
66.249.64.59 - - [17/Nov/2016:02:04:06 -0500] "GET /PORTAL_SIAC/swf/clip2.swf HTTP/1.1" 200 34316
66.249.64.51 - - [17/Nov/2016:02:04:07 -0500] "GET /BLA/resoluciones/RESOLUCIONES%202009/0446.pdf HTTP/1.1" 304 -
66.249.64.51 - - [17/Nov/2016:02:04:10 -0500] "GET /BLA/resoluciones/RESOLUCIONES%202013/2054.pdf HTTP/1.1" 304 -
186.84.14.10 - - [17/Nov/2016:02:04:14 -0500] "GET /galeria/nivo-slider/demo/images/vegetal.jpg HTTP/1.1" 200 216080
186.84.14.10 - - [17/Nov/2016:02:04:14 -0500] "GET /galeria/nivo-slider/demo/images/Ruta-vertimientos-01.jpg HTTP/1.1" 200 130151
66.249.64.51 - - [17/Nov/2016:02:04:15 -0500] "GET /BLA/resoluciones/AUTOS%202014/1737.pdf HTTP/1.1" 304 -
66.249.64.53 - - [17/Nov/2016:02:04:16 -0500] "GET /BLA/resoluciones/AUTOS%202015/4960.pdf HTTP/1.1" 304 -
66.249.64.53 - - [17/Nov/2016:02:04:17 -0500] "GET /BLA/resoluciones/RESOLUCIONES%202010/4528.pdf HTTP/1.1" 304 -
163.172.66.114 - - [17/Nov/2016:02:04:17 -0500] "GET /BLA/resoluciones/RESOLUCIONES%202006/RES%202006%201251-1300/00001295.tif HTTP/1.1" 200 134266
66.249.64.59 - - [17/Nov/2016:02:04:20 -0500] "GET /BLA/ HTTP/1.1" 200 538
186.84.14.10 - - [17/Nov/2016:02:04:24 -0500] "GET /galeria/nivo-slider/demo/images/Ruta-vertimientos-01.jpg HTTP/1.1" 200 130151
186.84.14.10 - - [17/Nov/2016:02:04:24 -0500] "GET /galeria/nivo-slider/demo/images/bolsas-06.jpg HTTP/1.1" 200 210950
163.172.64.228 - - [17/Nov/2016:02:04:26 -0500] "GET /BLA/resoluciones/RESOLUCIONES%202003/RES%202003%201601-1650/20031602.tif HTTP/1.1" 200 44176
186.84.14.10 - - [17/Nov/2016:02:04:34 -0500] "GET /galeria/nivo-slider/demo/images/bolsas-06.jpg HTTP/1.1" 200 210950
186.84.14.10 - - [17/Nov/2016:02:04:34 -0500] "GET /galeria/nivo-slider/demo/images/bannerdiadelvoluntariado2.jpg HTTP/1.1" 200 92375
163.172.66.44 - - [17/Nov/2016:02:04:43 -0500] "GET /BLA/resoluciones/AUTOS%202006/AUTOS%202006%201101-1200/00001163.tif HTTP/1.1" 200 50336
186.84.14.10 - - [17/Nov/2016:02:04:44 -0500] "GET /galeria/nivo-slider/demo/images/banner%20encuesta%20sda2-web3.jpg HTTP/1.1" 200 111668
186.84.14.10 - - [17/Nov/2016:02:04:44 -0500] "GET /galeria/nivo-slider/demo/images/bannerdiadelvoluntariado2.jpg HTTP/1.1" 200 92375
69.162.124.232 - - [17/Nov/2016:02:04:45 -0500] "HEAD / HTTP/1.1" 200 -
163.172.65.206 - - [17/Nov/2016:02:04:51 -0500] "GET /BLA/resoluciones/RESOLUCIONES%202005/RES%202005%20801-850/00000850.tif HTTP/1.1" 200 81706
186.84.14.10 - - [17/Nov/2016:02:04:54 -0500] "GET /galeria/nivo-slider/demo/images/banner%20encuesta%20sda2-web3.jpg HTTP/1.1" 200 111668
186.84.14.10 - - [17/Nov/2016:02:04:54 -0500] "GET /galeria/nivo-slider/demo/images/bannerwebsemanecoempresarial.jpg HTTP/1.1" 200 108354
186.84.14.10 - - [17/Nov/2016:02:05:04 -0500] "GET /galeria/nivo-slider/demo/images/BANNER%20ECORECICLATON-01d%20(2).jpg HTTP/1.1" 200 136864
186.84.14.10 - - [17/Nov/2016:02:05:04 -0500] "GET /galeria/nivo-slider/demo/images/bannerwebsemanecoempresarial.jpg HTTP/1.1" 200 108354
163.172.66.64 - - [17/Nov/2016:02:05:11 -0500] "GET /BLA/resoluciones/index.php?dir=RESOLUCIONES%202006/RES%202006%201801-1850/&sort=size&order=desc HTTP/1.1" 200 12356
186.84.14.10 - - [17/Nov/2016:02:05:14 -0500] "GET /galeria/nivo-slider/demo/images/BANNER%20ECORECICLATON-01d%20(2).jpg HTTP/1.1" 200 136864
186.84.14.10 - - [17/Nov/2016:02:05:14 -0500] "GET /galeria/nivo-slider/demo/images/bannerinvitaci%C3%B3nacaminatasecologicas2.jpg HTTP/1.1" 200 513253
186.84.14.10 - - [17/Nov/2016:02:05:24 -0500] "GET /galeria/nivo-slider/demo/images/bannerinvitaci%C3%B3nacaminatasecologicas2.jpg HTTP/1.1" 200 513253
186.84.14.10 - - [17/Nov/2016:02:05:24 -0500] "GET /galeria/nivo-slider/demo/images/bannersilvicultura.jpg HTTP/1.1" 200 173023
66.249.64.61 - - [17/Nov/2016:02:04:26 -0500] "GET /BLA/boletinlegal/index.php HTTP/1.1" 200 52900
66.249.64.51 - - [17/Nov/2016:02:05:25 -0500] "GET /BLA/resoluciones/RESOLUCIONES%202011/1845.pdf HTTP/1.1" 200 518070
66.249.64.53 - - [17/Nov/2016:02:05:33 -0500] "GET /BLA/resoluciones/RESOLUCIONES%202011/1149.pdf HTTP/1.1" 200 267160
186.84.14.10 - - [17/Nov/2016:02:05:34 -0500] "GET /galeria/nivo-slider/demo/images/BANNERARBOLES.jpg HTTP/1.1" 200 227630
186.84.14.10 - - [17/Nov/2016:02:05:34 -0500] "GET /galeria/nivo-slider/demo/images/bannersilvicultura.jpg HTTP/1.1" 200 173023
66.249.64.51 - - [17/Nov/2016:02:05:36 -0500] "GET /BLA/resoluciones/RESOLUCIONES%202009/9055.pdf HTTP/1.1" 304 -
66.249.64.51 - - [17/Nov/2016:02:05:39 -0500] "GET /BLA/resoluciones/RESOLUCIONES%202012/1586.pdf HTTP/1.1" 304 -
66.249.64.51 - - [17/Nov/2016:02:05:40 -0500] "GET /BLA/resoluciones/AUTOS%202012/1641.pdf HTTP/1.1" 304 -
66.249.64.51 - - [17/Nov/2016:02:05:42 -0500] "GET /BLA/resoluciones/AUTOS%202009/0418.pdf HTTP/1.1" 200 176061
186.84.14.10 - - [17/Nov/2016:02:05:44 -0500] "GET /galeria/nivo-slider/demo/images/ACOPIADORESYGESTORES.jpg HTTP/1.1" 200 118791
186.84.14.10 - - [17/Nov/2016:02:05:44 -0500] "GET /galeria/nivo-slider/demo/images/BANNERARBOLES.jpg HTTP/1.1" 200 227630
66.249.64.51 - - [17/Nov/2016:02:05:54 -0500] "GET /BLA/resoluciones/RESOLUCIONES%202010/4195.pdf HTTP/1.1" 200 385273
186.84.14.10 - - [17/Nov/2016:02:05:54 -0500] "GET /galeria/nivo-slider/demo/images/ACOPIADORESYGESTORES.jpg HTTP/1.1" 200 118791
186.84.14.10 - - [17/Nov/2016:02:05:54 -0500] "GET /galeria/nivo-slider/demo/images/bannergestionambiental2.jpg HTTP/1.1" 200 245647
184.168.193.153 - - [17/Nov/2016:02:05:59 -0500] "GET /test/wp-admin/ HTTP/1.1" 404 1018
186.84.14.10 - - [17/Nov/2016:02:06:04 -0500] "GET /galeria/nivo-slider/demo/images/bannergestionambiental2.jpg HTTP/1.1" 200 245647
186.84.14.10 - - [17/Nov/2016:02:06:04 -0500] "GET /galeria/nivo-slider/demo/images/vegetal.jpg HTTP/1.1" 200 216080
66.249.64.51 - - [17/Nov/2016:02:06:09 -0500] "GET /BLA/resoluciones/RESOLUCIONES%202007/RES%202007%20801%20AL%20900/RESOLUCION%200873%20DE%202007.pdf HTTP/1.1" 200 425445
186.84.14.10 - - [17/Nov/2016:02:06:14 -0500] "GET /galeria/nivo-slider/demo/images/Ruta-vertimientos-01.jpg HTTP/1.1" 200 130151
66.249.64.51 - - [17/Nov/2016:02:06:16 -0500] "GET /BLA/resoluciones/AUTOS%202013/3585.pdf HTTP/1.1" 304 -
66.249.64.51 - - [17/Nov/2016:02:06:17 -0500] "GET /BLA/resoluciones/AUTOS%202013/1810.pdf HTTP/1.1" 200 1002891
220.181.51.119 - - [17/Nov/2016:02:06:21 -0500] "GET /BLA/resoluciones/AUTOS%202007/2004.pdf HTTP/1.1" 200 66842
66.249.64.51 - - [17/Nov/2016:02:06:23 -0500] "GET /BLA/resoluciones/RESOLUCIONES%202010/6722.pdf HTTP/1.1" 200 64803
186.84.14.10 - - [17/Nov/2016:02:06:24 -0500] "GET /galeria/nivo-slider/demo/images/Ruta-vertimientos-01.jpg HTTP/1.1" 200 130151
186.84.14.10 - - [17/Nov/2016:02:06:24 -0500] "GET /galeria/nivo-slider/demo/images/bolsas-06.jpg HTTP/1.1" 200 210950
192.168.175.104 - - [17/Nov/2016:02:06:25 -0500] "GET / HTTP/1.0" 200 9990
192.168.175.104 - - [17/Nov/2016:02:06:33 -0500] "GET / HTTP/1.1" 200 9990
186.84.14.10 - - [17/Nov/2016:02:06:34 -0500] "GET /galeria/nivo-slider/demo/images/bolsas-06.jpg HTTP/1.1" 200 210950
186.84.14.10 - - [17/Nov/2016:02:06:34 -0500] "GET /galeria/nivo-slider/demo/images/bannerdiadelvoluntariado2.jpg HTTP/1.1" 200 92375
186.84.14.10 - - [17/Nov/2016:02:06:44 -0500] "GET /galeria/nivo-slider/demo/images/bannerdiadelvoluntariado2.jpg HTTP/1.1" 200 92375
186.84.14.10 - - [17/Nov/2016:02:06:44 -0500] "GET /galeria/nivo-slider/demo/images/banner%20encuesta%20sda2-web3.jpg HTTP/1.1" 200 111668
66.249.64.51 - - [17/Nov/2016:02:06:50 -0500] "GET /BLA/resoluciones/RESOLUCIONES%202013/2079.pdf HTTP/1.1" 200 490937
186.84.14.10 - - [17/Nov/2016:02:06:54 -0500] "GET /galeria/nivo-slider/demo/images/banner%20encuesta%20sda2-web3.jpg HTTP/1.1" 200 111668
186.84.14.10 - - [17/Nov/2016:02:06:54 -0500] "GET /galeria/nivo-slider/demo/images/bannerwebsemanecoempresarial.jpg HTTP/1.1" 200 108354
66.249.64.51 - - [17/Nov/2016:02:06:56 -0500] "GET /BLA/resoluciones/RESOLUCIONES%202009/3571.pdf HTTP/1.1" 200 816298
163.172.65.222 - - [17/Nov/2016:02:06:57 -0500] "GET /BLA/resoluciones/RESOLUCIONES%202005/RES%202005%203151-3180/00003173.tif HTTP/1.1" 200 125856
66.249.64.51 - - [17/Nov/2016:02:06:58 -0500] "GET /BLA/resoluciones/RESOLUCIONES%202010/1687.pdf HTTP/1.1" 200 288133
66.249.64.51 - - [17/Nov/2016:02:06:58 -0500] "GET /BLA/resoluciones/RESOLUCIONES%202007/RES%202007%203301%20AL%203400/RESOLUCION%203399%20DE%202007.pdf HTTP/1.1" 304 -
66.249.64.51 - - [17/Nov/2016:02:06:59 -0500] "GET /BLA/resoluciones/AUTOS%202014/5702.pdf HTTP/1.1" 304 -
66.249.64.51 - - [17/Nov/2016:02:07:02 -0500] "GET /BLA/resoluciones/RESOLUCIONES%202010/4055.pdf HTTP/1.1" 200 490101
66.249.64.53 - - [17/Nov/2016:02:07:03 -0500] "GET /BLA/resoluciones/RESOLUCIONES%202014/1601.pdf HTTP/1.1" 200 1638060
186.84.14.10 - - [17/Nov/2016:02:07:04 -0500] "GET /galeria/nivo-slider/demo/images/BANNER%20ECORECICLATON-01d%20(2).jpg HTTP/1.1" 200 136864
66.249.64.51 - - [17/Nov/2016:02:07:05 -0500] "GET /BLA/resoluciones/RESOLUCIONES%202009/4450.pdf HTTP/1.1" 200 381514
66.249.64.53 - - [17/Nov/2016:02:07:06 -0500] "GET /BLA/resoluciones/RESOLUCIONES%202009/8591.pdf HTTP/1.1" 200 498701
66.249.64.55 - - [17/Nov/2016:02:07:07 -0500] "GET /BLA/resoluciones/RESOLUCIONES%202009/9525.pdf HTTP/1.1" 200 2406517
163.172.66.25 - - [17/Nov/2016:02:07:09 -0500] "GET /BLA/resoluciones/AUTOS%202006/AUTOS%202006%201601%20-%201700/00001606.tif HTTP/1.1" 200 237302
66.249.64.53 - - [17/Nov/2016:02:07:10 -0500] "GET /BLA/resoluciones/RESOLUCIONES%202012/0598.pdf HTTP/1.1" 200 309479
66.249.64.51 - - [17/Nov/2016:02:07:10 -0500] "GET /BLA/resoluciones/AUTOS%202011/1396.pdf HTTP/1.1" 200 657628
66.249.64.53 - - [17/Nov/2016:02:07:11 -0500] "GET /BLA/resoluciones/RESOLUCIONES%202011/1241.pdf HTTP/1.1" 200 317102
66.249.64.61 - - [17/Nov/2016:02:07:13 -0500] "GET /BLA/resoluciones/Notificaciones/AUTOS%202015/03028.doc HTTP/1.1" 200 140296
192.168.175.104 - - [17/Nov/2016:02:07:13 -0500] "GET / HTTP/1.1" 200 9990
186.84.14.10 - - [17/Nov/2016:02:07:14 -0500] "GET /galeria/nivo-slider/demo/images/BANNER%20ECORECICLATON-01d%20(2).jpg HTTP/1.1" 200 136864
186.84.14.10 - - [17/Nov/2016:02:07:14 -0500] "GET /galeria/nivo-slider/demo/images/bannerinvitaci%C3%B3nacaminatasecologicas2.jpg HTTP/1.1" 200 513253
66.249.64.59 - - [17/Nov/2016:02:07:14 -0500] "GET /BLA/resoluciones/RESOLUCIONES%202014/2679.pdf HTTP/1.1" 304 -
66.249.64.55 - - [17/Nov/2016:02:07:15 -0500] "GET /Residuos/farmaceutica/files/guia_farmaceuticas.pdf HTTP/1.1" 304 -
66.249.64.55 - - [17/Nov/2016:02:07:16 -0500] "GET /BLA/resoluciones/Notificaciones/AUTOS%202015/3650.doc HTTP/1.1" 304 -
66.249.64.59 - - [17/Nov/2016:02:07:18 -0500] "GET /BLA/resoluciones/AUTOS%202012/0153.pdf HTTP/1.1" 304 -
66.249.64.61 - - [17/Nov/2016:02:07:21 -0500] "GET /BLA/resoluciones/RESOLUCIONES%202010/6000.pdf HTTP/1.1" 304 -
186.84.14.10 - - [17/Nov/2016:02:07:24 -0500] "GET /galeria/nivo-slider/demo/images/bannerinvitaci%C3%B3nacaminatasecologicas2.jpg HTTP/1.1" 200 513253
186.84.14.10 - - [17/Nov/2016:02:07:24 -0500] "GET /galeria/nivo-slider/demo/images/bannersilvicultura.jpg HTTP/1.1" 200 173023
66.249.64.57 - - [17/Nov/2016:02:07:25 -0500] "GET /BLA/resoluciones/RESOLUCIONES%202010/6285.pdf HTTP/1.1" 304 -
66.249.64.55 - - [17/Nov/2016:02:07:26 -0500] "GET /BLA/resoluciones/RESOLUCIONES%202010/0417.pdf HTTP/1.1" 304 -
66.249.64.51 - - [17/Nov/2016:02:07:27 -0500] "GET /BLA/resoluciones/AUTOS%202015/2463.pdf HTTP/1.1" 200 731836
66.249.64.57 - - [17/Nov/2016:02:07:28 -0500] "GET /BLA/resoluciones/RESOLUCIONES%202009/6931.pdf HTTP/1.1" 304 -
66.249.64.53 - - [17/Nov/2016:02:07:29 -0500] "GET /BLA/resoluciones/RESOLUCIONES%202014/3653.pdf HTTP/1.1" 304 -
66.249.64.57 - - [17/Nov/2016:02:07:29 -0500] "GET /BLA/resoluciones/RESOLUCIONES%202007/RES%202007%201401%20AL%201500/RESOLUCION%201402%20DE%202007.pdf HTTP/1.1" 304 -
66.249.64.57 - - [17/Nov/2016:02:07:30 -0500] "GET /BLA/resoluciones/RESOLUCIONES%202014/1564.pdf HTTP/1.1" 304 -
66.249.64.55 - - [17/Nov/2016:02:07:33 -0500] "GET /BLA/resoluciones/RESOLUCIONES%202009/2840.pdf HTTP/1.1" 304 -
186.84.14.10 - - [17/Nov/2016:02:07:34 -0500] "GET /galeria/nivo-slider/demo/images/bannersilvicultura.jpg HTTP/1.1" 200 173023
186.84.14.10 - - [17/Nov/2016:02:07:34 -0500] "GET /galeria/nivo-slider/demo/images/BANNERARBOLES.jpg HTTP/1.1" 200 227630
66.249.64.55 - - [17/Nov/2016:02:07:34 -0500] "GET /transparencia/directorioservidores/MANUAL%20DE%20FUNCIONES%2002666%20DEL%204-DIC-2015.pdf HTTP/1.1" 304 -
66.249.64.55 - - [17/Nov/2016:02:07:36 -0500] "GET /BLA/resoluciones/RESOLUCIONES%202010/2414.pdf HTTP/1.1" 304 -
66.249.64.51 - - [17/Nov/2016:02:07:38 -0500] "GET /BLA/resoluciones/RESOLUCIONES%202007/RES%202007%202301%20AL%202400/RESOLUCION%202400%20DE%202007.pdf HTTP/1.1" 304 -
66.249.64.53 - - [17/Nov/2016:02:07:40 -0500] "GET /BLA/resoluciones/RESOLUCIONES%202009/5270.pdf HTTP/1.1" 304 -
66.249.64.51 - - [17/Nov/2016:02:07:42 -0500] "GET /BLA/resoluciones/RESOLUCIONES%202009/4800.pdf HTTP/1.1" 304 -
66.249.64.51 - - [17/Nov/2016:02:07:43 -0500] "GET /BLA/resoluciones/RESOLUCIONES%202009/3813.pdf HTTP/1.1" 304 -
186.84.14.10 - - [17/Nov/2016:02:07:44 -0500] "GET /galeria/nivo-slider/demo/images/BANNERARBOLES.jpg HTTP/1.1" 200 227630
186.84.14.10 - - [17/Nov/2016:02:07:44 -0500] "GET /galeria/nivo-slider/demo/images/ACOPIADORESYGESTORES.jpg HTTP/1.1" 200 118791
66.249.64.51 - - [17/Nov/2016:02:07:45 -0500] "GET /BLA/resoluciones/RESOLUCIONES%202007/RES%202007%201901%20AL%202000/RESOLUCION%201953%20DE%202007.pdf HTTP/1.1" 200 186123
66.249.64.51 - - [17/Nov/2016:02:07:45 -0500] "GET /BLA/resoluciones/Notificaciones/AUTOS%202015/05808.doc HTTP/1.1" 304 -
66.249.64.51 - - [17/Nov/2016:02:07:45 -0500] "GET /BLA/resoluciones/RESOLUCIONES%202013/0350.pdf HTTP/1.1" 304 -
186.84.14.10 - - [17/Nov/2016:02:07:54 -0500] "GET /galeria/nivo-slider/demo/images/bannergestionambiental2.jpg HTTP/1.1" 200 245647
186.84.14.10 - - [17/Nov/2016:02:07:54 -0500] "GET /galeria/nivo-slider/demo/images/ACOPIADORESYGESTORES.jpg HTTP/1.1" 200 118791
186.84.14.10 - - [17/Nov/2016:02:08:04 -0500] "GET /galeria/nivo-slider/demo/images/bannergestionambiental2.jpg HTTP/1.1" 200 245647
186.84.14.10 - - [17/Nov/2016:02:08:04 -0500] "GET /galeria/nivo-slider/demo/images/vegetal.jpg HTTP/1.1" 200 216080
186.84.14.10 - - [17/Nov/2016:02:08:14 -0500] "GET /galeria/nivo-slider/demo/images/Ruta-vertimientos-01.jpg HTTP/1.1" 200 130151
186.84.14.10 - - [17/Nov/2016:02:08:24 -0500] "GET /galeria/nivo-slider/demo/images/Ruta-vertimientos-01.jpg HTTP/1.1" 200 130151
186.84.14.10 - - [17/Nov/2016:02:08:24 -0500] "GET /galeria/nivo-slider/demo/images/bolsas-06.jpg HTTP/1.1" 200 210950
186.84.14.10 - - [17/Nov/2016:02:08:34 -0500] "GET /galeria/nivo-slider/demo/images/bolsas-06.jpg HTTP/1.1" 200 210950
186.84.14.10 - - [17/Nov/2016:02:08:34 -0500] "GET /galeria/nivo-slider/demo/images/bannerdiadelvoluntariado2.jpg HTTP/1.1" 200 92375
186.84.14.10 - - [17/Nov/2016:02:08:44 -0500] "GET /galeria/nivo-slider/demo/images/bannerdiadelvoluntariado2.jpg HTTP/1.1" 200 92375
186.84.14.10 - - [17/Nov/2016:02:08:44 -0500] "GET /galeria/nivo-slider/demo/images/banner%20encuesta%20sda2-web3.jpg HTTP/1.1" 200 111668
66.249.64.42 - - [17/Nov/2016:02:07:46 -0500] "GET /BLA/boletinlegal/ HTTP/1.1" 200 52900
66.249.64.51 - - [17/Nov/2016:02:08:46 -0500] "GET /BLA/resoluciones/RESOLUCIONES%202009/9680.pdf HTTP/1.1" 200 369383
66.249.64.55 - - [17/Nov/2016:02:08:47 -0500] "GET /BLA/resoluciones/RESOLUCIONES%202011/4788.pdf HTTP/1.1" 304 -
66.249.64.55 - - [17/Nov/2016:02:08:47 -0500] "GET /BLA/resoluciones/RESOLUCIONES%202007/RES%202007%201601%20AL%201725/RESOLUCION%201607%20DE%202007.pdf HTTP/1.1" 304 -
66.249.64.51 - - [17/Nov/2016:02:08:48 -0500] "GET /BLA/resoluciones/AUTOS%202014/5698.pdf HTTP/1.1" 304 -
66.249.64.55 - - [17/Nov/2016:02:08:49 -0500] "GET /BLA/resoluciones/RESOLUCIONES%202008/0410.pdf HTTP/1.1" 304 -
66.249.64.51 - - [17/Nov/2016:02:08:50 -0500] "GET /BLA/resoluciones/RESOLUCIONES%202007/RES%202007%202501%20AL%202600/RESOLUCION%202551%20DE%202007.pdf HTTP/1.1" 304 -
66.249.64.53 - - [17/Nov/2016:02:08:51 -0500] "GET /BLA/resoluciones/RESOLUCIONES%202013/0847.pdf HTTP/1.1" 304 -
66.249.64.51 - - [17/Nov/2016:02:08:52 -0500] "GET /BLA/resoluciones/RESOLUCIONES%202012/0031.pdf HTTP/1.1" 304 -
66.249.64.51 - - [17/Nov/2016:02:08:53 -0500] "GET /BLA/resoluciones/AUTOS%202013/2022.pdf HTTP/1.1" 304 -
66.249.64.51 - - [17/Nov/2016:02:08:54 -0500] "GET /BLA/resoluciones/RESOLUCIONES%202013/2078.pdf HTTP/1.1" 304 -
186.84.14.10 - - [17/Nov/2016:02:08:54 -0500] "GET /galeria/nivo-slider/demo/images/banner%20encuesta%20sda2-web3.jpg HTTP/1.1" 200 111668
186.84.14.10 - - [17/Nov/2016:02:08:54 -0500] "GET /galeria/nivo-slider/demo/images/bannerwebsemanecoempresarial.jpg HTTP/1.1" 200 108354
66.249.64.51 - - [17/Nov/2016:02:08:55 -0500] "GET /BLA/resoluciones/RESOLUCIONES%202007/RES%202007%20601%20AL%20700/RESOLUCION%200627%20DE%202007.pdf HTTP/1.1" 304 -
66.249.64.51 - - [17/Nov/2016:02:08:56 -0500] "GET /BLA/resoluciones/RESOLUCIONES%202011/2164.pdf HTTP/1.1" 200 515595
66.249.64.51 - - [17/Nov/2016:02:08:57 -0500] "GET /BLA/resoluciones/AUTOS%202010/5348.pdf HTTP/1.1" 304 -
66.249.64.51 - - [17/Nov/2016:02:08:58 -0500] "GET /BLA/resoluciones/RESOLUCIONES%202013/0034.pdf HTTP/1.1" 304 -
66.249.64.51 - - [17/Nov/2016:02:08:59 -0500] "GET /BLA/resoluciones/Notificaciones/AUTOS%202015/06939.doc HTTP/1.1" 200 135835
66.249.64.51 - - [17/Nov/2016:02:09:00 -0500] "GET /BLA/resoluciones/RESOLUCIONES%202012/0714.pdf HTTP/1.1" 304 -
66.249.64.51 - - [17/Nov/2016:02:09:00 -0500] "GET /BLA/resoluciones/RESOLUCIONES%202007/RES%202007%203001%20AL%203100/RESOLUCION%203012%20DE%202007.pdf HTTP/1.1" 200 493936
66.249.64.51 - - [17/Nov/2016:02:09:02 -0500] "GET /BLA/resoluciones/RESOLUCIONES%202014/2473.pdf HTTP/1.1" 304 -
66.249.64.51 - - [17/Nov/2016:02:09:03 -0500] "GET /BLA/resoluciones/RESOLUCIONES%202013/0763.pdf HTTP/1.1" 304 -
66.249.64.53 - - [17/Nov/2016:02:09:04 -0500] "GET /BLA/resoluciones/AUTOS%202014/1350.pdf HTTP/1.1" 304 -
186.84.14.10 - - [17/Nov/2016:02:09:04 -0500] "GET /galeria/nivo-slider/demo/images/bannerwebsemanecoempresarial.jpg HTTP/1.1" 200 108354
186.84.14.10 - - [17/Nov/2016:02:09:04 -0500] "GET /galeria/nivo-slider/demo/images/BANNER%20ECORECICLATON-01d%20(2).jpg HTTP/1.1" 200 136864
66.249.64.51 - - [17/Nov/2016:02:09:05 -0500] "GET /BLA/resoluciones/AUTOS%202014/2220.pdf HTTP/1.1" 304 -
66.249.64.53 - - [17/Nov/2016:02:09:06 -0500] "GET /BLA/resoluciones/RESOLUCIONES%202009/7641.pdf HTTP/1.1" 304 -
66.249.64.51 - - [17/Nov/2016:02:09:07 -0500] "GET /BLA/resoluciones/AUTOS%202013/5889.pdf HTTP/1.1" 304 -
66.249.64.51 - - [17/Nov/2016:02:09:07 -0500] "GET /BLA/resoluciones/RESOLUCIONES%202013/0297.pdf HTTP/1.1" 304 -
66.249.64.53 - - [17/Nov/2016:02:09:08 -0500] "GET /BLA/resoluciones/RESOLUCIONES%202014/0956.pdf HTTP/1.1" 304 -
66.249.64.53 - - [17/Nov/2016:02:09:09 -0500] "GET /BLA/resoluciones/AUTOS%202007/3432.pdf HTTP/1.1" 304 -
66.249.64.51 - - [17/Nov/2016:02:09:10 -0500] "GET /BLA/resoluciones/RESOLUCIONES%202010/0514.pdf HTTP/1.1" 304 -
66.249.64.53 - - [17/Nov/2016:02:09:11 -0500] "GET /BLA/resoluciones/RESOLUCIONES%202014/0985.pdf HTTP/1.1" 304 -
66.249.64.51 - - [17/Nov/2016:02:09:12 -0500] "GET /BLA/resoluciones/RESOLUCIONES%202007/RES%202007%202401%20AL%202500/RESOLUCION%202436%20DE%202007.pdf HTTP/1.1" 304 -
66.249.64.53 - - [17/Nov/2016:02:09:12 -0500] "GET /BLA/resoluciones/RESOLUCIONES%202013/0112.pdf HTTP/1.1" 304 -
66.249.64.51 - - [17/Nov/2016:02:09:13 -0500] "GET /BLA/resoluciones/RESOLUCIONES%202010/6906.pdf HTTP/1.1" 304 -
66.249.64.51 - - [17/Nov/2016:02:09:14 -0500] "GET /BLA/resoluciones/RESOLUCIONES%202011/2016.pdf HTTP/1.1" 200 511297
186.84.14.10 - - [17/Nov/2016:02:09:14 -0500] "GET /galeria/nivo-slider/demo/images/BANNER%20ECORECICLATON-01d%20(2).jpg HTTP/1.1" 200 136864
186.84.14.10 - - [17/Nov/2016:02:09:14 -0500] "GET /galeria/nivo-slider/demo/images/bannerinvitaci%C3%B3nacaminatasecologicas2.jpg HTTP/1.1" 200 513253
66.249.64.53 - - [17/Nov/2016:02:09:15 -0500] "GET /BLA/resoluciones/AUTOS%202014/3837.pdf HTTP/1.1" 304 -
66.249.64.53 - - [17/Nov/2016:02:09:16 -0500] "GET /BLA/resoluciones/AUTOS%202008/2079.pdf HTTP/1.1" 304 -
66.249.64.51 - - [17/Nov/2016:02:09:18 -0500] "GET /BLA/resoluciones/RESOLUCIONES%202007/RES%202007%204101%20AL%204200/RESOLUCION%204167%20DE%202007.pdf HTTP/1.1" 304 -
66.249.64.53 - - [17/Nov/2016:02:09:20 -0500] "GET /BLA/resoluciones/RESOLUCIONES%202008/0577.pdf HTTP/1.1" 304 -
66.249.64.51 - - [17/Nov/2016:02:09:21 -0500] "GET /BLA/resoluciones/Autos%202008/1395.pdf HTTP/1.1" 200 77269
66.249.64.51 - - [17/Nov/2016:02:09:22 -0500] "GET /BLA/resoluciones/AUTOS%202012/2498.pdf HTTP/1.1" 304 -
66.249.64.51 - - [17/Nov/2016:02:09:24 -0500] "GET /BLA/resoluciones/Notificaciones/AUTOS%202015/05570.doc HTTP/1.1" 304 -
186.84.14.10 - - [17/Nov/2016:02:09:24 -0500] "GET /galeria/nivo-slider/demo/images/bannerinvitaci%C3%B3nacaminatasecologicas2.jpg HTTP/1.1" 200 513253
186.84.14.10 - - [17/Nov/2016:02:09:24 -0500] "GET /galeria/nivo-slider/demo/images/bannersilvicultura.jpg HTTP/1.1" 200 173023
163.172.65.64 - - [17/Nov/2016:02:09:25 -0500] "GET /BLA/resoluciones/RESOLUCIONES%202004/RES%202004%201001-1050/00001046.tif HTTP/1.1" 200 215736
66.249.64.51 - - [17/Nov/2016:02:09:25 -0500] "GET /BLA/resoluciones/RESOLUCIONES%202010/6564.pdf HTTP/1.1" 304 -
66.249.64.51 - - [17/Nov/2016:02:09:27 -0500] "GET /BLA/resoluciones/RESOLUCIONES%202011/0562.pdf HTTP/1.1" 304 -
66.249.64.51 - - [17/Nov/2016:02:09:29 -0500] "GET /BLA/resoluciones/RESOLUCIONES%202008/3150.pdf HTTP/1.1" 304 -
66.249.64.51 - - [17/Nov/2016:02:09:31 -0500] "GET /BLA/resoluciones/AUTOS%202015/0198.pdf HTTP/1.1" 304 -
66.249.64.51 - - [17/Nov/2016:02:09:33 -0500] "GET /BLA/resoluciones/RESOLUCIONES%202009/7486.pdf HTTP/1.1" 304 -
66.249.64.51 - - [17/Nov/2016:02:09:34 -0500] "GET /BLA/resoluciones/RESOLUCIONES%202011/1193.pdf HTTP/1.1" 200 245488
186.84.14.10 - - [17/Nov/2016:02:09:34 -0500] "GET /galeria/nivo-slider/demo/images/bannersilvicultura.jpg HTTP/1.1" 200 173023
186.84.14.10 - - [17/Nov/2016:02:09:34 -0500] "GET /galeria/nivo-slider/demo/images/BANNERARBOLES.jpg HTTP/1.1" 200 227630
66.249.64.51 - - [17/Nov/2016:02:09:35 -0500] "GET /BLA/resoluciones/AUTOS%202013/1102.pdf HTTP/1.1" 304 -
163.172.66.159 - - [17/Nov/2016:02:09:36 -0500] "GET /BLA/resoluciones/RESOLUCIONES%202002/RES%202002%201201-1250/20021219.tif HTTP/1.1" 200 41928
66.249.64.51 - - [17/Nov/2016:02:09:37 -0500] "GET /BLA/resoluciones/AUTOS%202009/3121.pdf HTTP/1.1" 304 -
66.249.64.51 - - [17/Nov/2016:02:09:39 -0500] "GET /BLA/resoluciones/Notificaciones/AUTOS%202014/3198.doc HTTP/1.1" 304 -
66.249.64.51 - - [17/Nov/2016:02:09:41 -0500] "GET /BLA/resoluciones/RESOLUCIONES%202007/RES%202007%201501%20AL%201600/RESOLUCION%201574%20DE%202007.pdf HTTP/1.1" 304 -
66.249.64.51 - - [17/Nov/2016:02:09:43 -0500] "GET /BLA/resoluciones/RESOLUCIONES%202010/7871.pdf HTTP/1.1" 304 -
186.84.14.10 - - [17/Nov/2016:02:09:44 -0500] "GET /galeria/nivo-slider/demo/images/ACOPIADORESYGESTORES.jpg HTTP/1.1" 200 118791
186.84.14.10 - - [17/Nov/2016:02:09:44 -0500] "GET /galeria/nivo-slider/demo/images/BANNERARBOLES.jpg HTTP/1.1" 200 227630
66.249.64.51 - - [17/Nov/2016:02:09:45 -0500] "GET /BLA/resoluciones/Notificaciones/AUTOS%202015/2346.doc HTTP/1.1" 200 205312
69.162.124.232 - - [17/Nov/2016:02:09:45 -0500] "HEAD / HTTP/1.1" 200 -
66.249.64.51 - - [17/Nov/2016:02:09:46 -0500] "GET /BLA/resoluciones/RESOLUCIONES%202011/1964.pdf HTTP/1.1" 200 503231
66.249.64.51 - - [17/Nov/2016:02:09:47 -0500] "GET /BLA/resoluciones/RESOLUCIONES%202007/RES%202007%203701%20AL%203800/RESOLUCION%203701%20DE%202007.pdf HTTP/1.1" 304 -
66.249.64.51 - - [17/Nov/2016:02:09:48 -0500] "GET /BLA/resoluciones/RESOLUCIONES%202007/RES%202007%201901%20AL%202000/RESOLUCION%201927%20%20DE%202007.pdf HTTP/1.1" 200 527482
66.249.64.51 - - [17/Nov/2016:02:09:50 -0500] "GET /BLA/resoluciones/RESOLUCIONES%202010/3766.pdf HTTP/1.1" 304 -
163.172.66.116 - - [17/Nov/2016:02:09:51 -0500] "GET /BLA/resoluciones/RESOLUCIONES%202004/RES%202004%202001-2050/00002002.tif HTTP/1.1" 200 45870
66.249.64.51 - - [17/Nov/2016:02:09:52 -0500] "GET /BLA/resoluciones/AUTOS%202015/0102.pdf HTTP/1.1" 200 776831
186.84.14.10 - - [17/Nov/2016:02:09:54 -0500] "GET /galeria/nivo-slider/demo/images/bannergestionambiental2.jpg HTTP/1.1" 200 245647
186.84.14.10 - - [17/Nov/2016:02:09:54 -0500] "GET /galeria/nivo-slider/demo/images/ACOPIADORESYGESTORES.jpg HTTP/1.1" 200 118791
66.249.64.51 - - [17/Nov/2016:02:09:54 -0500] "GET /BLA/resoluciones/RESOLUCIONES%202010/0523.pdf HTTP/1.1" 304 -
66.249.64.51 - - [17/Nov/2016:02:09:56 -0500] "GET /BLA/resoluciones/AUTOS%202013/2558.pdf HTTP/1.1" 304 -
66.249.64.53 - - [17/Nov/2016:02:09:58 -0500] "GET /BLA/resoluciones/AUTOS%202011/4309.pdf HTTP/1.1" 304 -
66.249.64.53 - - [17/Nov/2016:02:10:00 -0500] "GET /BLA/resoluciones/RESOLUCIONES%202013/0070.pdf HTTP/1.1" 304 -
66.249.64.51 - - [17/Nov/2016:02:10:02 -0500] "GET /BLA/resoluciones/AUTOS%202014/6185.pdf HTTP/1.1" 304 -
66.249.64.51 - - [17/Nov/2016:02:10:04 -0500] "GET /BLA/resoluciones/RESOLUCIONES%202011/2109.pdf HTTP/1.1" 304 -
186.84.14.10 - - [17/Nov/2016:02:10:04 -0500] "GET /galeria/nivo-slider/demo/images/vegetal.jpg HTTP/1.1" 200 216080
66.249.64.51 - - [17/Nov/2016:02:10:06 -0500] "GET /BLA/resoluciones/RESOLUCIONES%202008/4487.pdf HTTP/1.1" 304 -
66.249.64.51 - - [17/Nov/2016:02:10:08 -0500] "GET /BLA/resoluciones/AUTOS%202014/7302.pdf HTTP/1.1" 304 -
66.249.64.51 - - [17/Nov/2016:02:10:10 -0500] "GET /BLA/resoluciones/RESOLUCIONES%202014/1026.pdf HTTP/1.1" 304 -
66.249.64.51 - - [17/Nov/2016:02:10:11 -0500] "GET /BLA/resoluciones/AUTOS%202011/2433.pdf HTTP/1.1" 304 -
186.87.21.250 - - [17/Nov/2016:02:10:12 -0500] "GET /BLA/resoluciones/RESOLUCIONES%202007/RES%202007%203301%20AL%203400/RESOLUCION%203373%20DE%202007.pdf HTTP/1.1" 200 1027134
186.87.21.250 - - [17/Nov/2016:02:10:12 -0500] "GET /favicon.ico HTTP/1.1" 200 7782
66.249.64.51 - - [17/Nov/2016:02:10:13 -0500] "GET /BLA/resoluciones/RESOLUCIONES%202014/2211.pdf HTTP/1.1" 304 -
186.84.14.10 - - [17/Nov/2016:02:10:14 -0500] "GET /galeria/nivo-slider/demo/images/vegetal.jpg HTTP/1.1" 200 216080
186.84.14.10 - - [17/Nov/2016:02:10:14 -0500] "GET /galeria/nivo-slider/demo/images/Ruta-vertimientos-01.jpg HTTP/1.1" 200 130151
186.87.21.250 - - [17/Nov/2016:02:10:14 -0500] "GET /BLA/resoluciones/RESOLUCIONES%202007/RES%202007%203301%20AL%203400/RESOLUCION%203373%20DE%202007.pdf HTTP/1.1" 206 644887
66.249.64.51 - - [17/Nov/2016:02:10:15 -0500] "GET /BLA/resoluciones/RESOLUCIONES%202008/5735.pdf HTTP/1.1" 304 -
66.249.64.51 - - [17/Nov/2016:02:10:17 -0500] "GET /BLA/resoluciones/RESOLUCIONES%202013/0474.pdf HTTP/1.1" 304 -
66.249.64.53 - - [17/Nov/2016:02:10:18 -0500] "GET /BLA/resoluciones/RESOLUCIONES%202011/0751.pdf HTTP/1.1" 200 426050
66.249.64.53 - - [17/Nov/2016:02:10:19 -0500] "GET /BLA/resoluciones/AUTOS%202009/2787.pdf HTTP/1.1" 200 99591
66.249.64.51 - - [17/Nov/2016:02:10:19 -0500] "GET /BLA/resoluciones/RESOLUCIONES%202014/1231.pdf HTTP/1.1" 304 -
66.249.64.53 - - [17/Nov/2016:02:10:21 -0500] "GET /BLA/resoluciones/AUTOS%202015/0917.pdf HTTP/1.1" 304 -
66.249.64.53 - - [17/Nov/2016:02:10:23 -0500] "GET /BLA/resoluciones/RESOLUCIONES%202007/RES%202007%203601%20AL%203700/RESOLUCION%203673%20%20DE%202007.pdf HTTP/1.1" 304 -
186.84.14.10 - - [17/Nov/2016:02:10:24 -0500] "GET /galeria/nivo-slider/demo/images/bolsas-06.jpg HTTP/1.1" 200 210950
66.249.64.53 - - [17/Nov/2016:02:10:25 -0500] "GET /BLA/resoluciones/RESOLUCIONES%202014/0160.pdf HTTP/1.1" 304 -
66.249.64.51 - - [17/Nov/2016:02:10:27 -0500] "GET /BLA/resoluciones/AUTOS%202011/6279.pdf HTTP/1.1" 304 -
66.249.64.51 - - [17/Nov/2016:02:10:29 -0500] "GET /BLA/resoluciones/AUTOS%202011/2146.pdf HTTP/1.1" 304 -
66.249.64.53 - - [17/Nov/2016:02:10:31 -0500] "GET /autoliquidacion/TR%C3%81MITES%20AGUAS%20SUPERFICIALES/Lista%20de%20chequeo%20concesion%20de%20aguas%20superficiales.XLS HTTP/1.1" 304 -
66.249.64.53 - - [17/Nov/2016:02:10:33 -0500] "GET /BLA/resoluciones/AUTOS%202011/4075.pdf HTTP/1.1" 304 -
186.84.14.10 - - [17/Nov/2016:02:10:34 -0500] "GET /galeria/nivo-slider/demo/images/bolsas-06.jpg HTTP/1.1" 200 210950
186.84.14.10 - - [17/Nov/2016:02:10:34 -0500] "GET /galeria/nivo-slider/demo/images/bannerdiadelvoluntariado2.jpg HTTP/1.1" 200 92375
66.249.64.51 - - [17/Nov/2016:02:10:34 -0500] "GET /BLA/resoluciones/RESOLUCIONES%202007/RES%202007%202501%20AL%202600/RESOLUCION%202501%20DE%202007.pdf HTTP/1.1" 304 -
66.249.64.51 - - [17/Nov/2016:02:10:36 -0500] "GET /BLA/resoluciones/RESOLUCIONES%202008/0352.pdf HTTP/1.1" 304 -
66.249.64.51 - - [17/Nov/2016:02:10:38 -0500] "GET /BLA/resoluciones/RESOLUCIONES%202011/5904.pdf HTTP/1.1" 304 -
66.249.64.51 - - [17/Nov/2016:02:10:40 -0500] "GET /BLA/resoluciones/RESOLUCIONES%202014/2589.pdf HTTP/1.1" 304 -
66.249.64.51 - - [17/Nov/2016:02:10:42 -0500] "GET /BLA/resoluciones/AUTOS%202015/1064.pdf HTTP/1.1" 304 -
66.249.64.51 - - [17/Nov/2016:02:10:44 -0500] "GET /autoliquidacion/TR%C3%81MITES%20VERTIMIENTOS/PERMISOS%20DE%20VERTIMIENTOS/ANEXO%203.%20LISTA%20DE%20CHEQUEO%20PERMISO%20VERT.%20ALCANTARILLADO.pdf HTTP/1.1" 304 -
186.84.14.10 - - [17/Nov/2016:02:10:44 -0500] "GET /galeria/nivo-slider/demo/images/banner%20encuesta%20sda2-web3.jpg HTTP/1.1" 200 111668
186.84.14.10 - - [17/Nov/2016:02:10:44 -0500] "GET /galeria/nivo-slider/demo/images/bannerdiadelvoluntariado2.jpg HTTP/1.1" 200 92375
66.249.64.51 - - [17/Nov/2016:02:10:46 -0500] "GET /BLA/resoluciones/RESOLUCIONES%202009/6626.pdf HTTP/1.1" 304 -
66.249.64.51 - - [17/Nov/2016:02:10:48 -0500] "GET /BLA/resoluciones/RESOLUCIONES%202010/6810.pdf HTTP/1.1" 304 -
66.249.64.51 - - [17/Nov/2016:02:10:50 -0500] "GET /BLA/resoluciones/RESOLUCIONES%202011/5564.pdf HTTP/1.1" 304 -
66.249.64.51 - - [17/Nov/2016:02:10:52 -0500] "GET /BLA/resoluciones/RESOLUCIONES%202007/RES%202007%203601%20AL%203700/RESOLUCION%203606%20DE%202007.pdf HTTP/1.1" 200 303627
66.249.64.51 - - [17/Nov/2016:02:10:52 -0500] "GET /BLA/resoluciones/RESOLUCIONES%202014/0412.pdf HTTP/1.1" 304 -
66.249.64.51 - - [17/Nov/2016:02:10:54 -0500] "GET /BLA/resoluciones/AUTOS%202013/0148.pdf HTTP/1.1" 304 -
186.84.14.10 - - [17/Nov/2016:02:10:54 -0500] "GET /galeria/nivo-slider/demo/images/bannerwebsemanecoempresarial.jpg HTTP/1.1" 200 108354
186.84.14.10 - - [17/Nov/2016:02:10:54 -0500] "GET /galeria/nivo-slider/demo/images/banner%20encuesta%20sda2-web3.jpg HTTP/1.1" 200 111668
66.249.64.51 - - [17/Nov/2016:02:10:56 -0500] "GET /BLA/resoluciones/Resoluciones%202011/6416.pdf HTTP/1.1" 304 -
66.249.64.51 - - [17/Nov/2016:02:10:57 -0500] "GET /BLA/resoluciones/RESOLUCIONES%202007/RES%202007%204101%20AL%204200/RESOLUCION%204198%20DE%202007.pdf HTTP/1.1" 304 -
66.249.64.51 - - [17/Nov/2016:02:10:59 -0500] "GET /BLA/resoluciones/RESOLUCIONES%202007/RES%202007%202001%20AL%202100/RESOLUCION%202015%20DE%202007.pdf HTTP/1.1" 304 -
66.249.64.51 - - [17/Nov/2016:02:11:01 -0500] "GET /BLA/resoluciones/RESOLUCIONES%202007/RES%202007%202401%20AL%202500/RESOLUCION%202446%20%20DE%202007.pdf HTTP/1.1" 304 -
66.249.64.51 - - [17/Nov/2016:02:11:03 -0500] "GET /BLA/resoluciones/AUTOS%202013/0511.pdf HTTP/1.1" 304 -
186.84.14.10 - - [17/Nov/2016:02:11:04 -0500] "GET /galeria/nivo-slider/demo/images/BANNER%20ECORECICLATON-01d%20(2).jpg HTTP/1.1" 200 136864
66.249.64.51 - - [17/Nov/2016:02:11:05 -0500] "GET /BLA/resoluciones/RESOLUCIONES%202014/1844.pdf HTTP/1.1" 304 -
66.249.64.51 - - [17/Nov/2016:02:11:07 -0500] "GET /BLA/resoluciones/RESOLUCIONES%202014/1177.pdf HTTP/1.1" 304 -
66.249.64.51 - - [17/Nov/2016:02:11:07 -0500] "GET /BLA/resoluciones/Autos%202008/2997.pdf HTTP/1.1" 200 262750
66.249.64.51 - - [17/Nov/2016:02:11:09 -0500] "GET /BLA/resoluciones/RESOLUCIONES%202012/0969.pdf HTTP/1.1" 304 -
66.249.64.51 - - [17/Nov/2016:02:11:11 -0500] "GET /BLA/resoluciones/AUTOS%202015/2882.pdf HTTP/1.1" 304 -
66.249.64.51 - - [17/Nov/2016:02:11:13 -0500] "GET /BLA/resoluciones/Notificaciones/AUTOS%202014/0799.doc HTTP/1.1" 304 -
163.172.66.29 - - [17/Nov/2016:02:11:14 -0500] "GET /BLA/resoluciones/RESOLUCIONES%202005/RES%202005%202501-2550/00002525.tif HTTP/1.1" 200 156912
186.84.14.10 - - [17/Nov/2016:02:11:14 -0500] "GET /galeria/nivo-slider/demo/images/BANNER%20ECORECICLATON-01d%20(2).jpg HTTP/1.1" 200 136864
186.84.14.10 - - [17/Nov/2016:02:11:14 -0500] "GET /galeria/nivo-slider/demo/images/bannerinvitaci%C3%B3nacaminatasecologicas2.jpg HTTP/1.1" 200 513253
66.249.64.51 - - [17/Nov/2016:02:11:15 -0500] "GET /BLA/resoluciones/AUTOS%202013/2932.pdf HTTP/1.1" 304 -
66.249.64.51 - - [17/Nov/2016:02:11:17 -0500] "GET /BLA/resoluciones/AUTOS%202013/2013.pdf HTTP/1.1" 304 -
66.249.64.51 - - [17/Nov/2016:02:11:18 -0500] "GET /BLA/resoluciones/AUTOS%202013/1767.pdf HTTP/1.1" 200 440699
66.249.64.51 - - [17/Nov/2016:02:11:18 -0500] "GET /BLA/resoluciones/RESOLUCIONES%202009/8650.pdf HTTP/1.1" 304 -
66.249.64.51 - - [17/Nov/2016:02:11:20 -0500] "GET /BLA/resoluciones/RESOLUCIONES%202013/1229.pdf HTTP/1.1" 304 -
66.249.64.53 - - [17/Nov/2016:02:11:22 -0500] "GET /BLA/resoluciones/RESOLUCIONES%202011/0878.pdf HTTP/1.1" 304 -
192.168.175.104 - - [17/Nov/2016:02:11:23 -0500] "GET / HTTP/1.0" 200 9990
186.84.14.10 - - [17/Nov/2016:02:11:24 -0500] "GET /galeria/nivo-slider/demo/images/bannersilvicultura.jpg HTTP/1.1" 200 173023
186.84.14.10 - - [17/Nov/2016:02:11:24 -0500] "GET /galeria/nivo-slider/demo/images/bannerinvitaci%C3%B3nacaminatasecologicas2.jpg HTTP/1.1" 200 513253
66.249.64.53 - - [17/Nov/2016:02:11:24 -0500] "GET /BLA/resoluciones/AUTOS%202015/2449.pdf HTTP/1.1" 304 -
66.249.64.53 - - [17/Nov/2016:02:11:26 -0500] "GET /BLA/resoluciones/AUTOS%202013/2086.pdf HTTP/1.1" 304 -
66.249.64.53 - - [17/Nov/2016:02:11:28 -0500] "GET /BLA/resoluciones/AUTOS%202013/3153.pdf HTTP/1.1" 304 -
66.249.64.53 - - [17/Nov/2016:02:11:30 -0500] "GET /BLA/resoluciones/RESOLUCIONES%202007/RES%202007%202101%20AL%202200/RESOLUCION%202115%20DE%202007.pdf HTTP/1.1" 304 -
66.249.64.53 - - [17/Nov/2016:02:11:30 -0500] "GET /BLA/resoluciones/RESOLUCIONES%202007/RES%202007%203901%20AL%204000/RESOLUCION%203947%20DE%202007.pdf HTTP/1.1" 200 127298
192.168.175.104 - - [17/Nov/2016:02:11:31 -0500] "GET / HTTP/1.1" 200 9990
66.249.64.53 - - [17/Nov/2016:02:11:32 -0500] "GET /BLA/resoluciones/RESOLUCIONES%202014/2004.pdf HTTP/1.1" 304 -
66.249.64.51 - - [17/Nov/2016:02:11:34 -0500] "GET /BLA/resoluciones/RESOLUCIONES%202012/0805.pdf HTTP/1.1" 304 -
186.84.14.10 - - [17/Nov/2016:02:11:34 -0500] "GET /galeria/nivo-slider/demo/images/bannersilvicultura.jpg HTTP/1.1" 200 173023
186.84.14.10 - - [17/Nov/2016:02:11:34 -0500] "GET /galeria/nivo-slider/demo/images/BANNERARBOLES.jpg HTTP/1.1" 200 227630
66.249.64.51 - - [17/Nov/2016:02:11:36 -0500] "GET /BLA/resoluciones/RESOLUCIONES%202014/3683.pdf HTTP/1.1" 304 -
66.249.64.51 - - [17/Nov/2016:02:11:38 -0500] "GET /BLA/resoluciones/AUTOS%202014/6376.pdf HTTP/1.1" 304 -
66.249.64.51 - - [17/Nov/2016:02:11:40 -0500] "GET /BLA/resoluciones/RESOLUCIONES%202007/RES%202007%203601%20AL%203700/RESOLUCION%203662%20DE%202007.pdf HTTP/1.1" 304 -
66.249.64.51 - - [17/Nov/2016:02:11:41 -0500] "GET /autoliquidacion/Grupo%20Forestal%20-%20Silvicultura/Especies%20de%20flora%20en%20la%20ciudad%20de%20bogota.xls HTTP/1.1" 304 -
66.249.64.51 - - [17/Nov/2016:02:11:43 -0500] "GET /BLA/resoluciones/AUTOS%202014/1666.pdf HTTP/1.1" 200 664954
186.84.14.10 - - [17/Nov/2016:02:11:44 -0500] "GET /galeria/nivo-slider/demo/images/ACOPIADORESYGESTORES.jpg HTTP/1.1" 200 118791
186.84.14.10 - - [17/Nov/2016:02:11:44 -0500] "GET /galeria/nivo-slider/demo/images/BANNERARBOLES.jpg HTTP/1.1" 200 227630
186.84.14.10 - - [17/Nov/2016:02:11:54 -0500] "GET /galeria/nivo-slider/demo/images/bannergestionambiental2.jpg HTTP/1.1" 200 245647
186.84.14.10 - - [17/Nov/2016:02:11:54 -0500] "GET /galeria/nivo-slider/demo/images/ACOPIADORESYGESTORES.jpg HTTP/1.1" 200 118791
66.249.64.51 - - [17/Nov/2016:02:11:55 -0500] "GET /BLA/resoluciones/RESOLUCIONES%202007/RES%202007%201301%20AL%201400/RESOLUCION%201367%20DE%202007.pdf HTTP/1.1" 304 -
186.84.14.10 - - [17/Nov/2016:02:12:04 -0500] "GET /galeria/nivo-slider/demo/images/bannergestionambiental2.jpg HTTP/1.1" 200 245647
186.84.14.10 - - [17/Nov/2016:02:12:04 -0500] "GET /galeria/nivo-slider/demo/images/vegetal.jpg HTTP/1.1" 200 216080
192.168.175.104 - - [17/Nov/2016:02:12:12 -0500] "GET / HTTP/1.1" 200 9990
66.249.64.51 - - [17/Nov/2016:02:12:13 -0500] "GET /BLA/resoluciones/RESOLUCIONES%202011/2276.pdf HTTP/1.1" 200 504924
186.84.14.10 - - [17/Nov/2016:02:12:14 -0500] "GET /galeria/nivo-slider/demo/images/vegetal.jpg HTTP/1.1" 200 216080
186.84.14.10 - - [17/Nov/2016:02:12:14 -0500] "GET /galeria/nivo-slider/demo/images/Ruta-vertimientos-01.jpg HTTP/1.1" 200 130151
186.84.14.10 - - [17/Nov/2016:02:12:24 -0500] "GET /galeria/nivo-slider/demo/images/Ruta-vertimientos-01.jpg HTTP/1.1" 200 130151
186.84.14.10 - - [17/Nov/2016:02:12:24 -0500] "GET /galeria/nivo-slider/demo/images/bolsas-06.jpg HTTP/1.1" 200 210950
66.249.64.55 - - [17/Nov/2016:02:12:33 -0500] "GET /BLA/resoluciones/AUTOS%202011/2560.pdf HTTP/1.1" 200 144031
186.84.14.10 - - [17/Nov/2016:02:12:34 -0500] "GET /galeria/nivo-slider/demo/images/bolsas-06.jpg HTTP/1.1" 200 210950
186.84.14.10 - - [17/Nov/2016:02:12:34 -0500] "GET /galeria/nivo-slider/demo/images/bannerdiadelvoluntariado2.jpg HTTP/1.1" 200 92375
66.249.64.55 - - [17/Nov/2016:02:12:35 -0500] "GET /BLA/resoluciones/AUTOS%202014/6810.pdf HTTP/1.1" 200 423927
66.249.64.51 - - [17/Nov/2016:02:12:39 -0500] "GET /BLA/resoluciones/AUTOS%202009/2633.pdf HTTP/1.1" 200 82114
163.172.66.12 - - [17/Nov/2016:02:12:43 -0500] "GET /BLA/resoluciones/index.php?dir=RESOLUCIONES+2005%2FRES+2005+401-450%2F HTTP/1.1" 200 12254
186.84.14.10 - - [17/Nov/2016:02:12:44 -0500] "GET /galeria/nivo-slider/demo/images/bannerdiadelvoluntariado2.jpg HTTP/1.1" 200 92375
186.84.14.10 - - [17/Nov/2016:02:12:44 -0500] "GET /galeria/nivo-slider/demo/images/banner%20encuesta%20sda2-web3.jpg HTTP/1.1" 200 111668
66.249.64.51 - - [17/Nov/2016:02:12:45 -0500] "GET /BLA/resoluciones/AUTOS%202015/2668.pdf HTTP/1.1" 200 596437
66.249.64.51 - - [17/Nov/2016:02:12:46 -0500] "GET /BLA/resoluciones/Notificaciones/AUTOS%202015/12.php;.doc HTTP/1.1" 200 379
186.144.248.218 - - [17/Nov/2016:02:12:47 -0500] "GET /BLA/boletinlegal/js/jquery.scrollShow.js HTTP/1.1" 200 4586
186.144.248.218 - - [17/Nov/2016:02:12:47 -0500] "GET /galeria/galeria/jquery.fancybox.css?v=2.1.5 HTTP/1.1" 200 4895
186.144.248.218 - - [17/Nov/2016:02:12:47 -0500] "GET /galeria/galeria/jquery.fancybox.js?v=2.1.5 HTTP/1.1" 200 48706
186.84.14.10 - - [17/Nov/2016:02:12:54 -0500] "GET /galeria/nivo-slider/demo/images/bannerwebsemanecoempresarial.jpg HTTP/1.1" 200 108354
186.84.14.10 - - [17/Nov/2016:02:12:54 -0500] "GET /galeria/nivo-slider/demo/images/banner%20encuesta%20sda2-web3.jpg HTTP/1.1" 200 111668
66.249.64.51 - - [17/Nov/2016:02:12:54 -0500] "GET /BLA/resoluciones/AUTOS%202011/5767.pdf HTTP/1.1" 200 324686
186.144.248.218 - - [17/Nov/2016:02:12:56 -0500] "GET /BLA/boletinlegal/js/jquery.scrollShow.js HTTP/1.1" 304 -
186.144.248.218 - - [17/Nov/2016:02:12:56 -0500] "GET /galeria/galeria/jquery.fancybox.css?v=2.1.5 HTTP/1.1" 304 -
186.144.248.218 - - [17/Nov/2016:02:12:56 -0500] "GET /galeria/galeria/jquery.fancybox.js?v=2.1.5 HTTP/1.1" 304 -
66.249.64.51 - - [17/Nov/2016:02:12:59 -0500] "GET /BLA/resoluciones/RESOLUCIONES%202007/RES%202007%203001%20AL%203100/RESOLUCION%203077%20DE%202007.pdf HTTP/1.1" 304 -
66.249.64.51 - - [17/Nov/2016:02:13:01 -0500] "GET /BLA/resoluciones/AUTOS%202015/1447.pdf HTTP/1.1" 304 -
66.249.64.53 - - [17/Nov/2016:02:13:03 -0500] "GET /BLA/resoluciones/RESOLUCIONES%202007/RES%202007%204001%20AL%204100/RESOLUCION%204045%20DE%202007.pdf HTTP/1.1" 304 -
66.249.64.53 - - [17/Nov/2016:02:13:03 -0500] "GET /autoliquidacion/Grupo%20Forestal%20-%20Silvicultura/Solicitud%20y%20lista%20de%20chequeo%20Evaluaci%C3%B3n%20Silvicultural.xlsx HTTP/1.1" 304 -
186.84.14.10 - - [17/Nov/2016:02:13:04 -0500] "GET /galeria/nivo-slider/demo/images/bannerwebsemanecoempresarial.jpg HTTP/1.1" 200 108354
186.84.14.10 - - [17/Nov/2016:02:13:04 -0500] "GET /galeria/nivo-slider/demo/images/BANNER%20ECORECICLATON-01d%20(2).jpg HTTP/1.1" 200 136864
66.249.64.51 - - [17/Nov/2016:02:13:04 -0500] "GET /BLA/resoluciones/AUTOS%202012/1484.pdf HTTP/1.1" 304 -
66.249.64.51 - - [17/Nov/2016:02:13:05 -0500] "GET /BLA/resoluciones/RESOLUCIONES%202011/1013.pdf HTTP/1.1" 304 -
66.249.64.51 - - [17/Nov/2016:02:13:07 -0500] "GET /BLA/resoluciones/AUTOS%202008/0508.pdf HTTP/1.1" 304 -
66.249.64.53 - - [17/Nov/2016:02:13:08 -0500] "GET /BLA/resoluciones/RESOLUCIONES%202014/0649.pdf HTTP/1.1" 304 -
186.84.14.10 - - [17/Nov/2016:02:13:14 -0500] "GET /galeria/nivo-slider/demo/images/BANNER%20ECORECICLATON-01d%20(2).jpg HTTP/1.1" 200 136864
186.84.14.10 - - [17/Nov/2016:02:13:14 -0500] "GET /galeria/nivo-slider/demo/images/bannerinvitaci%C3%B3nacaminatasecologicas2.jpg HTTP/1.1" 200 513253
186.84.14.10 - - [17/Nov/2016:02:13:24 -0500] "GET /galeria/nivo-slider/demo/images/bannersilvicultura.jpg HTTP/1.1" 200 173023
186.84.14.10 - - [17/Nov/2016:02:13:24 -0500] "GET /galeria/nivo-slider/demo/images/bannerinvitaci%C3%B3nacaminatasecologicas2.jpg HTTP/1.1" 200 513253
186.84.14.10 - - [17/Nov/2016:02:13:34 -0500] "GET /galeria/nivo-slider/demo/images/bannersilvicultura.jpg HTTP/1.1" 200 173023
186.84.14.10 - - [17/Nov/2016:02:13:34 -0500] "GET /galeria/nivo-slider/demo/images/BANNERARBOLES.jpg HTTP/1.1" 200 227630
181.54.121.122 - - [17/Nov/2016:02:13:36 -0500] "GET /galeria/galeria/jquery.fancybox.css?v=2.1.5 HTTP/1.1" 200 4895
181.54.121.122 - - [17/Nov/2016:02:13:36 -0500] "GET /BLA/boletinlegal/js/jquery.scrollShow.js HTTP/1.1" 200 4586
181.54.121.122 - - [17/Nov/2016:02:13:36 -0500] "GET /galeria/galeria/jquery.fancybox.js?v=2.1.5 HTTP/1.1" 200 48706
163.172.66.8 - - [17/Nov/2016:02:13:44 -0500] "GET /BLA/resoluciones/RESOLUCIONES%202005/00001066.tif HTTP/1.1" 200 133752
186.84.14.10 - - [17/Nov/2016:02:13:44 -0500] "GET /galeria/nivo-slider/demo/images/ACOPIADORESYGESTORES.jpg HTTP/1.1" 200 118791
186.84.14.10 - - [17/Nov/2016:02:13:54 -0500] "GET /galeria/nivo-slider/demo/images/ACOPIADORESYGESTORES.jpg HTTP/1.1" 200 118791
186.84.14.10 - - [17/Nov/2016:02:13:54 -0500] "GET /galeria/nivo-slider/demo/images/bannergestionambiental2.jpg HTTP/1.1" 200 245647
186.84.14.10 - - [17/Nov/2016:02:14:04 -0500] "GET /galeria/nivo-slider/demo/images/bannergestionambiental2.jpg HTTP/1.1" 200 245647
186.84.14.10 - - [17/Nov/2016:02:14:04 -0500] "GET /galeria/nivo-slider/demo/images/vegetal.jpg HTTP/1.1" 200 216080
66.249.64.51 - - [17/Nov/2016:02:13:12 -0500] "GET /BLA/boletinlegal/index.php HTTP/1.1" 200 52900
66.249.64.53 - - [17/Nov/2016:02:14:12 -0500] "GET /BLA/resoluciones/RESOLUCIONES%202012/1811.pdf HTTP/1.1" 200 1161409
66.249.64.51 - - [17/Nov/2016:02:14:13 -0500] "GET /Residuos/impresion/files/guia_impresion-lit.pdf HTTP/1.1" 304 -
66.249.64.53 - - [17/Nov/2016:02:14:14 -0500] "GET /BLA/resoluciones/RESOLUCIONES%202007/RES%202007%203201%20AL%203300/RESOLUCION%203244%20DE%202007.pdf HTTP/1.1" 304 -
186.84.14.10 - - [17/Nov/2016:02:14:14 -0500] "GET /galeria/nivo-slider/demo/images/vegetal.jpg HTTP/1.1" 200 216080
186.84.14.10 - - [17/Nov/2016:02:14:14 -0500] "GET /galeria/nivo-slider/demo/images/Ruta-vertimientos-01.jpg HTTP/1.1" 200 130151
66.249.64.53 - - [17/Nov/2016:02:14:14 -0500] "GET /BLA/resoluciones/RESOLUCIONES%202007/RES%202007%201401%20AL%201500/RESOLUCION%201404%20DE%202007.pdf HTTP/1.1" 304 -
66.249.64.53 - - [17/Nov/2016:02:14:15 -0500] "GET /BLA/resoluciones/AUTOS%202013/1617.pdf HTTP/1.1" 304 -
66.249.64.53 - - [17/Nov/2016:02:14:15 -0500] "GET /BLA/resoluciones/RESOLUCIONES%202007/RES%202007%202801%20AL%202900/RESOLUCION%202844%20DE%202007.pdf HTTP/1.1" 304 -
66.249.64.51 - - [17/Nov/2016:02:14:16 -0500] "GET /BLA/resoluciones/RESOLUCIONES%202013/1088.pdf HTTP/1.1" 200 736114
66.249.64.53 - - [17/Nov/2016:02:14:18 -0500] "GET /BLA/resoluciones/RESOLUCIONES%202014/3224.pdf HTTP/1.1" 304 -
66.249.64.51 - - [17/Nov/2016:02:14:18 -0500] "GET /BLA/resoluciones/RESOLUCIONES%202010/4721.pdf HTTP/1.1" 304 -
66.249.64.53 - - [17/Nov/2016:02:14:19 -0500] "GET /BLA/resoluciones/AUTOS%202014/2701.pdf HTTP/1.1" 304 -
66.249.64.53 - - [17/Nov/2016:02:14:19 -0500] "GET /autoliquidacion/Grupo%20Forestal%20-%20Silvicultura/Estructura%20del%20SIADAMA.xls HTTP/1.1" 304 -
66.249.64.53 - - [17/Nov/2016:02:14:20 -0500] "GET /BLA/resoluciones/RESOLUCIONES%202009/8589.pdf HTTP/1.1" 304 -
66.249.64.51 - - [17/Nov/2016:02:14:20 -0500] "GET /BLA/resoluciones/RESOLUCIONES%202007/RES%202007%201001%20AL%201100/RESOLUCION%201006%20DE%202007.pdf HTTP/1.1" 304 -
66.249.64.53 - - [17/Nov/2016:02:14:21 -0500] "GET /BLA/resoluciones/RESOLUCIONES%202007/RES%202007%20801%20AL%20900/RESOLUCION%200827%20DE%202007.pdf HTTP/1.1" 304 -
66.249.64.51 - - [17/Nov/2016:02:14:22 -0500] "GET /BLA/resoluciones/RESOLUCIONES%202014/2198.pdf HTTP/1.1" 304 -
66.249.64.53 - - [17/Nov/2016:02:14:22 -0500] "GET /BLA/resoluciones/AUTOS%202012/3024.pdf HTTP/1.1" 304 -
66.249.64.53 - - [17/Nov/2016:02:14:23 -0500] "GET /BLA/resoluciones/RESOLUCIONES%202007/RES%202007%202301%20AL%202400/RESOLUCION%202396%20DE%202007.pdf HTTP/1.1" 304 -
66.249.64.53 - - [17/Nov/2016:02:14:23 -0500] "GET /BLA/resoluciones/RESOLUCIONES%202007/RES%202007%201726%20AL%201800/RESOLUCION%201789%20DE%202007.pdf HTTP/1.1" 200 796992
186.84.14.10 - - [17/Nov/2016:02:14:24 -0500] "GET /galeria/nivo-slider/demo/images/bolsas-06.jpg HTTP/1.1" 200 210950
186.84.14.10 - - [17/Nov/2016:02:14:24 -0500] "GET /galeria/nivo-slider/demo/images/Ruta-vertimientos-01.jpg HTTP/1.1" 200 130151
66.249.64.51 - - [17/Nov/2016:02:14:25 -0500] "GET /BLA/resoluciones/Notificaciones/AUTOS%202014/0002.doc HTTP/1.1" 304 -
40.77.167.49 - - [17/Nov/2016:02:14:25 -0500] "GET /actuali- HTTP/1.1" 404 1019
66.249.64.51 - - [17/Nov/2016:02:14:25 -0500] "GET /BLA/resoluciones/Autos%202008/1670.pdf HTTP/1.1" 200 85897
66.249.64.51 - - [17/Nov/2016:02:14:26 -0500] "GET /BLA/resoluciones/RESOLUCIONES%202011/3676.pdf HTTP/1.1" 304 -
66.249.64.51 - - [17/Nov/2016:02:14:26 -0500] "GET /BLA/resoluciones/AUTOS%202013/2331.pdf HTTP/1.1" 304 -
66.249.64.51 - - [17/Nov/2016:02:14:27 -0500] "GET /BLA/resoluciones/AUTOS%202015/1284.pdf HTTP/1.1" 304 -
66.249.64.51 - - [17/Nov/2016:02:14:27 -0500] "GET /BLA/resoluciones/AUTOS%202013/0103.pdf HTTP/1.1" 304 -
66.249.64.51 - - [17/Nov/2016:02:14:28 -0500] "GET /BLA/resoluciones/RESOLUCIONES%202011/3764.pdf HTTP/1.1" 304 -
66.249.64.51 - - [17/Nov/2016:02:14:29 -0500] "GET /BLA/resoluciones/RESOLUCIONES%202012/0323.pdf HTTP/1.1" 304 -
66.249.64.51 - - [17/Nov/2016:02:14:29 -0500] "GET /BLA/resoluciones/RESOLUCIONES%202010/7000.pdf HTTP/1.1" 304 -
66.249.64.51 - - [17/Nov/2016:02:14:30 -0500] "GET /BLA/resoluciones/RESOLUCIONES%202007/RES%202007%201501%20AL%201600/RESOLUCION%201521%20DE%202007.pdf HTTP/1.1" 304 -
66.249.64.51 - - [17/Nov/2016:02:14:30 -0500] "GET /BLA/resoluciones/AUTOS%202014/1522.pdf HTTP/1.1" 304 -
66.249.64.51 - - [17/Nov/2016:02:14:31 -0500] "GET /BLA/resoluciones/AUTOS%202014/6143.pdf HTTP/1.1" 304 -
66.249.64.51 - - [17/Nov/2016:02:14:31 -0500] "GET /BLA/resoluciones/RESOLUCIONES%202007/RES%202007%204101%20AL%204200/RESOLUCION%204200%20DE%202007.pdf HTTP/1.1" 304 -
66.249.64.51 - - [17/Nov/2016:02:14:32 -0500] "GET /BLA/resoluciones/RESOLUCIONES%202007/RES%202007%203701%20AL%203800/RESOLUCION%203715%20DE%202007.pdf HTTP/1.1" 304 -
66.249.64.51 - - [17/Nov/2016:02:14:33 -0500] "GET /BLA/resoluciones/RESOLUCIONES%202011/3759.pdf HTTP/1.1" 304 -
184.168.193.153 - - [17/Nov/2016:02:14:34 -0500] "GET /wordpress/wp-admin/ HTTP/1.1" 404 1018
186.84.14.10 - - [17/Nov/2016:02:14:34 -0500] "GET /galeria/nivo-slider/demo/images/bolsas-06.jpg HTTP/1.1" 200 210950
186.84.14.10 - - [17/Nov/2016:02:14:34 -0500] "GET /galeria/nivo-slider/demo/images/bannerdiadelvoluntariado2.jpg HTTP/1.1" 200 92375
66.249.64.51 - - [17/Nov/2016:02:14:34 -0500] "GET /BLA/resoluciones/RESOLUCIONES%202007/RES%202007%20601%20AL%20700/RESOLUCION%200687%20DE%202007.pdf HTTP/1.1" 304 -
66.249.64.51 - - [17/Nov/2016:02:14:36 -0500] "GET /BLA/resoluciones/AUTOS%202010/5263.pdf HTTP/1.1" 304 -
66.249.64.51 - - [17/Nov/2016:02:14:38 -0500] "GET /BLA/resoluciones/RESOLUCIONES%202009/9208.pdf HTTP/1.1" 304 -
66.249.64.51 - - [17/Nov/2016:02:14:40 -0500] "GET /BLA/resoluciones/AUTOS%202015/1050.pdf HTTP/1.1" 304 -
66.249.64.51 - - [17/Nov/2016:02:14:42 -0500] "GET /BLA/resoluciones/AUTOS%202014/1547.pdf HTTP/1.1" 304 -
186.84.14.10 - - [17/Nov/2016:02:14:44 -0500] "GET /galeria/nivo-slider/demo/images/banner%20encuesta%20sda2-web3.jpg HTTP/1.1" 200 111668
