186.84.14.10 - - [17/Nov/2016:01:04:05 -0500] "GET /galeria/nivo-slider/demo/images/bannergestionambiental2.jpg HTTP/1.1" 200 245647
186.84.14.10 - - [17/Nov/2016:01:04:05 -0500] "GET /galeria/nivo-slider/demo/images/vegetal.jpg HTTP/1.1" 200 216080
186.84.14.10 - - [17/Nov/2016:01:04:14 -0500] "GET /galeria/nivo-slider/demo/images/Ruta-vertimientos-01.jpg HTTP/1.1" 200 130151
186.84.14.10 - - [17/Nov/2016:01:04:14 -0500] "GET /galeria/nivo-slider/demo/images/vegetal.jpg HTTP/1.1" 200 216080
66.249.64.51 - - [17/Nov/2016:01:04:23 -0500] "GET /autoliquidacion/Grupo%20Forestal%20-%20Silvicultura/Estructura%20del%20SIADAMA.xls HTTP/1.1" 304 -
186.84.14.10 - - [17/Nov/2016:01:04:24 -0500] "GET /galeria/nivo-slider/demo/images/Ruta-vertimientos-01.jpg HTTP/1.1" 200 130151
186.84.14.10 - - [17/Nov/2016:01:04:24 -0500] "GET /galeria/nivo-slider/demo/images/bolsas-06.jpg HTTP/1.1" 200 210950
163.172.66.43 - - [17/Nov/2016:01:04:33 -0500] "GET /BLA/resoluciones/AUTOS%202006/AUTOS%202006%201501%20-%201600/00001503.tif HTTP/1.1" 200 98976
66.249.64.55 - - [17/Nov/2016:01:04:33 -0500] "GET /BLA/resoluciones/AUTOS%202013/3510.pdf HTTP/1.1" 304 -
186.84.14.10 - - [17/Nov/2016:01:04:35 -0500] "GET /galeria/nivo-slider/demo/images/bannerdiadelvoluntariado2.jpg HTTP/1.1" 200 92375
186.84.14.10 - - [17/Nov/2016:01:04:44 -0500] "GET /galeria/nivo-slider/demo/images/bannerdiadelvoluntariado2.jpg HTTP/1.1" 200 92375
186.84.14.10 - - [17/Nov/2016:01:04:45 -0500] "GET /galeria/nivo-slider/demo/images/banner%20encuesta%20sda2-web3.jpg HTTP/1.1" 200 111668
69.162.124.232 - - [17/Nov/2016:01:04:45 -0500] "HEAD / HTTP/1.1" 200 -
186.84.14.10 - - [17/Nov/2016:01:04:54 -0500] "GET /galeria/nivo-slider/demo/images/bannerwebsemanecoempresarial.jpg HTTP/1.1" 200 108354
186.84.14.10 - - [17/Nov/2016:01:04:54 -0500] "GET /galeria/nivo-slider/demo/images/banner%20encuesta%20sda2-web3.jpg HTTP/1.1" 200 111668
66.249.64.51 - - [17/Nov/2016:01:05:01 -0500] "GET /autoliquidacion/Grupo%20Forestal%20-%20Silvicultura/Especies%20de%20flora%20en%20la%20ciudad%20de%20bogota.xls HTTP/1.1" 304 -
186.84.14.10 - - [17/Nov/2016:01:05:04 -0500] "GET /galeria/nivo-slider/demo/images/bannerwebsemanecoempresarial.jpg HTTP/1.1" 200 108354
186.84.14.10 - - [17/Nov/2016:01:05:04 -0500] "GET /galeria/nivo-slider/demo/images/BANNER%20ECORECICLATON-01d%20(2).jpg HTTP/1.1" 200 136864
163.172.65.235 - - [17/Nov/2016:01:05:05 -0500] "GET /BLA/resoluciones/index.php?dir=RESOLUCIONES%202004/RES%202004%201851-1900/&sort=size&order=asc HTTP/1.1" 200 12369
186.84.14.10 - - [17/Nov/2016:01:05:14 -0500] "GET /galeria/nivo-slider/demo/images/BANNER%20ECORECICLATON-01d%20(2).jpg HTTP/1.1" 200 136864
186.84.14.10 - - [17/Nov/2016:01:05:14 -0500] "GET /galeria/nivo-slider/demo/images/bannerinvitaci%C3%B3nacaminatasecologicas2.jpg HTTP/1.1" 200 513253
186.84.14.10 - - [17/Nov/2016:01:05:24 -0500] "GET /galeria/nivo-slider/demo/images/bannersilvicultura.jpg HTTP/1.1" 200 173023
186.84.14.10 - - [17/Nov/2016:01:05:24 -0500] "GET /galeria/nivo-slider/demo/images/bannerinvitaci%C3%B3nacaminatasecologicas2.jpg HTTP/1.1" 200 513253
66.249.64.51 - - [17/Nov/2016:01:05:30 -0500] "GET /BLA/resoluciones/RESOLUCIONES%202007/RES%202007%204001%20AL%204100/RESOLUCION%204012%20DE%202007.pdf HTTP/1.1" 200 393859
186.84.14.10 - - [17/Nov/2016:01:05:34 -0500] "GET /galeria/nivo-slider/demo/images/BANNERARBOLES.jpg HTTP/1.1" 200 227630
186.84.14.10 - - [17/Nov/2016:01:05:34 -0500] "GET /galeria/nivo-slider/demo/images/bannersilvicultura.jpg HTTP/1.1" 200 173023
66.249.64.51 - - [17/Nov/2016:01:05:43 -0500] "GET /BLA/resoluciones/RESOLUCIONES%202010/0222.pdf HTTP/1.1" 200 287606
186.84.14.10 - - [17/Nov/2016:01:05:44 -0500] "GET /galeria/nivo-slider/demo/images/BANNERARBOLES.jpg HTTP/1.1" 200 227630
186.84.14.10 - - [17/Nov/2016:01:05:44 -0500] "GET /galeria/nivo-slider/demo/images/ACOPIADORESYGESTORES.jpg HTTP/1.1" 200 118791
66.249.64.51 - - [17/Nov/2016:01:05:51 -0500] "GET /galeria/mapa2/MEANDRO12.jpg HTTP/1.1" 200 22732
186.84.14.10 - - [17/Nov/2016:01:05:54 -0500] "GET /galeria/nivo-slider/demo/images/ACOPIADORESYGESTORES.jpg HTTP/1.1" 200 118791
186.84.14.10 - - [17/Nov/2016:01:05:54 -0500] "GET /galeria/nivo-slider/demo/images/bannergestionambiental2.jpg HTTP/1.1" 200 245647
66.249.64.51 - - [17/Nov/2016:01:06:02 -0500] "GET /BLA/resoluciones/RESOLUCIONES%202007/RES%202007%204101%20AL%204200/RESOLUCION%204198%20DE%202007.pdf HTTP/1.1" 304 -
186.84.14.10 - - [17/Nov/2016:01:06:04 -0500] "GET /galeria/nivo-slider/demo/images/vegetal.jpg HTTP/1.1" 200 216080
66.249.64.51 - - [17/Nov/2016:01:06:06 -0500] "GET /BLA/resoluciones/AUTOS%202007/2904.pdf HTTP/1.1" 304 -
186.84.14.10 - - [17/Nov/2016:01:06:14 -0500] "GET /galeria/nivo-slider/demo/images/vegetal.jpg HTTP/1.1" 200 216080
186.84.14.10 - - [17/Nov/2016:01:06:14 -0500] "GET /galeria/nivo-slider/demo/images/Ruta-vertimientos-01.jpg HTTP/1.1" 200 130151
66.249.64.51 - - [17/Nov/2016:01:06:15 -0500] "GET /BLA/resoluciones/RESOLUCIONES%202009/8910.pdf HTTP/1.1" 304 -
83.243.58.157 - - [17/Nov/2016:01:06:19 -0500] "GET /test/wp-admin/ HTTP/1.1" 404 1018
201.216.16.219 - - [17/Nov/2016:01:06:20 -0500] "GET /galeria/galeria/jquery.fancybox.css?v=2.1.5 HTTP/1.1" 200 4895
201.216.16.219 - - [17/Nov/2016:01:06:20 -0500] "GET /BLA/boletinlegal/js/jquery.scrollShow.js HTTP/1.1" 200 4586
201.216.16.219 - - [17/Nov/2016:01:06:20 -0500] "GET /galeria/galeria/jquery.fancybox.js?v=2.1.5 HTTP/1.1" 200 48706
187.161.39.250 - - [17/Nov/2016:01:06:21 -0500] "GET /BLA/boletinlegal/js/jquery.scrollShow.js HTTP/1.1" 200 4586
187.161.39.250 - - [17/Nov/2016:01:06:21 -0500] "GET /galeria/galeria/jquery.fancybox.js?v=2.1.5 HTTP/1.1" 200 48706
187.161.39.250 - - [17/Nov/2016:01:06:21 -0500] "GET /galeria/galeria/jquery.fancybox.css?v=2.1.5 HTTP/1.1" 200 4895
66.249.64.53 - - [17/Nov/2016:01:06:22 -0500] "GET /BLA/resoluciones/RESOLUCIONES%202014/0964.pdf HTTP/1.1" 304 -
66.249.64.55 - - [17/Nov/2016:01:06:24 -0500] "GET /BLA/resoluciones/AUTOS%202013/0492.pdf HTTP/1.1" 304 -
186.84.14.10 - - [17/Nov/2016:01:06:24 -0500] "GET /galeria/nivo-slider/demo/images/Ruta-vertimientos-01.jpg HTTP/1.1" 200 130151
186.84.14.10 - - [17/Nov/2016:01:06:24 -0500] "GET /galeria/nivo-slider/demo/images/bolsas-06.jpg HTTP/1.1" 200 210950
186.84.14.10 - - [17/Nov/2016:01:06:34 -0500] "GET /galeria/nivo-slider/demo/images/bannerdiadelvoluntariado2.jpg HTTP/1.1" 200 92375
66.249.64.53 - - [17/Nov/2016:01:06:38 -0500] "GET /BLA/resoluciones/AUTOS%202012/1904.pdf HTTP/1.1" 200 334312
66.249.64.51 - - [17/Nov/2016:01:06:40 -0500] "GET /BLA/resoluciones/RESOLUCIONES%202013/1054.pdf HTTP/1.1" 200 562107
186.84.14.10 - - [17/Nov/2016:01:06:44 -0500] "GET /galeria/nivo-slider/demo/images/bannerdiadelvoluntariado2.jpg HTTP/1.1" 200 92375
186.84.14.10 - - [17/Nov/2016:01:06:44 -0500] "GET /galeria/nivo-slider/demo/images/banner%20encuesta%20sda2-web3.jpg HTTP/1.1" 200 111668
192.168.175.104 - - [17/Nov/2016:01:06:47 -0500] "GET / HTTP/1.0" 200 9990
66.249.64.51 - - [17/Nov/2016:01:06:47 -0500] "GET /BLA/resoluciones/RESOLUCIONES%202014/1328.pdf HTTP/1.1" 304 -
66.249.64.51 - - [17/Nov/2016:01:06:51 -0500] "GET /BLA/resoluciones/AUTOS%202015/2642.pdf HTTP/1.1" 200 631682
66.249.64.51 - - [17/Nov/2016:01:06:52 -0500] "GET /BLA/resoluciones/AUTOS%202011/7433.pdf HTTP/1.1" 200 201303
66.249.64.53 - - [17/Nov/2016:01:06:54 -0500] "GET /BLA/resoluciones/AUTOS%202015/4841.pdf HTTP/1.1" 200 538916
186.84.14.10 - - [17/Nov/2016:01:06:54 -0500] "GET /galeria/nivo-slider/demo/images/bannerwebsemanecoempresarial.jpg HTTP/1.1" 200 108354
186.84.14.10 - - [17/Nov/2016:01:06:54 -0500] "GET /galeria/nivo-slider/demo/images/banner%20encuesta%20sda2-web3.jpg HTTP/1.1" 200 111668
192.168.175.104 - - [17/Nov/2016:01:06:59 -0500] "GET / HTTP/1.1" 200 9990
66.249.64.51 - - [17/Nov/2016:01:07:01 -0500] "GET /BLA/resoluciones/AUTOS%202015/2116.pdf HTTP/1.1" 200 513316
66.249.64.51 - - [17/Nov/2016:01:07:02 -0500] "GET /BLA/resoluciones/AUTOS%202015/0277.pdf HTTP/1.1" 200 558419
186.84.14.10 - - [17/Nov/2016:01:07:04 -0500] "GET /galeria/nivo-slider/demo/images/bannerwebsemanecoempresarial.jpg HTTP/1.1" 200 108354
186.84.14.10 - - [17/Nov/2016:01:07:04 -0500] "GET /galeria/nivo-slider/demo/images/BANNER%20ECORECICLATON-01d%20(2).jpg HTTP/1.1" 200 136864
66.249.64.53 - - [17/Nov/2016:01:07:09 -0500] "GET /BLA/resoluciones/AUTOS%202014/6468.pdf HTTP/1.1" 200 564326
66.249.64.57 - - [17/Nov/2016:01:07:10 -0500] "GET /BLA/resoluciones/AUTOS%202013/2474.pdf HTTP/1.1" 304 -
66.249.64.55 - - [17/Nov/2016:01:07:11 -0500] "GET /BLA/resoluciones/AUTOS%202015/1269.pdf HTTP/1.1" 200 704749
163.172.66.131 - - [17/Nov/2016:01:07:13 -0500] "GET /BLA/resoluciones/RESOLUCIONES%202003/RES%202003%20551-600/594.tif HTTP/1.1" 200 172160
66.249.64.55 - - [17/Nov/2016:01:07:14 -0500] "GET /BLA/resoluciones/AUTOS%202015/1312.pdf HTTP/1.1" 304 -
186.84.14.10 - - [17/Nov/2016:01:07:14 -0500] "GET /galeria/nivo-slider/demo/images/bannerinvitaci%C3%B3nacaminatasecologicas2.jpg HTTP/1.1" 200 513253
66.249.64.59 - - [17/Nov/2016:01:07:15 -0500] "GET /SIG/Gesti%C3%B3n%20de%20Recursos%20F%C3%ADsicos/126PA04-PR33.pdf HTTP/1.1" 200 54485
66.249.64.59 - - [17/Nov/2016:01:07:16 -0500] "GET /BLA/resoluciones/RESOLUCIONES%202013/0203.pdf HTTP/1.1" 304 -
66.249.64.53 - - [17/Nov/2016:01:07:17 -0500] "GET /BLA/resoluciones/AUTOS%202014/0702.pdf HTTP/1.1" 304 -
66.249.64.53 - - [17/Nov/2016:01:07:20 -0500] "GET /BLA/resoluciones/AUTOS%202014/2371.pdf HTTP/1.1" 304 -
66.249.64.51 - - [17/Nov/2016:01:07:24 -0500] "GET /BLA/resoluciones/AUTOS%202013/3144.pdf HTTP/1.1" 200 402132
186.84.14.10 - - [17/Nov/2016:01:07:24 -0500] "GET /galeria/nivo-slider/demo/images/bannerinvitaci%C3%B3nacaminatasecologicas2.jpg HTTP/1.1" 200 513253
186.84.14.10 - - [17/Nov/2016:01:07:24 -0500] "GET /galeria/nivo-slider/demo/images/bannersilvicultura.jpg HTTP/1.1" 200 173023
66.249.64.51 - - [17/Nov/2016:01:07:26 -0500] "GET /BLA/resoluciones/RESOLUCIONES%202007/RES%202007%203601%20AL%203700/RESOLUCION%203621%20DE%202007.pdf HTTP/1.1" 304 -
66.249.64.57 - - [17/Nov/2016:01:07:27 -0500] "GET /BLA/resoluciones/RESOLUCIONES%202010/2828.pdf HTTP/1.1" 304 -
66.249.64.51 - - [17/Nov/2016:01:07:29 -0500] "GET /BLA/resoluciones/AUTOS%202015/1596.pdf HTTP/1.1" 304 -
66.249.64.53 - - [17/Nov/2016:01:07:30 -0500] "GET /BLA/resoluciones/AUTOS%202013/2209.pdf HTTP/1.1" 200 461792
66.249.64.53 - - [17/Nov/2016:01:07:31 -0500] "GET /BLA/resoluciones/RESOLUCIONES%202007/RES%202007%201001%20AL%201100/RESOLUCION%201044%20DE%202007.pdf HTTP/1.1" 304 -
66.249.64.63 - - [17/Nov/2016:01:07:33 -0500] "GET /POT-2013/Cartografia/19_Sistema%20de%20Acueducto_FEB.pdf HTTP/1.1" 200 4239798
186.84.14.10 - - [17/Nov/2016:01:07:34 -0500] "GET /galeria/nivo-slider/demo/images/BANNERARBOLES.jpg HTTP/1.1" 200 227630
192.168.175.104 - - [17/Nov/2016:01:07:37 -0500] "GET / HTTP/1.1" 200 9990
66.249.64.55 - - [17/Nov/2016:01:07:41 -0500] "GET /BLA/resoluciones/AUTOS%202014/2503.pdf HTTP/1.1" 304 -
66.249.64.55 - - [17/Nov/2016:01:07:43 -0500] "GET /BLA/resoluciones/AUTOS%202009/2795.pdf HTTP/1.1" 304 -
66.249.64.51 - - [17/Nov/2016:01:07:43 -0500] "GET /BLA/resoluciones/RESOLUCIONES%202008/5178.pdf HTTP/1.1" 304 -
186.84.14.10 - - [17/Nov/2016:01:07:44 -0500] "GET /galeria/nivo-slider/demo/images/BANNERARBOLES.jpg HTTP/1.1" 200 227630
186.84.14.10 - - [17/Nov/2016:01:07:44 -0500] "GET /galeria/nivo-slider/demo/images/ACOPIADORESYGESTORES.jpg HTTP/1.1" 200 118791
66.249.64.51 - - [17/Nov/2016:01:07:48 -0500] "GET /BLA/resoluciones/AUTOS%202014/7352.pdf HTTP/1.1" 200 460716
66.249.64.51 - - [17/Nov/2016:01:07:49 -0500] "GET /BLA/resoluciones/AUTOS%202013/1298.pdf HTTP/1.1" 200 257921
167.0.98.254 - - [17/Nov/2016:01:07:50 -0500] "GET /galeria/galeria/jquery.fancybox.css?v=2.1.5 HTTP/1.1" 200 4895
167.0.98.254 - - [17/Nov/2016:01:07:50 -0500] "GET /BLA/boletinlegal/js/jquery.scrollShow.js HTTP/1.1" 200 4586
167.0.98.254 - - [17/Nov/2016:01:07:50 -0500] "GET /galeria/galeria/jquery.fancybox.js?v=2.1.5 HTTP/1.1" 200 48706
66.249.64.53 - - [17/Nov/2016:01:07:50 -0500] "GET /BLA/resoluciones/AUTOS%202015/1666.pdf HTTP/1.1" 200 533095
66.249.64.55 - - [17/Nov/2016:01:07:52 -0500] "GET /BLA/resoluciones/AUTOS%202015/0564.pdf HTTP/1.1" 200 522393
66.249.64.57 - - [17/Nov/2016:01:07:53 -0500] "GET /BLA/resoluciones/RESOLUCIONES%202011/5052.pdf HTTP/1.1" 304 -
66.249.64.51 - - [17/Nov/2016:01:07:53 -0500] "GET /BLA/resoluciones/AUTOS%202014/2560.pdf HTTP/1.1" 304 -
66.249.64.59 - - [17/Nov/2016:01:07:54 -0500] "GET /videos/galeria-cronicas/cronicas/ HTTP/1.1" 200 10513
186.84.14.10 - - [17/Nov/2016:01:07:54 -0500] "GET /galeria/nivo-slider/demo/images/ACOPIADORESYGESTORES.jpg HTTP/1.1" 200 118791
186.84.14.10 - - [17/Nov/2016:01:07:54 -0500] "GET /galeria/nivo-slider/demo/images/bannergestionambiental2.jpg HTTP/1.1" 200 245647
66.249.64.59 - - [17/Nov/2016:01:07:58 -0500] "GET /BLA/resoluciones/AUTOS%202013/2224.pdf HTTP/1.1" 200 1669267
163.172.66.34 - - [17/Nov/2016:01:07:59 -0500] "GET /BLA/resoluciones/RESOLUCIONES%202004/RES%202004%201351-1400/00001365.tif HTTP/1.1" 200 96332
66.249.64.57 - - [17/Nov/2016:01:08:01 -0500] "GET /BLA/resoluciones/RESOLUCIONES%202009/3816.pdf HTTP/1.1" 304 -
66.249.64.61 - - [17/Nov/2016:01:08:03 -0500] "GET /BLA/resoluciones/AUTOS%202013/1829.pdf HTTP/1.1" 304 -
66.249.64.51 - - [17/Nov/2016:01:08:03 -0500] "GET /BLA/resoluciones/AUTOS%202014/4143.pdf HTTP/1.1" 200 371169
66.249.64.51 - - [17/Nov/2016:01:08:04 -0500] "GET /BLA/resoluciones/AUTOS%202014/0635.pdf HTTP/1.1" 200 657701
186.84.14.10 - - [17/Nov/2016:01:08:04 -0500] "GET /galeria/nivo-slider/demo/images/bannergestionambiental2.jpg HTTP/1.1" 200 245647
186.84.14.10 - - [17/Nov/2016:01:08:04 -0500] "GET /galeria/nivo-slider/demo/images/vegetal.jpg HTTP/1.1" 200 216080
66.249.64.53 - - [17/Nov/2016:01:08:05 -0500] "GET /BLA/resoluciones/AUTOS%202015/4648.pdf HTTP/1.1" 304 -
163.172.65.42 - - [17/Nov/2016:01:08:06 -0500] "GET /BLA/resoluciones/RESOLUCIONES%202004/RES%202004%2001-%2050/00000044.tif HTTP/1.1" 200 97952
66.249.64.55 - - [17/Nov/2016:01:08:09 -0500] "GET /BLA/resoluciones/RESOLUCIONES%202009/4821.pdf HTTP/1.1" 304 -
66.249.64.63 - - [17/Nov/2016:01:08:11 -0500] "GET /BLA/resoluciones/RESOLUCIONES%202009/7688.pdf HTTP/1.1" 304 -
167.0.98.254 - - [17/Nov/2016:01:08:11 -0500] "GET /galeria/galeria/jquery.fancybox.css?v=2.1.5 HTTP/1.1" 304 -
167.0.98.254 - - [17/Nov/2016:01:08:11 -0500] "GET /BLA/boletinlegal/js/jquery.scrollShow.js HTTP/1.1" 304 -
167.0.98.254 - - [17/Nov/2016:01:08:11 -0500] "GET /galeria/galeria/jquery.fancybox.js?v=2.1.5 HTTP/1.1" 304 -
66.249.64.57 - - [17/Nov/2016:01:08:13 -0500] "GET /BLA/resoluciones/RESOLUCIONES%202007/RES%202007%20201%20AL%20300/RESOLUCION%200252%20DE%202007.pdf HTTP/1.1" 304 -
66.249.64.51 - - [17/Nov/2016:01:08:14 -0500] "GET /BLA/resoluciones/Notificaciones/AUTOS%202015/3580.doc HTTP/1.1" 304 -
186.84.14.10 - - [17/Nov/2016:01:08:14 -0500] "GET /galeria/nivo-slider/demo/images/vegetal.jpg HTTP/1.1" 200 216080
186.84.14.10 - - [17/Nov/2016:01:08:14 -0500] "GET /galeria/nivo-slider/demo/images/Ruta-vertimientos-01.jpg HTTP/1.1" 200 130151
66.249.64.61 - - [17/Nov/2016:01:08:17 -0500] "GET /BLA/resoluciones/RESOLUCIONES%202014/3166.pdf HTTP/1.1" 200 390723
66.249.64.63 - - [17/Nov/2016:01:08:21 -0500] "GET /BLA/resoluciones/RESOLUCIONES%202007/RES%202007%20101%20AL%20200/RESOLUCION%200112%20DE%202007.pdf HTTP/1.1" 200 453931
66.249.64.51 - - [17/Nov/2016:01:08:22 -0500] "GET /BLA/resoluciones/AUTOS%202013/0244.pdf HTTP/1.1" 200 1858482
186.84.14.10 - - [17/Nov/2016:01:08:24 -0500] "GET /galeria/nivo-slider/demo/images/Ruta-vertimientos-01.jpg HTTP/1.1" 200 130151
186.84.14.10 - - [17/Nov/2016:01:08:24 -0500] "GET /galeria/nivo-slider/demo/images/bolsas-06.jpg HTTP/1.1" 200 210950
66.249.64.57 - - [17/Nov/2016:01:08:24 -0500] "GET /BLA/resoluciones/AUTOS%202015/1954.pdf HTTP/1.1" 304 -
66.249.64.51 - - [17/Nov/2016:01:08:28 -0500] "GET /BLA/resoluciones/RESOLUCIONES%202009/4934.pdf HTTP/1.1" 304 -
66.249.64.57 - - [17/Nov/2016:01:08:28 -0500] "GET /BLA/resoluciones/RESOLUCIONES%202007/RES%202007%20101%20AL%20200/RESOLUCION%200148%20DE%202007.pdf HTTP/1.1" 200 350417
66.249.64.51 - - [17/Nov/2016:01:08:32 -0500] "GET /BLA/resoluciones/AUTOS%202014/6039.pdf HTTP/1.1" 200 463672
66.249.64.55 - - [17/Nov/2016:01:08:32 -0500] "GET /BLA/resoluciones/AUTOS%202009/2774.pdf HTTP/1.1" 304 -
66.249.64.55 - - [17/Nov/2016:01:08:33 -0500] "GET /BLA/resoluciones/RESOLUCIONES%202010/3169.pdf HTTP/1.1" 304 -
66.249.64.51 - - [17/Nov/2016:01:08:33 -0500] "GET /BLA/resoluciones/AUTOS%202015/0857.pdf HTTP/1.1" 304 -
186.84.14.10 - - [17/Nov/2016:01:08:34 -0500] "GET /galeria/nivo-slider/demo/images/bolsas-06.jpg HTTP/1.1" 200 210950
186.84.14.10 - - [17/Nov/2016:01:08:34 -0500] "GET /galeria/nivo-slider/demo/images/bannerdiadelvoluntariado2.jpg HTTP/1.1" 200 92375
66.249.64.59 - - [17/Nov/2016:01:08:34 -0500] "GET /BLA/resoluciones/AUTOS%202013/3481.pdf HTTP/1.1" 200 361494
66.249.64.55 - - [17/Nov/2016:01:08:35 -0500] "GET /BLA/resoluciones/RESOLUCIONES%202007/RES%202007%203001%20AL%203100/RESOLUCION%203041%20DE%202007.pdf HTTP/1.1" 304 -
66.249.64.51 - - [17/Nov/2016:01:08:37 -0500] "GET /BLA/resoluciones/RESOLUCIONES%202009/8496.pdf HTTP/1.1" 304 -
66.249.64.53 - - [17/Nov/2016:01:08:39 -0500] "GET /BLA/resoluciones/RESOLUCIONES%202014/1452.pdf HTTP/1.1" 304 -
186.84.14.10 - - [17/Nov/2016:01:08:44 -0500] "GET /galeria/nivo-slider/demo/images/banner%20encuesta%20sda2-web3.jpg HTTP/1.1" 200 111668
186.84.14.10 - - [17/Nov/2016:01:08:44 -0500] "GET /galeria/nivo-slider/demo/images/bannerdiadelvoluntariado2.jpg HTTP/1.1" 200 92375
66.249.64.51 - - [17/Nov/2016:01:08:46 -0500] "GET /BLA/resoluciones/AUTOS%202015/3325.pdf HTTP/1.1" 304 -
66.249.64.53 - - [17/Nov/2016:01:08:47 -0500] "GET /BLA/resoluciones/RESOLUCIONES%202010/2065.pdf HTTP/1.1" 304 -
201.216.16.219 - - [17/Nov/2016:01:08:51 -0500] "GET /galeria/galeria/jquery.fancybox.css?v=2.1.5 HTTP/1.1" 200 4895
201.216.16.219 - - [17/Nov/2016:01:08:51 -0500] "GET /BLA/boletinlegal/js/jquery.scrollShow.js HTTP/1.1" 200 4586
201.216.16.219 - - [17/Nov/2016:01:08:51 -0500] "GET /galeria/galeria/jquery.fancybox.js?v=2.1.5 HTTP/1.1" 200 48706
66.249.64.51 - - [17/Nov/2016:01:08:53 -0500] "GET /BLA/resoluciones/index.php?dir=RESOLUCIONES+2006%2FRES+2006+301-350%2F HTTP/1.1" 200 12249
186.84.14.10 - - [17/Nov/2016:01:08:54 -0500] "GET /galeria/nivo-slider/demo/images/bannerwebsemanecoempresarial.jpg HTTP/1.1" 200 108354
186.84.14.10 - - [17/Nov/2016:01:08:54 -0500] "GET /galeria/nivo-slider/demo/images/banner%20encuesta%20sda2-web3.jpg HTTP/1.1" 200 111668
66.249.64.55 - - [17/Nov/2016:01:08:55 -0500] "GET /BLA/resoluciones/RESOLUCIONES%202013/0440.pdf HTTP/1.1" 200 2453352
201.216.16.219 - - [17/Nov/2016:01:08:57 -0500] "GET /BLA/boletinlegal/js/jquery.scrollShow.js HTTP/1.1" 304 -
201.216.16.219 - - [17/Nov/2016:01:08:57 -0500] "GET /galeria/galeria/jquery.fancybox.js?v=2.1.5 HTTP/1.1" 304 -
201.216.16.219 - - [17/Nov/2016:01:08:57 -0500] "GET /galeria/galeria/jquery.fancybox.css?v=2.1.5 HTTP/1.1" 304 -
66.249.64.51 - - [17/Nov/2016:01:08:58 -0500] "GET /BLA/resoluciones/RESOLUCIONES%202007/RES%202007%20201%20AL%20300/RESOLUCION%200282%20DE%202007.pdf HTTP/1.1" 304 -
66.249.64.51 - - [17/Nov/2016:01:08:59 -0500] "GET /BLA/resoluciones/RESOLUCIONES%202007/RES%202007%201201%20AL%201300/RESOLUCION%201250%20DE%202007.pdf HTTP/1.1" 304 -
66.249.64.51 - - [17/Nov/2016:01:08:59 -0500] "GET /BLA/resoluciones/AUTOS%202009/0927.pdf HTTP/1.1" 200 121307
66.249.64.51 - - [17/Nov/2016:01:09:00 -0500] "GET /BLA/resoluciones/RESOLUCIONES%202009/0379.pdf HTTP/1.1" 200 236107
186.84.14.10 - - [17/Nov/2016:01:09:04 -0500] "GET /galeria/nivo-slider/demo/images/bannerwebsemanecoempresarial.jpg HTTP/1.1" 200 108354
186.84.14.10 - - [17/Nov/2016:01:09:04 -0500] "GET /galeria/nivo-slider/demo/images/BANNER%20ECORECICLATON-01d%20(2).jpg HTTP/1.1" 200 136864
66.249.64.55 - - [17/Nov/2016:01:09:13 -0500] "GET /BLA/resoluciones/AUTOS%202015/2702.pdf HTTP/1.1" 200 718419
186.84.14.10 - - [17/Nov/2016:01:09:14 -0500] "GET /galeria/nivo-slider/demo/images/BANNER%20ECORECICLATON-01d%20(2).jpg HTTP/1.1" 200 136864
186.84.14.10 - - [17/Nov/2016:01:09:14 -0500] "GET /galeria/nivo-slider/demo/images/bannerinvitaci%C3%B3nacaminatasecologicas2.jpg HTTP/1.1" 200 513253
66.249.64.55 - - [17/Nov/2016:01:09:16 -0500] "GET /BLA/resoluciones/AUTOS%202015/0556.pdf HTTP/1.1" 200 523064
66.249.64.61 - - [17/Nov/2016:01:09:21 -0500] "GET /BLA/resoluciones/Notificaciones/AUTOS%202015/04474.doc HTTP/1.1" 304 -
186.84.14.10 - - [17/Nov/2016:01:09:24 -0500] "GET /galeria/nivo-slider/demo/images/bannersilvicultura.jpg HTTP/1.1" 200 173023
186.84.14.10 - - [17/Nov/2016:01:09:24 -0500] "GET /galeria/nivo-slider/demo/images/bannerinvitaci%C3%B3nacaminatasecologicas2.jpg HTTP/1.1" 200 513253
66.249.64.57 - - [17/Nov/2016:01:09:28 -0500] "GET /BLA/resoluciones/RESOLUCIONES%202011/4200.pdf HTTP/1.1" 304 -
186.84.14.10 - - [17/Nov/2016:01:09:34 -0500] "GET /galeria/nivo-slider/demo/images/bannersilvicultura.jpg HTTP/1.1" 200 173023
186.84.14.10 - - [17/Nov/2016:01:09:34 -0500] "GET /galeria/nivo-slider/demo/images/BANNERARBOLES.jpg HTTP/1.1" 200 227630
186.84.14.10 - - [17/Nov/2016:01:09:44 -0500] "GET /galeria/nivo-slider/demo/images/ACOPIADORESYGESTORES.jpg HTTP/1.1" 200 118791
69.162.124.232 - - [17/Nov/2016:01:09:45 -0500] "HEAD / HTTP/1.1" 200 -
66.249.64.53 - - [17/Nov/2016:01:09:48 -0500] "GET /BLA/resoluciones/AUTOS%202014/1393.pdf HTTP/1.1" 200 944617
186.84.14.10 - - [17/Nov/2016:01:09:54 -0500] "GET /galeria/nivo-slider/demo/images/bannergestionambiental2.jpg HTTP/1.1" 200 245647
186.84.14.10 - - [17/Nov/2016:01:10:04 -0500] "GET /galeria/nivo-slider/demo/images/bannergestionambiental2.jpg HTTP/1.1" 200 245647
186.84.14.10 - - [17/Nov/2016:01:10:04 -0500] "GET /galeria/nivo-slider/demo/images/vegetal.jpg HTTP/1.1" 200 216080
186.84.14.10 - - [17/Nov/2016:01:10:14 -0500] "GET /galeria/nivo-slider/demo/images/vegetal.jpg HTTP/1.1" 200 216080
186.84.14.10 - - [17/Nov/2016:01:10:14 -0500] "GET /galeria/nivo-slider/demo/images/Ruta-vertimientos-01.jpg HTTP/1.1" 200 130151
186.84.14.10 - - [17/Nov/2016:01:10:24 -0500] "GET /galeria/nivo-slider/demo/images/bolsas-06.jpg HTTP/1.1" 200 210950
66.249.64.53 - - [17/Nov/2016:01:10:24 -0500] "GET /BLA/resoluciones/AUTOS%202013/0805.pdf HTTP/1.1" 200 1129293
66.249.64.51 - - [17/Nov/2016:01:10:27 -0500] "GET /BLA/resoluciones/AUTOS%202013/1621.pdf HTTP/1.1" 304 -
66.249.64.53 - - [17/Nov/2016:01:10:28 -0500] "GET /BLA/resoluciones/RESOLUCIONES%202013/0514.pdf HTTP/1.1" 304 -
66.249.64.51 - - [17/Nov/2016:01:10:29 -0500] "GET /BLA/resoluciones/RESOLUCIONES%202012/0669.pdf HTTP/1.1" 200 241869
66.249.64.53 - - [17/Nov/2016:01:10:30 -0500] "GET /BLA/resoluciones/AUTOS%202012/0446.pdf HTTP/1.1" 304 -
66.249.64.53 - - [17/Nov/2016:01:10:31 -0500] "GET /BLA/resoluciones/AUTOS%202013/0401.pdf HTTP/1.1" 200 918656
66.249.64.51 - - [17/Nov/2016:01:10:33 -0500] "GET /BLA/resoluciones/RESOLUCIONES%202009/7599.pdf HTTP/1.1" 304 -
66.249.64.53 - - [17/Nov/2016:01:10:33 -0500] "GET /BLA/resoluciones/AUTOS%202014/0089.pdf HTTP/1.1" 200 472990
186.84.14.10 - - [17/Nov/2016:01:10:34 -0500] "GET /galeria/nivo-slider/demo/images/bolsas-06.jpg HTTP/1.1" 200 210950
186.84.14.10 - - [17/Nov/2016:01:10:34 -0500] "GET /galeria/nivo-slider/demo/images/bannerdiadelvoluntariado2.jpg HTTP/1.1" 200 92375
66.249.64.51 - - [17/Nov/2016:01:10:41 -0500] "GET /BLA/resoluciones/RESOLUCIONES%202014/1723.pdf HTTP/1.1" 304 -
66.249.64.53 - - [17/Nov/2016:01:10:43 -0500] "GET /BLA/resoluciones/RESOLUCIONES%202007/RES%202007%202101%20AL%202200/RESOLUCION%202138%20DE%202007.pdf HTTP/1.1" 304 -
186.84.14.10 - - [17/Nov/2016:01:10:44 -0500] "GET /galeria/nivo-slider/demo/images/banner%20encuesta%20sda2-web3.jpg HTTP/1.1" 200 111668
66.249.64.53 - - [17/Nov/2016:01:10:53 -0500] "GET /BLA/resoluciones/AUTOS%202009/1795.pdf HTTP/1.1" 200 97943
186.84.14.10 - - [17/Nov/2016:01:10:54 -0500] "GET /galeria/nivo-slider/demo/images/banner%20encuesta%20sda2-web3.jpg HTTP/1.1" 200 111668
186.84.14.10 - - [17/Nov/2016:01:10:55 -0500] "GET /galeria/nivo-slider/demo/images/bannerwebsemanecoempresarial.jpg HTTP/1.1" 200 108354
66.249.64.61 - - [17/Nov/2016:01:10:58 -0500] "GET /videos/galeria-cronicas/cronicas/NuestraGente_1.mp4video.mp4 HTTP/1.1" 200 13736907
186.84.14.10 - - [17/Nov/2016:01:11:04 -0500] "GET /galeria/nivo-slider/demo/images/BANNER%20ECORECICLATON-01d%20(2).jpg HTTP/1.1" 200 136864
186.84.14.10 - - [17/Nov/2016:01:11:04 -0500] "GET /galeria/nivo-slider/demo/images/bannerwebsemanecoempresarial.jpg HTTP/1.1" 200 108354
190.24.109.208 - - [17/Nov/2016:01:11:07 -0500] "GET /galeria/galeria/jquery.fancybox.css?v=2.1.5 HTTP/1.1" 200 4895
190.24.109.208 - - [17/Nov/2016:01:11:07 -0500] "GET /BLA/boletinlegal/js/jquery.scrollShow.js HTTP/1.1" 200 4586
190.24.109.208 - - [17/Nov/2016:01:11:07 -0500] "GET /galeria/galeria/jquery.fancybox.js?v=2.1.5 HTTP/1.1" 200 48706
190.24.109.208 - - [17/Nov/2016:01:11:11 -0500] "GET /BLA/boletinlegal/js/jquery.scrollShow.js HTTP/1.1" 304 -
190.24.109.208 - - [17/Nov/2016:01:11:11 -0500] "GET /galeria/galeria/jquery.fancybox.js?v=2.1.5 HTTP/1.1" 304 -
190.24.109.208 - - [17/Nov/2016:01:11:11 -0500] "GET /galeria/galeria/jquery.fancybox.css?v=2.1.5 HTTP/1.1" 304 -
186.84.14.10 - - [17/Nov/2016:01:11:14 -0500] "GET /galeria/nivo-slider/demo/images/BANNER%20ECORECICLATON-01d%20(2).jpg HTTP/1.1" 200 136864
186.84.14.10 - - [17/Nov/2016:01:11:14 -0500] "GET /galeria/nivo-slider/demo/images/bannerinvitaci%C3%B3nacaminatasecologicas2.jpg HTTP/1.1" 200 513253
66.249.64.51 - - [17/Nov/2016:01:11:16 -0500] "GET /BLA/resoluciones/RESOLUCIONES%202006/RES%202006%20301-350/00000321.tif HTTP/1.1" 200 236934
66.249.64.59 - - [17/Nov/2016:01:11:17 -0500] "GET /BLA/resoluciones/AUTOS%202007/2235.pdf HTTP/1.1" 200 161017
66.249.64.63 - - [17/Nov/2016:01:11:17 -0500] "GET /BLA/resoluciones/AUTOS%202009/1708.pdf HTTP/1.1" 200 124802
190.24.109.208 - - [17/Nov/2016:01:11:18 -0500] "GET /BLA/boletinlegal/js/jquery.scrollShow.js HTTP/1.1" 304 -
190.24.109.208 - - [17/Nov/2016:01:11:18 -0500] "GET /galeria/galeria/jquery.fancybox.js?v=2.1.5 HTTP/1.1" 304 -
190.24.109.208 - - [17/Nov/2016:01:11:18 -0500] "GET /galeria/galeria/jquery.fancybox.css?v=2.1.5 HTTP/1.1" 304 -
186.84.14.10 - - [17/Nov/2016:01:11:24 -0500] "GET /galeria/nivo-slider/demo/images/bannersilvicultura.jpg HTTP/1.1" 200 173023
66.249.64.55 - - [17/Nov/2016:01:11:24 -0500] "GET /BLA/resoluciones/RESOLUCIONES%202006/RES%202006%20301-350/00000324.tif HTTP/1.1" 200 273228
66.249.64.57 - - [17/Nov/2016:01:11:29 -0500] "GET /BLA/resoluciones/RESOLUCIONES%202006/RES%202006%20301-350/00000314.tif HTTP/1.1" 200 120234
66.249.64.57 - - [17/Nov/2016:01:11:32 -0500] "GET /BLA/resoluciones/RESOLUCIONES%202006/RES%202006%20301-350/00000337.tif HTTP/1.1" 200 186404
186.84.14.10 - - [17/Nov/2016:01:11:34 -0500] "GET /galeria/nivo-slider/demo/images/bannersilvicultura.jpg HTTP/1.1" 200 173023
186.84.14.10 - - [17/Nov/2016:01:11:34 -0500] "GET /galeria/nivo-slider/demo/images/BANNERARBOLES.jpg HTTP/1.1" 200 227630
66.249.64.59 - - [17/Nov/2016:01:11:36 -0500] "GET /videos/galeria-cronicas/cronicas/NuestraGente14.mp4video.mp4 HTTP/1.1" 200 33030084
186.154.33.120 - - [17/Nov/2016:01:11:41 -0500] "GET /galeria/nivo-slider/demo/demo.html HTTP/1.1" 200 3765
186.154.33.120 - - [17/Nov/2016:01:11:42 -0500] "GET /galeria/nivo-slider/demo/images/bannerdiadelvoluntariado2.jpg HTTP/1.1" 200 92375
186.154.33.120 - - [17/Nov/2016:01:11:42 -0500] "GET /galeria/nivo-slider/demo/images/banner%20encuesta%20sda2-web3.jpg HTTP/1.1" 200 111668
186.154.33.120 - - [17/Nov/2016:01:11:42 -0500] "GET /galeria/nivo-slider/demo/images/bannerwebsemanecoempresarial.jpg HTTP/1.1" 200 108354
186.154.33.120 - - [17/Nov/2016:01:11:42 -0500] "GET /galeria/nivo-slider/demo/images/BANNER%20ECORECICLATON-01d%20(2).jpg HTTP/1.1" 200 136864
186.154.33.120 - - [17/Nov/2016:01:11:43 -0500] "GET /galeria/nivo-slider/demo/images/bannerinvitaci%C3%B3nacaminatasecologicas2.jpg HTTP/1.1" 206 1
186.154.33.120 - - [17/Nov/2016:01:11:43 -0500] "GET /galeria/nivo-slider/demo/images/bannersilvicultura.jpg HTTP/1.1" 304 -
186.154.33.120 - - [17/Nov/2016:01:11:43 -0500] "GET /galeria/nivo-slider/demo/images/BANNERARBOLES.jpg HTTP/1.1" 206 1
186.154.33.120 - - [17/Nov/2016:01:11:44 -0500] "GET /galeria/nivo-slider/demo/images/bannerinvitaci%C3%B3nacaminatasecologicas2.jpg HTTP/1.1" 206 166320
186.154.33.120 - - [17/Nov/2016:01:11:44 -0500] "GET /galeria/nivo-slider/demo/images/ACOPIADORESYGESTORES.jpg HTTP/1.1" 206 1
186.154.33.120 - - [17/Nov/2016:01:11:44 -0500] "GET /galeria/nivo-slider/demo/images/ACOPIADORESYGESTORES.jpg HTTP/1.1" 206 71458
186.154.33.120 - - [17/Nov/2016:01:11:44 -0500] "GET /galeria/nivo-slider/demo/images/BANNERARBOLES.jpg HTTP/1.1" 206 188697
186.84.14.10 - - [17/Nov/2016:01:11:44 -0500] "GET /galeria/nivo-slider/demo/images/ACOPIADORESYGESTORES.jpg HTTP/1.1" 200 118791
192.168.175.104 - - [17/Nov/2016:01:11:45 -0500] "GET / HTTP/1.0" 200 9990
186.154.33.120 - - [17/Nov/2016:01:11:46 -0500] "GET /galeria/nivo-slider/demo/images/vegetal.jpg HTTP/1.1" 206 1
186.154.33.120 - - [17/Nov/2016:01:11:46 -0500] "GET /galeria/nivo-slider/demo/images/bannergestionambiental2.jpg HTTP/1.1" 206 1
186.154.33.120 - - [17/Nov/2016:01:11:46 -0500] "GET /galeria/nivo-slider/demo/images/Ruta-vertimientos-01.jpg HTTP/1.1" 200 130151
186.154.33.120 - - [17/Nov/2016:01:11:46 -0500] "GET /galeria/nivo-slider/demo/images/bolsas-06.jpg HTTP/1.1" 200 210950
186.154.33.120 - - [17/Nov/2016:01:11:46 -0500] "GET /galeria/nivo-slider/demo/images/vegetal.jpg HTTP/1.1" 206 205147
186.154.33.120 - - [17/Nov/2016:01:11:46 -0500] "GET /galeria/nivo-slider/demo/images/bannergestionambiental2.jpg HTTP/1.1" 206 237514
186.154.33.120 - - [17/Nov/2016:01:11:49 -0500] "GET /galeria/nivo-slider/themes/default/arrows.png HTTP/1.1" 200 824
186.154.33.120 - - [17/Nov/2016:01:11:49 -0500] "GET /galeria/nivo-slider/themes/default/bullets.png HTTP/1.1" 200 1281
186.84.14.10 - - [17/Nov/2016:01:11:54 -0500] "GET /galeria/nivo-slider/demo/images/ACOPIADORESYGESTORES.jpg HTTP/1.1" 200 118791
186.84.14.10 - - [17/Nov/2016:01:11:55 -0500] "GET /galeria/nivo-slider/demo/images/bannergestionambiental2.jpg HTTP/1.1" 200 245647
192.168.175.104 - - [17/Nov/2016:01:11:57 -0500] "GET / HTTP/1.1" 200 9990
186.84.14.10 - - [17/Nov/2016:01:12:04 -0500] "GET /galeria/nivo-slider/demo/images/bannergestionambiental2.jpg HTTP/1.1" 200 245647
186.84.14.10 - - [17/Nov/2016:01:12:04 -0500] "GET /galeria/nivo-slider/demo/images/vegetal.jpg HTTP/1.1" 200 216080
186.29.99.196 - - [17/Nov/2016:01:12:05 -0500] "GET /galeria/galeria/jquery.fancybox.css?v=2.1.5 HTTP/1.1" 200 4895
186.29.99.196 - - [17/Nov/2016:01:12:05 -0500] "GET /galeria/galeria/jquery.fancybox.js?v=2.1.5 HTTP/1.1" 200 48706
186.29.99.196 - - [17/Nov/2016:01:12:05 -0500] "GET /BLA/boletinlegal/js/jquery.scrollShow.js HTTP/1.1" 200 4586
186.29.99.196 - - [17/Nov/2016:01:12:13 -0500] "GET /BLA/boletinlegal/js/jquery.scrollShow.js HTTP/1.1" 304 -
186.29.99.196 - - [17/Nov/2016:01:12:13 -0500] "GET /galeria/galeria/jquery.fancybox.css?v=2.1.5 HTTP/1.1" 304 -
186.29.99.196 - - [17/Nov/2016:01:12:13 -0500] "GET /galeria/galeria/jquery.fancybox.js?v=2.1.5 HTTP/1.1" 304 -
66.249.64.51 - - [17/Nov/2016:01:12:14 -0500] "GET /BLA/resoluciones/RESOLUCIONES%202006/RES%202006%20301-350/00000343.tif HTTP/1.1" 200 63762
186.84.14.10 - - [17/Nov/2016:01:12:14 -0500] "GET /galeria/nivo-slider/demo/images/Ruta-vertimientos-01.jpg HTTP/1.1" 200 130151
66.249.64.51 - - [17/Nov/2016:01:12:17 -0500] "GET /BLA/resoluciones/RESOLUCIONES%202006/RES%202006%20301-350/00000312.tif HTTP/1.1" 200 116398
66.249.64.57 - - [17/Nov/2016:01:12:20 -0500] "GET /BLA/resoluciones/RESOLUCIONES%202006/RES%202006%20301-350/00000327.tif HTTP/1.1" 200 243596
186.84.14.10 - - [17/Nov/2016:01:12:24 -0500] "GET /galeria/nivo-slider/demo/images/Ruta-vertimientos-01.jpg HTTP/1.1" 200 130151
186.84.14.10 - - [17/Nov/2016:01:12:24 -0500] "GET /galeria/nivo-slider/demo/images/bolsas-06.jpg HTTP/1.1" 200 210950
186.84.14.10 - - [17/Nov/2016:01:12:34 -0500] "GET /galeria/nivo-slider/demo/images/bolsas-06.jpg HTTP/1.1" 200 210950
186.84.14.10 - - [17/Nov/2016:01:12:34 -0500] "GET /galeria/nivo-slider/demo/images/bannerdiadelvoluntariado2.jpg HTTP/1.1" 200 92375
192.168.175.104 - - [17/Nov/2016:01:12:35 -0500] "GET / HTTP/1.1" 200 9990
186.80.66.212 - - [17/Nov/2016:01:12:36 -0500] "GET /galeria/galeria/fotos/Humedal-Santa-Mar%C3%ADa-del-Lago3G.jpg HTTP/1.1" 200 271832
66.249.64.59 - - [17/Nov/2016:01:12:42 -0500] "GET /BLA/resoluciones/RESOLUCIONES%202006/RES%202006%20301-350/00000335.tif HTTP/1.1" 200 122060
66.249.64.57 - - [17/Nov/2016:01:12:43 -0500] "GET /BLA/resoluciones/RESOLUCIONES%202006/RES%202006%20301-350/00000331.tif HTTP/1.1" 200 205026
66.249.64.59 - - [17/Nov/2016:01:12:43 -0500] "GET /BLA/resoluciones/RESOLUCIONES%202006/RES%202006%20301-350/00000311.tif HTTP/1.1" 200 116012
186.84.14.10 - - [17/Nov/2016:01:12:44 -0500] "GET /galeria/nivo-slider/demo/images/bannerdiadelvoluntariado2.jpg HTTP/1.1" 200 92375
186.84.14.10 - - [17/Nov/2016:01:12:44 -0500] "GET /galeria/nivo-slider/demo/images/banner%20encuesta%20sda2-web3.jpg HTTP/1.1" 200 111668
66.249.64.57 - - [17/Nov/2016:01:12:45 -0500] "GET /BLA/resoluciones/RESOLUCIONES%202006/RES%202006%20301-350/00000344.tif HTTP/1.1" 200 64960
190.24.109.208 - - [17/Nov/2016:01:12:47 -0500] "GET /Residuos/maderas/maderas.html HTTP/1.1" 200 1957
66.249.64.55 - - [17/Nov/2016:01:12:47 -0500] "GET /BLA/resoluciones/RESOLUCIONES%202006/RES%202006%20301-350/00000318.tif HTTP/1.1" 200 133164
190.24.109.208 - - [17/Nov/2016:01:12:47 -0500] "GET /favicon.ico HTTP/1.1" 200 7782
190.24.109.208 - - [17/Nov/2016:01:12:47 -0500] "GET /Residuos/maderas/maderas.swf?pageNumber= HTTP/1.1" 200 400853
190.24.109.208 - - [17/Nov/2016:01:12:49 -0500] "GET /Residuos/maderas/files/info.xml?rnd=77b4adf8-78a6-443f-926b-8f6e4bbd6518 HTTP/1.1" 200 70968
190.24.109.208 - - [17/Nov/2016:01:12:49 -0500] "GET /Residuos/maderas/files/search/searchtext.xml HTTP/1.1" 200 203644
66.249.64.61 - - [17/Nov/2016:01:12:50 -0500] "GET /BLA/resoluciones/AUTOS%202013/0458.pdf HTTP/1.1" 304 -
190.24.109.208 - - [17/Nov/2016:01:12:53 -0500] "GET /Residuos/maderas/images/page1_thumbnail.jpg HTTP/1.1" 200 15880
190.24.109.208 - - [17/Nov/2016:01:12:53 -0500] "GET /Residuos/maderas/images/page4_thumbnail.jpg HTTP/1.1" 200 4258
190.24.109.208 - - [17/Nov/2016:01:12:53 -0500] "GET /Residuos/maderas/images/page2_thumbnail.jpg HTTP/1.1" 200 3868
190.24.109.208 - - [17/Nov/2016:01:12:53 -0500] "GET /Residuos/maderas/images/page2_thumbnail.jpg HTTP/1.1" 200 3868
190.24.109.208 - - [17/Nov/2016:01:12:53 -0500] "GET /Residuos/maderas/images/page5_thumbnail.jpg HTTP/1.1" 200 3962
190.24.109.208 - - [17/Nov/2016:01:12:53 -0500] "GET /Residuos/maderas/images/page6_thumbnail.jpg HTTP/1.1" 200 4561
190.24.109.208 - - [17/Nov/2016:01:12:53 -0500] "GET /Residuos/maderas/images/page3_thumbnail.jpg HTTP/1.1" 200 3604
190.24.109.208 - - [17/Nov/2016:01:12:53 -0500] "GET /Residuos/maderas/images/page10_thumbnail.jpg HTTP/1.1" 200 6658
190.24.109.208 - - [17/Nov/2016:01:12:53 -0500] "GET /Residuos/maderas/images/page7_thumbnail.jpg HTTP/1.1" 200 3179
190.24.109.208 - - [17/Nov/2016:01:12:53 -0500] "GET /Residuos/maderas/images/page11_thumbnail.jpg HTTP/1.1" 200 15475
190.24.109.208 - - [17/Nov/2016:01:12:53 -0500] "GET /Residuos/maderas/images/page8_thumbnail.jpg HTTP/1.1" 200 2357
190.24.109.208 - - [17/Nov/2016:01:12:53 -0500] "GET /Residuos/maderas/images/page9_thumbnail.jpg HTTP/1.1" 200 4752
190.24.109.208 - - [17/Nov/2016:01:12:53 -0500] "GET /Residuos/maderas/images/page1.swf HTTP/1.1" 200 348315
190.24.109.208 - - [17/Nov/2016:01:12:53 -0500] "GET /Residuos/maderas/images/page12_thumbnail.jpg HTTP/1.1" 200 4618
190.24.109.208 - - [17/Nov/2016:01:12:53 -0500] "GET /Residuos/maderas/images/page13_thumbnail.jpg HTTP/1.1" 200 9283
190.24.109.208 - - [17/Nov/2016:01:12:53 -0500] "GET /Residuos/maderas/images/page15_thumbnail.jpg HTTP/1.1" 200 4959
190.24.109.208 - - [17/Nov/2016:01:12:53 -0500] "GET /Residuos/maderas/images/page16_thumbnail.jpg HTTP/1.1" 200 10200
190.24.109.208 - - [17/Nov/2016:01:12:53 -0500] "GET /Residuos/maderas/images/page17_thumbnail.jpg HTTP/1.1" 200 9024
190.24.109.208 - - [17/Nov/2016:01:12:54 -0500] "GET /Residuos/maderas/images/page14_thumbnail.jpg HTTP/1.1" 200 4416
190.24.109.208 - - [17/Nov/2016:01:12:53 -0500] "GET /Residuos/maderas/images/page18_thumbnail.jpg HTTP/1.1" 200 6072
190.24.109.208 - - [17/Nov/2016:01:12:54 -0500] "GET /Residuos/maderas/images/page19_thumbnail.jpg HTTP/1.1" 200 8203
190.24.109.208 - - [17/Nov/2016:01:12:54 -0500] "GET /Residuos/maderas/images/page20_thumbnail.jpg HTTP/1.1" 200 8741
190.24.109.208 - - [17/Nov/2016:01:12:54 -0500] "GET /Residuos/maderas/files/search/search1.xml HTTP/1.1" 200 506
190.24.109.208 - - [17/Nov/2016:01:12:54 -0500] "GET /Residuos/maderas/images/page2.swf HTTP/1.1" 200 30952
190.24.109.208 - - [17/Nov/2016:01:12:54 -0500] "GET /Residuos/maderas/images/page3.swf HTTP/1.1" 200 24142
190.24.109.208 - - [17/Nov/2016:01:12:54 -0500] "GET /Residuos/maderas/files/search/search2.xml HTTP/1.1" 200 8450
66.249.64.63 - - [17/Nov/2016:01:12:54 -0500] "GET /BLA/resoluciones/AUTOS%202007/0782.pdf HTTP/1.1" 200 244308
190.24.109.208 - - [17/Nov/2016:01:12:54 -0500] "GET /Residuos/maderas/images/page4.swf HTTP/1.1" 200 24653
190.24.109.208 - - [17/Nov/2016:01:12:54 -0500] "GET /Residuos/maderas/files/search/search3.xml HTTP/1.1" 200 9089
190.24.109.208 - - [17/Nov/2016:01:12:54 -0500] "GET /Residuos/maderas/images/page5.swf HTTP/1.1" 200 23199
190.24.109.208 - - [17/Nov/2016:01:12:54 -0500] "GET /Residuos/maderas/files/search/search4.xml HTTP/1.1" 200 9680
186.84.14.10 - - [17/Nov/2016:01:12:54 -0500] "GET /galeria/nivo-slider/demo/images/bannerwebsemanecoempresarial.jpg HTTP/1.1" 200 108354
186.84.14.10 - - [17/Nov/2016:01:12:54 -0500] "GET /galeria/nivo-slider/demo/images/banner%20encuesta%20sda2-web3.jpg HTTP/1.1" 200 111668
190.24.109.208 - - [17/Nov/2016:01:12:54 -0500] "GET /Residuos/maderas/files/search/search5.xml HTTP/1.1" 200 9698
66.249.64.51 - - [17/Nov/2016:01:12:54 -0500] "GET /BLA/resoluciones/AUTOS%202014/0555.pdf HTTP/1.1" 304 -
190.24.109.208 - - [17/Nov/2016:01:12:54 -0500] "GET /Residuos/maderas/images/page21_thumbnail.jpg HTTP/1.1" 200 3720
190.24.109.208 - - [17/Nov/2016:01:12:54 -0500] "GET /Residuos/maderas/images/page22_thumbnail.jpg HTTP/1.1" 200 10986
190.24.109.208 - - [17/Nov/2016:01:12:55 -0500] "GET /Residuos/maderas/images/page23_thumbnail.jpg HTTP/1.1" 200 11548
190.24.109.208 - - [17/Nov/2016:01:12:55 -0500] "GET /Residuos/maderas/images/page24_thumbnail.jpg HTTP/1.1" 200 11638
190.24.109.208 - - [17/Nov/2016:01:12:55 -0500] "GET /Residuos/maderas/images/page25_thumbnail.jpg HTTP/1.1" 200 10894
190.24.109.208 - - [17/Nov/2016:01:12:55 -0500] "GET /Residuos/maderas/images/page26_thumbnail.jpg HTTP/1.1" 200 10863
190.24.109.208 - - [17/Nov/2016:01:12:55 -0500] "GET /Residuos/maderas/images/page27_thumbnail.jpg HTTP/1.1" 200 11669
190.24.109.208 - - [17/Nov/2016:01:12:55 -0500] "GET /Residuos/maderas/images/page28_thumbnail.jpg HTTP/1.1" 200 7358
190.24.109.208 - - [17/Nov/2016:01:12:55 -0500] "GET /Residuos/maderas/images/page29_thumbnail.jpg HTTP/1.1" 200 9295
190.24.109.208 - - [17/Nov/2016:01:12:55 -0500] "GET /Residuos/maderas/images/page30_thumbnail.jpg HTTP/1.1" 200 11048
190.24.109.208 - - [17/Nov/2016:01:12:55 -0500] "GET /Residuos/maderas/images/page31_thumbnail.jpg HTTP/1.1" 200 10964
190.24.109.208 - - [17/Nov/2016:01:12:55 -0500] "GET /Residuos/maderas/images/page32_thumbnail.jpg HTTP/1.1" 200 8971
190.24.109.208 - - [17/Nov/2016:01:12:55 -0500] "GET /Residuos/maderas/images/page33_thumbnail.jpg HTTP/1.1" 200 6874
190.24.109.208 - - [17/Nov/2016:01:12:55 -0500] "GET /Residuos/maderas/images/page34_thumbnail.jpg HTTP/1.1" 200 11349
190.24.109.208 - - [17/Nov/2016:01:12:55 -0500] "GET /Residuos/maderas/images/page35_thumbnail.jpg HTTP/1.1" 200 5209
190.24.109.208 - - [17/Nov/2016:01:12:55 -0500] "GET /Residuos/maderas/images/page36_thumbnail.jpg HTTP/1.1" 200 7802
190.24.109.208 - - [17/Nov/2016:01:12:55 -0500] "GET /Residuos/maderas/images/page37_thumbnail.jpg HTTP/1.1" 200 5127
190.24.109.208 - - [17/Nov/2016:01:12:55 -0500] "GET /Residuos/maderas/images/page38_thumbnail.jpg HTTP/1.1" 200 5209
190.24.109.208 - - [17/Nov/2016:01:12:55 -0500] "GET /Residuos/maderas/images/page39_thumbnail.jpg HTTP/1.1" 200 3952
190.24.109.208 - - [17/Nov/2016:01:12:55 -0500] "GET /Residuos/maderas/images/page40_thumbnail.jpg HTTP/1.1" 200 3831
190.24.109.208 - - [17/Nov/2016:01:12:55 -0500] "GET /Residuos/maderas/images/page41_thumbnail.jpg HTTP/1.1" 200 12404
190.24.109.208 - - [17/Nov/2016:01:12:55 -0500] "GET /Residuos/maderas/images/page42_thumbnail.jpg HTTP/1.1" 200 9333
190.24.109.208 - - [17/Nov/2016:01:12:55 -0500] "GET /Residuos/maderas/images/page43_thumbnail.jpg HTTP/1.1" 200 7215
66.249.64.55 - - [17/Nov/2016:01:12:55 -0500] "GET /BLA/resoluciones/RESOLUCIONES%202006/RES%202006%20301-350/00000334.tif HTTP/1.1" 200 261056
190.24.109.208 - - [17/Nov/2016:01:12:55 -0500] "GET /Residuos/maderas/images/page44_thumbnail.jpg HTTP/1.1" 200 6647
190.24.109.208 - - [17/Nov/2016:01:12:55 -0500] "GET /Residuos/maderas/images/page45_thumbnail.jpg HTTP/1.1" 200 8925
190.24.109.208 - - [17/Nov/2016:01:12:56 -0500] "GET /Residuos/maderas/images/page46_thumbnail.jpg HTTP/1.1" 200 9465
190.24.109.208 - - [17/Nov/2016:01:12:56 -0500] "GET /Residuos/maderas/images/page47_thumbnail.jpg HTTP/1.1" 200 7020
190.24.109.208 - - [17/Nov/2016:01:12:56 -0500] "GET /Residuos/maderas/images/page48_thumbnail.jpg HTTP/1.1" 200 4574
190.24.109.208 - - [17/Nov/2016:01:12:56 -0500] "GET /Residuos/maderas/images/page49_thumbnail.jpg HTTP/1.1" 200 5937
190.24.109.208 - - [17/Nov/2016:01:12:56 -0500] "GET /Residuos/maderas/images/page50_thumbnail.jpg HTTP/1.1" 200 5303
190.24.109.208 - - [17/Nov/2016:01:12:56 -0500] "GET /Residuos/maderas/images/page51_thumbnail.jpg HTTP/1.1" 200 4916
190.24.109.208 - - [17/Nov/2016:01:12:56 -0500] "GET /Residuos/maderas/images/page52_thumbnail.jpg HTTP/1.1" 200 4994
190.24.109.208 - - [17/Nov/2016:01:12:56 -0500] "GET /Residuos/maderas/images/page53_thumbnail.jpg HTTP/1.1" 200 5125
190.24.109.208 - - [17/Nov/2016:01:12:56 -0500] "GET /Residuos/maderas/images/page54_thumbnail.jpg HTTP/1.1" 200 4968
190.24.109.208 - - [17/Nov/2016:01:12:56 -0500] "GET /Residuos/maderas/images/page55_thumbnail.jpg HTTP/1.1" 200 5200
190.24.109.208 - - [17/Nov/2016:01:12:56 -0500] "GET /Residuos/maderas/images/page56_thumbnail.jpg HTTP/1.1" 200 5305
190.24.109.208 - - [17/Nov/2016:01:12:56 -0500] "GET /Residuos/maderas/images/page57_thumbnail.jpg HTTP/1.1" 200 4989
190.24.109.208 - - [17/Nov/2016:01:12:56 -0500] "GET /Residuos/maderas/images/page58_thumbnail.jpg HTTP/1.1" 200 5346
190.24.109.208 - - [17/Nov/2016:01:12:56 -0500] "GET /Residuos/maderas/images/page59_thumbnail.jpg HTTP/1.1" 200 5401
190.24.109.208 - - [17/Nov/2016:01:12:56 -0500] "GET /Residuos/maderas/images/page60_thumbnail.jpg HTTP/1.1" 200 4779
190.24.109.208 - - [17/Nov/2016:01:12:56 -0500] "GET /Residuos/maderas/images/page61_thumbnail.jpg HTTP/1.1" 200 7180
190.24.109.208 - - [17/Nov/2016:01:12:56 -0500] "GET /Residuos/maderas/images/page62_thumbnail.jpg HTTP/1.1" 200 4817
190.24.109.208 - - [17/Nov/2016:01:12:56 -0500] "GET /Residuos/maderas/images/page63_thumbnail.jpg HTTP/1.1" 200 4927
190.24.109.208 - - [17/Nov/2016:01:12:56 -0500] "GET /Residuos/maderas/images/page64_thumbnail.jpg HTTP/1.1" 200 10375
190.24.109.208 - - [17/Nov/2016:01:12:56 -0500] "GET /Residuos/maderas/images/page65_thumbnail.jpg HTTP/1.1" 200 8803
190.24.109.208 - - [17/Nov/2016:01:12:56 -0500] "GET /Residuos/maderas/images/page66_thumbnail.jpg HTTP/1.1" 200 7024
190.24.109.208 - - [17/Nov/2016:01:12:56 -0500] "GET /Residuos/maderas/images/page67_thumbnail.jpg HTTP/1.1" 200 5134
190.24.109.208 - - [17/Nov/2016:01:12:56 -0500] "GET /Residuos/maderas/images/page68_thumbnail.jpg HTTP/1.1" 200 4963
190.24.109.208 - - [17/Nov/2016:01:12:56 -0500] "GET /Residuos/maderas/images/page69_thumbnail.jpg HTTP/1.1" 200 7181
190.24.109.208 - - [17/Nov/2016:01:12:57 -0500] "GET /Residuos/maderas/images/page70_thumbnail.jpg HTTP/1.1" 200 5685
190.24.109.208 - - [17/Nov/2016:01:12:57 -0500] "GET /Residuos/maderas/images/page71_thumbnail.jpg HTTP/1.1" 200 5655
190.24.109.208 - - [17/Nov/2016:01:12:57 -0500] "GET /Residuos/maderas/images/page72_thumbnail.jpg HTTP/1.1" 200 5749
190.24.109.208 - - [17/Nov/2016:01:12:57 -0500] "GET /Residuos/maderas/images/page73_thumbnail.jpg HTTP/1.1" 200 4678
190.24.109.208 - - [17/Nov/2016:01:12:57 -0500] "GET /Residuos/maderas/images/page74_thumbnail.jpg HTTP/1.1" 200 9452
190.24.109.208 - - [17/Nov/2016:01:12:57 -0500] "GET /Residuos/maderas/images/page75_thumbnail.jpg HTTP/1.1" 200 8096
190.24.109.208 - - [17/Nov/2016:01:12:57 -0500] "GET /Residuos/maderas/images/page76_thumbnail.jpg HTTP/1.1" 200 11295
190.24.109.208 - - [17/Nov/2016:01:12:57 -0500] "GET /Residuos/maderas/images/page77_thumbnail.jpg HTTP/1.1" 200 12714
190.24.109.208 - - [17/Nov/2016:01:12:57 -0500] "GET /Residuos/maderas/images/page78_thumbnail.jpg HTTP/1.1" 200 4553
190.24.109.208 - - [17/Nov/2016:01:12:57 -0500] "GET /Residuos/maderas/images/page79_thumbnail.jpg HTTP/1.1" 200 2690
190.24.109.208 - - [17/Nov/2016:01:12:57 -0500] "GET /Residuos/maderas/images/page80_thumbnail.jpg HTTP/1.1" 200 5797
190.24.109.208 - - [17/Nov/2016:01:12:57 -0500] "GET /Residuos/maderas/images/page81_thumbnail.jpg HTTP/1.1" 200 7937
190.24.109.208 - - [17/Nov/2016:01:12:57 -0500] "GET /Residuos/maderas/images/page82_thumbnail.jpg HTTP/1.1" 200 4888
190.24.109.208 - - [17/Nov/2016:01:12:57 -0500] "GET /Residuos/maderas/images/page83_thumbnail.jpg HTTP/1.1" 200 7014
190.24.109.208 - - [17/Nov/2016:01:12:57 -0500] "GET /Residuos/maderas/images/page84_thumbnail.jpg HTTP/1.1" 200 7012
190.24.109.208 - - [17/Nov/2016:01:12:57 -0500] "GET /Residuos/maderas/images/page85_thumbnail.jpg HTTP/1.1" 200 5920
190.24.109.208 - - [17/Nov/2016:01:12:57 -0500] "GET /Residuos/maderas/images/page86_thumbnail.jpg HTTP/1.1" 200 6960
190.24.109.208 - - [17/Nov/2016:01:12:57 -0500] "GET /Residuos/maderas/images/page87_thumbnail.jpg HTTP/1.1" 200 11120
190.24.109.208 - - [17/Nov/2016:01:12:57 -0500] "GET /Residuos/maderas/images/page88_thumbnail.jpg HTTP/1.1" 200 10021
190.24.109.208 - - [17/Nov/2016:01:12:57 -0500] "GET /Residuos/maderas/images/page89_thumbnail.jpg HTTP/1.1" 200 4648
190.24.109.208 - - [17/Nov/2016:01:12:57 -0500] "GET /Residuos/maderas/images/page90_thumbnail.jpg HTTP/1.1" 200 7442
190.24.109.208 - - [17/Nov/2016:01:12:57 -0500] "GET /Residuos/maderas/images/page91_thumbnail.jpg HTTP/1.1" 200 5509
190.24.109.208 - - [17/Nov/2016:01:12:57 -0500] "GET /Residuos/maderas/images/page92_thumbnail.jpg HTTP/1.1" 200 14204
190.24.109.208 - - [17/Nov/2016:01:12:57 -0500] "GET /Residuos/maderas/images/page93_thumbnail.jpg HTTP/1.1" 200 3693
190.24.109.208 - - [17/Nov/2016:01:12:58 -0500] "GET /Residuos/maderas/images/page94_thumbnail.jpg HTTP/1.1" 200 6584
190.24.109.208 - - [17/Nov/2016:01:12:58 -0500] "GET /Residuos/maderas/images/page95_thumbnail.jpg HTTP/1.1" 200 4947
190.24.109.208 - - [17/Nov/2016:01:12:58 -0500] "GET /Residuos/maderas/images/page96_thumbnail.jpg HTTP/1.1" 200 5067
190.24.109.208 - - [17/Nov/2016:01:12:58 -0500] "GET /Residuos/maderas/images/page97_thumbnail.jpg HTTP/1.1" 200 6330
190.24.109.208 - - [17/Nov/2016:01:12:58 -0500] "GET /Residuos/maderas/images/page98_thumbnail.jpg HTTP/1.1" 200 5939
190.24.109.208 - - [17/Nov/2016:01:12:58 -0500] "GET /Residuos/maderas/images/page99_thumbnail.jpg HTTP/1.1" 200 8382
66.249.64.53 - - [17/Nov/2016:01:12:58 -0500] "GET /BLA/resoluciones/RESOLUCIONES%202014/1723.pdf HTTP/1.1" 304 -
190.24.109.208 - - [17/Nov/2016:01:12:58 -0500] "GET /Residuos/maderas/images/page100_thumbnail.jpg HTTP/1.1" 200 7526
190.24.109.208 - - [17/Nov/2016:01:12:58 -0500] "GET /Residuos/maderas/images/page101_thumbnail.jpg HTTP/1.1" 200 5570
190.24.109.208 - - [17/Nov/2016:01:12:58 -0500] "GET /Residuos/maderas/images/page102_thumbnail.jpg HTTP/1.1" 200 6587
190.24.109.208 - - [17/Nov/2016:01:12:58 -0500] "GET /Residuos/maderas/images/page103_thumbnail.jpg HTTP/1.1" 200 5679
190.24.109.208 - - [17/Nov/2016:01:12:58 -0500] "GET /Residuos/maderas/images/page104_thumbnail.jpg HTTP/1.1" 200 5096
190.24.109.208 - - [17/Nov/2016:01:12:58 -0500] "GET /Residuos/maderas/images/page105_thumbnail.jpg HTTP/1.1" 200 6066
190.24.109.208 - - [17/Nov/2016:01:12:58 -0500] "GET /Residuos/maderas/images/page106_thumbnail.jpg HTTP/1.1" 200 5907
190.24.109.208 - - [17/Nov/2016:01:12:58 -0500] "GET /Residuos/maderas/images/page107_thumbnail.jpg HTTP/1.1" 200 6188
190.24.109.208 - - [17/Nov/2016:01:12:58 -0500] "GET /Residuos/maderas/images/page108_thumbnail.jpg HTTP/1.1" 200 5945
190.24.109.208 - - [17/Nov/2016:01:12:58 -0500] "GET /Residuos/maderas/images/page109_thumbnail.jpg HTTP/1.1" 200 5513
190.24.109.208 - - [17/Nov/2016:01:12:58 -0500] "GET /Residuos/maderas/images/page110_thumbnail.jpg HTTP/1.1" 200 5392
190.24.109.208 - - [17/Nov/2016:01:12:58 -0500] "GET /Residuos/maderas/images/page111_thumbnail.jpg HTTP/1.1" 200 7267
190.24.109.208 - - [17/Nov/2016:01:12:58 -0500] "GET /Residuos/maderas/images/page112_thumbnail.jpg HTTP/1.1" 200 800
190.24.109.208 - - [17/Nov/2016:01:12:58 -0500] "GET /Residuos/maderas/images/page113_thumbnail.jpg HTTP/1.1" 200 3428
190.24.109.208 - - [17/Nov/2016:01:12:58 -0500] "GET /Residuos/maderas/images/page114_thumbnail.jpg HTTP/1.1" 200 1019
66.249.64.61 - - [17/Nov/2016:01:12:59 -0500] "GET /BLA/resoluciones/AUTOS%202015/1576.pdf HTTP/1.1" 200 532159
