186.84.14.10 - - [17/Nov/2016:01:48:44 -0500] "GET /galeria/nivo-slider/demo/images/banner%20encuesta%20sda2-web3.jpg HTTP/1.1" 200 111668
66.249.64.51 - - [17/Nov/2016:01:48:47 -0500] "GET /BLA/resoluciones/AUTOS%202014/1886.pdf HTTP/1.1" 304 -
66.249.64.53 - - [17/Nov/2016:01:48:49 -0500] "GET /BLA/resoluciones/AUTOS%202015/4385.pdf HTTP/1.1" 200 860942
186.84.14.10 - - [17/Nov/2016:01:48:54 -0500] "GET /galeria/nivo-slider/demo/images/bannerwebsemanecoempresarial.jpg HTTP/1.1" 200 108354
186.84.14.10 - - [17/Nov/2016:01:48:54 -0500] "GET /galeria/nivo-slider/demo/images/banner%20encuesta%20sda2-web3.jpg HTTP/1.1" 200 111668
186.84.14.10 - - [17/Nov/2016:01:49:04 -0500] "GET /galeria/nivo-slider/demo/images/bannerwebsemanecoempresarial.jpg HTTP/1.1" 200 108354
186.84.14.10 - - [17/Nov/2016:01:49:04 -0500] "GET /galeria/nivo-slider/demo/images/BANNER%20ECORECICLATON-01d%20(2).jpg HTTP/1.1" 200 136864
66.249.64.53 - - [17/Nov/2016:01:49:06 -0500] "GET /BLA/resoluciones/Autos%202008/0214.pdf HTTP/1.1" 200 94501
186.84.14.10 - - [17/Nov/2016:01:49:14 -0500] "GET /galeria/nivo-slider/demo/images/BANNER%20ECORECICLATON-01d%20(2).jpg HTTP/1.1" 200 136864
186.84.14.10 - - [17/Nov/2016:01:49:14 -0500] "GET /galeria/nivo-slider/demo/images/bannerinvitaci%C3%B3nacaminatasecologicas2.jpg HTTP/1.1" 200 513253
186.84.14.10 - - [17/Nov/2016:01:49:24 -0500] "GET /galeria/nivo-slider/demo/images/bannersilvicultura.jpg HTTP/1.1" 200 173023
186.84.14.10 - - [17/Nov/2016:01:49:24 -0500] "GET /galeria/nivo-slider/demo/images/bannerinvitaci%C3%B3nacaminatasecologicas2.jpg HTTP/1.1" 200 513253
66.249.64.55 - - [17/Nov/2016:01:49:28 -0500] "GET /BLA/resoluciones/RESOLUCIONES%202013/0260.pdf HTTP/1.1" 200 3465756
186.84.14.10 - - [17/Nov/2016:01:49:34 -0500] "GET /galeria/nivo-slider/demo/images/BANNERARBOLES.jpg HTTP/1.1" 200 227630
186.84.14.10 - - [17/Nov/2016:01:49:44 -0500] "GET /galeria/nivo-slider/demo/images/BANNERARBOLES.jpg HTTP/1.1" 200 227630
186.84.14.10 - - [17/Nov/2016:01:49:44 -0500] "GET /galeria/nivo-slider/demo/images/ACOPIADORESYGESTORES.jpg HTTP/1.1" 200 118791
69.162.124.232 - - [17/Nov/2016:01:49:45 -0500] "HEAD / HTTP/1.1" 200 -
186.84.14.10 - - [17/Nov/2016:01:49:54 -0500] "GET /galeria/nivo-slider/demo/images/ACOPIADORESYGESTORES.jpg HTTP/1.1" 200 118791
186.84.14.10 - - [17/Nov/2016:01:49:54 -0500] "GET /galeria/nivo-slider/demo/images/bannergestionambiental2.jpg HTTP/1.1" 200 245647
186.84.14.10 - - [17/Nov/2016:01:50:04 -0500] "GET /galeria/nivo-slider/demo/images/vegetal.jpg HTTP/1.1" 200 216080
186.84.14.10 - - [17/Nov/2016:01:50:14 -0500] "GET /galeria/nivo-slider/demo/images/vegetal.jpg HTTP/1.1" 200 216080
186.84.14.10 - - [17/Nov/2016:01:50:14 -0500] "GET /galeria/nivo-slider/demo/images/Ruta-vertimientos-01.jpg HTTP/1.1" 200 130151
66.249.64.53 - - [17/Nov/2016:01:50:16 -0500] "GET /BLA/resoluciones/AUTOS%202010/4367.pdf HTTP/1.1" 200 341799
186.84.14.10 - - [17/Nov/2016:01:50:24 -0500] "GET /galeria/nivo-slider/demo/images/Ruta-vertimientos-01.jpg HTTP/1.1" 200 130151
186.84.14.10 - - [17/Nov/2016:01:50:24 -0500] "GET /galeria/nivo-slider/demo/images/bolsas-06.jpg HTTP/1.1" 200 210950
186.84.14.10 - - [17/Nov/2016:01:50:34 -0500] "GET /galeria/nivo-slider/demo/images/bolsas-06.jpg HTTP/1.1" 200 210950
186.84.14.10 - - [17/Nov/2016:01:50:34 -0500] "GET /galeria/nivo-slider/demo/images/bannerdiadelvoluntariado2.jpg HTTP/1.1" 200 92375
186.113.10.143 - - [17/Nov/2016:01:50:37 -0500] "GET /galeria/nivo-slider/demo/images/BANNER%20ECORECICLATON-01d%20(2).jpg HTTP/1.1" 304 -
186.84.14.10 - - [17/Nov/2016:01:50:44 -0500] "GET /galeria/nivo-slider/demo/images/banner%20encuesta%20sda2-web3.jpg HTTP/1.1" 200 111668
186.84.14.10 - - [17/Nov/2016:01:50:54 -0500] "GET /galeria/nivo-slider/demo/images/banner%20encuesta%20sda2-web3.jpg HTTP/1.1" 200 111668
186.84.14.10 - - [17/Nov/2016:01:50:54 -0500] "GET /galeria/nivo-slider/demo/images/bannerwebsemanecoempresarial.jpg HTTP/1.1" 200 108354
66.249.64.51 - - [17/Nov/2016:01:50:59 -0500] "GET /BLA/resoluciones/AUTOS%202014/1685.pdf HTTP/1.1" 200 515611
186.84.14.10 - - [17/Nov/2016:01:51:04 -0500] "GET /galeria/nivo-slider/demo/images/bannerwebsemanecoempresarial.jpg HTTP/1.1" 200 108354
186.84.14.10 - - [17/Nov/2016:01:51:04 -0500] "GET /galeria/nivo-slider/demo/images/BANNER%20ECORECICLATON-01d%20(2).jpg HTTP/1.1" 200 136864
186.84.14.10 - - [17/Nov/2016:01:51:14 -0500] "GET /galeria/nivo-slider/demo/images/BANNER%20ECORECICLATON-01d%20(2).jpg HTTP/1.1" 200 136864
186.84.14.10 - - [17/Nov/2016:01:51:14 -0500] "GET /galeria/nivo-slider/demo/images/bannerinvitaci%C3%B3nacaminatasecologicas2.jpg HTTP/1.1" 200 513253
186.84.14.10 - - [17/Nov/2016:01:51:24 -0500] "GET /galeria/nivo-slider/demo/images/bannersilvicultura.jpg HTTP/1.1" 200 173023
186.84.14.10 - - [17/Nov/2016:01:51:24 -0500] "GET /galeria/nivo-slider/demo/images/bannerinvitaci%C3%B3nacaminatasecologicas2.jpg HTTP/1.1" 200 513253
192.168.175.104 - - [17/Nov/2016:01:51:32 -0500] "GET / HTTP/1.0" 200 9990
186.84.14.10 - - [17/Nov/2016:01:51:34 -0500] "GET /galeria/nivo-slider/demo/images/BANNERARBOLES.jpg HTTP/1.1" 200 227630
186.84.14.10 - - [17/Nov/2016:01:51:34 -0500] "GET /galeria/nivo-slider/demo/images/bannersilvicultura.jpg HTTP/1.1" 200 173023
192.168.175.104 - - [17/Nov/2016:01:51:40 -0500] "GET / HTTP/1.1" 200 9990
186.84.14.10 - - [17/Nov/2016:01:51:44 -0500] "GET /galeria/nivo-slider/demo/images/BANNERARBOLES.jpg HTTP/1.1" 200 227630
186.84.14.10 - - [17/Nov/2016:01:51:44 -0500] "GET /galeria/nivo-slider/demo/images/ACOPIADORESYGESTORES.jpg HTTP/1.1" 200 118791
186.84.14.10 - - [17/Nov/2016:01:51:54 -0500] "GET /galeria/nivo-slider/demo/images/ACOPIADORESYGESTORES.jpg HTTP/1.1" 200 118791
186.84.14.10 - - [17/Nov/2016:01:51:54 -0500] "GET /galeria/nivo-slider/demo/images/bannergestionambiental2.jpg HTTP/1.1" 200 245647
186.84.14.10 - - [17/Nov/2016:01:52:04 -0500] "GET /galeria/nivo-slider/demo/images/bannergestionambiental2.jpg HTTP/1.1" 200 245647
186.84.14.10 - - [17/Nov/2016:01:52:04 -0500] "GET /galeria/nivo-slider/demo/images/vegetal.jpg HTTP/1.1" 200 216080
220.120.137.1 - - [17/Nov/2016:01:52:11 -0500] "GET /dama/libreria/jpg/plantas/35.gif HTTP/1.1" 404 1019
220.120.137.1 - - [17/Nov/2016:01:52:14 -0500] "GET /dama/libreria/jpg/plantas/28.gif HTTP/1.1" 404 1019
186.84.14.10 - - [17/Nov/2016:01:52:14 -0500] "GET /galeria/nivo-slider/demo/images/Ruta-vertimientos-01.jpg HTTP/1.1" 200 130151
186.84.14.10 - - [17/Nov/2016:01:52:14 -0500] "GET /galeria/nivo-slider/demo/images/vegetal.jpg HTTP/1.1" 200 216080
66.249.64.55 - - [17/Nov/2016:01:52:14 -0500] "GET /BLA/resoluciones/RESOLUCIONES%202009/8496.pdf HTTP/1.1" 200 350016
192.168.175.104 - - [17/Nov/2016:01:52:20 -0500] "GET / HTTP/1.1" 200 9990
66.249.64.61 - - [17/Nov/2016:01:52:21 -0500] "GET /BLA/resoluciones/AUTOS%202015/5071.pdf HTTP/1.1" 200 635099
66.249.64.5 - - [17/Nov/2016:01:52:23 -0500] "GET /BLA/resoluciones/RESOLUCIONES%202008/0144.pdf HTTP/1.1" 304 -
186.84.14.10 - - [17/Nov/2016:01:52:24 -0500] "GET /galeria/nivo-slider/demo/images/Ruta-vertimientos-01.jpg HTTP/1.1" 200 130151
186.84.14.10 - - [17/Nov/2016:01:52:24 -0500] "GET /galeria/nivo-slider/demo/images/bolsas-06.jpg HTTP/1.1" 200 210950
66.249.64.57 - - [17/Nov/2016:01:52:28 -0500] "GET /BLA/resoluciones/AUTOS%202012/2466.pdf HTTP/1.1" 200 255690
66.249.64.17 - - [17/Nov/2016:01:52:29 -0500] "GET /BLA/resoluciones/Notificaciones/AUTOS%202014/3962.doc HTTP/1.1" 200 138240
66.249.64.55 - - [17/Nov/2016:01:52:31 -0500] "GET /BLA/resoluciones/AUTOS%202011/4379.pdf HTTP/1.1" 304 -
66.249.64.61 - - [17/Nov/2016:01:52:32 -0500] "GET /BLA/resoluciones/AUTOS%202011/2141.pdf HTTP/1.1" 200 232333
66.249.64.59 - - [17/Nov/2016:01:52:34 -0500] "GET /BLA/resoluciones/AUTOS%202014/1075.pdf HTTP/1.1" 200 529827
186.84.14.10 - - [17/Nov/2016:01:52:34 -0500] "GET /galeria/nivo-slider/demo/images/bolsas-06.jpg HTTP/1.1" 200 210950
186.84.14.10 - - [17/Nov/2016:01:52:34 -0500] "GET /galeria/nivo-slider/demo/images/bannerdiadelvoluntariado2.jpg HTTP/1.1" 200 92375
66.249.64.5 - - [17/Nov/2016:01:52:35 -0500] "GET /BLA/resoluciones/RESOLUCIONES%202010/1016.pdf HTTP/1.1" 304 -
66.249.64.51 - - [17/Nov/2016:01:52:36 -0500] "GET /BLA/resoluciones/RESOLUCIONES%202009/3987.pdf HTTP/1.1" 304 -
66.249.64.63 - - [17/Nov/2016:01:52:38 -0500] "GET /BLA/resoluciones/AUTOS%202011/4201.pdf HTTP/1.1" 200 250413
66.249.64.63 - - [17/Nov/2016:01:52:39 -0500] "GET /BLA/resoluciones/AUTOS%202008/1592.pdf HTTP/1.1" 304 -
66.249.64.2 - - [17/Nov/2016:01:52:40 -0500] "GET /BLA/resoluciones/AUTOS%202011/0258.pdf HTTP/1.1" 304 -
186.84.14.10 - - [17/Nov/2016:01:52:44 -0500] "GET /galeria/nivo-slider/demo/images/bannerdiadelvoluntariado2.jpg HTTP/1.1" 200 92375
186.84.14.10 - - [17/Nov/2016:01:52:44 -0500] "GET /galeria/nivo-slider/demo/images/banner%20encuesta%20sda2-web3.jpg HTTP/1.1" 200 111668
66.249.64.59 - - [17/Nov/2016:01:52:47 -0500] "GET /BLA/resoluciones/AUTOS%202013/2700.pdf HTTP/1.1" 200 360100
66.249.64.51 - - [17/Nov/2016:01:52:48 -0500] "GET /BLA/resoluciones/RESOLUCIONES%202009/6924.pdf HTTP/1.1" 200 117534
186.84.14.10 - - [17/Nov/2016:01:52:54 -0500] "GET /galeria/nivo-slider/demo/images/banner%20encuesta%20sda2-web3.jpg HTTP/1.1" 200 111668
186.84.14.10 - - [17/Nov/2016:01:52:54 -0500] "GET /galeria/nivo-slider/demo/images/bannerwebsemanecoempresarial.jpg HTTP/1.1" 200 108354
186.84.14.10 - - [17/Nov/2016:01:53:04 -0500] "GET /galeria/nivo-slider/demo/images/bannerwebsemanecoempresarial.jpg HTTP/1.1" 200 108354
186.84.14.10 - - [17/Nov/2016:01:53:04 -0500] "GET /galeria/nivo-slider/demo/images/BANNER%20ECORECICLATON-01d%20(2).jpg HTTP/1.1" 200 136864
186.84.14.10 - - [17/Nov/2016:01:53:14 -0500] "GET /galeria/nivo-slider/demo/images/BANNER%20ECORECICLATON-01d%20(2).jpg HTTP/1.1" 200 136864
186.84.14.10 - - [17/Nov/2016:01:53:14 -0500] "GET /galeria/nivo-slider/demo/images/bannerinvitaci%C3%B3nacaminatasecologicas2.jpg HTTP/1.1" 200 513253
66.249.64.53 - - [17/Nov/2016:01:53:14 -0500] "GET /BLA/resoluciones/Autos%202008/3448.pdf HTTP/1.1" 200 94732
66.249.64.59 - - [17/Nov/2016:01:53:17 -0500] "GET /SIG/Gesti%C3%B3n%20de%20Recursos%20F%C3%ADsicos/126PA04-PR20.pdf HTTP/1.1" 200 56070
66.249.64.57 - - [17/Nov/2016:01:53:19 -0500] "GET /BLA/resoluciones/RESOLUCIONES%202009/1838.pdf HTTP/1.1" 200 498986
66.249.64.5 - - [17/Nov/2016:01:53:22 -0500] "GET /BLA/resoluciones/RESOLUCIONES%202007/RES%202007%203101%20AL%203200/RESOLUCION%203197%20DE%202007.pdf HTTP/1.1" 200 192221
186.84.14.10 - - [17/Nov/2016:01:53:24 -0500] "GET /galeria/nivo-slider/demo/images/bannersilvicultura.jpg HTTP/1.1" 200 173023
186.84.14.10 - - [17/Nov/2016:01:53:24 -0500] "GET /galeria/nivo-slider/demo/images/bannerinvitaci%C3%B3nacaminatasecologicas2.jpg HTTP/1.1" 200 513253
66.249.64.57 - - [17/Nov/2016:01:53:24 -0500] "GET /BLA/resoluciones/AUTOS%202012/1134.pdf HTTP/1.1" 200 369659
66.249.64.51 - - [17/Nov/2016:01:53:26 -0500] "GET /BLA/resoluciones/AUTOS%202014/5905.pdf HTTP/1.1" 304 -
66.249.64.53 - - [17/Nov/2016:01:53:27 -0500] "GET /BLA/resoluciones/AUTOS%202014/2469.pdf HTTP/1.1" 304 -
66.249.64.51 - - [17/Nov/2016:01:53:29 -0500] "GET /BLA/resoluciones/AUTOS%202013/1046.pdf HTTP/1.1" 304 -
66.249.64.59 - - [17/Nov/2016:01:53:30 -0500] "GET /BLA/resoluciones/AUTOS%202015/5608.pdf HTTP/1.1" 304 -
66.249.64.53 - - [17/Nov/2016:01:53:31 -0500] "GET /BLA/resoluciones/RESOLUCIONES%202009/5859.pdf HTTP/1.1" 304 -
66.249.64.57 - - [17/Nov/2016:01:53:33 -0500] "GET /BLA/resoluciones/RESOLUCIONES%202009/6249.pdf HTTP/1.1" 304 -
186.84.14.10 - - [17/Nov/2016:01:53:34 -0500] "GET /galeria/nivo-slider/demo/images/bannersilvicultura.jpg HTTP/1.1" 200 173023
186.84.14.10 - - [17/Nov/2016:01:53:34 -0500] "GET /galeria/nivo-slider/demo/images/BANNERARBOLES.jpg HTTP/1.1" 200 227630
66.249.64.53 - - [17/Nov/2016:01:53:34 -0500] "GET /BLA/resoluciones/AUTOS%202013/1386.pdf HTTP/1.1" 304 -
66.249.64.55 - - [17/Nov/2016:01:53:37 -0500] "GET /BLA/resoluciones/RESOLUCIONES%202010/1225.pdf HTTP/1.1" 304 -
66.249.64.51 - - [17/Nov/2016:01:53:38 -0500] "GET /BLA/resoluciones/RESOLUCIONES%202009/0091.pdf HTTP/1.1" 304 -
66.249.64.51 - - [17/Nov/2016:01:53:39 -0500] "GET /BLA/resoluciones/RESOLUCIONES%202011/4674.pdf HTTP/1.1" 304 -
66.249.64.55 - - [17/Nov/2016:01:53:41 -0500] "GET /BLA/resoluciones/RESOLUCIONES%202007/RES%202007%20701%20AL%20800/RESOLUCION%200720%20DE%202007.pdf HTTP/1.1" 304 -
66.249.64.51 - - [17/Nov/2016:01:53:43 -0500] "GET /BLA/resoluciones/AUTOS%202007/3077.pdf HTTP/1.1" 304 -
186.84.14.10 - - [17/Nov/2016:01:53:44 -0500] "GET /galeria/nivo-slider/demo/images/BANNERARBOLES.jpg HTTP/1.1" 200 227630
186.84.14.10 - - [17/Nov/2016:01:53:44 -0500] "GET /galeria/nivo-slider/demo/images/ACOPIADORESYGESTORES.jpg HTTP/1.1" 200 118791
66.249.64.51 - - [17/Nov/2016:01:53:46 -0500] "GET /BLA/resoluciones/AUTOS%202009/3151.pdf HTTP/1.1" 200 130917
66.249.64.53 - - [17/Nov/2016:01:53:47 -0500] "GET /BLA/resoluciones/AUTOS%202014/1319.pdf HTTP/1.1" 304 -
66.249.64.51 - - [17/Nov/2016:01:53:48 -0500] "GET /BLA/resoluciones/RESOLUCIONES%202010/2415.pdf HTTP/1.1" 304 -
66.249.64.51 - - [17/Nov/2016:01:53:50 -0500] "GET /BLA/resoluciones/AUTOS%202014/3589.pdf HTTP/1.1" 304 -
66.249.64.51 - - [17/Nov/2016:01:53:51 -0500] "GET /BLA/resoluciones/RESOLUCIONES%202010/6924.pdf HTTP/1.1" 304 -
66.249.64.51 - - [17/Nov/2016:01:53:52 -0500] "GET /BLA/resoluciones/RESOLUCIONES%202007/RES%202007%20301%20AL%20400/RESOLUCION%200398%20DE%202007.pdf HTTP/1.1" 304 -
66.249.64.51 - - [17/Nov/2016:01:53:53 -0500] "GET /BLA/resoluciones/RESOLUCIONES%202010/0204.pdf HTTP/1.1" 304 -
186.84.14.10 - - [17/Nov/2016:01:53:54 -0500] "GET /galeria/nivo-slider/demo/images/bannergestionambiental2.jpg HTTP/1.1" 200 245647
66.249.64.51 - - [17/Nov/2016:01:53:58 -0500] "GET /BLA/resoluciones/RESOLUCIONES%202011/3956.pdf HTTP/1.1" 200 685917
66.249.64.51 - - [17/Nov/2016:01:53:59 -0500] "GET /BLA/resoluciones/RESOLUCIONES%202013/0446.pdf HTTP/1.1" 304 -
186.84.14.10 - - [17/Nov/2016:01:54:04 -0500] "GET /galeria/nivo-slider/demo/images/bannergestionambiental2.jpg HTTP/1.1" 200 245647
186.84.14.10 - - [17/Nov/2016:01:54:04 -0500] "GET /galeria/nivo-slider/demo/images/vegetal.jpg HTTP/1.1" 200 216080
66.249.64.53 - - [17/Nov/2016:01:54:06 -0500] "GET /BLA/resoluciones/RESOLUCIONES%202008/0411.pdf HTTP/1.1" 304 -
66.249.64.53 - - [17/Nov/2016:01:54:08 -0500] "GET /BLA/resoluciones/RESOLUCIONES%202014/1747.pdf HTTP/1.1" 304 -
186.84.14.10 - - [17/Nov/2016:01:54:14 -0500] "GET /galeria/nivo-slider/demo/images/vegetal.jpg HTTP/1.1" 200 216080
186.84.14.10 - - [17/Nov/2016:01:54:14 -0500] "GET /galeria/nivo-slider/demo/images/Ruta-vertimientos-01.jpg HTTP/1.1" 200 130151
186.84.14.10 - - [17/Nov/2016:01:54:24 -0500] "GET /galeria/nivo-slider/demo/images/bolsas-06.jpg HTTP/1.1" 200 210950
66.249.64.57 - - [17/Nov/2016:01:54:26 -0500] "GET /BLA/resoluciones/AUTOS%202014/0543.pdf HTTP/1.1" 200 145695
66.249.64.53 - - [17/Nov/2016:01:54:33 -0500] "GET /BLA/resoluciones/RESOLUCIONES%202011/1245.pdf HTTP/1.1" 200 436134
186.84.14.10 - - [17/Nov/2016:01:54:34 -0500] "GET /galeria/nivo-slider/demo/images/bolsas-06.jpg HTTP/1.1" 200 210950
186.84.14.10 - - [17/Nov/2016:01:54:34 -0500] "GET /galeria/nivo-slider/demo/images/bannerdiadelvoluntariado2.jpg HTTP/1.1" 200 92375
66.249.64.53 - - [17/Nov/2016:01:54:36 -0500] "GET /BLA/resoluciones/RESOLUCIONES%202009/1732.pdf HTTP/1.1" 200 484737
186.84.14.10 - - [17/Nov/2016:01:54:44 -0500] "GET /galeria/nivo-slider/demo/images/bannerdiadelvoluntariado2.jpg HTTP/1.1" 200 92375
186.84.14.10 - - [17/Nov/2016:01:54:44 -0500] "GET /galeria/nivo-slider/demo/images/banner%20encuesta%20sda2-web3.jpg HTTP/1.1" 200 111668
66.249.64.59 - - [17/Nov/2016:01:54:44 -0500] "GET /BLA/resoluciones/AUTOS%202012/2605.pdf HTTP/1.1" 200 386349
69.162.124.232 - - [17/Nov/2016:01:54:45 -0500] "HEAD / HTTP/1.1" 200 -
163.172.66.115 - - [17/Nov/2016:01:54:52 -0500] "GET /BLA/resoluciones/AUTOS%202006/AUTOS%202006%20101-200/00000194.tif HTTP/1.1" 200 53570
186.84.14.10 - - [17/Nov/2016:01:54:54 -0500] "GET /galeria/nivo-slider/demo/images/bannerwebsemanecoempresarial.jpg HTTP/1.1" 200 108354
186.84.14.10 - - [17/Nov/2016:01:54:54 -0500] "GET /galeria/nivo-slider/demo/images/banner%20encuesta%20sda2-web3.jpg HTTP/1.1" 200 111668
186.84.14.10 - - [17/Nov/2016:01:55:04 -0500] "GET /galeria/nivo-slider/demo/images/BANNER%20ECORECICLATON-01d%20(2).jpg HTTP/1.1" 200 136864
186.84.14.10 - - [17/Nov/2016:01:55:04 -0500] "GET /galeria/nivo-slider/demo/images/bannerwebsemanecoempresarial.jpg HTTP/1.1" 200 108354
186.84.14.10 - - [17/Nov/2016:01:55:14 -0500] "GET /galeria/nivo-slider/demo/images/bannerinvitaci%C3%B3nacaminatasecologicas2.jpg HTTP/1.1" 200 513253
186.84.14.10 - - [17/Nov/2016:01:55:14 -0500] "GET /galeria/nivo-slider/demo/images/BANNER%20ECORECICLATON-01d%20(2).jpg HTTP/1.1" 200 136864
180.76.15.136 - - [17/Nov/2016:01:55:16 -0500] "GET /PORTAL_SIAC/swf/?C=S;O=A HTTP/1.1" 200 6173
186.84.14.10 - - [17/Nov/2016:01:55:24 -0500] "GET /galeria/nivo-slider/demo/images/bannerinvitaci%C3%B3nacaminatasecologicas2.jpg HTTP/1.1" 200 513253
186.84.14.10 - - [17/Nov/2016:01:55:24 -0500] "GET /galeria/nivo-slider/demo/images/bannersilvicultura.jpg HTTP/1.1" 200 173023
186.84.14.10 - - [17/Nov/2016:01:55:34 -0500] "GET /galeria/nivo-slider/demo/images/BANNERARBOLES.jpg HTTP/1.1" 200 227630
66.249.64.57 - - [17/Nov/2016:01:55:37 -0500] "GET /BLA/resoluciones/AUTOS%202009/2665.pdf HTTP/1.1" 200 78444
186.84.14.10 - - [17/Nov/2016:01:55:44 -0500] "GET /galeria/nivo-slider/demo/images/BANNERARBOLES.jpg HTTP/1.1" 200 227630
186.84.14.10 - - [17/Nov/2016:01:55:44 -0500] "GET /galeria/nivo-slider/demo/images/ACOPIADORESYGESTORES.jpg HTTP/1.1" 200 118791
66.249.64.51 - - [17/Nov/2016:01:55:49 -0500] "GET /BLA/resoluciones/AUTOS%202009/2294.pdf HTTP/1.1" 200 221628
66.249.64.55 - - [17/Nov/2016:01:55:53 -0500] "GET /BLA/resoluciones/AUTOS%202011/6447.pdf HTTP/1.1" 200 242755
186.84.14.10 - - [17/Nov/2016:01:55:54 -0500] "GET /galeria/nivo-slider/demo/images/bannergestionambiental2.jpg HTTP/1.1" 200 245647
186.84.14.10 - - [17/Nov/2016:01:55:54 -0500] "GET /galeria/nivo-slider/demo/images/ACOPIADORESYGESTORES.jpg HTTP/1.1" 200 118791
66.249.64.55 - - [17/Nov/2016:01:56:03 -0500] "GET /BLA/resoluciones/AUTOS%202012/1078.pdf HTTP/1.1" 304 -
66.249.64.55 - - [17/Nov/2016:01:56:04 -0500] "GET /BLA/resoluciones/Notificaciones/AUTOS%202015/05342.doc HTTP/1.1" 200 174958
186.84.14.10 - - [17/Nov/2016:01:56:04 -0500] "GET /galeria/nivo-slider/demo/images/bannergestionambiental2.jpg HTTP/1.1" 200 245647
186.84.14.10 - - [17/Nov/2016:01:56:04 -0500] "GET /galeria/nivo-slider/demo/images/vegetal.jpg HTTP/1.1" 200 216080
66.249.64.55 - - [17/Nov/2016:01:56:05 -0500] "GET /BLA/resoluciones/AUTOS%202015/0305.pdf HTTP/1.1" 200 699961
123.125.71.117 - - [17/Nov/2016:01:56:06 -0500] "GET /BLA/resoluciones/RESOLUCIONES%202009/7183.pdf HTTP/1.1" 200 1300509
186.84.14.10 - - [17/Nov/2016:01:56:14 -0500] "GET /galeria/nivo-slider/demo/images/vegetal.jpg HTTP/1.1" 200 216080
186.84.14.10 - - [17/Nov/2016:01:56:14 -0500] "GET /galeria/nivo-slider/demo/images/Ruta-vertimientos-01.jpg HTTP/1.1" 200 130151
66.249.64.53 - - [17/Nov/2016:01:56:21 -0500] "GET /BLA/resoluciones/AUTOS%202013/2767.pdf HTTP/1.1" 304 -
186.84.14.10 - - [17/Nov/2016:01:56:24 -0500] "GET /galeria/nivo-slider/demo/images/Ruta-vertimientos-01.jpg HTTP/1.1" 200 130151
186.84.14.10 - - [17/Nov/2016:01:56:24 -0500] "GET /galeria/nivo-slider/demo/images/bolsas-06.jpg HTTP/1.1" 200 210950
66.249.64.51 - - [17/Nov/2016:01:56:26 -0500] "GET /BLA/resoluciones/Autos%202008/2928.pdf HTTP/1.1" 200 66244
192.168.175.104 - - [17/Nov/2016:01:56:30 -0500] "GET / HTTP/1.0" 200 9990
66.249.64.63 - - [17/Nov/2016:01:56:31 -0500] "GET /Anexos%20estudio%20Organizacional%20SDA/index.php?dir=ANEXO%20No.%204%20-%20ENCUESTA%20DE%20AN%C1LISIS%20ORGANIZACIONAL/&sort=date&order=asc HTTP/1.1" 200 5348
66.249.64.53 - - [17/Nov/2016:01:56:33 -0500] "GET /BLA/resoluciones/AUTOS%202008/0519.pdf HTTP/1.1" 304 -
186.84.14.10 - - [17/Nov/2016:01:56:34 -0500] "GET /galeria/nivo-slider/demo/images/bolsas-06.jpg HTTP/1.1" 200 210950
186.84.14.10 - - [17/Nov/2016:01:56:34 -0500] "GET /galeria/nivo-slider/demo/images/bannerdiadelvoluntariado2.jpg HTTP/1.1" 200 92375
192.168.175.104 - - [17/Nov/2016:01:56:37 -0500] "GET / HTTP/1.1" 200 9990
66.249.64.51 - - [17/Nov/2016:01:56:39 -0500] "GET /BLA/resoluciones/RESOLUCIONES%202007/RES%202007%202401%20AL%202500/RESOLUCION%202483%20DE%202007.pdf HTTP/1.1" 200 413142
66.249.64.51 - - [17/Nov/2016:01:56:40 -0500] "GET /BLA/resoluciones/RESOLUCIONES%202013/2293.pdf HTTP/1.1" 200 558057
186.84.14.10 - - [17/Nov/2016:01:56:44 -0500] "GET /galeria/nivo-slider/demo/images/banner%20encuesta%20sda2-web3.jpg HTTP/1.1" 200 111668
186.84.14.10 - - [17/Nov/2016:01:56:44 -0500] "GET /galeria/nivo-slider/demo/images/bannerdiadelvoluntariado2.jpg HTTP/1.1" 200 92375
66.249.64.53 - - [17/Nov/2016:01:56:46 -0500] "GET /BLA/resoluciones/AUTOS%202011/4180.pdf HTTP/1.1" 304 -
66.249.64.53 - - [17/Nov/2016:01:56:47 -0500] "GET /BLA/resoluciones/RESOLUCIONES%202010/6086.pdf HTTP/1.1" 304 -
66.249.64.53 - - [17/Nov/2016:01:56:48 -0500] "GET /BLA/resoluciones/RESOLUCIONES%202009/7901.pdf HTTP/1.1" 304 -
66.249.64.51 - - [17/Nov/2016:01:56:49 -0500] "GET /BLA/resoluciones/AUTOS%202013/3079.pdf HTTP/1.1" 200 662804
163.172.65.198 - - [17/Nov/2016:01:56:52 -0500] "GET /BLA/resoluciones/RESOLUCIONES%202006/RES%202006%202501-2550/00002544.tif HTTP/1.1" 200 183932
186.84.14.10 - - [17/Nov/2016:01:56:54 -0500] "GET /galeria/nivo-slider/demo/images/bannerwebsemanecoempresarial.jpg HTTP/1.1" 200 108354
186.84.14.10 - - [17/Nov/2016:01:56:54 -0500] "GET /galeria/nivo-slider/demo/images/banner%20encuesta%20sda2-web3.jpg HTTP/1.1" 200 111668
66.249.64.51 - - [17/Nov/2016:01:56:57 -0500] "GET /BLA/resoluciones/RESOLUCIONES%202007/RES%202007%203101%20AL%203200/RESOLUCION%203151%20DE%202007.pdf HTTP/1.1" 200 708345
66.249.64.53 - - [17/Nov/2016:01:57:00 -0500] "GET /BLA/resoluciones/AUTOS%202014/0591.pdf HTTP/1.1" 200 948213
66.249.64.53 - - [17/Nov/2016:01:57:02 -0500] "GET /BLA/resoluciones/AUTOS%202014/4545.pdf HTTP/1.1" 304 -
66.249.64.53 - - [17/Nov/2016:01:57:03 -0500] "GET /BLA/resoluciones/RESOLUCIONES%202007/RES%202007%20201%20AL%20300/RESOLUCION%200205%20DE%202007.pdf HTTP/1.1" 304 -
66.249.64.57 - - [17/Nov/2016:01:57:04 -0500] "GET /BLA/resoluciones/AUTOS%202012/0664.pdf HTTP/1.1" 200 352148
186.84.14.10 - - [17/Nov/2016:01:57:04 -0500] "GET /galeria/nivo-slider/demo/images/bannerwebsemanecoempresarial.jpg HTTP/1.1" 200 108354
186.84.14.10 - - [17/Nov/2016:01:57:04 -0500] "GET /galeria/nivo-slider/demo/images/BANNER%20ECORECICLATON-01d%20(2).jpg HTTP/1.1" 200 136864
163.172.65.180 - - [17/Nov/2016:01:57:04 -0500] "GET /BLA/resoluciones/RESOLUCIONES%202006/RES%202006%202251-2300/00002284.tif HTTP/1.1" 200 258534
66.249.64.53 - - [17/Nov/2016:01:57:05 -0500] "GET /BLA/resoluciones/AUTOS%202008/0240.pdf HTTP/1.1" 200 114040
66.249.64.57 - - [17/Nov/2016:01:57:07 -0500] "GET /BLA/resoluciones/RESOLUCIONES%202008/2961.pdf HTTP/1.1" 200 309122
66.249.64.53 - - [17/Nov/2016:01:57:08 -0500] "GET /BLA/resoluciones/RESOLUCIONES%202009/2776.pdf HTTP/1.1" 304 -
66.249.64.59 - - [17/Nov/2016:01:57:09 -0500] "GET /BLA/resoluciones/AUTOS%202010/1450.pdf HTTP/1.1" 200 244647
66.249.64.53 - - [17/Nov/2016:01:57:10 -0500] "GET /BLA/resoluciones/Notificaciones/AUTOS%202014/5256.doc HTTP/1.1" 200 116224
66.249.64.55 - - [17/Nov/2016:01:57:11 -0500] "GET /BLA/resoluciones/RESOLUCIONES%202006/RES%202006%20301-350/00000313.tif HTTP/1.1" 200 117408
184.168.193.153 - - [17/Nov/2016:01:57:12 -0500] "GET /wp-admin/ HTTP/1.1" 404 1018
186.84.14.10 - - [17/Nov/2016:01:57:14 -0500] "GET /galeria/nivo-slider/demo/images/BANNER%20ECORECICLATON-01d%20(2).jpg HTTP/1.1" 200 136864
186.84.14.10 - - [17/Nov/2016:01:57:14 -0500] "GET /galeria/nivo-slider/demo/images/bannerinvitaci%C3%B3nacaminatasecologicas2.jpg HTTP/1.1" 200 513253
66.249.64.57 - - [17/Nov/2016:01:57:14 -0500] "GET /BLA/resoluciones/AUTOS%202013/0091.pdf HTTP/1.1" 200 1387916
192.168.175.104 - - [17/Nov/2016:01:57:17 -0500] "GET / HTTP/1.1" 200 9990
66.249.64.55 - - [17/Nov/2016:01:57:17 -0500] "GET /BLA/resoluciones/AUTOS%202014/6087.pdf HTTP/1.1" 200 476203
66.249.64.61 - - [17/Nov/2016:01:57:18 -0500] "GET /BLA/resoluciones/RESOLUCIONES%202011/2207.pdf HTTP/1.1" 200 510507
163.172.65.119 - - [17/Nov/2016:01:57:20 -0500] "GET /BLA/resoluciones/RESOLUCIONES%202004/RES%202004%20751-800/00000775.tif HTTP/1.1" 200 53724
66.249.64.59 - - [17/Nov/2016:01:57:20 -0500] "GET /ecodirectorio/files/res/downloads/download_0057.pdf HTTP/1.1" 304 -
66.249.64.53 - - [17/Nov/2016:01:57:22 -0500] "GET /BLA/resoluciones/AUTOS%202014/6483.pdf HTTP/1.1" 304 -
66.249.64.51 - - [17/Nov/2016:01:57:24 -0500] "GET /BLA/resoluciones/AUTOS%202014/5689.pdf HTTP/1.1" 304 -
186.84.14.10 - - [17/Nov/2016:01:57:24 -0500] "GET /galeria/nivo-slider/demo/images/bannersilvicultura.jpg HTTP/1.1" 200 173023
186.84.14.10 - - [17/Nov/2016:01:57:24 -0500] "GET /galeria/nivo-slider/demo/images/bannerinvitaci%C3%B3nacaminatasecologicas2.jpg HTTP/1.1" 200 513253
66.249.64.57 - - [17/Nov/2016:01:57:25 -0500] "GET /BLA/resoluciones/AUTOS%202014/0548.pdf HTTP/1.1" 200 971186
66.249.64.59 - - [17/Nov/2016:01:57:26 -0500] "GET /BLA/resoluciones/RESOLUCIONES%202007/RES%202007%203501%20AL%203600/RESOLUCION%203586%20DE%202007.pdf HTTP/1.1" 304 -
163.172.66.108 - - [17/Nov/2016:01:57:34 -0500] "GET /BLA/resoluciones/AUTOS%202006/AUTOS%202006%201801-%201900/00001821.tif HTTP/1.1" 200 100654
186.84.14.10 - - [17/Nov/2016:01:57:34 -0500] "GET /galeria/nivo-slider/demo/images/bannersilvicultura.jpg HTTP/1.1" 200 173023
186.84.14.10 - - [17/Nov/2016:01:57:34 -0500] "GET /galeria/nivo-slider/demo/images/BANNERARBOLES.jpg HTTP/1.1" 200 227630
66.249.64.57 - - [17/Nov/2016:01:57:37 -0500] "GET /BLA/resoluciones/RESOLUCIONES%202013/0701.pdf HTTP/1.1" 304 -
66.249.64.51 - - [17/Nov/2016:01:57:37 -0500] "GET /BLA/resoluciones/AUTOS%202014/7078.pdf HTTP/1.1" 200 698649
66.249.64.53 - - [17/Nov/2016:01:57:41 -0500] "GET /BLA/resoluciones/RESOLUCIONES%202014/3263.pdf HTTP/1.1" 200 629797
66.249.64.57 - - [17/Nov/2016:01:57:42 -0500] "GET /BLA/resoluciones/RESOLUCIONES%202014/2216.pdf HTTP/1.1" 200 1157853
66.249.64.55 - - [17/Nov/2016:01:57:43 -0500] "GET /BLA/resoluciones/AUTOS%202013/2317.pdf HTTP/1.1" 200 492757
186.84.14.10 - - [17/Nov/2016:01:57:44 -0500] "GET /galeria/nivo-slider/demo/images/ACOPIADORESYGESTORES.jpg HTTP/1.1" 200 118791
186.84.14.10 - - [17/Nov/2016:01:57:44 -0500] "GET /galeria/nivo-slider/demo/images/BANNERARBOLES.jpg HTTP/1.1" 200 227630
66.249.64.53 - - [17/Nov/2016:01:57:45 -0500] "GET /BLA/resoluciones/RESOLUCIONES%202007/RES%202007%20101%20AL%20200/RESOLUCION%200162%20DE%202007.pdf HTTP/1.1" 304 -
66.249.69.174 - - [17/Nov/2016:01:57:45 -0500] "GET /BLA/resoluciones/AUTOS%202008/1477.pdf HTTP/1.1" 200 137990
66.249.64.55 - - [17/Nov/2016:01:57:46 -0500] "GET /BLA/resoluciones/RESOLUCIONES%202007/RES%202007%201801%20AL%201900/RESOLUCION%201861%20DE%202007.pdf HTTP/1.1" 304 -
186.84.14.10 - - [17/Nov/2016:01:57:54 -0500] "GET /galeria/nivo-slider/demo/images/bannergestionambiental2.jpg HTTP/1.1" 200 245647
186.84.14.10 - - [17/Nov/2016:01:57:54 -0500] "GET /galeria/nivo-slider/demo/images/ACOPIADORESYGESTORES.jpg HTTP/1.1" 200 118791
66.249.64.61 - - [17/Nov/2016:01:57:55 -0500] "GET /BLA/resoluciones/AUTOS%202014/1707.pdf HTTP/1.1" 200 667587
66.249.64.61 - - [17/Nov/2016:01:57:57 -0500] "GET /BLA/resoluciones/AUTOS%202014/6509.pdf HTTP/1.1" 200 564011
66.249.64.61 - - [17/Nov/2016:01:58:01 -0500] "GET /BLA/resoluciones/AUTOS%202015/6341.pdf HTTP/1.1" 200 520154
66.249.64.51 - - [17/Nov/2016:01:58:03 -0500] "GET /BLA/resoluciones/AUTOS%202014/4226.pdf HTTP/1.1" 200 520817
186.84.14.10 - - [17/Nov/2016:01:58:04 -0500] "GET /galeria/nivo-slider/demo/images/bannergestionambiental2.jpg HTTP/1.1" 200 245647
186.84.14.10 - - [17/Nov/2016:01:58:04 -0500] "GET /galeria/nivo-slider/demo/images/vegetal.jpg HTTP/1.1" 200 216080
66.249.64.55 - - [17/Nov/2016:01:58:05 -0500] "GET /BLA/resoluciones/AUTOS%202011/3372.pdf HTTP/1.1" 304 -
66.249.64.53 - - [17/Nov/2016:01:58:07 -0500] "GET /BLA/resoluciones/RESOLUCIONES%202010/1634.pdf HTTP/1.1" 304 -
199.21.99.202 - - [17/Nov/2016:01:58:11 -0500] "GET /robots.txt HTTP/1.1" 404 1019
186.84.14.10 - - [17/Nov/2016:01:58:14 -0500] "GET /galeria/nivo-slider/demo/images/vegetal.jpg HTTP/1.1" 200 216080
186.84.14.10 - - [17/Nov/2016:01:58:14 -0500] "GET /galeria/nivo-slider/demo/images/Ruta-vertimientos-01.jpg HTTP/1.1" 200 130151
77.88.47.11 - - [17/Nov/2016:01:58:16 -0500] "GET /favicon.ico HTTP/1.1" 200 7782
66.249.64.57 - - [17/Nov/2016:01:58:21 -0500] "GET /BLA/resoluciones/RESOLUCIONES%202010/6510.pdf HTTP/1.1" 200 74055
66.249.64.63 - - [17/Nov/2016:01:58:21 -0500] "GET /BLA/resoluciones/RESOLUCIONES%202008/1822.pdf HTTP/1.1" 304 -
66.249.64.51 - - [17/Nov/2016:01:58:22 -0500] "GET /BLA/resoluciones/RESOLUCIONES%202013/2483.pdf HTTP/1.1" 304 -
186.84.14.10 - - [17/Nov/2016:01:58:24 -0500] "GET /galeria/nivo-slider/demo/images/Ruta-vertimientos-01.jpg HTTP/1.1" 200 130151
66.249.64.55 - - [17/Nov/2016:01:58:24 -0500] "GET /BLA/resoluciones/RESOLUCIONES%202007/RES%202007%202301%20AL%202400/RESOLUCION%202385%20DE%202007.pdf HTTP/1.1" 304 -
186.84.14.10 - - [17/Nov/2016:01:58:24 -0500] "GET /galeria/nivo-slider/demo/images/bolsas-06.jpg HTTP/1.1" 200 210950
66.249.64.51 - - [17/Nov/2016:01:58:25 -0500] "GET /BLA/resoluciones/AUTOS%202014/4210.pdf HTTP/1.1" 304 -
66.249.64.55 - - [17/Nov/2016:01:58:27 -0500] "GET /BLA/resoluciones/RESOLUCIONES%202007/RES%202007%202401%20AL%202500/RESOLUCION%202455%20%20DE%202007.pdf HTTP/1.1" 200 577988
186.84.14.10 - - [17/Nov/2016:01:58:34 -0500] "GET /galeria/nivo-slider/demo/images/bolsas-06.jpg HTTP/1.1" 200 210950
186.84.14.10 - - [17/Nov/2016:01:58:34 -0500] "GET /galeria/nivo-slider/demo/images/bannerdiadelvoluntariado2.jpg HTTP/1.1" 200 92375
66.249.64.55 - - [17/Nov/2016:01:58:35 -0500] "GET /BLA/resoluciones/RESOLUCIONES%202008/5401.pdf HTTP/1.1" 304 -
66.249.64.55 - - [17/Nov/2016:01:58:39 -0500] "GET /BLA/resoluciones/AUTOS%202015/3813.pdf HTTP/1.1" 200 519232
66.249.64.51 - - [17/Nov/2016:01:58:40 -0500] "GET /BLA/resoluciones/RESOLUCIONES%202011/3122.pdf HTTP/1.1" 200 670370
66.249.64.55 - - [17/Nov/2016:01:58:43 -0500] "GET /BLA/resoluciones/RESOLUCIONES%202010/6008.pdf HTTP/1.1" 304 -
186.84.14.10 - - [17/Nov/2016:01:58:44 -0500] "GET /galeria/nivo-slider/demo/images/bannerdiadelvoluntariado2.jpg HTTP/1.1" 200 92375
186.84.14.10 - - [17/Nov/2016:01:58:44 -0500] "GET /galeria/nivo-slider/demo/images/banner%20encuesta%20sda2-web3.jpg HTTP/1.1" 200 111668
66.249.64.53 - - [17/Nov/2016:01:58:45 -0500] "GET /BLA/resoluciones/RESOLUCIONES%202010/6778.pdf HTTP/1.1" 304 -
66.249.64.53 - - [17/Nov/2016:01:58:52 -0500] "GET /BLA/resoluciones/AUTOS%202014/2023.pdf HTTP/1.1" 304 -
66.249.64.51 - - [17/Nov/2016:01:58:54 -0500] "GET /BLA/resoluciones/AUTOS%202013/2164.pdf HTTP/1.1" 304 -
186.84.14.10 - - [17/Nov/2016:01:58:54 -0500] "GET /galeria/nivo-slider/demo/images/bannerwebsemanecoempresarial.jpg HTTP/1.1" 200 108354
66.249.64.51 - - [17/Nov/2016:01:58:55 -0500] "GET /BLA/resoluciones/AUTOS%202013/0647.pdf HTTP/1.1" 304 -
66.249.64.51 - - [17/Nov/2016:01:58:57 -0500] "GET /BLA/resoluciones/RESOLUCIONES%202012/0042.pdf HTTP/1.1" 304 -
66.249.64.51 - - [17/Nov/2016:01:58:59 -0500] "GET /BLA/resoluciones/AUTOS%202011/5718.pdf HTTP/1.1" 304 -
66.249.64.51 - - [17/Nov/2016:01:59:03 -0500] "GET /BLA/resoluciones/AUTOS%202012/3038.pdf HTTP/1.1" 304 -
186.84.14.10 - - [17/Nov/2016:01:59:04 -0500] "GET /galeria/nivo-slider/demo/images/bannerwebsemanecoempresarial.jpg HTTP/1.1" 200 108354
186.84.14.10 - - [17/Nov/2016:01:59:04 -0500] "GET /galeria/nivo-slider/demo/images/BANNER%20ECORECICLATON-01d%20(2).jpg HTTP/1.1" 200 136864
66.249.64.53 - - [17/Nov/2016:01:59:05 -0500] "GET /BLA/resoluciones/RESOLUCIONES%202007/RES%202007%203101%20AL%203200/RESOLUCION%203131%20DE%202007.pdf HTTP/1.1" 304 -
66.249.64.53 - - [17/Nov/2016:01:59:07 -0500] "GET /BLA/resoluciones/AUTOS%202011/0206.pdf HTTP/1.1" 304 -
66.249.64.53 - - [17/Nov/2016:01:59:09 -0500] "GET /BLA/resoluciones/AUTOS%202011/1964.pdf HTTP/1.1" 304 -
66.249.64.51 - - [17/Nov/2016:01:59:11 -0500] "GET /BLA/resoluciones/RESOLUCIONES%202009/3798.pdf HTTP/1.1" 304 -
66.249.64.51 - - [17/Nov/2016:01:59:13 -0500] "GET /BLA/resoluciones/RESOLUCIONES%202007/RES%202007%202501%20AL%202600/RESOLUCION%202600%20DE%202007.pdf HTTP/1.1" 304 -
186.84.14.10 - - [17/Nov/2016:01:59:14 -0500] "GET /galeria/nivo-slider/demo/images/bannerinvitaci%C3%B3nacaminatasecologicas2.jpg HTTP/1.1" 200 513253
66.249.64.53 - - [17/Nov/2016:01:59:17 -0500] "GET /BLA/resoluciones/RESOLUCIONES%202008/0926.pdf HTTP/1.1" 304 -
66.249.64.53 - - [17/Nov/2016:01:59:20 -0500] "GET /BLA/resoluciones/RESOLUCIONES%202011/0564.pdf HTTP/1.1" 304 -
186.84.14.10 - - [17/Nov/2016:01:59:24 -0500] "GET /galeria/nivo-slider/demo/images/bannerinvitaci%C3%B3nacaminatasecologicas2.jpg HTTP/1.1" 200 513253
186.84.14.10 - - [17/Nov/2016:01:59:24 -0500] "GET /galeria/nivo-slider/demo/images/bannersilvicultura.jpg HTTP/1.1" 200 173023
66.249.64.51 - - [17/Nov/2016:01:59:24 -0500] "GET /BLA/resoluciones/AUTOS%202011/5386.pdf HTTP/1.1" 304 -
66.249.64.51 - - [17/Nov/2016:01:59:30 -0500] "GET /BLA/resoluciones/RESOLUCIONES%202013/1183.pdf HTTP/1.1" 200 399363
186.84.14.10 - - [17/Nov/2016:01:59:34 -0500] "GET /galeria/nivo-slider/demo/images/bannersilvicultura.jpg HTTP/1.1" 200 173023
186.84.14.10 - - [17/Nov/2016:01:59:34 -0500] "GET /galeria/nivo-slider/demo/images/BANNERARBOLES.jpg HTTP/1.1" 200 227630
66.249.64.51 - - [17/Nov/2016:01:59:41 -0500] "GET /BLA/resoluciones/AUTOS%202007/1515.pdf HTTP/1.1" 200 190034
186.84.14.10 - - [17/Nov/2016:01:59:44 -0500] "GET /galeria/nivo-slider/demo/images/BANNERARBOLES.jpg HTTP/1.1" 200 227630
186.84.14.10 - - [17/Nov/2016:01:59:44 -0500] "GET /galeria/nivo-slider/demo/images/ACOPIADORESYGESTORES.jpg HTTP/1.1" 200 118791
66.249.64.51 - - [17/Nov/2016:01:59:44 -0500] "GET /BLA/resoluciones/AUTOS%202007/1513.pdf HTTP/1.1" 200 186672
69.162.124.232 - - [17/Nov/2016:01:59:45 -0500] "HEAD / HTTP/1.1" 200 -
186.84.14.10 - - [17/Nov/2016:01:59:54 -0500] "GET /galeria/nivo-slider/demo/images/bannergestionambiental2.jpg HTTP/1.1" 200 245647
186.155.17.223 - - [17/Nov/2016:01:59:55 -0500] "GET /BLA/boletinlegal/js/jquery.scrollShow.js HTTP/1.1" 200 4586
186.155.17.223 - - [17/Nov/2016:01:59:55 -0500] "GET /galeria/galeria/jquery.fancybox.css?v=2.1.5 HTTP/1.1" 200 4895
186.155.17.223 - - [17/Nov/2016:01:59:55 -0500] "GET /galeria/galeria/jquery.fancybox.js?v=2.1.5 HTTP/1.1" 200 48706
186.84.14.10 - - [17/Nov/2016:02:00:04 -0500] "GET /galeria/nivo-slider/demo/images/bannergestionambiental2.jpg HTTP/1.1" 200 245647
186.84.14.10 - - [17/Nov/2016:02:00:04 -0500] "GET /galeria/nivo-slider/demo/images/vegetal.jpg HTTP/1.1" 200 216080
68.180.230.228 - - [17/Nov/2016:02:00:10 -0500] "GET /robots.txt HTTP/1.1" 404 1018
68.180.230.228 - - [17/Nov/2016:02:00:10 -0500] "GET /BLA/boletinlegal/Circulares/2012/Circular%20No.%2012%20del%2028%20de%20Agosto%20de%202012.pdf HTTP/1.1" 304 -
186.84.14.10 - - [17/Nov/2016:02:00:14 -0500] "GET /galeria/nivo-slider/demo/images/Ruta-vertimientos-01.jpg HTTP/1.1" 200 130151
186.84.14.10 - - [17/Nov/2016:02:00:24 -0500] "GET /galeria/nivo-slider/demo/images/bolsas-06.jpg HTTP/1.1" 200 210950
66.249.64.53 - - [17/Nov/2016:02:00:31 -0500] "GET /BLA/resoluciones/AUTOS%202013/1003.pdf HTTP/1.1" 304 -
186.84.14.10 - - [17/Nov/2016:02:00:34 -0500] "GET /galeria/nivo-slider/demo/images/bolsas-06.jpg HTTP/1.1" 200 210950
186.84.14.10 - - [17/Nov/2016:02:00:34 -0500] "GET /galeria/nivo-slider/demo/images/bannerdiadelvoluntariado2.jpg HTTP/1.1" 200 92375
186.84.14.10 - - [17/Nov/2016:02:00:44 -0500] "GET /galeria/nivo-slider/demo/images/bannerdiadelvoluntariado2.jpg HTTP/1.1" 200 92375
186.84.14.10 - - [17/Nov/2016:02:00:44 -0500] "GET /galeria/nivo-slider/demo/images/banner%20encuesta%20sda2-web3.jpg HTTP/1.1" 200 111668
163.172.66.173 - - [17/Nov/2016:02:00:51 -0500] "GET /BLA/resoluciones/index.php?dir=RESOLUCIONES+2006%2FRES+2006+651-700%2F HTTP/1.1" 200 12252
186.84.14.10 - - [17/Nov/2016:02:00:54 -0500] "GET /galeria/nivo-slider/demo/images/bannerwebsemanecoempresarial.jpg HTTP/1.1" 200 108354
186.84.14.10 - - [17/Nov/2016:02:00:54 -0500] "GET /galeria/nivo-slider/demo/images/banner%20encuesta%20sda2-web3.jpg HTTP/1.1" 200 111668
163.172.65.215 - - [17/Nov/2016:02:00:57 -0500] "GET /BLA/resoluciones/RESOLUCIONES%202005/RES%202005%202701%20-2750/00002710.tif HTTP/1.1" 200 582426
186.84.14.10 - - [17/Nov/2016:02:01:04 -0500] "GET /galeria/nivo-slider/demo/images/BANNER%20ECORECICLATON-01d%20(2).jpg HTTP/1.1" 200 136864
186.84.14.10 - - [17/Nov/2016:02:01:04 -0500] "GET /galeria/nivo-slider/demo/images/bannerwebsemanecoempresarial.jpg HTTP/1.1" 200 108354
66.249.64.53 - - [17/Nov/2016:02:01:09 -0500] "GET /BLA/resoluciones/RESOLUCIONES%202011/2280.pdf HTTP/1.1" 200 297628
186.84.14.10 - - [17/Nov/2016:02:01:14 -0500] "GET /galeria/nivo-slider/demo/images/BANNER%20ECORECICLATON-01d%20(2).jpg HTTP/1.1" 200 136864
186.84.14.10 - - [17/Nov/2016:02:01:14 -0500] "GET /galeria/nivo-slider/demo/images/bannerinvitaci%C3%B3nacaminatasecologicas2.jpg HTTP/1.1" 200 513253
66.249.64.51 - - [17/Nov/2016:02:01:19 -0500] "GET /BLA/resoluciones/AUTOS%202013/2314.pdf HTTP/1.1" 200 914910
66.249.64.51 - - [17/Nov/2016:02:01:21 -0500] "GET /BLA/resoluciones/AUTOS%202014/1052.pdf HTTP/1.1" 304 -
66.249.64.51 - - [17/Nov/2016:02:01:22 -0500] "GET /BLA/resoluciones/AUTOS%202013/1027.pdf HTTP/1.1" 200 1391793
66.249.64.55 - - [17/Nov/2016:02:01:23 -0500] "GET /BLA/resoluciones/Autos%202008/2692.pdf HTTP/1.1" 200 134316
66.249.64.51 - - [17/Nov/2016:02:01:24 -0500] "GET /BLA/resoluciones/AUTOS%202015/1593.pdf HTTP/1.1" 200 709335
186.84.14.10 - - [17/Nov/2016:02:01:24 -0500] "GET /galeria/nivo-slider/demo/images/bannerinvitaci%C3%B3nacaminatasecologicas2.jpg HTTP/1.1" 200 513253
186.84.14.10 - - [17/Nov/2016:02:01:24 -0500] "GET /galeria/nivo-slider/demo/images/bannersilvicultura.jpg HTTP/1.1" 200 173023
66.249.64.51 - - [17/Nov/2016:02:01:27 -0500] "GET /BLA/resoluciones/Notificaciones/AUTOS%202015/07038.doc HTTP/1.1" 200 144015
192.168.175.104 - - [17/Nov/2016:02:01:28 -0500] "GET / HTTP/1.0" 200 9990
66.249.64.51 - - [17/Nov/2016:02:01:33 -0500] "GET /BLA/resoluciones/AUTOS%202013/1103.pdf HTTP/1.1" 304 -
186.84.14.10 - - [17/Nov/2016:02:01:34 -0500] "GET /galeria/nivo-slider/demo/images/bannersilvicultura.jpg HTTP/1.1" 200 173023
186.84.14.10 - - [17/Nov/2016:02:01:34 -0500] "GET /galeria/nivo-slider/demo/images/BANNERARBOLES.jpg HTTP/1.1" 200 227630
66.249.64.51 - - [17/Nov/2016:02:01:35 -0500] "GET /BLA/resoluciones/AUTOS%202013/2418.pdf HTTP/1.1" 304 -
192.168.175.104 - - [17/Nov/2016:02:01:35 -0500] "GET / HTTP/1.1" 200 9990
66.249.64.51 - - [17/Nov/2016:02:01:36 -0500] "GET /BLA/resoluciones/AUTOS%202014/1034.pdf HTTP/1.1" 304 -
66.249.64.51 - - [17/Nov/2016:02:01:38 -0500] "GET /BLA/resoluciones/AUTOS%202014/6798.pdf HTTP/1.1" 304 -
66.249.64.51 - - [17/Nov/2016:02:01:39 -0500] "GET /BLA/resoluciones/AUTOS%202015/0250.pdf HTTP/1.1" 304 -
66.249.64.53 - - [17/Nov/2016:02:01:39 -0500] "GET /BLA/resoluciones/AUTOS%202015/2489.pdf HTTP/1.1" 304 -
66.249.64.53 - - [17/Nov/2016:02:01:40 -0500] "GET /BLA/resoluciones/AUTOS%202013/1346.pdf HTTP/1.1" 304 -
66.249.64.51 - - [17/Nov/2016:02:01:42 -0500] "GET /BLA/resoluciones/AUTOS%202013/1593.pdf HTTP/1.1" 304 -
66.249.64.51 - - [17/Nov/2016:02:01:42 -0500] "GET /BLA/resoluciones/AUTOS%202014/0605.pdf HTTP/1.1" 304 -
186.84.14.10 - - [17/Nov/2016:02:01:44 -0500] "GET /galeria/nivo-slider/demo/images/BANNERARBOLES.jpg HTTP/1.1" 200 227630
186.84.14.10 - - [17/Nov/2016:02:01:44 -0500] "GET /galeria/nivo-slider/demo/images/ACOPIADORESYGESTORES.jpg HTTP/1.1" 200 118791
66.249.64.53 - - [17/Nov/2016:02:01:47 -0500] "GET /BLA/resoluciones/AUTOS%202014/3614.pdf HTTP/1.1" 304 -
66.249.64.51 - - [17/Nov/2016:02:01:48 -0500] "GET /BLA/resoluciones/AUTOS%202013/0918.pdf HTTP/1.1" 304 -
66.249.64.51 - - [17/Nov/2016:02:01:49 -0500] "GET /BLA/resoluciones/AUTOS%202010/1312.pdf HTTP/1.1" 200 227257
66.249.64.53 - - [17/Nov/2016:02:01:51 -0500] "GET /BLA/resoluciones/AUTOS%202013/0279.pdf HTTP/1.1" 304 -
186.84.14.10 - - [17/Nov/2016:02:01:54 -0500] "GET /galeria/nivo-slider/demo/images/ACOPIADORESYGESTORES.jpg HTTP/1.1" 200 118791
186.84.14.10 - - [17/Nov/2016:02:01:54 -0500] "GET /galeria/nivo-slider/demo/images/bannergestionambiental2.jpg HTTP/1.1" 200 245647
66.249.64.53 - - [17/Nov/2016:02:01:58 -0500] "GET /BLA/resoluciones/AUTOS%202013/2370.pdf HTTP/1.1" 304 -
66.249.64.53 - - [17/Nov/2016:02:02:01 -0500] "GET /BLA/resoluciones/Autos%202008/0104.pdf HTTP/1.1" 200 154665
186.84.14.10 - - [17/Nov/2016:02:02:04 -0500] "GET /galeria/nivo-slider/demo/images/bannergestionambiental2.jpg HTTP/1.1" 200 245647
186.84.14.10 - - [17/Nov/2016:02:02:04 -0500] "GET /galeria/nivo-slider/demo/images/vegetal.jpg HTTP/1.1" 200 216080
66.249.64.51 - - [17/Nov/2016:02:02:07 -0500] "GET /BLA/resoluciones/RESOLUCIONES%202009/5239.pdf HTTP/1.1" 304 -
186.84.14.10 - - [17/Nov/2016:02:02:14 -0500] "GET /galeria/nivo-slider/demo/images/vegetal.jpg HTTP/1.1" 200 216080
186.84.14.10 - - [17/Nov/2016:02:02:14 -0500] "GET /galeria/nivo-slider/demo/images/Ruta-vertimientos-01.jpg HTTP/1.1" 200 130151
192.168.175.104 - - [17/Nov/2016:02:02:15 -0500] "GET / HTTP/1.1" 200 9990
163.172.66.163 - - [17/Nov/2016:02:02:16 -0500] "GET /BLA/resoluciones/RESOLUCIONES%202003/RES%202003%20501-550/529.tif HTTP/1.1" 200 153068
66.249.64.51 - - [17/Nov/2016:02:02:19 -0500] "GET /BLA/resoluciones/RESOLUCIONES%202007/RES%202007%202901%20AL%203000/RESOLUCION%202905%20DE%202007.pdf HTTP/1.1" 304 -
66.249.64.51 - - [17/Nov/2016:02:02:21 -0500] "GET /BLA/resoluciones/RESOLUCIONES%202011/1155.pdf HTTP/1.1" 200 326805
66.249.64.53 - - [17/Nov/2016:02:02:21 -0500] "GET /BLA/resoluciones/RESOLUCIONES%202014/2459.pdf HTTP/1.1" 304 -
186.84.14.10 - - [17/Nov/2016:02:02:24 -0500] "GET /galeria/nivo-slider/demo/images/bolsas-06.jpg HTTP/1.1" 200 210950
66.249.64.51 - - [17/Nov/2016:02:02:26 -0500] "GET /BLA/resoluciones/RESOLUCIONES%202009/5618.pdf HTTP/1.1" 304 -
66.249.64.53 - - [17/Nov/2016:02:02:30 -0500] "GET /BLA/resoluciones/RESOLUCIONES%202009/3611.pdf HTTP/1.1" 200 110172
66.249.64.53 - - [17/Nov/2016:02:02:30 -0500] "GET /BLA/resoluciones/RESOLUCIONES%202007/RES%202007%201901%20AL%202000/RESOLUCION%201972%20DE%202007.pdf HTTP/1.1" 200 25546
66.249.64.51 - - [17/Nov/2016:02:02:30 -0500] "GET /BLA/resoluciones/RESOLUCIONES%202010/5719.pdf HTTP/1.1" 304 -
66.249.64.53 - - [17/Nov/2016:02:02:31 -0500] "GET /BLA/resoluciones/AUTOS%202014/3696.pdf HTTP/1.1" 304 -
66.249.64.51 - - [17/Nov/2016:02:02:34 -0500] "GET /BLA/resoluciones/AUTOS%202011/7708.pdf HTTP/1.1" 200 154044
186.84.14.10 - - [17/Nov/2016:02:02:34 -0500] "GET /galeria/nivo-slider/demo/images/bolsas-06.jpg HTTP/1.1" 200 210950
186.84.14.10 - - [17/Nov/2016:02:02:34 -0500] "GET /galeria/nivo-slider/demo/images/bannerdiadelvoluntariado2.jpg HTTP/1.1" 200 92375
66.249.64.51 - - [17/Nov/2016:02:02:35 -0500] "GET /BLA/resoluciones/AUTOS%202008/0645.pdf HTTP/1.1" 304 -
66.249.64.51 - - [17/Nov/2016:02:02:37 -0500] "GET /BLA/resoluciones/RESOLUCIONES%202012/1916.pdf HTTP/1.1" 200 485658
66.249.64.51 - - [17/Nov/2016:02:02:38 -0500] "GET /BLA/resoluciones/AUTOS%202014/0310.pdf HTTP/1.1" 200 717239
66.249.64.53 - - [17/Nov/2016:02:02:42 -0500] "GET /BLA/resoluciones/AUTOS%202012/1851.pdf HTTP/1.1" 200 276905
186.84.14.10 - - [17/Nov/2016:02:02:44 -0500] "GET /galeria/nivo-slider/demo/images/banner%20encuesta%20sda2-web3.jpg HTTP/1.1" 200 111668
186.84.14.10 - - [17/Nov/2016:02:02:44 -0500] "GET /galeria/nivo-slider/demo/images/bannerdiadelvoluntariado2.jpg HTTP/1.1" 200 92375
66.249.64.51 - - [17/Nov/2016:02:02:49 -0500] "GET /BLA/resoluciones/AUTOS%202014/5982.pdf HTTP/1.1" 200 542099
66.249.64.51 - - [17/Nov/2016:02:02:53 -0500] "GET /BLA/resoluciones/AUTOS%202008/1628.pdf HTTP/1.1" 200 66657
186.84.14.10 - - [17/Nov/2016:02:02:54 -0500] "GET /galeria/nivo-slider/demo/images/banner%20encuesta%20sda2-web3.jpg HTTP/1.1" 200 111668
186.84.14.10 - - [17/Nov/2016:02:02:54 -0500] "GET /galeria/nivo-slider/demo/images/bannerwebsemanecoempresarial.jpg HTTP/1.1" 200 108354
66.249.64.51 - - [17/Nov/2016:02:02:55 -0500] "GET /BLA/resoluciones/RESOLUCIONES%202009/6217.pdf HTTP/1.1" 200 1026223
66.249.64.51 - - [17/Nov/2016:02:02:56 -0500] "GET /BLA/resoluciones/AUTOS%202008/0222.pdf HTTP/1.1" 200 104558
66.249.64.53 - - [17/Nov/2016:02:02:58 -0500] "GET /BLA/resoluciones/AUTOS%202015/0771.pdf HTTP/1.1" 304 -
66.249.64.53 - - [17/Nov/2016:02:02:58 -0500] "GET /BLA/resoluciones/RESOLUCIONES%202012/1270.pdf HTTP/1.1" 200 562505
66.249.64.53 - - [17/Nov/2016:02:03:02 -0500] "GET /BLA/resoluciones/RESOLUCIONES%202007/RES%202007%204201%20AL%204300/RESOLUCION%204278%20DE%202007.pdf HTTP/1.1" 304 -
186.84.14.10 - - [17/Nov/2016:02:03:04 -0500] "GET /galeria/nivo-slider/demo/images/bannerwebsemanecoempresarial.jpg HTTP/1.1" 200 108354
186.84.14.10 - - [17/Nov/2016:02:03:04 -0500] "GET /galeria/nivo-slider/demo/images/BANNER%20ECORECICLATON-01d%20(2).jpg HTTP/1.1" 200 136864
66.249.64.55 - - [17/Nov/2016:02:03:04 -0500] "GET /BLA/resoluciones/AUTOS%202012/2913.pdf HTTP/1.1" 200 315114
66.249.64.57 - - [17/Nov/2016:02:03:07 -0500] "GET /BLA/resoluciones/RESOLUCIONES%202007/RES%202007%20601%20AL%20700/RESOLUCION%200610%20DE%202007.pdf HTTP/1.1" 200 793514
66.249.64.51 - - [17/Nov/2016:02:03:10 -0500] "GET /BLA/resoluciones/RESOLUCIONES%202014/1277.pdf HTTP/1.1" 200 743170
66.249.64.57 - - [17/Nov/2016:02:03:10 -0500] "GET /BLA/resoluciones/AUTOS%202014/7191.pdf HTTP/1.1" 200 545925
66.249.64.55 - - [17/Nov/2016:02:03:11 -0500] "GET /BLA/resoluciones/RESOLUCIONES%202007/RES%202007%204201%20AL%204300/RESOLUCION%204295%20DE%202007.pdf HTTP/1.1" 304 -
66.249.64.53 - - [17/Nov/2016:02:03:14 -0500] "GET /BLA/resoluciones/RESOLUCIONES%202009/2132.pdf HTTP/1.1" 200 544756
186.84.14.10 - - [17/Nov/2016:02:03:14 -0500] "GET /galeria/nivo-slider/demo/images/bannerinvitaci%C3%B3nacaminatasecologicas2.jpg HTTP/1.1" 200 513253
66.249.64.51 - - [17/Nov/2016:02:03:16 -0500] "GET /BLA/resoluciones/RESOLUCIONES%202009/8636.pdf HTTP/1.1" 304 -
66.249.64.53 - - [17/Nov/2016:02:03:16 -0500] "GET /BLA/resoluciones/AUTOS%202010/5170.pdf HTTP/1.1" 200 144380
66.249.64.51 - - [17/Nov/2016:02:03:21 -0500] "GET /BLA/resoluciones/RESOLUCIONES%202014/1303.pdf HTTP/1.1" 304 -
66.249.64.59 - - [17/Nov/2016:02:03:23 -0500] "GET /BLA/resoluciones/AUTOS%202014/2997.pdf HTTP/1.1" 304 -
186.84.14.10 - - [17/Nov/2016:02:03:24 -0500] "GET /galeria/nivo-slider/demo/images/bannerinvitaci%C3%B3nacaminatasecologicas2.jpg HTTP/1.1" 200 513253
186.84.14.10 - - [17/Nov/2016:02:03:24 -0500] "GET /galeria/nivo-slider/demo/images/bannersilvicultura.jpg HTTP/1.1" 200 173023
66.249.64.55 - - [17/Nov/2016:02:03:25 -0500] "GET /BLA/resoluciones/AUTOS%202012/0259.pdf HTTP/1.1" 304 -
66.249.64.57 - - [17/Nov/2016:02:03:27 -0500] "GET /BLA/resoluciones/AUTOS%202012/3006.pdf HTTP/1.1" 304 -
66.249.64.55 - - [17/Nov/2016:02:03:30 -0500] "GET /BLA/resoluciones/RESOLUCIONES%202007/RES%202007%203901%20AL%204000/RESOLUCION%203936%20DE%202007.pdf HTTP/1.1" 304 -
190.147.109.155 - - [17/Nov/2016:02:03:31 -0500] "GET /galeria/galeria/jquery.fancybox.css?v=2.1.5 HTTP/1.1" 200 4895
190.147.109.155 - - [17/Nov/2016:02:03:31 -0500] "GET /BLA/boletinlegal/js/jquery.scrollShow.js HTTP/1.1" 200 4586
190.147.109.155 - - [17/Nov/2016:02:03:31 -0500] "GET /galeria/galeria/jquery.fancybox.js?v=2.1.5 HTTP/1.1" 200 48706
66.249.64.55 - - [17/Nov/2016:02:03:32 -0500] "GET /BLA/resoluciones/RESOLUCIONES%202008/3507.pdf HTTP/1.1" 200 296272
186.84.14.10 - - [17/Nov/2016:02:03:34 -0500] "GET /galeria/nivo-slider/demo/images/bannersilvicultura.jpg HTTP/1.1" 200 173023
186.84.14.10 - - [17/Nov/2016:02:03:34 -0500] "GET /galeria/nivo-slider/demo/images/BANNERARBOLES.jpg HTTP/1.1" 200 227630
66.249.64.53 - - [17/Nov/2016:02:03:36 -0500] "GET /BLA/resoluciones/AUTOS%202014/6014.pdf HTTP/1.1" 200 390107
66.249.64.51 - - [17/Nov/2016:02:03:37 -0500] "GET /BLA/resoluciones/Notificaciones/REGISTROS%202015/0580.doc HTTP/1.1" 200 197120
66.249.64.55 - - [17/Nov/2016:02:03:37 -0500] "GET /BLA/resoluciones/RESOLUCIONES%202013/2628.pdf HTTP/1.1" 304 -
66.249.64.53 - - [17/Nov/2016:02:03:41 -0500] "GET /BLA/resoluciones/RESOLUCIONES%202007/RES%202007%20701%20AL%20800/RESOLUCION%200725%20DE%202007.pdf HTTP/1.1" 304 -
66.249.64.53 - - [17/Nov/2016:02:03:43 -0500] "GET /BLA/resoluciones/AUTOS%202014/1133.pdf HTTP/1.1" 200 411250
66.249.64.51 - - [17/Nov/2016:02:03:44 -0500] "GET /BLA/resoluciones/RESOLUCIONES%202010/0467.pdf HTTP/1.1" 304 -
186.84.14.10 - - [17/Nov/2016:02:03:44 -0500] "GET /galeria/nivo-slider/demo/images/ACOPIADORESYGESTORES.jpg HTTP/1.1" 200 118791
186.84.14.10 - - [17/Nov/2016:02:03:44 -0500] "GET /galeria/nivo-slider/demo/images/BANNERARBOLES.jpg HTTP/1.1" 200 227630
66.249.64.51 - - [17/Nov/2016:02:03:46 -0500] "GET /BLA/resoluciones/RESOLUCIONES%202011/0597.pdf HTTP/1.1" 200 70433
190.147.109.155 - - [17/Nov/2016:02:03:46 -0500] "GET /galeria/galeria/jquery.fancybox.css?v=2.1.5 HTTP/1.1" 304 -
190.147.109.155 - - [17/Nov/2016:02:03:46 -0500] "GET /BLA/boletinlegal/js/jquery.scrollShow.js HTTP/1.1" 304 -
190.147.109.155 - - [17/Nov/2016:02:03:46 -0500] "GET /galeria/galeria/jquery.fancybox.js?v=2.1.5 HTTP/1.1" 304 -
66.249.64.51 - - [17/Nov/2016:02:03:50 -0500] "GET /BLA/resoluciones/AUTOS%202014/0826.pdf HTTP/1.1" 200 436199
66.249.64.51 - - [17/Nov/2016:02:03:51 -0500] "GET /BLA/resoluciones/RESOLUCIONES%202007/RES%202007%202101%20AL%202200/RESOLUCION%202112%20DE%202007.pdf HTTP/1.1" 304 -
