66.249.64.55 - - [17/Nov/2016:01:13:00 -0500] "GET /BLA/resoluciones/RESOLUCIONES%202006/RES%202006%20301-350/00000304.tif HTTP/1.1" 200 130782
66.249.64.59 - - [17/Nov/2016:01:13:01 -0500] "GET /BLA/resoluciones/RESOLUCIONES%202006/RES%202006%20301-350/00000330.tif HTTP/1.1" 200 250842
66.249.64.57 - - [17/Nov/2016:01:13:02 -0500] "GET /BLA/resoluciones/RESOLUCIONES%202007/RES%202007%201201%20AL%201300/RESOLUCION%201262%20DE%202007.pdf HTTP/1.1" 304 -
66.249.64.53 - - [17/Nov/2016:01:13:03 -0500] "GET /BLA/resoluciones/AUTOS%202015/0210.pdf HTTP/1.1" 200 522515
186.84.14.10 - - [17/Nov/2016:01:13:04 -0500] "GET /galeria/nivo-slider/demo/images/bannerwebsemanecoempresarial.jpg HTTP/1.1" 200 108354
186.84.14.10 - - [17/Nov/2016:01:13:04 -0500] "GET /galeria/nivo-slider/demo/images/BANNER%20ECORECICLATON-01d%20(2).jpg HTTP/1.1" 200 136864
66.249.64.51 - - [17/Nov/2016:01:13:05 -0500] "GET /BLA/resoluciones/RESOLUCIONES%202011/0605.pdf HTTP/1.1" 304 -
66.249.64.55 - - [17/Nov/2016:01:13:06 -0500] "GET /BLA/resoluciones/RESOLUCIONES%202014/0072.pdf HTTP/1.1" 200 289868
66.249.64.61 - - [17/Nov/2016:01:13:07 -0500] "GET /BLA/resoluciones/AUTOS%202010/1610.pdf HTTP/1.1" 200 169386
66.249.64.2 - - [17/Nov/2016:01:13:09 -0500] "GET /BLA/resoluciones/RESOLUCIONES%202011/4536.pdf HTTP/1.1" 304 -
66.249.64.2 - - [17/Nov/2016:01:13:10 -0500] "GET /BLA/resoluciones/RESOLUCIONES%202010/0071.pdf HTTP/1.1" 304 -
66.249.64.51 - - [17/Nov/2016:01:13:11 -0500] "GET /BLA/resoluciones/RESOLUCIONES%202007/RES%202007%202301%20AL%202400/RESOLUCION%202341%20DE%202007.pdf HTTP/1.1" 304 -
66.249.64.53 - - [17/Nov/2016:01:13:12 -0500] "GET /BLA/resoluciones/RESOLUCIONES%202009/7599.pdf HTTP/1.1" 304 -
186.84.14.10 - - [17/Nov/2016:01:13:14 -0500] "GET /galeria/nivo-slider/demo/images/bannerinvitaci%C3%B3nacaminatasecologicas2.jpg HTTP/1.1" 200 513253
66.249.64.59 - - [17/Nov/2016:01:13:14 -0500] "GET /BLA/resoluciones/RESOLUCIONES%202006/RES%202006%20301-350/00000346.tif HTTP/1.1" 200 41230
66.249.64.55 - - [17/Nov/2016:01:13:17 -0500] "GET /BLA/resoluciones/RESOLUCIONES%202006/RES%202006%20301-350/00000350.tif HTTP/1.1" 200 1708088
66.249.64.53 - - [17/Nov/2016:01:13:20 -0500] "GET /BLA/resoluciones/RESOLUCIONES%202011/3275.pdf HTTP/1.1" 304 -
66.249.64.5 - - [17/Nov/2016:01:13:21 -0500] "GET /BLA/resoluciones/RESOLUCIONES%202008/0283.pdf HTTP/1.1" 304 -
66.249.64.51 - - [17/Nov/2016:01:13:21 -0500] "GET /BLA/resoluciones/AUTOS%202013/0552.pdf HTTP/1.1" 304 -
186.84.14.10 - - [17/Nov/2016:01:13:25 -0500] "GET /galeria/nivo-slider/demo/images/bannersilvicultura.jpg HTTP/1.1" 200 173023
186.84.14.10 - - [17/Nov/2016:01:13:34 -0500] "GET /galeria/nivo-slider/demo/images/bannersilvicultura.jpg HTTP/1.1" 200 173023
186.84.14.10 - - [17/Nov/2016:01:13:35 -0500] "GET /galeria/nivo-slider/demo/images/BANNERARBOLES.jpg HTTP/1.1" 200 227630
186.84.14.10 - - [17/Nov/2016:01:13:44 -0500] "GET /galeria/nivo-slider/demo/images/ACOPIADORESYGESTORES.jpg HTTP/1.1" 200 118791
186.84.14.10 - - [17/Nov/2016:01:13:44 -0500] "GET /galeria/nivo-slider/demo/images/BANNERARBOLES.jpg HTTP/1.1" 200 227630
207.46.13.101 - - [17/Nov/2016:01:13:48 -0500] "GET /pot-2013/cartografia/14_sistema%20de%20movilidad_subsistema%20vial_feb.pdf HTTP/1.1" 200 4617200
186.84.14.10 - - [17/Nov/2016:01:13:54 -0500] "GET /galeria/nivo-slider/demo/images/ACOPIADORESYGESTORES.jpg HTTP/1.1" 200 118791
186.84.14.10 - - [17/Nov/2016:01:13:54 -0500] "GET /galeria/nivo-slider/demo/images/bannergestionambiental2.jpg HTTP/1.1" 200 245647
190.24.109.208 - - [17/Nov/2016:01:14:02 -0500] "GET /Residuos/maderas/images/page6.swf HTTP/1.1" 200 17299
190.24.109.208 - - [17/Nov/2016:01:14:02 -0500] "GET /Residuos/maderas/files/search/search6.xml HTTP/1.1" 200 12289
190.24.109.208 - - [17/Nov/2016:01:14:02 -0500] "GET /Residuos/maderas/images/page7.swf HTTP/1.1" 200 15499
190.24.109.208 - - [17/Nov/2016:01:14:02 -0500] "GET /Residuos/maderas/files/search/search7.xml HTTP/1.1" 200 8721
190.24.109.208 - - [17/Nov/2016:01:14:03 -0500] "GET /Residuos/maderas/images/page8.swf HTTP/1.1" 200 17687
190.24.109.208 - - [17/Nov/2016:01:14:04 -0500] "GET /Residuos/maderas/images/page9.swf HTTP/1.1" 200 20270
190.24.109.208 - - [17/Nov/2016:01:14:04 -0500] "GET /Residuos/maderas/files/search/search8.xml HTTP/1.1" 200 4656
190.24.109.208 - - [17/Nov/2016:01:14:04 -0500] "GET /Residuos/maderas/files/search/search9.xml HTTP/1.1" 200 13001
190.24.109.208 - - [17/Nov/2016:01:14:04 -0500] "GET /Residuos/maderas/images/page10.swf HTTP/1.1" 200 16687
186.84.14.10 - - [17/Nov/2016:01:14:04 -0500] "GET /galeria/nivo-slider/demo/images/bannergestionambiental2.jpg HTTP/1.1" 200 245647
186.84.14.10 - - [17/Nov/2016:01:14:04 -0500] "GET /galeria/nivo-slider/demo/images/vegetal.jpg HTTP/1.1" 200 216080
190.24.109.208 - - [17/Nov/2016:01:14:04 -0500] "GET /Residuos/maderas/files/search/search10.xml HTTP/1.1" 200 20465
190.24.109.208 - - [17/Nov/2016:01:14:04 -0500] "GET /Residuos/maderas/images/page11.swf HTTP/1.1" 200 463842
190.24.109.208 - - [17/Nov/2016:01:14:06 -0500] "GET /Residuos/maderas/files/search/search11.xml HTTP/1.1" 200 9789
190.24.109.208 - - [17/Nov/2016:01:14:10 -0500] "GET /Residuos/maderas/images/page74.swf HTTP/1.1" 200 134804
190.24.109.208 - - [17/Nov/2016:01:14:10 -0500] "GET /Residuos/maderas/files/search/search74.xml HTTP/1.1" 200 12484
190.24.109.208 - - [17/Nov/2016:01:14:10 -0500] "GET /Residuos/maderas/images/page75.swf HTTP/1.1" 200 62834
190.24.109.208 - - [17/Nov/2016:01:14:10 -0500] "GET /Residuos/maderas/files/search/search75.xml HTTP/1.1" 200 13937
190.24.109.208 - - [17/Nov/2016:01:14:10 -0500] "GET /Residuos/maderas/images/page73.swf HTTP/1.1" 200 17698
190.24.109.208 - - [17/Nov/2016:01:14:10 -0500] "GET /Residuos/maderas/files/search/search73.xml HTTP/1.1" 200 13191
190.24.109.208 - - [17/Nov/2016:01:14:10 -0500] "GET /Residuos/maderas/images/page76.swf HTTP/1.1" 200 201182
190.24.109.208 - - [17/Nov/2016:01:14:11 -0500] "GET /Residuos/maderas/files/search/search76.xml HTTP/1.1" 200 12239
190.24.109.208 - - [17/Nov/2016:01:14:11 -0500] "GET /Residuos/maderas/images/page72.swf HTTP/1.1" 200 27510
190.24.109.208 - - [17/Nov/2016:01:14:11 -0500] "GET /Residuos/maderas/files/search/search72.xml HTTP/1.1" 200 10835
190.24.109.208 - - [17/Nov/2016:01:14:11 -0500] "GET /Residuos/maderas/images/page77.swf HTTP/1.1" 200 314406
190.24.109.208 - - [17/Nov/2016:01:14:11 -0500] "GET /Residuos/maderas/files/search/search77.xml HTTP/1.1" 200 7076
190.24.109.208 - - [17/Nov/2016:01:14:11 -0500] "GET /Residuos/maderas/images/page71.swf HTTP/1.1" 200 18468
190.24.109.208 - - [17/Nov/2016:01:14:12 -0500] "GET /Residuos/maderas/files/search/search71.xml HTTP/1.1" 200 11238
190.24.109.208 - - [17/Nov/2016:01:14:12 -0500] "GET /Residuos/maderas/images/page78.swf HTTP/1.1" 200 16874
190.24.109.208 - - [17/Nov/2016:01:14:12 -0500] "GET /Residuos/maderas/files/search/search78.xml HTTP/1.1" 200 10984
190.24.109.208 - - [17/Nov/2016:01:14:12 -0500] "GET /Residuos/maderas/images/page70.swf HTTP/1.1" 200 17564
190.24.109.208 - - [17/Nov/2016:01:14:12 -0500] "GET /Residuos/maderas/files/search/search70.xml HTTP/1.1" 200 9653
190.24.109.208 - - [17/Nov/2016:01:14:12 -0500] "GET /Residuos/maderas/images/page79.swf HTTP/1.1" 200 36537
190.24.109.208 - - [17/Nov/2016:01:14:12 -0500] "GET /Residuos/maderas/files/search/search79.xml HTTP/1.1" 200 5296
186.84.14.10 - - [17/Nov/2016:01:14:14 -0500] "GET /galeria/nivo-slider/demo/images/vegetal.jpg HTTP/1.1" 200 216080
186.84.14.10 - - [17/Nov/2016:01:14:14 -0500] "GET /galeria/nivo-slider/demo/images/Ruta-vertimientos-01.jpg HTTP/1.1" 200 130151
78.47.27.170 - - [17/Nov/2016:01:14:16 -0500] "GET /robots.txt HTTP/1.0" 404 1018
78.47.27.170 - - [17/Nov/2016:01:14:16 -0500] "GET /BLA/resoluciones/AUTOS%202012/0652.pdf HTTP/1.0" 200 456072
66.249.64.2 - - [17/Nov/2016:01:14:20 -0500] "GET /BLA/resoluciones/RESOLUCIONES%202006/RES%202006%20301-350/00000333.tif HTTP/1.1" 200 151998
66.249.64.57 - - [17/Nov/2016:01:14:20 -0500] "GET /BLA/resoluciones/RESOLUCIONES%202006/RES%202006%20301-350/00000303.tif HTTP/1.1" 200 130066
66.249.64.51 - - [17/Nov/2016:01:14:22 -0500] "GET /BLA/resoluciones/RESOLUCIONES%202006/RES%202006%20301-350/00000305.tif HTTP/1.1" 200 131560
186.116.48.104 - - [17/Nov/2016:01:14:22 -0500] "GET /galeria/galeria/jquery.fancybox.css?v=2.1.5 HTTP/1.1" 200 4895
186.116.48.104 - - [17/Nov/2016:01:14:22 -0500] "GET /BLA/boletinlegal/js/jquery.scrollShow.js HTTP/1.1" 200 4586
186.116.48.104 - - [17/Nov/2016:01:14:22 -0500] "GET /galeria/galeria/jquery.fancybox.js?v=2.1.5 HTTP/1.1" 200 48706
66.249.64.51 - - [17/Nov/2016:01:14:23 -0500] "GET /BLA/resoluciones/RESOLUCIONES%202006/RES%202006%20301-350/00000316.tif HTTP/1.1" 200 232002
190.24.109.208 - - [17/Nov/2016:01:14:24 -0500] "GET /Residuos/maderas/images/page80.swf HTTP/1.1" 200 19026
186.84.14.10 - - [17/Nov/2016:01:14:24 -0500] "GET /galeria/nivo-slider/demo/images/Ruta-vertimientos-01.jpg HTTP/1.1" 200 130151
186.84.14.10 - - [17/Nov/2016:01:14:24 -0500] "GET /galeria/nivo-slider/demo/images/bolsas-06.jpg HTTP/1.1" 200 210950
190.24.109.208 - - [17/Nov/2016:01:14:24 -0500] "GET /Residuos/maderas/files/search/search80.xml HTTP/1.1" 200 13648
190.24.109.208 - - [17/Nov/2016:01:14:24 -0500] "GET /Residuos/maderas/images/page81.swf HTTP/1.1" 200 86874
66.249.64.2 - - [17/Nov/2016:01:14:24 -0500] "GET /BLA/resoluciones/RESOLUCIONES%202006/RES%202006%20301-350/00000306.tif HTTP/1.1" 200 121178
190.24.109.208 - - [17/Nov/2016:01:14:24 -0500] "GET /Residuos/maderas/files/search/search81.xml HTTP/1.1" 200 13432
66.249.64.51 - - [17/Nov/2016:01:14:27 -0500] "GET /BLA/circulares/2-2011.pdf HTTP/1.1" 200 496778
66.249.64.2 - - [17/Nov/2016:01:14:28 -0500] "GET /BLA/resoluciones/RESOLUCIONES%202006/RES%202006%20301-350/00000348.tif HTTP/1.1" 200 224588
190.24.109.208 - - [17/Nov/2016:01:14:28 -0500] "GET /Residuos/maderas/images/page82.swf HTTP/1.1" 200 22650
190.24.109.208 - - [17/Nov/2016:01:14:28 -0500] "GET /Residuos/maderas/files/search/search82.xml HTTP/1.1" 200 10800
190.24.109.208 - - [17/Nov/2016:01:14:28 -0500] "GET /Residuos/maderas/images/page83.swf HTTP/1.1" 200 60027
190.24.109.208 - - [17/Nov/2016:01:14:29 -0500] "GET /Residuos/maderas/files/search/search83.xml HTTP/1.1" 200 14164
66.249.64.61 - - [17/Nov/2016:01:14:31 -0500] "GET /BLA/resoluciones/AUTOS%202014/3737.pdf HTTP/1.1" 200 553501
190.24.109.208 - - [17/Nov/2016:01:14:32 -0500] "GET /Residuos/maderas/images/page84.swf HTTP/1.1" 200 79903
190.24.109.208 - - [17/Nov/2016:01:14:32 -0500] "GET /Residuos/maderas/files/search/search84.xml HTTP/1.1" 200 10478
190.24.109.208 - - [17/Nov/2016:01:14:32 -0500] "GET /Residuos/maderas/images/page85.swf HTTP/1.1" 200 29761
190.24.109.208 - - [17/Nov/2016:01:14:32 -0500] "GET /Residuos/maderas/files/search/search85.xml HTTP/1.1" 200 13716
66.249.64.59 - - [17/Nov/2016:01:14:32 -0500] "GET /BLA/resoluciones/RESOLUCIONES%202006/RES%202006%20301-350/00000340.tif HTTP/1.1" 200 189588
66.249.64.51 - - [17/Nov/2016:01:14:33 -0500] "GET /BLA/resoluciones/AUTOS%202014/6262.pdf HTTP/1.1" 304 -
66.249.64.51 - - [17/Nov/2016:01:14:34 -0500] "GET /BLA/resoluciones/AUTOS%202014/1215.pdf HTTP/1.1" 304 -
66.249.64.51 - - [17/Nov/2016:01:14:36 -0500] "GET /BLA/resoluciones/RESOLUCIONES%202009/9754.pdf HTTP/1.1" 304 -
186.84.14.10 - - [17/Nov/2016:01:14:36 -0500] "GET /galeria/nivo-slider/demo/images/bannerdiadelvoluntariado2.jpg HTTP/1.1" 200 92375
66.249.64.53 - - [17/Nov/2016:01:14:37 -0500] "GET /BLA/resoluciones/RESOLUCIONES%202007/RES%202007%201101%20AL%201200/RESOLUCION%201176%20DE%202007.pdf HTTP/1.1" 304 -
190.24.109.208 - - [17/Nov/2016:01:14:37 -0500] "GET /Residuos/maderas/images/page86.swf HTTP/1.1" 200 70145
190.24.109.208 - - [17/Nov/2016:01:14:37 -0500] "GET /Residuos/maderas/files/search/search86.xml HTTP/1.1" 200 10973
190.24.109.208 - - [17/Nov/2016:01:14:37 -0500] "GET /Residuos/maderas/images/page87.swf HTTP/1.1" 200 218879
190.24.109.208 - - [17/Nov/2016:01:14:37 -0500] "GET /Residuos/maderas/files/search/search87.xml HTTP/1.1" 200 11242
190.24.109.208 - - [17/Nov/2016:01:14:39 -0500] "GET /Residuos/maderas/images/page88.swf HTTP/1.1" 200 193749
190.24.109.208 - - [17/Nov/2016:01:14:40 -0500] "GET /Residuos/maderas/images/page89.swf HTTP/1.1" 200 20330
190.24.109.208 - - [17/Nov/2016:01:14:40 -0500] "GET /Residuos/maderas/files/search/search88.xml HTTP/1.1" 200 4237
190.24.109.208 - - [17/Nov/2016:01:14:40 -0500] "GET /Residuos/maderas/files/search/search89.xml HTTP/1.1" 200 11936
66.249.64.57 - - [17/Nov/2016:01:14:42 -0500] "GET /BLA/resoluciones/RESOLUCIONES%202006/RES%202006%20301-350/00000310.tif HTTP/1.1" 200 119306
190.24.109.208 - - [17/Nov/2016:01:14:42 -0500] "GET /Residuos/maderas/images/page90.swf HTTP/1.1" 200 28936
190.24.109.208 - - [17/Nov/2016:01:14:43 -0500] "GET /Residuos/maderas/files/search/search90.xml HTTP/1.1" 200 15929
190.24.109.208 - - [17/Nov/2016:01:14:43 -0500] "GET /Residuos/maderas/images/page91.swf HTTP/1.1" 200 24357
190.24.109.208 - - [17/Nov/2016:01:14:43 -0500] "GET /Residuos/maderas/files/search/search91.xml HTTP/1.1" 200 11154
66.249.64.57 - - [17/Nov/2016:01:14:43 -0500] "GET /transparencia/directorioservidores/2016/?C=S;O=A HTTP/1.1" 200 3024
190.24.109.208 - - [17/Nov/2016:01:14:44 -0500] "GET /Residuos/maderas/images/page92.swf HTTP/1.1" 200 327446
186.84.14.10 - - [17/Nov/2016:01:14:44 -0500] "GET /galeria/nivo-slider/demo/images/bannerdiadelvoluntariado2.jpg HTTP/1.1" 200 92375
66.249.64.55 - - [17/Nov/2016:01:14:44 -0500] "GET /BLA/resoluciones/AUTOS%202008/0836.pdf HTTP/1.1" 304 -
190.24.109.208 - - [17/Nov/2016:01:14:44 -0500] "GET /Residuos/maderas/files/search/search92.xml HTTP/1.1" 200 8258
190.24.109.208 - - [17/Nov/2016:01:14:44 -0500] "GET /Residuos/maderas/images/page93.swf HTTP/1.1" 200 17414
190.24.109.208 - - [17/Nov/2016:01:14:45 -0500] "GET /Residuos/maderas/files/search/search93.xml HTTP/1.1" 200 7812
186.84.14.10 - - [17/Nov/2016:01:14:45 -0500] "GET /galeria/nivo-slider/demo/images/banner%20encuesta%20sda2-web3.jpg HTTP/1.1" 200 111668
66.249.64.57 - - [17/Nov/2016:01:14:45 -0500] "GET /BLA/resoluciones/RESOLUCIONES%202010/4258.pdf HTTP/1.1" 304 -
69.162.124.232 - - [17/Nov/2016:01:14:45 -0500] "HEAD / HTTP/1.1" 200 -
190.24.109.208 - - [17/Nov/2016:01:14:47 -0500] "GET /Residuos/maderas/images/page94.swf HTTP/1.1" 200 32482
190.24.109.208 - - [17/Nov/2016:01:14:47 -0500] "GET /Residuos/maderas/files/search/search94.xml HTTP/1.1" 200 13332
190.24.109.208 - - [17/Nov/2016:01:14:47 -0500] "GET /Residuos/maderas/images/page95.swf HTTP/1.1" 200 18240
190.24.109.208 - - [17/Nov/2016:01:14:47 -0500] "GET /Residuos/maderas/files/search/search95.xml HTTP/1.1" 200 10381
66.249.64.55 - - [17/Nov/2016:01:14:48 -0500] "GET /BLA/resoluciones/RESOLUCIONES%202007/RES%202007%20501%20AL%20600/RESOLUCION%200576%20DE%202007.pdf HTTP/1.1" 200 449841
66.249.64.53 - - [17/Nov/2016:01:14:49 -0500] "GET /BLA/resoluciones/RESOLUCIONES%202006/RES%202006%20301-350/00000323.tif HTTP/1.1" 200 244744
66.249.64.55 - - [17/Nov/2016:01:14:50 -0500] "GET /BLA/resoluciones/AUTOS%202010/4270.pdf HTTP/1.1" 200 128443
186.84.14.10 - - [17/Nov/2016:01:14:54 -0500] "GET /galeria/nivo-slider/demo/images/banner%20encuesta%20sda2-web3.jpg HTTP/1.1" 200 111668
186.84.14.10 - - [17/Nov/2016:01:14:54 -0500] "GET /galeria/nivo-slider/demo/images/bannerwebsemanecoempresarial.jpg HTTP/1.1" 200 108354
66.249.64.53 - - [17/Nov/2016:01:14:57 -0500] "GET /BLA/resoluciones/RESOLUCIONES%202006/RES%202006%20301-350/00000307.tif HTTP/1.1" 200 121156
66.249.64.55 - - [17/Nov/2016:01:14:58 -0500] "GET /BLA/resoluciones/RESOLUCIONES%202006/RES%202006%20301-350/00000301.tif HTTP/1.1" 200 198340
190.24.109.208 - - [17/Nov/2016:01:15:01 -0500] "GET /Residuos/maderas/images/page96.swf HTTP/1.1" 200 16413
190.24.109.208 - - [17/Nov/2016:01:15:01 -0500] "GET /Residuos/maderas/images/page97.swf HTTP/1.1" 200 29477
190.24.109.208 - - [17/Nov/2016:01:15:01 -0500] "GET /Residuos/maderas/files/search/search96.xml HTTP/1.1" 200 10798
190.24.109.208 - - [17/Nov/2016:01:15:01 -0500] "GET /Residuos/maderas/files/search/search97.xml HTTP/1.1" 200 15681
66.249.64.55 - - [17/Nov/2016:01:15:02 -0500] "GET /BLA/resoluciones/AUTOS%202014/2759.pdf HTTP/1.1" 304 -
190.24.109.208 - - [17/Nov/2016:01:15:02 -0500] "GET /Residuos/maderas/images/page98.swf HTTP/1.1" 200 31524
190.24.109.208 - - [17/Nov/2016:01:15:02 -0500] "GET /Residuos/maderas/files/search/search98.xml HTTP/1.1" 200 9503
190.24.109.208 - - [17/Nov/2016:01:15:02 -0500] "GET /Residuos/maderas/images/page99.swf HTTP/1.1" 200 98747
190.24.109.208 - - [17/Nov/2016:01:15:02 -0500] "GET /Residuos/maderas/files/search/search99.xml HTTP/1.1" 200 9492
66.249.64.53 - - [17/Nov/2016:01:15:03 -0500] "GET /BLA/resoluciones/AUTOS%202015/2127.pdf HTTP/1.1" 200 717906
66.249.64.53 - - [17/Nov/2016:01:15:04 -0500] "GET /BLA/resoluciones/RESOLUCIONES%202010/2522.pdf HTTP/1.1" 304 -
186.84.14.10 - - [17/Nov/2016:01:15:04 -0500] "GET /galeria/nivo-slider/demo/images/bannerwebsemanecoempresarial.jpg HTTP/1.1" 200 108354
186.84.14.10 - - [17/Nov/2016:01:15:04 -0500] "GET /galeria/nivo-slider/demo/images/BANNER%20ECORECICLATON-01d%20(2).jpg HTTP/1.1" 200 136864
66.249.64.51 - - [17/Nov/2016:01:15:07 -0500] "GET /BLA/resoluciones/RESOLUCIONES%202006/RES%202006%20301-350/00000317.tif HTTP/1.1" 200 140312
66.249.64.55 - - [17/Nov/2016:01:15:08 -0500] "GET /BLA/resoluciones/AUTOS%202013/0190.pdf HTTP/1.1" 304 -
83.243.58.157 - - [17/Nov/2016:01:15:11 -0500] "GET /wordpress/wp-admin/ HTTP/1.1" 404 1018
186.84.14.10 - - [17/Nov/2016:01:15:14 -0500] "GET /galeria/nivo-slider/demo/images/bannerinvitaci%C3%B3nacaminatasecologicas2.jpg HTTP/1.1" 200 513253
186.84.14.10 - - [17/Nov/2016:01:15:14 -0500] "GET /galeria/nivo-slider/demo/images/BANNER%20ECORECICLATON-01d%20(2).jpg HTTP/1.1" 200 136864
66.249.64.59 - - [17/Nov/2016:01:15:17 -0500] "GET /BLA/resoluciones/RESOLUCIONES%202006/RES%202006%20301-350/00000339.tif HTTP/1.1" 200 198318
66.249.64.55 - - [17/Nov/2016:01:15:19 -0500] "GET /BLA/resoluciones/AUTOS%202014/4475.pdf HTTP/1.1" 304 -
66.249.64.51 - - [17/Nov/2016:01:15:20 -0500] "GET /BLA/resoluciones/RESOLUCIONES%202009/8975.pdf HTTP/1.1" 304 -
66.249.64.53 - - [17/Nov/2016:01:15:23 -0500] "GET /BLA/resoluciones/RESOLUCIONES%202013/1104.pdf HTTP/1.1" 304 -
186.84.14.10 - - [17/Nov/2016:01:15:24 -0500] "GET /galeria/nivo-slider/demo/images/bannersilvicultura.jpg HTTP/1.1" 200 173023
66.249.64.51 - - [17/Nov/2016:01:15:26 -0500] "GET /BLA/resoluciones/RESOLUCIONES%202006/RES%202006%20301-350/00000309.tif HTTP/1.1" 200 134284
66.249.64.59 - - [17/Nov/2016:01:15:26 -0500] "GET /videos/galeria-cronicas/cronicas/NuestraGente13.mp4video.mp4 HTTP/1.1" 200 42989454
187.161.39.243 - - [17/Nov/2016:01:07:57 -0500] "GET /videos/CRRFFS.mp4 HTTP/1.1" 200 286784363
186.87.10.236 - - [17/Nov/2016:01:15:31 -0500] "GET /BLA/resoluciones/RESOLUCIONES%202011/0701.pdf HTTP/1.1" 200 78614
186.87.10.236 - - [17/Nov/2016:01:15:31 -0500] "GET /favicon.ico HTTP/1.1" 200 7782
186.84.14.10 - - [17/Nov/2016:01:15:34 -0500] "GET /galeria/nivo-slider/demo/images/bannersilvicultura.jpg HTTP/1.1" 200 173023
186.84.14.10 - - [17/Nov/2016:01:15:34 -0500] "GET /galeria/nivo-slider/demo/images/BANNERARBOLES.jpg HTTP/1.1" 200 227630
186.84.14.10 - - [17/Nov/2016:01:15:44 -0500] "GET /galeria/nivo-slider/demo/images/BANNERARBOLES.jpg HTTP/1.1" 200 227630
186.84.14.10 - - [17/Nov/2016:01:15:44 -0500] "GET /galeria/nivo-slider/demo/images/ACOPIADORESYGESTORES.jpg HTTP/1.1" 200 118791
186.84.14.10 - - [17/Nov/2016:01:15:54 -0500] "GET /galeria/nivo-slider/demo/images/ACOPIADORESYGESTORES.jpg HTTP/1.1" 200 118791
186.84.14.10 - - [17/Nov/2016:01:15:54 -0500] "GET /galeria/nivo-slider/demo/images/bannergestionambiental2.jpg HTTP/1.1" 200 245647
186.84.14.10 - - [17/Nov/2016:01:16:04 -0500] "GET /galeria/nivo-slider/demo/images/vegetal.jpg HTTP/1.1" 200 216080
186.84.14.10 - - [17/Nov/2016:01:16:04 -0500] "GET /galeria/nivo-slider/demo/images/bannergestionambiental2.jpg HTTP/1.1" 200 245647
186.84.14.10 - - [17/Nov/2016:01:16:14 -0500] "GET /galeria/nivo-slider/demo/images/vegetal.jpg HTTP/1.1" 200 216080
186.84.14.10 - - [17/Nov/2016:01:16:14 -0500] "GET /galeria/nivo-slider/demo/images/Ruta-vertimientos-01.jpg HTTP/1.1" 200 130151
66.249.64.51 - - [17/Nov/2016:01:16:15 -0500] "GET /BLA/resoluciones/RESOLUCIONES%202006/RES%202006%20301-350/00000349.tif HTTP/1.1" 200 62670
66.249.64.53 - - [17/Nov/2016:01:16:16 -0500] "GET /BLA/resoluciones/RESOLUCIONES%202013/1057.pdf HTTP/1.1" 200 754423
66.249.64.53 - - [17/Nov/2016:01:16:18 -0500] "GET /BLA/resoluciones/RESOLUCIONES%202006/RES%202006%20301-350/00000347.tif HTTP/1.1" 200 34828
66.249.64.53 - - [17/Nov/2016:01:16:19 -0500] "GET /BLA/resoluciones/RESOLUCIONES%202006/RES%202006%20301-350/00000328.tif HTTP/1.1" 200 448310
186.84.14.10 - - [17/Nov/2016:01:16:24 -0500] "GET /galeria/nivo-slider/demo/images/Ruta-vertimientos-01.jpg HTTP/1.1" 200 130151
186.84.14.10 - - [17/Nov/2016:01:16:24 -0500] "GET /galeria/nivo-slider/demo/images/bolsas-06.jpg HTTP/1.1" 200 210950
66.249.64.53 - - [17/Nov/2016:01:16:27 -0500] "GET /galeria/galeria/jquery.fancybox.js?v=2.1.5 HTTP/1.1" 200 48706
66.249.64.51 - - [17/Nov/2016:01:16:28 -0500] "GET /BLA/boletinlegal/js/jquery.scrollShow.js HTTP/1.1" 200 4586
186.87.10.236 - - [17/Nov/2016:01:16:28 -0500] "GET /BLA/resoluciones/RESOLUCIONES%202010/0702.pdf HTTP/1.1" 200 103438
66.249.64.59 - - [17/Nov/2016:01:16:30 -0500] "GET /videos/galeria-cronicas/cronicas/NuestaGente_21.mp4video.mp4 HTTP/1.1" 200 49295917
186.84.14.10 - - [17/Nov/2016:01:16:34 -0500] "GET /galeria/nivo-slider/demo/images/bannerdiadelvoluntariado2.jpg HTTP/1.1" 200 92375
186.84.14.10 - - [17/Nov/2016:01:16:34 -0500] "GET /galeria/nivo-slider/demo/images/bolsas-06.jpg HTTP/1.1" 200 210950
123.125.67.166 - - [17/Nov/2016:01:16:34 -0500] "GET /BLA/resoluciones/RESOLUCIONES%202008/4068.pdf HTTP/1.1" 200 229184
163.172.66.25 - - [17/Nov/2016:01:16:38 -0500] "GET /BLA/resoluciones/RESOLUCIONES%202005/RES%202005%202051-2100/00002062.tif HTTP/1.1" 200 85678
66.249.85.25 - - [17/Nov/2016:01:16:42 -0500] "GET /galeria/galeria/jquery.fancybox.css?v=2.1.5 HTTP/1.1" 200 4895
66.249.85.26 - - [17/Nov/2016:01:16:42 -0500] "GET /galeria/galeria/jquery.fancybox.js?v=2.1.5 HTTP/1.1" 200 48706
66.249.85.26 - - [17/Nov/2016:01:16:42 -0500] "GET /BLA/boletinlegal/js/jquery.scrollShow.js HTTP/1.1" 200 4586
192.168.175.104 - - [17/Nov/2016:01:16:44 -0500] "GET / HTTP/1.0" 200 9990
186.84.14.10 - - [17/Nov/2016:01:16:44 -0500] "GET /galeria/nivo-slider/demo/images/bannerdiadelvoluntariado2.jpg HTTP/1.1" 200 92375
186.84.14.10 - - [17/Nov/2016:01:16:44 -0500] "GET /galeria/nivo-slider/demo/images/banner%20encuesta%20sda2-web3.jpg HTTP/1.1" 200 111668
163.172.65.4 - - [17/Nov/2016:01:16:50 -0500] "GET /BLA/resoluciones/index.php?dir=RESOLUCIONES%202003/RES%202003%202051-2100/&sort=name&order=desc HTTP/1.1" 200 12151
66.249.85.26 - - [17/Nov/2016:01:16:50 -0500] "GET /galeria/galeria/jquery.fancybox.js?v=2.1.5 HTTP/1.1" 304 -
66.249.85.25 - - [17/Nov/2016:01:16:50 -0500] "GET /BLA/boletinlegal/js/jquery.scrollShow.js HTTP/1.1" 304 -
66.249.85.27 - - [17/Nov/2016:01:16:51 -0500] "GET /galeria/galeria/jquery.fancybox.css?v=2.1.5 HTTP/1.1" 304 -
66.249.85.27 - - [17/Nov/2016:01:16:53 -0500] "GET /BLA/boletinlegal/js/jquery.scrollShow.js HTTP/1.1" 304 -
66.249.85.26 - - [17/Nov/2016:01:16:53 -0500] "GET /galeria/galeria/jquery.fancybox.js?v=2.1.5 HTTP/1.1" 304 -
66.249.85.25 - - [17/Nov/2016:01:16:53 -0500] "GET /galeria/galeria/jquery.fancybox.css?v=2.1.5 HTTP/1.1" 304 -
186.84.14.10 - - [17/Nov/2016:01:16:54 -0500] "GET /galeria/nivo-slider/demo/images/banner%20encuesta%20sda2-web3.jpg HTTP/1.1" 200 111668
186.84.14.10 - - [17/Nov/2016:01:16:54 -0500] "GET /galeria/nivo-slider/demo/images/bannerwebsemanecoempresarial.jpg HTTP/1.1" 200 108354
192.168.175.104 - - [17/Nov/2016:01:16:55 -0500] "GET / HTTP/1.1" 200 9990
186.84.14.10 - - [17/Nov/2016:01:17:04 -0500] "GET /galeria/nivo-slider/demo/images/bannerwebsemanecoempresarial.jpg HTTP/1.1" 200 108354
186.84.14.10 - - [17/Nov/2016:01:17:04 -0500] "GET /galeria/nivo-slider/demo/images/BANNER%20ECORECICLATON-01d%20(2).jpg HTTP/1.1" 200 136864
186.84.14.10 - - [17/Nov/2016:01:17:14 -0500] "GET /galeria/nivo-slider/demo/images/BANNER%20ECORECICLATON-01d%20(2).jpg HTTP/1.1" 200 136864
186.84.14.10 - - [17/Nov/2016:01:17:14 -0500] "GET /galeria/nivo-slider/demo/images/bannerinvitaci%C3%B3nacaminatasecologicas2.jpg HTTP/1.1" 200 513253
186.84.14.10 - - [17/Nov/2016:01:17:24 -0500] "GET /galeria/nivo-slider/demo/images/bannersilvicultura.jpg HTTP/1.1" 200 173023
186.84.14.10 - - [17/Nov/2016:01:17:24 -0500] "GET /galeria/nivo-slider/demo/images/bannerinvitaci%C3%B3nacaminatasecologicas2.jpg HTTP/1.1" 200 513253
66.249.64.53 - - [17/Nov/2016:01:17:25 -0500] "GET /BLA/resoluciones/RESOLUCIONES%202007/RES%202007%201201%20AL%201300/RESOLUCION%201245%20DE%202007.pdf HTTP/1.1" 200 446252
190.67.234.180 - - [17/Nov/2016:01:17:28 -0500] "GET /galeria/galeria/fotos/GuaymaralTorca4G.jpg HTTP/1.1" 200 373786
163.172.66.115 - - [17/Nov/2016:01:17:31 -0500] "GET /BLA/resoluciones/RESOLUCIONES%202004/RES%202004%2051-100/00000098.tif HTTP/1.1" 200 99158
192.168.175.104 - - [17/Nov/2016:01:17:33 -0500] "GET / HTTP/1.1" 200 9990
190.251.43.15 - - [17/Nov/2016:01:17:34 -0500] "GET /galeria/galeria/jquery.fancybox.css?v=2.1.5 HTTP/1.1" 200 4895
190.251.43.15 - - [17/Nov/2016:01:17:34 -0500] "GET /BLA/boletinlegal/js/jquery.scrollShow.js HTTP/1.1" 200 4586
190.251.43.15 - - [17/Nov/2016:01:17:34 -0500] "GET /galeria/galeria/jquery.fancybox.js?v=2.1.5 HTTP/1.1" 200 48706
186.84.14.10 - - [17/Nov/2016:01:17:34 -0500] "GET /galeria/nivo-slider/demo/images/bannersilvicultura.jpg HTTP/1.1" 200 173023
186.84.14.10 - - [17/Nov/2016:01:17:34 -0500] "GET /galeria/nivo-slider/demo/images/BANNERARBOLES.jpg HTTP/1.1" 200 227630
191.109.124.133 - - [17/Nov/2016:01:17:36 -0500] "GET /galeria/galeria/jquery.fancybox.css?v=2.1.5 HTTP/1.1" 200 4895
191.109.124.133 - - [17/Nov/2016:01:17:36 -0500] "GET /BLA/boletinlegal/js/jquery.scrollShow.js HTTP/1.1" 200 4586
191.109.124.133 - - [17/Nov/2016:01:17:36 -0500] "GET /galeria/galeria/jquery.fancybox.js?v=2.1.5 HTTP/1.1" 200 48706
190.251.43.15 - - [17/Nov/2016:01:17:36 -0500] "GET /BLA/boletinlegal/js/jquery.scrollShow.js HTTP/1.1" 304 -
190.251.43.15 - - [17/Nov/2016:01:17:36 -0500] "GET /galeria/galeria/jquery.fancybox.js?v=2.1.5 HTTP/1.1" 304 -
190.251.43.15 - - [17/Nov/2016:01:17:36 -0500] "GET /galeria/galeria/jquery.fancybox.css?v=2.1.5 HTTP/1.1" 304 -
186.84.14.10 - - [17/Nov/2016:01:17:45 -0500] "GET /galeria/nivo-slider/demo/images/BANNERARBOLES.jpg HTTP/1.1" 200 227630
186.84.14.10 - - [17/Nov/2016:01:17:45 -0500] "GET /galeria/nivo-slider/demo/images/ACOPIADORESYGESTORES.jpg HTTP/1.1" 200 118791
191.109.124.133 - - [17/Nov/2016:01:17:46 -0500] "GET /BLA/boletinlegal/js/jquery.scrollShow.js HTTP/1.1" 200 4586
191.109.124.133 - - [17/Nov/2016:01:17:46 -0500] "GET /galeria/galeria/jquery.fancybox.js?v=2.1.5 HTTP/1.1" 200 48706
191.109.124.133 - - [17/Nov/2016:01:17:46 -0500] "GET /galeria/galeria/jquery.fancybox.css?v=2.1.5 HTTP/1.1" 200 4895
78.47.27.170 - - [17/Nov/2016:01:17:48 -0500] "GET /robots.txt HTTP/1.0" 404 1018
78.47.27.170 - - [17/Nov/2016:01:17:49 -0500] "GET /BLA/resoluciones/AUTOS%202008/1395.pdf HTTP/1.0" 200 77269
186.84.14.10 - - [17/Nov/2016:01:17:54 -0500] "GET /galeria/nivo-slider/demo/images/ACOPIADORESYGESTORES.jpg HTTP/1.1" 200 118791
186.84.14.10 - - [17/Nov/2016:01:17:54 -0500] "GET /galeria/nivo-slider/demo/images/bannergestionambiental2.jpg HTTP/1.1" 200 245647
190.24.58.218 - - [17/Nov/2016:01:17:58 -0500] "GET /galeria/galeria/fotos/Entrenube4G.jpg HTTP/1.1" 200 171047
186.84.14.10 - - [17/Nov/2016:01:18:04 -0500] "GET /galeria/nivo-slider/demo/images/bannergestionambiental2.jpg HTTP/1.1" 200 245647
186.84.14.10 - - [17/Nov/2016:01:18:04 -0500] "GET /galeria/nivo-slider/demo/images/vegetal.jpg HTTP/1.1" 200 216080
190.24.109.208 - - [17/Nov/2016:01:18:08 -0500] "GET /Residuos/maderas/images/page100.swf HTTP/1.1" 200 68643
190.24.109.208 - - [17/Nov/2016:01:18:08 -0500] "GET /Residuos/maderas/files/search/search100.xml HTTP/1.1" 200 9996
190.24.109.208 - - [17/Nov/2016:01:18:08 -0500] "GET /Residuos/maderas/images/page101.swf HTTP/1.1" 200 31563
190.24.109.208 - - [17/Nov/2016:01:18:08 -0500] "GET /Residuos/maderas/files/search/search101.xml HTTP/1.1" 200 10615
190.24.109.208 - - [17/Nov/2016:01:18:09 -0500] "GET /Residuos/maderas/images/page102.swf HTTP/1.1" 200 29080
190.24.109.208 - - [17/Nov/2016:01:18:09 -0500] "GET /Residuos/maderas/images/page103.swf HTTP/1.1" 200 30132
190.24.109.208 - - [17/Nov/2016:01:18:09 -0500] "GET /Residuos/maderas/files/search/search102.xml HTTP/1.1" 200 10970
190.24.109.208 - - [17/Nov/2016:01:18:09 -0500] "GET /Residuos/maderas/files/search/search103.xml HTTP/1.1" 200 9930
190.24.109.208 - - [17/Nov/2016:01:18:11 -0500] "GET /Residuos/maderas/images/page104.swf HTTP/1.1" 200 23455
190.24.109.208 - - [17/Nov/2016:01:18:11 -0500] "GET /Residuos/maderas/files/search/search104.xml HTTP/1.1" 200 5823
190.24.109.208 - - [17/Nov/2016:01:18:11 -0500] "GET /Residuos/maderas/images/page105.swf HTTP/1.1" 200 30582
190.24.109.208 - - [17/Nov/2016:01:18:11 -0500] "GET /Residuos/maderas/files/search/search105.xml HTTP/1.1" 200 14898
163.172.66.67 - - [17/Nov/2016:01:18:13 -0500] "GET /BLA/resoluciones/AUTOS%202006/AUTOS%202006%202101%20-%202200/00002123.tif HTTP/1.1" 200 58800
186.84.14.10 - - [17/Nov/2016:01:18:14 -0500] "GET /galeria/nivo-slider/demo/images/vegetal.jpg HTTP/1.1" 200 216080
186.84.14.10 - - [17/Nov/2016:01:18:14 -0500] "GET /galeria/nivo-slider/demo/images/Ruta-vertimientos-01.jpg HTTP/1.1" 200 130151
190.24.109.208 - - [17/Nov/2016:01:18:15 -0500] "GET /Residuos/maderas/images/page106.swf HTTP/1.1" 200 28452
190.24.109.208 - - [17/Nov/2016:01:18:15 -0500] "GET /Residuos/maderas/files/search/search106.xml HTTP/1.1" 200 11493
190.24.109.208 - - [17/Nov/2016:01:18:15 -0500] "GET /Residuos/maderas/images/page107.swf HTTP/1.1" 200 38122
190.24.109.208 - - [17/Nov/2016:01:18:15 -0500] "GET /Residuos/maderas/files/search/search107.xml HTTP/1.1" 200 12104
190.24.109.208 - - [17/Nov/2016:01:18:20 -0500] "GET /Residuos/maderas/images/page108.swf HTTP/1.1" 200 28154
190.24.109.208 - - [17/Nov/2016:01:18:20 -0500] "GET /Residuos/maderas/files/search/search108.xml HTTP/1.1" 200 12151
190.24.109.208 - - [17/Nov/2016:01:18:20 -0500] "GET /Residuos/maderas/images/page109.swf HTTP/1.1" 200 17307
190.24.109.208 - - [17/Nov/2016:01:18:20 -0500] "GET /Residuos/maderas/files/search/search109.xml HTTP/1.1" 200 10006
186.84.14.10 - - [17/Nov/2016:01:18:24 -0500] "GET /galeria/nivo-slider/demo/images/Ruta-vertimientos-01.jpg HTTP/1.1" 200 130151
186.84.14.10 - - [17/Nov/2016:01:18:24 -0500] "GET /galeria/nivo-slider/demo/images/bolsas-06.jpg HTTP/1.1" 200 210950
190.24.109.208 - - [17/Nov/2016:01:18:26 -0500] "GET /Residuos/maderas/images/page110.swf HTTP/1.1" 200 45874
190.24.109.208 - - [17/Nov/2016:01:18:26 -0500] "GET /Residuos/maderas/files/search/search110.xml HTTP/1.1" 200 7446
190.24.109.208 - - [17/Nov/2016:01:18:26 -0500] "GET /Residuos/maderas/images/page111.swf HTTP/1.1" 200 111658
190.24.109.208 - - [17/Nov/2016:01:18:26 -0500] "GET /Residuos/maderas/files/search/search111.xml HTTP/1.1" 200 11031
190.24.109.208 - - [17/Nov/2016:01:18:28 -0500] "GET /Residuos/maderas/images/page112.swf HTTP/1.1" 200 2265
190.24.109.208 - - [17/Nov/2016:01:18:28 -0500] "GET /Residuos/maderas/files/search/search112.xml HTTP/1.1" 200 152
190.24.109.208 - - [17/Nov/2016:01:18:28 -0500] "GET /Residuos/maderas/images/page113.swf HTTP/1.1" 200 16359
190.24.109.208 - - [17/Nov/2016:01:18:28 -0500] "GET /Residuos/maderas/files/search/search113.xml HTTP/1.1" 200 7778
186.84.14.10 - - [17/Nov/2016:01:18:34 -0500] "GET /galeria/nivo-slider/demo/images/bolsas-06.jpg HTTP/1.1" 200 210950
186.84.14.10 - - [17/Nov/2016:01:18:34 -0500] "GET /galeria/nivo-slider/demo/images/bannerdiadelvoluntariado2.jpg HTTP/1.1" 200 92375
66.249.64.59 - - [17/Nov/2016:01:18:38 -0500] "GET /videos/galeria-cronicas/cronicas/NuestraGente20.mp4video.mp4 HTTP/1.1" 200 12986828
190.24.109.208 - - [17/Nov/2016:01:18:39 -0500] "GET /Residuos/maderas/images/page114.swf HTTP/1.1" 200 32950
190.24.109.208 - - [17/Nov/2016:01:18:39 -0500] "GET /Residuos/maderas/files/search/search114.xml HTTP/1.1" 200 507
186.84.14.10 - - [17/Nov/2016:01:18:44 -0500] "GET /galeria/nivo-slider/demo/images/bannerdiadelvoluntariado2.jpg HTTP/1.1" 200 92375
186.84.14.10 - - [17/Nov/2016:01:18:44 -0500] "GET /galeria/nivo-slider/demo/images/banner%20encuesta%20sda2-web3.jpg HTTP/1.1" 200 111668
66.249.64.53 - - [17/Nov/2016:01:18:50 -0500] "GET /BLA/resoluciones/AUTOS%202014/2820.pdf HTTP/1.1" 200 439410
186.84.14.10 - - [17/Nov/2016:01:18:54 -0500] "GET /galeria/nivo-slider/demo/images/banner%20encuesta%20sda2-web3.jpg HTTP/1.1" 200 111668
186.84.14.10 - - [17/Nov/2016:01:18:54 -0500] "GET /galeria/nivo-slider/demo/images/bannerwebsemanecoempresarial.jpg HTTP/1.1" 200 108354
186.84.14.10 - - [17/Nov/2016:01:19:04 -0500] "GET /galeria/nivo-slider/demo/images/bannerwebsemanecoempresarial.jpg HTTP/1.1" 200 108354
186.84.14.10 - - [17/Nov/2016:01:19:04 -0500] "GET /galeria/nivo-slider/demo/images/BANNER%20ECORECICLATON-01d%20(2).jpg HTTP/1.1" 200 136864
186.84.14.10 - - [17/Nov/2016:01:19:14 -0500] "GET /galeria/nivo-slider/demo/images/BANNER%20ECORECICLATON-01d%20(2).jpg HTTP/1.1" 200 136864
186.84.14.10 - - [17/Nov/2016:01:19:14 -0500] "GET /galeria/nivo-slider/demo/images/bannerinvitaci%C3%B3nacaminatasecologicas2.jpg HTTP/1.1" 200 513253
186.84.14.10 - - [17/Nov/2016:01:19:24 -0500] "GET /galeria/nivo-slider/demo/images/bannersilvicultura.jpg HTTP/1.1" 200 173023
66.249.85.25 - - [17/Nov/2016:01:19:29 -0500] "GET /galeria/carrusel/Carrusel/jquery.thumbnailScroller.css HTTP/1.1" 200 2066
66.249.85.25 - - [17/Nov/2016:01:19:29 -0500] "GET /galeria/carrusel/Carrusel/jquery.thumbnailScroller.js HTTP/1.1" 200 8157
66.249.85.26 - - [17/Nov/2016:01:19:29 -0500] "GET /galeria/carrusel/Carrusel/jquery-ui-1.8.13.custom.min.js HTTP/1.1" 200 10800
66.249.85.25 - - [17/Nov/2016:01:19:30 -0500] "GET /galeria/nivo-slider/demo/demo.html HTTP/1.1" 200 3765
66.249.85.25 - - [17/Nov/2016:01:19:30 -0500] "GET /galeria/nivo-slider/themes/orman/orman.css HTTP/1.1" 200 2152
66.249.85.25 - - [17/Nov/2016:01:19:30 -0500] "GET /galeria/nivo-slider/themes/pascal/pascal.css HTTP/1.1" 200 2258
66.249.85.26 - - [17/Nov/2016:01:19:30 -0500] "GET /galeria/nivo-slider/demo/images/Ruta-vertimientos-01.jpg HTTP/1.1" 200 130151
66.249.85.27 - - [17/Nov/2016:01:19:30 -0500] "GET /galeria/nivo-slider/themes/default/default.css HTTP/1.1" 200 1569
66.249.85.26 - - [17/Nov/2016:01:19:30 -0500] "GET /galeria/nivo-slider/demo/images/bannerwebsemanecoempresarial.jpg HTTP/1.1" 200 108354
66.249.85.26 - - [17/Nov/2016:01:19:30 -0500] "GET /galeria/nivo-slider/demo/images/vegetal.jpg HTTP/1.1" 200 216080
66.249.85.25 - - [17/Nov/2016:01:19:30 -0500] "GET /galeria/nivo-slider/jquery.nivo.slider.pack.js HTTP/1.1" 200 11561
66.249.85.25 - - [17/Nov/2016:01:19:30 -0500] "GET /galeria/nivo-slider/demo/images/BANNER%20ECORECICLATON-01d%20(2).jpg HTTP/1.1" 200 136864
66.249.85.25 - - [17/Nov/2016:01:19:30 -0500] "GET /galeria/nivo-slider/demo/style.css HTTP/1.1" 200 2222
66.249.85.27 - - [17/Nov/2016:01:19:30 -0500] "GET /galeria/nivo-slider/demo/images/bannerinvitaci%C3%B3nacaminatasecologicas2.jpg HTTP/1.1" 200 513253
66.249.85.27 - - [17/Nov/2016:01:19:30 -0500] "GET /galeria/nivo-slider/nivo-slider.css HTTP/1.1" 200 1507
66.249.85.25 - - [17/Nov/2016:01:19:30 -0500] "GET /galeria/nivo-slider/demo/images/bolsas-06.jpg HTTP/1.1" 200 210950
66.249.85.27 - - [17/Nov/2016:01:19:30 -0500] "GET /galeria/nivo-slider/demo/scripts/jquery-1.7.1.min.js HTTP/1.1" 200 93868
66.249.85.25 - - [17/Nov/2016:01:19:30 -0500] "GET /galeria/nivo-slider/demo/images/bannerdiadelvoluntariado2.jpg HTTP/1.1" 200 92375
66.249.85.26 - - [17/Nov/2016:01:19:30 -0500] "GET /galeria/nivo-slider/demo/images/bannergestionambiental2.jpg HTTP/1.1" 200 245647
66.249.85.26 - - [17/Nov/2016:01:19:30 -0500] "GET /galeria/nivo-slider/demo/images/BANNERARBOLES.jpg HTTP/1.1" 200 227630
66.249.85.26 - - [17/Nov/2016:01:19:30 -0500] "GET /galeria/nivo-slider/demo/images/ACOPIADORESYGESTORES.jpg HTTP/1.1" 200 118791
66.249.85.25 - - [17/Nov/2016:01:19:30 -0500] "GET /galeria/nivo-slider/demo/images/bannersilvicultura.jpg HTTP/1.1" 200 173023
66.249.85.26 - - [17/Nov/2016:01:19:30 -0500] "GET /galeria/nivo-slider/demo/images/banner%20encuesta%20sda2-web3.jpg HTTP/1.1" 200 111668
66.249.85.26 - - [17/Nov/2016:01:19:31 -0500] "GET /galeria/nivo-slider/demo/images/4Simple_Slider.png HTTP/1.1" 200 11722
66.249.85.27 - - [17/Nov/2016:01:19:31 -0500] "GET /galeria/nivo-slider/themes/default/loading.gif HTTP/1.1" 200 1737
186.84.14.10 - - [17/Nov/2016:01:19:34 -0500] "GET /galeria/nivo-slider/demo/images/bannersilvicultura.jpg HTTP/1.1" 200 173023
186.84.14.10 - - [17/Nov/2016:01:19:34 -0500] "GET /galeria/nivo-slider/demo/images/BANNERARBOLES.jpg HTTP/1.1" 200 227630
66.249.85.26 - - [17/Nov/2016:01:19:37 -0500] "GET /galeria/nivo-slider/themes/default/arrows.png HTTP/1.1" 200 824
66.249.85.27 - - [17/Nov/2016:01:19:37 -0500] "GET /galeria/nivo-slider/themes/default/bullets.png HTTP/1.1" 200 1281
163.172.65.25 - - [17/Nov/2016:01:19:44 -0500] "GET /BLA/resoluciones/RESOLUCIONES%202003/RES%202003%202151-2189/20032173.tif HTTP/1.1" 200 932920
186.84.14.10 - - [17/Nov/2016:01:19:44 -0500] "GET /galeria/nivo-slider/demo/images/BANNERARBOLES.jpg HTTP/1.1" 200 227630
186.84.14.10 - - [17/Nov/2016:01:19:44 -0500] "GET /galeria/nivo-slider/demo/images/ACOPIADORESYGESTORES.jpg HTTP/1.1" 200 118791
69.162.124.232 - - [17/Nov/2016:01:19:45 -0500] "HEAD / HTTP/1.1" 200 -
139.162.13.205 - - [17/Nov/2016:01:19:46 -0500] "GET http://clientapi.ipip.net/echo.php?info=20161117142023 HTTP/1.1" 404 1022
139.162.13.205 - - [17/Nov/2016:01:19:47 -0500] "" 400 291
186.84.14.10 - - [17/Nov/2016:01:19:54 -0500] "GET /galeria/nivo-slider/demo/images/bannergestionambiental2.jpg HTTP/1.1" 200 245647
66.249.64.51 - - [17/Nov/2016:01:19:58 -0500] "GET /BLA/resoluciones/AUTOS%202014/1638.pdf HTTP/1.1" 200 657115
186.84.14.10 - - [17/Nov/2016:01:20:04 -0500] "GET /galeria/nivo-slider/demo/images/vegetal.jpg HTTP/1.1" 200 216080
179.7.139.227 - - [17/Nov/2016:01:20:13 -0500] "-" 408 -
179.7.139.227 - - [17/Nov/2016:01:20:13 -0500] "-" 408 -
179.7.139.227 - - [17/Nov/2016:01:20:13 -0500] "-" 408 -
186.84.14.10 - - [17/Nov/2016:01:20:14 -0500] "GET /galeria/nivo-slider/demo/images/vegetal.jpg HTTP/1.1" 200 216080
186.84.14.10 - - [17/Nov/2016:01:20:14 -0500] "GET /galeria/nivo-slider/demo/images/Ruta-vertimientos-01.jpg HTTP/1.1" 200 130151
66.249.64.53 - - [17/Nov/2016:01:20:22 -0500] "GET /BLA/resoluciones/RESOLUCIONES%202010/6319.pdf HTTP/1.1" 200 2283150
186.84.14.10 - - [17/Nov/2016:01:20:24 -0500] "GET /galeria/nivo-slider/demo/images/Ruta-vertimientos-01.jpg HTTP/1.1" 200 130151
186.84.14.10 - - [17/Nov/2016:01:20:24 -0500] "GET /galeria/nivo-slider/demo/images/bolsas-06.jpg HTTP/1.1" 200 210950
66.249.88.4 - - [17/Nov/2016:01:20:29 -0500] "GET /BLA/resoluciones/RESOLUCIONES%202010/7477.pdf HTTP/1.1" 200 451665
186.84.14.10 - - [17/Nov/2016:01:20:34 -0500] "GET /galeria/nivo-slider/demo/images/bolsas-06.jpg HTTP/1.1" 200 210950
186.84.14.10 - - [17/Nov/2016:01:20:34 -0500] "GET /galeria/nivo-slider/demo/images/bannerdiadelvoluntariado2.jpg HTTP/1.1" 200 92375
186.84.14.10 - - [17/Nov/2016:01:20:44 -0500] "GET /galeria/nivo-slider/demo/images/banner%20encuesta%20sda2-web3.jpg HTTP/1.1" 200 111668
186.84.14.10 - - [17/Nov/2016:01:20:44 -0500] "GET /galeria/nivo-slider/demo/images/bannerdiadelvoluntariado2.jpg HTTP/1.1" 200 92375
207.46.13.32 - - [17/Nov/2016:01:20:48 -0500] "GET /galeria/galeria/jquery.fancybox.js?v=2.1.5 HTTP/1.1" 200 48706
186.84.14.10 - - [17/Nov/2016:01:20:54 -0500] "GET /galeria/nivo-slider/demo/images/banner%20encuesta%20sda2-web3.jpg HTTP/1.1" 200 111668
186.84.14.10 - - [17/Nov/2016:01:20:54 -0500] "GET /galeria/nivo-slider/demo/images/bannerwebsemanecoempresarial.jpg HTTP/1.1" 200 108354
66.249.64.51 - - [17/Nov/2016:01:20:57 -0500] "GET /BLA/resoluciones/Autos%202008/1780.pdf HTTP/1.1" 200 226651
186.84.14.10 - - [17/Nov/2016:01:21:04 -0500] "GET /galeria/nivo-slider/demo/images/bannerwebsemanecoempresarial.jpg HTTP/1.1" 200 108354
186.84.14.10 - - [17/Nov/2016:01:21:04 -0500] "GET /galeria/nivo-slider/demo/images/BANNER%20ECORECICLATON-01d%20(2).jpg HTTP/1.1" 200 136864
163.172.65.60 - - [17/Nov/2016:01:21:11 -0500] "GET /BLA/resoluciones/RESOLUCIONES%202005/RES%202005%20301-351/00000344.tif HTTP/1.1" 200 143618
186.84.14.10 - - [17/Nov/2016:01:21:14 -0500] "GET /galeria/nivo-slider/demo/images/BANNER%20ECORECICLATON-01d%20(2).jpg HTTP/1.1" 200 136864
186.84.14.10 - - [17/Nov/2016:01:21:14 -0500] "GET /galeria/nivo-slider/demo/images/bannerinvitaci%C3%B3nacaminatasecologicas2.jpg HTTP/1.1" 200 513253
186.83.104.18 - - [17/Nov/2016:01:21:24 -0500] "GET /BLA/resoluciones/RESOLUCIONES%202007/RES%202007%201%20AL%20100/RESOLUCION%200062%20DE%202007.pdf HTTP/1.1" 200 228336
186.83.104.18 - - [17/Nov/2016:01:21:24 -0500] "GET /favicon.ico HTTP/1.1" 200 7782
186.84.14.10 - - [17/Nov/2016:01:21:24 -0500] "GET /galeria/nivo-slider/demo/images/bannerinvitaci%C3%B3nacaminatasecologicas2.jpg HTTP/1.1" 200 513253
186.84.14.10 - - [17/Nov/2016:01:21:24 -0500] "GET /galeria/nivo-slider/demo/images/bannersilvicultura.jpg HTTP/1.1" 200 173023
186.84.14.10 - - [17/Nov/2016:01:21:34 -0500] "GET /galeria/nivo-slider/demo/images/bannersilvicultura.jpg HTTP/1.1" 200 173023
163.172.64.193 - - [17/Nov/2016:01:21:35 -0500] "GET /BLA/resoluciones/RESOLUCIONES%202005/RES%202005%201401-1450/00001437.tif HTTP/1.1" 200 177132
186.84.14.10 - - [17/Nov/2016:01:21:35 -0500] "GET /galeria/nivo-slider/demo/images/BANNERARBOLES.jpg HTTP/1.1" 200 227630
192.168.175.104 - - [17/Nov/2016:01:21:42 -0500] "GET / HTTP/1.0" 200 9990
186.84.14.10 - - [17/Nov/2016:01:21:44 -0500] "GET /galeria/nivo-slider/demo/images/ACOPIADORESYGESTORES.jpg HTTP/1.1" 200 118791
186.84.14.10 - - [17/Nov/2016:01:21:44 -0500] "GET /galeria/nivo-slider/demo/images/BANNERARBOLES.jpg HTTP/1.1" 200 227630
180.76.15.160 - - [17/Nov/2016:01:21:44 -0500] "GET / HTTP/1.1" 200 9990
66.249.64.51 - - [17/Nov/2016:01:21:46 -0500] "GET /BLA/resoluciones/Autos%202008/0983.pdf HTTP/1.1" 200 207981
192.168.175.104 - - [17/Nov/2016:01:21:53 -0500] "GET / HTTP/1.1" 200 9990
186.84.14.10 - - [17/Nov/2016:01:21:54 -0500] "GET /galeria/nivo-slider/demo/images/ACOPIADORESYGESTORES.jpg HTTP/1.1" 200 118791
186.84.14.10 - - [17/Nov/2016:01:21:54 -0500] "GET /galeria/nivo-slider/demo/images/bannergestionambiental2.jpg HTTP/1.1" 200 245647
66.249.64.53 - - [17/Nov/2016:01:22:03 -0500] "GET /BLA/resoluciones/RESOLUCIONES%202014/1810.pdf HTTP/1.1" 200 347998
186.84.14.10 - - [17/Nov/2016:01:22:04 -0500] "GET /galeria/nivo-slider/demo/images/bannergestionambiental2.jpg HTTP/1.1" 200 245647
186.84.14.10 - - [17/Nov/2016:01:22:04 -0500] "GET /galeria/nivo-slider/demo/images/vegetal.jpg HTTP/1.1" 200 216080
180.76.15.15 - - [17/Nov/2016:01:22:05 -0500] "GET / HTTP/1.1" 200 9990
186.84.14.10 - - [17/Nov/2016:01:22:14 -0500] "GET /galeria/nivo-slider/demo/images/vegetal.jpg HTTP/1.1" 200 216080
186.84.14.10 - - [17/Nov/2016:01:22:14 -0500] "GET /galeria/nivo-slider/demo/images/Ruta-vertimientos-01.jpg HTTP/1.1" 200 130151
179.33.165.109 - - [17/Nov/2016:01:22:20 -0500] "GET /galeria/galeria/jquery.fancybox.css?v=2.1.5 HTTP/1.1" 200 4895
179.33.165.109 - - [17/Nov/2016:01:22:20 -0500] "GET /BLA/boletinlegal/js/jquery.scrollShow.js HTTP/1.1" 200 4586
179.33.165.109 - - [17/Nov/2016:01:22:20 -0500] "GET /galeria/galeria/jquery.fancybox.js?v=2.1.5 HTTP/1.1" 200 48706
187.198.8.11 - - [17/Nov/2016:01:22:22 -0500] "GET /galeria/galeria/jquery.fancybox.css?v=2.1.5 HTTP/1.1" 200 4895
187.198.8.11 - - [17/Nov/2016:01:22:22 -0500] "GET /BLA/boletinlegal/js/jquery.scrollShow.js HTTP/1.1" 200 4586
187.198.8.11 - - [17/Nov/2016:01:22:22 -0500] "GET /galeria/galeria/jquery.fancybox.js?v=2.1.5 HTTP/1.1" 200 48706
186.84.14.10 - - [17/Nov/2016:01:22:24 -0500] "GET /galeria/nivo-slider/demo/images/Ruta-vertimientos-01.jpg HTTP/1.1" 200 130151
186.84.14.10 - - [17/Nov/2016:01:22:24 -0500] "GET /galeria/nivo-slider/demo/images/bolsas-06.jpg HTTP/1.1" 200 210950
179.33.165.109 - - [17/Nov/2016:01:22:30 -0500] "GET /BLA/boletinlegal/js/jquery.scrollShow.js HTTP/1.1" 304 -
179.33.165.109 - - [17/Nov/2016:01:22:30 -0500] "GET /galeria/galeria/jquery.fancybox.js?v=2.1.5 HTTP/1.1" 304 -
179.33.165.109 - - [17/Nov/2016:01:22:30 -0500] "GET /galeria/galeria/jquery.fancybox.css?v=2.1.5 HTTP/1.1" 304 -
192.168.175.104 - - [17/Nov/2016:01:22:32 -0500] "GET / HTTP/1.1" 200 9990
66.249.64.55 - - [17/Nov/2016:01:22:32 -0500] "GET /BLA/resoluciones/RESOLUCIONES%202007/RES%202007%20501%20AL%20600/RESOLUCION%200508%20DE%202007.pdf HTTP/1.1" 200 439494
186.84.14.10 - - [17/Nov/2016:01:22:34 -0500] "GET /galeria/nivo-slider/demo/images/bannerdiadelvoluntariado2.jpg HTTP/1.1" 200 92375
186.84.14.10 - - [17/Nov/2016:01:22:34 -0500] "GET /galeria/nivo-slider/demo/images/bolsas-06.jpg HTTP/1.1" 200 210950
66.249.64.53 - - [17/Nov/2016:01:22:41 -0500] "GET /BLA/resoluciones/RESOLUCIONES%202010/7310.pdf HTTP/1.1" 304 -
163.172.66.5 - - [17/Nov/2016:01:22:44 -0500] "GET /BLA/resoluciones/index.php?dir=RESOLUCIONES%202003/RES%202003%202101-2150/&sort=size&order=asc HTTP/1.1" 200 12160
186.84.14.10 - - [17/Nov/2016:01:22:44 -0500] "GET /galeria/nivo-slider/demo/images/banner%20encuesta%20sda2-web3.jpg HTTP/1.1" 200 111668
186.84.14.10 - - [17/Nov/2016:01:22:44 -0500] "GET /galeria/nivo-slider/demo/images/bannerdiadelvoluntariado2.jpg HTTP/1.1" 200 92375
187.198.8.11 - - [17/Nov/2016:01:22:47 -0500] "GET /galeria/galeria/jquery.fancybox.css?v=2.1.5 HTTP/1.1" 304 -
187.198.8.11 - - [17/Nov/2016:01:22:47 -0500] "GET /BLA/boletinlegal/js/jquery.scrollShow.js HTTP/1.1" 304 -
187.198.8.11 - - [17/Nov/2016:01:22:47 -0500] "GET /galeria/galeria/jquery.fancybox.js?v=2.1.5 HTTP/1.1" 304 -
66.249.64.51 - - [17/Nov/2016:01:22:47 -0500] "GET /BLA/resoluciones/RESOLUCIONES%202007/RES%202007%20801%20AL%20900/RESOLUCION%200832%20DE%202007.pdf HTTP/1.1" 304 -
66.249.64.51 - - [17/Nov/2016:01:22:51 -0500] "GET /BLA/resoluciones/RESOLUCIONES%202007/RES%202007%204101%20AL%204200/RESOLUCION%204135%20DE%202007.pdf HTTP/1.1" 304 -
66.249.64.51 - - [17/Nov/2016:01:22:53 -0500] "GET /BLA/resoluciones/AUTOS%202008/0714.pdf HTTP/1.1" 304 -
186.84.14.10 - - [17/Nov/2016:01:22:54 -0500] "GET /galeria/nivo-slider/demo/images/banner%20encuesta%20sda2-web3.jpg HTTP/1.1" 200 111668
186.84.14.10 - - [17/Nov/2016:01:22:54 -0500] "GET /galeria/nivo-slider/demo/images/bannerwebsemanecoempresarial.jpg HTTP/1.1" 200 108354
186.84.14.10 - - [17/Nov/2016:01:23:04 -0500] "GET /galeria/nivo-slider/demo/images/bannerwebsemanecoempresarial.jpg HTTP/1.1" 200 108354
186.84.14.10 - - [17/Nov/2016:01:23:04 -0500] "GET /galeria/nivo-slider/demo/images/BANNER%20ECORECICLATON-01d%20(2).jpg HTTP/1.1" 200 136864
66.249.64.51 - - [17/Nov/2016:01:23:04 -0500] "GET /BLA/resoluciones/RESOLUCIONES%202011/3276.pdf HTTP/1.1" 304 -
66.249.64.51 - - [17/Nov/2016:01:23:07 -0500] "GET /BLA/resoluciones/AUTOS%202015/1055.pdf HTTP/1.1" 304 -
66.249.64.51 - - [17/Nov/2016:01:23:07 -0500] "GET /BLA/resoluciones/AUTOS%202013/2085.pdf HTTP/1.1" 304 -
66.249.64.51 - - [17/Nov/2016:01:23:11 -0500] "GET /BLA/resoluciones/RESOLUCIONES%202012/0530.pdf HTTP/1.1" 304 -
186.84.14.10 - - [17/Nov/2016:01:23:14 -0500] "GET /galeria/nivo-slider/demo/images/bannerinvitaci%C3%B3nacaminatasecologicas2.jpg HTTP/1.1" 200 513253
186.84.14.10 - - [17/Nov/2016:01:23:14 -0500] "GET /galeria/nivo-slider/demo/images/BANNER%20ECORECICLATON-01d%20(2).jpg HTTP/1.1" 200 136864
190.159.25.25 - - [17/Nov/2016:01:23:17 -0500] "GET /BLA/boletinlegal/js/jquery.scrollShow.js HTTP/1.1" 200 4586
190.159.25.25 - - [17/Nov/2016:01:23:18 -0500] "GET /galeria/galeria/jquery.fancybox.js?v=2.1.5 HTTP/1.1" 200 48706
190.159.25.25 - - [17/Nov/2016:01:23:18 -0500] "GET /galeria/galeria/jquery.fancybox.css?v=2.1.5 HTTP/1.1" 200 4895
190.159.25.25 - - [17/Nov/2016:01:23:18 -0500] "GET /galeria/carrusel/Carrusel/jquery.thumbnailScroller.css HTTP/1.1" 200 2066
190.159.25.25 - - [17/Nov/2016:01:23:18 -0500] "GET /galeria/carrusel/Carrusel/jquery-ui-1.8.13.custom.min.js HTTP/1.1" 200 10800
190.159.25.25 - - [17/Nov/2016:01:23:18 -0500] "GET /galeria/carrusel/Carrusel/jquery.thumbnailScroller.js HTTP/1.1" 200 8157
190.159.25.25 - - [17/Nov/2016:01:23:21 -0500] "GET /galeria/nivo-slider/demo/demo.html HTTP/1.1" 200 3765
66.249.64.51 - - [17/Nov/2016:01:23:21 -0500] "GET /BLA/resoluciones/AUTOS%202013/2335.pdf HTTP/1.1" 304 -
190.159.25.25 - - [17/Nov/2016:01:23:21 -0500] "GET /galeria/nivo-slider/themes/default/default.css HTTP/1.1" 200 1569
190.159.25.25 - - [17/Nov/2016:01:23:21 -0500] "GET /galeria/nivo-slider/themes/pascal/pascal.css HTTP/1.1" 200 2258
190.159.25.25 - - [17/Nov/2016:01:23:21 -0500] "GET /galeria/nivo-slider/themes/orman/orman.css HTTP/1.1" 200 2152
190.159.25.25 - - [17/Nov/2016:01:23:21 -0500] "GET /galeria/nivo-slider/nivo-slider.css HTTP/1.1" 200 1507
190.159.25.25 - - [17/Nov/2016:01:23:21 -0500] "GET /galeria/nivo-slider/demo/style.css HTTP/1.1" 200 2222
190.159.25.25 - - [17/Nov/2016:01:23:21 -0500] "GET /galeria/nivo-slider/demo/scripts/jquery-1.7.1.min.js HTTP/1.1" 200 93868
190.159.25.25 - - [17/Nov/2016:01:23:21 -0500] "GET /galeria/nivo-slider/jquery.nivo.slider.pack.js HTTP/1.1" 200 11561
190.159.25.25 - - [17/Nov/2016:01:23:21 -0500] "GET /galeria/nivo-slider/demo/images/bannerdiadelvoluntariado2.jpg HTTP/1.1" 200 92375
