192.168.175.104 - - [17/Nov/2016:00:12:56 -0500] "GET / HTTP/1.1" 200 9990
190.96.246.220 - - [17/Nov/2016:00:13:02 -0500] "GET /galeria/galeria/jquery.fancybox.css?v=2.1.5 HTTP/1.1" 200 4895
190.96.246.220 - - [17/Nov/2016:00:13:02 -0500] "GET /BLA/boletinlegal/js/jquery.scrollShow.js HTTP/1.1" 200 4586
190.96.246.220 - - [17/Nov/2016:00:13:02 -0500] "GET /galeria/galeria/jquery.fancybox.js?v=2.1.5 HTTP/1.1" 200 48706
186.84.14.10 - - [17/Nov/2016:00:13:04 -0500] "GET /galeria/nivo-slider/demo/images/BANNER%20ECORECICLATON-01d%20(2).jpg HTTP/1.1" 200 136864
186.84.14.10 - - [17/Nov/2016:00:13:14 -0500] "GET /galeria/nivo-slider/demo/images/BANNER%20ECORECICLATON-01d%20(2).jpg HTTP/1.1" 200 136864
186.84.14.10 - - [17/Nov/2016:00:13:14 -0500] "GET /galeria/nivo-slider/demo/images/bannerinvitaci%C3%B3nacaminatasecologicas2.jpg HTTP/1.1" 200 513253
186.84.14.10 - - [17/Nov/2016:00:13:24 -0500] "GET /galeria/nivo-slider/demo/images/bannersilvicultura.jpg HTTP/1.1" 200 173023
186.84.14.10 - - [17/Nov/2016:00:13:34 -0500] "GET /galeria/nivo-slider/demo/images/BANNERARBOLES.jpg HTTP/1.1" 200 227630
186.84.14.10 - - [17/Nov/2016:00:13:44 -0500] "GET /galeria/nivo-slider/demo/images/ACOPIADORESYGESTORES.jpg HTTP/1.1" 200 118791
186.84.14.10 - - [17/Nov/2016:00:13:54 -0500] "GET /galeria/nivo-slider/demo/images/bannergestionambiental2.jpg HTTP/1.1" 200 245647
186.84.14.10 - - [17/Nov/2016:00:14:05 -0500] "GET /galeria/nivo-slider/demo/images/vegetal.jpg HTTP/1.1" 200 216080
186.84.14.10 - - [17/Nov/2016:00:14:14 -0500] "GET /galeria/nivo-slider/demo/images/Ruta-vertimientos-01.jpg HTTP/1.1" 200 130151
186.84.14.10 - - [17/Nov/2016:00:14:24 -0500] "GET /galeria/nivo-slider/demo/images/Ruta-vertimientos-01.jpg HTTP/1.1" 200 130151
186.84.14.10 - - [17/Nov/2016:00:14:24 -0500] "GET /galeria/nivo-slider/demo/images/bolsas-06.jpg HTTP/1.1" 200 210950
190.159.9.231 - - [17/Nov/2016:00:14:29 -0500] "GET /galeria/galeria/fotos/3humedal-Burro3G.jpg HTTP/1.1" 200 74809
190.156.6.149 - - [17/Nov/2016:00:14:33 -0500] "GET /galeria/galeria/jquery.fancybox.css?v=2.1.5 HTTP/1.1" 200 4895
190.156.6.149 - - [17/Nov/2016:00:14:33 -0500] "GET /BLA/boletinlegal/js/jquery.scrollShow.js HTTP/1.1" 200 4586
190.156.6.149 - - [17/Nov/2016:00:14:33 -0500] "GET /galeria/galeria/jquery.fancybox.js?v=2.1.5 HTTP/1.1" 200 48706
186.84.14.10 - - [17/Nov/2016:00:14:34 -0500] "GET /galeria/nivo-slider/demo/images/bannerdiadelvoluntariado2.jpg HTTP/1.1" 200 92375
66.249.64.51 - - [17/Nov/2016:00:14:39 -0500] "GET /BLA/resoluciones/Notificaciones/AUTOS%202014/5783.doc HTTP/1.1" 304 -
66.249.64.51 - - [17/Nov/2016:00:14:41 -0500] "GET /BLA/resoluciones/AUTOS%202014/5141.pdf HTTP/1.1" 200 540004
186.84.14.10 - - [17/Nov/2016:00:14:44 -0500] "GET /galeria/nivo-slider/demo/images/banner%20encuesta%20sda2-web3.jpg HTTP/1.1" 200 111668
69.162.124.232 - - [17/Nov/2016:00:14:45 -0500] "HEAD / HTTP/1.1" 200 -
186.84.14.10 - - [17/Nov/2016:00:14:54 -0500] "GET /galeria/nivo-slider/demo/images/bannerwebsemanecoempresarial.jpg HTTP/1.1" 200 108354
190.156.6.149 - - [17/Nov/2016:00:14:56 -0500] "GET /BLA/boletinlegal/js/jquery.scrollShow.js HTTP/1.1" 304 -
190.156.6.149 - - [17/Nov/2016:00:14:56 -0500] "GET /galeria/galeria/jquery.fancybox.css?v=2.1.5 HTTP/1.1" 304 -
190.156.6.149 - - [17/Nov/2016:00:14:56 -0500] "GET /galeria/galeria/jquery.fancybox.js?v=2.1.5 HTTP/1.1" 304 -
186.84.14.10 - - [17/Nov/2016:00:15:04 -0500] "GET /galeria/nivo-slider/demo/images/bannerwebsemanecoempresarial.jpg HTTP/1.1" 200 108354
186.84.14.10 - - [17/Nov/2016:00:15:04 -0500] "GET /galeria/nivo-slider/demo/images/BANNER%20ECORECICLATON-01d%20(2).jpg HTTP/1.1" 200 136864
186.84.14.10 - - [17/Nov/2016:00:15:14 -0500] "GET /galeria/nivo-slider/demo/images/bannerinvitaci%C3%B3nacaminatasecologicas2.jpg HTTP/1.1" 200 513253
186.84.14.10 - - [17/Nov/2016:00:15:24 -0500] "GET /galeria/nivo-slider/demo/images/bannerinvitaci%C3%B3nacaminatasecologicas2.jpg HTTP/1.1" 200 513253
186.84.14.10 - - [17/Nov/2016:00:15:25 -0500] "GET /galeria/nivo-slider/demo/images/bannersilvicultura.jpg HTTP/1.1" 200 173023
186.84.14.10 - - [17/Nov/2016:00:15:34 -0500] "GET /galeria/nivo-slider/demo/images/BANNERARBOLES.jpg HTTP/1.1" 200 227630
186.84.14.10 - - [17/Nov/2016:00:15:44 -0500] "GET /galeria/nivo-slider/demo/images/BANNERARBOLES.jpg HTTP/1.1" 200 227630
186.84.14.10 - - [17/Nov/2016:00:15:44 -0500] "GET /galeria/nivo-slider/demo/images/ACOPIADORESYGESTORES.jpg HTTP/1.1" 200 118791
186.84.14.10 - - [17/Nov/2016:00:15:54 -0500] "GET /galeria/nivo-slider/demo/images/bannergestionambiental2.jpg HTTP/1.1" 200 245647
186.84.14.10 - - [17/Nov/2016:00:15:54 -0500] "GET /galeria/nivo-slider/demo/images/ACOPIADORESYGESTORES.jpg HTTP/1.1" 200 118791
66.249.64.43 - - [17/Nov/2016:00:15:59 -0500] "GET /BLA/boletinlegal/Directivas/2016/Directiva%20No.%2003%20del%2026%20de%20Julio%20de%202016.pdf HTTP/1.1" 304 -
186.84.14.10 - - [17/Nov/2016:00:16:04 -0500] "GET /galeria/nivo-slider/demo/images/bannergestionambiental2.jpg HTTP/1.1" 200 245647
186.84.14.10 - - [17/Nov/2016:00:16:04 -0500] "GET /galeria/nivo-slider/demo/images/vegetal.jpg HTTP/1.1" 200 216080
186.84.14.10 - - [17/Nov/2016:00:16:14 -0500] "GET /galeria/nivo-slider/demo/images/vegetal.jpg HTTP/1.1" 200 216080
186.84.14.10 - - [17/Nov/2016:00:16:14 -0500] "GET /galeria/nivo-slider/demo/images/Ruta-vertimientos-01.jpg HTTP/1.1" 200 130151
123.125.67.226 - - [17/Nov/2016:00:16:18 -0500] "GET /BLA/resoluciones/AUTOS%202015/0561.pdf HTTP/1.1" 200 522554
123.125.71.12 - - [17/Nov/2016:00:16:23 -0500] "GET /BLA/resoluciones/RESOLUCIONES%202008/0600.pdf HTTP/1.1" 200 601489
186.84.14.10 - - [17/Nov/2016:00:16:24 -0500] "GET /galeria/nivo-slider/demo/images/Ruta-vertimientos-01.jpg HTTP/1.1" 200 130151
186.84.14.10 - - [17/Nov/2016:00:16:24 -0500] "GET /galeria/nivo-slider/demo/images/bolsas-06.jpg HTTP/1.1" 200 210950
163.172.65.218 - - [17/Nov/2016:00:16:28 -0500] "GET /BLA/resoluciones/AUTOS%202006/AUTOS%202006%20801-900/00000866.tif HTTP/1.1" 200 58458
186.84.14.10 - - [17/Nov/2016:00:16:34 -0500] "GET /galeria/nivo-slider/demo/images/bolsas-06.jpg HTTP/1.1" 200 210950
186.84.14.10 - - [17/Nov/2016:00:16:34 -0500] "GET /galeria/nivo-slider/demo/images/bannerdiadelvoluntariado2.jpg HTTP/1.1" 200 92375
66.249.64.41 - - [17/Nov/2016:00:16:38 -0500] "GET /BLA/boletinlegal/jurisprudencia/analisis/G__Jurisp.%20Junio%202014_Sent%20Tutela%20Drumond.docx HTTP/1.1" 304 -
66.249.64.63 - - [17/Nov/2016:00:16:39 -0500] "GET /BLA/resoluciones/RESOLUCIONES%202007/RES%202007%201101%20AL%201200/RESOLUCION%201197%20DE%202007.pdf HTTP/1.1" 304 -
66.249.64.53 - - [17/Nov/2016:00:16:39 -0500] "GET /BLA/resoluciones/AUTOS%202009/0980.pdf HTTP/1.1" 304 -
186.84.14.10 - - [17/Nov/2016:00:16:44 -0500] "GET /galeria/nivo-slider/demo/images/bannerdiadelvoluntariado2.jpg HTTP/1.1" 200 92375
186.84.14.10 - - [17/Nov/2016:00:16:44 -0500] "GET /galeria/nivo-slider/demo/images/banner%20encuesta%20sda2-web3.jpg HTTP/1.1" 200 111668
186.84.14.10 - - [17/Nov/2016:00:16:54 -0500] "GET /galeria/nivo-slider/demo/images/banner%20encuesta%20sda2-web3.jpg HTTP/1.1" 200 111668
186.84.14.10 - - [17/Nov/2016:00:16:54 -0500] "GET /galeria/nivo-slider/demo/images/bannerwebsemanecoempresarial.jpg HTTP/1.1" 200 108354
186.84.14.10 - - [17/Nov/2016:00:17:04 -0500] "GET /galeria/nivo-slider/demo/images/bannerwebsemanecoempresarial.jpg HTTP/1.1" 200 108354
186.84.14.10 - - [17/Nov/2016:00:17:04 -0500] "GET /galeria/nivo-slider/demo/images/BANNER%20ECORECICLATON-01d%20(2).jpg HTTP/1.1" 200 136864
192.168.175.104 - - [17/Nov/2016:00:17:07 -0500] "GET / HTTP/1.0" 200 9990
186.84.14.10 - - [17/Nov/2016:00:17:14 -0500] "GET /galeria/nivo-slider/demo/images/BANNER%20ECORECICLATON-01d%20(2).jpg HTTP/1.1" 200 136864
186.84.14.10 - - [17/Nov/2016:00:17:14 -0500] "GET /galeria/nivo-slider/demo/images/bannerinvitaci%C3%B3nacaminatasecologicas2.jpg HTTP/1.1" 200 513253
192.168.175.104 - - [17/Nov/2016:00:17:18 -0500] "GET / HTTP/1.1" 200 9990
186.84.14.10 - - [17/Nov/2016:00:17:24 -0500] "GET /galeria/nivo-slider/demo/images/bannersilvicultura.jpg HTTP/1.1" 200 173023
186.84.14.10 - - [17/Nov/2016:00:17:24 -0500] "GET /galeria/nivo-slider/demo/images/bannerinvitaci%C3%B3nacaminatasecologicas2.jpg HTTP/1.1" 200 513253
186.84.14.10 - - [17/Nov/2016:00:17:34 -0500] "GET /galeria/nivo-slider/demo/images/bannersilvicultura.jpg HTTP/1.1" 200 173023
186.84.14.10 - - [17/Nov/2016:00:17:34 -0500] "GET /galeria/nivo-slider/demo/images/BANNERARBOLES.jpg HTTP/1.1" 200 227630
181.61.178.254 - - [17/Nov/2016:00:17:43 -0500] "GET /BLA/boletinlegal/js/jquery.scrollShow.js HTTP/1.1" 200 4586
181.61.178.254 - - [17/Nov/2016:00:17:43 -0500] "GET /galeria/galeria/jquery.fancybox.css?v=2.1.5 HTTP/1.1" 200 4895
181.61.178.254 - - [17/Nov/2016:00:17:44 -0500] "GET /galeria/galeria/jquery.fancybox.js?v=2.1.5 HTTP/1.1" 200 48706
66.249.64.57 - - [17/Nov/2016:00:16:45 -0500] "GET /BLA/boletinlegal/index.php HTTP/1.1" 200 52900
186.84.14.10 - - [17/Nov/2016:00:17:44 -0500] "GET /galeria/nivo-slider/demo/images/ACOPIADORESYGESTORES.jpg HTTP/1.1" 200 118791
186.84.14.10 - - [17/Nov/2016:00:17:44 -0500] "GET /galeria/nivo-slider/demo/images/BANNERARBOLES.jpg HTTP/1.1" 200 227630
66.249.64.61 - - [17/Nov/2016:00:17:44 -0500] "GET /BLA/resoluciones/AUTOS%202013/1425.pdf HTTP/1.1" 304 -
66.249.64.59 - - [17/Nov/2016:00:17:45 -0500] "GET /BLA/resoluciones/RESOLUCIONES%202010/6841.pdf HTTP/1.1" 304 -
181.55.238.113 - - [17/Nov/2016:00:17:46 -0500] "GET /BLA/boletinlegal/js/jquery.scrollShow.js HTTP/1.1" 200 4586
181.55.238.113 - - [17/Nov/2016:00:17:46 -0500] "GET /galeria/galeria/jquery.fancybox.css?v=2.1.5 HTTP/1.1" 200 4895
181.55.238.113 - - [17/Nov/2016:00:17:46 -0500] "GET /galeria/galeria/jquery.fancybox.js?v=2.1.5 HTTP/1.1" 200 48706
66.249.64.59 - - [17/Nov/2016:00:17:48 -0500] "GET /BLA/resoluciones/RESOLUCIONES%202010/7438.pdf HTTP/1.1" 304 -
66.249.64.59 - - [17/Nov/2016:00:17:50 -0500] "GET /BLA/resoluciones/AUTOS%202015/2334.pdf HTTP/1.1" 304 -
192.168.175.104 - - [17/Nov/2016:00:17:54 -0500] "GET / HTTP/1.1" 200 9990
186.84.14.10 - - [17/Nov/2016:00:17:54 -0500] "GET /galeria/nivo-slider/demo/images/ACOPIADORESYGESTORES.jpg HTTP/1.1" 200 118791
186.84.14.10 - - [17/Nov/2016:00:17:54 -0500] "GET /galeria/nivo-slider/demo/images/bannergestionambiental2.jpg HTTP/1.1" 200 245647
66.249.64.53 - - [17/Nov/2016:00:18:00 -0500] "GET /BLA/resoluciones/RESOLUCIONES%202007/RES%202007%201%20AL%20100/RESOLUCION%200059%20DE%202007.pdf HTTP/1.1" 304 -
66.249.64.55 - - [17/Nov/2016:00:18:02 -0500] "GET /BLA/resoluciones/RESOLUCIONES%202009/7794.pdf HTTP/1.1" 200 496333
66.249.64.55 - - [17/Nov/2016:00:18:03 -0500] "GET /BLA/resoluciones/RESOLUCIONES%202008/5042.pdf HTTP/1.1" 200 303363
186.84.14.10 - - [17/Nov/2016:00:18:04 -0500] "GET /galeria/nivo-slider/demo/images/bannergestionambiental2.jpg HTTP/1.1" 200 245647
186.84.14.10 - - [17/Nov/2016:00:18:04 -0500] "GET /galeria/nivo-slider/demo/images/vegetal.jpg HTTP/1.1" 200 216080
66.249.64.61 - - [17/Nov/2016:00:18:05 -0500] "GET /PORTAL_SIAC/swf/Residuos/farmaceutica/farmaceutica.swf?pageNumber= HTTP/1.1" 200 400860
181.61.178.254 - - [17/Nov/2016:00:18:06 -0500] "GET /galeria/galeria/jquery.fancybox.css?v=2.1.5 HTTP/1.1" 304 -
181.61.178.254 - - [17/Nov/2016:00:18:06 -0500] "GET /galeria/galeria/jquery.fancybox.js?v=2.1.5 HTTP/1.1" 304 -
181.61.178.254 - - [17/Nov/2016:00:18:06 -0500] "GET /BLA/boletinlegal/js/jquery.scrollShow.js HTTP/1.1" 304 -
66.249.64.55 - - [17/Nov/2016:00:18:07 -0500] "GET /BLA/resoluciones/RESOLUCIONES%202013/1345.pdf HTTP/1.1" 200 530778
66.249.64.51 - - [17/Nov/2016:00:18:09 -0500] "GET /BLA/resoluciones/AUTOS%202014/3452.pdf HTTP/1.1" 200 554850
66.249.64.53 - - [17/Nov/2016:00:18:11 -0500] "GET /BLA/resoluciones/Notificaciones/AUTOS%202015/04883.doc HTTP/1.1" 200 89604
66.249.64.53 - - [17/Nov/2016:00:18:11 -0500] "GET /BLA/resoluciones/AUTOS%202014/6291.pdf HTTP/1.1" 200 545950
66.249.64.51 - - [17/Nov/2016:00:18:13 -0500] "GET /BLA/resoluciones/AUTOS%202014/7090.pdf HTTP/1.1" 200 573274
186.84.14.10 - - [17/Nov/2016:00:18:14 -0500] "GET /galeria/nivo-slider/demo/images/Ruta-vertimientos-01.jpg HTTP/1.1" 200 130151
66.249.64.51 - - [17/Nov/2016:00:18:15 -0500] "GET /BLA/resoluciones/Notificaciones/AUTOS%202015/07065.doc HTTP/1.1" 200 139132
66.249.64.53 - - [17/Nov/2016:00:18:17 -0500] "GET /BLA/resoluciones/RESOLUCIONES%202010/6199.pdf HTTP/1.1" 304 -
66.249.64.55 - - [17/Nov/2016:00:18:18 -0500] "GET /BLA/resoluciones/RESOLUCIONES%202009/9461.pdf HTTP/1.1" 304 -
66.249.64.51 - - [17/Nov/2016:00:18:19 -0500] "GET /BLA/resoluciones/RESOLUCIONES%202007/RES%202007%202801%20AL%202900/RESOLUCION%202870%20DE%202007.pdf HTTP/1.1" 304 -
66.249.64.53 - - [17/Nov/2016:00:18:20 -0500] "GET /BLA/resoluciones/AUTOS%202014/6626.pdf HTTP/1.1" 304 -
66.249.64.51 - - [17/Nov/2016:00:18:24 -0500] "GET /BLA/resoluciones/RESOLUCIONES%202012/1871.pdf HTTP/1.1" 304 -
186.84.14.10 - - [17/Nov/2016:00:18:24 -0500] "GET /galeria/nivo-slider/demo/images/Ruta-vertimientos-01.jpg HTTP/1.1" 200 130151
66.249.64.53 - - [17/Nov/2016:00:18:25 -0500] "GET /BLA/resoluciones/AUTOS%202014/3180.pdf HTTP/1.1" 200 503433
186.84.14.10 - - [17/Nov/2016:00:18:25 -0500] "GET /galeria/nivo-slider/demo/images/bolsas-06.jpg HTTP/1.1" 200 210950
66.249.64.51 - - [17/Nov/2016:00:18:26 -0500] "GET /BLA/resoluciones/AUTOS%202014/3982.pdf HTTP/1.1" 304 -
66.249.64.53 - - [17/Nov/2016:00:18:27 -0500] "GET /BLA/resoluciones/AUTOS%202007/2029.pdf HTTP/1.1" 304 -
66.249.64.51 - - [17/Nov/2016:00:18:29 -0500] "GET /BLA/resoluciones/RESOLUCIONES%202011/4276.pdf HTTP/1.1" 304 -
66.249.64.51 - - [17/Nov/2016:00:18:31 -0500] "GET /BLA/resoluciones/AUTOS%202013/0202.pdf HTTP/1.1" 304 -
66.249.64.51 - - [17/Nov/2016:00:18:32 -0500] "GET /BLA/resoluciones/RESOLUCIONES%202007/RES%202007%20901%20AL%201000/RESOLUCION%200991%20DE%202007.pdf HTTP/1.1" 304 -
66.249.64.51 - - [17/Nov/2016:00:18:34 -0500] "GET /BLA/resoluciones/RESOLUCIONES%202009/7926.pdf HTTP/1.1" 304 -
186.84.14.10 - - [17/Nov/2016:00:18:34 -0500] "GET /galeria/nivo-slider/demo/images/bolsas-06.jpg HTTP/1.1" 200 210950
186.84.14.10 - - [17/Nov/2016:00:18:34 -0500] "GET /galeria/nivo-slider/demo/images/bannerdiadelvoluntariado2.jpg HTTP/1.1" 200 92375
190.27.161.180 - - [17/Nov/2016:00:18:39 -0500] "GET /galeria/galeria/fotos/Entrenube1P.jpg HTTP/1.1" 200 6959
190.27.161.180 - - [17/Nov/2016:00:18:40 -0500] "GET /galeria/galeria/fotos/Entrenube2P.jpg HTTP/1.1" 200 8416
190.27.161.180 - - [17/Nov/2016:00:18:40 -0500] "GET /galeria/galeria/fotos/Entrenube3P.jpg HTTP/1.1" 200 8487
190.27.161.180 - - [17/Nov/2016:00:18:40 -0500] "GET /galeria/galeria/fotos/Entrenube4P.jpg HTTP/1.1" 200 10881
66.249.64.51 - - [17/Nov/2016:00:18:42 -0500] "GET /BLA/resoluciones/AUTOS%202013/2934.pdf HTTP/1.1" 304 -
66.249.64.51 - - [17/Nov/2016:00:18:44 -0500] "GET /BLA/resoluciones/AUTOS%202014/4681.pdf HTTP/1.1" 200 469376
186.84.14.10 - - [17/Nov/2016:00:18:44 -0500] "GET /galeria/nivo-slider/demo/images/banner%20encuesta%20sda2-web3.jpg HTTP/1.1" 200 111668
66.249.64.59 - - [17/Nov/2016:00:18:46 -0500] "GET /ecodirectorio/files/res/downloads/download_0095.pdf HTTP/1.1" 304 -
66.249.64.51 - - [17/Nov/2016:00:18:51 -0500] "GET /BLA/resoluciones/RESOLUCIONES%202010/4766.pdf HTTP/1.1" 304 -
186.84.14.10 - - [17/Nov/2016:00:18:54 -0500] "GET /galeria/nivo-slider/demo/images/banner%20encuesta%20sda2-web3.jpg HTTP/1.1" 200 111668
186.84.14.10 - - [17/Nov/2016:00:18:54 -0500] "GET /galeria/nivo-slider/demo/images/bannerwebsemanecoempresarial.jpg HTTP/1.1" 200 108354
186.84.14.10 - - [17/Nov/2016:00:19:04 -0500] "GET /galeria/nivo-slider/demo/images/bannerwebsemanecoempresarial.jpg HTTP/1.1" 200 108354
186.84.14.10 - - [17/Nov/2016:00:19:04 -0500] "GET /galeria/nivo-slider/demo/images/BANNER%20ECORECICLATON-01d%20(2).jpg HTTP/1.1" 200 136864
66.249.64.53 - - [17/Nov/2016:00:19:09 -0500] "GET /BLA/resoluciones/AUTOS%202012/0585.pdf HTTP/1.1" 200 159007
186.84.14.10 - - [17/Nov/2016:00:19:14 -0500] "GET /galeria/nivo-slider/demo/images/BANNER%20ECORECICLATON-01d%20(2).jpg HTTP/1.1" 200 136864
186.84.14.10 - - [17/Nov/2016:00:19:14 -0500] "GET /galeria/nivo-slider/demo/images/bannerinvitaci%C3%B3nacaminatasecologicas2.jpg HTTP/1.1" 200 513253
186.84.14.10 - - [17/Nov/2016:00:19:24 -0500] "GET /galeria/nivo-slider/demo/images/bannerinvitaci%C3%B3nacaminatasecologicas2.jpg HTTP/1.1" 200 513253
186.84.14.10 - - [17/Nov/2016:00:19:24 -0500] "GET /galeria/nivo-slider/demo/images/bannersilvicultura.jpg HTTP/1.1" 200 173023
186.84.14.10 - - [17/Nov/2016:00:19:34 -0500] "GET /galeria/nivo-slider/demo/images/BANNERARBOLES.jpg HTTP/1.1" 200 227630
186.84.14.10 - - [17/Nov/2016:00:19:44 -0500] "GET /galeria/nivo-slider/demo/images/BANNERARBOLES.jpg HTTP/1.1" 200 227630
186.84.14.10 - - [17/Nov/2016:00:19:44 -0500] "GET /galeria/nivo-slider/demo/images/ACOPIADORESYGESTORES.jpg HTTP/1.1" 200 118791
69.162.124.232 - - [17/Nov/2016:00:19:45 -0500] "HEAD / HTTP/1.1" 200 -
186.84.14.10 - - [17/Nov/2016:00:19:54 -0500] "GET /galeria/nivo-slider/demo/images/bannergestionambiental2.jpg HTTP/1.1" 200 245647
186.84.14.10 - - [17/Nov/2016:00:19:54 -0500] "GET /galeria/nivo-slider/demo/images/ACOPIADORESYGESTORES.jpg HTTP/1.1" 200 118791
186.154.120.2 - - [17/Nov/2016:00:19:55 -0500] "GET /BLA/boletinlegal/js/jquery.scrollShow.js HTTP/1.1" 200 4586
186.154.120.2 - - [17/Nov/2016:00:19:55 -0500] "GET /galeria/galeria/jquery.fancybox.css?v=2.1.5 HTTP/1.1" 200 4895
186.154.120.2 - - [17/Nov/2016:00:19:55 -0500] "GET /galeria/galeria/jquery.fancybox.js?v=2.1.5 HTTP/1.1" 200 48706
181.56.46.228 - - [17/Nov/2016:00:20:00 -0500] "GET /galeria/galeria/fotos/Humedal-Tibanica2G.jpg HTTP/1.1" 200 535148
186.84.14.10 - - [17/Nov/2016:00:20:04 -0500] "GET /galeria/nivo-slider/demo/images/vegetal.jpg HTTP/1.1" 200 216080
66.249.64.51 - - [17/Nov/2016:00:20:12 -0500] "GET /isolucionsda/bancoconocimiento/I/Incentivostributarios_v1/Incentivostributarios_v1.asp?IdArticulo=3571 HTTP/1.1" 200 146
66.249.64.51 - - [17/Nov/2016:00:20:13 -0500] "GET /autoliquidacion/index.php?dir=TR%C1MITES%20AGUAS%20SUBTERR%C1NEAS/&sort=date&order=asc HTTP/1.1" 200 3643
66.249.64.51 - - [17/Nov/2016:00:20:13 -0500] "GET /autoliquidacion/index.php?dir=TR%C1MITES%20AGUAS%20SUBTERR%C1NEAS/&sort=size&order=asc HTTP/1.1" 200 3643
186.84.14.10 - - [17/Nov/2016:00:20:14 -0500] "GET /galeria/nivo-slider/demo/images/vegetal.jpg HTTP/1.1" 200 216080
186.84.14.10 - - [17/Nov/2016:00:20:14 -0500] "GET /galeria/nivo-slider/demo/images/Ruta-vertimientos-01.jpg HTTP/1.1" 200 130151
66.249.64.51 - - [17/Nov/2016:00:20:15 -0500] "GET /BLA/resoluciones/AUTOS%202009/1014.pdf HTTP/1.1" 304 -
66.249.64.51 - - [17/Nov/2016:00:20:18 -0500] "GET /BLA/resoluciones/RESOLUCIONES%202007/RES%202007%203601%20AL%203700/RESOLUCION%203606%20DE%202007.pdf HTTP/1.1" 304 -
66.249.64.51 - - [17/Nov/2016:00:20:20 -0500] "GET /BLA/resoluciones/AUTOS%202012/2897.pdf HTTP/1.1" 200 1409986
66.249.64.51 - - [17/Nov/2016:00:20:22 -0500] "GET /BLA/resoluciones/RESOLUCIONES%202013/0915.pdf HTTP/1.1" 200 518463
186.154.120.2 - - [17/Nov/2016:00:20:22 -0500] "GET /BLA/boletinlegal/js/jquery.scrollShow.js HTTP/1.1" 200 4586
186.154.120.2 - - [17/Nov/2016:00:20:22 -0500] "GET /galeria/galeria/jquery.fancybox.css?v=2.1.5 HTTP/1.1" 200 4895
186.154.120.2 - - [17/Nov/2016:00:20:22 -0500] "GET /galeria/galeria/jquery.fancybox.js?v=2.1.5 HTTP/1.1" 200 48706
66.249.64.51 - - [17/Nov/2016:00:20:23 -0500] "GET /BLA/resoluciones/RESOLUCIONES%202014/1803.pdf HTTP/1.1" 200 10504197
186.84.14.10 - - [17/Nov/2016:00:20:24 -0500] "GET /galeria/nivo-slider/demo/images/bolsas-06.jpg HTTP/1.1" 200 210950
186.84.14.10 - - [17/Nov/2016:00:20:24 -0500] "GET /galeria/nivo-slider/demo/images/Ruta-vertimientos-01.jpg HTTP/1.1" 200 130151
186.84.14.10 - - [17/Nov/2016:00:20:34 -0500] "GET /galeria/nivo-slider/demo/images/bolsas-06.jpg HTTP/1.1" 200 210950
186.84.14.10 - - [17/Nov/2016:00:20:34 -0500] "GET /galeria/nivo-slider/demo/images/bannerdiadelvoluntariado2.jpg HTTP/1.1" 200 92375
66.249.64.59 - - [17/Nov/2016:00:20:36 -0500] "GET /BLA/resoluciones/RESOLUCIONES%202009/4753.pdf HTTP/1.1" 200 611095
66.249.64.57 - - [17/Nov/2016:00:20:38 -0500] "GET /BLA/resoluciones/RESOLUCIONES%202007/RES%202007%204101%20AL%204200/RESOLUCION%204132%20DE%202007.pdf HTTP/1.1" 200 669004
66.249.64.63 - - [17/Nov/2016:00:20:39 -0500] "GET /BLA/resoluciones/RESOLUCIONES%202009/4009.pdf HTTP/1.1" 200 527237
66.249.64.55 - - [17/Nov/2016:00:20:40 -0500] "GET /BLA/resoluciones/RESOLUCIONES%202010/2813.pdf HTTP/1.1" 200 742937
66.249.64.55 - - [17/Nov/2016:00:20:42 -0500] "GET /BLA/resoluciones/RESOLUCIONES%202010/6285.pdf HTTP/1.1" 304 -
66.249.64.51 - - [17/Nov/2016:00:20:42 -0500] "GET /BLA/resoluciones/AUTOS%202012/0153.pdf HTTP/1.1" 304 -
66.249.64.5 - - [17/Nov/2016:00:20:43 -0500] "GET /Residuos/impresion/files/guia_impresion-lit.pdf HTTP/1.1" 304 -
66.249.64.5 - - [17/Nov/2016:00:20:44 -0500] "GET /transparencia/directorioservidores/MANUAL%20DE%20FUNCIONES%2002666%20DEL%204-DIC-2015.pdf HTTP/1.1" 304 -
186.84.14.10 - - [17/Nov/2016:00:20:44 -0500] "GET /galeria/nivo-slider/demo/images/bannerdiadelvoluntariado2.jpg HTTP/1.1" 200 92375
186.84.14.10 - - [17/Nov/2016:00:20:44 -0500] "GET /galeria/nivo-slider/demo/images/banner%20encuesta%20sda2-web3.jpg HTTP/1.1" 200 111668
66.249.64.8 - - [17/Nov/2016:00:20:45 -0500] "GET /BLA/resoluciones/RESOLUCIONES%202007/RES%202007%201601%20AL%201725/RESOLUCION%201607%20DE%202007.pdf HTTP/1.1" 304 -
66.249.64.61 - - [17/Nov/2016:00:20:47 -0500] "GET /BLA/resoluciones/AUTOS%202010/5348.pdf HTTP/1.1" 304 -
66.249.64.63 - - [17/Nov/2016:00:20:48 -0500] "GET /BLA/resoluciones/RESOLUCIONES%202007/RES%202007%20601%20AL%20700/RESOLUCION%200627%20DE%202007.pdf HTTP/1.1" 304 -
66.249.64.2 - - [17/Nov/2016:00:20:52 -0500] "GET /BLA/resoluciones/RESOLUCIONES%202011/4788.pdf HTTP/1.1" 304 -
66.249.64.61 - - [17/Nov/2016:00:20:53 -0500] "GET /BLA/resoluciones/AUTOS%202013/0511.pdf HTTP/1.1" 304 -
66.249.64.2 - - [17/Nov/2016:00:20:54 -0500] "GET /BLA/resoluciones/AUTOS%202013/1077.pdf HTTP/1.1" 304 -
186.84.14.10 - - [17/Nov/2016:00:20:54 -0500] "GET /galeria/nivo-slider/demo/images/bannerwebsemanecoempresarial.jpg HTTP/1.1" 200 108354
186.84.14.10 - - [17/Nov/2016:00:20:54 -0500] "GET /galeria/nivo-slider/demo/images/banner%20encuesta%20sda2-web3.jpg HTTP/1.1" 200 111668
66.249.64.57 - - [17/Nov/2016:00:20:57 -0500] "GET /autoliquidacion/Grupo%20Forestal%20-%20Silvicultura/Solicitud%20y%20lista%20de%20chequeo%20Evaluaci%C3%B3n%20Silvicultural.xlsx HTTP/1.1" 200 110173
66.249.64.63 - - [17/Nov/2016:00:20:58 -0500] "GET /BLA/resoluciones/RESOLUCIONES%202010/6934.pdf HTTP/1.1" 304 -
66.249.64.63 - - [17/Nov/2016:00:20:59 -0500] "GET /BLA/resoluciones/RESOLUCIONES%202014/2495.pdf HTTP/1.1" 304 -
66.249.64.63 - - [17/Nov/2016:00:20:59 -0500] "GET /BLA/resoluciones/AUTOS%202012/1781.pdf HTTP/1.1" 304 -
66.249.64.5 - - [17/Nov/2016:00:21:00 -0500] "GET /BLA/resoluciones/RESOLUCIONES%202007/RES%202007%202501%20AL%202600/RESOLUCION%202551%20DE%202007.pdf HTTP/1.1" 304 -
66.249.64.57 - - [17/Nov/2016:00:21:01 -0500] "GET /BLA/resoluciones/AUTOS%202014/5698.pdf HTTP/1.1" 304 -
66.249.64.63 - - [17/Nov/2016:00:21:02 -0500] "GET /BLA/resoluciones/AUTOS%202014/3301.pdf HTTP/1.1" 304 -
66.249.64.51 - - [17/Nov/2016:00:21:03 -0500] "GET /BLA/resoluciones/RESOLUCIONES%202010/4175.pdf HTTP/1.1" 304 -
186.84.14.10 - - [17/Nov/2016:00:21:04 -0500] "GET /galeria/nivo-slider/demo/images/bannerwebsemanecoempresarial.jpg HTTP/1.1" 200 108354
186.84.14.10 - - [17/Nov/2016:00:21:04 -0500] "GET /galeria/nivo-slider/demo/images/BANNER%20ECORECICLATON-01d%20(2).jpg HTTP/1.1" 200 136864
190.157.74.27 - - [17/Nov/2016:00:21:05 -0500] "GET /galeria/galeria/jquery.fancybox.css?v=2.1.5 HTTP/1.1" 200 4895
190.157.74.27 - - [17/Nov/2016:00:21:05 -0500] "GET /BLA/boletinlegal/js/jquery.scrollShow.js HTTP/1.1" 200 4586
190.157.74.27 - - [17/Nov/2016:00:21:05 -0500] "GET /galeria/carrusel/Carrusel/jquery.thumbnailScroller.css HTTP/1.1" 200 2066
190.157.74.27 - - [17/Nov/2016:00:21:05 -0500] "GET /galeria/galeria/jquery.fancybox.js?v=2.1.5 HTTP/1.1" 200 48706
190.157.74.27 - - [17/Nov/2016:00:21:05 -0500] "GET /galeria/carrusel/Carrusel/jquery-ui-1.8.13.custom.min.js HTTP/1.1" 200 10800
190.157.74.27 - - [17/Nov/2016:00:21:05 -0500] "GET /galeria/carrusel/Carrusel/jquery.thumbnailScroller.js HTTP/1.1" 200 8157
66.249.64.59 - - [17/Nov/2016:00:21:05 -0500] "GET /BLA/resoluciones/RESOLUCIONES%202013/0034.pdf HTTP/1.1" 304 -
66.249.64.61 - - [17/Nov/2016:00:21:06 -0500] "GET /BLA/resoluciones/RESOLUCIONES%202007/RES%202007%202401%20AL%202500/RESOLUCION%202401%20DE%202007.pdf HTTP/1.1" 304 -
66.249.64.53 - - [17/Nov/2016:00:21:11 -0500] "GET /BLA/resoluciones/AUTOS%202008/0729.pdf HTTP/1.1" 304 -
66.249.64.61 - - [17/Nov/2016:00:21:13 -0500] "GET /BLA/resoluciones/RESOLUCIONES%202013/0847.pdf HTTP/1.1" 304 -
186.84.14.10 - - [17/Nov/2016:00:21:14 -0500] "GET /galeria/nivo-slider/demo/images/bannerinvitaci%C3%B3nacaminatasecologicas2.jpg HTTP/1.1" 200 513253
186.84.14.10 - - [17/Nov/2016:00:21:14 -0500] "GET /galeria/nivo-slider/demo/images/BANNER%20ECORECICLATON-01d%20(2).jpg HTTP/1.1" 200 136864
66.249.64.63 - - [17/Nov/2016:00:21:14 -0500] "GET /BLA/resoluciones/AUTOS%202014/6159.pdf HTTP/1.1" 304 -
66.249.64.8 - - [17/Nov/2016:00:21:17 -0500] "GET /BLA/resoluciones/RESOLUCIONES%202013/1117.pdf HTTP/1.1" 304 -
66.249.64.61 - - [17/Nov/2016:00:21:19 -0500] "GET /BLA/resoluciones/Notificaciones/AUTOS%202015/05570.doc HTTP/1.1" 304 -
66.249.64.2 - - [17/Nov/2016:00:21:22 -0500] "GET /BLA/resoluciones/RESOLUCIONES%202011/0233.pdf HTTP/1.1" 304 -
66.249.64.8 - - [17/Nov/2016:00:21:22 -0500] "GET /BLA/resoluciones/AUTOS%202014/4490.pdf HTTP/1.1" 304 -
66.249.64.8 - - [17/Nov/2016:00:21:23 -0500] "GET /BLA/resoluciones/AUTOS%202013/1636.pdf HTTP/1.1" 304 -
186.84.14.10 - - [17/Nov/2016:00:21:24 -0500] "GET /galeria/nivo-slider/demo/images/bannerinvitaci%C3%B3nacaminatasecologicas2.jpg HTTP/1.1" 200 513253
186.84.14.10 - - [17/Nov/2016:00:21:24 -0500] "GET /galeria/nivo-slider/demo/images/bannersilvicultura.jpg HTTP/1.1" 200 173023
66.249.64.57 - - [17/Nov/2016:00:21:26 -0500] "GET /BLA/resoluciones/Resoluciones%202011/6416.pdf HTTP/1.1" 304 -
66.249.64.55 - - [17/Nov/2016:00:21:26 -0500] "GET /BLA/resoluciones/AUTOS%202013/1882.pdf HTTP/1.1" 304 -
66.249.64.5 - - [17/Nov/2016:00:21:27 -0500] "GET /BLA/resoluciones/RESOLUCIONES%202007/RES%202007%202801%20AL%202900/RESOLUCION%202848%20DE%202007.pdf HTTP/1.1" 304 -
66.249.64.63 - - [17/Nov/2016:00:21:32 -0500] "GET /BLA/resoluciones/RESOLUCIONES%202014/1844.pdf HTTP/1.1" 304 -
66.249.64.61 - - [17/Nov/2016:00:21:33 -0500] "GET /BLA/resoluciones/AUTOS%202013/2022.pdf HTTP/1.1" 304 -
66.249.64.63 - - [17/Nov/2016:00:21:34 -0500] "GET /BLA/resoluciones/RESOLUCIONES%202008/5735.pdf HTTP/1.1" 304 -
186.84.14.10 - - [17/Nov/2016:00:21:34 -0500] "GET /galeria/nivo-slider/demo/images/bannersilvicultura.jpg HTTP/1.1" 200 173023
186.84.14.10 - - [17/Nov/2016:00:21:34 -0500] "GET /galeria/nivo-slider/demo/images/BANNERARBOLES.jpg HTTP/1.1" 200 227630
66.249.64.63 - - [17/Nov/2016:00:21:35 -0500] "GET /BLA/resoluciones/RESOLUCIONES%202008/3797.pdf HTTP/1.1" 304 -
66.249.64.61 - - [17/Nov/2016:00:21:36 -0500] "GET /BLA/resoluciones/RESOLUCIONES%202007/RES%202007%201501%20AL%201600/RESOLUCION%201594%20DE%202007.pdf HTTP/1.1" 304 -
66.249.64.59 - - [17/Nov/2016:00:21:36 -0500] "GET /BLA/resoluciones/RESOLUCIONES%202012/0031.pdf HTTP/1.1" 304 -
66.249.64.57 - - [17/Nov/2016:00:21:38 -0500] "GET /BLA/resoluciones/AUTOS%202013/0622.pdf HTTP/1.1" 304 -
66.249.64.57 - - [17/Nov/2016:00:21:38 -0500] "GET /BLA/resoluciones/RESOLUCIONES%202007/RES%202007%202401%20AL%202500/RESOLUCION%202446%20%20DE%202007.pdf HTTP/1.1" 304 -
66.249.64.53 - - [17/Nov/2016:00:21:39 -0500] "GET /BLA/resoluciones/RESOLUCIONES%202010/2175.pdf HTTP/1.1" 304 -
66.249.64.53 - - [17/Nov/2016:00:21:40 -0500] "GET /BLA/resoluciones/AUTOS%202015/3197.pdf HTTP/1.1" 304 -
66.249.64.53 - - [17/Nov/2016:00:21:40 -0500] "GET /BLA/resoluciones/RESOLUCIONES%202013/0848.pdf HTTP/1.1" 304 -
66.249.64.53 - - [17/Nov/2016:00:21:41 -0500] "GET /BLA/resoluciones/RESOLUCIONES%202012/0805.pdf HTTP/1.1" 304 -
66.249.64.55 - - [17/Nov/2016:00:21:43 -0500] "GET /BLA/resoluciones/AUTOS%202010/5263.pdf HTTP/1.1" 304 -
186.84.14.10 - - [17/Nov/2016:00:21:44 -0500] "GET /galeria/nivo-slider/demo/images/ACOPIADORESYGESTORES.jpg HTTP/1.1" 200 118791
66.249.64.57 - - [17/Nov/2016:00:21:44 -0500] "GET /autoliquidacion/Grupo%20Forestal%20-%20Industria%20de%20la%20Madera/Solicitud%20Certificaci%C3%B3n.pdf HTTP/1.1" 304 -
66.249.64.53 - - [17/Nov/2016:00:21:46 -0500] "GET /BLA/resoluciones/AUTOS%202015/2882.pdf HTTP/1.1" 304 -
66.249.64.53 - - [17/Nov/2016:00:21:47 -0500] "GET /BLA/resoluciones/RESOLUCIONES%202012/1898.pdf HTTP/1.1" 304 -
66.249.64.53 - - [17/Nov/2016:00:21:49 -0500] "GET /BLA/resoluciones/AUTOS%202013/3153.pdf HTTP/1.1" 304 -
181.56.46.228 - - [17/Nov/2016:00:21:50 -0500] "GET /galeria/galeria/fotos/Humedal-Tibanica1G.jpg HTTP/1.1" 200 541579
186.29.182.130 - - [17/Nov/2016:00:21:51 -0500] "GET /BLA/boletinlegal/js/jquery.scrollShow.js HTTP/1.1" 200 4586
186.29.182.130 - - [17/Nov/2016:00:21:51 -0500] "GET /galeria/galeria/jquery.fancybox.css?v=2.1.5 HTTP/1.1" 200 4895
186.29.182.130 - - [17/Nov/2016:00:21:51 -0500] "GET /galeria/galeria/jquery.fancybox.js?v=2.1.5 HTTP/1.1" 200 48706
66.249.64.51 - - [17/Nov/2016:00:21:51 -0500] "GET /BLA/resoluciones/AUTOS%202014/2220.pdf HTTP/1.1" 304 -
66.249.64.51 - - [17/Nov/2016:00:21:51 -0500] "GET /BLA/resoluciones/RESOLUCIONES%202009/8650.pdf HTTP/1.1" 304 -
66.249.64.51 - - [17/Nov/2016:00:21:53 -0500] "GET /BLA/resoluciones/AUTOS%202013/0218.pdf HTTP/1.1" 304 -
186.84.14.10 - - [17/Nov/2016:00:21:54 -0500] "GET /galeria/nivo-slider/demo/images/ACOPIADORESYGESTORES.jpg HTTP/1.1" 200 118791
186.84.14.10 - - [17/Nov/2016:00:21:54 -0500] "GET /galeria/nivo-slider/demo/images/bannergestionambiental2.jpg HTTP/1.1" 200 245647
66.249.64.51 - - [17/Nov/2016:00:21:59 -0500] "GET /BLA/resoluciones/RESOLUCIONES%202013/0125.pdf HTTP/1.1" 304 -
66.249.64.51 - - [17/Nov/2016:00:21:59 -0500] "GET /BLA/resoluciones/RESOLUCIONES%202007/RES%202007%204101%20AL%204200/RESOLUCION%204167%20DE%202007.pdf HTTP/1.1" 304 -
66.249.64.51 - - [17/Nov/2016:00:21:59 -0500] "GET /BLA/resoluciones/AUTOS%202013/0394.pdf HTTP/1.1" 304 -
66.249.64.53 - - [17/Nov/2016:00:22:01 -0500] "GET /BLA/resoluciones/RESOLUCIONES%202014/0738.pdf HTTP/1.1" 304 -
186.84.14.10 - - [17/Nov/2016:00:22:04 -0500] "GET /galeria/nivo-slider/demo/images/vegetal.jpg HTTP/1.1" 200 216080
66.249.64.53 - - [17/Nov/2016:00:22:05 -0500] "GET /BLA/resoluciones/RESOLUCIONES%202007/RES%202007%20101%20AL%20200/RESOLUCION%200108%20%20DE%202007.pdf HTTP/1.1" 304 -
192.168.175.104 - - [17/Nov/2016:00:22:06 -0500] "GET / HTTP/1.0" 200 9990
66.249.64.53 - - [17/Nov/2016:00:22:06 -0500] "GET /autoliquidacion/Grupo%20Forestal%20-%20Silvicultura/Formulario%20de%20recoleccion%20de%20informacion%20silvicultural%20-%20%20Ficha1.xls HTTP/1.1" 304 -
66.249.64.51 - - [17/Nov/2016:00:22:07 -0500] "GET /BLA/resoluciones/RESOLUCIONES%202007/RES%202007%202101%20AL%202200/RESOLUCION%202115%20DE%202007.pdf HTTP/1.1" 304 -
66.249.64.51 - - [17/Nov/2016:00:22:08 -0500] "GET /BLA/resoluciones/AUTOS%202015/1129.pdf HTTP/1.1" 304 -
186.29.182.130 - - [17/Nov/2016:00:22:08 -0500] "GET /galeria/galeria/jquery.fancybox.css?v=2.1.5 HTTP/1.1" 304 -
186.29.182.130 - - [17/Nov/2016:00:22:08 -0500] "GET /BLA/boletinlegal/js/jquery.scrollShow.js HTTP/1.1" 304 -
186.29.182.130 - - [17/Nov/2016:00:22:08 -0500] "GET /galeria/galeria/jquery.fancybox.js?v=2.1.5 HTTP/1.1" 304 -
66.249.64.53 - - [17/Nov/2016:00:22:08 -0500] "GET /BLA/resoluciones/RESOLUCIONES%202010/1454.pdf HTTP/1.1" 304 -
66.249.64.53 - - [17/Nov/2016:00:22:09 -0500] "GET /BLA/resoluciones/AUTOS%202013/2086.pdf HTTP/1.1" 304 -
66.249.64.53 - - [17/Nov/2016:00:22:14 -0500] "GET /BLA/resoluciones/RESOLUCIONES%202010/7477.pdf HTTP/1.1" 304 -
186.84.14.10 - - [17/Nov/2016:00:22:14 -0500] "GET /galeria/nivo-slider/demo/images/vegetal.jpg HTTP/1.1" 200 216080
186.84.14.10 - - [17/Nov/2016:00:22:14 -0500] "GET /galeria/nivo-slider/demo/images/Ruta-vertimientos-01.jpg HTTP/1.1" 200 130151
66.249.64.53 - - [17/Nov/2016:00:22:14 -0500] "GET /BLA/resoluciones/RESOLUCIONES%202012/0611.pdf HTTP/1.1" 304 -
66.249.64.51 - - [17/Nov/2016:00:22:16 -0500] "GET /BLA/resoluciones/AUTOS%202013/0654.pdf HTTP/1.1" 304 -
192.168.175.104 - - [17/Nov/2016:00:22:17 -0500] "GET / HTTP/1.1" 200 9990
66.249.64.53 - - [17/Nov/2016:00:22:19 -0500] "GET /BLA/resoluciones/RESOLUCIONES%202009/8632.pdf HTTP/1.1" 304 -
66.249.64.53 - - [17/Nov/2016:00:22:21 -0500] "GET /BLA/resoluciones/RESOLUCIONES%202010/6906.pdf HTTP/1.1" 304 -
66.249.64.51 - - [17/Nov/2016:00:22:21 -0500] "GET /BLA/resoluciones/RESOLUCIONES%202007/RES%202007%204001%20AL%204100/RESOLUCION%204007%20DE%202007.pdf HTTP/1.1" 304 -
66.249.64.53 - - [17/Nov/2016:00:22:22 -0500] "GET /BLA/resoluciones/AUTOS%202008/1218.pdf HTTP/1.1" 304 -
186.84.14.10 - - [17/Nov/2016:00:22:24 -0500] "GET /galeria/nivo-slider/demo/images/bolsas-06.jpg HTTP/1.1" 200 210950
186.84.14.10 - - [17/Nov/2016:00:22:24 -0500] "GET /galeria/nivo-slider/demo/images/Ruta-vertimientos-01.jpg HTTP/1.1" 200 130151
186.155.18.169 - - [17/Nov/2016:00:22:29 -0500] "GET /galeria/galeria/jquery.fancybox.css?v=2.1.5 HTTP/1.1" 200 4895
186.155.18.169 - - [17/Nov/2016:00:22:29 -0500] "GET /BLA/boletinlegal/js/jquery.scrollShow.js HTTP/1.1" 200 4586
186.155.18.169 - - [17/Nov/2016:00:22:29 -0500] "GET /galeria/galeria/jquery.fancybox.js?v=2.1.5 HTTP/1.1" 200 48706
66.249.64.51 - - [17/Nov/2016:00:22:31 -0500] "GET /BLA/resoluciones/AUTOS%202011/0135.pdf HTTP/1.1" 304 -
190.157.74.27 - - [17/Nov/2016:00:22:31 -0500] "GET /galeria/nivo-slider/demo/demo.html HTTP/1.1" 200 3765
66.249.64.51 - - [17/Nov/2016:00:22:31 -0500] "GET /transparencia/directorioservidores/abril2015.pdf HTTP/1.1" 304 -
66.249.64.51 - - [17/Nov/2016:00:22:32 -0500] "GET /BLA/resoluciones/RESOLUCIONES%202007/RES%202007%203801%20AL%203900/RESOLUCION%203833%20DE%202007.pdf HTTP/1.1" 304 -
66.249.64.51 - - [17/Nov/2016:00:22:33 -0500] "GET /BLA/resoluciones/RESOLUCIONES%202013/1489.pdf HTTP/1.1" 304 -
190.157.74.27 - - [17/Nov/2016:00:22:33 -0500] "GET /galeria/nivo-slider/themes/default/default.css HTTP/1.1" 200 1569
190.157.74.27 - - [17/Nov/2016:00:22:33 -0500] "GET /galeria/nivo-slider/themes/pascal/pascal.css HTTP/1.1" 200 2258
190.157.74.27 - - [17/Nov/2016:00:22:33 -0500] "GET /galeria/nivo-slider/themes/orman/orman.css HTTP/1.1" 200 2152
190.157.74.27 - - [17/Nov/2016:00:22:33 -0500] "GET /galeria/nivo-slider/nivo-slider.css HTTP/1.1" 200 1507
190.157.74.27 - - [17/Nov/2016:00:22:33 -0500] "GET /galeria/nivo-slider/demo/style.css HTTP/1.1" 200 2222
190.157.74.27 - - [17/Nov/2016:00:22:33 -0500] "GET /galeria/nivo-slider/demo/scripts/jquery-1.7.1.min.js HTTP/1.1" 200 93868
190.157.74.27 - - [17/Nov/2016:00:22:33 -0500] "GET /galeria/nivo-slider/jquery.nivo.slider.pack.js HTTP/1.1" 200 11561
190.157.74.27 - - [17/Nov/2016:00:22:33 -0500] "GET /galeria/nivo-slider/demo/images/bannerdiadelvoluntariado2.jpg HTTP/1.1" 200 92375
190.157.74.27 - - [17/Nov/2016:00:22:33 -0500] "GET /galeria/nivo-slider/demo/images/BANNER%20ECORECICLATON-01d%20(2).jpg HTTP/1.1" 200 136864
190.157.74.27 - - [17/Nov/2016:00:22:33 -0500] "GET /galeria/nivo-slider/demo/images/banner%20encuesta%20sda2-web3.jpg HTTP/1.1" 200 111668
190.157.74.27 - - [17/Nov/2016:00:22:33 -0500] "GET /galeria/nivo-slider/demo/images/bannerwebsemanecoempresarial.jpg HTTP/1.1" 200 108354
190.157.74.27 - - [17/Nov/2016:00:22:33 -0500] "GET /galeria/nivo-slider/demo/images/bannerinvitaci%C3%B3nacaminatasecologicas2.jpg HTTP/1.1" 200 513253
66.249.64.51 - - [17/Nov/2016:00:22:34 -0500] "GET /BLA/resoluciones/AUTOS%202015/1032.pdf HTTP/1.1" 304 -
186.84.14.10 - - [17/Nov/2016:00:22:34 -0500] "GET /galeria/nivo-slider/demo/images/bolsas-06.jpg HTTP/1.1" 200 210950
186.84.14.10 - - [17/Nov/2016:00:22:34 -0500] "GET /galeria/nivo-slider/demo/images/bannerdiadelvoluntariado2.jpg HTTP/1.1" 200 92375
66.249.64.51 - - [17/Nov/2016:00:22:35 -0500] "GET /BLA/resoluciones/RESOLUCIONES%202009/7641.pdf HTTP/1.1" 304 -
190.157.74.27 - - [17/Nov/2016:00:22:37 -0500] "GET /galeria/nivo-slider/demo/images/4Simple_Slider.png HTTP/1.1" 200 11722
190.157.74.27 - - [17/Nov/2016:00:22:37 -0500] "GET /galeria/nivo-slider/themes/default/loading.gif HTTP/1.1" 200 1737
66.249.64.51 - - [17/Nov/2016:00:22:37 -0500] "GET /BLA/resoluciones/RESOLUCIONES%202013/0763.pdf HTTP/1.1" 304 -
190.157.74.27 - - [17/Nov/2016:00:22:37 -0500] "GET /galeria/nivo-slider/demo/images/bannersilvicultura.jpg HTTP/1.1" 200 173023
190.157.74.27 - - [17/Nov/2016:00:22:37 -0500] "GET /galeria/nivo-slider/demo/images/BANNERARBOLES.jpg HTTP/1.1" 200 227630
190.157.74.27 - - [17/Nov/2016:00:22:38 -0500] "GET /galeria/nivo-slider/demo/images/ACOPIADORESYGESTORES.jpg HTTP/1.1" 200 118791
190.157.74.27 - - [17/Nov/2016:00:22:38 -0500] "GET /galeria/nivo-slider/demo/images/bannergestionambiental2.jpg HTTP/1.1" 200 245647
190.157.74.27 - - [17/Nov/2016:00:22:38 -0500] "GET /galeria/nivo-slider/demo/images/vegetal.jpg HTTP/1.1" 200 216080
190.157.74.27 - - [17/Nov/2016:00:22:39 -0500] "GET /galeria/nivo-slider/demo/images/Ruta-vertimientos-01.jpg HTTP/1.1" 200 130151
66.249.64.51 - - [17/Nov/2016:00:22:39 -0500] "GET /BLA/resoluciones/AUTOS%202011/2146.pdf HTTP/1.1" 304 -
190.157.74.27 - - [17/Nov/2016:00:22:40 -0500] "GET /galeria/nivo-slider/demo/images/bolsas-06.jpg HTTP/1.1" 200 210950
66.249.64.51 - - [17/Nov/2016:00:22:42 -0500] "GET /BLA/resoluciones/RESOLUCIONES%202014/2004.pdf HTTP/1.1" 304 -
190.157.74.27 - - [17/Nov/2016:00:22:43 -0500] "GET /galeria/nivo-slider/themes/default/bullets.png HTTP/1.1" 200 1281
186.84.14.10 - - [17/Nov/2016:00:22:44 -0500] "GET /galeria/nivo-slider/demo/images/bannerdiadelvoluntariado2.jpg HTTP/1.1" 200 92375
186.84.14.10 - - [17/Nov/2016:00:22:44 -0500] "GET /galeria/nivo-slider/demo/images/banner%20encuesta%20sda2-web3.jpg HTTP/1.1" 200 111668
66.249.64.51 - - [17/Nov/2016:00:22:44 -0500] "GET /BLA/resoluciones/RESOLUCIONES%202008/0607.pdf HTTP/1.1" 304 -
190.157.74.27 - - [17/Nov/2016:00:22:45 -0500] "GET /galeria/nivo-slider/themes/default/arrows.png HTTP/1.1" 200 824
66.249.64.51 - - [17/Nov/2016:00:22:46 -0500] "GET /BLA/resoluciones/RESOLUCIONES%202007/RES%202007%202001%20AL%202100/RESOLUCION%202080%20DE%202007.pdf HTTP/1.1" 304 -
66.249.64.51 - - [17/Nov/2016:00:22:48 -0500] "GET /BLA/resoluciones/AUTOS%202014/7302.pdf HTTP/1.1" 304 -
66.249.64.51 - - [17/Nov/2016:00:22:50 -0500] "GET /BLA/resoluciones/RESOLUCIONES%202011/4062.pdf HTTP/1.1" 304 -
66.249.64.51 - - [17/Nov/2016:00:22:51 -0500] "GET /BLA/resoluciones/RESOLUCIONES%202013/1229.pdf HTTP/1.1" 304 -
192.168.175.104 - - [17/Nov/2016:00:22:52 -0500] "GET / HTTP/1.1" 200 9990
186.84.14.10 - - [17/Nov/2016:00:22:54 -0500] "GET /galeria/nivo-slider/demo/images/bannerwebsemanecoempresarial.jpg HTTP/1.1" 200 108354
186.84.14.10 - - [17/Nov/2016:00:22:54 -0500] "GET /galeria/nivo-slider/demo/images/banner%20encuesta%20sda2-web3.jpg HTTP/1.1" 200 111668
66.249.64.51 - - [17/Nov/2016:00:22:56 -0500] "GET /BLA/resoluciones/RESOLUCIONES%202013/0812.pdf HTTP/1.1" 304 -
66.249.64.51 - - [17/Nov/2016:00:22:56 -0500] "GET /BLA/resoluciones/AUTOS%202011/0111.pdf HTTP/1.1" 304 -
66.249.64.51 - - [17/Nov/2016:00:22:57 -0500] "GET /BLA/resoluciones/RESOLUCIONES%202009/0077.pdf HTTP/1.1" 304 -
66.249.64.51 - - [17/Nov/2016:00:22:58 -0500] "GET /BLA/resoluciones/AUTOS%202014/1350.pdf HTTP/1.1" 304 -
66.249.64.51 - - [17/Nov/2016:00:22:59 -0500] "GET /BLA/resoluciones/RESOLUCIONES%202007/RES%202007%201726%20AL%201800/RESOLUCION%201795%20DE%202007.pdf HTTP/1.1" 304 -
66.249.64.51 - - [17/Nov/2016:00:23:00 -0500] "GET /BLA/resoluciones/AUTOS%202013/1102.pdf HTTP/1.1" 304 -
66.249.64.51 - - [17/Nov/2016:00:23:01 -0500] "GET /BLA/resoluciones/RESOLUCIONES%202011/0878.pdf HTTP/1.1" 304 -
190.157.74.27 - - [17/Nov/2016:00:23:02 -0500] "GET /galeria/galeria/jquery.fancybox.css?v=2.1.5 HTTP/1.1" 304 -
190.157.74.27 - - [17/Nov/2016:00:23:02 -0500] "GET /BLA/boletinlegal/js/jquery.scrollShow.js HTTP/1.1" 304 -
190.157.74.27 - - [17/Nov/2016:00:23:02 -0500] "GET /galeria/galeria/jquery.fancybox.js?v=2.1.5 HTTP/1.1" 304 -
186.84.14.10 - - [17/Nov/2016:00:23:04 -0500] "GET /galeria/nivo-slider/demo/images/BANNER%20ECORECICLATON-01d%20(2).jpg HTTP/1.1" 200 136864
186.84.14.10 - - [17/Nov/2016:00:23:04 -0500] "GET /galeria/nivo-slider/demo/images/bannerwebsemanecoempresarial.jpg HTTP/1.1" 200 108354
190.157.74.27 - - [17/Nov/2016:00:23:05 -0500] "GET /BLA/boletinlegal/js/jquery.scrollShow.js HTTP/1.1" 304 -
66.249.64.51 - - [17/Nov/2016:00:23:05 -0500] "GET /BLA/resoluciones/RESOLUCIONES%202007/RES%202007%202501%20AL%202600/RESOLUCION%202509%20DE%202007.pdf HTTP/1.1" 304 -
190.157.74.27 - - [17/Nov/2016:00:23:06 -0500] "GET /galeria/galeria/jquery.fancybox.js?v=2.1.5 HTTP/1.1" 304 -
190.159.9.231 - - [17/Nov/2016:00:23:07 -0500] "GET /galeria/galeria/fotos/2humedal-Burro2G.jpg HTTP/1.1" 200 140889
66.249.64.51 - - [17/Nov/2016:00:23:08 -0500] "GET /BLA/resoluciones/Notificaciones/AUTOS%202014/3198.doc HTTP/1.1" 304 -
66.249.64.51 - - [17/Nov/2016:00:23:08 -0500] "GET /BLA/resoluciones/AUTOS%202015/0590.pdf HTTP/1.1" 304 -
186.155.18.169 - - [17/Nov/2016:00:23:08 -0500] "GET /galeria/galeria/jquery.fancybox.css?v=2.1.5 HTTP/1.1" 304 -
186.155.18.169 - - [17/Nov/2016:00:23:08 -0500] "GET /BLA/boletinlegal/js/jquery.scrollShow.js HTTP/1.1" 304 -
186.155.18.169 - - [17/Nov/2016:00:23:08 -0500] "GET /galeria/galeria/jquery.fancybox.js?v=2.1.5 HTTP/1.1" 304 -
66.249.64.51 - - [17/Nov/2016:00:23:09 -0500] "GET /BLA/resoluciones/AUTOS%202011/1968.pdf HTTP/1.1" 304 -
66.249.64.51 - - [17/Nov/2016:00:23:12 -0500] "GET /BLA/resoluciones/RESOLUCIONES%202011/2833.pdf HTTP/1.1" 304 -
66.249.64.51 - - [17/Nov/2016:00:23:14 -0500] "GET /BLA/resoluciones/RESOLUCIONES%202007/RES%202007%202901%20AL%203000/RESOLUCION%202907%20DE%202007.pdf HTTP/1.1" 304 -
186.84.14.10 - - [17/Nov/2016:00:23:14 -0500] "GET /galeria/nivo-slider/demo/images/bannerinvitaci%C3%B3nacaminatasecologicas2.jpg HTTP/1.1" 200 513253
66.249.64.51 - - [17/Nov/2016:00:23:15 -0500] "GET /BLA/resoluciones/AUTOS%202013/2558.pdf HTTP/1.1" 304 -
66.249.64.51 - - [17/Nov/2016:00:23:15 -0500] "GET /BLA/resoluciones/AUTOS%202013/1101.pdf HTTP/1.1" 304 -
66.249.64.51 - - [17/Nov/2016:00:23:16 -0500] "GET /BLA/resoluciones/RESOLUCIONES%202011/0562.pdf HTTP/1.1" 304 -
66.249.64.51 - - [17/Nov/2016:00:23:16 -0500] "GET /BLA/resoluciones/RESOLUCIONES%202010/0419.pdf HTTP/1.1" 304 -
66.249.64.51 - - [17/Nov/2016:00:23:17 -0500] "GET /BLA/resoluciones/RESOLUCIONES%202007/RES%202007%203601%20AL%203700/RESOLUCION%203662%20DE%202007.pdf HTTP/1.1" 304 -
66.249.64.51 - - [17/Nov/2016:00:23:18 -0500] "GET /BLA/resoluciones/RESOLUCIONES%202013/2276.pdf HTTP/1.1" 304 -
66.249.64.51 - - [17/Nov/2016:00:23:21 -0500] "GET /BLA/resoluciones/RESOLUCIONES%202014/0956.pdf HTTP/1.1" 304 -
190.159.9.231 - - [17/Nov/2016:00:23:21 -0500] "GET /galeria/galeria/fotos/1humedal-Burro1G.jpg HTTP/1.1" 200 132804
66.249.64.51 - - [17/Nov/2016:00:23:21 -0500] "GET /BLA/resoluciones/AUTOS%202013/0359.pdf HTTP/1.1" 304 -
190.159.9.231 - - [17/Nov/2016:00:23:24 -0500] "GET /favicon.ico HTTP/1.1" 200 7782
186.84.14.10 - - [17/Nov/2016:00:23:24 -0500] "GET /galeria/nivo-slider/demo/images/bannerinvitaci%C3%B3nacaminatasecologicas2.jpg HTTP/1.1" 200 513253
186.84.14.10 - - [17/Nov/2016:00:23:24 -0500] "GET /galeria/nivo-slider/demo/images/bannersilvicultura.jpg HTTP/1.1" 200 173023
66.249.64.51 - - [17/Nov/2016:00:23:26 -0500] "GET /BLA/resoluciones/RESOLUCIONES%202012/0903.pdf HTTP/1.1" 304 -
66.249.64.51 - - [17/Nov/2016:00:23:31 -0500] "GET /BLA/resoluciones/RESOLUCIONES%202010/7871.pdf HTTP/1.1" 304 -
186.84.14.10 - - [17/Nov/2016:00:23:34 -0500] "GET /galeria/nivo-slider/demo/images/bannersilvicultura.jpg HTTP/1.1" 200 173023
186.84.14.10 - - [17/Nov/2016:00:23:34 -0500] "GET /galeria/nivo-slider/demo/images/BANNERARBOLES.jpg HTTP/1.1" 200 227630
186.84.14.10 - - [17/Nov/2016:00:23:44 -0500] "GET /galeria/nivo-slider/demo/images/ACOPIADORESYGESTORES.jpg HTTP/1.1" 200 118791
186.84.14.10 - - [17/Nov/2016:00:23:44 -0500] "GET /galeria/nivo-slider/demo/images/BANNERARBOLES.jpg HTTP/1.1" 200 227630
66.249.64.51 - - [17/Nov/2016:00:23:50 -0500] "GET /BLA/resoluciones/AUTOS%202015/0198.pdf HTTP/1.1" 304 -
186.84.14.10 - - [17/Nov/2016:00:23:54 -0500] "GET /galeria/nivo-slider/demo/images/ACOPIADORESYGESTORES.jpg HTTP/1.1" 200 118791
186.84.14.10 - - [17/Nov/2016:00:23:54 -0500] "GET /galeria/nivo-slider/demo/images/bannergestionambiental2.jpg HTTP/1.1" 200 245647
181.49.75.187 - - [17/Nov/2016:00:24:02 -0500] "GET /galeria/galeria/jquery.fancybox.css?v=2.1.5 HTTP/1.1" 304 -
181.49.75.187 - - [17/Nov/2016:00:24:02 -0500] "GET /BLA/boletinlegal/js/jquery.scrollShow.js HTTP/1.1" 304 -
66.249.64.51 - - [17/Nov/2016:00:24:02 -0500] "GET /BLA/resoluciones/AUTOS%202011/4269.pdf HTTP/1.1" 304 -
181.49.75.187 - - [17/Nov/2016:00:24:02 -0500] "GET /galeria/galeria/jquery.fancybox.js?v=2.1.5 HTTP/1.1" 304 -
186.84.14.10 - - [17/Nov/2016:00:24:04 -0500] "GET /galeria/nivo-slider/demo/images/bannergestionambiental2.jpg HTTP/1.1" 200 245647
186.84.14.10 - - [17/Nov/2016:00:24:04 -0500] "GET /galeria/nivo-slider/demo/images/vegetal.jpg HTTP/1.1" 200 216080
186.84.14.10 - - [17/Nov/2016:00:24:14 -0500] "GET /galeria/nivo-slider/demo/images/Ruta-vertimientos-01.jpg HTTP/1.1" 200 130151
186.84.14.10 - - [17/Nov/2016:00:24:24 -0500] "GET /galeria/nivo-slider/demo/images/Ruta-vertimientos-01.jpg HTTP/1.1" 200 130151
207.46.13.27 - - [17/Nov/2016:00:24:27 -0500] "GET /dama/libreria/php/decide.php?patron=03.1305020113&numm=9 HTTP/1.1" 404 1019
66.249.64.51 - - [17/Nov/2016:00:24:32 -0500] "GET /BLA/resoluciones/RESOLUCIONES%202011/2646.pdf HTTP/1.1" 304 -
186.84.14.10 - - [17/Nov/2016:00:24:38 -0500] "GET /galeria/nivo-slider/demo/images/bolsas-06.jpg HTTP/1.1" 200 210950
186.84.14.10 - - [17/Nov/2016:00:24:39 -0500] "GET /galeria/nivo-slider/demo/images/bannerdiadelvoluntariado2.jpg HTTP/1.1" 200 92375
186.84.14.10 - - [17/Nov/2016:00:24:44 -0500] "GET /galeria/nivo-slider/demo/images/banner%20encuesta%20sda2-web3.jpg HTTP/1.1" 200 111668
186.84.14.10 - - [17/Nov/2016:00:24:44 -0500] "GET /galeria/nivo-slider/demo/images/bannerdiadelvoluntariado2.jpg HTTP/1.1" 200 92375
69.162.124.232 - - [17/Nov/2016:00:24:45 -0500] "HEAD / HTTP/1.1" 200 -
66.249.64.51 - - [17/Nov/2016:00:24:52 -0500] "GET /BLA/resoluciones/RESOLUCIONES%202009/3795.pdf HTTP/1.1" 304 -
186.84.14.10 - - [17/Nov/2016:00:24:54 -0500] "GET /galeria/nivo-slider/demo/images/bannerwebsemanecoempresarial.jpg HTTP/1.1" 200 108354
66.249.64.51 - - [17/Nov/2016:00:25:01 -0500] "GET /BLA/resoluciones/RESOLUCIONES%202013/1039.pdf HTTP/1.1" 304 -
186.84.14.10 - - [17/Nov/2016:00:25:04 -0500] "GET /galeria/nivo-slider/demo/images/bannerwebsemanecoempresarial.jpg HTTP/1.1" 200 108354
186.84.14.10 - - [17/Nov/2016:00:25:04 -0500] "GET /galeria/nivo-slider/demo/images/BANNER%20ECORECICLATON-01d%20(2).jpg HTTP/1.1" 200 136864
66.249.64.51 - - [17/Nov/2016:00:25:10 -0500] "GET /BLA/resoluciones/AUTOS%202015/1447.pdf HTTP/1.1" 304 -
186.84.14.10 - - [17/Nov/2016:00:25:14 -0500] "GET /galeria/nivo-slider/demo/images/bannerinvitaci%C3%B3nacaminatasecologicas2.jpg HTTP/1.1" 200 513253
163.172.65.128 - - [17/Nov/2016:00:25:16 -0500] "GET /BLA/resoluciones/RESOLUCIONES%202005/RES%202005%202951-3000/00002965.tif HTTP/1.1" 200 37616
186.84.14.10 - - [17/Nov/2016:00:25:24 -0500] "GET /galeria/nivo-slider/demo/images/bannerinvitaci%C3%B3nacaminatasecologicas2.jpg HTTP/1.1" 200 513253
186.84.14.10 - - [17/Nov/2016:00:25:24 -0500] "GET /galeria/nivo-slider/demo/images/bannersilvicultura.jpg HTTP/1.1" 200 173023
186.84.14.10 - - [17/Nov/2016:00:25:34 -0500] "GET /galeria/nivo-slider/demo/images/bannersilvicultura.jpg HTTP/1.1" 200 173023
186.84.14.10 - - [17/Nov/2016:00:25:34 -0500] "GET /galeria/nivo-slider/demo/images/BANNERARBOLES.jpg HTTP/1.1" 200 227630
186.84.14.10 - - [17/Nov/2016:00:25:44 -0500] "GET /galeria/nivo-slider/demo/images/ACOPIADORESYGESTORES.jpg HTTP/1.1" 200 118791
186.84.14.10 - - [17/Nov/2016:00:25:44 -0500] "GET /galeria/nivo-slider/demo/images/BANNERARBOLES.jpg HTTP/1.1" 200 227630
66.249.64.51 - - [17/Nov/2016:00:25:50 -0500] "GET /BLA/resoluciones/RESOLUCIONES%202010/2422.pdf HTTP/1.1" 200 484638
186.84.14.10 - - [17/Nov/2016:00:25:54 -0500] "GET /galeria/nivo-slider/demo/images/bannergestionambiental2.jpg HTTP/1.1" 200 245647
186.84.14.10 - - [17/Nov/2016:00:26:04 -0500] "GET /galeria/nivo-slider/demo/images/bannergestionambiental2.jpg HTTP/1.1" 200 245647
186.84.14.10 - - [17/Nov/2016:00:26:04 -0500] "GET /galeria/nivo-slider/demo/images/vegetal.jpg HTTP/1.1" 200 216080
186.84.14.10 - - [17/Nov/2016:00:26:14 -0500] "GET /galeria/nivo-slider/demo/images/vegetal.jpg HTTP/1.1" 200 216080
186.84.14.10 - - [17/Nov/2016:00:26:14 -0500] "GET /galeria/nivo-slider/demo/images/Ruta-vertimientos-01.jpg HTTP/1.1" 200 130151
186.84.14.10 - - [17/Nov/2016:00:26:24 -0500] "GET /galeria/nivo-slider/demo/images/bolsas-06.jpg HTTP/1.1" 200 210950
186.84.14.10 - - [17/Nov/2016:00:26:24 -0500] "GET /galeria/nivo-slider/demo/images/Ruta-vertimientos-01.jpg HTTP/1.1" 200 130151
186.84.14.10 - - [17/Nov/2016:00:26:34 -0500] "GET /galeria/nivo-slider/demo/images/bolsas-06.jpg HTTP/1.1" 200 210950
186.84.14.10 - - [17/Nov/2016:00:26:34 -0500] "GET /galeria/nivo-slider/demo/images/bannerdiadelvoluntariado2.jpg HTTP/1.1" 200 92375
186.84.14.10 - - [17/Nov/2016:00:26:44 -0500] "GET /galeria/nivo-slider/demo/images/bannerdiadelvoluntariado2.jpg HTTP/1.1" 200 92375
