186.87.163.10 - - [17/Nov/2016:00:38:09 -0500] "GET /galeria/nivo-slider/themes/default/bullets.png HTTP/1.1" 200 1281
186.87.163.10 - - [17/Nov/2016:00:38:09 -0500] "GET /BLA/resoluciones/ HTTP/1.1" 200 8325
186.87.163.10 - - [17/Nov/2016:00:38:10 -0500] "GET /BLA/resoluciones/dlf/styles.css HTTP/1.1" 200 3049
186.87.163.10 - - [17/Nov/2016:00:38:10 -0500] "GET /BLA/resoluciones/dlf/folder.png HTTP/1.1" 200 410
186.87.163.10 - - [17/Nov/2016:00:37:56 -0500] "GET /BLA/boletinlegal/index.php? HTTP/1.1" 200 16331
186.87.163.10 - - [17/Nov/2016:00:38:10 -0500] "GET /BLA/resoluciones/dlf/bg.gif HTTP/1.1" 200 54
190.76.250.94 - - [17/Nov/2016:00:38:12 -0500] "GET /BLA/resoluciones/RESOLUCIONES%202008/0935.pdf HTTP/1.1" 200 70010
190.76.250.94 - - [17/Nov/2016:00:38:14 -0500] "GET /BLA/resoluciones/RESOLUCIONES%202008/0935.pdf HTTP/1.1" 200 70010
186.84.14.10 - - [17/Nov/2016:00:38:14 -0500] "GET /galeria/nivo-slider/demo/images/Ruta-vertimientos-01.jpg HTTP/1.1" 200 130151
186.84.14.10 - - [17/Nov/2016:00:38:14 -0500] "GET /galeria/nivo-slider/demo/images/vegetal.jpg HTTP/1.1" 200 216080
186.87.163.10 - - [17/Nov/2016:00:38:19 -0500] "GET /BLA/resoluciones/dlf/dirup.png HTTP/1.1" 200 644
186.87.163.10 - - [17/Nov/2016:00:38:19 -0500] "GET /BLA/resoluciones/dlf/pdf.gif HTTP/1.1" 200 272
181.54.165.114 - - [17/Nov/2016:00:38:21 -0500] "GET /BLA/boletinlegal/js/jquery.scrollShow.js HTTP/1.1" 200 4586
181.54.165.114 - - [17/Nov/2016:00:38:21 -0500] "GET /galeria/galeria/jquery.fancybox.js?v=2.1.5 HTTP/1.1" 200 48706
181.54.165.114 - - [17/Nov/2016:00:38:22 -0500] "GET /galeria/galeria/jquery.fancybox.css?v=2.1.5 HTTP/1.1" 200 4895
181.54.165.114 - - [17/Nov/2016:00:38:22 -0500] "GET /galeria/carrusel/Carrusel/jquery.thumbnailScroller.css HTTP/1.1" 200 2066
181.54.165.114 - - [17/Nov/2016:00:38:22 -0500] "GET /galeria/carrusel/Carrusel/jquery-ui-1.8.13.custom.min.js HTTP/1.1" 200 10800
186.84.14.10 - - [17/Nov/2016:00:38:24 -0500] "GET /galeria/nivo-slider/demo/images/bolsas-06.jpg HTTP/1.1" 200 210950
186.84.14.10 - - [17/Nov/2016:00:38:24 -0500] "GET /galeria/nivo-slider/demo/images/Ruta-vertimientos-01.jpg HTTP/1.1" 200 130151
181.54.165.114 - - [17/Nov/2016:00:38:24 -0500] "GET /galeria/carrusel/Carrusel/jquery.thumbnailScroller.js HTTP/1.1" 200 8157
186.87.163.10 - - [17/Nov/2016:00:38:19 -0500] "GET /BLA/resoluciones/index.php?dir=RESOLUCIONES+2009%2F HTTP/1.1" 200 1672912
186.84.14.10 - - [17/Nov/2016:00:38:34 -0500] "GET /galeria/nivo-slider/demo/images/bolsas-06.jpg HTTP/1.1" 200 210950
186.84.14.10 - - [17/Nov/2016:00:38:34 -0500] "GET /galeria/nivo-slider/demo/images/bannerdiadelvoluntariado2.jpg HTTP/1.1" 200 92375
181.54.165.114 - - [17/Nov/2016:00:38:42 -0500] "GET /galeria/nivo-slider/demo/demo.html HTTP/1.1" 200 3765
181.54.165.114 - - [17/Nov/2016:00:38:42 -0500] "GET /galeria/nivo-slider/themes/default/default.css HTTP/1.1" 200 1569
181.54.165.114 - - [17/Nov/2016:00:38:42 -0500] "GET /galeria/nivo-slider/themes/pascal/pascal.css HTTP/1.1" 200 2258
181.54.165.114 - - [17/Nov/2016:00:38:43 -0500] "GET /galeria/nivo-slider/demo/scripts/jquery-1.7.1.min.js HTTP/1.1" 200 93868
181.54.165.114 - - [17/Nov/2016:00:38:43 -0500] "GET /galeria/nivo-slider/themes/orman/orman.css HTTP/1.1" 200 2152
181.54.165.114 - - [17/Nov/2016:00:38:43 -0500] "GET /galeria/nivo-slider/nivo-slider.css HTTP/1.1" 200 1507
181.54.165.114 - - [17/Nov/2016:00:38:43 -0500] "GET /galeria/nivo-slider/demo/style.css HTTP/1.1" 200 2222
181.54.165.114 - - [17/Nov/2016:00:38:43 -0500] "GET /galeria/nivo-slider/demo/images/bannerdiadelvoluntariado2.jpg HTTP/1.1" 200 92375
181.54.165.114 - - [17/Nov/2016:00:38:43 -0500] "GET /galeria/nivo-slider/demo/images/banner%20encuesta%20sda2-web3.jpg HTTP/1.1" 200 111668
181.54.165.114 - - [17/Nov/2016:00:38:43 -0500] "GET /galeria/nivo-slider/demo/images/bannerwebsemanecoempresarial.jpg HTTP/1.1" 200 108354
181.54.165.114 - - [17/Nov/2016:00:38:43 -0500] "GET /galeria/nivo-slider/demo/images/BANNER%20ECORECICLATON-01d%20(2).jpg HTTP/1.1" 200 136864
181.54.165.114 - - [17/Nov/2016:00:38:43 -0500] "GET /galeria/nivo-slider/demo/images/bannerinvitaci%C3%B3nacaminatasecologicas2.jpg HTTP/1.1" 200 513253
181.54.165.114 - - [17/Nov/2016:00:38:43 -0500] "GET /galeria/nivo-slider/demo/images/4Simple_Slider.png HTTP/1.1" 200 11722
181.54.165.114 - - [17/Nov/2016:00:38:44 -0500] "GET /galeria/nivo-slider/themes/default/loading.gif HTTP/1.1" 200 1737
181.54.165.114 - - [17/Nov/2016:00:38:44 -0500] "GET /galeria/nivo-slider/demo/images/bannersilvicultura.jpg HTTP/1.1" 200 173023
181.54.165.114 - - [17/Nov/2016:00:38:44 -0500] "GET /galeria/nivo-slider/demo/images/BANNERARBOLES.jpg HTTP/1.1" 200 227630
181.54.165.114 - - [17/Nov/2016:00:38:44 -0500] "GET /galeria/nivo-slider/jquery.nivo.slider.pack.js HTTP/1.1" 200 11561
181.54.165.114 - - [17/Nov/2016:00:38:44 -0500] "GET /galeria/nivo-slider/demo/images/ACOPIADORESYGESTORES.jpg HTTP/1.1" 200 118791
186.84.14.10 - - [17/Nov/2016:00:38:44 -0500] "GET /galeria/nivo-slider/demo/images/bannerdiadelvoluntariado2.jpg HTTP/1.1" 200 92375
186.84.14.10 - - [17/Nov/2016:00:38:44 -0500] "GET /galeria/nivo-slider/demo/images/banner%20encuesta%20sda2-web3.jpg HTTP/1.1" 200 111668
163.172.66.179 - - [17/Nov/2016:00:38:44 -0500] "GET /BLA/resoluciones/RESOLUCIONES%202005/RES%202005%203101-3150/00003114.tif HTTP/1.1" 200 232272
181.54.165.114 - - [17/Nov/2016:00:38:45 -0500] "GET /galeria/nivo-slider/demo/images/bannergestionambiental2.jpg HTTP/1.1" 200 245647
181.54.165.114 - - [17/Nov/2016:00:38:45 -0500] "GET /galeria/nivo-slider/demo/images/vegetal.jpg HTTP/1.1" 200 216080
181.54.165.114 - - [17/Nov/2016:00:38:46 -0500] "GET /galeria/nivo-slider/demo/images/Ruta-vertimientos-01.jpg HTTP/1.1" 200 130151
181.54.165.114 - - [17/Nov/2016:00:38:48 -0500] "GET /galeria/nivo-slider/demo/images/bolsas-06.jpg HTTP/1.1" 200 210950
186.87.163.10 - - [17/Nov/2016:00:38:40 -0500] "GET /BLA/resoluciones/index.php?dir=RESOLUCIONES+2009%2F HTTP/1.1" 200 1672912
181.54.165.114 - - [17/Nov/2016:00:38:51 -0500] "GET /galeria/nivo-slider/themes/default/arrows.png HTTP/1.1" 200 824
181.54.165.114 - - [17/Nov/2016:00:38:51 -0500] "GET /galeria/nivo-slider/themes/default/bullets.png HTTP/1.1" 200 1281
186.84.14.10 - - [17/Nov/2016:00:38:54 -0500] "GET /galeria/nivo-slider/demo/images/bannerwebsemanecoempresarial.jpg HTTP/1.1" 200 108354
186.84.14.10 - - [17/Nov/2016:00:38:54 -0500] "GET /galeria/nivo-slider/demo/images/banner%20encuesta%20sda2-web3.jpg HTTP/1.1" 200 111668
66.249.64.55 - - [17/Nov/2016:00:38:55 -0500] "GET /transparencia/directorioservidores/abril2016.xlsx HTTP/1.1" 304 -
186.87.163.10 - - [17/Nov/2016:00:38:56 -0500] "GET /BLA/resoluciones/RESOLUCIONES%202009/1289.pdf HTTP/1.1" 200 824117
186.87.163.10 - - [17/Nov/2016:00:38:58 -0500] "GET /BLA/resoluciones/RESOLUCIONES%202009/1289.pdf HTTP/1.1" 206 811249
186.84.14.10 - - [17/Nov/2016:00:39:04 -0500] "GET /galeria/nivo-slider/demo/images/BANNER%20ECORECICLATON-01d%20(2).jpg HTTP/1.1" 200 136864
181.62.22.57 - - [17/Nov/2016:00:39:07 -0500] "GET /galeria/galeria/jquery.fancybox.css?v=2.1.5 HTTP/1.1" 200 4895
181.62.22.57 - - [17/Nov/2016:00:39:07 -0500] "GET /galeria/galeria/jquery.fancybox.js?v=2.1.5 HTTP/1.1" 200 48706
181.62.22.57 - - [17/Nov/2016:00:39:07 -0500] "GET /BLA/boletinlegal/js/jquery.scrollShow.js HTTP/1.1" 200 4586
204.79.180.160 - - [17/Nov/2016:00:39:13 -0500] "GET /Anexos%20estudio%20Organizacional%20SDA/ANEXO%20No.%203-%20CONTRATACI%C3%93N%20%20OPS%C2%B4s%202008-2012/CONTRATOS%20SDA%202012%20POR%20DEPENDENCIA.xls HTTP/1.1" 200 269824
186.84.14.10 - - [17/Nov/2016:00:39:14 -0500] "GET /galeria/nivo-slider/demo/images/BANNER%20ECORECICLATON-01d%20(2).jpg HTTP/1.1" 200 136864
186.84.14.10 - - [17/Nov/2016:00:39:14 -0500] "GET /galeria/nivo-slider/demo/images/bannerinvitaci%C3%B3nacaminatasecologicas2.jpg HTTP/1.1" 200 513253
186.84.14.10 - - [17/Nov/2016:00:39:24 -0500] "GET /galeria/nivo-slider/demo/images/bannerinvitaci%C3%B3nacaminatasecologicas2.jpg HTTP/1.1" 200 513253
186.84.14.10 - - [17/Nov/2016:00:39:24 -0500] "GET /galeria/nivo-slider/demo/images/bannersilvicultura.jpg HTTP/1.1" 200 173023
66.249.64.51 - - [17/Nov/2016:00:39:30 -0500] "GET /BLA/resoluciones/AUTOS%202012/1121.pdf HTTP/1.1" 304 -
66.249.64.61 - - [17/Nov/2016:00:39:31 -0500] "GET /BLA/resoluciones/RESOLUCIONES%202011/1013.pdf HTTP/1.1" 304 -
66.249.64.57 - - [17/Nov/2016:00:39:34 -0500] "GET /BLA/resoluciones/RESOLUCIONES%202011/0165.pdf HTTP/1.1" 304 -
66.249.64.57 - - [17/Nov/2016:00:39:35 -0500] "GET /BLA/resoluciones/RESOLUCIONES%202007/RES%202007%202101%20AL%202200/RESOLUCION%202111%20DE%202007.pdf HTTP/1.1" 304 -
66.249.64.2 - - [17/Nov/2016:00:39:36 -0500] "GET /BLA/resoluciones/RESOLUCIONES%202009/6104.pdf HTTP/1.1" 304 -
66.249.64.53 - - [17/Nov/2016:00:39:38 -0500] "GET /BLA/resoluciones/RESOLUCIONES%202014/3224.pdf HTTP/1.1" 304 -
66.249.64.5 - - [17/Nov/2016:00:39:39 -0500] "GET /BLA/resoluciones/RESOLUCIONES%202010/4492.pdf HTTP/1.1" 304 -
66.249.64.57 - - [17/Nov/2016:00:39:41 -0500] "GET /BLA/resoluciones/RESOLUCIONES%202013/0474.pdf HTTP/1.1" 304 -
66.249.64.51 - - [17/Nov/2016:00:39:44 -0500] "GET /BLA/resoluciones/RESOLUCIONES%202007/RES%202007%201001%20AL%201100/RESOLUCION%201059%20DE%202007.pdf HTTP/1.1" 304 -
66.249.64.61 - - [17/Nov/2016:00:39:45 -0500] "GET /BLA/resoluciones/RESOLUCIONES%202012/0962.pdf HTTP/1.1" 304 -
69.162.124.232 - - [17/Nov/2016:00:39:45 -0500] "HEAD / HTTP/1.1" 200 -
66.249.64.57 - - [17/Nov/2016:00:39:46 -0500] "GET /BLA/resoluciones/AUTOS%202008/3491.pdf HTTP/1.1" 304 -
186.84.14.10 - - [17/Nov/2016:00:39:47 -0500] "GET /galeria/nivo-slider/demo/images/BANNERARBOLES.jpg HTTP/1.1" 200 227630
186.84.14.10 - - [17/Nov/2016:00:39:47 -0500] "GET /galeria/nivo-slider/demo/images/ACOPIADORESYGESTORES.jpg HTTP/1.1" 200 118791
66.249.64.8 - - [17/Nov/2016:00:39:48 -0500] "GET /BLA/resoluciones/AUTOS%202014/1901.pdf HTTP/1.1" 304 -
66.249.64.59 - - [17/Nov/2016:00:39:50 -0500] "GET /BLA/resoluciones/RESOLUCIONES%202010/0514.pdf HTTP/1.1" 304 -
66.249.64.53 - - [17/Nov/2016:00:39:51 -0500] "GET /BLA/resoluciones/RESOLUCIONES%202008/1025.pdf HTTP/1.1" 304 -
186.84.14.10 - - [17/Nov/2016:00:39:54 -0500] "GET /galeria/nivo-slider/demo/images/ACOPIADORESYGESTORES.jpg HTTP/1.1" 200 118791
186.84.14.10 - - [17/Nov/2016:00:39:54 -0500] "GET /galeria/nivo-slider/demo/images/bannergestionambiental2.jpg HTTP/1.1" 200 245647
186.84.14.10 - - [17/Nov/2016:00:40:04 -0500] "GET /galeria/nivo-slider/demo/images/vegetal.jpg HTTP/1.1" 200 216080
66.249.64.2 - - [17/Nov/2016:00:40:06 -0500] "GET /BLA/resoluciones/RESOLUCIONES%202014/0672.pdf HTTP/1.1" 304 -
66.249.64.43 - - [17/Nov/2016:00:40:14 -0500] "GET /BLA/boletinlegal/jurisprudencia/analisis/G__Jurisp.%20Junio%202014_Sent%20Tutela%20Drumond.docx HTTP/1.1" 304 -
186.84.14.10 - - [17/Nov/2016:00:40:14 -0500] "GET /galeria/nivo-slider/demo/images/Ruta-vertimientos-01.jpg HTTP/1.1" 200 130151
186.84.14.10 - - [17/Nov/2016:00:40:24 -0500] "GET /galeria/nivo-slider/demo/images/Ruta-vertimientos-01.jpg HTTP/1.1" 200 130151
186.84.14.10 - - [17/Nov/2016:00:40:24 -0500] "GET /galeria/nivo-slider/demo/images/bolsas-06.jpg HTTP/1.1" 200 210950
186.84.14.10 - - [17/Nov/2016:00:40:34 -0500] "GET /galeria/nivo-slider/demo/images/bolsas-06.jpg HTTP/1.1" 200 210950
186.84.14.10 - - [17/Nov/2016:00:40:34 -0500] "GET /galeria/nivo-slider/demo/images/bannerdiadelvoluntariado2.jpg HTTP/1.1" 200 92375
186.154.39.213 - - [17/Nov/2016:00:40:41 -0500] "GET /galeria/galeria/jquery.fancybox.css?v=2.1.5 HTTP/1.1" 200 4895
186.154.39.213 - - [17/Nov/2016:00:40:41 -0500] "GET /BLA/boletinlegal/js/jquery.scrollShow.js HTTP/1.1" 200 4586
186.154.39.213 - - [17/Nov/2016:00:40:41 -0500] "GET /galeria/galeria/jquery.fancybox.js?v=2.1.5 HTTP/1.1" 200 48706
66.249.64.63 - - [17/Nov/2016:00:40:42 -0500] "GET /BLA/resoluciones/RESOLUCIONES%202012/0756.pdf HTTP/1.1" 304 -
186.84.14.10 - - [17/Nov/2016:00:40:44 -0500] "GET /galeria/nivo-slider/demo/images/bannerdiadelvoluntariado2.jpg HTTP/1.1" 200 92375
186.84.14.10 - - [17/Nov/2016:00:40:44 -0500] "GET /galeria/nivo-slider/demo/images/banner%20encuesta%20sda2-web3.jpg HTTP/1.1" 200 111668
66.249.64.61 - - [17/Nov/2016:00:40:47 -0500] "GET /BLA/resoluciones/RESOLUCIONES%202009/5609.pdf HTTP/1.1" 304 -
66.249.64.55 - - [17/Nov/2016:00:40:49 -0500] "GET /BLA/resoluciones/RESOLUCIONES%202011/5660.pdf HTTP/1.1" 304 -
186.84.14.10 - - [17/Nov/2016:00:40:54 -0500] "GET /galeria/nivo-slider/demo/images/banner%20encuesta%20sda2-web3.jpg HTTP/1.1" 200 111668
186.84.14.10 - - [17/Nov/2016:00:40:54 -0500] "GET /galeria/nivo-slider/demo/images/bannerwebsemanecoempresarial.jpg HTTP/1.1" 200 108354
186.154.39.213 - - [17/Nov/2016:00:40:57 -0500] "GET /BLA/boletinlegal/js/jquery.scrollShow.js HTTP/1.1" 304 -
186.154.39.213 - - [17/Nov/2016:00:40:57 -0500] "GET /galeria/galeria/jquery.fancybox.css?v=2.1.5 HTTP/1.1" 304 -
186.154.39.213 - - [17/Nov/2016:00:40:57 -0500] "GET /galeria/galeria/jquery.fancybox.js?v=2.1.5 HTTP/1.1" 304 -
40.77.169.100 - - [17/Nov/2016:00:40:58 -0500] "GET /dama/libreria/php/frame_detalle.php?patron=&h_id=576&inicio_2=1 HTTP/1.1" 404 1019
186.84.14.10 - - [17/Nov/2016:00:41:04 -0500] "GET /galeria/nivo-slider/demo/images/BANNER%20ECORECICLATON-01d%20(2).jpg HTTP/1.1" 200 136864
186.84.14.10 - - [17/Nov/2016:00:41:14 -0500] "GET /galeria/nivo-slider/demo/images/BANNER%20ECORECICLATON-01d%20(2).jpg HTTP/1.1" 200 136864
186.84.14.10 - - [17/Nov/2016:00:41:14 -0500] "GET /galeria/nivo-slider/demo/images/bannerinvitaci%C3%B3nacaminatasecologicas2.jpg HTTP/1.1" 200 513253
186.84.14.10 - - [17/Nov/2016:00:41:24 -0500] "GET /galeria/nivo-slider/demo/images/bannerinvitaci%C3%B3nacaminatasecologicas2.jpg HTTP/1.1" 200 513253
186.84.14.10 - - [17/Nov/2016:00:41:24 -0500] "GET /galeria/nivo-slider/demo/images/bannersilvicultura.jpg HTTP/1.1" 200 173023
186.84.14.10 - - [17/Nov/2016:00:41:34 -0500] "GET /galeria/nivo-slider/demo/images/bannersilvicultura.jpg HTTP/1.1" 200 173023
186.84.14.10 - - [17/Nov/2016:00:41:34 -0500] "GET /galeria/nivo-slider/demo/images/BANNERARBOLES.jpg HTTP/1.1" 200 227630
186.84.14.10 - - [17/Nov/2016:00:41:44 -0500] "GET /galeria/nivo-slider/demo/images/BANNERARBOLES.jpg HTTP/1.1" 200 227630
186.84.14.10 - - [17/Nov/2016:00:41:44 -0500] "GET /galeria/nivo-slider/demo/images/ACOPIADORESYGESTORES.jpg HTTP/1.1" 200 118791
66.249.64.53 - - [17/Nov/2016:00:41:50 -0500] "GET /BLA/resoluciones/RESOLUCIONES%202007/RES%202007%203701%20AL%203800/RESOLUCION%203701%20DE%202007.pdf HTTP/1.1" 304 -
186.84.14.10 - - [17/Nov/2016:00:41:54 -0500] "GET /galeria/nivo-slider/demo/images/bannergestionambiental2.jpg HTTP/1.1" 200 245647
186.84.14.10 - - [17/Nov/2016:00:41:54 -0500] "GET /galeria/nivo-slider/demo/images/ACOPIADORESYGESTORES.jpg HTTP/1.1" 200 118791
192.168.175.104 - - [17/Nov/2016:00:41:57 -0500] "GET / HTTP/1.0" 200 9990
66.249.64.51 - - [17/Nov/2016:00:42:04 -0500] "GET /BLA/resoluciones/RESOLUCIONES%202011/4823.pdf HTTP/1.1" 304 -
186.84.14.10 - - [17/Nov/2016:00:42:04 -0500] "GET /galeria/nivo-slider/demo/images/bannergestionambiental2.jpg HTTP/1.1" 200 245647
186.84.14.10 - - [17/Nov/2016:00:42:04 -0500] "GET /galeria/nivo-slider/demo/images/vegetal.jpg HTTP/1.1" 200 216080
192.168.175.104 - - [17/Nov/2016:00:42:09 -0500] "GET / HTTP/1.1" 200 9990
186.84.14.10 - - [17/Nov/2016:00:42:14 -0500] "GET /galeria/nivo-slider/demo/images/vegetal.jpg HTTP/1.1" 200 216080
186.84.14.10 - - [17/Nov/2016:00:42:14 -0500] "GET /galeria/nivo-slider/demo/images/Ruta-vertimientos-01.jpg HTTP/1.1" 200 130151
187.144.207.143 - - [17/Nov/2016:00:42:17 -0500] "GET /galeria/galeria/jquery.fancybox.css?v=2.1.5 HTTP/1.1" 200 4895
190.24.57.21 - - [17/Nov/2016:00:42:18 -0500] "GET /BLA/boletinlegal/js/jquery.scrollShow.js HTTP/1.1" 200 4586
190.24.57.21 - - [17/Nov/2016:00:42:18 -0500] "GET /galeria/galeria/jquery.fancybox.js?v=2.1.5 HTTP/1.1" 200 48706
190.24.57.21 - - [17/Nov/2016:00:42:18 -0500] "GET /galeria/galeria/jquery.fancybox.css?v=2.1.5 HTTP/1.1" 200 4895
190.24.57.21 - - [17/Nov/2016:00:42:21 -0500] "GET /autoliquidacion HTTP/1.1" 301 310
190.24.57.21 - - [17/Nov/2016:00:42:21 -0500] "GET /autoliquidacion/ HTTP/1.1" 200 6375
190.24.57.21 - - [17/Nov/2016:00:42:22 -0500] "GET /autoliquidacion/dlf/styles.css HTTP/1.1" 200 3045
190.24.57.21 - - [17/Nov/2016:00:42:22 -0500] "GET /autoliquidacion/dlf/folder.png HTTP/1.1" 200 410
190.24.57.21 - - [17/Nov/2016:00:42:23 -0500] "GET /autoliquidacion/dlf/bg.gif HTTP/1.1" 200 54
186.84.14.10 - - [17/Nov/2016:00:42:24 -0500] "GET /galeria/nivo-slider/demo/images/Ruta-vertimientos-01.jpg HTTP/1.1" 200 130151
186.84.14.10 - - [17/Nov/2016:00:42:24 -0500] "GET /galeria/nivo-slider/demo/images/bolsas-06.jpg HTTP/1.1" 200 210950
66.249.64.51 - - [17/Nov/2016:00:42:25 -0500] "GET /BLA/resoluciones/RESOLUCIONES%202014/2479.pdf HTTP/1.1" 304 -
190.24.57.21 - - [17/Nov/2016:00:42:33 -0500] "GET /BLA/boletinlegal/js/jquery.scrollShow.js HTTP/1.1" 200 4586
190.24.57.21 - - [17/Nov/2016:00:42:33 -0500] "GET /galeria/galeria/jquery.fancybox.js?v=2.1.5 HTTP/1.1" 200 48706
190.24.57.21 - - [17/Nov/2016:00:42:33 -0500] "GET /galeria/galeria/jquery.fancybox.css?v=2.1.5 HTTP/1.1" 200 4895
190.24.57.21 - - [17/Nov/2016:00:42:34 -0500] "GET /autoliquidacion HTTP/1.1" 301 310
190.24.57.21 - - [17/Nov/2016:00:42:34 -0500] "GET /autoliquidacion/ HTTP/1.1" 200 6375
190.24.57.21 - - [17/Nov/2016:00:42:34 -0500] "GET /autoliquidacion/dlf/styles.css HTTP/1.1" 200 3045
186.84.14.10 - - [17/Nov/2016:00:42:34 -0500] "GET /galeria/nivo-slider/demo/images/bolsas-06.jpg HTTP/1.1" 200 210950
186.84.14.10 - - [17/Nov/2016:00:42:34 -0500] "GET /galeria/nivo-slider/demo/images/bannerdiadelvoluntariado2.jpg HTTP/1.1" 200 92375
190.24.57.21 - - [17/Nov/2016:00:42:35 -0500] "GET /autoliquidacion/dlf/bg.gif HTTP/1.1" 200 54
190.24.57.21 - - [17/Nov/2016:00:42:35 -0500] "GET /autoliquidacion/dlf/folder.png HTTP/1.1" 200 410
192.168.175.104 - - [17/Nov/2016:00:42:44 -0500] "GET / HTTP/1.1" 200 9990
186.84.14.10 - - [17/Nov/2016:00:42:44 -0500] "GET /galeria/nivo-slider/demo/images/bannerdiadelvoluntariado2.jpg HTTP/1.1" 200 92375
66.249.64.53 - - [17/Nov/2016:00:42:46 -0500] "GET /BLA/resoluciones/RESOLUCIONES%202010/3741.pdf HTTP/1.1" 200 346529
186.84.14.10 - - [17/Nov/2016:00:42:47 -0500] "GET /galeria/nivo-slider/demo/images/banner%20encuesta%20sda2-web3.jpg HTTP/1.1" 200 111668
186.84.14.10 - - [17/Nov/2016:00:42:54 -0500] "GET /galeria/nivo-slider/demo/images/banner%20encuesta%20sda2-web3.jpg HTTP/1.1" 200 111668
186.84.14.10 - - [17/Nov/2016:00:42:54 -0500] "GET /galeria/nivo-slider/demo/images/bannerwebsemanecoempresarial.jpg HTTP/1.1" 200 108354
190.24.57.21 - - [17/Nov/2016:00:43:00 -0500] "GET /autoliquidacion/index.php?dir=PERMISO+DE+OCUPACION+DE+SUELO%2F HTTP/1.1" 200 2298
190.24.57.21 - - [17/Nov/2016:00:43:00 -0500] "GET /autoliquidacion/dlf/dirup.png HTTP/1.1" 200 644
190.24.57.21 - - [17/Nov/2016:00:43:00 -0500] "GET /autoliquidacion/dlf/html.gif HTTP/1.1" 200 632
190.24.57.21 - - [17/Nov/2016:00:43:00 -0500] "GET /autoliquidacion/dlf/xls.gif HTTP/1.1" 200 636
190.24.57.21 - - [17/Nov/2016:00:43:03 -0500] "GET /autoliquidacion/PERMISO%20DE%20OCUPACION%20DE%20SUELO/Formulario%20Solicitud%20Permiso%20Ocupacion%20de%20Cauce.xls HTTP/1.1" 200 716800
186.84.14.10 - - [17/Nov/2016:00:43:04 -0500] "GET /galeria/nivo-slider/demo/images/BANNER%20ECORECICLATON-01d%20(2).jpg HTTP/1.1" 200 136864
186.84.14.10 - - [17/Nov/2016:00:43:04 -0500] "GET /galeria/nivo-slider/demo/images/bannerwebsemanecoempresarial.jpg HTTP/1.1" 200 108354
194.87.236.125 - - [17/Nov/2016:00:43:08 -0500] "HEAD / HTTP/1.1" 200 -
186.84.14.10 - - [17/Nov/2016:00:43:14 -0500] "GET /galeria/nivo-slider/demo/images/BANNER%20ECORECICLATON-01d%20(2).jpg HTTP/1.1" 200 136864
186.84.14.10 - - [17/Nov/2016:00:43:14 -0500] "GET /galeria/nivo-slider/demo/images/bannerinvitaci%C3%B3nacaminatasecologicas2.jpg HTTP/1.1" 200 513253
186.84.14.10 - - [17/Nov/2016:00:43:24 -0500] "GET /galeria/nivo-slider/demo/images/bannersilvicultura.jpg HTTP/1.1" 200 173023
186.84.14.10 - - [17/Nov/2016:00:43:34 -0500] "GET /galeria/nivo-slider/demo/images/bannersilvicultura.jpg HTTP/1.1" 200 173023
186.84.14.10 - - [17/Nov/2016:00:43:34 -0500] "GET /galeria/nivo-slider/demo/images/BANNERARBOLES.jpg HTTP/1.1" 200 227630
66.249.64.53 - - [17/Nov/2016:00:43:37 -0500] "GET /BLA/resoluciones/AUTOS%202015/1209.pdf HTTP/1.1" 304 -
66.249.64.51 - - [17/Nov/2016:00:43:43 -0500] "GET /BLA/resoluciones/AUTOS%202014/3387.pdf HTTP/1.1" 304 -
186.84.14.10 - - [17/Nov/2016:00:43:44 -0500] "GET /galeria/nivo-slider/demo/images/ACOPIADORESYGESTORES.jpg HTTP/1.1" 200 118791
186.84.14.10 - - [17/Nov/2016:00:43:44 -0500] "GET /galeria/nivo-slider/demo/images/BANNERARBOLES.jpg HTTP/1.1" 200 227630
66.249.64.51 - - [17/Nov/2016:00:43:50 -0500] "GET /BLA/resoluciones/RESOLUCIONES%202007/RES%202007%202801%20AL%202900/RESOLUCION%202844%20DE%202007.pdf HTTP/1.1" 304 -
190.157.104.7 - - [17/Nov/2016:00:43:53 -0500] "GET /galeria/galeria/jquery.fancybox.js?v=2.1.5 HTTP/1.1" 200 48706
190.157.104.7 - - [17/Nov/2016:00:43:53 -0500] "GET /galeria/galeria/jquery.fancybox.css?v=2.1.5 HTTP/1.1" 200 4895
190.157.104.7 - - [17/Nov/2016:00:43:53 -0500] "GET /BLA/boletinlegal/js/jquery.scrollShow.js HTTP/1.1" 200 4586
186.84.14.10 - - [17/Nov/2016:00:43:54 -0500] "GET /galeria/nivo-slider/demo/images/ACOPIADORESYGESTORES.jpg HTTP/1.1" 200 118791
186.84.14.10 - - [17/Nov/2016:00:43:54 -0500] "GET /galeria/nivo-slider/demo/images/bannergestionambiental2.jpg HTTP/1.1" 200 245647
66.249.64.51 - - [17/Nov/2016:00:43:56 -0500] "GET /BLA/resoluciones/RESOLUCIONES%202007/RES%202007%20601%20AL%20700/RESOLUCION%200628%20DE%202007.pdf HTTP/1.1" 304 -
190.25.92.103 - - [17/Nov/2016:00:43:59 -0500] "GET /galeria/galeria/jquery.fancybox.css?v=2.1.5 HTTP/1.1" 200 4895
190.25.92.103 - - [17/Nov/2016:00:43:59 -0500] "GET /BLA/boletinlegal/js/jquery.scrollShow.js HTTP/1.1" 200 4586
190.25.92.103 - - [17/Nov/2016:00:43:59 -0500] "GET /galeria/galeria/jquery.fancybox.js?v=2.1.5 HTTP/1.1" 200 48706
190.157.104.7 - - [17/Nov/2016:00:44:00 -0500] "GET /BLA/boletinlegal/js/jquery.scrollShow.js HTTP/1.1" 304 -
190.157.104.7 - - [17/Nov/2016:00:44:00 -0500] "GET /galeria/galeria/jquery.fancybox.css?v=2.1.5 HTTP/1.1" 304 -
190.157.104.7 - - [17/Nov/2016:00:44:00 -0500] "GET /galeria/galeria/jquery.fancybox.js?v=2.1.5 HTTP/1.1" 304 -
186.84.14.10 - - [17/Nov/2016:00:44:04 -0500] "GET /galeria/nivo-slider/demo/images/vegetal.jpg HTTP/1.1" 200 216080
66.249.64.51 - - [17/Nov/2016:00:44:05 -0500] "GET /BLA/resoluciones/RESOLUCIONES%202014/3683.pdf HTTP/1.1" 304 -
190.25.92.103 - - [17/Nov/2016:00:44:05 -0500] "GET /galeria/galeria/jquery.fancybox.css?v=2.1.5 HTTP/1.1" 304 -
190.25.92.103 - - [17/Nov/2016:00:44:06 -0500] "GET /BLA/boletinlegal/js/jquery.scrollShow.js HTTP/1.1" 304 -
190.25.92.103 - - [17/Nov/2016:00:44:06 -0500] "GET /galeria/galeria/jquery.fancybox.js?v=2.1.5 HTTP/1.1" 304 -
66.249.64.51 - - [17/Nov/2016:00:44:06 -0500] "GET /BLA/resoluciones/RESOLUCIONES%202012/0323.pdf HTTP/1.1" 304 -
66.249.64.51 - - [17/Nov/2016:00:44:06 -0500] "GET /BLA/resoluciones/RESOLUCIONES%202013/0050.pdf HTTP/1.1" 304 -
66.249.64.51 - - [17/Nov/2016:00:44:07 -0500] "GET /BLA/resoluciones/RESOLUCIONES%202013/0880.pdf HTTP/1.1" 304 -
66.249.64.51 - - [17/Nov/2016:00:44:08 -0500] "GET /BLA/resoluciones/RESOLUCIONES%202007/RES%202007%202801%20AL%202900/RESOLUCION%202811%20DE%202007.pdf HTTP/1.1" 304 -
66.249.64.51 - - [17/Nov/2016:00:44:09 -0500] "GET /BLA/resoluciones/RESOLUCIONES%202013/0936.pdf HTTP/1.1" 304 -
66.249.64.51 - - [17/Nov/2016:00:44:11 -0500] "GET /BLA/resoluciones/RESOLUCIONES%202009/2040.pdf HTTP/1.1" 304 -
66.249.64.51 - - [17/Nov/2016:00:44:12 -0500] "GET /BLA/resoluciones/RESOLUCIONES%202009/6734.pdf HTTP/1.1" 304 -
66.249.64.51 - - [17/Nov/2016:00:44:13 -0500] "GET /BLA/resoluciones/RESOLUCIONES%202007/RES%202007%20101%20AL%20200/RESOLUCION%200187%20DE%202007.pdf HTTP/1.1" 304 -
66.249.64.51 - - [17/Nov/2016:00:44:13 -0500] "GET /BLA/resoluciones/RESOLUCIONES%202012/1475.pdf HTTP/1.1" 304 -
66.249.64.51 - - [17/Nov/2016:00:44:14 -0500] "GET /BLA/resoluciones/RESOLUCIONES%202010/6266.pdf HTTP/1.1" 304 -
186.84.14.10 - - [17/Nov/2016:00:44:14 -0500] "GET /galeria/nivo-slider/demo/images/Ruta-vertimientos-01.jpg HTTP/1.1" 200 130151
66.249.64.51 - - [17/Nov/2016:00:44:16 -0500] "GET /BLA/resoluciones/AUTOS%202014/2091.pdf HTTP/1.1" 304 -
66.249.64.51 - - [17/Nov/2016:00:44:17 -0500] "GET /BLA/resoluciones/AUTOS%202014/1705.pdf HTTP/1.1" 304 -
66.249.64.51 - - [17/Nov/2016:00:44:19 -0500] "GET /BLA/resoluciones/AUTOS%202012/3024.pdf HTTP/1.1" 304 -
186.154.39.90 - - [17/Nov/2016:00:44:19 -0500] "GET /galeria/galeria/fotos/Soratama1P.jpg HTTP/1.1" 200 9622
186.154.39.90 - - [17/Nov/2016:00:44:19 -0500] "GET /galeria/galeria/fotos/Soratama2P.jpg HTTP/1.1" 200 10548
186.154.39.90 - - [17/Nov/2016:00:44:19 -0500] "GET /galeria/galeria/fotos/Soratama3P.jpg HTTP/1.1" 200 11298
186.154.39.90 - - [17/Nov/2016:00:44:19 -0500] "GET /galeria/galeria/fotos/Soratama4P.jpg HTTP/1.1" 200 10482
66.249.64.51 - - [17/Nov/2016:00:44:21 -0500] "GET /BLA/resoluciones/AUTOS%202013/2223.pdf HTTP/1.1" 304 -
66.249.64.51 - - [17/Nov/2016:00:44:22 -0500] "GET /BLA/resoluciones/RESOLUCIONES%202007/RES%202007%202301%20AL%202400/RESOLUCION%202396%20DE%202007.pdf HTTP/1.1" 304 -
66.249.64.51 - - [17/Nov/2016:00:44:22 -0500] "GET /BLA/resoluciones/RESOLUCIONES%202009/3817.pdf HTTP/1.1" 304 -
66.249.64.51 - - [17/Nov/2016:00:44:23 -0500] "GET /BLA/resoluciones/RESOLUCIONES%202013/0070.pdf HTTP/1.1" 304 -
186.84.14.10 - - [17/Nov/2016:00:44:24 -0500] "GET /galeria/nivo-slider/demo/images/Ruta-vertimientos-01.jpg HTTP/1.1" 200 130151
66.249.64.51 - - [17/Nov/2016:00:44:24 -0500] "GET /BLA/resoluciones/RESOLUCIONES%202014/3641.pdf HTTP/1.1" 304 -
186.84.14.10 - - [17/Nov/2016:00:44:25 -0500] "GET /galeria/nivo-slider/demo/images/bolsas-06.jpg HTTP/1.1" 200 210950
66.249.64.51 - - [17/Nov/2016:00:44:25 -0500] "GET /BLA/resoluciones/RESOLUCIONES%202007/RES%202007%201901%20AL%202000/RESOLUCION%201945%20DE%202007.pdf HTTP/1.1" 304 -
66.249.64.51 - - [17/Nov/2016:00:44:27 -0500] "GET /BLA/resoluciones/AUTOS%202013/0896.pdf HTTP/1.1" 304 -
66.249.64.51 - - [17/Nov/2016:00:44:28 -0500] "GET /BLA/resoluciones/AUTOS%202014/4278.pdf HTTP/1.1" 304 -
66.249.64.51 - - [17/Nov/2016:00:44:31 -0500] "GET /BLA/resoluciones/RESOLUCIONES%202008/4081.pdf HTTP/1.1" 304 -
66.249.64.51 - - [17/Nov/2016:00:44:34 -0500] "GET /BLA/resoluciones/AUTOS%202012/2977.pdf HTTP/1.1" 304 -
66.249.64.51 - - [17/Nov/2016:00:44:34 -0500] "GET /BLA/resoluciones/RESOLUCIONES%202007/RES%202007%202301%20AL%202400/RESOLUCION%202355%20DE%202007.pdf HTTP/1.1" 304 -
66.249.64.51 - - [17/Nov/2016:00:44:35 -0500] "GET /BLA/resoluciones/AUTOS%202013/0103.pdf HTTP/1.1" 304 -
66.249.64.51 - - [17/Nov/2016:00:44:36 -0500] "GET /BLA/resoluciones/RESOLUCIONES%202007/RES%202007%203201%20AL%203300/RESOLUCION%203287%20DE%202007.pdf HTTP/1.1" 304 -
66.249.64.51 - - [17/Nov/2016:00:44:37 -0500] "GET /BLA/resoluciones/RESOLUCIONES%202009/7978.pdf HTTP/1.1" 304 -
66.249.64.51 - - [17/Nov/2016:00:44:38 -0500] "GET /BLA/resoluciones/RESOLUCIONES%202013/1132.pdf HTTP/1.1" 304 -
66.249.64.51 - - [17/Nov/2016:00:44:40 -0500] "GET /BLA/resoluciones/RESOLUCIONES%202010/6426.pdf HTTP/1.1" 304 -
66.249.64.51 - - [17/Nov/2016:00:44:42 -0500] "GET /BLA/resoluciones/AUTOS%202015/1050.pdf HTTP/1.1" 304 -
66.249.64.51 - - [17/Nov/2016:00:44:44 -0500] "GET /BLA/resoluciones/RESOLUCIONES%202007/RES%202007%204101%20AL%204200/RESOLUCION%204200%20DE%202007.pdf HTTP/1.1" 304 -
69.162.124.232 - - [17/Nov/2016:00:44:45 -0500] "HEAD / HTTP/1.1" 200 -
66.249.64.51 - - [17/Nov/2016:00:44:48 -0500] "GET /BLA/resoluciones/AUTOS%202013/1308.pdf HTTP/1.1" 304 -
66.249.64.51 - - [17/Nov/2016:00:44:49 -0500] "GET /BLA/resoluciones/RESOLUCIONES%202010/7687.pdf HTTP/1.1" 304 -
66.249.64.51 - - [17/Nov/2016:00:44:51 -0500] "GET /BLA/resoluciones/AUTOS%202015/1255.pdf HTTP/1.1" 304 -
66.249.64.51 - - [17/Nov/2016:00:44:53 -0500] "GET /BLA/resoluciones/AUTOS%202014/6143.pdf HTTP/1.1" 304 -
186.84.14.10 - - [17/Nov/2016:00:44:54 -0500] "GET /galeria/nivo-slider/demo/images/bannerdiadelvoluntariado2.jpg HTTP/1.1" 200 92375
186.84.14.10 - - [17/Nov/2016:00:44:54 -0500] "GET /galeria/nivo-slider/demo/images/banner%20encuesta%20sda2-web3.jpg HTTP/1.1" 200 111668
186.84.14.10 - - [17/Nov/2016:00:44:54 -0500] "GET /galeria/nivo-slider/demo/images/bannerwebsemanecoempresarial.jpg HTTP/1.1" 200 108354
66.249.64.51 - - [17/Nov/2016:00:44:55 -0500] "GET /BLA/resoluciones/RESOLUCIONES%202007/RES%202007%204101%20AL%204200/RESOLUCION%204141%20DE%202007.pdf HTTP/1.1" 304 -
66.249.64.51 - - [17/Nov/2016:00:44:59 -0500] "GET /BLA/resoluciones/AUTOS%202013/2331.pdf HTTP/1.1" 304 -
66.249.64.51 - - [17/Nov/2016:00:45:01 -0500] "GET /BLA/resoluciones/AUTOS%202013/2014.pdf HTTP/1.1" 304 -
66.249.64.51 - - [17/Nov/2016:00:45:03 -0500] "GET /BLA/resoluciones/AUTOS%202007/0754.pdf HTTP/1.1" 304 -
186.84.14.10 - - [17/Nov/2016:00:45:04 -0500] "GET /galeria/nivo-slider/demo/images/BANNER%20ECORECICLATON-01d%20(2).jpg HTTP/1.1" 200 136864
66.249.64.51 - - [17/Nov/2016:00:45:10 -0500] "GET /BLA/resoluciones/RESOLUCIONES%202010/5975.pdf HTTP/1.1" 200 320438
66.249.64.51 - - [17/Nov/2016:00:45:11 -0500] "GET /BLA/resoluciones/RESOLUCIONES%202008/0026.pdf HTTP/1.1" 304 -
66.249.64.41 - - [17/Nov/2016:00:45:13 -0500] "GET /Autoliquidacion/index.php?dir=Solicitudes+relacionadas+con+calidad+del+aire+auditiva+y+visual%2FEvaluaci%F3n+certificado+de+Intensidad+Auditiva%2F HTTP/1.1" 200 2811
186.84.14.10 - - [17/Nov/2016:00:45:14 -0500] "GET /galeria/nivo-slider/demo/images/BANNER%20ECORECICLATON-01d%20(2).jpg HTTP/1.1" 200 136864
186.84.14.10 - - [17/Nov/2016:00:45:14 -0500] "GET /galeria/nivo-slider/demo/images/bannerinvitaci%C3%B3nacaminatasecologicas2.jpg HTTP/1.1" 200 513253
66.249.64.51 - - [17/Nov/2016:00:45:14 -0500] "GET /BLA/resoluciones/RESOLUCIONES%202009/9208.pdf HTTP/1.1" 304 -
66.249.64.51 - - [17/Nov/2016:00:45:16 -0500] "GET /BLA/resoluciones/RESOLUCIONES%202011/4684.pdf HTTP/1.1" 304 -
66.249.64.51 - - [17/Nov/2016:00:45:18 -0500] "GET /BLA/resoluciones/RESOLUCIONES%202013/0241.pdf HTTP/1.1" 304 -
66.249.64.51 - - [17/Nov/2016:00:45:20 -0500] "GET /BLA/resoluciones/RESOLUCIONES%202011/1660.pdf HTTP/1.1" 304 -
66.249.64.51 - - [17/Nov/2016:00:45:22 -0500] "GET /BLA/resoluciones/RESOLUCIONES%202010/4788.pdf HTTP/1.1" 304 -
66.249.64.51 - - [17/Nov/2016:00:45:24 -0500] "GET /BLA/resoluciones/AUTOS%202014/1547.pdf HTTP/1.1" 304 -
186.84.14.10 - - [17/Nov/2016:00:45:24 -0500] "GET /galeria/nivo-slider/demo/images/bannersilvicultura.jpg HTTP/1.1" 200 173023
186.84.14.10 - - [17/Nov/2016:00:45:24 -0500] "GET /galeria/nivo-slider/demo/images/bannerinvitaci%C3%B3nacaminatasecologicas2.jpg HTTP/1.1" 200 513253
66.249.64.51 - - [17/Nov/2016:00:45:26 -0500] "GET /BLA/resoluciones/RESOLUCIONES%202010/7000.pdf HTTP/1.1" 304 -
66.249.64.51 - - [17/Nov/2016:00:45:28 -0500] "GET /BLA/resoluciones/AUTOS%202009/0177.pdf HTTP/1.1" 304 -
66.249.64.51 - - [17/Nov/2016:00:45:30 -0500] "GET /BLA/resoluciones/RESOLUCIONES%202011/3764.pdf HTTP/1.1" 304 -
66.249.64.51 - - [17/Nov/2016:00:45:31 -0500] "GET /BLA/resoluciones/AUTOS%202009/2068.pdf HTTP/1.1" 200 97860
66.249.64.51 - - [17/Nov/2016:00:45:32 -0500] "GET /BLA/resoluciones/AUTOS%202010/5384.pdf HTTP/1.1" 304 -
66.249.64.51 - - [17/Nov/2016:00:45:34 -0500] "GET /BLA/resoluciones/AUTOS%202015/5602.pdf HTTP/1.1" 304 -
186.84.14.10 - - [17/Nov/2016:00:45:34 -0500] "GET /galeria/nivo-slider/demo/images/BANNERARBOLES.jpg HTTP/1.1" 200 227630
66.249.64.51 - - [17/Nov/2016:00:45:35 -0500] "GET /BLA/resoluciones/AUTOS%202014/6273.pdf HTTP/1.1" 304 -
66.249.64.51 - - [17/Nov/2016:00:45:37 -0500] "GET /BLA/resoluciones/AUTOS%202014/6534.pdf HTTP/1.1" 304 -
66.249.64.51 - - [17/Nov/2016:00:45:41 -0500] "GET /BLA/resoluciones/AUTOS%202013/3073.pdf HTTP/1.1" 304 -
186.84.14.10 - - [17/Nov/2016:00:45:44 -0500] "GET /galeria/nivo-slider/demo/images/ACOPIADORESYGESTORES.jpg HTTP/1.1" 200 118791
66.249.64.51 - - [17/Nov/2016:00:45:49 -0500] "GET /BLA/resoluciones/RESOLUCIONES%202007/RES%202007%203301%20AL%203400/RESOLUCION%203326%20DE%202007.pdf HTTP/1.1" 304 -
66.249.64.51 - - [17/Nov/2016:00:45:51 -0500] "GET /BLA/resoluciones/AUTOS%202014/7385.pdf HTTP/1.1" 304 -
66.249.64.51 - - [17/Nov/2016:00:45:53 -0500] "GET /BLA/resoluciones/AUTOS%202015/4069.pdf HTTP/1.1" 304 -
186.84.14.10 - - [17/Nov/2016:00:45:54 -0500] "GET /galeria/nivo-slider/demo/images/ACOPIADORESYGESTORES.jpg HTTP/1.1" 200 118791
66.249.64.51 - - [17/Nov/2016:00:45:55 -0500] "GET /BLA/resoluciones/RESOLUCIONES%202007/RES%202007%201901%20AL%202000/RESOLUCION%201918%20DE%202007.pdf HTTP/1.1" 304 -
186.84.14.10 - - [17/Nov/2016:00:45:55 -0500] "GET /galeria/nivo-slider/demo/images/bannergestionambiental2.jpg HTTP/1.1" 200 245647
66.249.64.51 - - [17/Nov/2016:00:45:57 -0500] "GET /BLA/resoluciones/AUTOS%202008/0614.pdf HTTP/1.1" 304 -
66.249.64.51 - - [17/Nov/2016:00:45:58 -0500] "GET /BLA/resoluciones/RESOLUCIONES%202007/RES%202007%201501%20AL%201600/RESOLUCION%201521%20DE%202007.pdf HTTP/1.1" 304 -
66.249.64.51 - - [17/Nov/2016:00:46:00 -0500] "GET /BLA/resoluciones/AUTOS%202013/1296.pdf HTTP/1.1" 304 -
66.249.64.51 - - [17/Nov/2016:00:46:04 -0500] "GET /BLA/resoluciones/RESOLUCIONES%202009/0712.pdf HTTP/1.1" 304 -
186.84.14.10 - - [17/Nov/2016:00:46:04 -0500] "GET /galeria/nivo-slider/demo/images/vegetal.jpg HTTP/1.1" 200 216080
66.249.64.51 - - [17/Nov/2016:00:46:12 -0500] "GET /BLA/resoluciones/AUTOS%202014/3106.pdf HTTP/1.1" 304 -
186.84.14.10 - - [17/Nov/2016:00:46:14 -0500] "GET /galeria/nivo-slider/demo/images/Ruta-vertimientos-01.jpg HTTP/1.1" 200 130151
66.249.64.51 - - [17/Nov/2016:00:46:16 -0500] "GET /BLA/resoluciones/AUTOS%202013/3052.pdf HTTP/1.1" 304 -
66.249.64.51 - - [17/Nov/2016:00:46:21 -0500] "GET /BLA/resoluciones/AUTOS%202015/2008.pdf HTTP/1.1" 304 -
66.249.64.51 - - [17/Nov/2016:00:46:24 -0500] "GET /BLA/resoluciones/RESOLUCIONES%202014/1594.pdf HTTP/1.1" 200 374479
186.84.14.10 - - [17/Nov/2016:00:46:24 -0500] "GET /galeria/nivo-slider/demo/images/Ruta-vertimientos-01.jpg HTTP/1.1" 200 130151
186.84.14.10 - - [17/Nov/2016:00:46:25 -0500] "GET /galeria/nivo-slider/demo/images/bolsas-06.jpg HTTP/1.1" 200 210950
66.249.64.51 - - [17/Nov/2016:00:46:25 -0500] "GET /BLA/resoluciones/RESOLUCIONES%202010/7836.pdf HTTP/1.1" 304 -
66.249.64.51 - - [17/Nov/2016:00:46:26 -0500] "GET /BLA/resoluciones/AUTOS%202009/2723.pdf HTTP/1.1" 200 99384
66.249.64.51 - - [17/Nov/2016:00:46:32 -0500] "GET /BLA/resoluciones/AUTOS%202014/0425.pdf HTTP/1.1" 200 468656
66.249.64.51 - - [17/Nov/2016:00:46:33 -0500] "GET /BLA/resoluciones/AUTOS%202013/2431.pdf HTTP/1.1" 304 -
186.84.14.10 - - [17/Nov/2016:00:46:34 -0500] "GET /galeria/nivo-slider/demo/images/bolsas-06.jpg HTTP/1.1" 200 210950
186.84.14.10 - - [17/Nov/2016:00:46:34 -0500] "GET /galeria/nivo-slider/demo/images/bannerdiadelvoluntariado2.jpg HTTP/1.1" 200 92375
66.249.64.51 - - [17/Nov/2016:00:46:35 -0500] "GET /BLA/resoluciones/RESOLUCIONES%202007/RES%202007%201301%20AL%201400/RESOLUCION%201367%20DE%202007.pdf HTTP/1.1" 304 -
186.85.9.144 - - [17/Nov/2016:00:46:37 -0500] "GET /BLA/boletinlegal/js/jquery.scrollShow.js HTTP/1.1" 200 4586
186.85.9.144 - - [17/Nov/2016:00:46:37 -0500] "GET /galeria/galeria/jquery.fancybox.css?v=2.1.5 HTTP/1.1" 200 4895
186.85.9.144 - - [17/Nov/2016:00:46:37 -0500] "GET /galeria/galeria/jquery.fancybox.js?v=2.1.5 HTTP/1.1" 200 48706
186.84.14.10 - - [17/Nov/2016:00:46:44 -0500] "GET /galeria/nivo-slider/demo/images/bannerdiadelvoluntariado2.jpg HTTP/1.1" 200 92375
186.84.14.10 - - [17/Nov/2016:00:46:44 -0500] "GET /galeria/nivo-slider/demo/images/banner%20encuesta%20sda2-web3.jpg HTTP/1.1" 200 111668
186.85.9.144 - - [17/Nov/2016:00:46:45 -0500] "GET /BLA/boletinlegal/js/jquery.scrollShow.js HTTP/1.1" 304 -
186.85.9.144 - - [17/Nov/2016:00:46:45 -0500] "GET /galeria/galeria/jquery.fancybox.js?v=2.1.5 HTTP/1.1" 304 -
186.85.9.144 - - [17/Nov/2016:00:46:45 -0500] "GET /galeria/galeria/jquery.fancybox.css?v=2.1.5 HTTP/1.1" 304 -
186.86.124.11 - - [17/Nov/2016:00:46:45 -0500] "GET /galeria/galeria/jquery.fancybox.css?v=2.1.5 HTTP/1.1" 200 4895
186.84.14.10 - - [17/Nov/2016:00:46:54 -0500] "GET /galeria/nivo-slider/demo/images/banner%20encuesta%20sda2-web3.jpg HTTP/1.1" 200 111668
186.84.14.10 - - [17/Nov/2016:00:46:54 -0500] "GET /galeria/nivo-slider/demo/images/bannerwebsemanecoempresarial.jpg HTTP/1.1" 200 108354
192.168.175.104 - - [17/Nov/2016:00:46:55 -0500] "GET / HTTP/1.0" 200 9990
186.80.176.90 - - [17/Nov/2016:00:46:55 -0500] "GET /BLA/boletinlegal/jurisprudencia/analisis/Analisis%20Jurisprudencia%20Sent%202000-00005-01.doc HTTP/1.1" 200 52736
186.84.14.10 - - [17/Nov/2016:00:47:04 -0500] "GET /galeria/nivo-slider/demo/images/bannerwebsemanecoempresarial.jpg HTTP/1.1" 200 108354
186.84.14.10 - - [17/Nov/2016:00:47:04 -0500] "GET /galeria/nivo-slider/demo/images/BANNER%20ECORECICLATON-01d%20(2).jpg HTTP/1.1" 200 136864
66.249.64.61 - - [17/Nov/2016:00:47:07 -0500] "GET /BLA/resoluciones/RESOLUCIONES%202011/2336.pdf HTTP/1.1" 200 291773
192.168.175.104 - - [17/Nov/2016:00:47:08 -0500] "GET / HTTP/1.1" 200 9990
66.249.64.53 - - [17/Nov/2016:00:47:08 -0500] "GET /BLA/resoluciones/AUTOS%202013/0538.pdf HTTP/1.1" 304 -
66.249.64.61 - - [17/Nov/2016:00:47:08 -0500] "GET /BLA/resoluciones/RESOLUCIONES%202013/0298.pdf HTTP/1.1" 304 -
66.249.64.2 - - [17/Nov/2016:00:47:09 -0500] "GET /BLA/resoluciones/AUTOS%202015/5255.pdf HTTP/1.1" 304 -
66.249.64.51 - - [17/Nov/2016:00:47:10 -0500] "GET /BLA/resoluciones/RESOLUCIONES%202007/RES%202007%202001%20AL%202100/RESOLUCION%202095%20DE%202007.pdf HTTP/1.1" 304 -
66.249.64.8 - - [17/Nov/2016:00:47:12 -0500] "GET /BLA/resoluciones/Notificaciones/REGISTROS%202015/0183.doc HTTP/1.1" 304 -
66.249.64.63 - - [17/Nov/2016:00:47:13 -0500] "GET /BLA/resoluciones/RESOLUCIONES%202013/0693.pdf HTTP/1.1" 304 -
186.84.14.10 - - [17/Nov/2016:00:47:14 -0500] "GET /galeria/nivo-slider/demo/images/BANNER%20ECORECICLATON-01d%20(2).jpg HTTP/1.1" 200 136864
186.84.14.10 - - [17/Nov/2016:00:47:14 -0500] "GET /galeria/nivo-slider/demo/images/bannerinvitaci%C3%B3nacaminatasecologicas2.jpg HTTP/1.1" 200 513253
186.113.10.143 - - [17/Nov/2016:00:47:14 -0500] "GET /galeria/nivo-slider/demo/images/bannerwebsemanecoempresarial.jpg HTTP/1.1" 304 -
66.249.64.51 - - [17/Nov/2016:00:47:17 -0500] "GET /BLA/resoluciones/RESOLUCIONES%202010/6340.pdf HTTP/1.1" 304 -
66.249.64.2 - - [17/Nov/2016:00:47:17 -0500] "GET /BLA/resoluciones/AUTOS%202013/3484.pdf HTTP/1.1" 304 -
66.249.64.63 - - [17/Nov/2016:00:47:18 -0500] "GET /BLA/resoluciones/AUTOS%202012/0154.pdf HTTP/1.1" 304 -
66.249.64.55 - - [17/Nov/2016:00:47:20 -0500] "GET /BLA/resoluciones/AUTOS%202014/4105.pdf HTTP/1.1" 304 -
66.249.64.61 - - [17/Nov/2016:00:47:21 -0500] "GET /BLA/resoluciones/AUTOS%202013/0223.pdf HTTP/1.1" 304 -
186.80.176.90 - - [17/Nov/2016:00:47:22 -0500] "GET /BLA/boletinlegal/jurisprudencia/analisis/Analisis%20Jurisprudencia%20Sent%202000-00005-01.doc HTTP/1.1" 206 52736
186.84.14.10 - - [17/Nov/2016:00:47:24 -0500] "GET /galeria/nivo-slider/demo/images/bannerinvitaci%C3%B3nacaminatasecologicas2.jpg HTTP/1.1" 200 513253
186.84.14.10 - - [17/Nov/2016:00:47:24 -0500] "GET /galeria/nivo-slider/demo/images/bannersilvicultura.jpg HTTP/1.1" 200 173023
66.249.64.57 - - [17/Nov/2016:00:47:24 -0500] "GET /BLA/resoluciones/RESOLUCIONES%202007/RES%202007%20401%20AL%20500/RESOLUCION%200431%20DE%202007.pdf HTTP/1.1" 304 -
186.84.182.235 - - [17/Nov/2016:00:47:29 -0500] "GET /BLA/boletinlegal/jurisprudencia/analisis/Analisis%20Jurisprudencia%20Sent%202000-00005-01.doc HTTP/1.1" 200 52736
66.249.64.5 - - [17/Nov/2016:00:47:33 -0500] "GET /BLA/resoluciones/AUTOS%202009/1814.pdf HTTP/1.1" 304 -
186.84.14.10 - - [17/Nov/2016:00:47:34 -0500] "GET /galeria/nivo-slider/demo/images/bannersilvicultura.jpg HTTP/1.1" 200 173023
186.84.14.10 - - [17/Nov/2016:00:47:35 -0500] "GET /galeria/nivo-slider/demo/images/BANNERARBOLES.jpg HTTP/1.1" 200 227630
66.249.64.53 - - [17/Nov/2016:00:47:35 -0500] "GET /BLA/resoluciones/AUTOS%202013/3359.pdf HTTP/1.1" 304 -
66.249.64.63 - - [17/Nov/2016:00:47:40 -0500] "GET /BLA/resoluciones/RESOLUCIONES%202013/0767.pdf HTTP/1.1" 304 -
66.249.64.53 - - [17/Nov/2016:00:47:41 -0500] "GET /BLA/resoluciones/RESOLUCIONES%202010/1030.pdf HTTP/1.1" 304 -
66.249.64.57 - - [17/Nov/2016:00:47:42 -0500] "GET /BLA/resoluciones/RESOLUCIONES%202009/4663.pdf HTTP/1.1" 304 -
192.168.175.104 - - [17/Nov/2016:00:47:43 -0500] "GET / HTTP/1.1" 200 9990
66.249.64.55 - - [17/Nov/2016:00:47:44 -0500] "GET /BLA/resoluciones/AUTOS%202015/2083.pdf HTTP/1.1" 304 -
186.84.14.10 - - [17/Nov/2016:00:47:44 -0500] "GET /galeria/nivo-slider/demo/images/ACOPIADORESYGESTORES.jpg HTTP/1.1" 200 118791
186.29.120.209 - - [17/Nov/2016:00:47:54 -0500] "GET /galeria/nivo-slider/demo/images/bannercapacitaci%C3%B3ninfraestructuavegetada.jpg HTTP/1.1" 304 -
186.84.14.10 - - [17/Nov/2016:00:47:54 -0500] "GET /galeria/nivo-slider/demo/images/ACOPIADORESYGESTORES.jpg HTTP/1.1" 200 118791
186.84.14.10 - - [17/Nov/2016:00:47:55 -0500] "GET /galeria/nivo-slider/demo/images/bannergestionambiental2.jpg HTTP/1.1" 200 245647
66.249.64.53 - - [17/Nov/2016:00:47:56 -0500] "GET /BLA/resoluciones/AUTOS%202014/1031.pdf HTTP/1.1" 304 -
186.84.14.10 - - [17/Nov/2016:00:48:04 -0500] "GET /galeria/nivo-slider/demo/images/vegetal.jpg HTTP/1.1" 200 216080
186.28.20.160 - - [17/Nov/2016:00:48:13 -0500] "GET /galeria/galeria/jquery.fancybox.css?v=2.1.5 HTTP/1.1" 200 4895
186.28.20.160 - - [17/Nov/2016:00:48:13 -0500] "GET /galeria/galeria/jquery.fancybox.js?v=2.1.5 HTTP/1.1" 200 48706
186.28.20.160 - - [17/Nov/2016:00:48:13 -0500] "GET /BLA/boletinlegal/js/jquery.scrollShow.js HTTP/1.1" 200 4586
186.84.14.10 - - [17/Nov/2016:00:48:14 -0500] "GET /galeria/nivo-slider/demo/images/Ruta-vertimientos-01.jpg HTTP/1.1" 200 130151
66.249.64.55 - - [17/Nov/2016:00:48:18 -0500] "GET /BLA/resoluciones/RESOLUCIONES%202009/7264.pdf HTTP/1.1" 304 -
186.29.120.209 - - [17/Nov/2016:00:48:24 -0500] "GET /galeria/nivo-slider/demo/images/bannergestionambiental2.jpg HTTP/1.1" 304 -
66.249.64.53 - - [17/Nov/2016:00:48:24 -0500] "GET /BLA/resoluciones/RESOLUCIONES%202011/0529.pdf HTTP/1.1" 200 478854
186.84.14.10 - - [17/Nov/2016:00:48:24 -0500] "GET /galeria/nivo-slider/demo/images/Ruta-vertimientos-01.jpg HTTP/1.1" 200 130151
186.84.14.10 - - [17/Nov/2016:00:48:25 -0500] "GET /galeria/nivo-slider/demo/images/bolsas-06.jpg HTTP/1.1" 200 210950
163.172.65.123 - - [17/Nov/2016:00:48:31 -0500] "GET /BLA/resoluciones/index.php?dir=RESOLUCIONES+2004%2FRES+2004+1051-1100%2F HTTP/1.1" 200 12164
186.84.14.10 - - [17/Nov/2016:00:48:34 -0500] "GET /galeria/nivo-slider/demo/images/bolsas-06.jpg HTTP/1.1" 200 210950
186.84.14.10 - - [17/Nov/2016:00:48:34 -0500] "GET /galeria/nivo-slider/demo/images/bannerdiadelvoluntariado2.jpg HTTP/1.1" 200 92375
186.28.20.160 - - [17/Nov/2016:00:48:18 -0500] "GET /videos/CRRFFS.mp4 HTTP/1.1" 200 286784363
186.28.20.160 - - [17/Nov/2016:00:48:38 -0500] "GET /galeria/galeria/jquery.fancybox.css?v=2.1.5 HTTP/1.1" 304 -
186.28.20.160 - - [17/Nov/2016:00:48:38 -0500] "GET /BLA/boletinlegal/js/jquery.scrollShow.js HTTP/1.1" 304 -
186.28.20.160 - - [17/Nov/2016:00:48:38 -0500] "GET /galeria/galeria/jquery.fancybox.js?v=2.1.5 HTTP/1.1" 304 -
186.84.14.10 - - [17/Nov/2016:00:48:44 -0500] "GET /galeria/nivo-slider/demo/images/bannerdiadelvoluntariado2.jpg HTTP/1.1" 200 92375
186.84.14.10 - - [17/Nov/2016:00:48:44 -0500] "GET /galeria/nivo-slider/demo/images/banner%20encuesta%20sda2-web3.jpg HTTP/1.1" 200 111668
186.29.120.209 - - [17/Nov/2016:00:48:54 -0500] "GET /galeria/nivo-slider/demo/images/bolsas-06.jpg HTTP/1.1" 304 -
186.84.14.10 - - [17/Nov/2016:00:48:54 -0500] "GET /galeria/nivo-slider/demo/images/banner%20encuesta%20sda2-web3.jpg HTTP/1.1" 200 111668
186.84.14.10 - - [17/Nov/2016:00:48:54 -0500] "GET /galeria/nivo-slider/demo/images/bannerwebsemanecoempresarial.jpg HTTP/1.1" 200 108354
66.249.64.51 - - [17/Nov/2016:00:48:57 -0500] "GET /BLA/resoluciones/RESOLUCIONES%202010/0373.pdf HTTP/1.1" 200 272129
186.84.14.10 - - [17/Nov/2016:00:49:04 -0500] "GET /galeria/nivo-slider/demo/images/BANNER%20ECORECICLATON-01d%20(2).jpg HTTP/1.1" 200 136864
186.29.120.209 - - [17/Nov/2016:00:49:14 -0500] "GET /galeria/nivo-slider/demo/images/forolatinoamericanodeciudadesporelagua2.jpg HTTP/1.1" 304 -
186.84.14.10 - - [17/Nov/2016:00:49:14 -0500] "GET /galeria/nivo-slider/demo/images/BANNER%20ECORECICLATON-01d%20(2).jpg HTTP/1.1" 200 136864
186.84.14.10 - - [17/Nov/2016:00:49:14 -0500] "GET /galeria/nivo-slider/demo/images/bannerinvitaci%C3%B3nacaminatasecologicas2.jpg HTTP/1.1" 200 513253
186.29.120.209 - - [17/Nov/2016:00:49:24 -0500] "GET /galeria/nivo-slider/demo/images/banner%20web%20semana%20eco.jpg HTTP/1.1" 304 -
186.84.14.10 - - [17/Nov/2016:00:49:24 -0500] "GET /galeria/nivo-slider/demo/images/bannerinvitaci%C3%B3nacaminatasecologicas2.jpg HTTP/1.1" 200 513253
186.84.14.10 - - [17/Nov/2016:00:49:24 -0500] "GET /galeria/nivo-slider/demo/images/bannersilvicultura.jpg HTTP/1.1" 200 173023
66.249.64.41 - - [17/Nov/2016:00:49:23 -0500] "GET /BLA/boletinlegal/Directivas/2011/Directiva%20No.%201%20del%205%20de%20Abril%20de%202011.pdf HTTP/1.1" 200 971292
66.249.64.51 - - [17/Nov/2016:00:49:31 -0500] "GET /BLA/resoluciones/Notificaciones/REGISTROS%202014/00934.doc HTTP/1.1" 304 -
66.249.64.51 - - [17/Nov/2016:00:49:33 -0500] "GET /BLA/resoluciones/AUTOS%202014/5625.pdf HTTP/1.1" 304 -
186.29.120.209 - - [17/Nov/2016:00:49:34 -0500] "GET /galeria/nivo-slider/demo/images/BANNER%20ECORECICLATON-01d%20(2).jpg HTTP/1.1" 304 -
186.84.14.10 - - [17/Nov/2016:00:49:34 -0500] "GET /galeria/nivo-slider/demo/images/BANNERARBOLES.jpg HTTP/1.1" 200 227630
186.29.120.209 - - [17/Nov/2016:00:49:44 -0500] "GET /galeria/nivo-slider/demo/images/bannerinvitaci%C3%B3nacaminatasecologicas2.jpg HTTP/1.1" 304 -
186.84.14.10 - - [17/Nov/2016:00:49:44 -0500] "GET /galeria/nivo-slider/demo/images/ACOPIADORESYGESTORES.jpg HTTP/1.1" 200 118791
186.28.20.160 - - [17/Nov/2016:00:48:39 -0500] "GET /videos/CRRFFS.mp4 HTTP/1.1" 200 286784363
69.162.124.232 - - [17/Nov/2016:00:49:45 -0500] "HEAD / HTTP/1.1" 200 -
66.249.64.51 - - [17/Nov/2016:00:49:51 -0500] "GET /BLA/resoluciones/AUTOS%202010/3624.pdf HTTP/1.1" 304 -
186.84.14.10 - - [17/Nov/2016:00:49:54 -0500] "GET /galeria/nivo-slider/demo/images/ACOPIADORESYGESTORES.jpg HTTP/1.1" 200 118791
66.249.64.51 - - [17/Nov/2016:00:49:55 -0500] "GET /BLA/resoluciones/AUTOS%202012/1752.pdf HTTP/1.1" 304 -
186.84.14.10 - - [17/Nov/2016:00:49:55 -0500] "GET /galeria/nivo-slider/demo/images/bannergestionambiental2.jpg HTTP/1.1" 200 245647
66.249.64.51 - - [17/Nov/2016:00:49:59 -0500] "GET /BLA/resoluciones/RESOLUCIONES%202007/RES%202007%202101%20AL%202200/RESOLUCION%202116%20DE%202007.pdf HTTP/1.1" 304 -
66.249.64.51 - - [17/Nov/2016:00:49:59 -0500] "GET /BLA/resoluciones/AUTOS%202015/2934.pdf HTTP/1.1" 304 -
66.249.64.51 - - [17/Nov/2016:00:50:01 -0500] "GET /BLA/resoluciones/RESOLUCIONES%202010/5992.pdf HTTP/1.1" 304 -
66.249.64.51 - - [17/Nov/2016:00:50:03 -0500] "GET /BLA/resoluciones/RESOLUCIONES%202010/6810.pdf HTTP/1.1" 304 -
186.84.14.10 - - [17/Nov/2016:00:50:04 -0500] "GET /galeria/nivo-slider/demo/images/vegetal.jpg HTTP/1.1" 200 216080
186.84.14.10 - - [17/Nov/2016:00:50:04 -0500] "GET /galeria/nivo-slider/demo/images/bannergestionambiental2.jpg HTTP/1.1" 200 245647
66.249.64.51 - - [17/Nov/2016:00:50:05 -0500] "GET /BLA/resoluciones/AUTOS%202015/3334.pdf HTTP/1.1" 304 -
66.249.64.51 - - [17/Nov/2016:00:50:07 -0500] "GET /BLA/resoluciones/AUTOS%202011/0741.pdf HTTP/1.1" 304 -
66.249.64.51 - - [17/Nov/2016:00:50:11 -0500] "GET /BLA/resoluciones/RESOLUCIONES%202014/0649.pdf HTTP/1.1" 304 -
186.84.14.10 - - [17/Nov/2016:00:50:14 -0500] "GET /galeria/nivo-slider/demo/images/vegetal.jpg HTTP/1.1" 200 216080
66.249.64.51 - - [17/Nov/2016:00:50:14 -0500] "GET /BLA/resoluciones/RESOLUCIONES%202009/6512.pdf HTTP/1.1" 304 -
186.84.14.10 - - [17/Nov/2016:00:50:15 -0500] "GET /galeria/nivo-slider/demo/images/Ruta-vertimientos-01.jpg HTTP/1.1" 200 130151
66.249.64.51 - - [17/Nov/2016:00:50:19 -0500] "GET /BLA/resoluciones/AUTOS%202009/2003.pdf HTTP/1.1" 200 101201
66.249.64.51 - - [17/Nov/2016:00:50:20 -0500] "GET /BLA/resoluciones/RESOLUCIONES%202008/0146.pdf HTTP/1.1" 304 -
186.84.14.10 - - [17/Nov/2016:00:50:24 -0500] "GET /galeria/nivo-slider/demo/images/Ruta-vertimientos-01.jpg HTTP/1.1" 200 130151
186.84.14.10 - - [17/Nov/2016:00:50:24 -0500] "GET /galeria/nivo-slider/demo/images/bolsas-06.jpg HTTP/1.1" 200 210950
66.249.64.51 - - [17/Nov/2016:00:50:32 -0500] "GET /BLA/resoluciones/RESOLUCIONES%202007/RES%202007%201001%20AL%201100/RESOLUCION%201086%20DE%202007.pdf HTTP/1.1" 304 -
186.84.14.10 - - [17/Nov/2016:00:50:34 -0500] "GET /galeria/nivo-slider/demo/images/bolsas-06.jpg HTTP/1.1" 200 210950
186.84.14.10 - - [17/Nov/2016:00:50:34 -0500] "GET /galeria/nivo-slider/demo/images/bannerdiadelvoluntariado2.jpg HTTP/1.1" 200 92375
66.249.64.51 - - [17/Nov/2016:00:50:40 -0500] "GET /AFLUENTESYEFUENTES/ HTTP/1.1" 304 -
66.249.64.51 - - [17/Nov/2016:00:50:41 -0500] "GET /BLA/resoluciones/AUTOS%202013/3542.pdf HTTP/1.1" 304 -
66.249.64.51 - - [17/Nov/2016:00:50:41 -0500] "GET /BLA/resoluciones/RESOLUCIONES%202011/0614.pdf HTTP/1.1" 304 -
186.84.14.10 - - [17/Nov/2016:00:50:44 -0500] "GET /galeria/nivo-slider/demo/images/bannerdiadelvoluntariado2.jpg HTTP/1.1" 200 92375
186.84.14.10 - - [17/Nov/2016:00:50:44 -0500] "GET /galeria/nivo-slider/demo/images/banner%20encuesta%20sda2-web3.jpg HTTP/1.1" 200 111668
66.249.64.51 - - [17/Nov/2016:00:50:45 -0500] "GET /BLA/resoluciones/AUTOS%202012/1729.pdf HTTP/1.1" 304 -
66.249.64.51 - - [17/Nov/2016:00:50:47 -0500] "GET /BLA/resoluciones/AUTOS%202011/1963.pdf HTTP/1.1" 304 -
