190.242.117.2 - - [03/Dec/2016:14:29:38 -0500] "GET /galeria/galeria/jquery.fancybox.css?v=2.1.5 HTTP/1.1" 304 -
190.242.117.2 - - [03/Dec/2016:14:29:38 -0500] "GET /galeria/galeria/jquery.fancybox.js?v=2.1.5 HTTP/1.1" 304 -
190.242.117.2 - - [03/Dec/2016:14:29:38 -0500] "GET /BLA/boletinlegal/js/jquery.scrollShow.js HTTP/1.1" 304 -
136.243.36.97 - - [03/Dec/2016:14:29:40 -0500] "GET /BLA/resoluciones/index.php?dir=Notificaciones/AUTOS+2013/ HTTP/1.1" 200 38885
181.57.154.4 - - [03/Dec/2016:14:29:48 -0500] "GET /BLA/boletinlegal/jurisprudencia/analisis/CUADRO%20ANALISIS%20SENTENCIA%20T-411%20DE%201992.doc HTTP/1.1" 200 41984
136.243.36.97 - - [03/Dec/2016:14:30:01 -0500] "GET /BLA/resoluciones/index.php?dir=Notificaciones/AUTOS+2014/ HTTP/1.1" 200 305918
181.57.154.4 - - [03/Dec/2016:14:30:18 -0500] "GET /BLA/boletinlegal/jurisprudencia/analisis/CUADRO%20ANALISIS%20SENTENCIA%20T-411%20DE%201992.doc HTTP/1.1" 206 1
181.57.154.4 - - [03/Dec/2016:14:30:18 -0500] "GET /BLA/boletinlegal/jurisprudencia/analisis/CUADRO%20ANALISIS%20SENTENCIA%20T-411%20DE%201992.doc HTTP/1.1" 206 25600
136.243.36.97 - - [03/Dec/2016:14:30:22 -0500] "GET /BLA/resoluciones/index.php?dir=Notificaciones/AUTOS+2015/ HTTP/1.1" 200 99001
136.243.36.97 - - [03/Dec/2016:14:30:35 -0500] "GET /BLA/resoluciones/index.php?dir=Notificaciones/AUTOS+2016/ HTTP/1.1" 200 12884
66.249.66.177 - - [03/Dec/2016:14:30:40 -0500] "GET / HTTP/1.1" 200 9990
136.243.36.97 - - [03/Dec/2016:14:30:49 -0500] "GET /BLA/resoluciones/index.php?dir=Notificaciones/REGISTROS+2013/ HTTP/1.1" 200 2053
69.162.124.232 - - [03/Dec/2016:14:30:51 -0500] "HEAD / HTTP/1.1" 200 -
66.249.66.187 - - [03/Dec/2016:14:30:55 -0500] "GET / HTTP/1.1" 200 9990
136.243.36.97 - - [03/Dec/2016:14:31:01 -0500] "GET /BLA/resoluciones/index.php?dir=Notificaciones/REGISTROS+2014/ HTTP/1.1" 200 15754
66.249.66.190 - - [03/Dec/2016:14:31:04 -0500] "GET /css/style.css HTTP/1.1" 200 3610
66.249.66.190 - - [03/Dec/2016:14:31:04 -0500] "GET /css/bootstrap.min.css HTTP/1.1" 200 105939
136.243.36.97 - - [03/Dec/2016:14:31:13 -0500] "GET /BLA/resoluciones/index.php?dir=Notificaciones/REGISTROS+2015/ HTTP/1.1" 200 19557
43.248.9.105 - - [03/Dec/2016:14:31:22 -0500] "POST /search.php?searchtype=5&tid=&area=eval($_POST[cmd]) HTTP/1.1" 404 1018
181.49.75.142 - - [03/Dec/2016:14:31:23 -0500] "GET /BLA/resoluciones/RESOLUCIONES%202009/1717.pdf HTTP/1.1" 200 635216
181.49.75.142 - - [03/Dec/2016:14:31:23 -0500] "GET /favicon.ico HTTP/1.1" 200 7782
181.49.75.142 - - [03/Dec/2016:14:31:25 -0500] "GET /BLA/resoluciones/RESOLUCIONES%202009/1717.pdf HTTP/1.1" 206 1848
128.232.110.28 - - [03/Dec/2016:14:31:38 -0500] "GET / HTTP/1.1" 200 9990
136.243.36.97 - - [03/Dec/2016:14:31:43 -0500] "GET /BLA/resoluciones/index.php?dir=Notificaciones/RESOLUCIONES+2012/ HTTP/1.1" 200 2077
127.0.0.1 - - [03/Dec/2016:14:31:44 -0500] "POST /plugins/update-check/1.1/ HTTP/1.0" 404 1021
127.0.0.1 - - [03/Dec/2016:14:31:44 -0500] "POST /themes/update-check/1.1/ HTTP/1.0" 404 1021
127.0.0.1 - - [03/Dec/2016:14:31:44 -0500] "POST /core/version-check/1.7/?version=4.2.2&php=5.5.15&locale=es_ES&mysql=5.6.20&local_package=&blogs=1&users=591&multisite_enabled=0 HTTP/1.0" 404 1021
127.0.0.1 - - [03/Dec/2016:14:31:44 -0500] "POST /themes/update-check/1.1/ HTTP/1.0" 404 1021
127.0.0.1 - - [03/Dec/2016:14:31:44 -0500] "POST /plugins/update-check/1.1/ HTTP/1.0" 404 1021
66.249.66.175 - - [03/Dec/2016:14:31:56 -0500] "GET /robots.txt HTTP/1.1" 404 1018
66.249.66.175 - - [03/Dec/2016:14:31:56 -0500] "GET /BLA/resoluciones/RESOLUCIONES%202008/2268.pdf HTTP/1.1" 200 206076
136.243.36.97 - - [03/Dec/2016:14:31:57 -0500] "GET /BLA/resoluciones/index.php?dir=Notificaciones/RESOLUCIONES+2013/ HTTP/1.1" 200 2632
136.243.36.97 - - [03/Dec/2016:14:32:13 -0500] "GET /BLA/resoluciones/index.php?dir=Notificaciones/RESOLUCIONES+2014/ HTTP/1.1" 200 12621
66.249.66.175 - - [03/Dec/2016:14:32:16 -0500] "GET /BLA/resoluciones/RESOLUCIONES%202012/1557.pdf HTTP/1.1" 200 2370180
136.243.36.97 - - [03/Dec/2016:14:32:25 -0500] "GET /BLA/resoluciones/index.php?dir=Notificaciones/RESOLUCIONES+2015/ HTTP/1.1" 200 14018
66.249.66.181 - - [03/Dec/2016:14:32:27 -0500] "GET /BLA/resoluciones/RESOLUCIONES%202009/9306.pdf HTTP/1.1" 200 603185
186.82.188.245 - - [03/Dec/2016:14:32:31 -0500] "GET /galeria/galeria/jquery.fancybox.css?v=2.1.5 HTTP/1.1" 200 4895
186.82.188.245 - - [03/Dec/2016:14:32:31 -0500] "GET /BLA/boletinlegal/js/jquery.scrollShow.js HTTP/1.1" 200 4586
186.82.188.245 - - [03/Dec/2016:14:32:31 -0500] "GET /galeria/galeria/jquery.fancybox.js?v=2.1.5 HTTP/1.1" 200 48706
186.85.198.117 - - [03/Dec/2016:14:32:33 -0500] "GET /galeria/galeria/jquery.fancybox.js?v=2.1.5 HTTP/1.1" 200 48706
186.85.198.117 - - [03/Dec/2016:14:32:33 -0500] "GET /galeria/galeria/jquery.fancybox.css?v=2.1.5 HTTP/1.1" 200 4895
186.85.198.117 - - [03/Dec/2016:14:32:33 -0500] "GET /BLA/boletinlegal/js/jquery.scrollShow.js HTTP/1.1" 200 4586
186.85.198.117 - - [03/Dec/2016:14:32:36 -0500] "GET /BLA/boletinlegal/js/jquery.scrollShow.js HTTP/1.1" 304 -
186.85.198.117 - - [03/Dec/2016:14:32:36 -0500] "GET /galeria/galeria/jquery.fancybox.js?v=2.1.5 HTTP/1.1" 304 -
186.85.198.117 - - [03/Dec/2016:14:32:36 -0500] "GET /galeria/galeria/jquery.fancybox.css?v=2.1.5 HTTP/1.1" 304 -
136.243.36.97 - - [03/Dec/2016:14:32:44 -0500] "GET /BLA/resoluciones/index.php?dir=Notificaciones/RESOLUCIONES+2016/ HTTP/1.1" 200 11675
66.249.88.7 - - [03/Dec/2016:14:33:00 -0500] "GET /BLA/boletinlegal/js/jquery.scrollShow.js HTTP/1.1" 200 4586
66.249.88.7 - - [03/Dec/2016:14:33:02 -0500] "GET /galeria/galeria/jquery.fancybox.js?v=2.1.5 HTTP/1.1" 200 48706
66.249.88.4 - - [03/Dec/2016:14:33:02 -0500] "GET /galeria/galeria/jquery.fancybox.css?v=2.1.5 HTTP/1.1" 200 4895
136.243.36.97 - - [03/Dec/2016:14:33:05 -0500] "GET /BLA/resoluciones/index.php?dir=RESOLUCIONES%202000/&sort=date&order=asc HTTP/1.1" 200 13662
66.249.88.7 - - [03/Dec/2016:14:33:08 -0500] "GET /galeria/galeria/jquery.fancybox.css?v=2.1.5 HTTP/1.1" 304 -
66.249.88.1 - - [03/Dec/2016:14:33:08 -0500] "GET /BLA/boletinlegal/js/jquery.scrollShow.js HTTP/1.1" 304 -
66.249.88.1 - - [03/Dec/2016:14:33:08 -0500] "GET /galeria/galeria/jquery.fancybox.js?v=2.1.5 HTTP/1.1" 304 -
136.243.36.97 - - [03/Dec/2016:14:33:19 -0500] "GET /BLA/resoluciones/index.php?dir=RESOLUCIONES%202000/&sort=name&order=desc HTTP/1.1" 200 13661
136.243.36.97 - - [03/Dec/2016:14:33:34 -0500] "GET /BLA/resoluciones/index.php?dir=RESOLUCIONES%202000/&sort=size&order=asc HTTP/1.1" 200 13662
186.85.179.44 - - [03/Dec/2016:14:34:05 -0500] "GET /galeria/galeria/jquery.fancybox.css?v=2.1.5 HTTP/1.1" 304 -
186.85.179.44 - - [03/Dec/2016:14:34:05 -0500] "GET /BLA/boletinlegal/js/jquery.scrollShow.js HTTP/1.1" 304 -
186.85.179.44 - - [03/Dec/2016:14:34:05 -0500] "GET /galeria/galeria/jquery.fancybox.js?v=2.1.5 HTTP/1.1" 304 -
136.243.36.97 - - [03/Dec/2016:14:34:07 -0500] "GET /BLA/resoluciones/index.php?dir=RESOLUCIONES%202001/&sort=date&order=asc HTTP/1.1" 200 8131
136.243.36.97 - - [03/Dec/2016:14:34:16 -0500] "GET /BLA/resoluciones/index.php?dir=RESOLUCIONES%202001/&sort=name&order=desc HTTP/1.1" 200 8130
136.243.36.97 - - [03/Dec/2016:14:34:28 -0500] "GET /BLA/resoluciones/index.php?dir=RESOLUCIONES%202001/&sort=size&order=asc HTTP/1.1" 200 8131
191.153.157.27 - - [03/Dec/2016:14:34:31 -0500] "GET /BLA/resoluciones/RESOLUCIONES%202007/RES%202007%202501%20AL%202600/RESOLUCION%202542%20DE%202007.pdf HTTP/1.1" 200 867071
136.243.36.97 - - [03/Dec/2016:14:34:37 -0500] "GET /BLA/resoluciones/index.php?dir=RESOLUCIONES%202002/&sort=date&order=asc HTTP/1.1" 200 11295
66.249.66.170 - - [03/Dec/2016:14:34:38 -0500] "GET /robots.txt HTTP/1.1" 404 1015
66.249.66.173 - - [03/Dec/2016:14:34:38 -0500] "GET / HTTP/1.1" 200 9990
190.242.40.170 - - [03/Dec/2016:14:34:46 -0500] "GET /Residuos/impresion/files/guia_impresion-lit.pdf HTTP/1.1" 200 12573981
190.242.40.170 - - [03/Dec/2016:14:34:46 -0500] "GET /favicon.ico HTTP/1.1" 200 7782
190.242.40.170 - - [03/Dec/2016:14:34:47 -0500] "GET /Residuos/impresion/files/guia_impresion-lit.pdf HTTP/1.1" 206 12573981
136.243.36.97 - - [03/Dec/2016:14:34:50 -0500] "GET /BLA/resoluciones/index.php?dir=RESOLUCIONES%202002/&sort=name&order=desc HTTP/1.1" 200 11294
190.242.40.170 - - [03/Dec/2016:14:34:58 -0500] "GET /Residuos/impresion/files/guia_impresion-lit.pdf HTTP/1.1" 206 65536
190.242.40.170 - - [03/Dec/2016:14:34:58 -0500] "GET /Residuos/impresion/files/guia_impresion-lit.pdf HTTP/1.1" 206 108858
190.242.40.170 - - [03/Dec/2016:14:34:58 -0500] "GET /Residuos/impresion/files/guia_impresion-lit.pdf HTTP/1.1" 206 12398487
136.243.36.97 - - [03/Dec/2016:14:35:03 -0500] "GET /BLA/resoluciones/index.php?dir=RESOLUCIONES%202002/&sort=size&order=asc HTTP/1.1" 200 11295
136.243.36.97 - - [03/Dec/2016:14:35:17 -0500] "GET /BLA/resoluciones/index.php?dir=RESOLUCIONES%202003/&sort=date&order=asc HTTP/1.1" 200 12286
186.87.24.39 - - [03/Dec/2016:14:35:21 -0500] "GET /BLA/boletinlegal/js/jquery.scrollShow.js HTTP/1.1" 200 4586
186.87.24.39 - - [03/Dec/2016:14:35:21 -0500] "GET /galeria/galeria/jquery.fancybox.css?v=2.1.5 HTTP/1.1" 200 4895
186.87.24.39 - - [03/Dec/2016:14:35:21 -0500] "GET /galeria/galeria/jquery.fancybox.js?v=2.1.5 HTTP/1.1" 200 48706
136.243.36.97 - - [03/Dec/2016:14:35:29 -0500] "GET /BLA/resoluciones/index.php?dir=RESOLUCIONES%202003/&sort=name&order=desc HTTP/1.1" 200 12285
186.87.24.39 - - [03/Dec/2016:14:35:32 -0500] "GET /BLA/boletinlegal/js/jquery.scrollShow.js HTTP/1.1" 304 -
186.87.24.39 - - [03/Dec/2016:14:35:32 -0500] "GET /galeria/galeria/jquery.fancybox.js?v=2.1.5 HTTP/1.1" 304 -
186.87.24.39 - - [03/Dec/2016:14:35:32 -0500] "GET /galeria/galeria/jquery.fancybox.css?v=2.1.5 HTTP/1.1" 304 -
136.243.36.97 - - [03/Dec/2016:14:35:38 -0500] "GET /BLA/resoluciones/index.php?dir=RESOLUCIONES%202003/&sort=size&order=asc HTTP/1.1" 200 12286
69.162.124.232 - - [03/Dec/2016:14:35:51 -0500] "HEAD / HTTP/1.1" 200 -
136.243.36.97 - - [03/Dec/2016:14:35:54 -0500] "GET /BLA/resoluciones/index.php?dir=RESOLUCIONES%202004/&sort=date&order=asc HTTP/1.1" 200 13000
66.249.66.175 - - [03/Dec/2016:14:36:03 -0500] "GET /galeria/galeria/jquery.fancybox.js?v=2.1.5 HTTP/1.1" 200 48706
66.249.66.178 - - [03/Dec/2016:14:36:04 -0500] "GET /galeria/carrusel/Carrusel/jquery.thumbnailScroller.css HTTP/1.1" 200 2066
66.249.66.178 - - [03/Dec/2016:14:36:05 -0500] "GET /galeria/carrusel/Carrusel/jquery-ui-1.8.13.custom.min.js HTTP/1.1" 200 10800
66.249.66.175 - - [03/Dec/2016:14:36:06 -0500] "GET /galeria/carrusel/Carrusel/jquery.thumbnailScroller.js HTTP/1.1" 200 8157
66.249.66.178 - - [03/Dec/2016:14:36:07 -0500] "GET /BLA/boletinlegal/js/jquery.scrollShow.js HTTP/1.1" 200 4586
181.131.92.207 - - [03/Dec/2016:14:36:08 -0500] "GET /galeria/galeria/jquery.fancybox.js?v=2.1.5 HTTP/1.1" 200 48706
181.131.92.207 - - [03/Dec/2016:14:36:08 -0500] "GET /BLA/boletinlegal/js/jquery.scrollShow.js HTTP/1.1" 200 4586
181.131.92.207 - - [03/Dec/2016:14:36:08 -0500] "GET /galeria/galeria/jquery.fancybox.css?v=2.1.5 HTTP/1.1" 200 4895
66.249.66.175 - - [03/Dec/2016:14:36:08 -0500] "GET /galeria/galeria/jquery.fancybox.css?v=2.1.5 HTTP/1.1" 200 4895
136.243.36.97 - - [03/Dec/2016:14:36:08 -0500] "GET /BLA/resoluciones/index.php?dir=RESOLUCIONES%202004/&sort=name&order=desc HTTP/1.1" 200 12999
190.158.147.128 - - [03/Dec/2016:14:36:14 -0500] "GET /galeria/galeria/fotos/juan-amarillo2G.jpg HTTP/1.1" 200 341507
136.243.36.97 - - [03/Dec/2016:14:36:19 -0500] "GET /BLA/resoluciones/index.php?dir=RESOLUCIONES%202004/&sort=size&order=asc HTTP/1.1" 200 13000
190.158.147.128 - - [03/Dec/2016:14:36:45 -0500] "GET /galeria/galeria/fotos/juan-amarillo4G.jpg HTTP/1.1" 200 202445
136.243.36.97 - - [03/Dec/2016:14:37:46 -0500] "GET /robots.txt HTTP/1.1" 404 1018
136.243.36.97 - - [03/Dec/2016:14:37:46 -0500] "GET /BLA/resoluciones/index.php?dir=RESOLUCIONES%202005/&sort=date&order=asc HTTP/1.1" 200 24431
190.67.151.208 - - [03/Dec/2016:14:37:56 -0500] "GET /BLA/boletinlegal/js/jquery.scrollShow.js HTTP/1.1" 200 4586
190.67.151.208 - - [03/Dec/2016:14:37:56 -0500] "GET /galeria/galeria/jquery.fancybox.css?v=2.1.5 HTTP/1.1" 200 4895
190.67.151.208 - - [03/Dec/2016:14:37:56 -0500] "GET /galeria/galeria/jquery.fancybox.js?v=2.1.5 HTTP/1.1" 200 48706
136.243.36.97 - - [03/Dec/2016:14:37:59 -0500] "GET /BLA/resoluciones/index.php?dir=RESOLUCIONES%202005/&sort=name&order=desc HTTP/1.1" 200 24430
190.67.151.208 - - [03/Dec/2016:14:38:06 -0500] "GET /BLA/boletinlegal/js/jquery.scrollShow.js HTTP/1.1" 304 -
190.67.151.208 - - [03/Dec/2016:14:38:06 -0500] "GET /galeria/galeria/jquery.fancybox.js?v=2.1.5 HTTP/1.1" 304 -
190.67.151.208 - - [03/Dec/2016:14:38:06 -0500] "GET /galeria/galeria/jquery.fancybox.css?v=2.1.5 HTTP/1.1" 304 -
136.243.36.97 - - [03/Dec/2016:14:38:10 -0500] "GET /BLA/resoluciones/index.php?dir=RESOLUCIONES%202005/&sort=size&order=asc HTTP/1.1" 200 24431
207.46.13.164 - - [03/Dec/2016:14:38:11 -0500] "GET /catalogoisis/ HTTP/1.1" 200 8575
136.243.36.97 - - [03/Dec/2016:14:38:21 -0500] "GET /BLA/resoluciones/index.php?dir=RESOLUCIONES%202006/&sort=date&order=asc HTTP/1.1" 200 16103
136.243.36.97 - - [03/Dec/2016:14:38:35 -0500] "GET /BLA/resoluciones/index.php?dir=RESOLUCIONES%202006/&sort=name&order=desc HTTP/1.1" 200 16102
136.243.36.97 - - [03/Dec/2016:14:38:49 -0500] "GET /BLA/resoluciones/index.php?dir=RESOLUCIONES%202006/&sort=size&order=asc HTTP/1.1" 200 16103
136.243.36.97 - - [03/Dec/2016:14:39:02 -0500] "GET /BLA/resoluciones/index.php?dir=RESOLUCIONES%202007/&sort=date&order=asc HTTP/1.1" 200 12504
157.55.39.227 - - [03/Dec/2016:14:39:06 -0500] "GET /transparencia/financiera/Presupuesto/? HTTP/1.1" 200 3429
136.243.36.97 - - [03/Dec/2016:14:39:11 -0500] "GET /BLA/resoluciones/index.php?dir=RESOLUCIONES%202007/&sort=name&order=desc HTTP/1.1" 200 12503
181.56.203.44 - - [03/Dec/2016:14:39:14 -0500] "GET /BLA/boletinlegal/js/jquery.scrollShow.js HTTP/1.1" 200 4586
181.56.203.44 - - [03/Dec/2016:14:39:14 -0500] "GET /galeria/galeria/jquery.fancybox.js?v=2.1.5 HTTP/1.1" 200 48706
181.56.203.44 - - [03/Dec/2016:14:39:14 -0500] "GET /galeria/galeria/jquery.fancybox.css?v=2.1.5 HTTP/1.1" 200 4895
136.243.36.97 - - [03/Dec/2016:14:39:25 -0500] "GET /BLA/resoluciones/index.php?dir=RESOLUCIONES%202007/&sort=size&order=asc HTTP/1.1" 200 12504
181.56.203.44 - - [03/Dec/2016:14:39:28 -0500] "GET /galeria/galeria/jquery.fancybox.css?v=2.1.5 HTTP/1.1" 304 -
181.56.203.44 - - [03/Dec/2016:14:39:28 -0500] "GET /BLA/boletinlegal/js/jquery.scrollShow.js HTTP/1.1" 304 -
181.56.203.44 - - [03/Dec/2016:14:39:28 -0500] "GET /galeria/galeria/jquery.fancybox.js?v=2.1.5 HTTP/1.1" 304 -
66.249.66.187 - - [03/Dec/2016:14:39:34 -0500] "GET /robots.txt HTTP/1.1" 404 1019
66.249.66.184 - - [03/Dec/2016:14:39:35 -0500] "GET / HTTP/1.1" 200 9990
66.249.66.175 - - [03/Dec/2016:14:39:36 -0500] "GET /autoliquidacion/TR%C3%81MITES%20MINER%C3%8DA/126PM04-PR39-M-A6-V5.0%20Terminos%20de%20referencia%20PMRRA[1].doc HTTP/1.1" 404 1018
66.249.88.4 - - [03/Dec/2016:14:39:57 -0500] "GET /BLA/boletinlegal/js/jquery.scrollShow.js HTTP/1.1" 200 4586
66.249.88.4 - - [03/Dec/2016:14:39:57 -0500] "GET /galeria/galeria/jquery.fancybox.js?v=2.1.5 HTTP/1.1" 200 48706
66.249.88.4 - - [03/Dec/2016:14:39:58 -0500] "GET /galeria/galeria/jquery.fancybox.css?v=2.1.5 HTTP/1.1" 200 4895
186.154.32.153 - - [03/Dec/2016:14:40:02 -0500] "GET /galeria/nivo-slider/demo/demo.html HTTP/1.1" 304 -
186.154.32.153 - - [03/Dec/2016:14:40:02 -0500] "GET /galeria/nivo-slider/demo/images/banner%20web%20semana%20eco%20peque%C3%B1o.jpg HTTP/1.1" 304 -
66.249.88.1 - - [03/Dec/2016:14:40:08 -0500] "GET /galeria/galeria/jquery.fancybox.css?v=2.1.5 HTTP/1.1" 304 -
66.249.88.7 - - [03/Dec/2016:14:40:08 -0500] "GET /BLA/boletinlegal/js/jquery.scrollShow.js HTTP/1.1" 304 -
66.249.88.7 - - [03/Dec/2016:14:40:08 -0500] "GET /galeria/galeria/jquery.fancybox.js?v=2.1.5 HTTP/1.1" 304 -
136.243.36.97 - - [03/Dec/2016:14:40:12 -0500] "GET /BLA/resoluciones/index.php?dir=RESOLUCIONES%202008/&sort=date&order=asc HTTP/1.1" 200 976102
186.154.32.153 - - [03/Dec/2016:14:40:19 -0500] "GET /videos/ArchivoSDA.flv HTTP/1.1" 200 31205279
136.243.36.97 - - [03/Dec/2016:14:40:25 -0500] "GET /BLA/resoluciones/index.php?dir=RESOLUCIONES%202008/&sort=name&order=desc HTTP/1.1" 200 976101
136.243.36.97 - - [03/Dec/2016:14:40:38 -0500] "GET /BLA/resoluciones/index.php?dir=RESOLUCIONES%202008/&sort=size&order=asc HTTP/1.1" 200 976102
69.162.124.232 - - [03/Dec/2016:14:40:51 -0500] "HEAD / HTTP/1.1" 200 -
136.243.36.97 - - [03/Dec/2016:14:40:50 -0500] "GET /BLA/resoluciones/index.php?dir=RESOLUCIONES%202009/&sort=date&order=asc HTTP/1.1" 200 1672912
136.243.36.97 - - [03/Dec/2016:14:41:07 -0500] "GET /BLA/resoluciones/index.php?dir=RESOLUCIONES%202009/&sort=name&order=desc HTTP/1.1" 200 1672911
136.243.36.97 - - [03/Dec/2016:14:41:19 -0500] "GET /BLA/resoluciones/index.php?dir=RESOLUCIONES%202009/&sort=size&order=asc HTTP/1.1" 200 1672912
190.1.158.147 - - [03/Dec/2016:14:41:25 -0500] "GET /galeria/galeria/jquery.fancybox.css?v=2.1.5 HTTP/1.1" 200 4895
190.1.158.147 - - [03/Dec/2016:14:41:25 -0500] "GET /BLA/boletinlegal/js/jquery.scrollShow.js HTTP/1.1" 200 4586
190.1.158.147 - - [03/Dec/2016:14:41:25 -0500] "GET /galeria/galeria/jquery.fancybox.js?v=2.1.5 HTTP/1.1" 200 48706
46.229.164.101 - - [03/Dec/2016:14:41:31 -0500] "GET /robots.txt HTTP/1.1" 404 1015
190.1.158.147 - - [03/Dec/2016:14:41:32 -0500] "GET /galeria/galeria/jquery.fancybox.css?v=2.1.5 HTTP/1.1" 304 -
190.1.158.147 - - [03/Dec/2016:14:41:32 -0500] "GET /BLA/boletinlegal/js/jquery.scrollShow.js HTTP/1.1" 304 -
190.1.158.147 - - [03/Dec/2016:14:41:32 -0500] "GET /galeria/galeria/jquery.fancybox.js?v=2.1.5 HTTP/1.1" 304 -
136.243.36.97 - - [03/Dec/2016:14:41:33 -0500] "GET /BLA/resoluciones/index.php?dir=RESOLUCIONES%202010/&sort=date&order=asc HTTP/1.1" 200 1289179
136.243.36.97 - - [03/Dec/2016:14:41:53 -0500] "GET /BLA/resoluciones/index.php?dir=RESOLUCIONES%202010/&sort=name&order=desc HTTP/1.1" 200 1289178
136.243.36.97 - - [03/Dec/2016:14:42:08 -0500] "GET /BLA/resoluciones/index.php?dir=RESOLUCIONES%202010/&sort=size&order=asc HTTP/1.1" 200 1289179
136.243.36.97 - - [03/Dec/2016:14:42:25 -0500] "GET /BLA/resoluciones/index.php?dir=RESOLUCIONES%202011/&sort=date&order=asc HTTP/1.1" 200 684526
181.55.66.144 - - [03/Dec/2016:14:42:26 -0500] "GET /galeria/galeria/jquery.fancybox.css?v=2.1.5 HTTP/1.1" 200 4895
181.55.66.144 - - [03/Dec/2016:14:42:26 -0500] "GET /BLA/boletinlegal/js/jquery.scrollShow.js HTTP/1.1" 200 4586
181.55.66.144 - - [03/Dec/2016:14:42:26 -0500] "GET /galeria/galeria/jquery.fancybox.js?v=2.1.5 HTTP/1.1" 200 48706
181.49.188.6 - - [03/Dec/2016:14:42:30 -0500] "GET /galeria/galeria/jquery.fancybox.js?v=2.1.5 HTTP/1.1" 200 48706
181.49.188.6 - - [03/Dec/2016:14:42:30 -0500] "GET /BLA/boletinlegal/js/jquery.scrollShow.js HTTP/1.1" 304 -
181.49.188.6 - - [03/Dec/2016:14:42:30 -0500] "GET /galeria/galeria/jquery.fancybox.css?v=2.1.5 HTTP/1.1" 200 4895
136.243.36.97 - - [03/Dec/2016:14:42:37 -0500] "GET /BLA/resoluciones/index.php?dir=RESOLUCIONES%202011/&sort=name&order=desc HTTP/1.1" 200 684525
181.63.81.79 - - [03/Dec/2016:14:42:41 -0500] "GET /galeria/galeria/jquery.fancybox.css?v=2.1.5 HTTP/1.1" 200 4895
181.63.81.79 - - [03/Dec/2016:14:42:42 -0500] "GET /galeria/galeria/jquery.fancybox.js?v=2.1.5 HTTP/1.1" 200 48706
181.63.81.79 - - [03/Dec/2016:14:42:42 -0500] "GET /BLA/boletinlegal/js/jquery.scrollShow.js HTTP/1.1" 200 4586
181.55.66.144 - - [03/Dec/2016:14:42:49 -0500] "GET /galeria/galeria/jquery.fancybox.js?v=2.1.5 HTTP/1.1" 200 48706
181.55.66.144 - - [03/Dec/2016:14:42:49 -0500] "GET /BLA/boletinlegal/js/jquery.scrollShow.js HTTP/1.1" 200 4586
181.55.66.144 - - [03/Dec/2016:14:42:49 -0500] "GET /galeria/galeria/jquery.fancybox.css?v=2.1.5 HTTP/1.1" 200 4895
186.84.12.184 - - [03/Dec/2016:14:42:50 -0500] "GET /IsolucionSDA/Session.asp HTTP/1.1" 200 6406
186.84.12.184 - - [03/Dec/2016:14:42:50 -0500] "GET /IsolucionSDA/SesionExpira.asp HTTP/1.1" 200 7438
186.84.12.184 - - [03/Dec/2016:14:42:50 -0500] "GET /IsolucionSDA/SesionNeutra.asp HTTP/1.1" 200 243
136.243.36.97 - - [03/Dec/2016:14:42:50 -0500] "GET /BLA/resoluciones/index.php?dir=RESOLUCIONES%202011/&sort=size&order=asc HTTP/1.1" 200 684526
186.84.12.184 - - [03/Dec/2016:14:42:52 -0500] "GET /IsolucionSDA/Session.asp?Continue=1 HTTP/1.1" 200 6323
136.243.36.97 - - [03/Dec/2016:14:43:07 -0500] "GET /BLA/resoluciones/index.php?dir=RESOLUCIONES%202012/&sort=date&order=asc HTTP/1.1" 200 134793
181.49.95.205 - - [03/Dec/2016:14:43:13 -0500] "GET /galeria/galeria/jquery.fancybox.css?v=2.1.5 HTTP/1.1" 200 4895
181.49.95.205 - - [03/Dec/2016:14:43:13 -0500] "GET /BLA/boletinlegal/js/jquery.scrollShow.js HTTP/1.1" 200 4586
181.49.95.205 - - [03/Dec/2016:14:43:13 -0500] "GET /galeria/galeria/jquery.fancybox.js?v=2.1.5 HTTP/1.1" 200 48706
136.243.36.97 - - [03/Dec/2016:14:43:27 -0500] "GET /BLA/resoluciones/index.php?dir=RESOLUCIONES%202012/&sort=name&order=desc HTTP/1.1" 200 134792
181.49.95.205 - - [03/Dec/2016:14:43:35 -0500] "GET /galeria/galeria/jquery.fancybox.css?v=2.1.5 HTTP/1.1" 304 -
181.49.95.205 - - [03/Dec/2016:14:43:35 -0500] "GET /galeria/galeria/jquery.fancybox.js?v=2.1.5 HTTP/1.1" 304 -
181.49.95.205 - - [03/Dec/2016:14:43:35 -0500] "GET /BLA/boletinlegal/js/jquery.scrollShow.js HTTP/1.1" 304 -
136.243.36.97 - - [03/Dec/2016:14:43:45 -0500] "GET /BLA/resoluciones/index.php?dir=RESOLUCIONES%202012/&sort=size&order=asc HTTP/1.1" 200 134793
181.49.95.205 - - [03/Dec/2016:14:44:01 -0500] "GET /galeria/galeria/jquery.fancybox.css?v=2.1.5 HTTP/1.1" 304 -
181.49.95.205 - - [03/Dec/2016:14:44:01 -0500] "GET /BLA/boletinlegal/js/jquery.scrollShow.js HTTP/1.1" 304 -
181.49.95.205 - - [03/Dec/2016:14:44:01 -0500] "GET /galeria/galeria/jquery.fancybox.js?v=2.1.5 HTTP/1.1" 304 -
181.143.220.235 - - [03/Dec/2016:14:44:17 -0500] "GET /galeria/galeria/jquery.fancybox.js?v=2.1.5 HTTP/1.1" 200 48706
181.143.220.235 - - [03/Dec/2016:14:44:17 -0500] "GET /galeria/carrusel/Carrusel/jquery.thumbnailScroller.css HTTP/1.1" 200 2066
181.143.220.235 - - [03/Dec/2016:14:44:17 -0500] "GET /BLA/boletinlegal/js/jquery.scrollShow.js HTTP/1.1" 200 4586
181.143.220.235 - - [03/Dec/2016:14:44:17 -0500] "GET /galeria/galeria/jquery.fancybox.css?v=2.1.5 HTTP/1.1" 200 4895
190.214.73.17 - - [03/Dec/2016:14:44:18 -0500] "GET /galeria/galeria/jquery.fancybox.js?v=2.1.5 HTTP/1.1" 200 48706
190.214.73.17 - - [03/Dec/2016:14:44:18 -0500] "GET /galeria/galeria/jquery.fancybox.css?v=2.1.5 HTTP/1.1" 200 4895
190.214.73.17 - - [03/Dec/2016:14:44:18 -0500] "GET /BLA/boletinlegal/js/jquery.scrollShow.js HTTP/1.1" 200 4586
181.143.220.235 - - [03/Dec/2016:14:44:21 -0500] "GET /galeria/carrusel/Carrusel/jquery-ui-1.8.13.custom.min.js HTTP/1.1" 200 10800
181.143.220.235 - - [03/Dec/2016:14:44:22 -0500] "GET /galeria/carrusel/Carrusel/jquery.thumbnailScroller.js HTTP/1.1" 200 8157
181.143.220.235 - - [03/Dec/2016:14:44:25 -0500] "GET /galeria/nivo-slider/demo/demo.html HTTP/1.1" 200 3359
181.143.220.235 - - [03/Dec/2016:14:44:25 -0500] "GET /galeria/nivo-slider/themes/pascal/pascal.css HTTP/1.1" 200 2258
181.143.220.235 - - [03/Dec/2016:14:44:25 -0500] "GET /galeria/nivo-slider/nivo-slider.css HTTP/1.1" 200 1507
181.143.220.235 - - [03/Dec/2016:14:44:25 -0500] "GET /galeria/nivo-slider/themes/default/default.css HTTP/1.1" 200 1569
181.143.220.235 - - [03/Dec/2016:14:44:25 -0500] "GET /galeria/nivo-slider/themes/orman/orman.css HTTP/1.1" 200 2152
181.143.220.235 - - [03/Dec/2016:14:44:26 -0500] "GET /galeria/nivo-slider/demo/style.css HTTP/1.1" 200 2222
181.143.220.235 - - [03/Dec/2016:14:44:26 -0500] "GET /galeria/nivo-slider/demo/scripts/jquery-1.7.1.min.js HTTP/1.1" 200 93868
181.143.220.235 - - [03/Dec/2016:14:44:26 -0500] "GET /galeria/nivo-slider/jquery.nivo.slider.pack.js HTTP/1.1" 200 11561
181.143.220.235 - - [03/Dec/2016:14:44:26 -0500] "GET /galeria/nivo-slider/demo/images/bannerinvitaci%C3%B3nacaminatasecologicas2.jpg HTTP/1.1" 200 513253
181.143.220.235 - - [03/Dec/2016:14:44:26 -0500] "GET /galeria/nivo-slider/demo/images/banner%20encuesta%20sda2-web3.jpg HTTP/1.1" 200 111668
181.143.220.235 - - [03/Dec/2016:14:44:26 -0500] "GET /galeria/nivo-slider/demo/images/banner%20web%20semana%20eco%20peque%C3%B1o.jpg HTTP/1.1" 200 77068
181.143.220.235 - - [03/Dec/2016:14:44:26 -0500] "GET /galeria/nivo-slider/themes/default/loading.gif HTTP/1.1" 200 1737
181.143.220.235 - - [03/Dec/2016:14:44:28 -0500] "GET /galeria/nivo-slider/demo/images/4Simple_Slider.png HTTP/1.1" 200 11722
181.143.220.235 - - [03/Dec/2016:14:44:30 -0500] "GET /galeria/nivo-slider/demo/images/bannersilvicultura.jpg HTTP/1.1" 200 173023
181.143.220.235 - - [03/Dec/2016:14:44:31 -0500] "GET /galeria/nivo-slider/demo/images/BANNERARBOLES.jpg HTTP/1.1" 200 227630
181.143.220.235 - - [03/Dec/2016:14:44:32 -0500] "GET /galeria/nivo-slider/demo/images/ACOPIADORESYGESTORES.jpg HTTP/1.1" 200 118791
181.143.220.235 - - [03/Dec/2016:14:44:35 -0500] "GET /galeria/nivo-slider/demo/images/bannergestionambiental2.jpg HTTP/1.1" 200 245647
181.143.220.235 - - [03/Dec/2016:14:44:36 -0500] "GET /galeria/nivo-slider/demo/images/vegetal.jpg HTTP/1.1" 200 216080
136.243.36.97 - - [03/Dec/2016:14:44:38 -0500] "GET /BLA/resoluciones/index.php?dir=RESOLUCIONES%202013/&sort=date&order=asc HTTP/1.1" 200 226016
190.214.73.17 - - [03/Dec/2016:14:44:44 -0500] "GET /galeria/galeria/jquery.fancybox.css?v=2.1.5 HTTP/1.1" 304 -
190.214.73.17 - - [03/Dec/2016:14:44:44 -0500] "GET /BLA/boletinlegal/js/jquery.scrollShow.js HTTP/1.1" 304 -
190.214.73.17 - - [03/Dec/2016:14:44:44 -0500] "GET /galeria/galeria/jquery.fancybox.js?v=2.1.5 HTTP/1.1" 304 -
181.143.220.235 - - [03/Dec/2016:14:44:45 -0500] "GET /galeria/nivo-slider/demo/images/Ruta-vertimientos-01.jpg HTTP/1.1" 200 130151
181.143.220.235 - - [03/Dec/2016:14:44:50 -0500] "GET /galeria/nivo-slider/demo/images/bolsas-06.jpg HTTP/1.1" 200 210950
136.243.36.97 - - [03/Dec/2016:14:45:06 -0500] "GET /BLA/resoluciones/index.php?dir=RESOLUCIONES%202013/&sort=name&order=desc HTTP/1.1" 200 226015
136.243.36.97 - - [03/Dec/2016:14:45:21 -0500] "GET /BLA/resoluciones/index.php?dir=RESOLUCIONES%202013/&sort=size&order=asc HTTP/1.1" 200 226016
181.143.220.235 - - [03/Dec/2016:14:45:24 -0500] "GET /galeria/nivo-slider/themes/default/arrows.png HTTP/1.1" 200 824
181.143.220.235 - - [03/Dec/2016:14:45:25 -0500] "GET /galeria/nivo-slider/themes/default/bullets.png HTTP/1.1" 200 1281
136.243.36.97 - - [03/Dec/2016:14:45:45 -0500] "GET /BLA/resoluciones/index.php?dir=RESOLUCIONES%202014/&sort=date&order=asc HTTP/1.1" 200 305742
69.162.124.232 - - [03/Dec/2016:14:45:51 -0500] "HEAD / HTTP/1.1" 200 -
136.243.36.97 - - [03/Dec/2016:14:46:03 -0500] "GET /BLA/resoluciones/index.php?dir=RESOLUCIONES%202014/&sort=name&order=desc HTTP/1.1" 200 305741
136.243.36.97 - - [03/Dec/2016:14:46:18 -0500] "GET /BLA/resoluciones/index.php?dir=RESOLUCIONES%202014/&sort=size&order=asc HTTP/1.1" 200 305742
136.243.36.97 - - [03/Dec/2016:14:46:33 -0500] "GET /BLA/resoluciones/index.php?dir=RESOLUCIONES%202015/&sort=date&order=asc HTTP/1.1" 200 118973
136.243.36.97 - - [03/Dec/2016:14:46:43 -0500] "GET /BLA/resoluciones/index.php?dir=RESOLUCIONES%202015/&sort=name&order=desc HTTP/1.1" 200 118972
66.249.66.175 - - [03/Dec/2016:14:46:56 -0500] "GET /BLA/resoluciones/RESOLUCIONES%202011/5794.pdf HTTP/1.1" 200 495227
136.243.36.97 - - [03/Dec/2016:14:46:57 -0500] "GET /BLA/resoluciones/index.php?dir=RESOLUCIONES%202015/&sort=size&order=asc HTTP/1.1" 200 118973
136.243.36.97 - - [03/Dec/2016:14:47:15 -0500] "GET /BLA/resoluciones/index.php?dir=RESOLUCIONES%202016/&sort=date&order=asc HTTP/1.1" 200 37098
136.243.36.97 - - [03/Dec/2016:14:47:29 -0500] "GET /BLA/resoluciones/index.php?dir=RESOLUCIONES%202016/&sort=name&order=desc HTTP/1.1" 200 37097
136.243.36.97 - - [03/Dec/2016:14:47:49 -0500] "GET /robots.txt HTTP/1.1" 404 1018
136.243.36.97 - - [03/Dec/2016:14:47:51 -0500] "GET /BLA/resoluciones/index.php?dir=RESOLUCIONES%202016/&sort=size&order=asc HTTP/1.1" 200 37098
136.243.36.97 - - [03/Dec/2016:14:48:06 -0500] "GET /BLA/resoluciones/index.php?dir=RESOLUCIONES+2002/ANEXOS/ HTTP/1.1" 200 2240
136.243.36.97 - - [03/Dec/2016:14:48:14 -0500] "GET /BLA/resoluciones/index.php?dir=RESOLUCIONES+2002/RES+2002+01-50/ HTTP/1.1" 200 12045
186.28.138.114 - - [03/Dec/2016:14:48:15 -0500] "-" 408 -
181.143.220.235 - - [03/Dec/2016:14:48:22 -0500] "GET /BLA/boletinlegal/js/jquery.scrollShow.js HTTP/1.1" 304 -
181.143.220.235 - - [03/Dec/2016:14:48:22 -0500] "GET /galeria/galeria/jquery.fancybox.css?v=2.1.5 HTTP/1.1" 304 -
181.143.220.235 - - [03/Dec/2016:14:48:22 -0500] "GET /galeria/galeria/jquery.fancybox.js?v=2.1.5 HTTP/1.1" 304 -
190.121.153.98 - - [03/Dec/2016:14:48:33 -0500] "GET /galeria/galeria/jquery.fancybox.css?v=2.1.5 HTTP/1.1" 200 4895
190.121.153.98 - - [03/Dec/2016:14:48:33 -0500] "GET /galeria/galeria/jquery.fancybox.js?v=2.1.5 HTTP/1.1" 200 48706
190.121.153.98 - - [03/Dec/2016:14:48:33 -0500] "GET /BLA/boletinlegal/js/jquery.scrollShow.js HTTP/1.1" 200 4586
190.121.153.98 - - [03/Dec/2016:14:48:55 -0500] "GET /galeria/galeria/jquery.fancybox.css?v=2.1.5 HTTP/1.1" 304 -
190.121.153.98 - - [03/Dec/2016:14:48:55 -0500] "GET /BLA/boletinlegal/js/jquery.scrollShow.js HTTP/1.1" 304 -
190.121.153.98 - - [03/Dec/2016:14:48:55 -0500] "GET /galeria/galeria/jquery.fancybox.js?v=2.1.5 HTTP/1.1" 304 -
181.70.16.189 - - [03/Dec/2016:14:49:00 -0500] "GET /galeria/galeria/jquery.fancybox.css?v=2.1.5 HTTP/1.1" 200 4895
181.70.16.189 - - [03/Dec/2016:14:49:01 -0500] "GET /BLA/boletinlegal/js/jquery.scrollShow.js HTTP/1.1" 200 4586
181.70.16.189 - - [03/Dec/2016:14:49:01 -0500] "GET /galeria/galeria/jquery.fancybox.js?v=2.1.5 HTTP/1.1" 200 48706
191.109.133.198 - - [03/Dec/2016:14:49:26 -0500] "GET /POT-2013/Cartografia/28_USOS%20Y%20AREAS%20DE%20ACTIVIDAD.pdf HTTP/1.1" 206 49152
66.249.66.175 - - [03/Dec/2016:14:49:33 -0500] "GET /BLA/resoluciones/AUTOS%202013/1099.pdf HTTP/1.1" 304 -
181.70.16.189 - - [03/Dec/2016:14:49:35 -0500] "GET /BLA/boletinlegal/js/jquery.scrollShow.js HTTP/1.1" 304 -
181.70.16.189 - - [03/Dec/2016:14:49:35 -0500] "GET /galeria/galeria/jquery.fancybox.js?v=2.1.5 HTTP/1.1" 304 -
181.70.16.189 - - [03/Dec/2016:14:49:35 -0500] "GET /galeria/galeria/jquery.fancybox.css?v=2.1.5 HTTP/1.1" 304 -
190.27.113.132 - - [03/Dec/2016:14:50:10 -0500] "GET /galeria/galeria/jquery.fancybox.css?v=2.1.5 HTTP/1.1" 200 4895
190.27.113.132 - - [03/Dec/2016:14:50:10 -0500] "GET /BLA/boletinlegal/js/jquery.scrollShow.js HTTP/1.1" 200 4586
190.27.113.132 - - [03/Dec/2016:14:50:10 -0500] "GET /galeria/galeria/jquery.fancybox.js?v=2.1.5 HTTP/1.1" 200 48706
136.243.36.97 - - [03/Dec/2016:14:50:21 -0500] "GET /robots.txt HTTP/1.1" 404 1018
136.243.36.97 - - [03/Dec/2016:14:50:22 -0500] "GET /BLA/resoluciones/index.php?dir=RESOLUCIONES+2002/RES+2002+1001-1050/ HTTP/1.1" 200 12610
136.243.36.97 - - [03/Dec/2016:14:50:34 -0500] "GET /BLA/resoluciones/index.php?dir=RESOLUCIONES+2002/RES+2002+101-150/ HTTP/1.1" 200 12339
201.228.226.38 - - [03/Dec/2016:14:50:39 -0500] "GET /galeria/galeria/jquery.fancybox.css?v=2.1.5 HTTP/1.1" 200 4895
201.228.226.38 - - [03/Dec/2016:14:50:39 -0500] "GET /BLA/boletinlegal/js/jquery.scrollShow.js HTTP/1.1" 200 4586
201.228.226.38 - - [03/Dec/2016:14:50:39 -0500] "GET /galeria/galeria/jquery.fancybox.js?v=2.1.5 HTTP/1.1" 200 48706
136.243.36.97 - - [03/Dec/2016:14:50:44 -0500] "GET /BLA/resoluciones/index.php?dir=RESOLUCIONES+2002/RES+2002+1051-1100/ HTTP/1.1" 200 12143
186.156.52.169 - - [03/Dec/2016:14:50:45 -0500] "GET /galeria/galeria/jquery.fancybox.css?v=2.1.5 HTTP/1.1" 200 4895
186.156.52.169 - - [03/Dec/2016:14:50:45 -0500] "GET /BLA/boletinlegal/js/jquery.scrollShow.js HTTP/1.1" 200 4586
186.156.52.169 - - [03/Dec/2016:14:50:45 -0500] "GET /galeria/galeria/jquery.fancybox.js?v=2.1.5 HTTP/1.1" 200 48706
69.162.124.232 - - [03/Dec/2016:14:50:51 -0500] "HEAD / HTTP/1.1" 200 -
181.61.129.58 - - [03/Dec/2016:14:50:54 -0500] "GET /BLA/boletinlegal/js/jquery.scrollShow.js HTTP/1.1" 200 4586
181.61.129.58 - - [03/Dec/2016:14:50:54 -0500] "GET /galeria/galeria/jquery.fancybox.js?v=2.1.5 HTTP/1.1" 200 48706
181.61.129.58 - - [03/Dec/2016:14:50:54 -0500] "GET /galeria/galeria/jquery.fancybox.css?v=2.1.5 HTTP/1.1" 200 4895
136.243.36.97 - - [03/Dec/2016:14:50:55 -0500] "GET /BLA/resoluciones/index.php?dir=RESOLUCIONES+2002/RES+2002+1101-1150/ HTTP/1.1" 200 12347
181.61.129.58 - - [03/Dec/2016:14:50:58 -0500] "GET /BLA/boletinlegal/js/jquery.scrollShow.js HTTP/1.1" 304 -
181.61.129.58 - - [03/Dec/2016:14:50:58 -0500] "GET /galeria/galeria/jquery.fancybox.js?v=2.1.5 HTTP/1.1" 304 -
181.61.129.58 - - [03/Dec/2016:14:50:58 -0500] "GET /galeria/galeria/jquery.fancybox.css?v=2.1.5 HTTP/1.1" 304 -
201.228.226.38 - - [03/Dec/2016:14:50:50 -0500] "GET /videos/CRRFFS.mp4 HTTP/1.1" 200 286784363
136.243.36.97 - - [03/Dec/2016:14:51:02 -0500] "GET /BLA/resoluciones/index.php?dir=RESOLUCIONES+2002/RES+2002+1151-1200/ HTTP/1.1" 200 12144
201.228.226.38 - - [03/Dec/2016:14:51:02 -0500] "GET /galeria/galeria/jquery.fancybox.css?v=2.1.5 HTTP/1.1" 304 -
201.228.226.38 - - [03/Dec/2016:14:51:02 -0500] "GET /BLA/boletinlegal/js/jquery.scrollShow.js HTTP/1.1" 304 -
201.228.226.38 - - [03/Dec/2016:14:51:02 -0500] "GET /galeria/galeria/jquery.fancybox.js?v=2.1.5 HTTP/1.1" 304 -
190.90.5.220 - - [03/Dec/2016:14:51:04 -0500] "GET /BLA/boletinlegal/js/jquery.scrollShow.js HTTP/1.1" 200 4586
190.90.5.220 - - [03/Dec/2016:14:51:04 -0500] "GET /galeria/galeria/jquery.fancybox.css?v=2.1.5 HTTP/1.1" 200 4895
190.90.5.220 - - [03/Dec/2016:14:51:04 -0500] "GET /galeria/galeria/jquery.fancybox.js?v=2.1.5 HTTP/1.1" 200 48706
66.249.66.140 - - [03/Dec/2016:14:51:05 -0500] "GET / HTTP/1.1" 301 324
201.228.226.38 - - [03/Dec/2016:14:51:06 -0500] "GET /videos/CRRFFS.mp4 HTTP/1.1" 206 1
136.243.36.97 - - [03/Dec/2016:14:51:11 -0500] "GET /BLA/resoluciones/index.php?dir=RESOLUCIONES+2002/RES+2002+1201-1250/ HTTP/1.1" 200 12151
181.142.204.242 - - [03/Dec/2016:14:51:12 -0500] "GET /BLA/boletinlegal/actos.php HTTP/1.1" 200 7660
201.141.233.100 - - [03/Dec/2016:14:51:16 -0500] "GET /galeria/galeria/jquery.fancybox.css?v=2.1.5 HTTP/1.1" 200 4895
201.141.233.100 - - [03/Dec/2016:14:51:16 -0500] "GET /galeria/galeria/jquery.fancybox.js?v=2.1.5 HTTP/1.1" 200 48706
201.141.233.100 - - [03/Dec/2016:14:51:16 -0500] "GET /BLA/boletinlegal/js/jquery.scrollShow.js HTTP/1.1" 200 4586
181.142.204.242 - - [03/Dec/2016:14:51:19 -0500] "GET /BLA/resoluciones/index.php?dir=RESOLUCIONES+2004%2FRES+2004+1601-1650%2F HTTP/1.1" 200 12359
181.142.204.242 - - [03/Dec/2016:14:51:21 -0500] "GET /favicon.ico HTTP/1.1" 200 7782
136.243.36.97 - - [03/Dec/2016:14:51:22 -0500] "GET /BLA/resoluciones/index.php?dir=RESOLUCIONES+2002/RES+2002+1251-1301/ HTTP/1.1" 200 12148
190.0.22.70 - - [03/Dec/2016:14:51:32 -0500] "GET /BLA/boletinlegal/js/jquery.scrollShow.js HTTP/1.1" 200 4586
190.0.22.70 - - [03/Dec/2016:14:51:32 -0500] "GET /galeria/galeria/jquery.fancybox.js?v=2.1.5 HTTP/1.1" 200 48706
190.0.22.70 - - [03/Dec/2016:14:51:32 -0500] "GET /galeria/galeria/jquery.fancybox.css?v=2.1.5 HTTP/1.1" 200 4895
190.0.22.70 - - [03/Dec/2016:14:51:33 -0500] "GET /galeria/carrusel/Carrusel/jquery.thumbnailScroller.css HTTP/1.1" 200 2066
190.0.22.70 - - [03/Dec/2016:14:51:33 -0500] "GET /galeria/carrusel/Carrusel/jquery-ui-1.8.13.custom.min.js HTTP/1.1" 200 10800
190.0.22.70 - - [03/Dec/2016:14:51:34 -0500] "GET /galeria/carrusel/Carrusel/jquery.thumbnailScroller.js HTTP/1.1" 200 8157
136.243.36.97 - - [03/Dec/2016:14:51:38 -0500] "GET /BLA/resoluciones/index.php?dir=RESOLUCIONES+2002/RES+2002+1301-1350/ HTTP/1.1" 200 12142
190.0.22.70 - - [03/Dec/2016:14:51:43 -0500] "GET /galeria/nivo-slider/demo/demo.html HTTP/1.1" 200 3359
190.0.22.70 - - [03/Dec/2016:14:51:43 -0500] "GET /galeria/nivo-slider/themes/default/default.css HTTP/1.1" 200 1569
190.0.22.70 - - [03/Dec/2016:14:51:43 -0500] "GET /galeria/nivo-slider/themes/orman/orman.css HTTP/1.1" 200 2152
190.0.22.70 - - [03/Dec/2016:14:51:43 -0500] "GET /galeria/nivo-slider/nivo-slider.css HTTP/1.1" 200 1507
190.0.22.70 - - [03/Dec/2016:14:51:43 -0500] "GET /galeria/nivo-slider/themes/pascal/pascal.css HTTP/1.1" 200 2258
190.0.22.70 - - [03/Dec/2016:14:51:43 -0500] "GET /galeria/nivo-slider/demo/style.css HTTP/1.1" 200 2222
190.0.22.70 - - [03/Dec/2016:14:51:43 -0500] "GET /galeria/nivo-slider/demo/images/banner%20web%20semana%20eco%20peque%C3%B1o.jpg HTTP/1.1" 200 77068
190.0.22.70 - - [03/Dec/2016:14:51:43 -0500] "GET /galeria/nivo-slider/themes/default/loading.gif HTTP/1.1" 200 1737
190.0.22.70 - - [03/Dec/2016:14:51:43 -0500] "GET /galeria/nivo-slider/demo/images/4Simple_Slider.png HTTP/1.1" 200 11722
190.0.22.70 - - [03/Dec/2016:14:51:43 -0500] "GET /galeria/nivo-slider/demo/images/bannersilvicultura.jpg HTTP/1.1" 200 173023
190.0.22.70 - - [03/Dec/2016:14:51:43 -0500] "GET /galeria/nivo-slider/demo/images/banner%20encuesta%20sda2-web3.jpg HTTP/1.1" 200 111668
190.0.22.70 - - [03/Dec/2016:14:51:43 -0500] "GET /galeria/nivo-slider/demo/images/BANNERARBOLES.jpg HTTP/1.1" 200 227630
190.0.22.70 - - [03/Dec/2016:14:51:43 -0500] "GET /galeria/nivo-slider/demo/images/ACOPIADORESYGESTORES.jpg HTTP/1.1" 200 118791
190.0.22.70 - - [03/Dec/2016:14:51:43 -0500] "GET /galeria/nivo-slider/demo/images/bannerinvitaci%C3%B3nacaminatasecologicas2.jpg HTTP/1.1" 200 513253
190.0.22.70 - - [03/Dec/2016:14:51:43 -0500] "GET /galeria/nivo-slider/demo/images/bannergestionambiental2.jpg HTTP/1.1" 200 245647
190.0.22.70 - - [03/Dec/2016:14:51:44 -0500] "GET /galeria/nivo-slider/demo/scripts/jquery-1.7.1.min.js HTTP/1.1" 200 93868
190.0.22.70 - - [03/Dec/2016:14:51:44 -0500] "GET /galeria/nivo-slider/demo/images/vegetal.jpg HTTP/1.1" 200 216080
190.0.22.70 - - [03/Dec/2016:14:51:44 -0500] "GET /galeria/nivo-slider/demo/images/Ruta-vertimientos-01.jpg HTTP/1.1" 200 130151
190.0.22.70 - - [03/Dec/2016:14:51:44 -0500] "GET /galeria/nivo-slider/jquery.nivo.slider.pack.js HTTP/1.1" 200 11561
190.0.22.70 - - [03/Dec/2016:14:51:45 -0500] "GET /galeria/nivo-slider/demo/images/bolsas-06.jpg HTTP/1.1" 200 210950
190.249.211.214 - - [03/Dec/2016:14:51:45 -0500] "GET /BLA/resoluciones/AUTOS%202013/1474.pdf HTTP/1.1" 200 847896
190.249.211.214 - - [03/Dec/2016:14:51:45 -0500] "GET /favicon.ico HTTP/1.1" 200 7782
181.52.204.123 - - [03/Dec/2016:14:51:46 -0500] "GET /BLA/resoluciones/RESOLUCIONES%202009/4698.pdf HTTP/1.1" 200 326782
190.249.211.214 - - [03/Dec/2016:14:51:47 -0500] "GET /BLA/resoluciones/AUTOS%202013/1474.pdf HTTP/1.1" 206 502228
136.243.36.97 - - [03/Dec/2016:14:51:51 -0500] "GET /BLA/resoluciones/index.php?dir=RESOLUCIONES+2002/RES+2002+1351-1400/ HTTP/1.1" 200 12141
201.141.233.100 - - [03/Dec/2016:14:51:52 -0500] "GET /BLA/boletinlegal/js/jquery.scrollShow.js HTTP/1.1" 200 4586
201.141.233.100 - - [03/Dec/2016:14:51:52 -0500] "GET /galeria/galeria/jquery.fancybox.js?v=2.1.5 HTTP/1.1" 200 48706
201.141.233.100 - - [03/Dec/2016:14:51:52 -0500] "GET /galeria/galeria/jquery.fancybox.css?v=2.1.5 HTTP/1.1" 200 4895
136.243.36.97 - - [03/Dec/2016:14:52:07 -0500] "GET /BLA/resoluciones/index.php?dir=RESOLUCIONES+2002/RES+2002+1401-1450/ HTTP/1.1" 200 12162
136.243.36.97 - - [03/Dec/2016:14:52:19 -0500] "GET /BLA/resoluciones/index.php?dir=RESOLUCIONES+2002/RES+2002+1451-1500/ HTTP/1.1" 200 12146
136.243.36.97 - - [03/Dec/2016:14:52:31 -0500] "GET /BLA/resoluciones/index.php?dir=RESOLUCIONES+2002/RES+2002+1501-1550/ HTTP/1.1" 200 12147
190.147.169.237 - - [03/Dec/2016:14:52:32 -0500] "GET / HTTP/1.0" 200 9990
190.147.169.237 - - [03/Dec/2016:14:52:32 -0500] "GET / HTTP/1.0" 200 9990
190.147.169.237 - - [03/Dec/2016:14:52:33 -0500] "GET / HTTP/1.0" 200 9990
66.249.66.178 - - [03/Dec/2016:14:52:37 -0500] "GET /BLA/resoluciones/RESOLUCIONES%202007/RES%202007%202901%20AL%203000/RESOLUCION%202937%20DE%202007.pdf HTTP/1.1" 200 1296666
136.243.36.97 - - [03/Dec/2016:14:52:37 -0500] "GET /BLA/resoluciones/index.php?dir=RESOLUCIONES+2002/RES+2002+151-200/ HTTP/1.1" 200 12329
66.249.66.175 - - [03/Dec/2016:14:52:44 -0500] "GET /BLA/resoluciones/RESOLUCIONES%202010/7264.pdf HTTP/1.1" 200 261320
136.243.36.97 - - [03/Dec/2016:14:52:53 -0500] "GET /BLA/resoluciones/index.php?dir=RESOLUCIONES+2002/RES+2002+1551-1600/ HTTP/1.1" 200 12155
136.243.36.97 - - [03/Dec/2016:14:53:11 -0500] "GET /BLA/resoluciones/index.php?dir=RESOLUCIONES+2002/RES+2002+1601-1650/ HTTP/1.1" 200 12158
190.42.16.252 - - [03/Dec/2016:14:53:34 -0500] "GET /galeria/galeria/jquery.fancybox.css?v=2.1.5 HTTP/1.1" 200 4895
190.42.16.252 - - [03/Dec/2016:14:53:34 -0500] "GET /BLA/boletinlegal/js/jquery.scrollShow.js HTTP/1.1" 200 4586
190.42.16.252 - - [03/Dec/2016:14:53:34 -0500] "GET /galeria/galeria/jquery.fancybox.js?v=2.1.5 HTTP/1.1" 200 48706
190.147.118.192 - - [03/Dec/2016:14:53:40 -0500] "GET /BLA/boletinlegal/js/jquery.scrollShow.js HTTP/1.1" 200 4586
190.147.118.192 - - [03/Dec/2016:14:53:41 -0500] "GET /galeria/galeria/jquery.fancybox.js?v=2.1.5 HTTP/1.1" 200 48706
190.147.118.192 - - [03/Dec/2016:14:53:42 -0500] "GET /galeria/galeria/jquery.fancybox.css?v=2.1.5 HTTP/1.1" 200 4895
190.147.118.192 - - [03/Dec/2016:14:53:43 -0500] "GET /galeria/carrusel/Carrusel/jquery.thumbnailScroller.css HTTP/1.1" 200 2066
190.147.118.192 - - [03/Dec/2016:14:53:43 -0500] "GET /galeria/carrusel/Carrusel/jquery-ui-1.8.13.custom.min.js HTTP/1.1" 200 10800
190.147.118.192 - - [03/Dec/2016:14:53:46 -0500] "GET /galeria/carrusel/Carrusel/jquery.thumbnailScroller.js HTTP/1.1" 200 8157
190.42.16.252 - - [03/Dec/2016:14:53:52 -0500] "GET /galeria/galeria/jquery.fancybox.css?v=2.1.5 HTTP/1.1" 304 -
190.42.16.252 - - [03/Dec/2016:14:53:52 -0500] "GET /BLA/boletinlegal/js/jquery.scrollShow.js HTTP/1.1" 304 -
190.42.16.252 - - [03/Dec/2016:14:53:52 -0500] "GET /galeria/galeria/jquery.fancybox.js?v=2.1.5 HTTP/1.1" 304 -
82.242.210.165 - - [03/Dec/2016:14:53:59 -0500] "GET /webdav/x32.php?host=90.30.105.240&time=60&port=80 HTTP/1.1" 404 1018
82.242.210.165 - - [03/Dec/2016:14:53:59 -0500] "GET /webdav/x32.php?host=90.30.105.240&time=60&port=80 HTTP/1.1" 404 1018
201.228.226.38 - - [03/Dec/2016:14:51:06 -0500] "GET /videos/CRRFFS.mp4 HTTP/1.1" 206 279832315
200.118.73.185 - - [03/Dec/2016:14:54:46 -0500] "GET /BLA/boletinlegal/js/jquery.scrollShow.js HTTP/1.1" 200 4586
200.118.73.185 - - [03/Dec/2016:14:54:46 -0500] "GET /galeria/galeria/jquery.fancybox.js?v=2.1.5 HTTP/1.1" 200 48706
136.243.36.97 - - [03/Dec/2016:14:54:47 -0500] "GET /robots.txt HTTP/1.1" 404 1018
200.118.73.185 - - [03/Dec/2016:14:54:47 -0500] "GET /galeria/galeria/jquery.fancybox.css?v=2.1.5 HTTP/1.1" 200 4895
136.243.36.97 - - [03/Dec/2016:14:54:48 -0500] "GET /BLA/resoluciones/index.php?dir=RESOLUCIONES+2002/RES+2002+1651-1700/ HTTP/1.1" 200 12155
66.249.66.144 - - [03/Dec/2016:14:54:49 -0500] "GET /.well-known/assetlinks.json HTTP/1.1" 404 1017
136.243.36.97 - - [03/Dec/2016:14:55:03 -0500] "GET /BLA/resoluciones/index.php?dir=RESOLUCIONES+2002/RES+2002+1701-1750/ HTTP/1.1" 200 12141
200.118.73.185 - - [03/Dec/2016:14:55:04 -0500] "GET /galeria/galeria/jquery.fancybox.css?v=2.1.5 HTTP/1.1" 304 -
200.118.73.185 - - [03/Dec/2016:14:55:04 -0500] "GET /BLA/boletinlegal/js/jquery.scrollShow.js HTTP/1.1" 304 -
200.118.73.185 - - [03/Dec/2016:14:55:04 -0500] "GET /galeria/galeria/jquery.fancybox.js?v=2.1.5 HTTP/1.1" 304 -
190.242.80.151 - - [03/Dec/2016:14:55:10 -0500] "GET /portalsiaccapacitaciones/Soportes%20Capacitaciones%202016/Mesas%20de%20Trabajo%20Mayo%202016/Presentaci%C3%B3n%20RCD.pdf HTTP/1.1" 200 2113230
136.243.36.97 - - [03/Dec/2016:14:55:16 -0500] "GET /BLA/resoluciones/index.php?dir=RESOLUCIONES+2002/RES+2002+1751-1800/ HTTP/1.1" 200 12156
136.243.36.97 - - [03/Dec/2016:14:55:29 -0500] "GET /BLA/resoluciones/index.php?dir=RESOLUCIONES+2002/RES+2002+1801-1850/ HTTP/1.1" 200 12158
180.76.15.145 - - [03/Dec/2016:14:55:35 -0500] "GET /BLA/resoluciones/RESOLUCIONES%202009/9711.pdf HTTP/1.1" 200 321622
191.153.157.27 - - [03/Dec/2016:14:55:38 -0500] "GET /BLA/resoluciones/RESOLUCIONES%202007/RES%202007%202501%20AL%202600/RESOLUCION%202542%20DE%202007.pdf HTTP/1.1" 206 863143
136.243.36.97 - - [03/Dec/2016:14:55:38 -0500] "GET /BLA/resoluciones/index.php?dir=RESOLUCIONES+2002/RES+2002+1851-1900/ HTTP/1.1" 200 12150
190.242.80.151 - - [03/Dec/2016:14:55:48 -0500] "GET /SIG/Gesti%C3%B3n%20Ambiental/126PM03-PR25.pdf HTTP/1.1" 200 317860
136.243.36.97 - - [03/Dec/2016:14:55:50 -0500] "GET /BLA/resoluciones/index.php?dir=RESOLUCIONES+2002/RES+2002+1901-1950/ HTTP/1.1" 200 12149
69.162.124.232 - - [03/Dec/2016:14:55:51 -0500] "HEAD / HTTP/1.1" 200 -
136.243.36.97 - - [03/Dec/2016:14:55:59 -0500] "GET /BLA/resoluciones/index.php?dir=RESOLUCIONES+2002/RES+2002+1951-1971/ HTTP/1.1" 200 6225
105.156.74.29 - - [03/Dec/2016:14:56:10 -0500] "GET /wp-login.php HTTP/1.1" 404 1018
105.156.74.29 - - [03/Dec/2016:14:56:10 -0500] "GET / HTTP/1.1" 200 9990
136.243.36.97 - - [03/Dec/2016:14:56:11 -0500] "GET /BLA/resoluciones/index.php?dir=RESOLUCIONES+2002/RES+2002+201-250/ HTTP/1.1" 200 12325
136.243.36.97 - - [03/Dec/2016:14:56:24 -0500] "GET /BLA/resoluciones/index.php?dir=RESOLUCIONES+2002/RES+2002+251-300/ HTTP/1.1" 200 12034
136.243.36.97 - - [03/Dec/2016:14:56:34 -0500] "GET /BLA/resoluciones/index.php?dir=RESOLUCIONES+2002/RES+2002+301-350/ HTTP/1.1" 200 12034
136.243.36.97 - - [03/Dec/2016:14:56:44 -0500] "GET /BLA/resoluciones/index.php?dir=RESOLUCIONES+2002/RES+2002+351-400/ HTTP/1.1" 200 12209
136.243.36.97 - - [03/Dec/2016:14:56:56 -0500] "GET /BLA/resoluciones/index.php?dir=RESOLUCIONES+2002/RES+2002+401-450/ HTTP/1.1" 200 12024
157.55.39.227 - - [03/Dec/2016:14:56:59 -0500] "GET /galeria/galeria/jquery.fancybox.js?v=2.1.5 HTTP/1.1" 200 48706
136.243.36.97 - - [03/Dec/2016:14:57:07 -0500] "GET /BLA/resoluciones/index.php?dir=RESOLUCIONES+2002/RES+2002+451-500/ HTTP/1.1" 200 12051
40.77.167.64 - - [03/Dec/2016:14:57:13 -0500] "GET /galeria/galeria/jquery.fancybox.css?v=2.1.5 HTTP/1.1" 200 4895
136.243.36.97 - - [03/Dec/2016:14:57:16 -0500] "GET /BLA/resoluciones/index.php?dir=RESOLUCIONES+2002/RES+2002+501-550/ HTTP/1.1" 200 12029
136.243.36.97 - - [03/Dec/2016:14:57:25 -0500] "GET /BLA/resoluciones/index.php?dir=RESOLUCIONES+2002/RES+2002+51-100/ HTTP/1.1" 200 12120
136.243.36.97 - - [03/Dec/2016:14:57:37 -0500] "GET /BLA/resoluciones/index.php?dir=RESOLUCIONES+2002/RES+2002+551-600/ HTTP/1.1" 200 12228
186.113.99.11 - - [03/Dec/2016:14:57:47 -0500] "GET /BLA/resoluciones/RESOLUCIONES%202012/1027.pdf HTTP/1.1" 200 384413
136.243.36.97 - - [03/Dec/2016:14:57:48 -0500] "GET /BLA/resoluciones/index.php?dir=RESOLUCIONES+2002/RES+2002+601-650/ HTTP/1.1" 200 12037
186.113.99.11 - - [03/Dec/2016:14:57:52 -0500] "GET /favicon.ico HTTP/1.1" 200 7782
186.113.99.11 - - [03/Dec/2016:14:57:54 -0500] "GET /BLA/resoluciones/RESOLUCIONES%202012/1027.pdf HTTP/1.1" 206 383241
136.243.36.97 - - [03/Dec/2016:14:57:58 -0500] "GET /BLA/resoluciones/index.php?dir=RESOLUCIONES+2002/RES+2002+651-700/ HTTP/1.1" 200 12213
191.102.208.27 - - [03/Dec/2016:14:58:03 -0500] "GET /galeria/galeria/jquery.fancybox.css?v=2.1.5 HTTP/1.1" 200 4895
191.102.208.27 - - [03/Dec/2016:14:58:03 -0500] "GET /BLA/boletinlegal/js/jquery.scrollShow.js HTTP/1.1" 200 4586
191.102.208.27 - - [03/Dec/2016:14:58:03 -0500] "GET /galeria/galeria/jquery.fancybox.js?v=2.1.5 HTTP/1.1" 200 48706
136.243.36.97 - - [03/Dec/2016:14:58:06 -0500] "GET /BLA/resoluciones/index.php?dir=RESOLUCIONES+2002/RES+2002+701-750/ HTTP/1.1" 200 12223
136.243.36.97 - - [03/Dec/2016:14:58:15 -0500] "GET /BLA/resoluciones/index.php?dir=RESOLUCIONES+2002/RES+2002+751-800/ HTTP/1.1" 200 12325
136.243.36.97 - - [03/Dec/2016:14:58:24 -0500] "GET /BLA/resoluciones/index.php?dir=RESOLUCIONES+2002/RES+2002+801-850/ HTTP/1.1" 200 12225
190.158.147.128 - - [03/Dec/2016:14:58:31 -0500] "GET /galeria/galeria/fotos/juan-amarillo1P.jpg HTTP/1.1" 200 30845
190.158.147.128 - - [03/Dec/2016:14:58:31 -0500] "GET /galeria/galeria/fotos/juan-amarillo2P.jpg HTTP/1.1" 200 32696
190.158.147.128 - - [03/Dec/2016:14:58:31 -0500] "GET /galeria/galeria/fotos/juan-amarillo3P.jpg HTTP/1.1" 200 28033
190.158.147.128 - - [03/Dec/2016:14:58:31 -0500] "GET /galeria/galeria/fotos/juan-amarillo4P.jpg HTTP/1.1" 200 23811
136.243.36.97 - - [03/Dec/2016:14:58:34 -0500] "GET /BLA/resoluciones/index.php?dir=RESOLUCIONES+2002/RES+2002+851-900/ HTTP/1.1" 200 12222
136.243.36.97 - - [03/Dec/2016:14:58:44 -0500] "GET /BLA/resoluciones/index.php?dir=RESOLUCIONES+2002/RES+2002+901-950/ HTTP/1.1" 200 12227
186.84.12.184 - - [03/Dec/2016:14:58:52 -0500] "GET /IsolucionSDA/Session.asp HTTP/1.1" 200 6325
136.243.36.97 - - [03/Dec/2016:14:59:02 -0500] "GET /BLA/resoluciones/index.php?dir=RESOLUCIONES+2002/RES+2002+951-1000/ HTTP/1.1" 200 12280
191.102.208.27 - - [03/Dec/2016:14:59:04 -0500] "GET /galeria/galeria/jquery.fancybox.css?v=2.1.5 HTTP/1.1" 304 -
191.102.208.27 - - [03/Dec/2016:14:59:04 -0500] "GET /galeria/galeria/jquery.fancybox.js?v=2.1.5 HTTP/1.1" 304 -
191.102.208.27 - - [03/Dec/2016:14:59:04 -0500] "GET /BLA/boletinlegal/js/jquery.scrollShow.js HTTP/1.1" 304 -
190.140.92.11 - - [03/Dec/2016:14:59:12 -0500] "GET /BLA/boletinlegal/js/jquery.scrollShow.js HTTP/1.1" 200 4586
190.140.92.11 - - [03/Dec/2016:14:59:12 -0500] "GET /galeria/galeria/jquery.fancybox.css?v=2.1.5 HTTP/1.1" 200 4895
190.140.92.11 - - [03/Dec/2016:14:59:12 -0500] "GET /galeria/galeria/jquery.fancybox.js?v=2.1.5 HTTP/1.1" 200 48706
190.140.92.11 - - [03/Dec/2016:14:59:17 -0500] "GET /galeria/galeria/jquery.fancybox.js?v=2.1.5 HTTP/1.1" 304 -
190.140.92.11 - - [03/Dec/2016:14:59:17 -0500] "GET /BLA/boletinlegal/js/jquery.scrollShow.js HTTP/1.1" 304 -
190.140.92.11 - - [03/Dec/2016:14:59:17 -0500] "GET /galeria/galeria/jquery.fancybox.css?v=2.1.5 HTTP/1.1" 304 -
136.243.36.97 - - [03/Dec/2016:14:59:19 -0500] "GET /BLA/resoluciones/index.php?dir=RESOLUCIONES+2003/ANEXOS+RES+2048/ HTTP/1.1" 200 7160
