152.201.141.51 - - [26/Dec/2016:06:51:22 -0500] "GET /BLA/boletinlegal/js/jquery.scrollShow.js HTTP/1.1" 304 -
152.201.141.51 - - [26/Dec/2016:06:51:22 -0500] "GET /galeria/galeria/jquery.fancybox.js?v=2.1.5 HTTP/1.1" 304 -
191.73.20.50 - - [26/Dec/2016:06:51:31 -0500] "GET /BLA/resoluciones/RESOLUCIONES%202010/5757.pdf HTTP/1.1" 200 40032
66.249.64.51 - - [26/Dec/2016:06:51:31 -0500] "GET /BLA/resoluciones/RESOLUCIONES%202010/3731.pdf HTTP/1.1" 200 439882
191.73.20.50 - - [26/Dec/2016:06:51:31 -0500] "GET /favicon.ico HTTP/1.1" 200 7782
181.248.194.223 - - [26/Dec/2016:06:51:36 -0500] "GET /BLA/resoluciones/RESOLUCIONES%202013/0143.pdf HTTP/1.1" 200 307935
181.248.194.223 - - [26/Dec/2016:06:51:37 -0500] "GET /BLA/resoluciones/RESOLUCIONES%202013/0143.pdf HTTP/1.1" 200 307935
163.172.66.77 - - [26/Dec/2016:06:51:52 -0500] "GET /BLA/resoluciones/RESOLUCIONES%202003/RES%202003%20951-1000/965.tif HTTP/1.1" 200 176824
66.249.64.51 - - [26/Dec/2016:06:51:52 -0500] "GET /BLA/resoluciones/RESOLUCIONES%202010/7334.pdf HTTP/1.1" 200 511584
201.245.192.253 - - [26/Dec/2016:06:51:54 -0500] "GET /galeria/nivo-slider/demo/undefined HTTP/1.1" 404 1314
66.249.64.53 - - [26/Dec/2016:06:52:13 -0500] "GET /BLA/resoluciones/RESOLUCIONES%202010/4218.pdf HTTP/1.1" 200 145612
66.249.64.51 - - [26/Dec/2016:06:52:34 -0500] "GET /BLA/resoluciones/AUTOS%202008/1449.pdf HTTP/1.1" 200 243031
201.245.192.253 - - [26/Dec/2016:06:52:46 -0500] "GET /galeria/nivo-slider/demo/undefined HTTP/1.1" 404 1314
66.249.64.51 - - [26/Dec/2016:06:52:55 -0500] "GET /BLA/resoluciones/AUTOS%202013/2642.pdf HTTP/1.1" 200 617827
186.29.241.193 - - [26/Dec/2016:06:53:06 -0500] "GET /galeria/galeria/jquery.fancybox.css?v=2.1.5 HTTP/1.1" 200 4895
186.29.241.193 - - [26/Dec/2016:06:53:06 -0500] "GET /BLA/boletinlegal/js/jquery.scrollShow.js HTTP/1.1" 200 4586
186.29.241.193 - - [26/Dec/2016:06:53:06 -0500] "GET /galeria/galeria/jquery.fancybox.js?v=2.1.5 HTTP/1.1" 200 48706
192.168.175.104 - - [26/Dec/2016:06:53:15 -0500] "GET / HTTP/1.1" 200 9990
192.168.175.104 - - [26/Dec/2016:06:53:16 -0500] "GET / HTTP/1.0" 200 9990
66.249.64.51 - - [26/Dec/2016:06:53:16 -0500] "GET /BLA/resoluciones/RESOLUCIONES%202009/9352.pdf HTTP/1.1" 200 487119
186.29.241.193 - - [26/Dec/2016:06:53:16 -0500] "GET /BLA/boletinlegal/js/jquery.scrollShow.js HTTP/1.1" 304 -
186.29.241.193 - - [26/Dec/2016:06:53:16 -0500] "GET /galeria/galeria/jquery.fancybox.js?v=2.1.5 HTTP/1.1" 304 -
186.29.241.193 - - [26/Dec/2016:06:53:16 -0500] "GET /galeria/galeria/jquery.fancybox.css?v=2.1.5 HTTP/1.1" 304 -
66.249.64.51 - - [26/Dec/2016:06:53:37 -0500] "GET /BLA/resoluciones/RESOLUCIONES%202010/6078.pdf HTTP/1.1" 200 284228
69.162.124.232 - - [26/Dec/2016:06:53:58 -0500] "HEAD / HTTP/1.1" 200 -
66.249.64.51 - - [26/Dec/2016:06:53:58 -0500] "GET /BLA/resoluciones/RESOLUCIONES%202010/3101.pdf HTTP/1.1" 200 344894
201.245.192.253 - - [26/Dec/2016:06:54:05 -0500] "GET /galeria/nivo-slider/demo/undefined HTTP/1.1" 404 1314
191.109.141.250 - - [26/Dec/2016:06:54:17 -0500] "GET /galeria/galeria/jquery.fancybox.js?v=2.1.5 HTTP/1.1" 200 48706
191.109.141.250 - - [26/Dec/2016:06:54:17 -0500] "GET /BLA/boletinlegal/js/jquery.scrollShow.js HTTP/1.1" 200 4586
191.109.141.250 - - [26/Dec/2016:06:54:17 -0500] "GET /galeria/galeria/jquery.fancybox.css?v=2.1.5 HTTP/1.1" 200 4895
66.249.64.51 - - [26/Dec/2016:06:54:19 -0500] "GET /BLA/resoluciones/RESOLUCIONES%202010/6143.pdf HTTP/1.1" 200 690504
191.109.141.250 - - [26/Dec/2016:06:54:24 -0500] "GET /galeria/galeria/jquery.fancybox.js?v=2.1.5 HTTP/1.1" 304 -
191.109.141.250 - - [26/Dec/2016:06:54:24 -0500] "GET /BLA/boletinlegal/js/jquery.scrollShow.js HTTP/1.1" 304 -
191.109.141.250 - - [26/Dec/2016:06:54:24 -0500] "GET /galeria/galeria/jquery.fancybox.css?v=2.1.5 HTTP/1.1" 304 -
66.249.64.51 - - [26/Dec/2016:06:54:41 -0500] "GET /BLA/resoluciones/RESOLUCIONES%202010/7647.pdf HTTP/1.1" 200 122758
181.168.62.168 - - [26/Dec/2016:06:54:44 -0500] "GET /galeria/carrusel/Carrusel/jquery.thumbnailScroller.css HTTP/1.1" 200 2066
181.168.62.168 - - [26/Dec/2016:06:54:44 -0500] "GET /galeria/galeria/jquery.fancybox.css?v=2.1.5 HTTP/1.1" 200 4895
181.168.62.168 - - [26/Dec/2016:06:54:44 -0500] "GET /galeria/galeria/jquery.fancybox.js?v=2.1.5 HTTP/1.1" 200 48706
181.168.62.168 - - [26/Dec/2016:06:54:44 -0500] "GET /BLA/boletinlegal/js/jquery.scrollShow.js HTTP/1.1" 200 4586
181.168.62.168 - - [26/Dec/2016:06:54:44 -0500] "GET /galeria/carrusel/Carrusel/jquery-ui-1.8.13.custom.min.js HTTP/1.1" 200 10800
181.168.62.168 - - [26/Dec/2016:06:54:44 -0500] "GET /galeria/carrusel/Carrusel/jquery.thumbnailScroller.js HTTP/1.1" 200 8157
181.168.62.168 - - [26/Dec/2016:06:54:47 -0500] "GET /galeria/nivo-slider/demo/demo.html HTTP/1.1" 200 3906
181.168.62.168 - - [26/Dec/2016:06:54:47 -0500] "GET /galeria/nivo-slider/themes/default/default.css HTTP/1.1" 200 1569
181.168.62.168 - - [26/Dec/2016:06:54:47 -0500] "GET /galeria/nivo-slider/themes/orman/orman.css HTTP/1.1" 200 2152
181.168.62.168 - - [26/Dec/2016:06:54:47 -0500] "GET /galeria/nivo-slider/themes/pascal/pascal.css HTTP/1.1" 200 2258
181.168.62.168 - - [26/Dec/2016:06:54:47 -0500] "GET /galeria/nivo-slider/nivo-slider.css HTTP/1.1" 200 1507
181.168.62.168 - - [26/Dec/2016:06:54:47 -0500] "GET /galeria/nivo-slider/demo/style.css HTTP/1.1" 200 2222
181.168.62.168 - - [26/Dec/2016:06:54:47 -0500] "GET /galeria/nivo-slider/demo/scripts/jquery-1.7.1.min.js HTTP/1.1" 200 93868
181.168.62.168 - - [26/Dec/2016:06:54:47 -0500] "GET /galeria/nivo-slider/jquery.nivo.slider.pack.js HTTP/1.1" 200 11561
181.168.62.168 - - [26/Dec/2016:06:54:47 -0500] "GET /galeria/nivo-slider/demo/images/bannerwebnavidadenloshumedales.jpg HTTP/1.1" 200 157616
181.168.62.168 - - [26/Dec/2016:06:54:47 -0500] "GET /galeria/nivo-slider/demo/images/bannerwebcampa%C3%B1amusgo3.jpg HTTP/1.1" 200 277175
181.168.62.168 - - [26/Dec/2016:06:54:48 -0500] "GET /galeria/nivo-slider/demo/images/pieza%20webtinguas.jpg HTTP/1.1" 200 175651
181.168.62.168 - - [26/Dec/2016:06:54:48 -0500] "GET /galeria/nivo-slider/demo/images/bannerinvitaci%C3%B3nacaminatasecologicas2.jpg HTTP/1.1" 200 513253
181.168.62.168 - - [26/Dec/2016:06:54:49 -0500] "GET /galeria/nivo-slider/demo/images/banner%20encuesta%20sda2-web3.jpg HTTP/1.1" 200 111668
181.168.62.168 - - [26/Dec/2016:06:54:49 -0500] "GET /galeria/nivo-slider/demo/images/bannersilvicultura.jpg HTTP/1.1" 200 173023
181.168.62.168 - - [26/Dec/2016:06:54:49 -0500] "GET /galeria/nivo-slider/demo/images/BANNERARBOLES.jpg HTTP/1.1" 200 227630
181.168.62.168 - - [26/Dec/2016:06:54:49 -0500] "GET /galeria/nivo-slider/demo/images/ACOPIADORESYGESTORES.jpg HTTP/1.1" 200 118791
181.168.62.168 - - [26/Dec/2016:06:54:50 -0500] "GET /galeria/nivo-slider/demo/images/bannergestionambiental2.jpg HTTP/1.1" 200 245647
181.168.62.168 - - [26/Dec/2016:06:54:50 -0500] "GET /galeria/nivo-slider/demo/images/vegetal.jpg HTTP/1.1" 200 216080
181.168.62.168 - - [26/Dec/2016:06:54:51 -0500] "GET /galeria/nivo-slider/demo/images/Ruta-vertimientos-01.jpg HTTP/1.1" 200 130151
181.168.62.168 - - [26/Dec/2016:06:54:52 -0500] "GET /galeria/nivo-slider/demo/images/bolsas-06.jpg HTTP/1.1" 200 210950
181.168.62.168 - - [26/Dec/2016:06:54:52 -0500] "GET /galeria/nivo-slider/demo/images/4Simple_Slider.png HTTP/1.1" 200 11722
181.168.62.168 - - [26/Dec/2016:06:54:52 -0500] "GET /galeria/nivo-slider/themes/default/loading.gif HTTP/1.1" 200 1737
201.245.192.253 - - [26/Dec/2016:06:54:57 -0500] "GET /galeria/nivo-slider/demo/undefined HTTP/1.1" 404 1314
181.168.62.168 - - [26/Dec/2016:06:55:01 -0500] "GET /galeria/nivo-slider/themes/default/bullets.png HTTP/1.1" 200 1281
181.168.62.168 - - [26/Dec/2016:06:55:02 -0500] "GET /galeria/nivo-slider/themes/default/arrows.png HTTP/1.1" 200 824
66.249.64.53 - - [26/Dec/2016:06:55:23 -0500] "GET /BLA/resoluciones/RESOLUCIONES%202010/6211.pdf HTTP/1.1" 200 577841
201.245.192.253 - - [26/Dec/2016:06:55:25 -0500] "GET /galeria/nivo-slider/demo/demo.html HTTP/1.1" 304 -
201.245.192.253 - - [26/Dec/2016:06:55:25 -0500] "GET /galeria/nivo-slider/demo/images/bannerwebnavidadenloshumedales.jpg HTTP/1.1" 304 -
201.245.192.253 - - [26/Dec/2016:06:55:25 -0500] "GET /galeria/nivo-slider/demo/images/bannerwebcampa%C3%B1amusgo3.jpg HTTP/1.1" 304 -
201.245.192.253 - - [26/Dec/2016:06:55:25 -0500] "GET /galeria/nivo-slider/demo/images/bannerinvitaci%C3%B3nacaminatasecologicas2.jpg HTTP/1.1" 304 -
201.245.192.253 - - [26/Dec/2016:06:55:25 -0500] "GET /galeria/nivo-slider/demo/images/pieza%20webtinguas.jpg HTTP/1.1" 304 -
201.245.192.253 - - [26/Dec/2016:06:55:25 -0500] "GET /galeria/nivo-slider/demo/images/banner%20encuesta%20sda2-web3.jpg HTTP/1.1" 304 -
201.245.192.253 - - [26/Dec/2016:06:55:25 -0500] "GET /galeria/nivo-slider/demo/images/bannersilvicultura.jpg HTTP/1.1" 304 -
201.245.192.253 - - [26/Dec/2016:06:55:26 -0500] "GET /galeria/nivo-slider/demo/images/bannergestionambiental2.jpg HTTP/1.1" 304 -
163.172.66.65 - - [26/Dec/2016:06:55:39 -0500] "GET /BLA/resoluciones/RESOLUCIONES%202006/RES%202006%202751-2800/00002751.tif HTTP/1.1" 200 203030
66.249.64.53 - - [26/Dec/2016:06:55:44 -0500] "GET /BLA/resoluciones/RESOLUCIONES%202010/4518.pdf HTTP/1.1" 200 351739
192.168.175.104 - - [26/Dec/2016:06:56:02 -0500] "GET / HTTP/1.1" 200 9990
191.154.109.176 - - [26/Dec/2016:06:56:05 -0500] "GET /BLA/resoluciones/AUTOS%202015/4993.pdf HTTP/1.1" 200 577669
66.249.64.51 - - [26/Dec/2016:06:56:05 -0500] "GET /BLA/resoluciones/AUTOS%202012/1795.pdf HTTP/1.1" 200 388290
201.245.192.253 - - [26/Dec/2016:06:56:16 -0500] "GET /galeria/nivo-slider/demo/undefined HTTP/1.1" 404 1314
66.249.64.51 - - [26/Dec/2016:06:56:26 -0500] "GET /BLA/resoluciones/AUTOS%202008/3130.pdf HTTP/1.1" 200 145939
66.249.64.51 - - [26/Dec/2016:06:56:47 -0500] "GET /BLA/resoluciones/RESOLUCIONES%202010/4523.pdf HTTP/1.1" 200 386544
66.249.64.55 - - [26/Dec/2016:06:57:08 -0500] "GET /BLA/resoluciones/RESOLUCIONES%202008/4593.pdf HTTP/1.1" 200 357782
201.245.192.253 - - [26/Dec/2016:06:57:08 -0500] "GET /galeria/nivo-slider/demo/undefined HTTP/1.1" 404 1314
186.80.100.248 - - [26/Dec/2016:06:57:26 -0500] "GET /BLA/boletinlegal/js/jquery.scrollShow.js HTTP/1.1" 200 4586
186.80.100.248 - - [26/Dec/2016:06:57:26 -0500] "GET /galeria/galeria/jquery.fancybox.js?v=2.1.5 HTTP/1.1" 200 48706
186.80.100.248 - - [26/Dec/2016:06:57:26 -0500] "GET /galeria/galeria/jquery.fancybox.css?v=2.1.5 HTTP/1.1" 200 4895
66.249.64.53 - - [26/Dec/2016:06:57:29 -0500] "GET /BLA/resoluciones/RESOLUCIONES%202010/2051.pdf HTTP/1.1" 200 207999
186.80.100.248 - - [26/Dec/2016:06:57:29 -0500] "GET /BLA/boletinlegal/js/jquery.scrollShow.js HTTP/1.1" 304 -
186.80.100.248 - - [26/Dec/2016:06:57:29 -0500] "GET /galeria/galeria/jquery.fancybox.css?v=2.1.5 HTTP/1.1" 304 -
186.80.100.248 - - [26/Dec/2016:06:57:29 -0500] "GET /galeria/galeria/jquery.fancybox.js?v=2.1.5 HTTP/1.1" 304 -
66.249.64.51 - - [26/Dec/2016:06:57:50 -0500] "GET /BLA/resoluciones/RESOLUCIONES%202009/7241.pdf HTTP/1.1" 200 108344
46.4.123.172 - - [26/Dec/2016:06:58:01 -0500] "GET /robots.txt HTTP/1.0" 404 1015
46.4.123.172 - - [26/Dec/2016:06:58:03 -0500] "GET /PruebasSTORM/StormSDA_pruebas/userFiles/user_files/listas/98.xml HTTP/1.0" 200 303
46.4.123.172 - - [26/Dec/2016:06:58:06 -0500] "GET /PruebasSTORM/StormSDA_pruebas/userFiles/user_files/listas/99.xml HTTP/1.0" 200 222
46.4.123.172 - - [26/Dec/2016:06:58:09 -0500] "GET /PruebasSTORM/StormSDA_pruebas/userFiles/user_files/listas/?C=D;O=A HTTP/1.0" 200 49938
66.249.64.55 - - [26/Dec/2016:06:58:11 -0500] "GET /BLA/resoluciones/RESOLUCIONES%202010/1554.pdf HTTP/1.1" 200 420315
192.168.175.104 - - [26/Dec/2016:06:58:13 -0500] "GET / HTTP/1.1" 200 9990
46.4.123.172 - - [26/Dec/2016:06:58:14 -0500] "GET /PruebasSTORM/StormSDA_pruebas/userFiles/user_files/listas/?C=M;O=A HTTP/1.0" 200 49938
192.168.175.104 - - [26/Dec/2016:06:58:14 -0500] "GET / HTTP/1.0" 200 9990
46.4.123.172 - - [26/Dec/2016:06:58:17 -0500] "GET /PruebasSTORM/StormSDA_pruebas/userFiles/user_files/listas/?C=N;O=D HTTP/1.0" 200 49938
46.4.123.172 - - [26/Dec/2016:06:58:20 -0500] "GET /PruebasSTORM/StormSDA_pruebas/userFiles/user_files/listas/?C=S;O=A HTTP/1.0" 200 49938
46.4.123.172 - - [26/Dec/2016:06:58:23 -0500] "GET /PruebasSTORM/silvicultura2Pruebas/?C=D;O=D HTTP/1.0" 200 1231
46.4.123.172 - - [26/Dec/2016:06:58:26 -0500] "GET /PruebasSTORM/silvicultura2Pruebas/?C=N;O=D HTTP/1.0" 200 1231
201.245.192.253 - - [26/Dec/2016:06:58:27 -0500] "GET /galeria/nivo-slider/demo/undefined HTTP/1.1" 404 1314
46.4.123.172 - - [26/Dec/2016:06:58:29 -0500] "GET /PruebasSTORM/silvicultura2Pruebas/?C=S;O=D HTTP/1.0" 200 1231
66.249.64.51 - - [26/Dec/2016:06:58:32 -0500] "GET /BLA/resoluciones/RESOLUCIONES%202010/6310.pdf HTTP/1.1" 200 270375
46.4.123.172 - - [26/Dec/2016:06:58:33 -0500] "GET /PruebasSTORM/silvicultura2Pruebas/index2.php HTTP/1.0" 200 414
46.4.123.172 - - [26/Dec/2016:06:58:35 -0500] "GET /robots.txt HTTP/1.0" 404 1015
46.4.123.172 - - [26/Dec/2016:06:58:40 -0500] "GET /StormSDA/?C=D;O=D HTTP/1.1" 200 4406
46.4.123.172 - - [26/Dec/2016:06:58:42 -0500] "GET /StormSDA/?C=M;O=D HTTP/1.1" 200 4406
46.4.123.172 - - [26/Dec/2016:06:58:46 -0500] "GET /StormSDA/?C=N;O=A HTTP/1.1" 200 4406
46.4.123.172 - - [26/Dec/2016:06:58:48 -0500] "GET /StormSDA/?C=S;O=D HTTP/1.1" 200 4406
46.4.123.172 - - [26/Dec/2016:06:58:51 -0500] "GET /StormSDA/forms/1.js HTTP/1.1" 200 875
66.249.64.51 - - [26/Dec/2016:06:58:53 -0500] "GET /BLA/resoluciones/RESOLUCIONES%202010/3151.pdf HTTP/1.1" 200 350124
46.4.123.172 - - [26/Dec/2016:06:58:54 -0500] "GET /StormSDA/forms/10.js HTTP/1.1" 200 30365
69.162.124.232 - - [26/Dec/2016:06:58:58 -0500] "HEAD / HTTP/1.1" 200 -
46.4.123.172 - - [26/Dec/2016:06:58:58 -0500] "GET /StormSDA/forms/2.js HTTP/1.1" 200 19726
163.172.65.216 - - [26/Dec/2016:06:58:59 -0500] "GET /BLA/resoluciones/RESOLUCIONES%202003/RES%202003%201301-1350/20031348.tif HTTP/1.1" 200 84980
46.4.123.172 - - [26/Dec/2016:06:59:01 -0500] "GET /StormSDA/forms/3.js HTTP/1.1" 200 6381
46.4.123.172 - - [26/Dec/2016:06:59:04 -0500] "GET /StormSDA/forms/4.js HTTP/1.1" 200 1679
46.4.123.172 - - [26/Dec/2016:06:59:07 -0500] "GET /StormSDA/forms/5.js HTTP/1.1" 200 72417
46.4.123.172 - - [26/Dec/2016:06:59:11 -0500] "GET /StormSDA/forms/6.js HTTP/1.1" 200 6407
46.4.123.172 - - [26/Dec/2016:06:59:13 -0500] "GET /StormSDA/forms/7.js HTTP/1.1" 200 875
66.249.64.53 - - [26/Dec/2016:06:59:14 -0500] "GET /BLA/resoluciones/RESOLUCIONES%202010/2636.pdf HTTP/1.1" 200 569002
46.4.123.172 - - [26/Dec/2016:06:59:15 -0500] "GET /StormSDA/forms/8.js HTTP/1.1" 200 875
46.4.123.172 - - [26/Dec/2016:06:59:19 -0500] "GET /StormSDA/forms/99.js HTTP/1.1" 200 875
201.245.192.253 - - [26/Dec/2016:06:59:19 -0500] "GET /galeria/nivo-slider/demo/undefined HTTP/1.1" 404 1314
46.4.123.172 - - [26/Dec/2016:06:59:22 -0500] "GET /StormSDA/forms/?C=D;O=A HTTP/1.1" 200 3472
46.4.123.172 - - [26/Dec/2016:06:59:25 -0500] "GET /StormSDA/forms/?C=M;O=A HTTP/1.1" 200 3472
46.4.123.172 - - [26/Dec/2016:06:59:28 -0500] "GET /StormSDA/forms/?C=N;O=A HTTP/1.0" 200 3471
46.4.123.172 - - [26/Dec/2016:06:59:31 -0500] "GET /StormSDA/forms/?C=N;O=D HTTP/1.1" 200 3472
46.4.123.172 - - [26/Dec/2016:06:59:34 -0500] "GET /StormSDA/forms/?C=S;O=A HTTP/1.1" 200 3472
66.249.64.53 - - [26/Dec/2016:06:59:35 -0500] "GET /BLA/resoluciones/RESOLUCIONES%202010/1010.pdf HTTP/1.1" 200 104830
46.4.123.172 - - [26/Dec/2016:06:59:37 -0500] "GET /StormSDA/forms/?C=S;O=D HTTP/1.0" 200 3471
46.4.123.172 - - [26/Dec/2016:06:59:39 -0500] "GET /StormSDA/lib/?C=D;O=A HTTP/1.1" 200 6376
46.4.123.172 - - [26/Dec/2016:06:59:42 -0500] "GET /StormSDA/lib/?C=M;O=A HTTP/1.1" 200 6376
46.4.123.172 - - [26/Dec/2016:06:59:44 -0500] "GET /StormSDA/lib/?C=N;O=D HTTP/1.1" 200 6376
46.4.123.172 - - [26/Dec/2016:06:59:46 -0500] "GET /StormSDA/lib/?C=S;O=A HTTP/1.1" 200 6376
46.4.123.172 - - [26/Dec/2016:06:59:49 -0500] "GET /StormSDA/lib/myKeystore HTTP/1.1" 200 1254
46.4.123.172 - - [26/Dec/2016:06:59:51 -0500] "GET /StormSDA/lib/win32/?C=D;O=A HTTP/1.1" 200 1200
46.4.123.172 - - [26/Dec/2016:06:59:55 -0500] "GET /StormSDA/lib/win32/?C=M;O=A HTTP/1.1" 200 1200
66.249.64.51 - - [26/Dec/2016:06:59:56 -0500] "GET /BLA/resoluciones/AUTOS%202008/0783.pdf HTTP/1.1" 200 77130
46.4.123.172 - - [26/Dec/2016:06:59:58 -0500] "GET /StormSDA/lib/win32/?C=N;O=D HTTP/1.1" 200 1200
46.4.123.172 - - [26/Dec/2016:07:00:01 -0500] "GET /StormSDA/lib/win32/?C=S;O=A HTTP/1.1" 200 1200
46.4.123.172 - - [26/Dec/2016:07:00:04 -0500] "GET /StormSDA/nsjars/?C=D;O=A HTTP/1.1" 200 5599
46.4.123.172 - - [26/Dec/2016:07:00:07 -0500] "GET /StormSDA/nsjars/?C=M;O=A HTTP/1.1" 200 5599
46.4.123.172 - - [26/Dec/2016:07:00:10 -0500] "GET /StormSDA/nsjars/?C=N;O=A HTTP/1.0" 200 5598
46.4.123.172 - - [26/Dec/2016:07:00:12 -0500] "GET /StormSDA/nsjars/?C=N;O=D HTTP/1.1" 200 5599
46.4.123.172 - - [26/Dec/2016:07:00:15 -0500] "GET /StormSDA/nsjars/?C=S;O=A HTTP/1.1" 200 5599
46.4.123.172 - - [26/Dec/2016:07:00:17 -0500] "GET /StormSDA/storm/?C=D;O=A HTTP/1.1" 200 5554
66.249.64.51 - - [26/Dec/2016:07:00:17 -0500] "GET /BLA/resoluciones/RESOLUCIONES%202009/7746.pdf HTTP/1.1" 200 301726
46.4.123.172 - - [26/Dec/2016:07:00:19 -0500] "GET /StormSDA/storm/?C=M;O=A HTTP/1.1" 200 5554
46.4.123.172 - - [26/Dec/2016:07:00:23 -0500] "GET /StormSDA/storm/?C=N;O=A HTTP/1.0" 200 5553
46.4.123.172 - - [26/Dec/2016:07:00:26 -0500] "GET /StormSDA/storm/?C=N;O=D HTTP/1.1" 200 5554
46.4.123.172 - - [26/Dec/2016:07:00:28 -0500] "GET /StormSDA/storm/?C=S;O=A HTTP/1.1" 200 5554
46.4.123.172 - - [26/Dec/2016:07:00:31 -0500] "GET /StormSDA/storm/vssver2.scc HTTP/1.1" 200 491
46.4.123.172 - - [26/Dec/2016:07:00:33 -0500] "GET /StormSDA/stormWeb/?C=D;O=A HTTP/1.1" 200 1188
46.4.123.172 - - [26/Dec/2016:07:00:36 -0500] "GET /StormSDA/stormWeb/?C=D;O=D HTTP/1.0" 200 1187
201.245.192.253 - - [26/Dec/2016:07:00:37 -0500] "GET /galeria/nivo-slider/demo/undefined HTTP/1.1" 404 1314
46.4.123.172 - - [26/Dec/2016:07:00:38 -0500] "GET /StormSDA/stormWeb/?C=M;O=A HTTP/1.1" 200 1188
66.249.64.51 - - [26/Dec/2016:07:00:38 -0500] "GET /BLA/resoluciones/RESOLUCIONES%202010/2661.pdf HTTP/1.1" 200 342262
46.4.123.172 - - [26/Dec/2016:07:00:41 -0500] "GET /StormSDA/stormWeb/?C=M;O=D HTTP/1.0" 200 1187
163.172.65.10 - - [26/Dec/2016:07:00:43 -0500] "GET /BLA/resoluciones/RESOLUCIONES%202004/RES%202004%201451-1500/00001456.tif HTTP/1.1" 200 174650
46.4.123.172 - - [26/Dec/2016:07:00:46 -0500] "GET /StormSDA/stormWeb/?C=N;O=A HTTP/1.0" 200 1187
46.4.123.172 - - [26/Dec/2016:07:00:48 -0500] "GET /StormSDA/stormWeb/?C=N;O=D HTTP/1.1" 200 1188
46.4.123.172 - - [26/Dec/2016:07:00:50 -0500] "GET /StormSDA/stormWeb/?C=S;O=A HTTP/1.1" 200 1188
46.4.123.172 - - [26/Dec/2016:07:00:53 -0500] "GET /StormSDA/stormWeb/?C=S;O=D HTTP/1.0" 200 1187
46.4.123.172 - - [26/Dec/2016:07:00:55 -0500] "GET /StormSDA/stormWeb/img/?C=D;O=A HTTP/1.1" 200 2922
46.4.123.172 - - [26/Dec/2016:07:00:59 -0500] "GET /StormSDA/stormWeb/img/?C=M;O=A HTTP/1.1" 200 2922
66.249.64.51 - - [26/Dec/2016:07:00:59 -0500] "GET /BLA/resoluciones/RESOLUCIONES%202010/5565.pdf HTTP/1.1" 200 509667
192.168.175.104 - - [26/Dec/2016:07:01:00 -0500] "GET / HTTP/1.1" 200 9990
46.4.123.172 - - [26/Dec/2016:07:01:01 -0500] "GET /StormSDA/stormWeb/img/?C=N;O=D HTTP/1.1" 200 2922
46.4.123.172 - - [26/Dec/2016:07:01:05 -0500] "GET /StormSDA/stormWeb/img/?C=S;O=A HTTP/1.1" 200 2922
46.4.123.172 - - [26/Dec/2016:07:01:08 -0500] "GET /StormSDA/stormWeb/img/index.jsp HTTP/1.1" 200 16876
46.4.123.172 - - [26/Dec/2016:07:01:13 -0500] "GET /StormSDA/stormWeb/presentacion.html HTTP/1.1" 200 4730
46.4.123.172 - - [26/Dec/2016:07:01:16 -0500] "GET /StormSDA/storm_silv/?C=D;O=A HTTP/1.1" 200 5785
66.249.64.55 - - [26/Dec/2016:07:01:20 -0500] "GET /BLA/resoluciones/RESOLUCIONES%202010/0596.pdf HTTP/1.1" 200 177110
46.4.123.172 - - [26/Dec/2016:07:01:21 -0500] "GET /StormSDA/storm_silv/?C=M;O=A HTTP/1.1" 200 5785
46.4.123.172 - - [26/Dec/2016:07:01:24 -0500] "GET /StormSDA/storm_silv/?C=N;O=D HTTP/1.1" 200 5785
46.4.123.172 - - [26/Dec/2016:07:01:27 -0500] "GET /StormSDA/storm_silv/?C=S;O=D HTTP/1.1" 200 5785
46.4.123.172 - - [26/Dec/2016:07:01:29 -0500] "GET /StormSDA/userFiles%20-%20Copy%2019-07-2012/?C=N;O=D HTTP/1.0" 200 5896
201.245.192.253 - - [26/Dec/2016:07:01:30 -0500] "GET /galeria/nivo-slider/demo/undefined HTTP/1.1" 404 1314
46.4.123.172 - - [26/Dec/2016:07:01:32 -0500] "GET /StormSDA/userFiles%20-%20Copy%2019-07-2012/user_files/1/?C=D;O=D HTTP/1.0" 200 1747
46.4.123.172 - - [26/Dec/2016:07:01:36 -0500] "GET /StormSDA/userFiles%20-%20Copy%2019-07-2012/user_files/1/?C=M;O=D HTTP/1.0" 200 1747
46.4.123.172 - - [26/Dec/2016:07:01:41 -0500] "GET /StormSDA/userFiles%20-%20Copy%2019-07-2012/user_files/1/?C=S;O=D HTTP/1.0" 200 1747
66.249.64.51 - - [26/Dec/2016:07:01:42 -0500] "GET /BLA/resoluciones/RESOLUCIONES%202010/5612.pdf HTTP/1.1" 200 1315215
46.4.123.172 - - [26/Dec/2016:07:01:43 -0500] "GET /StormSDA/userFiles%20-%20Copy%2019-07-2012/user_files/85/?C=N;O=A HTTP/1.0" 200 873
46.4.123.172 - - [26/Dec/2016:07:01:47 -0500] "GET /StormSDA/userFiles%20-%20Copy%2019-07-2012/user_files/86/?C=M;O=A HTTP/1.0" 200 873
46.4.123.172 - - [26/Dec/2016:07:01:52 -0500] "GET /StormSDA/userFiles%20-%20Copy%2019-07-2012/user_files/86/?C=N;O=A HTTP/1.1" 200 874
46.4.123.172 - - [26/Dec/2016:07:01:55 -0500] "GET /StormSDA/userFiles%20-%20Copy%2019-07-2012/user_files/86/?C=N;O=D HTTP/1.0" 200 873
46.4.123.172 - - [26/Dec/2016:07:01:59 -0500] "GET /StormSDA/userFiles%20-%20Copy%2019-07-2012/user_files/86/?C=S;O=D HTTP/1.1" 200 874
46.4.123.172 - - [26/Dec/2016:07:02:00 -0500] "GET /StormSDA/userFiles%20-%20Copy%2019-07-2012/user_files/87/?C=D;O=D HTTP/1.1" 200 874
66.249.64.51 - - [26/Dec/2016:07:02:03 -0500] "GET /BLA/resoluciones/RESOLUCIONES%202010/4004.pdf HTTP/1.1" 200 118488
46.4.123.172 - - [26/Dec/2016:07:02:05 -0500] "GET /StormSDA/userFiles%20-%20Copy%2019-07-2012/user_files/87/?C=M;O=D HTTP/1.1" 200 874
46.4.123.172 - - [26/Dec/2016:07:02:08 -0500] "GET /StormSDA/userFiles%20-%20Copy%2019-07-2012/user_files/87/?C=N;O=D HTTP/1.0" 200 873
46.4.123.172 - - [26/Dec/2016:07:02:11 -0500] "GET /StormSDA/userFiles%20-%20Copy%2019-07-2012/user_files/88/?C=D;O=A HTTP/1.0" 200 873
46.4.123.172 - - [26/Dec/2016:07:02:13 -0500] "GET /StormSDA/userFiles%20-%20Copy%2019-07-2012/user_files/88/?C=D;O=D HTTP/1.1" 200 874
46.4.123.172 - - [26/Dec/2016:07:02:18 -0500] "GET /StormSDA/userFiles%20-%20Copy%2019-07-2012/user_files/88/?C=M;O=A HTTP/1.0" 200 873
46.4.123.172 - - [26/Dec/2016:07:02:22 -0500] "GET /StormSDA/userFiles%20-%20Copy%2019-07-2012/user_files/88/?C=N;O=D HTTP/1.0" 200 873
66.249.64.37 - - [26/Dec/2016:07:02:23 -0500] "GET /galeria/nivo-slider/demo/images/entrenubes-cruz2.jpg HTTP/1.1" 200 120142
66.249.64.51 - - [26/Dec/2016:07:02:24 -0500] "GET /BLA/resoluciones/RESOLUCIONES%202010/4513.pdf HTTP/1.1" 200 427347
46.4.123.172 - - [26/Dec/2016:07:02:27 -0500] "GET /StormSDA/userFiles%20-%20Copy%2019-07-2012/user_files/88/?C=S;O=A HTTP/1.0" 200 873
46.4.123.172 - - [26/Dec/2016:07:02:31 -0500] "GET /StormSDA/userFiles%20-%20Copy%2019-07-2012/user_files/88/?C=S;O=D HTTP/1.1" 200 874
46.4.123.172 - - [26/Dec/2016:07:02:34 -0500] "GET /StormSDA/userFiles%20-%20Copy%2019-07-2012/user_files/89/?C=D;O=A HTTP/1.1" 200 874
46.4.123.172 - - [26/Dec/2016:07:02:38 -0500] "GET /StormSDA/userFiles%20-%20Copy%2019-07-2012/user_files/89/?C=D;O=D HTTP/1.1" 200 874
46.4.123.172 - - [26/Dec/2016:07:02:41 -0500] "GET /StormSDA/userFiles%20-%20Copy%2019-07-2012/user_files/89/?C=M;O=A HTTP/1.1" 200 874
46.4.123.172 - - [26/Dec/2016:07:02:44 -0500] "GET /StormSDA/userFiles%20-%20Copy%2019-07-2012/user_files/89/?C=M;O=D HTTP/1.1" 200 874
66.249.64.51 - - [26/Dec/2016:07:02:45 -0500] "GET /BLA/resoluciones/RESOLUCIONES%202010/7608.pdf HTTP/1.1" 200 48473
46.4.123.172 - - [26/Dec/2016:07:02:46 -0500] "GET /StormSDA/userFiles%20-%20Copy%2019-07-2012/user_files/89/?C=N;O=A HTTP/1.1" 200 874
201.245.192.253 - - [26/Dec/2016:07:02:48 -0500] "GET /galeria/nivo-slider/demo/undefined HTTP/1.1" 404 1314
46.4.123.172 - - [26/Dec/2016:07:02:50 -0500] "GET /StormSDA/userFiles%20-%20Copy%2019-07-2012/user_files/89/?C=N;O=D HTTP/1.1" 200 874
46.4.123.172 - - [26/Dec/2016:07:02:53 -0500] "GET /StormSDA/userFiles%20-%20Copy%2019-07-2012/user_files/89/?C=S;O=A HTTP/1.1" 200 874
46.4.123.172 - - [26/Dec/2016:07:02:55 -0500] "GET /StormSDA/userFiles%20-%20Copy%2019-07-2012/user_files/89/?C=S;O=D HTTP/1.1" 200 874
46.4.123.172 - - [26/Dec/2016:07:02:58 -0500] "GET /StormSDA/userFiles%20-%20Copy%2019-07-2012/user_files/90/?C=D;O=A HTTP/1.1" 200 874
46.4.123.172 - - [26/Dec/2016:07:03:02 -0500] "GET /StormSDA/userFiles%20-%20Copy%2019-07-2012/user_files/90/?C=D;O=D HTTP/1.1" 200 874
46.4.123.172 - - [26/Dec/2016:07:03:05 -0500] "GET /StormSDA/userFiles%20-%20Copy%2019-07-2012/user_files/90/?C=M;O=A HTTP/1.1" 200 874
66.249.64.51 - - [26/Dec/2016:07:03:06 -0500] "GET /BLA/resoluciones/RESOLUCIONES%202010/1022.pdf HTTP/1.1" 200 124704
46.4.123.172 - - [26/Dec/2016:07:03:09 -0500] "GET /StormSDA/userFiles%20-%20Copy%2019-07-2012/user_files/90/?C=M;O=D HTTP/1.1" 200 874
46.4.123.172 - - [26/Dec/2016:07:03:11 -0500] "GET /StormSDA/userFiles%20-%20Copy%2019-07-2012/user_files/90/?C=N;O=A HTTP/1.1" 200 874
201.245.192.253 - - [26/Dec/2016:07:03:11 -0500] "GET /galeria/galeria/jquery.fancybox.js?v=2.1.5 HTTP/1.1" 200 48706
201.245.192.253 - - [26/Dec/2016:07:03:11 -0500] "GET /BLA/boletinlegal/js/jquery.scrollShow.js HTTP/1.1" 200 4586
201.245.192.253 - - [26/Dec/2016:07:03:11 -0500] "GET /galeria/galeria/jquery.fancybox.css?v=2.1.5 HTTP/1.1" 200 4895
201.245.192.253 - - [26/Dec/2016:07:03:12 -0500] "GET /galeria/carrusel/Carrusel/jquery.thumbnailScroller.css HTTP/1.1" 200 2066
201.245.192.253 - - [26/Dec/2016:07:03:12 -0500] "GET /galeria/nivo-slider/demo/demo.html HTTP/1.1" 200 3906
201.245.192.253 - - [26/Dec/2016:07:03:12 -0500] "GET /galeria/carrusel/Carrusel/jquery-ui-1.8.13.custom.min.js HTTP/1.1" 200 10800
201.245.192.253 - - [26/Dec/2016:07:03:12 -0500] "GET /galeria/nivo-slider/themes/default/default.css HTTP/1.1" 200 1569
201.245.192.253 - - [26/Dec/2016:07:03:12 -0500] "GET /galeria/nivo-slider/themes/pascal/pascal.css HTTP/1.1" 200 2258
201.245.192.253 - - [26/Dec/2016:07:03:12 -0500] "GET /galeria/nivo-slider/themes/pascal/pascal.css HTTP/1.1" 200 2258
201.245.192.253 - - [26/Dec/2016:07:03:12 -0500] "GET /galeria/nivo-slider/themes/orman/orman.css HTTP/1.1" 200 2152
201.245.192.253 - - [26/Dec/2016:07:03:12 -0500] "GET /galeria/nivo-slider/themes/default/default.css HTTP/1.1" 200 1569
201.245.192.253 - - [26/Dec/2016:07:03:12 -0500] "GET /galeria/nivo-slider/demo/style.css HTTP/1.1" 200 2222
201.245.192.253 - - [26/Dec/2016:07:03:12 -0500] "GET /galeria/nivo-slider/demo/images/bannerwebcampa%C3%B1amusgo3.jpg HTTP/1.1" 200 277175
201.245.192.253 - - [26/Dec/2016:07:03:12 -0500] "GET /galeria/nivo-slider/nivo-slider.css HTTP/1.1" 200 1507
201.245.192.253 - - [26/Dec/2016:07:03:12 -0500] "GET /galeria/nivo-slider/demo/images/bannerwebnavidadenloshumedales.jpg HTTP/1.1" 200 157616
201.245.192.253 - - [26/Dec/2016:07:03:12 -0500] "GET /galeria/nivo-slider/demo/images/banner%20encuesta%20sda2-web3.jpg HTTP/1.1" 200 111668
201.245.192.253 - - [26/Dec/2016:07:03:12 -0500] "GET /galeria/nivo-slider/demo/images/pieza%20webtinguas.jpg HTTP/1.1" 200 175651
201.245.192.253 - - [26/Dec/2016:07:03:12 -0500] "GET /galeria/nivo-slider/demo/images/bolsas-06.jpg HTTP/1.1" 200 210950
201.245.192.253 - - [26/Dec/2016:07:03:12 -0500] "GET /galeria/nivo-slider/demo/images/bannerinvitaci%C3%B3nacaminatasecologicas2.jpg HTTP/1.1" 200 513253
192.168.175.104 - - [26/Dec/2016:07:03:12 -0500] "GET / HTTP/1.1" 200 9990
201.245.192.253 - - [26/Dec/2016:07:03:13 -0500] "GET /galeria/nivo-slider/demo/scripts/jquery-1.7.1.min.js HTTP/1.1" 200 93868
192.168.175.104 - - [26/Dec/2016:07:03:13 -0500] "GET / HTTP/1.0" 200 9990
201.245.192.253 - - [26/Dec/2016:07:03:13 -0500] "GET /galeria/nivo-slider/jquery.nivo.slider.pack.js HTTP/1.1" 200 11561
201.245.192.253 - - [26/Dec/2016:07:03:13 -0500] "GET /galeria/nivo-slider/demo/images/bannersilvicultura.jpg HTTP/1.1" 200 173023
201.245.192.253 - - [26/Dec/2016:07:03:13 -0500] "GET /galeria/nivo-slider/demo/images/BANNERARBOLES.jpg HTTP/1.1" 200 227630
46.4.123.172 - - [26/Dec/2016:07:03:13 -0500] "GET /StormSDA/userFiles%20-%20Copy%2019-07-2012/user_files/90/?C=N;O=D HTTP/1.1" 200 874
201.245.192.253 - - [26/Dec/2016:07:03:13 -0500] "GET /galeria/nivo-slider/demo/images/ACOPIADORESYGESTORES.jpg HTTP/1.1" 200 118791
201.245.192.253 - - [26/Dec/2016:07:03:13 -0500] "GET /galeria/nivo-slider/demo/images/bannergestionambiental2.jpg HTTP/1.1" 200 245647
201.245.192.253 - - [26/Dec/2016:07:03:13 -0500] "GET /galeria/nivo-slider/demo/images/vegetal.jpg HTTP/1.1" 200 216080
201.245.192.253 - - [26/Dec/2016:07:03:13 -0500] "GET /galeria/nivo-slider/demo/images/Ruta-vertimientos-01.jpg HTTP/1.1" 200 130151
201.245.192.253 - - [26/Dec/2016:07:03:13 -0500] "GET /galeria/nivo-slider/demo/images/4Simple_Slider.png HTTP/1.1" 200 11722
201.245.192.253 - - [26/Dec/2016:07:03:13 -0500] "GET /galeria/nivo-slider/themes/default/loading.gif HTTP/1.1" 200 1737
201.245.192.253 - - [26/Dec/2016:07:03:15 -0500] "GET /galeria/nivo-slider/themes/default/bullets.png HTTP/1.1" 200 1281
201.245.192.253 - - [26/Dec/2016:07:03:15 -0500] "GET /galeria/nivo-slider/themes/default/arrows.png HTTP/1.1" 200 824
46.4.123.172 - - [26/Dec/2016:07:03:17 -0500] "GET /StormSDA/userFiles%20-%20Copy%2019-07-2012/user_files/90/?C=S;O=A HTTP/1.1" 200 874
46.4.123.172 - - [26/Dec/2016:07:03:22 -0500] "GET /StormSDA/userFiles%20-%20Copy%2019-07-2012/user_files/90/?C=S;O=D HTTP/1.1" 200 874
186.113.10.143 - - [26/Dec/2016:07:03:24 -0500] "GET /galeria/nivo-slider/demo/images/pieza%20canecas.jpg HTTP/1.1" 304 -
46.4.123.172 - - [26/Dec/2016:07:03:26 -0500] "GET /StormSDA/userFiles%20-%20Copy%2019-07-2012/user_files/91/?C=D;O=A HTTP/1.1" 200 874
66.249.64.51 - - [26/Dec/2016:07:03:27 -0500] "GET /BLA/resoluciones/RESOLUCIONES%202010/5834.pdf HTTP/1.1" 200 874165
46.4.123.172 - - [26/Dec/2016:07:03:28 -0500] "GET /StormSDA/userFiles%20-%20Copy%2019-07-2012/user_files/91/?C=D;O=D HTTP/1.1" 200 874
46.4.123.172 - - [26/Dec/2016:07:03:33 -0500] "GET /StormSDA/userFiles%20-%20Copy%2019-07-2012/user_files/91/?C=M;O=A HTTP/1.1" 200 874
201.245.192.253 - - [26/Dec/2016:07:03:33 -0500] "GET /isolucionsda/ HTTP/1.1" 302 140
201.245.192.253 - - [26/Dec/2016:07:03:33 -0500] "GET /isolucionsda/ControlDeInicio.asp HTTP/1.1" 200 739
201.245.192.253 - - [26/Dec/2016:07:03:35 -0500] "GET /favicon.ico HTTP/1.1" 200 7782
46.4.123.172 - - [26/Dec/2016:07:03:37 -0500] "GET /StormSDA/userFiles%20-%20Copy%2019-07-2012/user_files/91/?C=M;O=D HTTP/1.1" 200 874
201.245.192.253 - - [26/Dec/2016:07:03:37 -0500] "GET /isolucionsda/ControlDeInicio.asp HTTP/1.1" 200 739
201.245.192.253 - - [26/Dec/2016:07:03:37 -0500] "GET /isolucionsda/IdentificaUsuario.asp?Pagina1=FrameSetGeneral.asp& HTTP/1.1" 200 5090
201.245.192.253 - - [26/Dec/2016:07:03:37 -0500] "GET /isolucionsda/StyleSheet/StyleSheet.css HTTP/1.1" 200 22894
201.245.192.253 - - [26/Dec/2016:07:03:37 -0500] "GET /isolucionsda/g/Img_LogoIsoCabezote.jpg HTTP/1.1" 200 7960
201.245.192.253 - - [26/Dec/2016:07:03:37 -0500] "GET /isolucionsda/g/Bgr_BarraSuperior.jpg HTTP/1.1" 200 419
201.245.192.253 - - [26/Dec/2016:07:03:37 -0500] "GET /isolucionsda/g/Img_DivBarraSup.jpg HTTP/1.1" 200 323
201.245.192.253 - - [26/Dec/2016:07:03:37 -0500] "GET /isolucionsda/g/shim.gif HTTP/1.1" 200 43
46.4.123.172 - - [26/Dec/2016:07:03:40 -0500] "GET /StormSDA/userFiles%20-%20Copy%2019-07-2012/user_files/91/?C=N;O=A HTTP/1.1" 200 874
201.245.192.253 - - [26/Dec/2016:07:03:41 -0500] "GET /galeria/nivo-slider/demo/undefined HTTP/1.1" 404 1314
46.4.123.172 - - [26/Dec/2016:07:03:43 -0500] "GET /StormSDA/userFiles%20-%20Copy%2019-07-2012/user_files/91/?C=N;O=D HTTP/1.1" 200 874
201.245.192.253 - - [26/Dec/2016:07:03:44 -0500] "POST /isolucionsda/IdentificaUsuario.asp?Pagina1=FrameSetGeneral.asp& HTTP/1.1" 302 173
201.245.192.253 - - [26/Dec/2016:07:03:44 -0500] "GET /isolucionsda/FrameSetGeneral.asp?Pagina1=FrameSetGeneral.asp& HTTP/1.1" 200 6613
201.245.192.253 - - [26/Dec/2016:07:03:44 -0500] "GET /isolucionsda/BarraTitulos.asp?Pagina1=FrameSetGeneral.asp&&Pagina=MagazinHome.asp HTTP/1.1" 200 6972
201.245.192.253 - - [26/Dec/2016:07:03:45 -0500] "GET /isolucionsda/g/Img_BarraCurva.jpg HTTP/1.1" 200 1826
201.245.192.253 - - [26/Dec/2016:07:03:45 -0500] "GET /isolucionsda/g/Bgr_BarraCurva2.jpg HTTP/1.1" 200 409
201.245.192.253 - - [26/Dec/2016:07:03:45 -0500] "GET /isolucionsda/g/Bgr_BarraCurva.jpg HTTP/1.1" 200 374
201.245.192.253 - - [26/Dec/2016:07:03:45 -0500] "GET /isolucionsda/Encabezado.asp?Pagina1=FrameSetGeneral.asp&&Pagina=MagazinHome.asp HTTP/1.1" 200 15420
201.245.192.253 - - [26/Dec/2016:07:03:44 -0500] "GET /isolucionsda/MagazinHome.asp HTTP/1.1" 200 39343
201.245.192.253 - - [26/Dec/2016:07:03:45 -0500] "GET /isolucionsda/g/Bot_Home.jpg HTTP/1.1" 200 1936
201.245.192.253 - - [26/Dec/2016:07:03:45 -0500] "GET /isolucionsda/Session.asp?Continue=1 HTTP/1.1" 200 6323
201.245.192.253 - - [26/Dec/2016:07:03:45 -0500] "GET /isolucionsda/g/Bot_Siguiente.jpg HTTP/1.1" 200 1727
201.245.192.253 - - [26/Dec/2016:07:03:45 -0500] "GET /isolucionsda/g/Bot_Anterior.jpg HTTP/1.1" 200 1797
201.245.192.253 - - [26/Dec/2016:07:03:45 -0500] "GET /isolucionsda/g/Bot_Administrador.jpg HTTP/1.1" 200 1694
201.245.192.253 - - [26/Dec/2016:07:03:45 -0500] "GET /isolucionsda/g/Bot_Glosario.jpg HTTP/1.1" 200 1989
201.245.192.253 - - [26/Dec/2016:07:03:45 -0500] "GET /isolucionsda/g/Bot_Ayuda.jpg HTTP/1.1" 200 1702
201.245.192.253 - - [26/Dec/2016:07:03:45 -0500] "GET /isolucionsda/g/Img_DivVertBarraSup.jpg HTTP/1.1" 200 810
201.245.192.253 - - [26/Dec/2016:07:03:45 -0500] "GET /isolucionsda/g/Bot_Cerrar.jpg HTTP/1.1" 200 1944
201.245.192.253 - - [26/Dec/2016:07:03:45 -0500] "GET /isolucionsda/g/Bot_Procesos_ESP.jpg HTTP/1.1" 200 4441
201.245.192.253 - - [26/Dec/2016:07:03:45 -0500] "GET /isolucionsda/g/Bot_Manual_ESP.jpg HTTP/1.1" 200 4512
201.245.192.253 - - [26/Dec/2016:07:03:45 -0500] "GET /isolucionsda/g/Bot_Documentos_ESP.jpg HTTP/1.1" 200 5825
201.245.192.253 - - [26/Dec/2016:07:03:45 -0500] "GET /isolucionsda/g/Bot_Indicadores_ESP.jpg HTTP/1.1" 200 5267
201.245.192.253 - - [26/Dec/2016:07:03:45 -0500] "GET /isolucionsda/g/Bot_Mejoramiento_ESP.jpg HTTP/1.1" 200 5904
201.245.192.253 - - [26/Dec/2016:07:03:45 -0500] "GET /isolucionsda/TareasSFRedirect.asp HTTP/1.1" 302 195
201.245.192.253 - - [26/Dec/2016:07:03:45 -0500] "GET /isolucionsda/g/Bot_ProveedoresOff_ESP.jpg HTTP/1.1" 200 3801
201.245.192.253 - - [26/Dec/2016:07:03:45 -0500] "GET /isolucionsda/g/Bot_RiesgosDaft_ESP.jpg HTTP/1.1" 200 2616
201.245.192.253 - - [26/Dec/2016:07:03:45 -0500] "GET /isolucionsda/g/Bot_TareasOff_ESP.jpg HTTP/1.1" 200 3028
201.245.192.253 - - [26/Dec/2016:07:03:45 -0500] "GET /isolucionsda/g/Bot_TalentoOff_ESP.jpg HTTP/1.1" 200 3258
201.245.192.253 - - [26/Dec/2016:07:03:45 -0500] "GET /isolucionsda/g/Bot_Meci_ESP.jpg HTTP/1.1" 200 4380
201.245.192.253 - - [26/Dec/2016:07:03:45 -0500] "GET /isolucionsda/g/Bot_ClientesOff_ESP.jpg HTTP/1.1" 200 2917
201.245.192.253 - - [26/Dec/2016:07:03:45 -0500] "GET /isolucionsda/g/Bot_CalibracionOff_ESP.jpg HTTP/1.1" 200 3850
201.245.192.253 - - [26/Dec/2016:07:03:45 -0500] "GET /isolucionsda/g/GifTransparente.gif HTTP/1.1" 200 51
201.245.192.253 - - [26/Dec/2016:07:03:45 -0500] "GET /isolucionsda/g/Bullet_PuntoAzul.gif HTTP/1.1" 200 75
201.245.192.253 - - [26/Dec/2016:07:03:45 -0500] "GET /isolucionsda/GrafVinetas/logo%202016-20.png HTTP/1.1" 200 12367
201.245.192.253 - - [26/Dec/2016:07:03:45 -0500] "GET /isolucionsda/g/Bullet_FlechaAzul.gif HTTP/1.1" 200 72
201.245.192.253 - - [26/Dec/2016:07:03:45 -0500] "GET /isolucionsda/g/Img_LineaPunteada.gif HTTP/1.1" 200 123
201.245.192.253 - - [26/Dec/2016:07:03:45 -0500] "GET /isolucionsda/g/Bgr_BarraMediaHome.jpg HTTP/1.1" 200 446
201.245.192.253 - - [26/Dec/2016:07:03:45 -0500] "GET /isolucionsda/g/Bgr_Destacado3399CC.jpg HTTP/1.1" 404 5233
201.245.192.253 - - [26/Dec/2016:07:03:45 -0500] "GET /isolucionsda/g/Bot_Ambiental_ESP.jpg HTTP/1.1" 200 5259
201.245.192.253 - - [26/Dec/2016:07:03:45 -0500] "GET /isolucionsda/g/Bot_SySOOff_ESP.jpg HTTP/1.1" 200 3270
201.245.192.253 - - [26/Dec/2016:07:03:45 -0500] "GET /isolucionsda/g/Bgr_BarraBotPrins.jpg HTTP/1.1" 200 944
46.4.123.172 - - [26/Dec/2016:07:03:46 -0500] "GET /StormSDA/userFiles%20-%20Copy%2019-07-2012/user_files/91/?C=S;O=A HTTP/1.1" 200 874
201.245.192.253 - - [26/Dec/2016:07:03:45 -0500] "GET /isolucionsda/g/Bgr_TituloCabezote3.jpg HTTP/1.1" 200 841
201.245.192.253 - - [26/Dec/2016:07:03:45 -0500] "GET /isolucionsda/Login.aspx?TARGET=SFContainerFiltrado.aspx&number=53685165575255704556 HTTP/1.1" 302 886
201.245.192.253 - - [26/Dec/2016:07:03:47 -0500] "GET /isolucionsda/SFContainerFiltrado.aspx?Number=53685165575255704556 HTTP/1.1" 200 14356
46.4.123.172 - - [26/Dec/2016:07:03:47 -0500] "GET /StormSDA/userFiles%20-%20Copy%2019-07-2012/user_files/91/?C=S;O=D HTTP/1.1" 200 874
163.172.66.117 - - [26/Dec/2016:07:03:48 -0500] "GET /BLA/resoluciones/RESOLUCIONES%202004/RES%202004%20351-400/00000368.tif HTTP/1.1" 200 167078
66.249.64.51 - - [26/Dec/2016:07:03:48 -0500] "GET /BLA/resoluciones/RESOLUCIONES%202009/7166.pdf HTTP/1.1" 200 1187772
201.245.192.253 - - [26/Dec/2016:07:03:48 -0500] "GET /isolucionsda/g/Bgr_TituloCabezote3Avanzado.jpg HTTP/1.1" 200 745
201.245.192.253 - - [26/Dec/2016:07:03:48 -0500] "GET /isolucionsda/g/img_titulo_Tpendientes.jpg HTTP/1.1" 200 2433
201.245.192.253 - - [26/Dec/2016:07:03:48 -0500] "GET /isolucionsda/DetalleTareas.aspx?Number=53685165575255704556 HTTP/1.1" 200 5408
201.245.192.253 - - [26/Dec/2016:07:03:48 -0500] "GET /isolucionsda/auxlib.js HTTP/1.1" 404 5201
201.245.192.253 - - [26/Dec/2016:07:03:48 -0500] "GET /isolucionsda/infowndcore.js HTTP/1.1" 404 5211
201.245.192.253 - - [26/Dec/2016:07:03:48 -0500] "GET /isolucionsda/infowndpublic.js HTTP/1.1" 404 5215
201.245.192.253 - - [26/Dec/2016:07:03:48 -0500] "GET /isolucionsda/StyleSheet/StyleSheetSF.css HTTP/1.1" 200 7210
201.245.192.253 - - [26/Dec/2016:07:03:48 -0500] "GET /isolucionsda/g/bt_rojo.jpg HTTP/1.1" 200 132
201.245.192.253 - - [26/Dec/2016:07:03:48 -0500] "GET /isolucionsda/sort.htc HTTP/1.1" 200 6098
201.245.192.253 - - [26/Dec/2016:07:03:48 -0500] "GET /isolucionsda/dragdrop.htc HTTP/1.1" 200 9382
201.245.192.253 - - [26/Dec/2016:07:03:48 -0500] "GET /isolucionsda/dragdrop.htc HTTP/1.1" 200 2789
201.245.192.253 - - [26/Dec/2016:07:03:49 -0500] "GET /isolucionsda/g/Bot_ProcesosOver_ESP.jpg HTTP/1.1" 200 4659
46.4.123.172 - - [26/Dec/2016:07:03:49 -0500] "GET /StormSDA/userFiles%20-%20Copy%2019-07-2012/user_files/92/?C=D;O=A HTTP/1.1" 200 874
201.245.192.253 - - [26/Dec/2016:07:03:50 -0500] "GET /isolucionsda/FrameSetGeneral.asp?Pagina=SucursalSeleccion.asp&CargaPagina=ModuloProcesos&IdModulo=3 HTTP/1.1" 200 6716
201.245.192.253 - - [26/Dec/2016:07:03:50 -0500] "GET /isolucionsda/Encabezado.asp?Pagina=SucursalSeleccion.asp&CargaPagina=ModuloProcesos&IdModulo=3 HTTP/1.1" 200 15421
201.245.192.253 - - [26/Dec/2016:07:03:50 -0500] "GET /isolucionsda/BarraFavoritos.asp HTTP/1.1" 200 911
201.245.192.253 - - [26/Dec/2016:07:03:50 -0500] "GET /isolucionsda/SucursalSeleccion.asp?Pagina=SucursalSeleccion.asp&CargaPagina=ModuloProcesos&IdModulo=3 HTTP/1.1" 302 219
201.245.192.253 - - [26/Dec/2016:07:03:50 -0500] "GET /isolucionsda/BarraTitulos.asp?Pagina=SucursalSeleccion.asp&CargaPagina=ModuloProcesos&IdModulo=3 HTTP/1.1" 200 6988
201.245.192.253 - - [26/Dec/2016:07:03:50 -0500] "GET /isolucionsda/g/Img_LogoIcono.jpg HTTP/1.1" 200 7870
201.245.192.253 - - [26/Dec/2016:07:03:50 -0500] "GET /isolucionsda/SucursalSeleccion.asp?CodSucursal=1&URLRedirect=MagazinHome.asp&CargaPagina=ModuloProcesos HTTP/1.1" 302 217
201.245.192.253 - - [26/Dec/2016:07:03:50 -0500] "GET /isolucionsda/g/Bgr_BarraInferior.jpg HTTP/1.1" 200 398
201.245.192.253 - - [26/Dec/2016:07:03:50 -0500] "GET /isolucionsda/Session.asp?Continue=1 HTTP/1.1" 200 6323
201.245.192.253 - - [26/Dec/2016:07:03:50 -0500] "GET /ISOlucionSDA/bancoconocimiento/m/mapadeprocesos__v4/mapadeprocesos__v4.asp HTTP/1.1" 200 35242
201.245.192.253 - - [26/Dec/2016:07:03:50 -0500] "GET /ISOlucionSDA/GrafVinetas/logo%202016-20.png HTTP/1.1" 200 12367
201.245.192.253 - - [26/Dec/2016:07:03:50 -0500] "GET /ISOlucionSDA/g/Plantillas/ModeloMP2/FlechaDer.png HTTP/1.1" 200 62654
201.245.192.253 - - [26/Dec/2016:07:03:50 -0500] "GET /ISOlucionSDA/g/Plantillas/ModeloMP2/FlechaEstrategico.png HTTP/1.1" 200 48255
201.245.192.253 - - [26/Dec/2016:07:03:50 -0500] "GET /ISOlucionSDA/g/Plantillas/ModeloMP2/img_interAzul_r1_c3.png HTTP/1.1" 200 48280
201.245.192.253 - - [26/Dec/2016:07:03:50 -0500] "GET /ISOlucionSDA/g/Plantillas/ModeloMP2/FlechaMisional.png HTTP/1.1" 200 48730
201.245.192.253 - - [26/Dec/2016:07:03:50 -0500] "GET /ISOlucionSDA/g/Plantillas/ModeloMP2/FlechaInf.png HTTP/1.1" 200 57580
201.245.192.253 - - [26/Dec/2016:07:03:50 -0500] "GET /ISOlucionSDA/g/Plantillas/ModeloMP2/img_interAmarilla_r1_c2.png HTTP/1.1" 200 46309
201.245.192.253 - - [26/Dec/2016:07:03:50 -0500] "GET /ISOlucionSDA/g/Plantillas/ModeloMP2/FlechaApoyo.png HTTP/1.1" 200 47821
201.245.192.253 - - [26/Dec/2016:07:03:50 -0500] "GET /ISOlucionSDA/g/Plantillas/ModeloMP2/FlechaSup.png HTTP/1.1" 200 57927
201.245.192.253 - - [26/Dec/2016:07:03:50 -0500] "GET /ISOlucionSDA/g/Plantillas/ModeloMP2/img_interAzul_r1_c1.png HTTP/1.1" 200 50551
201.245.192.253 - - [26/Dec/2016:07:03:50 -0500] "GET /ISOlucionSDA/g/Plantillas/ModeloMP2/ImgEvaluacion1.png HTTP/1.1" 200 46320
201.245.192.253 - - [26/Dec/2016:07:03:50 -0500] "GET /ISOlucionSDA/g/Plantillas/ModeloMP2/CajaEstrategicoInf.png HTTP/1.1" 200 45496
201.245.192.253 - - [26/Dec/2016:07:03:50 -0500] "GET /ISOlucionSDA/g/Plantillas/ModeloMP2/Vacio.png HTTP/1.1" 200 40474
201.245.192.253 - - [26/Dec/2016:07:03:51 -0500] "GET /isolucionsda/g/Bot_DocumentosOver_ESP.jpg HTTP/1.1" 200 5899
201.245.192.253 - - [26/Dec/2016:07:03:51 -0500] "GET /isolucionsda/g/Bot_IndicadoresOver_ESP.jpg HTTP/1.1" 200 5413
201.245.192.253 - - [26/Dec/2016:07:03:52 -0500] "GET /isolucionsda/FrameSetGeneral.asp?Pagina=Menu.asp&IdModulo=4 HTTP/1.1" 200 6583
201.245.192.253 - - [26/Dec/2016:07:03:52 -0500] "GET /isolucionsda/Encabezado.asp?Pagina=Menu.asp&IdModulo=4 HTTP/1.1" 200 15436
201.245.192.253 - - [26/Dec/2016:07:03:52 -0500] "GET /isolucionsda/BarraTitulos.asp?Pagina=Menu.asp&IdModulo=4 HTTP/1.1" 200 6985
201.245.192.253 - - [26/Dec/2016:07:03:52 -0500] "GET /isolucionsda/Menu.asp?Pagina=Menu.asp&IdModulo=4 HTTP/1.1" 200 9695
201.245.192.253 - - [26/Dec/2016:07:03:52 -0500] "GET /isolucionsda/BarraFavoritos.asp HTTP/1.1" 200 911
201.245.192.253 - - [26/Dec/2016:07:03:52 -0500] "GET /isolucionsda/Session.asp?Continue=1 HTTP/1.1" 200 6323
201.245.192.253 - - [26/Dec/2016:07:03:52 -0500] "GET /isolucionsda/g/Img_BordeTitulo02.jpg HTTP/1.1" 200 451
201.245.192.253 - - [26/Dec/2016:07:03:52 -0500] "GET /isolucionsda/g/Img_BordeTitulo01.jpg HTTP/1.1" 200 444
201.245.192.253 - - [26/Dec/2016:07:03:52 -0500] "GET /isolucionsda/g/MenuIcono/ico_doc.jpg HTTP/1.1" 200 3103
46.4.123.172 - - [26/Dec/2016:07:03:54 -0500] "GET /StormSDA/userFiles%20-%20Copy%2019-07-2012/user_files/92/?C=D;O=D HTTP/1.1" 200 874
201.245.192.253 - - [26/Dec/2016:07:03:54 -0500] "GET /isolucionsda/g/Bot_ManualOver_ESP.jpg HTTP/1.1" 200 4732
46.4.123.172 - - [26/Dec/2016:07:03:55 -0500] "GET /StormSDA/userFiles%20-%20Copy%2019-07-2012/user_files/92/?C=M;O=A HTTP/1.1" 200 874
201.245.192.253 - - [26/Dec/2016:07:03:58 -0500] "GET /isolucionsda/FrameSetGeneral.asp?Pagina=Magazin.asp&Sigla=MAC&IdModulo=2 HTTP/1.1" 200 6625
201.245.192.253 - - [26/Dec/2016:07:03:58 -0500] "GET /isolucionsda/Encabezado.asp?Pagina=Magazin.asp&Sigla=MAC&IdModulo=2 HTTP/1.1" 200 15396
201.245.192.253 - - [26/Dec/2016:07:03:58 -0500] "GET /isolucionsda/BarraTitulos.asp?Pagina=Magazin.asp&Sigla=MAC&IdModulo=2 HTTP/1.1" 200 6989
201.245.192.253 - - [26/Dec/2016:07:03:58 -0500] "GET /isolucionsda/Magazin.asp?Pagina=Magazin.asp&Sigla=MAC&IdModulo=2 HTTP/1.1" 200 11924
201.245.192.253 - - [26/Dec/2016:07:03:58 -0500] "GET /isolucionsda/BarraFavoritos.asp HTTP/1.1" 200 911
201.245.192.253 - - [26/Dec/2016:07:03:58 -0500] "GET /isolucionsda/Session.asp?Continue=1 HTTP/1.1" 200 6323
201.245.192.253 - - [26/Dec/2016:07:03:58 -0500] "GET /isolucionsda/g/Bgr_DestacadoFFFFFF.jpg HTTP/1.1" 404 5233
46.4.123.172 - - [26/Dec/2016:07:03:58 -0500] "GET /StormSDA/userFiles%20-%20Copy%2019-07-2012/user_files/92/?C=N;O=D HTTP/1.1" 200 874
201.245.192.253 - - [26/Dec/2016:07:04:00 -0500] "GET /isolucionsda/g/Bot_RiesgosDaftOver_ESP.jpg HTTP/1.1" 200 5255
201.245.192.253 - - [26/Dec/2016:07:04:00 -0500] "GET /isolucionsda/FrameSetGeneral.asp?Pagina=Menu.asp&IdModulo=4 HTTP/1.1" 200 6583
201.245.192.253 - - [26/Dec/2016:07:04:01 -0500] "GET /isolucionsda/Encabezado.asp?Pagina=Menu.asp&IdModulo=4 HTTP/1.1" 200 15436
201.245.192.253 - - [26/Dec/2016:07:04:01 -0500] "GET /isolucionsda/BarraFavoritos.asp HTTP/1.1" 200 911
201.245.192.253 - - [26/Dec/2016:07:04:01 -0500] "GET /isolucionsda/BarraTitulos.asp?Pagina=Menu.asp&IdModulo=4 HTTP/1.1" 200 6985
201.245.192.253 - - [26/Dec/2016:07:04:01 -0500] "GET /isolucionsda/Menu.asp?Pagina=Menu.asp&IdModulo=4 HTTP/1.1" 200 9695
201.245.192.253 - - [26/Dec/2016:07:04:01 -0500] "GET /isolucionsda/Session.asp?Continue=1 HTTP/1.1" 200 6323
46.4.123.172 - - [26/Dec/2016:07:04:01 -0500] "GET /StormSDA/userFiles%20-%20Copy%2019-07-2012/user_files/92/?C=S;O=A HTTP/1.1" 200 874
201.245.192.253 - - [26/Dec/2016:07:03:45 -0500] "GET /isolucionsda/BarraFavoritos.asp HTTP/1.1" 502 1362
201.245.192.253 - - [26/Dec/2016:07:04:05 -0500] "GET /isolucionsda/g/Bot_AyudaOver.jpg HTTP/1.1" 200 1659
46.4.123.172 - - [26/Dec/2016:07:04:06 -0500] "GET /StormSDA/userFiles%20-%20Copy%2019-07-2012/user_files/93/?C=D;O=A HTTP/1.0" 200 873
66.249.64.55 - - [26/Dec/2016:07:04:09 -0500] "GET /BLA/resoluciones/AUTOS%202014/0829.pdf HTTP/1.1" 200 264018
46.4.123.172 - - [26/Dec/2016:07:04:10 -0500] "GET /StormSDA/userFiles%20-%20Copy%2019-07-2012/user_files/93/?C=D;O=A HTTP/1.1" 200 874
172.22.2.1 - - [26/Dec/2016:07:04:10 -0500] "GET /galeria/nivo-slider/demo/demo.html HTTP/1.1" 200 3906
201.245.192.253 - - [26/Dec/2016:07:04:11 -0500] "GET /isolucionsda/FrameSetGeneral.asp?Pagina=ListadoMaestroDocumentos3.asp HTTP/1.1" 200 6634
201.245.192.253 - - [26/Dec/2016:07:04:11 -0500] "GET /isolucionsda/BarraTitulos.asp?Pagina=ListadoMaestroDocumentos3.asp HTTP/1.1" 200 6985
201.245.192.253 - - [26/Dec/2016:07:04:11 -0500] "GET /isolucionsda/BarraFavoritos.asp HTTP/1.1" 200 911
201.245.192.253 - - [26/Dec/2016:07:04:11 -0500] "GET /isolucionsda/Encabezado.asp?Pagina=ListadoMaestroDocumentos3.asp HTTP/1.1" 200 15396
201.245.192.253 - - [26/Dec/2016:07:04:11 -0500] "GET /isolucionsda/ListadoMaestroDocumentos3.asp?Pagina=ListadoMaestroDocumentos3.asp HTTP/1.1" 200 11754
201.245.192.253 - - [26/Dec/2016:07:04:11 -0500] "GET /isolucionsda/Session.asp?Continue=1 HTTP/1.1" 200 6323
172.22.2.1 - - [26/Dec/2016:07:04:11 -0500] "GET /galeria/nivo-slider/demo/images/bannerwebnavidadenloshumedales.jpg HTTP/1.1" 200 157616
172.22.2.1 - - [26/Dec/2016:07:04:11 -0500] "GET /galeria/nivo-slider/demo/images/bannerwebcampa%C3%B1amusgo3.jpg HTTP/1.1" 200 277175
172.22.2.1 - - [26/Dec/2016:07:04:11 -0500] "GET /galeria/nivo-slider/demo/images/pieza%20webtinguas.jpg HTTP/1.1" 304 -
172.22.2.1 - - [26/Dec/2016:07:04:11 -0500] "GET /galeria/nivo-slider/demo/images/bannerinvitaci%C3%B3nacaminatasecologicas2.jpg HTTP/1.1" 304 -
172.22.2.1 - - [26/Dec/2016:07:04:11 -0500] "GET /galeria/nivo-slider/demo/images/banner%20encuesta%20sda2-web3.jpg HTTP/1.1" 304 -
172.22.2.1 - - [26/Dec/2016:07:04:11 -0500] "GET /galeria/nivo-slider/demo/images/bannersilvicultura.jpg HTTP/1.1" 304 -
172.22.2.1 - - [26/Dec/2016:07:04:11 -0500] "GET /galeria/nivo-slider/demo/images/BANNERARBOLES.jpg HTTP/1.1" 304 -
172.22.2.1 - - [26/Dec/2016:07:04:12 -0500] "GET /galeria/nivo-slider/demo/images/bannergestionambiental2.jpg HTTP/1.1" 304 -
46.4.123.172 - - [26/Dec/2016:07:04:13 -0500] "GET /StormSDA/userFiles%20-%20Copy%2019-07-2012/user_files/93/?C=M;O=A HTTP/1.0" 200 873
172.22.2.1 - - [26/Dec/2016:07:04:15 -0500] "GET /galeria/nivo-slider/themes/default/arrows.png HTTP/1.1" 200 824
172.22.2.1 - - [26/Dec/2016:07:04:15 -0500] "GET /galeria/nivo-slider/themes/default/bullets.png HTTP/1.1" 200 1281
46.4.123.172 - - [26/Dec/2016:07:04:16 -0500] "GET /StormSDA/userFiles%20-%20Copy%2019-07-2012/user_files/93/?C=M;O=A HTTP/1.1" 200 874
201.245.192.253 - - [26/Dec/2016:07:04:17 -0500] "POST /isolucionsda/ListadoMaestroDocumentos3.asp HTTP/1.1" 200 13130
46.4.123.172 - - [26/Dec/2016:07:04:19 -0500] "GET /StormSDA/userFiles%20-%20Copy%2019-07-2012/user_files/93/?C=N;O=D HTTP/1.0" 200 873
46.4.123.172 - - [26/Dec/2016:07:04:23 -0500] "GET /StormSDA/userFiles%20-%20Copy%2019-07-2012/user_files/93/?C=N;O=D HTTP/1.1" 200 874
201.245.192.253 - - [26/Dec/2016:07:04:25 -0500] "GET /isolucionsda/FramesetArticulo.asp?Pagina=BancoConocimiento%2FP%2FPermisodevertimientos%5Fv2%2FPermisodevertimientos%5Fv2%2Easp&IdArticulo=4866 HTTP/1.1" 200 7277
201.245.192.253 - - [26/Dec/2016:07:04:25 -0500] "GET /isolucionsda/Arriba.asp?Pagina=BancoConocimiento%2FP%2FPermisodevertimientos%5Fv2%2FPermisodevertimientos%5Fv2%2Easp&IdArticulo=4866 HTTP/1.1" 200 10575
201.245.192.253 - - [26/Dec/2016:07:04:25 -0500] "GET /isolucionsda/StyleSheet.css HTTP/1.1" 200 4664
46.4.123.172 - - [26/Dec/2016:07:04:25 -0500] "GET /StormSDA/userFiles%20-%20Copy%2019-07-2012/user_files/93/?C=S;O=A HTTP/1.0" 200 873
201.245.192.253 - - [26/Dec/2016:07:04:25 -0500] "GET /isolucionsda/g/icono_alerta.jpg HTTP/1.1" 200 1448
201.245.192.253 - - [26/Dec/2016:07:04:25 -0500] "GET /isolucionsda/g/icono_noconformidad.jpg HTTP/1.1" 200 1235
