181.142.145.151 - - [26/Dec/2016:06:05:10 -0500] "GET /isolucionsda/g/Img_BordeTitulo02.jpg HTTP/1.1" 200 451
181.142.145.151 - - [26/Dec/2016:06:05:10 -0500] "GET /isolucionsda/g/Bot_RiesgosDaftOver_ESP.jpg HTTP/1.1" 200 5255
181.142.145.151 - - [26/Dec/2016:06:05:11 -0500] "GET /isolucionsda/g/Bot_MejoramientoOver_ESP.jpg HTTP/1.1" 200 6165
181.142.145.151 - - [26/Dec/2016:06:05:13 -0500] "GET /isolucionsda/g/Bot_ManualOver_ESP.jpg HTTP/1.1" 200 4732
181.142.145.151 - - [26/Dec/2016:06:05:17 -0500] "GET /isolucionsda/FrameSetGeneral.asp?Pagina=ListadoMaestroDocumentos3.asp HTTP/1.1" 200 6634
181.142.145.151 - - [26/Dec/2016:06:05:17 -0500] "GET /isolucionsda/BarraFavoritos.asp HTTP/1.1" 200 911
181.142.145.151 - - [26/Dec/2016:06:05:17 -0500] "GET /isolucionsda/Encabezado.asp?Pagina=ListadoMaestroDocumentos3.asp HTTP/1.1" 200 15396
181.142.145.151 - - [26/Dec/2016:06:05:17 -0500] "GET /isolucionsda/ListadoMaestroDocumentos3.asp?Pagina=ListadoMaestroDocumentos3.asp HTTP/1.1" 200 11754
181.142.145.151 - - [26/Dec/2016:06:05:17 -0500] "GET /isolucionsda/BarraTitulos.asp?Pagina=ListadoMaestroDocumentos3.asp HTTP/1.1" 200 6985
181.142.145.151 - - [26/Dec/2016:06:05:17 -0500] "GET /isolucionsda/Session.asp?Continue=1 HTTP/1.1" 200 6323
66.249.64.55 - - [26/Dec/2016:06:05:18 -0500] "GET /BLA/resoluciones/RESOLUCIONES%202014/0695.pdf HTTP/1.1" 200 541173
181.142.145.151 - - [26/Dec/2016:06:05:19 -0500] "GET /IsolucionSDA/Jerarquia.asp?Tabla=Proceso&Form=Admon&CampoDisplay=ProcesoDisplayObjetoProceso&CampoHidden=Proceso&bSubmit=True&items= HTTP/1.1" 200 10609
181.142.145.151 - - [26/Dec/2016:06:05:20 -0500] "GET /IsolucionSDA/StyleSheet/Stylesheet.css HTTP/1.1" 200 22894
181.142.145.151 - - [26/Dec/2016:06:05:22 -0500] "POST /IsolucionSDA/Jerarquia.asp HTTP/1.1" 200 8117
181.142.145.151 - - [26/Dec/2016:06:05:22 -0500] "POST /isolucionsda/ListadoMaestroDocumentos3.asp HTTP/1.1" 200 17766
66.249.64.53 - - [26/Dec/2016:06:05:44 -0500] "GET /BLA/resoluciones/AUTOS%202014/4017.pdf HTTP/1.1" 200 701877
201.245.192.253 - - [26/Dec/2016:06:06:11 -0500] "GET /galeria/nivo-slider/demo/undefined HTTP/1.1" 404 1314
192.168.175.104 - - [26/Dec/2016:06:06:20 -0500] "GET / HTTP/1.1" 200 9990
69.162.124.232 - - [26/Dec/2016:06:06:51 -0500] "HEAD / HTTP/1.1" 200 -
201.245.192.253 - - [26/Dec/2016:06:06:57 -0500] "GET /galeria/nivo-slider/demo/undefined HTTP/1.1" 404 1314
190.84.52.10 - - [26/Dec/2016:06:08:07 -0500] "GET /BLA/boletinlegal/js/jquery.scrollShow.js HTTP/1.1" 200 4586
190.84.52.10 - - [26/Dec/2016:06:08:07 -0500] "GET /galeria/galeria/jquery.fancybox.js?v=2.1.5 HTTP/1.1" 200 48706
190.84.52.10 - - [26/Dec/2016:06:08:07 -0500] "GET /galeria/galeria/jquery.fancybox.css?v=2.1.5 HTTP/1.1" 200 4895
190.84.52.10 - - [26/Dec/2016:06:08:13 -0500] "GET /BLA/boletinlegal/js/jquery.scrollShow.js HTTP/1.1" 304 -
190.84.52.10 - - [26/Dec/2016:06:08:13 -0500] "GET /galeria/galeria/jquery.fancybox.js?v=2.1.5 HTTP/1.1" 304 -
190.84.52.10 - - [26/Dec/2016:06:08:13 -0500] "GET /galeria/galeria/jquery.fancybox.css?v=2.1.5 HTTP/1.1" 304 -
98.143.112.201 - - [26/Dec/2016:06:08:15 -0500] "GET /wp/wp-admin/ HTTP/1.1" 404 1018
201.245.192.253 - - [26/Dec/2016:06:08:21 -0500] "GET /galeria/nivo-slider/demo/undefined HTTP/1.1" 404 1314
192.168.175.104 - - [26/Dec/2016:06:08:31 -0500] "GET / HTTP/1.0" 200 9990
192.168.175.104 - - [26/Dec/2016:06:08:33 -0500] "GET / HTTP/1.1" 200 9990
201.245.192.253 - - [26/Dec/2016:06:09:08 -0500] "GET /galeria/nivo-slider/demo/undefined HTTP/1.1" 404 1314
66.249.64.51 - - [26/Dec/2016:06:09:40 -0500] "GET /galeria/galeria/fotos/Pacto_Madera5G.jpg HTTP/1.1" 200 78516
163.172.64.252 - - [26/Dec/2016:06:10:12 -0500] "GET /BLA/resoluciones/index.php?dir=RESOLUCIONES+2006%2FRES+2006+151-200%2F HTTP/1.1" 200 12238
201.245.192.253 - - [26/Dec/2016:06:10:32 -0500] "GET /galeria/nivo-slider/demo/undefined HTTP/1.1" 404 1314
181.142.145.151 - - [26/Dec/2016:06:10:49 -0500] "GET /isolucionsda/FrameSetGeneral.asp?Pagina=Menu.asp&IdModulo=32 HTTP/1.1" 200 6586
181.142.145.151 - - [26/Dec/2016:06:10:49 -0500] "GET /isolucionsda/Encabezado.asp?Pagina=Menu.asp&IdModulo=32 HTTP/1.1" 200 15406
181.142.145.151 - - [26/Dec/2016:06:10:49 -0500] "GET /isolucionsda/BarraTitulos.asp?Pagina=Menu.asp&IdModulo=32 HTTP/1.1" 200 6984
181.142.145.151 - - [26/Dec/2016:06:10:49 -0500] "GET /isolucionsda/Menu.asp?Pagina=Menu.asp&IdModulo=32 HTTP/1.1" 200 8981
181.142.145.151 - - [26/Dec/2016:06:10:49 -0500] "GET /isolucionsda/BarraFavoritos.asp HTTP/1.1" 200 911
181.142.145.151 - - [26/Dec/2016:06:10:49 -0500] "GET /isolucionsda/Session.asp?Continue=1 HTTP/1.1" 200 6323
181.142.145.151 - - [26/Dec/2016:06:10:49 -0500] "GET /isolucionsda/g/MenuIcono/ico_riesgos.jpg HTTP/1.1" 200 1236
181.142.145.151 - - [26/Dec/2016:06:10:56 -0500] "GET /isolucionsda/FrameSetGeneral.asp?Pagina=RiesgosDafp/RiesgoMapa.asp HTTP/1.1" 200 6622
181.142.145.151 - - [26/Dec/2016:06:10:56 -0500] "GET /isolucionsda/BarraTitulos.asp?Pagina=RiesgosDafp/RiesgoMapa.asp HTTP/1.1" 200 6984
181.142.145.151 - - [26/Dec/2016:06:10:56 -0500] "GET /isolucionsda/Encabezado.asp?Pagina=RiesgosDafp/RiesgoMapa.asp HTTP/1.1" 200 15397
181.142.145.151 - - [26/Dec/2016:06:10:56 -0500] "GET /isolucionsda/Session.asp?Continue=1 HTTP/1.1" 200 6323
181.142.145.151 - - [26/Dec/2016:06:11:01 -0500] "GET /isolucionsda/FrameSetGeneral.asp?Pagina=SucursalSeleccion.asp&CargaPagina=ModuloProcesos&IdModulo=3 HTTP/1.1" 200 6716
181.142.145.151 - - [26/Dec/2016:06:11:02 -0500] "GET /isolucionsda/FrameSetGeneral.asp?Pagina=Menu.asp&IdModulo=4 HTTP/1.1" 200 6583
181.142.145.151 - - [26/Dec/2016:06:10:56 -0500] "GET /isolucionsda/RiesgosDafp/RiesgoMapa.asp?Pagina=RiesgosDafp/RiesgoMapa.asp HTTP/1.1" 200 88433
181.142.145.151 - - [26/Dec/2016:06:11:03 -0500] "GET /isolucionsda/BarraFavoritos.asp HTTP/1.1" 200 911
181.142.145.151 - - [26/Dec/2016:06:11:03 -0500] "GET /isolucionsda/Menu.asp?Pagina=Menu.asp&IdModulo=4 HTTP/1.1" 200 9695
181.142.145.151 - - [26/Dec/2016:06:11:03 -0500] "GET /isolucionsda/BarraTitulos.asp?Pagina=Menu.asp&IdModulo=4 HTTP/1.1" 200 6985
181.142.145.151 - - [26/Dec/2016:06:11:03 -0500] "GET /isolucionsda/Encabezado.asp?Pagina=Menu.asp&IdModulo=4 HTTP/1.1" 200 15403
181.142.145.151 - - [26/Dec/2016:06:11:03 -0500] "GET /isolucionsda/Session.asp?Continue=1 HTTP/1.1" 200 6323
181.142.145.151 - - [26/Dec/2016:06:11:04 -0500] "GET /isolucionsda/FrameSetGeneral.asp?Pagina=Magazin.asp&Sigla=MAC&IdModulo=2 HTTP/1.1" 200 6625
181.142.145.151 - - [26/Dec/2016:06:11:04 -0500] "GET /isolucionsda/Encabezado.asp?Pagina=Magazin.asp&Sigla=MAC&IdModulo=2 HTTP/1.1" 200 15396
181.142.145.151 - - [26/Dec/2016:06:11:04 -0500] "GET /isolucionsda/BarraTitulos.asp?Pagina=Magazin.asp&Sigla=MAC&IdModulo=2 HTTP/1.1" 200 6989
181.142.145.151 - - [26/Dec/2016:06:11:04 -0500] "GET /isolucionsda/Magazin.asp?Pagina=Magazin.asp&Sigla=MAC&IdModulo=2 HTTP/1.1" 200 11924
181.142.145.151 - - [26/Dec/2016:06:11:04 -0500] "GET /isolucionsda/Session.asp?Continue=1 HTTP/1.1" 200 6323
181.142.145.151 - - [26/Dec/2016:06:11:04 -0500] "GET /isolucionsda/BarraFavoritos.asp HTTP/1.1" 200 911
181.142.145.151 - - [26/Dec/2016:06:11:05 -0500] "GET /isolucionsda/g/Bgr_DestacadoFFFFFF.jpg HTTP/1.1" 404 5233
181.142.145.151 - - [26/Dec/2016:06:11:14 -0500] "GET /isolucionsda/FramesetArticulo.asp?Pagina=bancoconocimiento%2FM%2FMANUALDELSISTEMAINTEGRADODEGESTION%5Fv13%2FMANUALDELSISTEMAINTEGRADODEGESTION%5Fv13%2Easp&IdArticulo=10438&Codigo=&Fecha=&Version=&Procedimiento=&cliente= HTTP/1.1" 200 7488
181.142.145.151 - - [26/Dec/2016:06:11:15 -0500] "GET /isolucionsda/g/vacio1x1.gif HTTP/1.1" 200 807
181.142.145.151 - - [26/Dec/2016:06:11:15 -0500] "GET /isolucionsda/bancoconocimiento/M/MANUALDELSISTEMAINTEGRADODEGESTION_v13/MANUALDELSISTEMAINTEGRADODEGESTION_v13.asp?IdArticulo=10438 HTTP/1.1" 200 114945
181.142.145.151 - - [26/Dec/2016:06:11:15 -0500] "GET /isolucionsda/Arriba.asp?Pagina=bancoconocimiento%2FM%2FMANUALDELSISTEMAINTEGRADODEGESTION%5Fv13%2FMANUALDELSISTEMAINTEGRADODEGESTION%5Fv13%2Easp&IdArticulo=10438&Codigo=&Fecha=&Version=&Procedimiento=&cliente= HTTP/1.1" 200 10646
181.142.145.151 - - [26/Dec/2016:06:11:15 -0500] "GET /isolucionsda/bancoconocimiento/M/MANUALDELSISTEMAINTEGRADODEGESTION_v13/10.jpg HTTP/1.1" 200 43247
181.142.145.151 - - [26/Dec/2016:06:11:15 -0500] "GET /isolucionsda/bancoconocimiento/M/MANUALDELSISTEMAINTEGRADODEGESTION_v13/mapa%20de%20procesos%2070.jpg HTTP/1.1" 200 99971
181.142.145.151 - - [26/Dec/2016:06:11:15 -0500] "GET /isolucionsda/bancoconocimiento/M/MANUALDELSISTEMAINTEGRADODEGESTION_v13/correracion%20politica%20objetivos0.png HTTP/1.1" 200 44723
181.142.145.151 - - [26/Dec/2016:06:11:16 -0500] "GET /isolucionsda/StyleSheet.css HTTP/1.1" 200 4664
181.142.145.151 - - [26/Dec/2016:06:11:16 -0500] "GET /isolucionsda/g/icono_noconformidad.jpg HTTP/1.1" 200 1235
181.142.145.151 - - [26/Dec/2016:06:11:16 -0500] "GET /isolucionsda/g/icono_alerta.jpg HTTP/1.1" 200 1448
181.142.145.151 - - [26/Dec/2016:06:11:15 -0500] "GET /isolucionsda/bancoconocimiento/M/MANUALDELSISTEMAINTEGRADODEGESTION_v13/estructura%20meci%2020140.jpg HTTP/1.1" 200 90130
181.142.145.151 - - [26/Dec/2016:06:11:16 -0500] "GET /isolucionsda/bancoconocimiento/M/MANUALDELSISTEMAINTEGRADODEGESTION_v13/correlacion%20normas%20sig01.png HTTP/1.1" 200 107787
181.142.145.151 - - [26/Dec/2016:06:11:15 -0500] "GET /isolucionsda/bancoconocimiento/M/MANUALDELSISTEMAINTEGRADODEGESTION_v13/procesos%20estructura%20sda0.jpg HTTP/1.1" 200 188592
181.142.145.151 - - [26/Dec/2016:06:10:56 -0500] "GET /isolucionsda/BarraFavoritos.asp HTTP/1.1" 200 -
192.168.175.104 - - [26/Dec/2016:06:11:18 -0500] "GET / HTTP/1.1" 200 9990
201.245.192.253 - - [26/Dec/2016:06:11:19 -0500] "GET /galeria/nivo-slider/demo/undefined HTTP/1.1" 404 1314
181.142.145.151 - - [26/Dec/2016:06:11:50 -0500] "GET /isolucionsda//bancoconocimiento/R/Resolucion2269del20dediciembrede2016/Resolucion2269del20dediciembrede2016.asp HTTP/1.1" 302 155
181.142.145.151 - - [26/Dec/2016:06:11:50 -0500] "GET /isolucionsda//bancoconocimiento/R/Resolucion2269del20dediciembrede2016/resolucion%202269%20de%2020160.pdf HTTP/1.1" 200 284960
69.162.124.232 - - [26/Dec/2016:06:11:51 -0500] "HEAD / HTTP/1.1" 200 -
207.46.13.89 - - [26/Dec/2016:06:12:21 -0500] "GET /galeria/galeria/jquery.fancybox.css?v=2.1.5 HTTP/1.1" 200 4895
201.245.192.253 - - [26/Dec/2016:06:12:43 -0500] "GET /galeria/nivo-slider/demo/undefined HTTP/1.1" 404 1314
181.142.145.151 - - [26/Dec/2016:06:12:53 -0500] "GET /isolucionsda/ HTTP/1.1" 302 140
181.142.145.151 - - [26/Dec/2016:06:12:55 -0500] "GET /isolucionsda/ControlDeInicio.asp HTTP/1.1" 200 739
181.142.145.151 - - [26/Dec/2016:06:12:57 -0500] "GET /isolucionsda/IdentificaUsuario.asp?Pagina1=FrameSetGeneral.asp& HTTP/1.1" 302 173
181.142.145.151 - - [26/Dec/2016:06:12:58 -0500] "GET /isolucionsda/FrameSetGeneral.asp?Pagina1=FrameSetGeneral.asp& HTTP/1.1" 200 6613
181.142.145.151 - - [26/Dec/2016:06:12:59 -0500] "GET /isolucionsda/Encabezado.asp?Pagina1=FrameSetGeneral.asp&&Pagina=MagazinHome.asp HTTP/1.1" 200 15409
181.142.145.151 - - [26/Dec/2016:06:12:59 -0500] "GET /isolucionsda/BarraFavoritos.asp HTTP/1.1" 200 911
181.142.145.151 - - [26/Dec/2016:06:12:59 -0500] "GET /isolucionsda/BarraTitulos.asp?Pagina1=FrameSetGeneral.asp&&Pagina=MagazinHome.asp HTTP/1.1" 200 6972
181.142.145.151 - - [26/Dec/2016:06:12:59 -0500] "GET /isolucionsda/Session.asp?Continue=1 HTTP/1.1" 200 6323
181.142.145.151 - - [26/Dec/2016:06:12:59 -0500] "GET /isolucionsda/MagazinHome.asp HTTP/1.1" 200 38879
180.76.15.10 - - [26/Dec/2016:06:13:09 -0500] "GET /BLA/boletinlegal/Directivas/2009/Directiva%20No.%20del%2023%20de%20Diciembre%20de%202009.pdf HTTP/1.1" 200 1636862
192.168.175.104 - - [26/Dec/2016:06:13:29 -0500] "GET / HTTP/1.0" 200 9990
201.245.192.253 - - [26/Dec/2016:06:13:30 -0500] "GET /galeria/nivo-slider/demo/undefined HTTP/1.1" 404 1314
192.168.175.104 - - [26/Dec/2016:06:13:30 -0500] "GET / HTTP/1.1" 200 9990
163.172.66.126 - - [26/Dec/2016:06:14:47 -0500] "GET /BLA/resoluciones/RESOLUCIONES%202004/RES%202004%20251-300/00000276.tif HTTP/1.1" 200 98882
201.245.192.253 - - [26/Dec/2016:06:14:53 -0500] "GET /galeria/nivo-slider/demo/undefined HTTP/1.1" 404 1314
190.145.110.36 - - [26/Dec/2016:06:14:57 -0500] "GET /galeria/galeria/jquery.fancybox.css?v=2.1.5 HTTP/1.1" 200 4895
190.145.110.36 - - [26/Dec/2016:06:14:57 -0500] "GET /BLA/boletinlegal/js/jquery.scrollShow.js HTTP/1.1" 200 4586
190.145.110.36 - - [26/Dec/2016:06:14:57 -0500] "GET /galeria/galeria/jquery.fancybox.js?v=2.1.5 HTTP/1.1" 200 48706
190.145.110.36 - - [26/Dec/2016:06:15:12 -0500] "GET /galeria/galeria/jquery.fancybox.js?v=2.1.5 HTTP/1.1" 304 -
190.145.110.36 - - [26/Dec/2016:06:15:12 -0500] "GET /BLA/boletinlegal/js/jquery.scrollShow.js HTTP/1.1" 304 -
190.145.110.36 - - [26/Dec/2016:06:15:12 -0500] "GET /galeria/galeria/jquery.fancybox.css?v=2.1.5 HTTP/1.1" 304 -
201.245.192.253 - - [26/Dec/2016:06:15:41 -0500] "GET /galeria/nivo-slider/demo/undefined HTTP/1.1" 404 1314
181.58.238.238 - - [26/Dec/2016:06:16:05 -0500] "GET /galeria/galeria/jquery.fancybox.js?v=2.1.5 HTTP/1.1" 200 48706
181.58.238.238 - - [26/Dec/2016:06:16:05 -0500] "GET /galeria/galeria/jquery.fancybox.css?v=2.1.5 HTTP/1.1" 200 4895
181.58.238.238 - - [26/Dec/2016:06:16:05 -0500] "GET /BLA/boletinlegal/js/jquery.scrollShow.js HTTP/1.1" 200 4586
181.58.238.238 - - [26/Dec/2016:06:16:05 -0500] "GET /galeria/carrusel/Carrusel/jquery.thumbnailScroller.css HTTP/1.1" 200 2066
181.58.238.238 - - [26/Dec/2016:06:16:05 -0500] "GET /galeria/carrusel/Carrusel/jquery-ui-1.8.13.custom.min.js HTTP/1.1" 200 10800
181.58.238.238 - - [26/Dec/2016:06:16:05 -0500] "GET /galeria/carrusel/Carrusel/jquery.thumbnailScroller.js HTTP/1.1" 200 8157
181.58.238.238 - - [26/Dec/2016:06:16:05 -0500] "GET /galeria/nivo-slider/demo/demo.html HTTP/1.1" 200 3906
181.58.238.238 - - [26/Dec/2016:06:16:05 -0500] "GET /galeria/nivo-slider/themes/default/default.css HTTP/1.1" 200 1569
181.58.238.238 - - [26/Dec/2016:06:16:05 -0500] "GET /galeria/nivo-slider/themes/pascal/pascal.css HTTP/1.1" 200 2258
181.58.238.238 - - [26/Dec/2016:06:16:05 -0500] "GET /galeria/nivo-slider/themes/orman/orman.css HTTP/1.1" 200 2152
181.58.238.238 - - [26/Dec/2016:06:16:05 -0500] "GET /galeria/nivo-slider/nivo-slider.css HTTP/1.1" 200 1507
181.58.238.238 - - [26/Dec/2016:06:16:05 -0500] "GET /galeria/nivo-slider/demo/style.css HTTP/1.1" 200 2222
181.58.238.238 - - [26/Dec/2016:06:16:05 -0500] "GET /galeria/nivo-slider/demo/scripts/jquery-1.7.1.min.js HTTP/1.1" 200 93868
181.58.238.238 - - [26/Dec/2016:06:16:05 -0500] "GET /galeria/nivo-slider/jquery.nivo.slider.pack.js HTTP/1.1" 200 11561
181.58.238.238 - - [26/Dec/2016:06:16:05 -0500] "GET /galeria/nivo-slider/demo/images/bannerwebnavidadenloshumedales.jpg HTTP/1.1" 200 157616
181.58.238.238 - - [26/Dec/2016:06:16:05 -0500] "GET /galeria/nivo-slider/demo/images/bannerwebcampa%C3%B1amusgo3.jpg HTTP/1.1" 200 277175
181.58.238.238 - - [26/Dec/2016:06:16:05 -0500] "GET /galeria/nivo-slider/demo/images/pieza%20webtinguas.jpg HTTP/1.1" 200 175651
181.58.238.238 - - [26/Dec/2016:06:16:06 -0500] "GET /galeria/nivo-slider/demo/images/bannerinvitaci%C3%B3nacaminatasecologicas2.jpg HTTP/1.1" 200 513253
181.58.238.238 - - [26/Dec/2016:06:16:06 -0500] "GET /galeria/nivo-slider/demo/images/banner%20encuesta%20sda2-web3.jpg HTTP/1.1" 200 111668
181.58.238.238 - - [26/Dec/2016:06:16:07 -0500] "GET /galeria/nivo-slider/demo/images/bannersilvicultura.jpg HTTP/1.1" 200 173023
181.58.238.238 - - [26/Dec/2016:06:16:07 -0500] "GET /galeria/nivo-slider/demo/images/BANNERARBOLES.jpg HTTP/1.1" 200 227630
181.58.238.238 - - [26/Dec/2016:06:16:07 -0500] "GET /galeria/nivo-slider/demo/images/ACOPIADORESYGESTORES.jpg HTTP/1.1" 200 118791
181.58.238.238 - - [26/Dec/2016:06:16:08 -0500] "GET /galeria/nivo-slider/demo/images/bannergestionambiental2.jpg HTTP/1.1" 200 245647
181.58.238.238 - - [26/Dec/2016:06:16:08 -0500] "GET /galeria/nivo-slider/demo/images/vegetal.jpg HTTP/1.1" 200 216080
181.58.238.238 - - [26/Dec/2016:06:16:08 -0500] "GET /galeria/nivo-slider/demo/images/Ruta-vertimientos-01.jpg HTTP/1.1" 200 130151
181.58.238.238 - - [26/Dec/2016:06:16:09 -0500] "GET /galeria/nivo-slider/demo/images/bolsas-06.jpg HTTP/1.1" 200 210950
181.58.238.238 - - [26/Dec/2016:06:16:10 -0500] "GET /galeria/nivo-slider/demo/images/4Simple_Slider.png HTTP/1.1" 200 11722
181.58.238.238 - - [26/Dec/2016:06:16:10 -0500] "GET /galeria/nivo-slider/themes/default/loading.gif HTTP/1.1" 200 1737
181.58.238.238 - - [26/Dec/2016:06:16:11 -0500] "GET /galeria/nivo-slider/themes/default/arrows.png HTTP/1.1" 200 824
181.58.238.238 - - [26/Dec/2016:06:16:11 -0500] "GET /galeria/nivo-slider/themes/default/bullets.png HTTP/1.1" 200 1281
192.168.175.104 - - [26/Dec/2016:06:16:16 -0500] "GET / HTTP/1.1" 200 9990
69.162.124.232 - - [26/Dec/2016:06:16:51 -0500] "HEAD / HTTP/1.1" 200 -
181.58.238.238 - - [26/Dec/2016:06:17:00 -0500] "GET /BLA/boletinlegal/js/jquery.scrollShow.js HTTP/1.1" 304 -
181.58.238.238 - - [26/Dec/2016:06:17:00 -0500] "GET /galeria/galeria/jquery.fancybox.css?v=2.1.5 HTTP/1.1" 304 -
181.58.238.238 - - [26/Dec/2016:06:17:00 -0500] "GET /galeria/galeria/jquery.fancybox.js?v=2.1.5 HTTP/1.1" 304 -
201.245.192.253 - - [26/Dec/2016:06:17:04 -0500] "GET /galeria/nivo-slider/demo/undefined HTTP/1.1" 404 1314
98.143.112.201 - - [26/Dec/2016:06:17:25 -0500] "GET /old/wp-admin/ HTTP/1.1" 404 1018
186.81.171.40 - - [26/Dec/2016:06:17:28 -0500] "GET /galeria/galeria/jquery.fancybox.css?v=2.1.5 HTTP/1.1" 200 4895
186.81.171.40 - - [26/Dec/2016:06:17:28 -0500] "GET /BLA/boletinlegal/js/jquery.scrollShow.js HTTP/1.1" 200 4586
186.81.171.40 - - [26/Dec/2016:06:17:29 -0500] "GET /galeria/galeria/jquery.fancybox.js?v=2.1.5 HTTP/1.1" 200 48706
186.81.171.40 - - [26/Dec/2016:06:17:33 -0500] "GET /BLA/boletinlegal/js/jquery.scrollShow.js HTTP/1.1" 304 -
186.81.171.40 - - [26/Dec/2016:06:17:33 -0500] "GET /galeria/galeria/jquery.fancybox.js?v=2.1.5 HTTP/1.1" 304 -
186.81.171.40 - - [26/Dec/2016:06:17:33 -0500] "GET /galeria/galeria/jquery.fancybox.css?v=2.1.5 HTTP/1.1" 304 -
201.245.192.253 - - [26/Dec/2016:06:17:51 -0500] "GET /galeria/nivo-slider/demo/undefined HTTP/1.1" 404 1314
186.81.171.40 - - [26/Dec/2016:06:18:27 -0500] "GET /sia/ HTTP/1.1" 200 2661
186.81.171.40 - - [26/Dec/2016:06:18:27 -0500] "GET /css/date_blue.css HTTP/1.1" 404 1254
186.81.171.40 - - [26/Dec/2016:06:18:27 -0500] "GET /css/fondos.css HTTP/1.1" 404 1254
186.81.171.40 - - [26/Dec/2016:06:18:27 -0500] "GET /css/textos.css HTTP/1.1" 404 1254
186.81.171.40 - - [26/Dec/2016:06:18:27 -0500] "GET /css/bordes.css HTTP/1.1" 404 1254
192.168.175.104 - - [26/Dec/2016:06:18:27 -0500] "GET / HTTP/1.0" 200 9990
186.81.171.40 - - [26/Dec/2016:06:18:27 -0500] "GET /favicon.ico HTTP/1.1" 200 7782
192.168.175.104 - - [26/Dec/2016:06:18:29 -0500] "GET / HTTP/1.1" 200 9990
186.81.171.40 - - [26/Dec/2016:06:18:30 -0500] "GET /sia/swf/intro.swf HTTP/1.1" 200 510209
201.245.192.253 - - [26/Dec/2016:06:19:15 -0500] "GET /galeria/nivo-slider/demo/undefined HTTP/1.1" 404 1314
181.58.238.238 - - [26/Dec/2016:06:19:35 -0500] "GET /galeria/bibloteca/contentflow.js HTTP/1.1" 200 42804
181.58.238.238 - - [26/Dec/2016:06:19:35 -0500] "GET /galeria/bibloteca/contentflow.css HTTP/1.1" 200 3201
181.58.238.238 - - [26/Dec/2016:06:19:35 -0500] "GET /galeria/bibloteca/mycontentflow.css HTTP/1.1" 200 3110
181.58.238.238 - - [26/Dec/2016:06:19:35 -0500] "GET /galeria/bibloteca/ContentFlowAddOn_white.js HTTP/1.1" 200 2497
181.58.238.238 - - [26/Dec/2016:06:19:35 -0500] "GET /galeria/bibloteca/ContentFlowAddOn_white.css HTTP/1.1" 200 3355
181.58.238.238 - - [26/Dec/2016:06:19:35 -0500] "GET /galeria/bibloteca/img/loader.gif HTTP/1.1" 200 8238
181.58.238.238 - - [26/Dec/2016:06:19:35 -0500] "GET /galeria/bibloteca/img/slider_white.png HTTP/1.1" 200 178
181.58.238.238 - - [26/Dec/2016:06:19:35 -0500] "GET /galeria/bibloteca/img/scrollbar_white.png HTTP/1.1" 200 82
181.58.238.238 - - [26/Dec/2016:06:19:36 -0500] "GET /galeria/bibloteca/img/1x1_0.5_white.png HTTP/1.1" 200 82
181.58.238.238 - - [26/Dec/2016:06:19:36 -0500] "GET /galeria/bibloteca/img/scrollbar_black.png HTTP/1.1" 200 82
181.58.238.238 - - [26/Dec/2016:06:19:36 -0500] "GET /galeria/bibloteca/img/ajax-loader.gif HTTP/1.1" 200 9427
181.58.238.238 - - [26/Dec/2016:06:19:37 -0500] "GET /galeria/bibloteca/img/slider_black.png HTTP/1.1" 200 175
188.32.229.83 - - [26/Dec/2016:06:19:38 -0500] "GET /isolucionsda/FrameSetGeneral.asp?Pagina=Menu.asp&IdModulo=32 HTTP/1.1" 200 205
188.32.229.83 - - [26/Dec/2016:06:19:53 -0500] "GET /IsolucionSDA/ControlDeInicio.asp HTTP/1.1" 200 739
188.32.229.83 - - [26/Dec/2016:06:19:53 -0500] "GET /IsolucionSDA/IdentificaUsuario.asp?Pagina1=FrameSetGeneral.asp& HTTP/1.1" 200 5090
188.32.229.83 - - [26/Dec/2016:06:19:54 -0500] "GET /IsolucionSDA/g/Img_LogoIsoCabezote.jpg HTTP/1.1" 200 7960
188.32.229.83 - - [26/Dec/2016:06:19:54 -0500] "GET /IsolucionSDA/g/shim.gif HTTP/1.1" 200 43
188.32.229.83 - - [26/Dec/2016:06:19:54 -0500] "GET /IsolucionSDA/g/Img_DivBarraSup.jpg HTTP/1.1" 200 323
188.32.229.83 - - [26/Dec/2016:06:19:54 -0500] "GET /IsolucionSDA/StyleSheet/StyleSheet.css HTTP/1.1" 200 22894
188.32.229.83 - - [26/Dec/2016:06:19:55 -0500] "GET /IsolucionSDA/g/Bgr_BarraSuperior.jpg HTTP/1.1" 200 419
66.249.64.51 - - [26/Dec/2016:06:20:01 -0500] "GET /BLA/resoluciones/AUTOS%202015/6615.pdf HTTP/1.1" 200 602726
201.245.192.253 - - [26/Dec/2016:06:20:02 -0500] "GET /galeria/nivo-slider/demo/undefined HTTP/1.1" 404 1314
181.60.220.86 - - [26/Dec/2016:06:20:10 -0500] "GET /galeria/galeria/jquery.fancybox.css?v=2.1.5 HTTP/1.1" 304 -
181.60.220.86 - - [26/Dec/2016:06:20:10 -0500] "GET /galeria/galeria/jquery.fancybox.js?v=2.1.5 HTTP/1.1" 304 -
181.60.220.86 - - [26/Dec/2016:06:20:10 -0500] "GET /BLA/boletinlegal/js/jquery.scrollShow.js HTTP/1.1" 304 -
66.249.64.51 - - [26/Dec/2016:06:20:27 -0500] "GET /BLA/resoluciones/AUTOS%202015/5142.pdf HTTP/1.1" 200 699062
66.249.64.51 - - [26/Dec/2016:06:20:53 -0500] "GET /BLA/resoluciones/AUTOS%202016/0515.pdf HTTP/1.1" 200 660011
181.60.220.86 - - [26/Dec/2016:06:21:03 -0500] "GET /galeria/galeria/fotos/Entrenube1P.jpg HTTP/1.1" 200 6959
181.60.220.86 - - [26/Dec/2016:06:21:03 -0500] "GET /galeria/galeria/fotos/Entrenube2P.jpg HTTP/1.1" 200 8416
181.60.220.86 - - [26/Dec/2016:06:21:03 -0500] "GET /galeria/galeria/fotos/Entrenube3P.jpg HTTP/1.1" 200 8487
181.60.220.86 - - [26/Dec/2016:06:21:03 -0500] "GET /galeria/galeria/fotos/Entrenube4P.jpg HTTP/1.1" 200 10881
192.168.175.104 - - [26/Dec/2016:06:21:14 -0500] "GET / HTTP/1.1" 200 9990
201.245.192.253 - - [26/Dec/2016:06:21:25 -0500] "GET /galeria/nivo-slider/demo/undefined HTTP/1.1" 404 1314
66.249.64.51 - - [26/Dec/2016:06:21:44 -0500] "GET /BLA/resoluciones/AUTOS%202008/0505.pdf HTTP/1.1" 200 67861
69.162.124.232 - - [26/Dec/2016:06:21:51 -0500] "HEAD / HTTP/1.1" 200 -
66.249.64.51 - - [26/Dec/2016:06:22:10 -0500] "GET /BLA/resoluciones/RESOLUCIONES%202010/2506.pdf HTTP/1.1" 200 614478
201.245.192.253 - - [26/Dec/2016:06:22:13 -0500] "GET /galeria/nivo-slider/demo/undefined HTTP/1.1" 404 1314
66.249.64.53 - - [26/Dec/2016:06:22:36 -0500] "GET /BLA/resoluciones/RESOLUCIONES%202011/0942.pdf HTTP/1.1" 200 276354
66.249.64.51 - - [26/Dec/2016:06:23:02 -0500] "GET /BLA/resoluciones/AUTOS%202008/2237.pdf HTTP/1.1" 200 181610
163.172.65.65 - - [26/Dec/2016:06:23:17 -0500] "GET /BLA/resoluciones/AUTOS%202006/AUTOS%202006%202801%20-%202900/00002815.tif HTTP/1.1" 200 105132
192.168.175.104 - - [26/Dec/2016:06:23:25 -0500] "GET / HTTP/1.0" 200 9990
192.168.175.104 - - [26/Dec/2016:06:23:27 -0500] "GET / HTTP/1.1" 200 9990
163.172.66.24 - - [26/Dec/2016:06:23:27 -0500] "GET /BLA/resoluciones/RESOLUCIONES%202005/RES%202005%20751-800/00000751.tif HTTP/1.1" 200 168444
66.249.64.51 - - [26/Dec/2016:06:23:28 -0500] "GET /BLA/resoluciones/AUTOS%202014/4420.pdf HTTP/1.1" 200 521614
201.245.192.253 - - [26/Dec/2016:06:23:36 -0500] "GET /galeria/nivo-slider/demo/undefined HTTP/1.1" 404 1314
66.249.64.53 - - [26/Dec/2016:06:23:54 -0500] "GET /BLA/resoluciones/RESOLUCIONES%202010/0702.pdf HTTP/1.1" 200 103438
66.249.64.55 - - [26/Dec/2016:06:24:20 -0500] "GET /BLA/resoluciones/AUTOS%202008/0711.pdf HTTP/1.1" 200 92371
201.245.192.253 - - [26/Dec/2016:06:24:24 -0500] "GET /galeria/nivo-slider/demo/undefined HTTP/1.1" 404 1314
66.249.64.51 - - [26/Dec/2016:06:24:46 -0500] "GET /BLA/resoluciones/RESOLUCIONES%202010/1377.pdf HTTP/1.1" 200 342998
66.249.64.53 - - [26/Dec/2016:06:25:12 -0500] "GET /BLA/resoluciones/AUTOS%202008/1743.pdf HTTP/1.1" 200 213350
211.157.19.82 - - [26/Dec/2016:06:25:36 -0500] "HEAD /phpmyadmin/index.php HTTP/1.1" 403 -
66.249.64.51 - - [26/Dec/2016:06:25:38 -0500] "GET /BLA/resoluciones/RESOLUCIONES%202010/2736.pdf HTTP/1.1" 200 380970
201.245.192.253 - - [26/Dec/2016:06:25:47 -0500] "GET /galeria/nivo-slider/demo/undefined HTTP/1.1" 404 1314
66.249.64.51 - - [26/Dec/2016:06:25:54 -0500] "GET /BLA/resoluciones/RESOLUCIONES%202010/3143.pdf HTTP/1.1" 200 99683
192.168.175.104 - - [26/Dec/2016:06:26:12 -0500] "GET / HTTP/1.1" 200 9990
66.249.64.55 - - [26/Dec/2016:06:26:15 -0500] "GET /BLA/resoluciones/RESOLUCIONES%202010/3975.pdf HTTP/1.1" 200 499083
157.55.39.185 - - [26/Dec/2016:06:26:24 -0500] "GET /robots.txt HTTP/1.1" 302 308
201.245.192.253 - - [26/Dec/2016:06:26:35 -0500] "GET /galeria/nivo-slider/demo/undefined HTTP/1.1" 404 1314
66.249.64.53 - - [26/Dec/2016:06:26:36 -0500] "GET /BLA/resoluciones/AUTOS%202010/1460.pdf HTTP/1.1" 200 245463
69.162.124.232 - - [26/Dec/2016:06:26:51 -0500] "HEAD / HTTP/1.1" 200 -
66.249.64.51 - - [26/Dec/2016:06:26:57 -0500] "GET /BLA/resoluciones/RESOLUCIONES%202010/2028.pdf HTTP/1.1" 200 340994
181.142.145.151 - - [26/Dec/2016:06:27:05 -0500] "GET /isolucionsda/Session.asp HTTP/1.1" 200 6325
66.249.64.51 - - [26/Dec/2016:06:27:18 -0500] "GET /BLA/resoluciones/RESOLUCIONES%202010/6528.pdf HTTP/1.1" 200 343085
66.249.64.51 - - [26/Dec/2016:06:27:40 -0500] "GET /BLA/resoluciones/AUTOS%202008/0806.pdf HTTP/1.1" 200 114443
201.245.192.253 - - [26/Dec/2016:06:27:57 -0500] "GET /galeria/nivo-slider/demo/undefined HTTP/1.1" 404 1314
66.249.64.51 - - [26/Dec/2016:06:28:01 -0500] "GET /BLA/resoluciones/RESOLUCIONES%202010/0699.pdf HTTP/1.1" 200 104508
66.249.64.51 - - [26/Dec/2016:06:28:22 -0500] "GET /BLA/resoluciones/RESOLUCIONES%202010/7774.pdf HTTP/1.1" 200 71034
192.168.175.104 - - [26/Dec/2016:06:28:23 -0500] "GET / HTTP/1.0" 200 9990
192.168.175.104 - - [26/Dec/2016:06:28:25 -0500] "GET / HTTP/1.1" 200 9990
66.249.64.53 - - [26/Dec/2016:06:28:43 -0500] "GET /BLA/resoluciones/RESOLUCIONES%202009/7119.pdf HTTP/1.1" 200 496473
163.172.65.216 - - [26/Dec/2016:06:28:46 -0500] "GET /BLA/resoluciones/RESOLUCIONES%202002/RES%202002%201901-1950/20021908.tif HTTP/1.1" 200 1254994
201.245.192.253 - - [26/Dec/2016:06:28:46 -0500] "GET /galeria/nivo-slider/demo/undefined HTTP/1.1" 404 1314
66.249.64.51 - - [26/Dec/2016:06:29:04 -0500] "GET /BLA/resoluciones/AUTOS%202010/5659.pdf HTTP/1.1" 200 498714
52.3.127.144 - - [26/Dec/2016:06:29:14 -0500] "GET /robots.txt HTTP/1.1" 404 1018
66.249.64.55 - - [26/Dec/2016:06:29:46 -0500] "GET /BLA/resoluciones/RESOLUCIONES%202011/2847.pdf HTTP/1.1" 200 725216
66.249.64.55 - - [26/Dec/2016:06:30:07 -0500] "GET /BLA/resoluciones/RESOLUCIONES%202010/3744.pdf HTTP/1.1" 200 318255
201.245.192.253 - - [26/Dec/2016:06:30:08 -0500] "GET /galeria/nivo-slider/demo/undefined HTTP/1.1" 404 1314
52.3.127.144 - - [26/Dec/2016:06:30:17 -0500] "GET /catalogoisis/Js/Cookies.js HTTP/1.1" 200 1369
66.249.64.55 - - [26/Dec/2016:06:30:28 -0500] "GET /BLA/resoluciones/RESOLUCIONES%202010/0438.pdf HTTP/1.1" 200 451485
66.249.64.53 - - [26/Dec/2016:06:30:49 -0500] "GET /BLA/resoluciones/RESOLUCIONES%202010/0294.pdf HTTP/1.1" 200 390402
201.245.192.253 - - [26/Dec/2016:06:30:57 -0500] "GET /galeria/nivo-slider/demo/undefined HTTP/1.1" 404 1314
66.249.64.51 - - [26/Dec/2016:06:31:10 -0500] "GET /BLA/resoluciones/RESOLUCIONES%202010/3630.pdf HTTP/1.1" 200 319312
192.168.175.104 - - [26/Dec/2016:06:31:10 -0500] "GET / HTTP/1.1" 200 9990
186.31.210.249 - - [26/Dec/2016:06:31:19 -0500] "GET /BLA/boletinlegal/js/jquery.scrollShow.js HTTP/1.1" 200 4586
186.31.210.249 - - [26/Dec/2016:06:31:19 -0500] "GET /galeria/galeria/jquery.fancybox.js?v=2.1.5 HTTP/1.1" 200 48706
186.31.210.249 - - [26/Dec/2016:06:31:20 -0500] "GET /galeria/galeria/jquery.fancybox.css?v=2.1.5 HTTP/1.1" 200 4895
186.31.210.249 - - [26/Dec/2016:06:31:20 -0500] "GET /galeria/carrusel/Carrusel/jquery.thumbnailScroller.css HTTP/1.1" 200 2066
186.31.210.249 - - [26/Dec/2016:06:31:20 -0500] "GET /galeria/carrusel/Carrusel/jquery.thumbnailScroller.js HTTP/1.1" 200 8157
186.31.210.249 - - [26/Dec/2016:06:31:20 -0500] "GET /galeria/carrusel/Carrusel/jquery-ui-1.8.13.custom.min.js HTTP/1.1" 200 10800
186.31.210.249 - - [26/Dec/2016:06:31:27 -0500] "GET /galeria/nivo-slider/demo/demo.html HTTP/1.1" 200 3906
186.31.210.249 - - [26/Dec/2016:06:31:27 -0500] "GET /galeria/nivo-slider/themes/pascal/pascal.css HTTP/1.1" 200 2258
186.31.210.249 - - [26/Dec/2016:06:31:27 -0500] "GET /galeria/nivo-slider/nivo-slider.css HTTP/1.1" 200 1507
186.31.210.249 - - [26/Dec/2016:06:31:27 -0500] "GET /galeria/nivo-slider/demo/images/bannerwebnavidadenloshumedales.jpg HTTP/1.1" 200 157616
186.31.210.249 - - [26/Dec/2016:06:31:27 -0500] "GET /galeria/nivo-slider/demo/images/pieza%20webtinguas.jpg HTTP/1.1" 200 175651
186.31.210.249 - - [26/Dec/2016:06:31:27 -0500] "GET /galeria/nivo-slider/demo/style.css HTTP/1.1" 200 2222
186.31.210.249 - - [26/Dec/2016:06:31:28 -0500] "GET /galeria/nivo-slider/jquery.nivo.slider.pack.js HTTP/1.1" 200 11561
186.31.210.249 - - [26/Dec/2016:06:31:28 -0500] "GET /galeria/nivo-slider/themes/default/default.css HTTP/1.1" 200 1569
186.31.210.249 - - [26/Dec/2016:06:31:28 -0500] "GET /galeria/nivo-slider/demo/scripts/jquery-1.7.1.min.js HTTP/1.1" 200 93868
186.31.210.249 - - [26/Dec/2016:06:31:28 -0500] "GET /galeria/nivo-slider/demo/images/bannerinvitaci%C3%B3nacaminatasecologicas2.jpg HTTP/1.1" 200 513253
186.31.210.249 - - [26/Dec/2016:06:31:28 -0500] "GET /galeria/nivo-slider/demo/images/bannerwebcampa%C3%B1amusgo3.jpg HTTP/1.1" 200 277175
186.31.210.249 - - [26/Dec/2016:06:31:28 -0500] "GET /galeria/nivo-slider/demo/images/banner%20encuesta%20sda2-web3.jpg HTTP/1.1" 200 111668
186.31.210.249 - - [26/Dec/2016:06:31:29 -0500] "GET /galeria/nivo-slider/themes/orman/orman.css HTTP/1.1" 200 2152
186.31.210.249 - - [26/Dec/2016:06:31:30 -0500] "GET /galeria/nivo-slider/demo/images/vegetal.jpg HTTP/1.1" 200 216080
66.249.64.53 - - [26/Dec/2016:06:31:31 -0500] "GET /BLA/resoluciones/RESOLUCIONES%202010/6573.pdf HTTP/1.1" 200 2006727
186.31.210.249 - - [26/Dec/2016:06:31:34 -0500] "GET /galeria/nivo-slider/demo/images/bannersilvicultura.jpg HTTP/1.1" 200 173023
186.31.210.249 - - [26/Dec/2016:06:31:34 -0500] "GET /galeria/nivo-slider/demo/images/Ruta-vertimientos-01.jpg HTTP/1.1" 200 130151
186.31.210.249 - - [26/Dec/2016:06:31:34 -0500] "GET /galeria/nivo-slider/demo/images/4Simple_Slider.png HTTP/1.1" 200 11722
186.31.210.249 - - [26/Dec/2016:06:31:34 -0500] "GET /galeria/nivo-slider/themes/default/loading.gif HTTP/1.1" 200 1737
186.31.210.249 - - [26/Dec/2016:06:31:34 -0500] "GET /galeria/nivo-slider/demo/images/bannergestionambiental2.jpg HTTP/1.1" 200 245647
186.31.210.249 - - [26/Dec/2016:06:31:35 -0500] "GET /galeria/nivo-slider/demo/images/BANNERARBOLES.jpg HTTP/1.1" 200 227630
186.31.210.249 - - [26/Dec/2016:06:31:35 -0500] "GET /galeria/nivo-slider/demo/images/bolsas-06.jpg HTTP/1.1" 200 210950
186.31.210.249 - - [26/Dec/2016:06:31:35 -0500] "GET /galeria/nivo-slider/demo/images/ACOPIADORESYGESTORES.jpg HTTP/1.1" 200 118791
66.249.64.53 - - [26/Dec/2016:06:31:52 -0500] "GET /BLA/resoluciones/RESOLUCIONES%202009/9314.pdf HTTP/1.1" 200 443719
186.31.210.249 - - [26/Dec/2016:06:32:12 -0500] "GET /galeria/nivo-slider/themes/default/arrows.png HTTP/1.1" 200 824
186.31.210.249 - - [26/Dec/2016:06:32:12 -0500] "GET /galeria/nivo-slider/themes/default/bullets.png HTTP/1.1" 200 1281
66.249.64.55 - - [26/Dec/2016:06:32:13 -0500] "GET /BLA/resoluciones/RESOLUCIONES%202010/1613.pdf HTTP/1.1" 200 283191
201.245.192.253 - - [26/Dec/2016:06:32:19 -0500] "GET /galeria/nivo-slider/demo/undefined HTTP/1.1" 404 1314
157.55.39.185 - - [26/Dec/2016:06:32:28 -0500] "GET /robots.txt HTTP/1.1" 302 308
66.249.64.53 - - [26/Dec/2016:06:32:34 -0500] "GET /BLA/resoluciones/RESOLUCIONES%202009/8262.pdf HTTP/1.1" 200 293063
190.121.132.50 - - [26/Dec/2016:06:32:36 -0500] "GET /BLA/boletinlegal/js/jquery.scrollShow.js HTTP/1.1" 200 4586
190.121.132.50 - - [26/Dec/2016:06:32:37 -0500] "GET /galeria/galeria/jquery.fancybox.js?v=2.1.5 HTTP/1.1" 200 48706
190.121.132.50 - - [26/Dec/2016:06:32:38 -0500] "GET /galeria/galeria/jquery.fancybox.css?v=2.1.5 HTTP/1.1" 200 4895
66.249.64.51 - - [26/Dec/2016:06:32:55 -0500] "GET /BLA/resoluciones/AUTOS%202014/3951.pdf HTTP/1.1" 200 491690
201.245.192.253 - - [26/Dec/2016:06:33:08 -0500] "GET /galeria/nivo-slider/demo/undefined HTTP/1.1" 404 1314
192.168.175.104 - - [26/Dec/2016:06:33:21 -0500] "GET / HTTP/1.0" 200 9990
192.168.175.104 - - [26/Dec/2016:06:33:23 -0500] "GET / HTTP/1.1" 200 9990
66.249.64.51 - - [26/Dec/2016:06:33:58 -0500] "GET /BLA/resoluciones/RESOLUCIONES%202012/1558.pdf HTTP/1.1" 200 2186959
66.249.64.53 - - [26/Dec/2016:06:34:21 -0500] "GET /BLA/resoluciones/RESOLUCIONES%202007/RES%202007%20101%20AL%20200/RESOLUCION%20019%20DE%202007.pdf HTTP/1.1" 200 5528124
201.245.192.253 - - [26/Dec/2016:06:34:29 -0500] "GET /galeria/nivo-slider/demo/undefined HTTP/1.1" 404 1314
66.249.64.57 - - [26/Dec/2016:06:34:43 -0500] "GET /BLA/resoluciones/AUTOS%202015/1113.pdf HTTP/1.1" 200 528302
207.46.13.89 - - [26/Dec/2016:06:34:52 -0500] "GET /galeria/galeria/jquery.fancybox.css?v=2.1.5 HTTP/1.1" 200 4895
201.245.192.253 - - [26/Dec/2016:06:35:19 -0500] "GET /galeria/nivo-slider/demo/undefined HTTP/1.1" 404 1314
192.168.175.104 - - [26/Dec/2016:06:36:08 -0500] "GET / HTTP/1.1" 200 9990
201.245.192.253 - - [26/Dec/2016:06:36:40 -0500] "GET /galeria/nivo-slider/demo/undefined HTTP/1.1" 404 1314
66.249.64.53 - - [26/Dec/2016:06:37:27 -0500] "GET /galeria/galeria/fotos/Pacto_Madera11G.jpg HTTP/1.1" 200 71873
201.245.192.253 - - [26/Dec/2016:06:37:30 -0500] "GET /galeria/nivo-slider/demo/undefined HTTP/1.1" 404 1314
192.168.175.104 - - [26/Dec/2016:06:38:20 -0500] "GET / HTTP/1.0" 200 9990
192.168.175.104 - - [26/Dec/2016:06:38:21 -0500] "GET / HTTP/1.1" 200 9990
66.249.64.51 - - [26/Dec/2016:06:38:36 -0500] "GET /BLA/boletinlegal/notificaciones.php HTTP/1.1" 200 3351
201.245.192.253 - - [26/Dec/2016:06:38:51 -0500] "GET /galeria/nivo-slider/demo/undefined HTTP/1.1" 404 1314
69.162.124.232 - - [26/Dec/2016:06:38:58 -0500] "HEAD / HTTP/1.1" 200 -
201.245.192.253 - - [26/Dec/2016:06:39:41 -0500] "GET /galeria/nivo-slider/demo/undefined HTTP/1.1" 404 1314
180.76.15.151 - - [26/Dec/2016:06:40:24 -0500] "GET / HTTP/1.1" 200 9990
201.245.192.253 - - [26/Dec/2016:06:40:34 -0500] "GET /galeria/nivo-slider/demo/demo.html HTTP/1.1" 304 -
201.245.192.253 - - [26/Dec/2016:06:40:34 -0500] "GET /galeria/nivo-slider/themes/pascal/pascal.css HTTP/1.1" 304 -
201.245.192.253 - - [26/Dec/2016:06:40:34 -0500] "GET /galeria/nivo-slider/themes/orman/orman.css HTTP/1.1" 304 -
201.245.192.253 - - [26/Dec/2016:06:40:34 -0500] "GET /galeria/nivo-slider/nivo-slider.css HTTP/1.1" 304 -
201.245.192.253 - - [26/Dec/2016:06:40:35 -0500] "GET /galeria/nivo-slider/demo/images/bannerwebnavidadenloshumedales.jpg HTTP/1.1" 304 -
201.245.192.253 - - [26/Dec/2016:06:40:35 -0500] "GET /galeria/nivo-slider/demo/images/bannerwebcampa%C3%B1amusgo3.jpg HTTP/1.1" 304 -
201.245.192.253 - - [26/Dec/2016:06:40:35 -0500] "GET /galeria/nivo-slider/demo/images/pieza%20webtinguas.jpg HTTP/1.1" 304 -
201.245.192.253 - - [26/Dec/2016:06:40:35 -0500] "GET /galeria/nivo-slider/demo/images/bannerinvitaci%C3%B3nacaminatasecologicas2.jpg HTTP/1.1" 304 -
201.245.192.253 - - [26/Dec/2016:06:40:35 -0500] "GET /galeria/nivo-slider/demo/images/bannersilvicultura.jpg HTTP/1.1" 304 -
201.245.192.253 - - [26/Dec/2016:06:40:35 -0500] "GET /galeria/nivo-slider/demo/images/ACOPIADORESYGESTORES.jpg HTTP/1.1" 304 -
201.245.192.253 - - [26/Dec/2016:06:40:35 -0500] "GET /galeria/nivo-slider/demo/images/bannergestionambiental2.jpg HTTP/1.1" 304 -
201.245.192.253 - - [26/Dec/2016:06:40:35 -0500] "GET /galeria/nivo-slider/demo/images/vegetal.jpg HTTP/1.1" 304 -
201.245.192.253 - - [26/Dec/2016:06:40:35 -0500] "GET /galeria/nivo-slider/demo/images/Ruta-vertimientos-01.jpg HTTP/1.1" 304 -
201.245.192.253 - - [26/Dec/2016:06:40:35 -0500] "GET /galeria/nivo-slider/demo/images/bolsas-06.jpg HTTP/1.1" 304 -
201.245.192.253 - - [26/Dec/2016:06:40:35 -0500] "GET /galeria/nivo-slider/jquery.nivo.slider.pack.js HTTP/1.1" 304 -
201.245.192.253 - - [26/Dec/2016:06:40:35 -0500] "GET /galeria/nivo-slider/themes/default/loading.gif HTTP/1.1" 304 -
201.245.192.253 - - [26/Dec/2016:06:40:36 -0500] "GET /galeria/nivo-slider/themes/default/arrows.png HTTP/1.1" 304 -
201.245.192.253 - - [26/Dec/2016:06:40:36 -0500] "GET /galeria/nivo-slider/themes/default/bullets.png HTTP/1.1" 304 -
201.234.178.104 - - [26/Dec/2016:06:40:50 -0500] "GET /BLA/boletinlegal/js/jquery.scrollShow.js HTTP/1.1" 200 4586
201.234.178.104 - - [26/Dec/2016:06:40:50 -0500] "GET /galeria/galeria/jquery.fancybox.js?v=2.1.5 HTTP/1.1" 200 48706
201.234.178.104 - - [26/Dec/2016:06:40:50 -0500] "GET /galeria/galeria/jquery.fancybox.css?v=2.1.5 HTTP/1.1" 200 4895
201.234.178.104 - - [26/Dec/2016:06:40:50 -0500] "GET /galeria/carrusel/Carrusel/jquery.thumbnailScroller.css HTTP/1.1" 200 2066
201.234.178.104 - - [26/Dec/2016:06:40:50 -0500] "GET /galeria/carrusel/Carrusel/jquery-ui-1.8.13.custom.min.js HTTP/1.1" 200 10800
201.234.178.104 - - [26/Dec/2016:06:40:50 -0500] "GET /galeria/carrusel/Carrusel/jquery.thumbnailScroller.js HTTP/1.1" 200 8157
201.234.178.104 - - [26/Dec/2016:06:40:50 -0500] "GET /galeria/nivo-slider/demo/demo.html HTTP/1.1" 200 3906
201.234.178.104 - - [26/Dec/2016:06:40:50 -0500] "GET /galeria/nivo-slider/themes/default/default.css HTTP/1.1" 200 1569
201.234.178.104 - - [26/Dec/2016:06:40:50 -0500] "GET /galeria/nivo-slider/themes/pascal/pascal.css HTTP/1.1" 200 2258
201.234.178.104 - - [26/Dec/2016:06:40:50 -0500] "GET /galeria/nivo-slider/demo/style.css HTTP/1.1" 200 2222
201.234.178.104 - - [26/Dec/2016:06:40:50 -0500] "GET /galeria/nivo-slider/themes/orman/orman.css HTTP/1.1" 200 2152
201.234.178.104 - - [26/Dec/2016:06:40:50 -0500] "GET /galeria/nivo-slider/nivo-slider.css HTTP/1.1" 200 1507
201.234.178.104 - - [26/Dec/2016:06:40:50 -0500] "GET /galeria/nivo-slider/demo/scripts/jquery-1.7.1.min.js HTTP/1.1" 200 93868
201.234.178.104 - - [26/Dec/2016:06:40:50 -0500] "GET /galeria/nivo-slider/themes/default/loading.gif HTTP/1.1" 200 1737
201.234.178.104 - - [26/Dec/2016:06:40:50 -0500] "GET /galeria/nivo-slider/demo/images/4Simple_Slider.png HTTP/1.1" 200 11722
201.234.178.104 - - [26/Dec/2016:06:40:50 -0500] "GET /galeria/nivo-slider/jquery.nivo.slider.pack.js HTTP/1.1" 200 11561
201.234.178.104 - - [26/Dec/2016:06:40:50 -0500] "GET /galeria/nivo-slider/demo/images/bannerwebnavidadenloshumedales.jpg HTTP/1.1" 200 157616
201.234.178.104 - - [26/Dec/2016:06:40:50 -0500] "GET /galeria/nivo-slider/demo/images/bannerwebcampa%C3%B1amusgo3.jpg HTTP/1.1" 200 277175
201.234.178.104 - - [26/Dec/2016:06:40:50 -0500] "GET /galeria/nivo-slider/demo/images/pieza%20webtinguas.jpg HTTP/1.1" 200 175651
201.234.178.104 - - [26/Dec/2016:06:40:50 -0500] "GET /galeria/nivo-slider/demo/images/bannerinvitaci%C3%B3nacaminatasecologicas2.jpg HTTP/1.1" 200 513253
201.234.178.104 - - [26/Dec/2016:06:40:50 -0500] "GET /galeria/nivo-slider/demo/images/banner%20encuesta%20sda2-web3.jpg HTTP/1.1" 200 111668
201.234.178.104 - - [26/Dec/2016:06:40:50 -0500] "GET /galeria/nivo-slider/demo/images/bannersilvicultura.jpg HTTP/1.1" 200 173023
201.234.178.104 - - [26/Dec/2016:06:40:51 -0500] "GET /galeria/nivo-slider/demo/images/BANNERARBOLES.jpg HTTP/1.1" 200 227630
201.234.178.104 - - [26/Dec/2016:06:40:51 -0500] "GET /galeria/nivo-slider/demo/images/ACOPIADORESYGESTORES.jpg HTTP/1.1" 200 118791
201.234.178.104 - - [26/Dec/2016:06:40:51 -0500] "GET /galeria/nivo-slider/demo/images/bannergestionambiental2.jpg HTTP/1.1" 200 245647
201.234.178.104 - - [26/Dec/2016:06:40:51 -0500] "GET /galeria/nivo-slider/demo/images/vegetal.jpg HTTP/1.1" 200 216080
201.234.178.104 - - [26/Dec/2016:06:40:51 -0500] "GET /galeria/nivo-slider/demo/images/Ruta-vertimientos-01.jpg HTTP/1.1" 200 130151
201.234.178.104 - - [26/Dec/2016:06:40:51 -0500] "GET /galeria/nivo-slider/demo/images/bolsas-06.jpg HTTP/1.1" 200 210950
201.234.178.104 - - [26/Dec/2016:06:40:52 -0500] "GET /galeria/nivo-slider/themes/default/arrows.png HTTP/1.1" 200 824
201.234.178.104 - - [26/Dec/2016:06:40:52 -0500] "GET /galeria/nivo-slider/themes/default/bullets.png HTTP/1.1" 200 1281
201.245.192.253 - - [26/Dec/2016:06:41:01 -0500] "GET /galeria/nivo-slider/demo/undefined HTTP/1.1" 404 1314
192.168.175.104 - - [26/Dec/2016:06:41:06 -0500] "GET / HTTP/1.1" 200 9990
180.76.15.150 - - [26/Dec/2016:06:41:27 -0500] "GET / HTTP/1.1" 200 9990
186.155.13.205 - - [26/Dec/2016:06:41:49 -0500] "GET /galeria/galeria/fotos/mirador3G.jpg HTTP/1.1" 200 131992
201.245.192.253 - - [26/Dec/2016:06:41:52 -0500] "GET /galeria/nivo-slider/demo/undefined HTTP/1.1" 404 1314
201.234.178.104 - - [26/Dec/2016:06:42:14 -0500] "GET /galeria/galeria/jquery.fancybox.css?v=2.1.5 HTTP/1.1" 304 -
201.234.178.104 - - [26/Dec/2016:06:42:14 -0500] "GET /galeria/galeria/jquery.fancybox.js?v=2.1.5 HTTP/1.1" 304 -
201.234.178.104 - - [26/Dec/2016:06:42:14 -0500] "GET /BLA/boletinlegal/js/jquery.scrollShow.js HTTP/1.1" 304 -
181.142.145.151 - - [26/Dec/2016:06:43:07 -0500] "GET /isolucionsda/Session.asp HTTP/1.1" 200 6406
181.142.145.151 - - [26/Dec/2016:06:43:08 -0500] "GET /isolucionsda/SesionExpira.asp HTTP/1.1" 200 7438
201.245.192.253 - - [26/Dec/2016:06:43:12 -0500] "GET /galeria/nivo-slider/demo/undefined HTTP/1.1" 404 1314
157.55.39.185 - - [26/Dec/2016:06:43:16 -0500] "GET /robots.txt HTTP/1.1" 302 308
192.168.175.104 - - [26/Dec/2016:06:43:18 -0500] "GET / HTTP/1.1" 200 9990
192.168.175.104 - - [26/Dec/2016:06:43:19 -0500] "GET / HTTP/1.0" 200 9990
157.55.39.185 - - [26/Dec/2016:06:43:22 -0500] "GET / HTTP/1.1" 302 298
201.234.178.104 - - [26/Dec/2016:06:43:32 -0500] "GET /galeria/galeria/jquery.fancybox.css?v=2.1.5 HTTP/1.1" 304 -
201.234.178.104 - - [26/Dec/2016:06:43:32 -0500] "GET /galeria/galeria/jquery.fancybox.js?v=2.1.5 HTTP/1.1" 304 -
201.234.178.104 - - [26/Dec/2016:06:43:32 -0500] "GET /BLA/boletinlegal/js/jquery.scrollShow.js HTTP/1.1" 304 -
181.142.145.151 - - [26/Dec/2016:06:43:08 -0500] "GET /isolucionsda/SesionNeutra.asp HTTP/1.1" 502 1358
69.162.124.232 - - [26/Dec/2016:06:43:58 -0500] "HEAD / HTTP/1.1" 200 -
201.245.192.253 - - [26/Dec/2016:06:44:03 -0500] "GET /galeria/nivo-slider/demo/undefined HTTP/1.1" 404 1314
66.249.64.53 - - [26/Dec/2016:06:44:09 -0500] "GET /BLA/resoluciones/AUTOS%202016/1112.pdf HTTP/1.1" 200 705023
207.46.13.89 - - [26/Dec/2016:06:44:13 -0500] "GET /robots.txt HTTP/1.1" 301 334
131.253.27.79 - - [26/Dec/2016:06:44:13 -0500] "GET /wp-content/uploads/2015/08/banner2.png HTTP/1.1" 301 362
131.253.27.79 - - [26/Dec/2016:06:44:15 -0500] "GET /wp-content/uploads/2015/08/fotos1b.png HTTP/1.1" 301 362
131.253.27.139 - - [26/Dec/2016:06:44:16 -0500] "GET /wp-content/uploads/2015/08/fotos2b.png HTTP/1.1" 301 362
131.253.27.166 - - [26/Dec/2016:06:44:18 -0500] "GET /wp-content/uploads/2015/08/fotos3b.png HTTP/1.1" 301 362
163.172.65.202 - - [26/Dec/2016:06:44:20 -0500] "GET /BLA/resoluciones/RESOLUCIONES%202000/2000%202400-2449.tif HTTP/1.1" 200 4536154
131.253.25.156 - - [26/Dec/2016:06:44:23 -0500] "GET /wp-content/uploads/2015/08/danos.png HTTP/1.1" 301 360
131.253.27.188 - - [26/Dec/2016:06:44:25 -0500] "GET /wp-content/uploads/2015/07/UNO.png HTTP/1.1" 301 358
131.253.27.16 - - [26/Dec/2016:06:44:26 -0500] "GET /wp-content/uploads/2015/07/DOS.png HTTP/1.1" 301 358
131.253.27.166 - - [26/Dec/2016:06:44:28 -0500] "GET /wp-content/uploads/2015/07/TERCER.png HTTP/1.1" 301 361
201.245.192.253 - - [26/Dec/2016:06:44:33 -0500] "GET /isolucionsda/ControlDeInicio.asp HTTP/1.1" 200 739
131.253.25.156 - - [26/Dec/2016:06:44:33 -0500] "GET /wp-content/uploads/2015/07/CUARTO.png HTTP/1.1" 301 361
201.245.192.253 - - [26/Dec/2016:06:44:34 -0500] "GET /isolucionsda/IdentificaUsuario.asp?Pagina1=FrameSetGeneral.asp& HTTP/1.1" 200 5090
201.245.192.253 - - [26/Dec/2016:06:44:35 -0500] "GET /isolucionsda/StyleSheet/StyleSheet.css HTTP/1.1" 200 22894
201.245.192.253 - - [26/Dec/2016:06:44:35 -0500] "GET /isolucionsda/g/Img_LogoIsoCabezote.jpg HTTP/1.1" 200 7960
201.245.192.253 - - [26/Dec/2016:06:44:35 -0500] "GET /isolucionsda/g/Img_DivBarraSup.jpg HTTP/1.1" 200 323
201.245.192.253 - - [26/Dec/2016:06:44:35 -0500] "GET /isolucionsda/g/shim.gif HTTP/1.1" 200 43
201.245.192.253 - - [26/Dec/2016:06:44:35 -0500] "GET /isolucionsda/g/Bgr_BarraSuperior.jpg HTTP/1.1" 200 419
207.46.13.89 - - [26/Dec/2016:06:44:38 -0500] "GET /robots.txt HTTP/1.1" 301 334
207.46.13.89 - - [26/Dec/2016:06:44:39 -0500] "GET /robots.txt HTTP/1.1" 301 334
207.46.13.89 - - [26/Dec/2016:06:44:40 -0500] "GET /robots.txt HTTP/1.1" 301 334
66.249.64.51 - - [26/Dec/2016:06:44:51 -0500] "GET /BLA/resoluciones/AUTOS%202015/0086.pdf HTTP/1.1" 200 541766
201.245.192.253 - - [26/Dec/2016:06:45:22 -0500] "GET /galeria/nivo-slider/demo/undefined HTTP/1.1" 404 1314
181.142.145.151 - - [26/Dec/2016:06:45:26 -0500] "GET /isolucionsda/SesionTermina.asp HTTP/1.1" 200 388
181.142.145.151 - - [26/Dec/2016:06:45:26 -0500] "GET /isolucionsda/Errores/SesionExpirada.asp? HTTP/1.1" 200 6726
66.249.64.51 - - [26/Dec/2016:06:45:56 -0500] "GET /BLA/resoluciones/AUTOS%202015/5764.pdf HTTP/1.1" 200 552174
192.168.175.104 - - [26/Dec/2016:06:46:05 -0500] "GET / HTTP/1.1" 200 9990
201.245.192.253 - - [26/Dec/2016:06:46:14 -0500] "GET /galeria/nivo-slider/demo/undefined HTTP/1.1" 404 1314
66.249.64.51 - - [26/Dec/2016:06:46:15 -0500] "GET /BLA/resoluciones/AUTOS%202015/6801.pdf HTTP/1.1" 200 585005
180.76.15.13 - - [26/Dec/2016:06:46:32 -0500] "GET /BLA/resoluciones/AUTOS%202011/1724.pdf HTTP/1.1" 200 147159
66.249.64.53 - - [26/Dec/2016:06:46:36 -0500] "GET /BLA/resoluciones/AUTOS%202015/6784.pdf HTTP/1.1" 200 698374
66.249.64.51 - - [26/Dec/2016:06:46:57 -0500] "GET /BLA/resoluciones/AUTOS%202015/6606.pdf HTTP/1.1" 200 620573
201.245.192.253 - - [26/Dec/2016:06:47:00 -0500] "GET /isolucionsda/ControlDeInicio.asp HTTP/1.1" 200 739
201.245.192.253 - - [26/Dec/2016:06:47:00 -0500] "GET /isolucionsda/IdentificaUsuario.asp?Pagina1=FrameSetGeneral.asp& HTTP/1.1" 200 5090
201.245.192.253 - - [26/Dec/2016:06:47:00 -0500] "GET /favicon.ico HTTP/1.1" 200 7782
201.245.192.253 - - [26/Dec/2016:06:47:33 -0500] "GET /galeria/nivo-slider/demo/undefined HTTP/1.1" 404 1314
192.168.175.104 - - [26/Dec/2016:06:48:17 -0500] "GET / HTTP/1.1" 200 9990
192.168.175.104 - - [26/Dec/2016:06:48:17 -0500] "GET / HTTP/1.0" 200 9990
201.245.192.253 - - [26/Dec/2016:06:48:25 -0500] "GET /galeria/nivo-slider/demo/undefined HTTP/1.1" 404 1314
163.172.65.59 - - [26/Dec/2016:06:48:37 -0500] "GET /BLA/resoluciones/RESOLUCIONES%202003/RES%202003%202051-2100/00002092.tif HTTP/1.1" 200 218272
69.162.124.232 - - [26/Dec/2016:06:48:58 -0500] "HEAD / HTTP/1.1" 200 -
181.61.196.102 - - [26/Dec/2016:06:49:05 -0500] "GET /galeria/nivo-slider/demo/demo.html HTTP/1.1" 304 -
181.61.196.102 - - [26/Dec/2016:06:49:06 -0500] "GET /galeria/nivo-slider/demo/images/bannerwebnavidadenloshumedales.jpg HTTP/1.1" 304 -
181.61.196.102 - - [26/Dec/2016:06:49:06 -0500] "GET /galeria/nivo-slider/demo/images/bannerwebcampa%C3%B1amusgo3.jpg HTTP/1.1" 304 -
181.61.196.102 - - [26/Dec/2016:06:49:06 -0500] "GET /galeria/nivo-slider/demo/images/bannerinvitaci%C3%B3nacaminatasecologicas2.jpg HTTP/1.1" 304 -
181.61.196.102 - - [26/Dec/2016:06:49:06 -0500] "GET /galeria/nivo-slider/demo/images/pieza%20webtinguas.jpg HTTP/1.1" 304 -
181.61.196.102 - - [26/Dec/2016:06:49:06 -0500] "GET /galeria/nivo-slider/demo/images/bannersilvicultura.jpg HTTP/1.1" 304 -
181.61.196.102 - - [26/Dec/2016:06:49:07 -0500] "GET /galeria/nivo-slider/demo/images/bannergestionambiental2.jpg HTTP/1.1" 304 -
66.249.64.55 - - [26/Dec/2016:06:49:25 -0500] "GET /BLA/resoluciones/AUTOS%202013/3736.pdf HTTP/1.1" 200 704343
201.245.192.253 - - [26/Dec/2016:06:49:44 -0500] "GET /galeria/nivo-slider/demo/undefined HTTP/1.1" 404 1314
186.147.130.245 - - [26/Dec/2016:06:49:55 -0500] "GET /BLA/boletinlegal/jurisprudencia/analisis/G__Jurisp.%20Junio%202014_Sent%20Tutela%20Drumond.docx HTTP/1.1" 200 25380
201.245.192.253 - - [26/Dec/2016:06:50:35 -0500] "GET /galeria/nivo-slider/demo/undefined HTTP/1.1" 404 1314
66.249.64.51 - - [26/Dec/2016:06:50:49 -0500] "GET /BLA/resoluciones/RESOLUCIONES%202010/1353.pdf HTTP/1.1" 200 345074
192.168.175.104 - - [26/Dec/2016:06:51:03 -0500] "GET / HTTP/1.1" 200 9990
66.249.64.55 - - [26/Dec/2016:06:51:10 -0500] "GET /BLA/resoluciones/RESOLUCIONES%202009/4166.pdf HTTP/1.1" 200 55906
152.201.141.51 - - [26/Dec/2016:06:51:15 -0500] "GET /galeria/galeria/jquery.fancybox.css?v=2.1.5 HTTP/1.1" 200 4895
152.201.141.51 - - [26/Dec/2016:06:51:15 -0500] "GET /BLA/boletinlegal/js/jquery.scrollShow.js HTTP/1.1" 200 4586
152.201.141.51 - - [26/Dec/2016:06:51:15 -0500] "GET /galeria/galeria/jquery.fancybox.js?v=2.1.5 HTTP/1.1" 200 48706
152.201.141.51 - - [26/Dec/2016:06:51:21 -0500] "GET /BLA/boletinlegal/js/jquery.scrollShow.js HTTP/1.1" 304 -
152.201.141.51 - - [26/Dec/2016:06:51:21 -0500] "GET /galeria/galeria/jquery.fancybox.js?v=2.1.5 HTTP/1.1" 304 -
152.201.141.51 - - [26/Dec/2016:06:51:21 -0500] "GET /galeria/galeria/jquery.fancybox.css?v=2.1.5 HTTP/1.1" 304 -
