186.28.50.35 - - [26/Dec/2016:01:10:32 -0500] "GET /galeria/galeria/jquery.fancybox.css?v=2.1.5 HTTP/1.1" 200 4895
91.121.51.197 - - [26/Dec/2016:01:10:35 -0500] "-" 408 -
50.63.197.17 - - [26/Dec/2016:01:10:37 -0500] "GET /old/wp-admin/ HTTP/1.1" 404 1018
186.28.50.35 - - [26/Dec/2016:01:10:44 -0500] "GET /BLA/boletinlegal/js/jquery.scrollShow.js HTTP/1.1" 304 -
186.28.50.35 - - [26/Dec/2016:01:10:44 -0500] "GET /galeria/galeria/jquery.fancybox.css?v=2.1.5 HTTP/1.1" 304 -
186.28.50.35 - - [26/Dec/2016:01:10:44 -0500] "GET /galeria/galeria/jquery.fancybox.js?v=2.1.5 HTTP/1.1" 304 -
91.121.51.197 - - [26/Dec/2016:01:10:53 -0500] "-" 408 -
91.121.51.197 - - [26/Dec/2016:01:11:11 -0500] "-" 408 -
91.121.51.197 - - [26/Dec/2016:01:11:29 -0500] "-" 408 -
91.121.51.197 - - [26/Dec/2016:01:11:47 -0500] "-" 408 -
186.112.189.193 - - [26/Dec/2016:01:11:53 -0500] "GET /galeria/galeria/fotos/Soratama2G.jpg HTTP/1.1" 200 167638
66.249.64.51 - - [26/Dec/2016:01:11:57 -0500] "GET /BLA/resoluciones/AUTOS%202014/1180.pdf HTTP/1.1" 200 626638
91.121.51.197 - - [26/Dec/2016:01:12:06 -0500] "-" 408 -
201.245.192.253 - - [26/Dec/2016:01:12:11 -0500] "GET /galeria/nivo-slider/demo/undefined HTTP/1.1" 404 1314
201.245.192.253 - - [26/Dec/2016:01:12:20 -0500] "GET /galeria/nivo-slider/demo/undefined HTTP/1.1" 404 1314
66.249.64.53 - - [26/Dec/2016:01:12:23 -0500] "GET /BLA/resoluciones/AUTOS%202014/1176.pdf HTTP/1.1" 200 386091
91.121.51.197 - - [26/Dec/2016:01:12:24 -0500] "-" 408 -
163.172.66.10 - - [26/Dec/2016:01:12:42 -0500] "GET /BLA/resoluciones/RESOLUCIONES%202006/RES%202006%201001-1050/00001010.tif HTTP/1.1" 200 64590
91.121.51.197 - - [26/Dec/2016:01:12:42 -0500] "-" 408 -
91.121.51.197 - - [26/Dec/2016:01:13:00 -0500] "-" 408 -
192.168.175.104 - - [26/Dec/2016:01:13:15 -0500] "GET / HTTP/1.1" 200 9990
66.249.64.51 - - [26/Dec/2016:01:13:15 -0500] "GET /BLA/resoluciones/RESOLUCIONES%202013/0615.pdf HTTP/1.1" 304 -
91.121.51.197 - - [26/Dec/2016:01:13:19 -0500] "-" 408 -
91.121.51.197 - - [26/Dec/2016:01:13:37 -0500] "-" 408 -
66.249.64.51 - - [26/Dec/2016:01:13:41 -0500] "GET /BLA/resoluciones/RESOLUCIONES%202009/7846.pdf HTTP/1.1" 304 -
201.245.192.253 - - [26/Dec/2016:01:14:22 -0500] "GET /galeria/nivo-slider/demo/undefined HTTP/1.1" 404 1314
201.245.192.253 - - [26/Dec/2016:01:14:31 -0500] "GET /galeria/nivo-slider/demo/undefined HTTP/1.1" 404 1314
66.249.64.51 - - [26/Dec/2016:01:14:33 -0500] "GET /BLA/resoluciones/RESOLUCIONES%202010/4510.pdf HTTP/1.1" 200 491809
104.131.147.112 - - [26/Dec/2016:01:14:35 -0500] "GET / HTTP/1.1" 200 9990
69.162.124.232 - - [26/Dec/2016:01:15:03 -0500] "HEAD / HTTP/1.1" 200 -
192.168.175.104 - - [26/Dec/2016:01:15:19 -0500] "GET / HTTP/1.0" 200 9990
186.28.87.231 - - [26/Dec/2016:01:15:25 -0500] "GET /galeria/galeria/jquery.fancybox.css?v=2.1.5 HTTP/1.1" 200 4895
186.28.87.231 - - [26/Dec/2016:01:15:25 -0500] "GET /galeria/galeria/jquery.fancybox.js?v=2.1.5 HTTP/1.1" 200 48706
186.28.87.231 - - [26/Dec/2016:01:15:26 -0500] "GET /galeria/galeria/fotos/Entrenube1P.jpg HTTP/1.1" 200 6959
186.28.87.231 - - [26/Dec/2016:01:15:26 -0500] "GET /galeria/galeria/fotos/Entrenube2P.jpg HTTP/1.1" 200 8416
186.28.87.231 - - [26/Dec/2016:01:15:26 -0500] "GET /galeria/galeria/fotos/Entrenube3P.jpg HTTP/1.1" 200 8487
186.28.87.231 - - [26/Dec/2016:01:15:26 -0500] "GET /galeria/galeria/fotos/Entrenube4P.jpg HTTP/1.1" 200 10881
192.168.175.104 - - [26/Dec/2016:01:15:26 -0500] "GET / HTTP/1.1" 200 9990
66.249.64.53 - - [26/Dec/2016:01:15:55 -0500] "GET /BLA/resoluciones/RESOLUCIONES%202008/5433.pdf HTTP/1.1" 200 272242
66.249.64.53 - - [26/Dec/2016:01:16:16 -0500] "GET /BLA/resoluciones/RESOLUCIONES%202009/4839.pdf HTTP/1.1" 200 205046
201.245.192.253 - - [26/Dec/2016:01:16:32 -0500] "GET /galeria/nivo-slider/demo/undefined HTTP/1.1" 404 1314
201.245.192.253 - - [26/Dec/2016:01:16:42 -0500] "GET /galeria/nivo-slider/demo/undefined HTTP/1.1" 404 1314
66.249.64.53 - - [26/Dec/2016:01:16:42 -0500] "GET /BLA/resoluciones/RESOLUCIONES%202009/2411.pdf HTTP/1.1" 200 416407
190.25.204.196 - - [26/Dec/2016:01:16:56 -0500] "GET /galeria/nivo-slider/demo/ HTTP/1.1" 200 2951
66.249.64.51 - - [26/Dec/2016:01:17:08 -0500] "GET /BLA/resoluciones/RESOLUCIONES%202010/6592.pdf HTTP/1.1" 200 235491
66.249.64.51 - - [26/Dec/2016:01:17:34 -0500] "GET /BLA/resoluciones/RESOLUCIONES%202010/1008.pdf HTTP/1.1" 200 130038
66.249.64.51 - - [26/Dec/2016:01:18:00 -0500] "GET /BLA/resoluciones/RESOLUCIONES%202009/9103.pdf HTTP/1.1" 200 478429
192.168.175.104 - - [26/Dec/2016:01:18:13 -0500] "GET / HTTP/1.1" 200 9990
190.84.43.23 - - [26/Dec/2016:01:18:25 -0500] "GET /galeria/galeria/jquery.fancybox.js?v=2.1.5 HTTP/1.1" 304 -
190.84.43.23 - - [26/Dec/2016:01:18:25 -0500] "GET /BLA/boletinlegal/js/jquery.scrollShow.js HTTP/1.1" 304 -
190.84.43.23 - - [26/Dec/2016:01:18:25 -0500] "GET /galeria/galeria/jquery.fancybox.css?v=2.1.5 HTTP/1.1" 304 -
66.249.64.53 - - [26/Dec/2016:01:18:26 -0500] "GET /BLA/resoluciones/RESOLUCIONES%202010/6227.pdf HTTP/1.1" 200 571603
201.245.192.253 - - [26/Dec/2016:01:18:43 -0500] "GET /galeria/nivo-slider/demo/undefined HTTP/1.1" 404 1314
66.249.64.53 - - [26/Dec/2016:01:18:52 -0500] "GET /BLA/resoluciones/RESOLUCIONES%202009/6553.pdf HTTP/1.1" 200 615497
201.245.192.253 - - [26/Dec/2016:01:18:53 -0500] "GET /galeria/nivo-slider/demo/undefined HTTP/1.1" 404 1314
190.9.204.245 - - [26/Dec/2016:01:19:08 -0500] "GET /galeria/galeria/jquery.fancybox.css?v=2.1.5 HTTP/1.1" 200 4895
190.9.204.245 - - [26/Dec/2016:01:19:08 -0500] "GET /galeria/galeria/jquery.fancybox.js?v=2.1.5 HTTP/1.1" 200 48706
190.9.204.245 - - [26/Dec/2016:01:19:08 -0500] "GET /BLA/boletinlegal/js/jquery.scrollShow.js HTTP/1.1" 200 4586
66.249.64.51 - - [26/Dec/2016:01:19:18 -0500] "GET /BLA/resoluciones/RESOLUCIONES%202010/2080.pdf HTTP/1.1" 200 95075
190.9.204.245 - - [26/Dec/2016:01:19:43 -0500] "GET /galeria/galeria/jquery.fancybox.css?v=2.1.5 HTTP/1.1" 304 -
190.9.204.245 - - [26/Dec/2016:01:19:43 -0500] "GET /galeria/galeria/jquery.fancybox.js?v=2.1.5 HTTP/1.1" 304 -
190.9.204.245 - - [26/Dec/2016:01:19:43 -0500] "GET /BLA/boletinlegal/js/jquery.scrollShow.js HTTP/1.1" 304 -
66.249.64.51 - - [26/Dec/2016:01:19:44 -0500] "GET /BLA/resoluciones/RESOLUCIONES%202009/9022.pdf HTTP/1.1" 200 498895
69.162.124.232 - - [26/Dec/2016:01:20:03 -0500] "HEAD / HTTP/1.1" 200 -
192.168.175.104 - - [26/Dec/2016:01:20:17 -0500] "GET / HTTP/1.0" 200 9990
192.168.175.104 - - [26/Dec/2016:01:20:24 -0500] "GET / HTTP/1.1" 200 9990
66.249.64.51 - - [26/Dec/2016:01:20:36 -0500] "GET /BLA/resoluciones/AUTOS%202014/0770.pdf HTTP/1.1" 200 431327
201.245.192.253 - - [26/Dec/2016:01:20:54 -0500] "GET /galeria/nivo-slider/demo/undefined HTTP/1.1" 404 1314
69.195.124.197 - - [26/Dec/2016:01:21:01 -0500] "-" 408 -
66.249.64.51 - - [26/Dec/2016:01:21:02 -0500] "GET /BLA/resoluciones/RESOLUCIONES%202010/2871.pdf HTTP/1.1" 200 57670
201.245.192.253 - - [26/Dec/2016:01:21:04 -0500] "GET /galeria/nivo-slider/demo/undefined HTTP/1.1" 404 1314
69.195.124.197 - - [26/Dec/2016:01:21:19 -0500] "-" 408 -
69.195.124.197 - - [26/Dec/2016:01:21:37 -0500] "-" 408 -
163.172.65.24 - - [26/Dec/2016:01:21:51 -0500] "GET /BLA/resoluciones/RESOLUCIONES%202005/RES%202005%202151-2200/00002184.tif HTTP/1.1" 200 581624
69.195.124.197 - - [26/Dec/2016:01:21:55 -0500] "-" 408 -
69.195.124.197 - - [26/Dec/2016:01:22:13 -0500] "-" 408 -
66.249.64.55 - - [26/Dec/2016:01:22:20 -0500] "GET /BLA/resoluciones/RESOLUCIONES%202009/6869.pdf HTTP/1.1" 200 282017
69.195.124.197 - - [26/Dec/2016:01:22:32 -0500] "-" 408 -
66.249.64.53 - - [26/Dec/2016:01:22:46 -0500] "GET /BLA/resoluciones/RESOLUCIONES%202013/2645.pdf HTTP/1.1" 200 1791493
69.195.124.197 - - [26/Dec/2016:01:22:50 -0500] "-" 408 -
65.55.212.80 - - [26/Dec/2016:01:22:50 -0500] "GET /galeria/galeria/jquery.fancybox.js?v=2.1.5 HTTP/1.1" 200 48706
131.253.24.139 - - [26/Dec/2016:01:22:50 -0500] "GET /BLA/boletinlegal/js/jquery.scrollShow.js HTTP/1.1" 200 4586
131.253.24.139 - - [26/Dec/2016:01:22:51 -0500] "GET /galeria/galeria/jquery.fancybox.css?v=2.1.5 HTTP/1.1" 200 4895
201.245.192.253 - - [26/Dec/2016:01:23:04 -0500] "GET /galeria/nivo-slider/demo/undefined HTTP/1.1" 404 1314
69.195.124.197 - - [26/Dec/2016:01:23:08 -0500] "-" 408 -
192.168.175.104 - - [26/Dec/2016:01:23:11 -0500] "GET / HTTP/1.1" 200 9990
66.249.64.51 - - [26/Dec/2016:01:23:12 -0500] "GET /BLA/resoluciones/RESOLUCIONES%202010/5887.pdf HTTP/1.1" 200 72281
201.245.192.253 - - [26/Dec/2016:01:23:15 -0500] "GET /galeria/nivo-slider/demo/undefined HTTP/1.1" 404 1314
69.195.124.197 - - [26/Dec/2016:01:23:26 -0500] "-" 408 -
163.172.65.216 - - [26/Dec/2016:01:23:32 -0500] "GET /BLA/resoluciones/RESOLUCIONES%202006/RES%202006%2051-100/00000054.tif HTTP/1.1" 200 110368
66.249.64.53 - - [26/Dec/2016:01:23:38 -0500] "GET /BLA/resoluciones/RESOLUCIONES%202009/6107.pdf HTTP/1.1" 200 343084
69.195.124.197 - - [26/Dec/2016:01:23:45 -0500] "-" 408 -
157.55.39.160 - - [26/Dec/2016:01:24:01 -0500] "GET /dama/libreria/php/decide.php?patron=03.1203 HTTP/1.1" 404 1019
69.195.124.197 - - [26/Dec/2016:01:24:03 -0500] "-" 408 -
66.249.64.51 - - [26/Dec/2016:01:24:04 -0500] "GET /BLA/resoluciones/RESOLUCIONES%202008/0707.pdf HTTP/1.1" 304 -
69.195.124.197 - - [26/Dec/2016:01:24:21 -0500] "-" 408 -
69.195.124.197 - - [26/Dec/2016:01:24:39 -0500] "-" 408 -
69.195.124.197 - - [26/Dec/2016:01:24:57 -0500] "-" 408 -
69.162.124.232 - - [26/Dec/2016:01:25:03 -0500] "HEAD / HTTP/1.1" 200 -
201.245.192.253 - - [26/Dec/2016:01:25:15 -0500] "GET /galeria/nivo-slider/demo/undefined HTTP/1.1" 404 1314
192.168.175.104 - - [26/Dec/2016:01:25:15 -0500] "GET / HTTP/1.0" 200 9990
69.195.124.197 - - [26/Dec/2016:01:25:16 -0500] "-" 408 -
192.168.175.104 - - [26/Dec/2016:01:25:22 -0500] "GET / HTTP/1.1" 200 9990
201.245.192.253 - - [26/Dec/2016:01:25:26 -0500] "GET /galeria/nivo-slider/demo/undefined HTTP/1.1" 404 1314
66.249.64.51 - - [26/Dec/2016:01:25:29 -0500] "GET /BLA/resoluciones/RESOLUCIONES%202011/1122.pdf HTTP/1.1" 304 -
69.195.124.197 - - [26/Dec/2016:01:25:35 -0500] "-" 408 -
66.249.64.53 - - [26/Dec/2016:01:26:13 -0500] "GET /BLA/resoluciones/RESOLUCIONES%202011/4814.pdf HTTP/1.1" 304 -
163.172.64.193 - - [26/Dec/2016:01:26:21 -0500] "GET /BLA/resoluciones/AUTOS%202006/AUTOS%202006%201501%20-%201600/00001533.tif HTTP/1.1" 200 101042
66.249.64.53 - - [26/Dec/2016:01:26:39 -0500] "GET /BLA/resoluciones/AUTOS%202015/2023.pdf HTTP/1.1" 304 -
163.172.65.32 - - [26/Dec/2016:01:26:44 -0500] "GET /BLA/resoluciones/RESOLUCIONES%202005/RES%202005%20501-550/00000535.tif HTTP/1.1" 200 117884
180.76.15.153 - - [26/Dec/2016:01:27:16 -0500] "GET / HTTP/1.1" 200 9990
201.245.192.253 - - [26/Dec/2016:01:27:26 -0500] "GET /galeria/nivo-slider/demo/undefined HTTP/1.1" 404 1314
207.46.13.75 - - [26/Dec/2016:01:27:35 -0500] "GET /SIG/index.php?dir=Educaci\xc3\x83\xc6\x92\xc3\x86\xe2\x80\x99\xc3\x83\xe2\x80\x9a\xc3\x82\xc2\xb3n%20Ambiental/&sort=size&order=asc HTTP/1.1" 200 4765
201.245.192.253 - - [26/Dec/2016:01:27:37 -0500] "GET /galeria/nivo-slider/demo/undefined HTTP/1.1" 404 1314
180.76.15.153 - - [26/Dec/2016:01:27:48 -0500] "GET / HTTP/1.1" 200 9990
192.168.175.104 - - [26/Dec/2016:01:28:09 -0500] "GET / HTTP/1.1" 200 9990
66.249.64.43 - - [26/Dec/2016:01:29:18 -0500] "GET /galeria/nivo-slider/demo/images/TaxiElectrico03.jpg HTTP/1.1" 200 105896
201.245.192.253 - - [26/Dec/2016:01:29:36 -0500] "GET /galeria/nivo-slider/demo/undefined HTTP/1.1" 404 1314
201.245.192.253 - - [26/Dec/2016:01:29:48 -0500] "GET /galeria/nivo-slider/demo/undefined HTTP/1.1" 404 1314
69.162.124.232 - - [26/Dec/2016:01:30:03 -0500] "HEAD / HTTP/1.1" 200 -
66.249.64.51 - - [26/Dec/2016:01:30:07 -0500] "GET /BLA/resoluciones/AUTOS%202016/0029.pdf HTTP/1.1" 200 520547
192.168.175.104 - - [26/Dec/2016:01:30:13 -0500] "GET / HTTP/1.0" 200 9990
192.168.175.104 - - [26/Dec/2016:01:30:21 -0500] "GET / HTTP/1.1" 200 9990
163.172.65.114 - - [26/Dec/2016:01:31:14 -0500] "GET /BLA/resoluciones/index.php?dir=AUTOS%202006/AUTOS%202006%201801-%201900/&sort=date&order=asc HTTP/1.1" 200 22159
163.172.66.170 - - [26/Dec/2016:01:31:44 -0500] "GET /BLA/resoluciones/RESOLUCIONES%202005/RES%202005%20551-600/00000571.tif HTTP/1.1" 200 166658
201.245.192.253 - - [26/Dec/2016:01:31:47 -0500] "GET /galeria/nivo-slider/demo/undefined HTTP/1.1" 404 1314
66.249.64.53 - - [26/Dec/2016:01:31:51 -0500] "GET /BLA/resoluciones/RESOLUCIONES%202014/1042.pdf HTTP/1.1" 200 761216
201.245.192.253 - - [26/Dec/2016:01:31:58 -0500] "GET /galeria/nivo-slider/demo/undefined HTTP/1.1" 404 1314
66.249.64.51 - - [26/Dec/2016:01:32:17 -0500] "GET /BLA/resoluciones/RESOLUCIONES%202014/0525.pdf HTTP/1.1" 200 655062
181.56.101.126 - - [26/Dec/2016:01:32:27 -0500] "GET /galeria/galeria/fotos/Entrenube3G.jpg HTTP/1.1" 200 138221
181.56.101.126 - - [26/Dec/2016:01:32:28 -0500] "GET /galeria/galeria/fotos/Entrenube4G.jpg HTTP/1.1" 200 171047
66.249.64.51 - - [26/Dec/2016:01:32:43 -0500] "GET /BLA/resoluciones/RESOLUCIONES%202014/3468.pdf HTTP/1.1" 200 594502
192.168.175.104 - - [26/Dec/2016:01:33:07 -0500] "GET / HTTP/1.1" 200 9990
66.249.64.53 - - [26/Dec/2016:01:33:09 -0500] "GET /BLA/resoluciones/RESOLUCIONES%202014/2608.pdf HTTP/1.1" 200 667010
66.249.64.51 - - [26/Dec/2016:01:33:35 -0500] "GET /BLA/resoluciones/RESOLUCIONES%202014/1180.pdf HTTP/1.1" 200 884124
174.136.12.162 - - [26/Dec/2016:01:33:43 -0500] "-" 408 -
201.245.192.253 - - [26/Dec/2016:01:33:58 -0500] "GET /galeria/nivo-slider/demo/undefined HTTP/1.1" 404 1314
66.249.64.53 - - [26/Dec/2016:01:34:01 -0500] "GET /BLA/resoluciones/RESOLUCIONES%202014/0590.pdf HTTP/1.1" 200 180366
174.136.12.162 - - [26/Dec/2016:01:34:01 -0500] "-" 408 -
201.245.192.253 - - [26/Dec/2016:01:34:09 -0500] "GET /galeria/nivo-slider/demo/undefined HTTP/1.1" 404 1314
174.136.12.162 - - [26/Dec/2016:01:34:19 -0500] "-" 408 -
66.249.64.53 - - [26/Dec/2016:01:34:27 -0500] "GET /BLA/resoluciones/AUTOS%202016/0775.pdf HTTP/1.1" 200 474330
163.172.66.182 - - [26/Dec/2016:01:34:33 -0500] "GET /BLA/resoluciones/RESOLUCIONES%202006/RES%202006%20201-250/00000236.tif HTTP/1.1" 200 235432
174.136.12.162 - - [26/Dec/2016:01:34:37 -0500] "-" 408 -
66.249.64.53 - - [26/Dec/2016:01:34:53 -0500] "GET /BLA/resoluciones/RESOLUCIONES%202014/1109.pdf HTTP/1.1" 200 1122861
174.136.12.162 - - [26/Dec/2016:01:34:56 -0500] "-" 408 -
69.162.124.232 - - [26/Dec/2016:01:35:03 -0500] "HEAD / HTTP/1.1" 200 -
192.168.175.104 - - [26/Dec/2016:01:35:13 -0500] "GET / HTTP/1.0" 200 9990
174.136.12.162 - - [26/Dec/2016:01:35:14 -0500] "-" 408 -
192.168.175.104 - - [26/Dec/2016:01:35:21 -0500] "GET / HTTP/1.1" 200 9990
174.136.12.162 - - [26/Dec/2016:01:35:32 -0500] "-" 408 -
174.136.12.162 - - [26/Dec/2016:01:35:54 -0500] "-" 408 -
174.136.12.162 - - [26/Dec/2016:01:36:08 -0500] "-" 408 -
201.245.192.253 - - [26/Dec/2016:01:36:08 -0500] "GET /galeria/nivo-slider/demo/undefined HTTP/1.1" 404 1314
201.245.192.253 - - [26/Dec/2016:01:36:20 -0500] "GET /galeria/nivo-slider/demo/undefined HTTP/1.1" 404 1314
190.25.204.196 - - [26/Dec/2016:01:36:24 -0500] "GET /BLA/resoluciones/RESOLUCIONES%202015/1054.pdf HTTP/1.1" 200 487632
190.25.204.196 - - [26/Dec/2016:01:36:24 -0500] "GET /BLA/resoluciones/RESOLUCIONES%202015/1042.pdf HTTP/1.1" 200 486040
174.136.12.162 - - [26/Dec/2016:01:36:26 -0500] "-" 408 -
180.76.15.147 - - [26/Dec/2016:01:36:30 -0500] "GET /BLA/resoluciones/AUTOS%202010/4271.pdf HTTP/1.1" 200 238597
180.76.15.146 - - [26/Dec/2016:01:36:37 -0500] "GET /BLA/resoluciones/AUTOS%202010/5285.pdf HTTP/1.1" 200 203843
174.136.12.162 - - [26/Dec/2016:01:36:45 -0500] "-" 408 -
64.74.215.1 - - [26/Dec/2016:01:36:53 -0500] "GET /BLA/boletinlegal/js/jquery.scrollShow.js HTTP/1.1" 200 4586
190.25.204.196 - - [26/Dec/2016:01:36:54 -0500] "GET /galeria/bibloteca/contentflow.js HTTP/1.1" 200 42804
190.25.204.196 - - [26/Dec/2016:01:36:55 -0500] "GET /transparencia/directorioservidores/MANUAL%20DE%20FUNCIONES%2002666%20DEL%204-DIC-2015.pdf HTTP/1.1" 200 52098444
190.25.204.196 - - [26/Dec/2016:01:36:55 -0500] "GET /BLA/boletinlegal/normativa.php HTTP/1.1" 200 7057
64.74.215.1 - - [26/Dec/2016:01:36:56 -0500] "GET /galeria/galeria/jquery.fancybox.js?v=2.1.5 HTTP/1.1" 200 48706
64.74.215.1 - - [26/Dec/2016:01:36:57 -0500] "GET /galeria/carrusel/Carrusel/jquery-ui-1.8.13.custom.min.js HTTP/1.1" 200 10800
64.74.215.1 - - [26/Dec/2016:01:36:57 -0500] "GET /galeria/carrusel/Carrusel/jquery.thumbnailScroller.js HTTP/1.1" 200 8157
190.25.204.196 - - [26/Dec/2016:01:37:00 -0500] "GET /AFLUENTESYEFUENTES/ HTTP/1.1" 200 4762
190.25.204.196 - - [26/Dec/2016:01:37:01 -0500] "GET /BLA/ HTTP/1.1" 200 538
64.74.215.1 - - [26/Dec/2016:01:37:02 -0500] "GET /galeria/nivo-slider/demo/demo.html HTTP/1.1" 200 3906
64.74.215.1 - - [26/Dec/2016:01:37:02 -0500] "GET /galeria/nivo-slider/demo/scripts/jquery-1.7.1.min.js HTTP/1.1" 200 93868
64.74.215.1 - - [26/Dec/2016:01:37:02 -0500] "GET /galeria/nivo-slider/jquery.nivo.slider.pack.js HTTP/1.1" 200 11561
174.136.12.162 - - [26/Dec/2016:01:37:03 -0500] "-" 408 -
190.25.204.196 - - [26/Dec/2016:01:37:04 -0500] "GET /silvicultura/1.pdf HTTP/1.1" 404 1018
190.25.204.196 - - [26/Dec/2016:01:37:04 -0500] "GET /silvicultura/5.pdf HTTP/1.1" 404 1018
190.25.204.196 - - [26/Dec/2016:01:37:04 -0500] "GET /silvicultura/6.pdf HTTP/1.1" 404 1018
190.25.204.196 - - [26/Dec/2016:01:37:04 -0500] "GET /silvicultura/7.pdf HTTP/1.1" 404 1018
190.25.204.196 - - [26/Dec/2016:01:37:04 -0500] "GET /silvicultura/8.pdf HTTP/1.1" 404 1018
190.25.204.196 - - [26/Dec/2016:01:37:04 -0500] "GET /silvicultura/9.pdf HTTP/1.1" 404 1018
190.25.204.196 - - [26/Dec/2016:01:37:04 -0500] "GET /silvicultura/11.pdf HTTP/1.1" 404 1018
190.25.204.196 - - [26/Dec/2016:01:37:04 -0500] "GET /silvicultura/12.pdf HTTP/1.1" 404 1018
190.25.204.196 - - [26/Dec/2016:01:37:04 -0500] "GET /silvicultura/13.pdf HTTP/1.1" 404 1018
174.136.12.162 - - [26/Dec/2016:01:37:21 -0500] "-" 408 -
66.249.64.55 - - [26/Dec/2016:01:37:28 -0500] "GET /BLA/resoluciones/RESOLUCIONES%202014/3687.pdf HTTP/1.1" 304 -
174.136.12.162 - - [26/Dec/2016:01:37:39 -0500] "-" 408 -
174.136.12.162 - - [26/Dec/2016:01:37:57 -0500] "-" 408 -
192.168.175.104 - - [26/Dec/2016:01:38:05 -0500] "GET / HTTP/1.1" 200 9990
174.136.12.162 - - [26/Dec/2016:01:38:15 -0500] "-" 408 -
201.245.192.253 - - [26/Dec/2016:01:38:19 -0500] "GET /galeria/nivo-slider/demo/undefined HTTP/1.1" 404 1314
66.249.64.61 - - [26/Dec/2016:01:38:20 -0500] "GET / HTTP/1.1" 200 9990
190.25.204.196 - - [26/Dec/2016:01:38:26 -0500] "GET /Residuos/cosmeticos/cosmeticos.html HTTP/1.1" 200 1963
190.25.204.196 - - [26/Dec/2016:01:38:26 -0500] "GET /Residuos/curtiembres/curtiembres.html HTTP/1.1" 200 1965
190.25.204.196 - - [26/Dec/2016:01:38:26 -0500] "GET /Residuos/farmaceutica/farmaceutica.html HTTP/1.1" 200 1967
190.25.204.196 - - [26/Dec/2016:01:38:26 -0500] "GET /Residuos/lavanderias/lavanderias.html HTTP/1.1" 200 1965
190.25.204.196 - - [26/Dec/2016:01:38:26 -0500] "GET /Residuos/impresion/impresion.html HTTP/1.1" 200 1961
190.25.204.196 - - [26/Dec/2016:01:38:26 -0500] "GET /Residuos/maderas/maderas.html HTTP/1.1" 200 1957
190.25.204.196 - - [26/Dec/2016:01:38:26 -0500] "GET /Residuos/metalmecanica/metalmecanica.html HTTP/1.1" 200 1969
190.25.204.196 - - [26/Dec/2016:01:38:26 -0500] "GET /Residuos/pinturas/pinturas.html HTTP/1.1" 200 1959
190.25.204.196 - - [26/Dec/2016:01:38:26 -0500] "GET /Residuos/quimicos/quimicos.html HTTP/1.1" 200 1959
190.25.204.196 - - [26/Dec/2016:01:38:26 -0500] "GET /Residuos/textiles/textiles.html HTTP/1.1" 200 1959
190.25.204.196 - - [26/Dec/2016:01:38:26 -0500] "GET /Residuos/vehiculos/vehiculos.html HTTP/1.1" 200 1961
201.245.192.253 - - [26/Dec/2016:01:38:31 -0500] "GET /galeria/nivo-slider/demo/undefined HTTP/1.1" 404 1314
163.172.65.210 - - [26/Dec/2016:01:38:42 -0500] "GET /BLA/resoluciones/RESOLUCIONES%202006/RES%202006%202601-2650/00002629.tif HTTP/1.1" 200 225580
66.249.64.51 - - [26/Dec/2016:01:38:46 -0500] "GET /BLA/resoluciones/index.php?dir=RESOLUCIONES%202004/&sort=name&order=asc HTTP/1.1" 200 13000
190.25.204.196 - - [26/Dec/2016:01:38:59 -0500] "GET /galeria/nivo-slider/themes/default/default.css HTTP/1.1" 200 1569
190.25.204.196 - - [26/Dec/2016:01:38:59 -0500] "GET /galeria/nivo-slider/themes/pascal/pascal.css HTTP/1.1" 200 2258
190.25.204.196 - - [26/Dec/2016:01:38:59 -0500] "GET /galeria/nivo-slider/themes/orman/orman.css HTTP/1.1" 200 2152
190.25.204.196 - - [26/Dec/2016:01:38:59 -0500] "GET /galeria/nivo-slider/nivo-slider.css HTTP/1.1" 200 1507
190.25.204.196 - - [26/Dec/2016:01:38:59 -0500] "GET /galeria/nivo-slider/demo/style.css HTTP/1.1" 200 2222
190.25.204.196 - - [26/Dec/2016:01:38:59 -0500] "GET /galeria/nivo-slider/demo/images/banner-fuera-funcionaminto.png HTTP/1.1" 404 1018
190.25.204.196 - - [26/Dec/2016:01:38:59 -0500] "GET /galeria/nivo-slider/demo/images/bannerwebnavidadenloshumedales.jpg HTTP/1.1" 200 157616
190.25.204.196 - - [26/Dec/2016:01:38:59 -0500] "GET /galeria/nivo-slider/demo/images/bannerwebcampa%C3%83%C2%B1amusgo3.jpg HTTP/1.1" 404 1018
190.25.204.196 - - [26/Dec/2016:01:38:59 -0500] "GET /galeria/nivo-slider/demo/images/pieza%20webtinguas.jpg HTTP/1.1" 200 175651
190.25.204.196 - - [26/Dec/2016:01:38:59 -0500] "GET /galeria/nivo-slider/demo/images/bannerinvitaci%C3%83%C2%B3nacaminatasecologicas2.jpg HTTP/1.1" 404 1018
190.25.204.196 - - [26/Dec/2016:01:38:59 -0500] "GET /galeria/nivo-slider/demo/images/banner%20encuesta%20sda2-web3.jpg HTTP/1.1" 200 111668
190.25.204.196 - - [26/Dec/2016:01:39:00 -0500] "GET /galeria/nivo-slider/demo/images/bannersilvicultura.jpg HTTP/1.1" 200 173023
190.25.204.196 - - [26/Dec/2016:01:39:00 -0500] "GET /galeria/nivo-slider/demo/images/BANNERARBOLES.jpg HTTP/1.1" 200 227630
190.25.204.196 - - [26/Dec/2016:01:39:01 -0500] "GET /galeria/nivo-slider/demo/images/ACOPIADORESYGESTORES.jpg HTTP/1.1" 200 118791
190.25.204.196 - - [26/Dec/2016:01:39:01 -0500] "GET /galeria/nivo-slider/demo/images/bannergestionambiental2.jpg HTTP/1.1" 200 245647
190.25.204.196 - - [26/Dec/2016:01:39:01 -0500] "GET /galeria/nivo-slider/demo/images/vegetal.jpg HTTP/1.1" 200 216080
190.25.204.196 - - [26/Dec/2016:01:39:01 -0500] "GET /galeria/nivo-slider/demo/images/Ruta-vertimientos-01.jpg HTTP/1.1" 200 130151
190.25.204.196 - - [26/Dec/2016:01:39:02 -0500] "GET /galeria/nivo-slider/demo/images/bolsas-06.jpg HTTP/1.1" 200 210950
190.25.204.196 - - [26/Dec/2016:01:39:02 -0500] "GET /galeria/nivo-slider/demo/scripts/jquery-1.7.1.min.js HTTP/1.1" 200 93868
190.25.204.196 - - [26/Dec/2016:01:39:02 -0500] "GET /galeria/nivo-slider/jquery.nivo.slider.pack.js HTTP/1.1" 200 11561
190.25.204.196 - - [26/Dec/2016:01:39:02 -0500] "GET /galeria/galeria/fotos/diaSC2.jpg HTTP/1.1" 200 169077
190.25.204.196 - - [26/Dec/2016:01:39:02 -0500] "GET /galeria/galeria/fotos/diaSC2Peq.jpg HTTP/1.1" 200 23761
190.25.204.196 - - [26/Dec/2016:01:39:02 -0500] "GET /galeria/galeria/fotos/diaSC3.jpg HTTP/1.1" 200 194033
190.25.204.196 - - [26/Dec/2016:01:39:02 -0500] "GET /galeria/galeria/fotos/diaSC3Peq.jpg HTTP/1.1" 200 24913
190.25.204.196 - - [26/Dec/2016:01:39:02 -0500] "GET /galeria/galeria/fotos/diaSC4.jpg HTTP/1.1" 200 157834
190.25.204.196 - - [26/Dec/2016:01:39:02 -0500] "GET /galeria/galeria/fotos/diaSC4Peq.jpg HTTP/1.1" 200 21008
190.25.204.196 - - [26/Dec/2016:01:39:02 -0500] "GET /galeria/galeria/fotos/diaSC5.jpg HTTP/1.1" 200 168610
190.25.204.196 - - [26/Dec/2016:01:39:03 -0500] "GET /galeria/galeria/fotos/diaSC5Peq.jpg HTTP/1.1" 200 21681
190.25.204.196 - - [26/Dec/2016:01:39:03 -0500] "GET /galeria/galeria/fotos/diaSC6.jpg HTTP/1.1" 200 117970
190.25.204.196 - - [26/Dec/2016:01:39:03 -0500] "GET /galeria/galeria/fotos/diaSC6Peq.jpg HTTP/1.1" 200 17665
190.25.204.196 - - [26/Dec/2016:01:39:03 -0500] "GET /galeria/galeria/fotos/diaSC7.jpg HTTP/1.1" 200 138801
190.25.204.196 - - [26/Dec/2016:01:39:03 -0500] "GET /galeria/galeria/fotos/diaSC7Peq.jpg HTTP/1.1" 200 18357
190.25.204.196 - - [26/Dec/2016:01:39:03 -0500] "GET /galeria/galeria/fotos/diaSC8.jpg HTTP/1.1" 200 94962
190.25.204.196 - - [26/Dec/2016:01:39:03 -0500] "GET /galeria/galeria/fotos/diaSC8Peq.jpg HTTP/1.1" 200 8852
190.25.204.196 - - [26/Dec/2016:01:39:03 -0500] "GET /galeria/galeria/fotos/diaSC9.jpg HTTP/1.1" 200 127141
190.25.204.196 - - [26/Dec/2016:01:39:03 -0500] "GET /galeria/galeria/fotos/diaSC9Peq.jpg HTTP/1.1" 200 10104
190.25.204.196 - - [26/Dec/2016:01:39:03 -0500] "GET /galeria/galeria/fotos/diaSC10.jpg HTTP/1.1" 200 150830
190.25.204.196 - - [26/Dec/2016:01:39:03 -0500] "GET /galeria/galeria/fotos/diaSC10Peq.jpg HTTP/1.1" 200 11355
190.25.204.196 - - [26/Dec/2016:01:39:03 -0500] "GET /galeria/galeria/fotos/diaSC11.jpg HTTP/1.1" 200 150678
190.25.204.196 - - [26/Dec/2016:01:39:04 -0500] "GET /galeria/galeria/fotos/diaSC11Peq.jpg HTTP/1.1" 200 11680
190.25.204.196 - - [26/Dec/2016:01:39:04 -0500] "GET /galeria/galeria/fotos/diaSC12.jpg HTTP/1.1" 200 152053
190.25.204.196 - - [26/Dec/2016:01:39:04 -0500] "GET /galeria/galeria/fotos/diaSC12Peq.jpg HTTP/1.1" 200 11782
190.25.204.196 - - [26/Dec/2016:01:39:04 -0500] "GET /galeria/galeria/fotos/diaSC13.jpg HTTP/1.1" 200 145086
190.25.204.196 - - [26/Dec/2016:01:39:04 -0500] "GET /galeria/galeria/fotos/diaSC13Peq.jpg HTTP/1.1" 200 11028
190.25.204.196 - - [26/Dec/2016:01:39:04 -0500] "GET /galeria/galeria/fotos/diaSC14.jpg HTTP/1.1" 200 136685
190.25.204.196 - - [26/Dec/2016:01:39:04 -0500] "GET /galeria/galeria/fotos/diaSC14Peq.jpg HTTP/1.1" 200 10726
190.25.204.196 - - [26/Dec/2016:01:39:10 -0500] "GET /BLA/boletinlegal/style.css HTTP/1.1" 200 9406
190.25.204.196 - - [26/Dec/2016:01:39:10 -0500] "GET /BLA/boletinlegal/styles2.css HTTP/1.1" 200 1838
190.25.204.196 - - [26/Dec/2016:01:39:10 -0500] "GET /BLA/boletinlegal/js/jquery.js HTTP/1.1" 200 57254
190.25.204.196 - - [26/Dec/2016:01:39:10 -0500] "GET /BLA/boletinlegal/images/cabezote%20BLEGAL.jpg HTTP/1.1" 200 118164
190.25.204.196 - - [26/Dec/2016:01:39:10 -0500] "GET /BLA/boletinlegal/actos.php HTTP/1.1" 200 7660
190.25.204.196 - - [26/Dec/2016:01:39:10 -0500] "GET /BLA/boletinlegal/doctrina.php HTTP/1.1" 200 5010
190.25.204.196 - - [26/Dec/2016:01:39:10 -0500] "GET /BLA/boletinlegal/jurisprudencia.php HTTP/1.1" 200 12511
190.25.204.196 - - [26/Dec/2016:01:39:11 -0500] "GET /BLA/boletinlegal/conceptos.php HTTP/1.1" 200 6162
190.25.204.196 - - [26/Dec/2016:01:39:11 -0500] "GET /BLA/boletinlegal/documentos-importantes.php HTTP/1.1" 200 4822
190.25.204.196 - - [26/Dec/2016:01:39:11 -0500] "GET /BLA/boletinlegal/images/nuevo.gif HTTP/1.1" 200 26475
190.25.204.196 - - [26/Dec/2016:01:39:11 -0500] "GET /BLA/boletinlegal/images/historia.png HTTP/1.1" 200 52775
190.25.204.196 - - [26/Dec/2016:01:39:11 -0500] "GET /BLA/boletinlegal/images/subscribe-icon-big.png HTTP/1.1" 200 47702
190.25.204.196 - - [26/Dec/2016:01:39:11 -0500] "GET /BLA/boletinlegal/images/arr_l.jpg HTTP/1.1" 200 1979
190.25.204.196 - - [26/Dec/2016:01:39:11 -0500] "GET /BLA/boletinlegal/images/screen_1.png HTTP/1.1" 200 202547
190.25.204.196 - - [26/Dec/2016:01:39:12 -0500] "GET /BLA/boletinlegal/images/launch.jpg HTTP/1.1" 200 14577
190.25.204.196 - - [26/Dec/2016:01:39:12 -0500] "GET /BLA/boletinlegal/images/screen_2.png HTTP/1.1" 200 362502
190.25.204.196 - - [26/Dec/2016:01:39:13 -0500] "GET /BLA/boletinlegal/norma_menu.php HTTP/1.1" 200 5344
69.162.124.232 - - [26/Dec/2016:01:40:03 -0500] "HEAD / HTTP/1.1" 200 -
192.168.175.104 - - [26/Dec/2016:01:40:10 -0500] "GET / HTTP/1.0" 200 9990
190.25.204.196 - - [26/Dec/2016:01:39:10 -0500] "GET /BLA/boletinlegal/index.php HTTP/1.1" 200 53363
192.168.175.104 - - [26/Dec/2016:01:40:20 -0500] "GET / HTTP/1.1" 200 9990
190.25.204.196 - - [26/Dec/2016:01:40:20 -0500] "GET /BLA/boletinlegal/images/screen_3.png HTTP/1.1" 200 210620
190.25.204.196 - - [26/Dec/2016:01:40:20 -0500] "GET /BLA/boletinlegal/images/screen_5.png HTTP/1.1" 200 368876
190.25.204.196 - - [26/Dec/2016:01:40:21 -0500] "GET /BLA/boletinlegal/images/arr_r.jpg HTTP/1.1" 200 1998
190.25.204.196 - - [26/Dec/2016:01:40:21 -0500] "GET /BLA/boletinlegal/Directivas/2016/Directiva%20No.%2003%20del%2026%20de%20Julio%20de%202016.pdf HTTP/1.1" 200 370200
190.25.204.196 - - [26/Dec/2016:01:40:21 -0500] "GET /BLA/boletinlegal/images/pdf.gif HTTP/1.1" 200 567
201.245.192.253 - - [26/Dec/2016:01:40:30 -0500] "GET /galeria/nivo-slider/demo/undefined HTTP/1.1" 404 1314
66.249.64.51 - - [26/Dec/2016:01:40:30 -0500] "GET /BLA/resoluciones/AUTOS%202009/2548.pdf HTTP/1.1" 200 100647
201.245.192.253 - - [26/Dec/2016:01:40:42 -0500] "GET /galeria/nivo-slider/demo/undefined HTTP/1.1" 404 1314
66.249.64.51 - - [26/Dec/2016:01:41:22 -0500] "GET /BLA/resoluciones/RESOLUCIONES%202014/2284.pdf HTTP/1.1" 304 -
190.25.204.196 - - [26/Dec/2016:01:41:59 -0500] "GET /BLA/boletinlegal/Directivas/2016/Directiva%20No.%2002%20del%2019%20de%20Abril%20de%202016.pdf HTTP/1.1" 200 11898321
190.25.204.196 - - [26/Dec/2016:01:41:59 -0500] "GET /BLA/boletinlegal/Directivas/2016/Directiva%20No.%2001%20del%2012%20de%20Abril%20de%202016.pdf HTTP/1.1" 200 868354
190.25.204.196 - - [26/Dec/2016:01:41:59 -0500] "GET /BLA/boletinlegal/Directivas/2015/Directiva%20No.%2001%20del%2014%20de%20Enero%20de%202015.pdf HTTP/1.1" 200 1416322
190.25.204.196 - - [26/Dec/2016:01:41:59 -0500] "GET /BLA/boletinlegal/Directivas/2014/Directiva%20No.%205%20del%2026%20de%20Diciembre%20de%202014.pdf HTTP/1.1" 200 3424865
190.25.204.196 - - [26/Dec/2016:01:42:00 -0500] "GET /BLA/boletinlegal/Directivas/2014/Directiva%20No.%204%20del%2006%20de%20Junio%20de%202014.pdf HTTP/1.1" 200 236794
190.25.204.196 - - [26/Dec/2016:01:42:00 -0500] "GET /BLA/boletinlegal/Directivas/2014/Directiva%20No.%203%20del%2020%20de%20Mayo%20de%202014.pdf HTTP/1.1" 200 504420
190.25.204.196 - - [26/Dec/2016:01:42:00 -0500] "GET /BLA/boletinlegal/Directivas/2014/Directiva%20No.%202%20del%205%20de%20Mayo%20de%202014.pdf HTTP/1.1" 200 591315
190.25.204.196 - - [26/Dec/2016:01:42:01 -0500] "GET /BLA/boletinlegal/Directivas/2014/Directiva%20No.%201%20del%2010%20de%20Abril%20de%202014.pdf HTTP/1.1" 200 258865
190.25.204.196 - - [26/Dec/2016:01:42:02 -0500] "GET /BLA/boletinlegal/Directivas/2013/Directiva%20No.%203%20del%2016%20de%20julio%20de%202013.pdf HTTP/1.1" 200 127414
190.25.204.196 - - [26/Dec/2016:01:42:03 -0500] "GET /BLA/boletinlegal/Directivas/2013/Directiva%20No.%202%20del%2004%20de%20Abril%20de%202013.pdf HTTP/1.1" 200 1182671
190.25.204.196 - - [26/Dec/2016:01:42:10 -0500] "GET /BLA/boletinlegal/Directivas/2013/Directiva%20No.%201%20del%2004%20de%20Abril%20de%202013.pdf HTTP/1.1" 200 472003
190.25.204.196 - - [26/Dec/2016:01:42:10 -0500] "GET /BLA/boletinlegal/Directivas/2012/Directiva%20No.%201%20del%2030%20de%20octubre%20de%202012.pdf HTTP/1.1" 200 1522771
190.25.204.196 - - [26/Dec/2016:01:42:11 -0500] "GET /BLA/boletinlegal/Directivas/2011/Directiva%20No.%2011%20del%2027%20de%20Diciembre%20de%202011.pdf HTTP/1.1" 200 303527
190.25.204.196 - - [26/Dec/2016:01:42:11 -0500] "GET /BLA/boletinlegal/Directivas/2011/Directiva%20No.%2010%20del%2028%20de%20Septiembre%20de%202011.pdf HTTP/1.1" 200 465887
190.25.204.196 - - [26/Dec/2016:01:42:11 -0500] "GET /BLA/boletinlegal/Directivas/2011/Directiva%20No.%209%20del%2023%20de%20Septiembre%20de%202011.pdf HTTP/1.1" 200 326687
190.25.204.196 - - [26/Dec/2016:01:42:11 -0500] "GET /BLA/boletinlegal/Directivas/2011/Directiva%20No.%208%20del%2020%20de%20Septiembre%20de%202011.pdf HTTP/1.1" 200 727150
190.25.204.196 - - [26/Dec/2016:01:42:12 -0500] "GET /BLA/boletinlegal/Directivas/2011/Directiva%20No.%207%20del%2015%20de%20Septiembre%20de%202011.pdf HTTP/1.1" 200 268084
190.25.204.196 - - [26/Dec/2016:01:42:13 -0500] "GET /BLA/boletinlegal/Directivas/2011/Directiva%20No.%206%20del%208%20de%20Septiembre%20de%202011.pdf HTTP/1.1" 200 996625
190.25.204.196 - - [26/Dec/2016:01:42:13 -0500] "GET /BLA/boletinlegal/Directivas/2011/Directiva%20No.%205%20del%2029%20de%20Agosto%20de%202011.pdf HTTP/1.1" 200 444404
190.25.204.196 - - [26/Dec/2016:01:42:16 -0500] "GET /BLA/boletinlegal/Directivas/2011/Directiva%20No.%204%20del%2028%20de%20Junio%20de%202011.pdf HTTP/1.1" 200 960158
190.25.204.196 - - [26/Dec/2016:01:42:16 -0500] "GET /BLA/boletinlegal/Directivas/2011/Directiva%20No.%203%20del%2027%20de%20Mayo%20de%202011.pdf HTTP/1.1" 200 910420
190.25.204.196 - - [26/Dec/2016:01:42:16 -0500] "GET /BLA/boletinlegal/Directivas/2011/Directiva%20No.%202%20del%2017%20de%20Mayo%20de%202011.pdf HTTP/1.1" 200 495382
190.25.204.196 - - [26/Dec/2016:01:42:16 -0500] "GET /BLA/boletinlegal/Directivas/2011/Directiva%20No.%201%20del%205%20de%20Abril%20de%202011.pdf HTTP/1.1" 200 971292
190.25.204.196 - - [26/Dec/2016:01:42:18 -0500] "GET /BLA/boletinlegal/Directivas/2009/Directiva%20No.%20del%2023%20de%20Diciembre%20de%202009.pdf HTTP/1.1" 200 1636862
190.25.204.196 - - [26/Dec/2016:01:42:20 -0500] "GET /BLA/boletinlegal/Circulares/2015/Circular%20No.%201%20del%2010%20de%20Febrero%20de%202015.pdf HTTP/1.1" 200 660637
190.25.204.196 - - [26/Dec/2016:01:42:21 -0500] "GET /BLA/boletinlegal/Circulares/2015/Circular%20No.%202%20del%201%20de%20julio%20de%202015.pdf HTTP/1.1" 200 752890
190.25.204.196 - - [26/Dec/2016:01:42:23 -0500] "GET /BLA/boletinlegal/Circulares/2015/.pdf HTTP/1.1" 404 1018
190.25.204.196 - - [26/Dec/2016:01:42:23 -0500] "GET /BLA/boletinlegal/Circulares/2014/Circular%20No.%203%20del%2014%20de%20Noviembre%20de%202014.pdf HTTP/1.1" 200 104132
201.245.192.253 - - [26/Dec/2016:01:42:40 -0500] "GET /galeria/nivo-slider/demo/undefined HTTP/1.1" 404 1314
201.245.192.253 - - [26/Dec/2016:01:42:53 -0500] "GET /galeria/nivo-slider/demo/undefined HTTP/1.1" 404 1314
192.168.175.104 - - [26/Dec/2016:01:43:03 -0500] "GET / HTTP/1.1" 200 9990
66.249.64.55 - - [26/Dec/2016:01:43:32 -0500] "GET /BLA/resoluciones/RESOLUCIONES%202010/7711.pdf HTTP/1.1" 200 525880
66.249.64.53 - - [26/Dec/2016:01:44:01 -0500] "GET /BLA/resoluciones/RESOLUCIONES%202010/3506.pdf HTTP/1.1" 200 506381
163.172.65.59 - - [26/Dec/2016:01:44:02 -0500] "GET /BLA/resoluciones/RESOLUCIONES%202004/RES%202004%201351-1400/00001368.tif HTTP/1.1" 200 101070
163.172.66.40 - - [26/Dec/2016:01:44:29 -0500] "GET /BLA/resoluciones/RESOLUCIONES%202005/RES%202005%201301-1350/00001332.tif HTTP/1.1" 200 151384
201.245.192.253 - - [26/Dec/2016:01:44:51 -0500] "GET /galeria/nivo-slider/demo/undefined HTTP/1.1" 404 1314
66.249.64.51 - - [26/Dec/2016:01:44:54 -0500] "GET /BLA/resoluciones/Notificaciones/AUTOS%202014/1508.doc HTTP/1.1" 200 254464
69.162.124.232 - - [26/Dec/2016:01:45:03 -0500] "HEAD / HTTP/1.1" 200 -
201.245.192.253 - - [26/Dec/2016:01:45:04 -0500] "GET /galeria/nivo-slider/demo/undefined HTTP/1.1" 404 1314
192.168.175.104 - - [26/Dec/2016:01:45:08 -0500] "GET / HTTP/1.0" 200 9990
66.249.64.51 - - [26/Dec/2016:01:45:16 -0500] "GET /BLA/resoluciones/RESOLUCIONES%202009/2158.pdf HTTP/1.1" 200 561571
192.168.175.104 - - [26/Dec/2016:01:45:18 -0500] "GET / HTTP/1.1" 200 9990
66.249.64.53 - - [26/Dec/2016:01:45:42 -0500] "GET /BLA/resoluciones/RESOLUCIONES%202009/6020.pdf HTTP/1.1" 200 486945
190.25.204.196 - - [26/Dec/2016:01:37:10 -0500] "GET /videos/CRRFFS.mp4 HTTP/1.1" 200 286784363
66.249.64.53 - - [26/Dec/2016:01:46:08 -0500] "GET /BLA/resoluciones/AUTOS%202010/0837.pdf HTTP/1.1" 200 178917
66.249.64.51 - - [26/Dec/2016:01:46:34 -0500] "GET /BLA/resoluciones/RESOLUCIONES%202010/2742.pdf HTTP/1.1" 200 497457
162.221.190.162 - - [26/Dec/2016:01:46:42 -0500] "-" 408 -
190.25.204.196 - - [26/Dec/2016:01:46:53 -0500] "GET /BLA/boletinlegal/Circulares/2014/Circular%20No.%202%20del%2021%20de%20septiembre%20de%202014.pdf HTTP/1.1" 200 143376
190.25.204.196 - - [26/Dec/2016:01:46:54 -0500] "GET /BLA/boletinlegal/Circulares/2014/Circular%20No.%201%20del%2008%20de%20Mayo%20de%202014.pdf HTTP/1.1" 200 180124
190.25.204.196 - - [26/Dec/2016:01:46:54 -0500] "GET /BLA/boletinlegal/Circulares/2013/Circular%20No.%208%20del%201%20de%20Noviembre%20de%202013.pdf HTTP/1.1" 200 385156
190.25.204.196 - - [26/Dec/2016:01:46:54 -0500] "GET /BLA/boletinlegal/Circulares/2013/Circular%20No.%207%20del%201%20de%20Agosto%20de%202013.pdf HTTP/1.1" 200 340934
190.25.204.196 - - [26/Dec/2016:01:46:56 -0500] "GET /BLA/boletinlegal/Circulares/2013/Circular%20No.%206%20del%2019%20de%20julio%20de%202013.pdf HTTP/1.1" 200 4210437
190.25.204.196 - - [26/Dec/2016:01:46:56 -0500] "GET /BLA/boletinlegal/Circulares/2013/Circular%20No.%205%20del%2013%20de%20junio%20de%202013.pdf HTTP/1.1" 200 110904
190.25.204.196 - - [26/Dec/2016:01:46:56 -0500] "GET /BLA/boletinlegal/Circulares/2013/Circular%20No.%204%20del%2005%20de%20junio%20de%202013.pdf HTTP/1.1" 200 130461
190.25.204.196 - - [26/Dec/2016:01:46:56 -0500] "GET /BLA/boletinlegal/Circulares/2013/Circular%20No.%203%20del%2005%20de%20abril%20de%202013.pdf HTTP/1.1" 200 93580
162.221.190.162 - - [26/Dec/2016:01:47:00 -0500] "-" 408 -
66.249.64.51 - - [26/Dec/2016:01:47:00 -0500] "GET /BLA/resoluciones/RESOLUCIONES%202009/4269.pdf HTTP/1.1" 200 497077
201.245.192.253 - - [26/Dec/2016:01:47:01 -0500] "GET /galeria/nivo-slider/demo/undefined HTTP/1.1" 404 1314
201.245.192.253 - - [26/Dec/2016:01:47:15 -0500] "GET /galeria/nivo-slider/demo/undefined HTTP/1.1" 404 1314
162.221.190.162 - - [26/Dec/2016:01:47:18 -0500] "-" 408 -
66.249.64.55 - - [26/Dec/2016:01:47:26 -0500] "GET /BLA/resoluciones/RESOLUCIONES%202010/4495.pdf HTTP/1.1" 200 407188
163.172.65.190 - - [26/Dec/2016:01:47:33 -0500] "GET /BLA/resoluciones/RESOLUCIONES%202003/ANEXOS%20RES%202048/00000012.tif HTTP/1.1" 200 281946
162.221.190.162 - - [26/Dec/2016:01:47:36 -0500] "-" 408 -
163.172.66.39 - - [26/Dec/2016:01:47:40 -0500] "GET /BLA/resoluciones/RESOLUCIONES%202004/RES%202004%20901-950/00000944.tif HTTP/1.1" 200 230464
66.249.64.53 - - [26/Dec/2016:01:47:51 -0500] "GET /BLA/resoluciones/RESOLUCIONES%202010/1071.pdf HTTP/1.1" 200 104564
162.221.190.162 - - [26/Dec/2016:01:47:54 -0500] "-" 408 -
192.168.175.104 - - [26/Dec/2016:01:48:01 -0500] "GET / HTTP/1.1" 200 9990
162.221.190.162 - - [26/Dec/2016:01:48:12 -0500] "-" 408 -
66.249.64.51 - - [26/Dec/2016:01:48:17 -0500] "GET /BLA/resoluciones/Notificaciones/AUTOS%202015/03903.doc HTTP/1.1" 200 134490
66.249.64.51 - - [26/Dec/2016:01:48:43 -0500] "GET /BLA/resoluciones/RESOLUCIONES%202010/0789.pdf HTTP/1.1" 200 106980
66.249.64.53 - - [26/Dec/2016:01:49:09 -0500] "GET /BLA/resoluciones/RESOLUCIONES%202009/3235.pdf HTTP/1.1" 200 386722
201.245.192.253 - - [26/Dec/2016:01:49:12 -0500] "GET /galeria/nivo-slider/demo/undefined HTTP/1.1" 404 1314
201.245.192.253 - - [26/Dec/2016:01:49:26 -0500] "GET /galeria/nivo-slider/demo/undefined HTTP/1.1" 404 1314
66.249.64.51 - - [26/Dec/2016:01:49:35 -0500] "GET /BLA/resoluciones/RESOLUCIONES%202010/2479.pdf HTTP/1.1" 200 490937
69.162.124.232 - - [26/Dec/2016:01:50:03 -0500] "HEAD / HTTP/1.1" 200 -
192.168.175.104 - - [26/Dec/2016:01:50:06 -0500] "GET / HTTP/1.0" 200 9990
192.168.175.104 - - [26/Dec/2016:01:50:16 -0500] "GET / HTTP/1.1" 200 9990
66.249.64.53 - - [26/Dec/2016:01:50:27 -0500] "GET /BLA/resoluciones/RESOLUCIONES%202007/RES%202007%202401%20AL%202500/RESOLUCION%202447%20DE%202007.pdf HTTP/1.1" 200 494064
66.249.64.53 - - [26/Dec/2016:01:51:19 -0500] "GET /BLA/resoluciones/RESOLUCIONES%202009/6310.pdf HTTP/1.1" 304 -
207.46.13.156 - - [26/Dec/2016:01:51:19 -0500] "GET /robots.txt HTTP/1.1" 404 1015
207.46.13.156 - - [26/Dec/2016:01:51:22 -0500] "GET /robots.txt HTTP/1.1" 404 1015
201.245.192.253 - - [26/Dec/2016:01:51:23 -0500] "GET /galeria/nivo-slider/demo/undefined HTTP/1.1" 404 1314
207.46.13.156 - - [26/Dec/2016:01:51:28 -0500] "GET /pot6.htm HTTP/1.1" 404 1015
41.230.245.252 - - [26/Dec/2016:01:51:34 -0500] "POST /xmlrpc.php HTTP/1.1" 301 334
41.230.245.252 - - [26/Dec/2016:01:51:36 -0500] "GET /wp-login.php HTTP/1.1" 301 336
201.245.192.253 - - [26/Dec/2016:01:51:37 -0500] "GET /galeria/nivo-slider/demo/undefined HTTP/1.1" 404 1314
41.230.245.252 - - [26/Dec/2016:01:51:37 -0500] "POST /wp-login.php HTTP/1.1" 301 336
66.249.64.51 - - [26/Dec/2016:01:51:45 -0500] "GET /BLA/resoluciones/RESOLUCIONES%202007/RES%202007%202001%20AL%202100/RESOLUCION%202025%20DE%202007.pdf HTTP/1.1" 304 -
66.249.64.55 - - [26/Dec/2016:01:52:11 -0500] "GET /BLA/resoluciones/AUTOS%202012/1078.pdf HTTP/1.1" 200 248319
190.25.204.196 - - [26/Dec/2016:01:52:19 -0500] "GET /BLA/boletinlegal/Circulares/2013/Circular%20No.%202%20del%2022%20de%20enero%20de%202013.pdf HTTP/1.1" 200 85466
190.25.204.196 - - [26/Dec/2016:01:52:19 -0500] "GET /BLA/boletinlegal/Circulares/2013/Circular%20No.%201%20del%2014%20de%20enero%20de%202013.pdf HTTP/1.1" 200 1298384
190.25.204.196 - - [26/Dec/2016:01:52:19 -0500] "GET /BLA/boletinlegal/Circulares/2012/Circular%20No.%2016%20del%2022%20de%20octubre%20de%202012.pdf HTTP/1.1" 200 381186
190.25.204.196 - - [26/Dec/2016:01:52:19 -0500] "GET /BLA/boletinlegal/Circulares/2012/Circular%20No.%2015%20del%2022%20de%20octubre%20de%202012.pdf HTTP/1.1" 200 486506
190.25.204.196 - - [26/Dec/2016:01:52:19 -0500] "GET /BLA/boletinlegal/Circulares/2012/Circular%20No.%2014%20del%2011%20de%20Septiembre%20de%202012.pdf HTTP/1.1" 200 3427471
190.25.204.196 - - [26/Dec/2016:01:52:20 -0500] "GET /BLA/boletinlegal/Circulares/2012/Circular%20No.%2013%20del%2006%20de%20Septiembre%20de%202012.pdf HTTP/1.1" 200 351421
190.25.204.196 - - [26/Dec/2016:01:52:20 -0500] "GET /BLA/boletinlegal/Circulares/2012/Circular%20No.%2012%20del%2028%20de%20Agosto%20de%202012.pdf HTTP/1.1" 200 369945
190.25.204.196 - - [26/Dec/2016:01:52:21 -0500] "GET /BLA/boletinlegal/Circulares/2012/Circular%20No.%2011%20del%2027%20de%20Agosto%20de%202012.pdf HTTP/1.1" 200 526945
190.25.204.196 - - [26/Dec/2016:01:52:22 -0500] "GET /BLA/boletinlegal/Circulares/2012/Circular%20No.%2010%20del%2022%20de%20Agosto%20de%202012.pdf HTTP/1.1" 200 1563219
190.25.204.196 - - [26/Dec/2016:01:52:22 -0500] "GET /BLA/boletinlegal/Circulares/2012/Circular%20No.%209%20del%2021%20de%20Agosto%20de%202012.pdf HTTP/1.1" 200 1402289
190.25.204.196 - - [26/Dec/2016:01:52:22 -0500] "GET /BLA/boletinlegal/Circulares/2012/Circular%20No.%208%20del%2021%20de%20Agosto%20de%202012.pdf HTTP/1.1" 200 963197
190.25.204.196 - - [26/Dec/2016:01:52:41 -0500] "GET /BLA/boletinlegal/Circulares/2012/Circular%20No.%207%20del%2008%20de%20Agosto%20de%202012.pdf HTTP/1.1" 200 972955
190.25.204.196 - - [26/Dec/2016:01:52:41 -0500] "GET /BLA/boletinlegal/Circulares/2012/Circular%20No.%206%20del%2025%20de%20Mayo%20de%202012.pdf HTTP/1.1" 200 387391
190.25.204.196 - - [26/Dec/2016:01:52:41 -0500] "GET /BLA/boletinlegal/Circulares/2012/Circular%20No.%205%20del%2027%20de%20Abril%20de%202012.pdf HTTP/1.1" 200 216613
190.25.204.196 - - [26/Dec/2016:01:52:41 -0500] "GET /BLA/boletinlegal/Circulares/2012/Circular%20No.%204%20del%2019%20de%20abril%20de%202012.pdf HTTP/1.1" 200 253045
190.25.204.196 - - [26/Dec/2016:01:52:41 -0500] "GET /BLA/boletinlegal/Circulares/2012/Circular%20No.%202%20del%2014%20de%20Marzo%20de%202012.pdf HTTP/1.1" 200 113666
190.25.204.196 - - [26/Dec/2016:01:52:42 -0500] "GET /BLA/boletinlegal/Circulares/2012/Circular%20No.%2010%20del%2026%20de%20Enero%20de%202012.pdf HTTP/1.1" 404 1018
190.25.204.196 - - [26/Dec/2016:01:52:42 -0500] "GET /BLA/boletinlegal/Circulares/2012/Circular%20No.%201%20del%2017%20de%20Enero%20de%202012.pdf HTTP/1.1" 200 1118749
190.25.204.196 - - [26/Dec/2016:01:52:42 -0500] "GET /BLA/boletinlegal/Circulares/2011/Circular%20No.%209%20del%2003%20de%20Noviembre%20de%202011.pdf HTTP/1.1" 200 54568
190.25.204.196 - - [26/Dec/2016:01:52:44 -0500] "GET /BLA/boletinlegal/Circulares/2012/Circular%20No.%203%20del%2023%20de%20Marzo%20de%202012.pdf HTTP/1.1" 200 572950
192.168.175.104 - - [26/Dec/2016:01:52:59 -0500] "GET / HTTP/1.1" 200 9990
190.25.204.196 - - [26/Dec/2016:01:53:13 -0500] "GET /BLA/boletinlegal/Circulares/2011/Circular%20No.%208%20del%2020%20de%20Septiembre%20de%202011.pdf HTTP/1.1" 200 285158
190.25.204.196 - - [26/Dec/2016:01:53:13 -0500] "GET /BLA/boletinlegal/Circulares/2011/Circular%20No.%207%20del%2023%20de%20Diciembre%20de%202011.pdf HTTP/1.1" 200 1107785
190.25.204.196 - - [26/Dec/2016:01:53:13 -0500] "GET /BLA/boletinlegal/Circulares/2011/Circular%20No.%207%20del%2015%20de%20Septiembre%20de%202011.pdf HTTP/1.1" 200 314873
190.25.204.196 - - [26/Dec/2016:01:53:13 -0500] "GET /BLA/boletinlegal/Circulares/2011/Circular%20No.%206%20del%2023%20de%20Septiembre%20de%202011.pdf HTTP/1.1" 200 252800
190.25.204.196 - - [26/Dec/2016:01:53:13 -0500] "GET /BLA/boletinlegal/Circulares/2011/Circular%20No.%206%20del%2029%20de%20Julio%20de%202011.pdf HTTP/1.1" 200 262144
190.25.204.196 - - [26/Dec/2016:01:53:13 -0500] "GET /BLA/boletinlegal/Circulares/2011/Circular%20No.%205%20del%2012%20de%20Agosto%20de%202011.pdf HTTP/1.1" 200 431796
190.25.204.196 - - [26/Dec/2016:01:53:13 -0500] "GET /BLA/boletinlegal/Circulares/2011/Circular%20No.%205%20del%2014%20de%20Julio%20de%202011.pdf HTTP/1.1" 200 1488992
190.25.204.196 - - [26/Dec/2016:01:53:13 -0500] "GET /BLA/boletinlegal/Circulares/2011/Circular%20No.%204%20del%2012%20de%20Agosto%20de%202011.pdf HTTP/1.1" 200 601047
190.25.204.196 - - [26/Dec/2016:01:53:15 -0500] "GET /BLA/boletinlegal/Circulares/2011/Circular%20No.%204%20del%2014%20de%20Julio%20de%202011.pdf HTTP/1.1" 200 399895
189.197.136.37 - - [26/Dec/2016:01:53:16 -0500] "GET /galeria/galeria/jquery.fancybox.js?v=2.1.5 HTTP/1.1" 200 48706
189.197.136.37 - - [26/Dec/2016:01:53:16 -0500] "GET /galeria/galeria/jquery.fancybox.css?v=2.1.5 HTTP/1.1" 200 4895
189.197.136.37 - - [26/Dec/2016:01:53:16 -0500] "GET /BLA/boletinlegal/js/jquery.scrollShow.js HTTP/1.1" 200 4586
190.25.204.196 - - [26/Dec/2016:01:53:18 -0500] "GET /BLA/boletinlegal/Circulares/2011/Circular%20No.%203%20del%2023%20de%20Junio%20de%202011.pdf HTTP/1.1" 200 1452758
190.25.204.196 - - [26/Dec/2016:01:53:18 -0500] "GET /BLA/boletinlegal/Circulares/2011/Circular%20No.%203%20del%2016%20de%20Junio%20de%202011.pdf HTTP/1.1" 200 346378
190.25.204.196 - - [26/Dec/2016:01:53:18 -0500] "GET /BLA/boletinlegal/Circulares/2011/Circular%20No.%202%20del%2031%20de%20Mayo%20de%202011.pdf HTTP/1.1" 200 496778
190.25.204.196 - - [26/Dec/2016:01:53:18 -0500] "GET /BLA/boletinlegal/Circulares/2011/Circular%20No.%202%20del%2026%20de%20Mayo%20de%202011.pdf HTTP/1.1" 200 644194
190.25.204.196 - - [26/Dec/2016:01:53:19 -0500] "GET /BLA/boletinlegal/Circulares/2011/Circular%20No.%201%20del%2012%20de%20Abril%20de%202011.pdf HTTP/1.1" 200 366269
190.25.204.196 - - [26/Dec/2016:01:53:19 -0500] "GET /BLA/boletinlegal/Circulares/2011/Circular%20No.%201%20del%2023%20de%20Febrero%20de%202011.pdf HTTP/1.1" 200 540140
190.25.204.196 - - [26/Dec/2016:01:53:20 -0500] "GET /BLA/boletinlegal/Circulares/2011/Circular%20003%20de%20Febrero%20de%202011.pdf HTTP/1.1" 200 224758
190.25.204.196 - - [26/Dec/2016:01:53:20 -0500] "GET /BLA/boletinlegal/Circulares/2010/Circular%2006%20de%208%20de%20septiembre%20de%202010.pdf HTTP/1.1" 200 4657752
190.25.204.196 - - [26/Dec/2016:01:53:21 -0500] "GET /BLA/boletinlegal/Circulares/2010/Circular%2005%20de%208%20de%20septiembre%20de%202010.pdf HTTP/1.1" 200 2146608
190.25.204.196 - - [26/Dec/2016:01:53:21 -0500] "GET /BLA/boletinlegal/Circulares/2010/Circular%2004%20de%2021%20de%20abril%20de%202010.pdf HTTP/1.1" 200 682373
189.197.136.37 - - [26/Dec/2016:01:53:24 -0500] "GET /BLA/boletinlegal/js/jquery.scrollShow.js HTTP/1.1" 304 -
189.197.136.37 - - [26/Dec/2016:01:53:24 -0500] "GET /galeria/galeria/jquery.fancybox.js?v=2.1.5 HTTP/1.1" 304 -
189.197.136.37 - - [26/Dec/2016:01:53:24 -0500] "GET /galeria/galeria/jquery.fancybox.css?v=2.1.5 HTTP/1.1" 304 -
190.25.204.196 - - [26/Dec/2016:01:53:28 -0500] "GET /BLA/boletinlegal/Circulares/2010/Circular%2003%20de%2015%20de%20marzo%20de%202010.pdf HTTP/1.1" 200 299174
190.25.204.196 - - [26/Dec/2016:01:53:28 -0500] "GET /BLA/boletinlegal/Circulares/2010/Circular%2002%20de%2025%20de%20febrero%20de%202010.pdf HTTP/1.1" 200 233254
190.25.204.196 - - [26/Dec/2016:01:53:28 -0500] "GET /BLA/boletinlegal/Circulares/2010/Circular%2001%20de%2018%20de%20febrero%20de%202010.pdf HTTP/1.1" 200 72083
190.25.204.196 - - [26/Dec/2016:01:53:28 -0500] "GET /BLA/boletinlegal/Circulares/2009/Circular%20No.%2035%20del%2024%20de%20Diciembre%20de%202009.pdf HTTP/1.1" 200 578234
190.25.204.196 - - [26/Dec/2016:01:53:28 -0500] "GET /BLA/boletinlegal/Circulares/2009/Circular%20Instructiva%20-%20Memorando%202009IE24363.pdf HTTP/1.1" 200 1544636
190.25.204.196 - - [26/Dec/2016:01:53:28 -0500] "GET /BLA/boletinlegal/actas/463597.pdf HTTP/1.1" 200 250044
190.25.204.196 - - [26/Dec/2016:01:53:28 -0500] "GET /BLA/boletinlegal/actas/374122.pdf HTTP/1.1" 200 181942
190.25.204.196 - - [26/Dec/2016:01:53:28 -0500] "GET /BLA/boletinlegal/actas/079-2013.pdf HTTP/1.1" 200 1500109
190.25.204.196 - - [26/Dec/2016:01:53:28 -0500] "GET /BLA/boletinlegal/actas/097-2013.pdf HTTP/1.1" 200 164183
190.25.204.196 - - [26/Dec/2016:01:53:29 -0500] "GET /BLA/boletinlegal/actas/acta%20de%20acuerdo%2002%20adop%20regla%20inter%20mesa%20salud%20ambie.pdf HTTP/1.1" 200 479782
66.249.64.51 - - [26/Dec/2016:01:53:29 -0500] "GET /BLA/resoluciones/index.php?dir=AUTOS+2016%2F HTTP/1.1" 200 64573
190.25.204.196 - - [26/Dec/2016:01:53:30 -0500] "GET /BLA/boletinlegal/actas/acta%20de%20acuerdo%2001%20adop%20regla%20inter%20CISPAER.pdf HTTP/1.1" 200 837068
190.25.204.196 - - [26/Dec/2016:01:53:30 -0500] "GET /BLA/boletinlegal/images/img_1.jpg HTTP/1.1" 200 8067
190.25.204.196 - - [26/Dec/2016:01:53:30 -0500] "GET /BLA/boletinlegal/images/People.png HTTP/1.1" 200 45676
190.25.204.196 - - [26/Dec/2016:01:53:30 -0500] "GET /BLA/boletinlegal/images/group.png HTTP/1.1" 200 47853
190.25.204.196 - - [26/Dec/2016:01:53:31 -0500] "GET /BLA/boletinlegal/images/symbol5.gif HTTP/1.1" 200 2857
190.25.204.196 - - [26/Dec/2016:01:53:31 -0500] "GET /BLA/boletinlegal/images/img_3.jpg HTTP/1.1" 200 1841
201.245.192.253 - - [26/Dec/2016:01:53:33 -0500] "GET /galeria/nivo-slider/demo/undefined HTTP/1.1" 404 1314
201.245.192.253 - - [26/Dec/2016:01:53:48 -0500] "GET /galeria/nivo-slider/demo/undefined HTTP/1.1" 404 1314
