66.249.66.175 - - [30/Dec/2016:04:47:30 -0500] "GET /BLA/resoluciones/RESOLUCIONES%202008/1117.pdf HTTP/1.1" 200 92511
195.154.240.10 - - [30/Dec/2016:04:48:10 -0500] "GET /wp-login.php HTTP/1.0" 404 1018
195.154.240.10 - - [30/Dec/2016:04:48:11 -0500] "GET /wp-login.php HTTP/1.0" 404 1018
66.249.66.175 - - [30/Dec/2016:04:48:11 -0500] "GET /BLA/resoluciones/RESOLUCIONES%202008/5413.pdf HTTP/1.1" 304 -
192.168.175.104 - - [30/Dec/2016:04:48:35 -0500] "GET / HTTP/1.1" 200 9990
201.245.192.253 - - [30/Dec/2016:04:48:47 -0500] "GET /galeria/nivo-slider/demo/undefined HTTP/1.1" 404 1314
66.249.66.178 - - [30/Dec/2016:04:48:52 -0500] "GET /BLA/resoluciones/AUTOS%202011/2441.pdf HTTP/1.1" 200 -
66.249.66.178 - - [30/Dec/2016:04:49:32 -0500] "GET /BLA/resoluciones/RESOLUCIONES%202012/0256.pdf HTTP/1.1" 304 -
192.168.175.104 - - [30/Dec/2016:04:50:20 -0500] "GET / HTTP/1.1" 200 9990
69.162.124.232 - - [30/Dec/2016:04:50:26 -0500] "HEAD / HTTP/1.1" 200 -
201.245.192.253 - - [30/Dec/2016:04:50:38 -0500] "GET /galeria/nivo-slider/demo/undefined HTTP/1.1" 404 1314
66.249.66.175 - - [30/Dec/2016:04:50:53 -0500] "GET /BLA/resoluciones/AUTOS%202013/1621.pdf HTTP/1.1" 200 1700156
163.172.65.31 - - [30/Dec/2016:04:51:10 -0500] "GET /BLA/resoluciones/RESOLUCIONES%202004/RES%202004%20101-150/00000103.tif HTTP/1.1" 200 279966
90.74.140.202 - - [30/Dec/2016:04:51:20 -0500] "GET /galeria/galeria/jquery.fancybox.css?v=2.1.5 HTTP/1.1" 200 4895
90.74.140.202 - - [30/Dec/2016:04:51:20 -0500] "GET /BLA/boletinlegal/js/jquery.scrollShow.js HTTP/1.1" 200 4586
90.74.140.202 - - [30/Dec/2016:04:51:20 -0500] "GET /galeria/galeria/jquery.fancybox.js?v=2.1.5 HTTP/1.1" 200 48706
66.249.66.175 - - [30/Dec/2016:04:51:34 -0500] "GET /BLA/resoluciones/AUTOS%202013/0534.pdf HTTP/1.1" 304 -
66.249.66.175 - - [30/Dec/2016:04:51:41 -0500] "GET /BLA/resoluciones/AUTOS%202013/0710.pdf HTTP/1.1" 304 -
192.168.175.104 - - [30/Dec/2016:04:51:44 -0500] "GET / HTTP/1.0" 200 9990
90.74.140.202 - - [30/Dec/2016:04:51:45 -0500] "GET /BLA/boletinlegal/js/jquery.scrollShow.js HTTP/1.1" 304 -
90.74.140.202 - - [30/Dec/2016:04:51:45 -0500] "GET /galeria/galeria/jquery.fancybox.js?v=2.1.5 HTTP/1.1" 304 -
90.74.140.202 - - [30/Dec/2016:04:51:46 -0500] "GET /galeria/galeria/jquery.fancybox.css?v=2.1.5 HTTP/1.1" 304 -
66.249.66.181 - - [30/Dec/2016:04:52:15 -0500] "GET /BLA/resoluciones/RESOLUCIONES%202008/3005.pdf HTTP/1.1" 200 198382
157.55.39.43 - - [30/Dec/2016:04:52:15 -0500] "GET /robots.txt HTTP/1.1" 404 1018
157.55.39.43 - - [30/Dec/2016:04:52:19 -0500] "GET / HTTP/1.1" 200 9990
201.245.192.253 - - [30/Dec/2016:04:52:29 -0500] "GET /galeria/nivo-slider/demo/undefined HTTP/1.1" 404 1314
66.249.66.178 - - [30/Dec/2016:04:52:55 -0500] "GET /BLA/resoluciones/RESOLUCIONES%202008/0900.pdf HTTP/1.1" 304 -
163.172.66.98 - - [30/Dec/2016:04:53:07 -0500] "GET /BLA/resoluciones/AUTOS%202006/AUTOS%202006%20101-200/00000174.tif HTTP/1.1" 200 196068
192.168.175.104 - - [30/Dec/2016:04:53:33 -0500] "GET / HTTP/1.1" 200 9990
66.249.66.178 - - [30/Dec/2016:04:53:36 -0500] "GET /BLA/resoluciones/AUTOS%202013/3439.pdf HTTP/1.1" 304 -
66.249.66.175 - - [30/Dec/2016:04:54:16 -0500] "GET /BLA/resoluciones/RESOLUCIONES%202007/RES%202007%201%20AL%20100/RESOLUCION%200045%20DE%202007.pdf HTTP/1.1" 304 -
201.245.192.253 - - [30/Dec/2016:04:54:19 -0500] "GET /galeria/nivo-slider/demo/undefined HTTP/1.1" 404 1314
157.55.39.19 - - [30/Dec/2016:04:54:30 -0500] "GET /galeria/nivo-slider/demo/demo.html HTTP/1.1" 200 3366
66.249.66.178 - - [30/Dec/2016:04:54:57 -0500] "GET /BLA/resoluciones/RESOLUCIONES%202007/RES%202007%202001%20AL%202100/RESOLUCION%202041%20DE%202007.pdf HTTP/1.1" 200 379570
192.168.175.104 - - [30/Dec/2016:04:55:18 -0500] "GET / HTTP/1.1" 200 9990
69.162.124.232 - - [30/Dec/2016:04:55:26 -0500] "HEAD / HTTP/1.1" 200 -
66.249.66.175 - - [30/Dec/2016:04:55:38 -0500] "GET /BLA/resoluciones/AUTOS%202013/0494.pdf HTTP/1.1" 200 1583239
201.245.192.253 - - [30/Dec/2016:04:56:10 -0500] "GET /galeria/nivo-slider/demo/undefined HTTP/1.1" 404 1314
66.249.66.178 - - [30/Dec/2016:04:56:18 -0500] "GET /BLA/resoluciones/AUTOS%202013/0704.pdf HTTP/1.1" 200 967585
192.168.175.104 - - [30/Dec/2016:04:56:42 -0500] "GET / HTTP/1.0" 200 9990
66.249.66.178 - - [30/Dec/2016:04:56:54 -0500] "GET /galeria/galeria/fotos/mirador2P.jpg HTTP/1.1" 304 -
66.249.66.175 - - [30/Dec/2016:04:56:59 -0500] "GET /BLA/resoluciones/AUTOS%202015/3959.pdf HTTP/1.1" 200 456492
157.55.39.207 - - [30/Dec/2016:04:57:11 -0500] "GET /pga/ane3.doc HTTP/1.1" 404 1019
66.249.66.175 - - [30/Dec/2016:04:57:39 -0500] "GET /BLA/resoluciones/RESOLUCIONES%202009/9763.pdf HTTP/1.1" 200 324921
190.9.207.217 - - [30/Dec/2016:04:57:43 -0500] "GET /BLA/boletinlegal/js/jquery.scrollShow.js HTTP/1.1" 200 4586
190.9.207.217 - - [30/Dec/2016:04:57:43 -0500] "GET /galeria/galeria/jquery.fancybox.css?v=2.1.5 HTTP/1.1" 200 4895
190.9.207.217 - - [30/Dec/2016:04:57:43 -0500] "GET /galeria/galeria/jquery.fancybox.js?v=2.1.5 HTTP/1.1" 200 48706
190.9.207.217 - - [30/Dec/2016:04:57:56 -0500] "GET /BLA/boletinlegal/js/jquery.scrollShow.js HTTP/1.1" 304 -
190.9.207.217 - - [30/Dec/2016:04:57:56 -0500] "GET /galeria/galeria/jquery.fancybox.css?v=2.1.5 HTTP/1.1" 304 -
190.9.207.217 - - [30/Dec/2016:04:57:56 -0500] "GET /galeria/galeria/jquery.fancybox.js?v=2.1.5 HTTP/1.1" 304 -
201.245.192.253 - - [30/Dec/2016:04:58:00 -0500] "GET /galeria/nivo-slider/demo/undefined HTTP/1.1" 404 1314
66.249.66.178 - - [30/Dec/2016:04:58:20 -0500] "GET /BLA/resoluciones/AUTOS%202007/1231.pdf HTTP/1.1" 200 279181
192.168.175.104 - - [30/Dec/2016:04:58:32 -0500] "GET / HTTP/1.1" 200 9990
66.249.66.178 - - [30/Dec/2016:04:59:01 -0500] "GET /BLA/resoluciones/Notificaciones/AUTOS%202013/3174.doc HTTP/1.1" 200 880640
66.249.66.178 - - [30/Dec/2016:04:59:41 -0500] "GET /BLA/circulares/6.pdf HTTP/1.1" 200 4657752
201.245.192.253 - - [30/Dec/2016:04:59:51 -0500] "GET /galeria/nivo-slider/demo/undefined HTTP/1.1" 404 1314
192.168.175.104 - - [30/Dec/2016:05:00:15 -0500] "GET / HTTP/1.1" 200 9990
66.249.66.178 - - [30/Dec/2016:05:00:22 -0500] "GET /BLA/resoluciones/Notificaciones/AUTOS%202014/1423.doc HTTP/1.1" 200 254464
69.162.124.232 - - [30/Dec/2016:05:00:26 -0500] "HEAD / HTTP/1.1" 200 -
66.249.66.178 - - [30/Dec/2016:05:01:02 -0500] "GET /BLA/resoluciones/RESOLUCIONES%202012/0959.pdf HTTP/1.1" 304 -
66.249.66.175 - - [30/Dec/2016:05:01:35 -0500] "GET /galeria/carrusel/Carrusel/jquery.thumbnailScroller.css HTTP/1.1" 200 2066
192.168.175.104 - - [30/Dec/2016:05:01:40 -0500] "GET / HTTP/1.0" 200 9990
201.245.192.253 - - [30/Dec/2016:05:01:42 -0500] "GET /galeria/nivo-slider/demo/undefined HTTP/1.1" 404 1314
186.113.10.143 - - [30/Dec/2016:05:02:11 -0500] "GET /galeria/nivo-slider/demo/images/bannerciclodecapacitacion2.jpg HTTP/1.1" 304 -
163.172.64.225 - - [30/Dec/2016:05:02:42 -0500] "GET /BLA/resoluciones/RESOLUCIONES%202004/RES%202004%20501-550/00000502.tif HTTP/1.1" 200 116016
66.249.66.178 - - [30/Dec/2016:05:03:04 -0500] "GET /BLA/resoluciones/AUTOS%202015/6017.pdf HTTP/1.1" 200 981610
192.168.175.104 - - [30/Dec/2016:05:03:29 -0500] "GET / HTTP/1.1" 200 9990
201.245.192.253 - - [30/Dec/2016:05:03:32 -0500] "GET /galeria/nivo-slider/demo/undefined HTTP/1.1" 404 1314
49.143.19.27 - - [30/Dec/2016:05:03:59 -0500] "GET /wp-login.php HTTP/1.1" 404 1018
49.143.19.27 - - [30/Dec/2016:05:03:59 -0500] "GET / HTTP/1.1" 200 9990
157.55.39.19 - - [30/Dec/2016:05:04:01 -0500] "GET /robots.txt HTTP/1.1" 404 1018
157.55.39.19 - - [30/Dec/2016:05:04:02 -0500] "GET /robots.txt HTTP/1.1" 404 1018
157.55.39.19 - - [30/Dec/2016:05:04:07 -0500] "GET /galeria/nivo-slider/demo/demo.html HTTP/1.1" 200 3366
192.168.175.104 - - [30/Dec/2016:05:05:14 -0500] "GET / HTTP/1.1" 200 9990
201.245.192.253 - - [30/Dec/2016:05:05:23 -0500] "GET /galeria/nivo-slider/demo/undefined HTTP/1.1" 404 1314
69.162.124.232 - - [30/Dec/2016:05:05:26 -0500] "HEAD / HTTP/1.1" 200 -
192.168.175.104 - - [30/Dec/2016:05:06:38 -0500] "GET / HTTP/1.0" 200 9990
201.245.192.253 - - [30/Dec/2016:05:07:14 -0500] "GET /galeria/nivo-slider/demo/undefined HTTP/1.1" 404 1314
186.113.10.143 - - [30/Dec/2016:05:07:14 -0500] "GET /galeria/nivo-slider/demo/demo.html HTTP/1.1" 304 -
163.172.65.26 - - [30/Dec/2016:05:07:23 -0500] "GET /BLA/resoluciones/RESOLUCIONES%202002/RES%202002%201201-1250/20021216.tif HTTP/1.1" 200 165764
192.168.175.104 - - [30/Dec/2016:05:08:26 -0500] "GET / HTTP/1.1" 200 9990
220.181.51.85 - - [30/Dec/2016:05:08:30 -0500] "GET /BLA/resoluciones/AUTOS%202013/2658.pdf HTTP/1.1" 200 432390
201.245.192.253 - - [30/Dec/2016:05:09:04 -0500] "GET /galeria/nivo-slider/demo/undefined HTTP/1.1" 404 1314
192.168.175.104 - - [30/Dec/2016:05:10:13 -0500] "GET / HTTP/1.1" 200 9990
69.162.124.232 - - [30/Dec/2016:05:10:26 -0500] "HEAD / HTTP/1.1" 200 -
201.245.192.253 - - [30/Dec/2016:05:10:55 -0500] "GET /galeria/nivo-slider/demo/undefined HTTP/1.1" 404 1314
192.168.175.104 - - [30/Dec/2016:05:11:36 -0500] "GET / HTTP/1.0" 200 9990
180.76.15.141 - - [30/Dec/2016:05:12:40 -0500] "GET /carta-de-bogota-america-en-defensa-del-agua-la-tierra-y-la-vida/ HTTP/1.1" 301 388
201.245.192.253 - - [30/Dec/2016:05:12:45 -0500] "GET /galeria/nivo-slider/demo/undefined HTTP/1.1" 404 1314
192.168.175.104 - - [30/Dec/2016:05:13:24 -0500] "GET / HTTP/1.1" 200 9990
66.249.66.175 - - [30/Dec/2016:05:14:34 -0500] "GET /BLA/resoluciones/AUTOS%202011/4470.pdf HTTP/1.1" 200 2679199
201.245.192.253 - - [30/Dec/2016:05:14:36 -0500] "GET /galeria/nivo-slider/demo/undefined HTTP/1.1" 404 1314
192.168.175.104 - - [30/Dec/2016:05:15:13 -0500] "GET / HTTP/1.1" 200 9990
66.249.66.178 - - [30/Dec/2016:05:15:15 -0500] "GET /BLA/resoluciones/AUTOS%202011/5806.pdf HTTP/1.1" 200 2905362
69.162.124.232 - - [30/Dec/2016:05:15:26 -0500] "HEAD / HTTP/1.1" 200 -
201.245.192.253 - - [30/Dec/2016:05:16:27 -0500] "GET /galeria/nivo-slider/demo/undefined HTTP/1.1" 404 1314
163.172.65.39 - - [30/Dec/2016:05:16:34 -0500] "GET /BLA/resoluciones/RESOLUCIONES%202005/RES%202005%20%201601-1650/00001609.tif HTTP/1.1" 200 222254
192.168.175.104 - - [30/Dec/2016:05:16:34 -0500] "GET / HTTP/1.0" 200 9990
66.249.66.178 - - [30/Dec/2016:05:16:36 -0500] "GET /BLA/resoluciones/AUTOS%202011/4105.pdf HTTP/1.1" 200 229015
74.82.47.5 - - [30/Dec/2016:05:17:01 -0500] "GET / HTTP/1.1" 200 9990
66.249.66.181 - - [30/Dec/2016:05:17:17 -0500] "GET /BLA/resoluciones/AUTOS%202011/5741.pdf HTTP/1.1" 200 105009
66.249.66.178 - - [30/Dec/2016:05:17:49 -0500] "GET /icons/unknown.gif HTTP/1.1" 200 245
66.249.66.181 - - [30/Dec/2016:05:17:57 -0500] "GET /BLA/resoluciones/AUTOS%202011/3803.pdf HTTP/1.1" 200 157365
201.245.192.253 - - [30/Dec/2016:05:18:17 -0500] "GET /galeria/nivo-slider/demo/undefined HTTP/1.1" 404 1314
192.168.175.104 - - [30/Dec/2016:05:18:22 -0500] "GET / HTTP/1.1" 200 9990
66.249.66.178 - - [30/Dec/2016:05:18:38 -0500] "GET /BLA/resoluciones/AUTOS%202011/6446.pdf HTTP/1.1" 200 2202473
66.249.66.178 - - [30/Dec/2016:05:19:19 -0500] "GET /BLA/resoluciones/AUTOS%202011/4801.pdf HTTP/1.1" 200 269155
66.249.66.175 - - [30/Dec/2016:05:19:59 -0500] "GET /BLA/resoluciones/AUTOS%202011/4417.pdf HTTP/1.1" 200 2658708
163.172.65.126 - - [30/Dec/2016:05:20:04 -0500] "GET /BLA/resoluciones/RESOLUCIONES%202006/RES%202006%20701-750/00000745.tif HTTP/1.1" 200 231342
201.245.192.253 - - [30/Dec/2016:05:20:08 -0500] "GET /galeria/nivo-slider/demo/undefined HTTP/1.1" 404 1314
192.168.175.104 - - [30/Dec/2016:05:20:11 -0500] "GET / HTTP/1.1" 200 9990
69.162.124.232 - - [30/Dec/2016:05:20:26 -0500] "HEAD / HTTP/1.1" 200 -
66.249.66.178 - - [30/Dec/2016:05:20:40 -0500] "GET /BLA/resoluciones/AUTOS%202011/1867.pdf HTTP/1.1" 200 166259
180.76.15.162 - - [30/Dec/2016:05:20:53 -0500] "GET / HTTP/1.1" 200 9990
68.180.229.178 - - [30/Dec/2016:05:21:01 -0500] "GET /robots.txt HTTP/1.1" 404 1018
180.76.15.7 - - [30/Dec/2016:05:21:10 -0500] "GET / HTTP/1.1" 200 9990
66.249.66.181 - - [30/Dec/2016:05:21:20 -0500] "GET /BLA/resoluciones/AUTOS%202011/7664.pdf HTTP/1.1" 200 213144
192.168.175.104 - - [30/Dec/2016:05:21:32 -0500] "GET / HTTP/1.0" 200 9990
193.41.165.40 - - [30/Dec/2016:05:21:45 -0500] "GET /BLA/resoluciones/RESOLUCIONES%202014/1597.pdf HTTP/1.1" 200 468890
193.41.165.40 - - [30/Dec/2016:05:21:45 -0500] "GET /favicon.ico HTTP/1.1" 200 7782
193.41.165.40 - - [30/Dec/2016:05:21:46 -0500] "GET /BLA/resoluciones/RESOLUCIONES%202014/1597.pdf HTTP/1.1" 206 65536
193.41.165.40 - - [30/Dec/2016:05:21:47 -0500] "GET /BLA/resoluciones/RESOLUCIONES%202014/1597.pdf HTTP/1.1" 206 401106
201.245.192.253 - - [30/Dec/2016:05:21:58 -0500] "GET /galeria/nivo-slider/demo/undefined HTTP/1.1" 404 1314
66.249.66.178 - - [30/Dec/2016:05:22:01 -0500] "GET /BLA/resoluciones/AUTOS%202011/2186.pdf HTTP/1.1" 200 201013
1.34.22.85 - - [30/Dec/2016:05:22:20 -0500] "GET / HTTP/1.0" 200 9990
66.249.66.178 - - [30/Dec/2016:05:22:42 -0500] "GET /BLA/resoluciones/index.php?dir=RESOLUCIONES+2005%2F HTTP/1.1" 200 24431
65.55.218.34 - - [30/Dec/2016:05:22:53 -0500] "GET /BLA/boletinlegal/js/jquery.scrollShow.js HTTP/1.1" 200 4586
65.55.212.70 - - [30/Dec/2016:05:22:53 -0500] "GET /galeria/galeria/jquery.fancybox.js?v=2.1.5 HTTP/1.1" 200 48706
65.55.218.34 - - [30/Dec/2016:05:22:53 -0500] "GET /galeria/galeria/jquery.fancybox.css?v=2.1.5 HTTP/1.1" 200 4895
192.168.175.104 - - [30/Dec/2016:05:23:20 -0500] "GET / HTTP/1.1" 200 9990
66.249.66.175 - - [30/Dec/2016:05:23:22 -0500] "GET /BLA/resoluciones/AUTOS%202015/6190.pdf HTTP/1.1" 200 500770
207.46.13.156 - - [30/Dec/2016:05:23:29 -0500] "GET /dama/libreria/php/decide.php?patron=03.1305020113&numm=21 HTTP/1.1" 404 1019
201.245.192.253 - - [30/Dec/2016:05:23:49 -0500] "GET /galeria/nivo-slider/demo/undefined HTTP/1.1" 404 1314
163.172.64.243 - - [30/Dec/2016:05:23:56 -0500] "GET /BLA/resoluciones/AUTOS%202006/AUTOS%202006%201601%20-%201700/00001675.tif HTTP/1.1" 200 98902
66.249.66.178 - - [30/Dec/2016:05:24:03 -0500] "GET /BLA/resoluciones/AUTOS%202016/0274.pdf HTTP/1.1" 200 496523
66.249.66.178 - - [30/Dec/2016:05:24:43 -0500] "GET /BLA/resoluciones/AUTOS%202011/3016.pdf HTTP/1.1" 200 122147
192.168.175.104 - - [30/Dec/2016:05:25:09 -0500] "GET / HTTP/1.1" 200 9990
66.249.66.178 - - [30/Dec/2016:05:25:24 -0500] "GET /Autoliquidacion/TR%C3%81MITES%20AGUAS%20SUPERFICIALES/FORMULARIO%20NACIONAL%20SOLICITUD%20-Concesion%20Aguas%20Superficiales.pdf HTTP/1.1" 200 94522
69.162.124.232 - - [30/Dec/2016:05:25:26 -0500] "HEAD / HTTP/1.1" 200 -
201.245.192.253 - - [30/Dec/2016:05:25:40 -0500] "GET /galeria/nivo-slider/demo/undefined HTTP/1.1" 404 1314
192.168.175.104 - - [30/Dec/2016:05:26:30 -0500] "GET / HTTP/1.0" 200 9990
66.249.66.178 - - [30/Dec/2016:05:26:45 -0500] "GET /BLA/resoluciones/RESOLUCIONES%202008/0066.pdf HTTP/1.1" 200 1147196
66.249.66.181 - - [30/Dec/2016:05:27:05 -0500] "GET /SIG/Gesti%C3%B3n%20de%20Recursos%20F%C3%ADsicos/Gesti%C3%B3n%20de%20Recursos%20F%C3%ADsicos/126PA04-PR26.pdf HTTP/1.1" 200 69344
66.249.66.175 - - [30/Dec/2016:05:27:26 -0500] "GET /BLA/resoluciones/AUTOS%202016/0714.pdf HTTP/1.1" 200 741322
201.245.192.253 - - [30/Dec/2016:05:27:30 -0500] "GET /galeria/nivo-slider/demo/undefined HTTP/1.1" 404 1314
190.104.176.77 - - [30/Dec/2016:05:27:51 -0500] "GET /galeria/galeria/jquery.fancybox.css?v=2.1.5 HTTP/1.1" 200 4895
190.104.176.77 - - [30/Dec/2016:05:27:51 -0500] "GET /galeria/carrusel/Carrusel/jquery.thumbnailScroller.css HTTP/1.1" 200 2066
190.104.176.77 - - [30/Dec/2016:05:27:51 -0500] "GET /BLA/boletinlegal/js/jquery.scrollShow.js HTTP/1.1" 200 4586
190.104.176.77 - - [30/Dec/2016:05:27:51 -0500] "GET /galeria/galeria/jquery.fancybox.js?v=2.1.5 HTTP/1.1" 200 48706
190.104.176.77 - - [30/Dec/2016:05:27:51 -0500] "GET /galeria/carrusel/Carrusel/jquery-ui-1.8.13.custom.min.js HTTP/1.1" 200 10800
190.104.176.77 - - [30/Dec/2016:05:27:51 -0500] "GET /galeria/carrusel/Carrusel/jquery.thumbnailScroller.js HTTP/1.1" 200 8157
190.104.176.77 - - [30/Dec/2016:05:27:53 -0500] "GET /galeria/nivo-slider/demo/demo.html HTTP/1.1" 200 3366
190.104.176.77 - - [30/Dec/2016:05:27:54 -0500] "GET /galeria/nivo-slider/themes/orman/orman.css HTTP/1.1" 200 2152
190.104.176.77 - - [30/Dec/2016:05:27:54 -0500] "GET /galeria/nivo-slider/themes/default/default.css HTTP/1.1" 200 1569
190.104.176.77 - - [30/Dec/2016:05:27:54 -0500] "GET /galeria/nivo-slider/themes/pascal/pascal.css HTTP/1.1" 200 2258
190.104.176.77 - - [30/Dec/2016:05:27:54 -0500] "GET /galeria/nivo-slider/nivo-slider.css HTTP/1.1" 200 1507
190.104.176.77 - - [30/Dec/2016:05:27:54 -0500] "GET /galeria/nivo-slider/demo/style.css HTTP/1.1" 200 2222
190.104.176.77 - - [30/Dec/2016:05:27:54 -0500] "GET /galeria/nivo-slider/demo/images/banner%20encuesta%20sda2-web3.jpg HTTP/1.1" 200 111668
190.104.176.77 - - [30/Dec/2016:05:27:54 -0500] "GET /galeria/nivo-slider/demo/images/pieza%20webtinguas.jpg HTTP/1.1" 200 175651
190.104.176.77 - - [30/Dec/2016:05:27:54 -0500] "GET /galeria/nivo-slider/demo/images/bannerinvitaci%C3%B3nacaminatasecologicas2.jpg HTTP/1.1" 200 513253
190.104.176.77 - - [30/Dec/2016:05:27:54 -0500] "GET /galeria/nivo-slider/demo/scripts/jquery-1.7.1.min.js HTTP/1.1" 200 93868
190.104.176.77 - - [30/Dec/2016:05:27:54 -0500] "GET /galeria/nivo-slider/jquery.nivo.slider.pack.js HTTP/1.1" 200 11561
190.104.176.77 - - [30/Dec/2016:05:27:54 -0500] "GET /galeria/nivo-slider/demo/images/bannersilvicultura.jpg HTTP/1.1" 200 173023
190.104.176.77 - - [30/Dec/2016:05:27:54 -0500] "GET /galeria/nivo-slider/demo/images/4Simple_Slider.png HTTP/1.1" 200 11722
190.104.176.77 - - [30/Dec/2016:05:27:55 -0500] "GET /galeria/nivo-slider/themes/default/loading.gif HTTP/1.1" 200 1737
190.104.176.77 - - [30/Dec/2016:05:27:55 -0500] "GET /galeria/nivo-slider/demo/images/BANNERARBOLES.jpg HTTP/1.1" 200 227630
190.104.176.77 - - [30/Dec/2016:05:27:55 -0500] "GET /galeria/nivo-slider/demo/images/ACOPIADORESYGESTORES.jpg HTTP/1.1" 200 118791
190.104.176.77 - - [30/Dec/2016:05:27:55 -0500] "GET /galeria/nivo-slider/demo/images/bannergestionambiental2.jpg HTTP/1.1" 200 245647
190.104.176.77 - - [30/Dec/2016:05:27:56 -0500] "GET /galeria/nivo-slider/demo/images/vegetal.jpg HTTP/1.1" 200 216080
190.104.176.77 - - [30/Dec/2016:05:27:56 -0500] "GET /galeria/nivo-slider/demo/images/Ruta-vertimientos-01.jpg HTTP/1.1" 200 130151
190.104.176.77 - - [30/Dec/2016:05:27:57 -0500] "GET /galeria/nivo-slider/demo/images/bolsas-06.jpg HTTP/1.1" 200 210950
190.104.176.77 - - [30/Dec/2016:05:28:03 -0500] "GET /galeria/nivo-slider/themes/default/bullets.png HTTP/1.1" 200 1281
68.180.229.178 - - [30/Dec/2016:05:28:17 -0500] "GET / HTTP/1.1" 304 -
68.180.229.178 - - [30/Dec/2016:05:28:17 -0500] "GET /css/style.css HTTP/1.1" 304 -
68.180.229.178 - - [30/Dec/2016:05:28:17 -0500] "GET /css/bootstrap.min.css HTTP/1.1" 304 -
192.168.175.104 - - [30/Dec/2016:05:28:18 -0500] "GET / HTTP/1.1" 200 9990
66.249.66.175 - - [30/Dec/2016:05:28:47 -0500] "GET /BLA/resoluciones/AUTOS%202013/2644.pdf HTTP/1.1" 200 663825
66.249.66.181 - - [30/Dec/2016:05:28:56 -0500] "GET /SIG/Gesti%C3%B3n%20de%20Recursos%20F%C3%ADsicos/Gesti%C3%B3n%20de%20Recursos%20F%C3%ADsicos/126PA04-PR18.pdf HTTP/1.1" 200 60234
201.245.192.253 - - [30/Dec/2016:05:29:21 -0500] "GET /galeria/nivo-slider/demo/undefined HTTP/1.1" 404 1314
66.249.66.175 - - [30/Dec/2016:05:29:28 -0500] "GET /BLA/resoluciones/AUTOS%202010/1668.pdf HTTP/1.1" 200 112722
157.55.39.160 - - [30/Dec/2016:05:29:57 -0500] "GET /BLA/boletinlegal/Directivas/2016/Directiva%20No.%2002%20del%2019%20de%20Abril%20de%202016.pdf HTTP/1.1" 200 11898321
192.168.175.104 - - [30/Dec/2016:05:30:07 -0500] "GET / HTTP/1.1" 200 9990
69.162.124.232 - - [30/Dec/2016:05:30:26 -0500] "HEAD / HTTP/1.1" 200 -
201.245.192.253 - - [30/Dec/2016:05:31:11 -0500] "GET /galeria/nivo-slider/demo/undefined HTTP/1.1" 404 1314
192.168.175.104 - - [30/Dec/2016:05:31:27 -0500] "GET / HTTP/1.0" 200 9990
163.172.66.117 - - [30/Dec/2016:05:31:30 -0500] "GET /BLA/resoluciones/RESOLUCIONES%202004/RES%202004%20701-750/00000724.tif HTTP/1.1" 200 116000
74.82.47.5 - - [30/Dec/2016:05:31:53 -0500] "GET / HTTP/1.1" 200 9990
66.249.66.175 - - [30/Dec/2016:05:32:10 -0500] "GET /BLA/resoluciones/AUTOS%202015/4337.pdf HTTP/1.1" 200 500519
68.180.229.178 - - [30/Dec/2016:05:32:14 -0500] "GET /BLA/resoluciones/RESOLUCIONES%202007/RES%202007%202901%20AL%203000/RESOLUCION%202987%20DE%202007.pdf HTTP/1.1" 200 839552
66.249.66.181 - - [30/Dec/2016:05:32:51 -0500] "GET /aire/air1.htm HTTP/1.1" 404 1019
201.245.192.253 - - [30/Dec/2016:05:33:02 -0500] "GET /galeria/nivo-slider/demo/undefined HTTP/1.1" 404 1314
192.168.175.104 - - [30/Dec/2016:05:33:15 -0500] "GET / HTTP/1.1" 200 9990
66.249.66.178 - - [30/Dec/2016:05:33:31 -0500] "GET /m/BLA/resoluciones/AUTOS%202011/1362.pdf HTTP/1.1" 404 1018
66.249.66.178 - - [30/Dec/2016:05:34:12 -0500] "GET /BLA/resoluciones/RESOLUCIONES%202009/7731.pdf HTTP/1.1" 200 561720
207.46.13.188 - - [30/Dec/2016:05:34:50 -0500] "GET /BLA/boletinlegal/Circulares/2014/Circular%20No.%203%20del%2014%20de%20Noviembre%20de%202014.pdf HTTP/1.1" 200 104132
66.249.66.176 - - [30/Dec/2016:05:34:53 -0500] "GET / HTTP/1.1" 200 9990
201.245.192.253 - - [30/Dec/2016:05:34:53 -0500] "GET /galeria/nivo-slider/demo/undefined HTTP/1.1" 404 1314
192.168.175.104 - - [30/Dec/2016:05:35:05 -0500] "GET / HTTP/1.1" 200 9990
69.162.124.232 - - [30/Dec/2016:05:35:26 -0500] "HEAD / HTTP/1.1" 200 -
199.58.86.206 - - [30/Dec/2016:05:35:40 -0500] "GET /robots.txt HTTP/1.1" 404 1019
199.58.86.206 - - [30/Dec/2016:05:35:44 -0500] "GET / HTTP/1.1" 200 9990
192.168.175.104 - - [30/Dec/2016:05:36:25 -0500] "GET / HTTP/1.0" 200 9990
163.172.66.182 - - [30/Dec/2016:05:36:30 -0500] "GET /BLA/resoluciones/RESOLUCIONES%202002/RES%202002%20101-150/2002RES108.tif HTTP/1.1" 200 201562
201.245.192.253 - - [30/Dec/2016:05:36:43 -0500] "GET /galeria/nivo-slider/demo/undefined HTTP/1.1" 404 1314
163.172.66.129 - - [30/Dec/2016:05:36:49 -0500] "GET /BLA/resoluciones/RESOLUCIONES%202005/RES%202005%20651-700/00000688.tif HTTP/1.1" 200 37832
1.237.177.12 - - [30/Dec/2016:05:37:32 -0500] "GET /galeria/nivo-slider/demo/demo.html HTTP/1.1" 200 3366
1.237.177.12 - - [30/Dec/2016:05:37:32 -0500] "GET /BLA/boletinlegal/js/jquery.scrollShow.js HTTP/1.1" 200 4586
1.237.177.12 - - [30/Dec/2016:05:37:32 -0500] "GET /galeria/carrusel/Carrusel/jquery-ui-%0A%0A1.8.13.custom.min.js HTTP/1.1" 403 1006
1.237.177.12 - - [30/Dec/2016:05:37:32 -0500] "GET /galeria/carrusel/Carrusel/jquery.thumbnailScroller.js HTTP/1.1" 200 8157
1.237.177.12 - - [30/Dec/2016:05:37:32 -0500] "GET /galeria/galeria/jquery.fancybox.js?v=2.1.5 HTTP/1.1" 200 48706
1.237.177.12 - - [30/Dec/2016:05:37:33 -0500] "GET /galeria/nivo-slider/demo/scripts/jquery-1.7.1.min.js HTTP/1.1" 200 93868
1.237.177.12 - - [30/Dec/2016:05:37:33 -0500] "GET /galeria/nivo-slider/jquery.nivo.slider.pack.js HTTP/1.1" 200 11561
192.168.175.104 - - [30/Dec/2016:05:38:13 -0500] "GET / HTTP/1.1" 200 9990
201.245.192.253 - - [30/Dec/2016:05:38:34 -0500] "GET /galeria/nivo-slider/demo/undefined HTTP/1.1" 404 1314
181.54.145.19 - - [30/Dec/2016:05:38:52 -0500] "GET /BLA/boletinlegal/js/jquery.scrollShow.js HTTP/1.1" 200 4586
181.54.145.19 - - [30/Dec/2016:05:38:55 -0500] "GET /galeria/galeria/jquery.fancybox.js?v=2.1.5 HTTP/1.1" 200 48706
181.54.145.19 - - [30/Dec/2016:05:38:55 -0500] "GET /galeria/galeria/jquery.fancybox.css?v=2.1.5 HTTP/1.1" 200 4895
181.54.145.19 - - [30/Dec/2016:05:39:08 -0500] "GET /galeria/galeria/jquery.fancybox.js?v=2.1.5 HTTP/1.1" 304 -
181.54.145.19 - - [30/Dec/2016:05:39:08 -0500] "GET /BLA/boletinlegal/js/jquery.scrollShow.js HTTP/1.1" 304 -
181.54.145.19 - - [30/Dec/2016:05:39:08 -0500] "GET /galeria/galeria/jquery.fancybox.css?v=2.1.5 HTTP/1.1" 304 -
192.168.175.104 - - [30/Dec/2016:05:40:03 -0500] "GET / HTTP/1.1" 200 9990
201.245.192.253 - - [30/Dec/2016:05:40:24 -0500] "GET /galeria/nivo-slider/demo/undefined HTTP/1.1" 404 1314
69.162.124.232 - - [30/Dec/2016:05:40:26 -0500] "HEAD / HTTP/1.1" 200 -
192.168.175.104 - - [30/Dec/2016:05:41:23 -0500] "GET / HTTP/1.0" 200 9990
201.245.192.253 - - [30/Dec/2016:05:42:15 -0500] "GET /galeria/nivo-slider/demo/undefined HTTP/1.1" 404 1314
192.168.175.104 - - [30/Dec/2016:05:43:12 -0500] "GET / HTTP/1.1" 200 9990
201.245.192.253 - - [30/Dec/2016:05:44:06 -0500] "GET /galeria/nivo-slider/demo/undefined HTTP/1.1" 404 1314
192.168.175.104 - - [30/Dec/2016:05:45:01 -0500] "GET / HTTP/1.1" 200 9990
66.249.66.178 - - [30/Dec/2016:05:45:01 -0500] "GET /BLA/resoluciones/AUTOS%202015/3210.pdf HTTP/1.1" 200 761459
32.209.242.177 - - [30/Dec/2016:05:45:08 -0500] "GET /BLA/boletinlegal/js/jquery.scrollShow.js HTTP/1.1" 200 4586
32.209.242.177 - - [30/Dec/2016:05:45:08 -0500] "GET /galeria/galeria/jquery.fancybox.js?v=2.1.5 HTTP/1.1" 200 48706
32.209.242.177 - - [30/Dec/2016:05:45:08 -0500] "GET /galeria/galeria/jquery.fancybox.css?v=2.1.5 HTTP/1.1" 200 4895
32.209.242.177 - - [30/Dec/2016:05:45:08 -0500] "GET /galeria/carrusel/Carrusel/jquery.thumbnailScroller.css HTTP/1.1" 200 2066
32.209.242.177 - - [30/Dec/2016:05:45:09 -0500] "GET /galeria/carrusel/Carrusel/jquery-ui-1.8.13.custom.min.js HTTP/1.1" 200 10800
32.209.242.177 - - [30/Dec/2016:05:45:09 -0500] "GET /galeria/carrusel/Carrusel/jquery.thumbnailScroller.js HTTP/1.1" 200 8157
32.209.242.177 - - [30/Dec/2016:05:45:10 -0500] "GET /galeria/nivo-slider/demo/demo.html HTTP/1.1" 200 3366
32.209.242.177 - - [30/Dec/2016:05:45:10 -0500] "GET /galeria/nivo-slider/themes/default/default.css HTTP/1.1" 200 1569
32.209.242.177 - - [30/Dec/2016:05:45:10 -0500] "GET /galeria/nivo-slider/themes/pascal/pascal.css HTTP/1.1" 200 2258
32.209.242.177 - - [30/Dec/2016:05:45:10 -0500] "GET /galeria/nivo-slider/themes/orman/orman.css HTTP/1.1" 200 2152
32.209.242.177 - - [30/Dec/2016:05:45:10 -0500] "GET /galeria/nivo-slider/nivo-slider.css HTTP/1.1" 200 1507
32.209.242.177 - - [30/Dec/2016:05:45:10 -0500] "GET /galeria/nivo-slider/demo/style.css HTTP/1.1" 200 2222
32.209.242.177 - - [30/Dec/2016:05:45:10 -0500] "GET /galeria/nivo-slider/demo/scripts/jquery-1.7.1.min.js HTTP/1.1" 200 93868
32.209.242.177 - - [30/Dec/2016:05:45:10 -0500] "GET /galeria/nivo-slider/jquery.nivo.slider.pack.js HTTP/1.1" 200 11561
180.76.15.152 - - [30/Dec/2016:05:45:25 -0500] "GET /videos/galeria-cronicas/ HTTP/1.1" 200 4199
69.162.124.232 - - [30/Dec/2016:05:45:26 -0500] "HEAD / HTTP/1.1" 200 -
66.249.66.178 - - [30/Dec/2016:05:45:54 -0500] "GET /BLA/resoluciones/AUTOS%202015/3205.pdf HTTP/1.1" 200 625426
201.245.192.253 - - [30/Dec/2016:05:45:56 -0500] "GET /galeria/nivo-slider/demo/undefined HTTP/1.1" 404 1314
163.172.65.32 - - [30/Dec/2016:05:46:21 -0500] "GET /BLA/resoluciones/RESOLUCIONES%202002/RES%202002%201351-1400/20021377.tif HTTP/1.1" 200 133054
192.168.175.104 - - [30/Dec/2016:05:46:21 -0500] "GET / HTTP/1.0" 200 9990
66.249.66.175 - - [30/Dec/2016:05:46:23 -0500] "GET /BLA/resoluciones/RESOLUCIONES%202008/3154.pdf HTTP/1.1" 200 88819
66.249.66.181 - - [30/Dec/2016:05:47:03 -0500] "GET /BLA/resoluciones/AUTOS%202015/3293.pdf HTTP/1.1" 200 577469
163.172.65.34 - - [30/Dec/2016:05:47:05 -0500] "GET /BLA/resoluciones/RESOLUCIONES%202004/RES%202004%20751-800/00000783.tif HTTP/1.1" 200 129660
66.249.66.178 - - [30/Dec/2016:05:47:44 -0500] "GET /BLA/resoluciones/AUTOS%202016/0909.pdf HTTP/1.1" 200 601724
201.245.192.253 - - [30/Dec/2016:05:47:47 -0500] "GET /galeria/nivo-slider/demo/undefined HTTP/1.1" 404 1314
192.168.175.104 - - [30/Dec/2016:05:48:11 -0500] "GET / HTTP/1.1" 200 9990
66.249.66.178 - - [30/Dec/2016:05:48:24 -0500] "GET /BLA/resoluciones/AUTOS%202016/0646.pdf HTTP/1.1" 200 618744
66.249.66.178 - - [30/Dec/2016:05:49:05 -0500] "GET /BLA/resoluciones/AUTOS%202015/1486.pdf HTTP/1.1" 200 1040603
201.245.192.253 - - [30/Dec/2016:05:49:38 -0500] "GET /galeria/nivo-slider/demo/undefined HTTP/1.1" 404 1314
66.249.66.178 - - [30/Dec/2016:05:49:46 -0500] "GET /BLA/resoluciones/AUTOS%202016/0414.pdf HTTP/1.1" 200 845194
181.54.168.174 - - [30/Dec/2016:05:49:49 -0500] "GET /galeria/galeria/jquery.fancybox.css?v=2.1.5 HTTP/1.1" 200 4895
181.54.168.174 - - [30/Dec/2016:05:49:49 -0500] "GET /BLA/boletinlegal/js/jquery.scrollShow.js HTTP/1.1" 200 4586
181.54.168.174 - - [30/Dec/2016:05:49:49 -0500] "GET /galeria/galeria/jquery.fancybox.js?v=2.1.5 HTTP/1.1" 200 48706
192.168.175.104 - - [30/Dec/2016:05:49:59 -0500] "GET / HTTP/1.1" 200 9990
181.54.168.174 - - [30/Dec/2016:05:50:01 -0500] "GET /galeria/galeria/jquery.fancybox.css?v=2.1.5 HTTP/1.1" 304 -
181.54.168.174 - - [30/Dec/2016:05:50:01 -0500] "GET /BLA/boletinlegal/js/jquery.scrollShow.js HTTP/1.1" 304 -
181.54.168.174 - - [30/Dec/2016:05:50:01 -0500] "GET /galeria/galeria/jquery.fancybox.js?v=2.1.5 HTTP/1.1" 304 -
69.162.124.232 - - [30/Dec/2016:05:50:26 -0500] "HEAD / HTTP/1.1" 200 -
66.249.66.175 - - [30/Dec/2016:05:50:30 -0500] "GET /BLA/resoluciones/AUTOS%202016/0996.pdf HTTP/1.1" 200 203827
66.249.66.175 - - [30/Dec/2016:05:51:13 -0500] "GET /BLA/resoluciones/AUTOS%202015/3925.pdf HTTP/1.1" 200 588249
192.168.175.104 - - [30/Dec/2016:05:51:19 -0500] "GET / HTTP/1.0" 200 9990
201.245.192.253 - - [30/Dec/2016:05:51:28 -0500] "GET /galeria/nivo-slider/demo/undefined HTTP/1.1" 404 1314
163.172.64.254 - - [30/Dec/2016:05:51:42 -0500] "GET /BLA/resoluciones/AUTOS%202006/AUTOS%202006%20401-500/00000500.tif HTTP/1.1" 200 44382
66.249.66.175 - - [30/Dec/2016:05:51:47 -0500] "GET /BLA/resoluciones/AUTOS%202015/3532.pdf HTTP/1.1" 200 548202
66.249.66.175 - - [30/Dec/2016:05:52:28 -0500] "GET /BLA/resoluciones/AUTOS%202011/4425.pdf HTTP/1.1" 200 3510393
66.249.66.178 - - [30/Dec/2016:05:52:58 -0500] "GET /BLA/resoluciones/RESOLUCIONES%202012/1023.pdf HTTP/1.1" 304 -
192.168.175.104 - - [30/Dec/2016:05:53:09 -0500] "GET / HTTP/1.1" 200 9990
66.249.66.175 - - [30/Dec/2016:05:53:09 -0500] "GET /BLA/resoluciones/index.php?dir=Notificaciones%2FAUTOS+2014%2F HTTP/1.1" 200 305918
201.245.192.253 - - [30/Dec/2016:05:53:19 -0500] "GET /galeria/nivo-slider/demo/undefined HTTP/1.1" 404 1314
66.249.66.175 - - [30/Dec/2016:05:53:49 -0500] "GET /BLA/resoluciones/AUTOS%202015/3000.pdf HTTP/1.1" 200 748951
92.249.114.65 - - [30/Dec/2016:05:53:51 -0500] "GET /wp-login.php HTTP/1.1" 404 1018
92.249.114.65 - - [30/Dec/2016:05:53:51 -0500] "GET / HTTP/1.1" 200 9990
66.249.66.175 - - [30/Dec/2016:05:54:30 -0500] "GET /BLA/resoluciones/index.php?dir=AUTOS+2008%2F HTTP/1.1" 200 569644
5.39.218.201 - - [30/Dec/2016:05:54:36 -0500] "GET /82172316237 HTTP/1.1" 404 1018
192.168.175.104 - - [30/Dec/2016:05:54:56 -0500] "GET / HTTP/1.1" 200 9990
201.245.192.253 - - [30/Dec/2016:05:55:10 -0500] "GET /galeria/nivo-slider/demo/undefined HTTP/1.1" 404 1314
66.249.66.175 - - [30/Dec/2016:05:55:10 -0500] "GET /BLA/resoluciones/RESOLUCIONES%202008/1220.pdf HTTP/1.1" 200 106513
69.162.124.232 - - [30/Dec/2016:05:55:26 -0500] "HEAD / HTTP/1.1" 200 -
157.55.39.19 - - [30/Dec/2016:05:55:44 -0500] "GET /galeria/nivo-slider/demo/demo.html HTTP/1.1" 200 3366
66.249.66.175 - - [30/Dec/2016:05:55:51 -0500] "GET /BLA/resoluciones/AUTOS%202011/5516.pdf HTTP/1.1" 200 492951
201.240.145.223 - - [30/Dec/2016:05:56:11 -0500] "GET /galeria/galeria/jquery.fancybox.css?v=2.1.5 HTTP/1.1" 200 4895
201.240.145.223 - - [30/Dec/2016:05:56:11 -0500] "GET /BLA/boletinlegal/js/jquery.scrollShow.js HTTP/1.1" 200 4586
201.240.145.223 - - [30/Dec/2016:05:56:11 -0500] "GET /galeria/galeria/jquery.fancybox.js?v=2.1.5 HTTP/1.1" 200 48706
192.168.175.104 - - [30/Dec/2016:05:56:16 -0500] "GET / HTTP/1.0" 200 9990
201.240.145.223 - - [30/Dec/2016:05:56:25 -0500] "GET /BLA/boletinlegal/js/jquery.scrollShow.js HTTP/1.1" 304 -
201.240.145.223 - - [30/Dec/2016:05:56:25 -0500] "GET /galeria/galeria/jquery.fancybox.js?v=2.1.5 HTTP/1.1" 304 -
201.240.145.223 - - [30/Dec/2016:05:56:25 -0500] "GET /galeria/galeria/jquery.fancybox.css?v=2.1.5 HTTP/1.1" 304 -
66.249.66.178 - - [30/Dec/2016:05:56:32 -0500] "GET /BLA/resoluciones/index.php?dir=Notificaciones%2FAUTOS+2015%2F HTTP/1.1" 200 99001
201.245.192.253 - - [30/Dec/2016:05:57:00 -0500] "GET /galeria/nivo-slider/demo/undefined HTTP/1.1" 404 1314
195.154.199.145 - - [30/Dec/2016:05:57:10 -0500] "GET //wp-content/plugins/ubh/up.php HTTP/1.0" 404 1015
195.154.199.145 - - [30/Dec/2016:05:57:10 -0500] "GET //wp-content/plugins/ubh/up.php HTTP/1.0" 404 1015
66.249.66.181 - - [30/Dec/2016:05:57:12 -0500] "GET /BLA/resoluciones/AUTOS%202011/5608.pdf HTTP/1.1" 200 174527
66.249.66.178 - - [30/Dec/2016:05:57:53 -0500] "GET /BLA/resoluciones/AUTOS%202015/4928.pdf HTTP/1.1" 200 405915
192.168.175.104 - - [30/Dec/2016:05:58:07 -0500] "GET / HTTP/1.1" 200 9990
66.249.66.178 - - [30/Dec/2016:05:58:33 -0500] "GET /BLA/resoluciones/AUTOS%202015/7248.pdf HTTP/1.1" 200 554459
201.245.192.253 - - [30/Dec/2016:05:58:51 -0500] "GET /galeria/nivo-slider/demo/undefined HTTP/1.1" 404 1314
66.249.66.178 - - [30/Dec/2016:05:59:14 -0500] "GET /BLA/resoluciones/AUTOS%202015/6876.pdf HTTP/1.1" 200 534543
190.24.59.241 - - [30/Dec/2016:05:59:38 -0500] "GET /BLA/boletinlegal/js/jquery.scrollShow.js HTTP/1.1" 200 4586
190.24.59.241 - - [30/Dec/2016:05:59:40 -0500] "GET /galeria/galeria/jquery.fancybox.css?v=2.1.5 HTTP/1.1" 200 4895
190.24.59.241 - - [30/Dec/2016:05:59:40 -0500] "GET /galeria/galeria/jquery.fancybox.js?v=2.1.5 HTTP/1.1" 200 48706
192.168.175.104 - - [30/Dec/2016:05:59:54 -0500] "GET / HTTP/1.1" 200 9990
66.249.66.181 - - [30/Dec/2016:05:59:55 -0500] "GET /BLA/resoluciones/RESOLUCIONES%202008/0590.pdf HTTP/1.1" 200 305172
185.158.153.60 - - [30/Dec/2016:05:59:57 -0500] "HEAD / HTTP/1.1" 200 -
185.158.153.23 - - [30/Dec/2016:05:59:57 -0500] "HEAD / HTTP/1.1" 200 -
190.24.59.241 - - [30/Dec/2016:06:00:03 -0500] "GET /galeria/galeria/jquery.fancybox.css?v=2.1.5 HTTP/1.1" 304 -
190.24.59.241 - - [30/Dec/2016:06:00:03 -0500] "GET /BLA/boletinlegal/js/jquery.scrollShow.js HTTP/1.1" 304 -
190.24.59.241 - - [30/Dec/2016:06:00:03 -0500] "GET /galeria/galeria/jquery.fancybox.js?v=2.1.5 HTTP/1.1" 304 -
5.200.53.136 - - [30/Dec/2016:06:00:10 -0500] "HEAD / HTTP/1.1" 200 -
66.249.66.175 - - [30/Dec/2016:06:00:21 -0500] "GET /galeria/galeria/fotos/Humedal-techo4P.jpg HTTP/1.1" 304 -
69.162.124.232 - - [30/Dec/2016:06:00:26 -0500] "HEAD / HTTP/1.1" 200 -
201.245.192.253 - - [30/Dec/2016:06:00:42 -0500] "GET /galeria/nivo-slider/demo/undefined HTTP/1.1" 404 1314
192.168.175.104 - - [30/Dec/2016:06:01:15 -0500] "GET / HTTP/1.0" 200 9990
66.249.66.190 - - [30/Dec/2016:06:01:16 -0500] "GET /robots.txt HTTP/1.1" 404 1015
66.249.66.131 - - [30/Dec/2016:06:01:16 -0500] "GET / HTTP/1.1" 200 9990
66.249.66.187 - - [30/Dec/2016:06:01:27 -0500] "GET /css/style.css HTTP/1.1" 200 3610
66.249.66.190 - - [30/Dec/2016:06:01:29 -0500] "GET /css/bootstrap.min.css HTTP/1.1" 200 105939
66.249.66.175 - - [30/Dec/2016:06:01:56 -0500] "GET /mobile/BLA/resoluciones/AUTOS%202010/5436.pdf HTTP/1.1" 404 1018
188.227.17.49 - - [30/Dec/2016:06:02:16 -0500] "HEAD / HTTP/1.1" 200 -
201.245.192.253 - - [30/Dec/2016:06:02:32 -0500] "GET /galeria/nivo-slider/demo/undefined HTTP/1.1" 404 1314
66.249.66.175 - - [30/Dec/2016:06:02:37 -0500] "GET /BLA/resoluciones/AUTOS%202015/3710.pdf HTTP/1.1" 200 542126
163.172.65.235 - - [30/Dec/2016:06:02:37 -0500] "GET /BLA/resoluciones/AUTOS%202006/AUTOS%202006%201401%20-%201500/00001434.tif HTTP/1.1" 200 57822
192.168.175.104 - - [30/Dec/2016:06:03:04 -0500] "GET / HTTP/1.1" 200 9990
66.249.66.178 - - [30/Dec/2016:06:03:18 -0500] "GET /BLA/resoluciones/AUTOS%202011/4417.pdf HTTP/1.1" 200 2658708
201.245.192.253 - - [30/Dec/2016:06:04:23 -0500] "GET /galeria/nivo-slider/demo/undefined HTTP/1.1" 404 1314
190.84.60.209 - - [30/Dec/2016:06:04:40 -0500] "GET /galeria/galeria/jquery.fancybox.css?v=2.1.5 HTTP/1.1" 200 4895
190.84.60.209 - - [30/Dec/2016:06:04:40 -0500] "GET /BLA/boletinlegal/js/jquery.scrollShow.js HTTP/1.1" 200 4586
190.84.60.209 - - [30/Dec/2016:06:04:40 -0500] "GET /galeria/galeria/jquery.fancybox.js?v=2.1.5 HTTP/1.1" 200 48706
190.84.60.209 - - [30/Dec/2016:06:04:46 -0500] "GET /BLA/boletinlegal/js/jquery.scrollShow.js HTTP/1.1" 304 -
190.84.60.209 - - [30/Dec/2016:06:04:46 -0500] "GET /galeria/galeria/jquery.fancybox.css?v=2.1.5 HTTP/1.1" 304 -
190.84.60.209 - - [30/Dec/2016:06:04:46 -0500] "GET /galeria/galeria/jquery.fancybox.js?v=2.1.5 HTTP/1.1" 304 -
192.168.175.104 - - [30/Dec/2016:06:04:52 -0500] "GET / HTTP/1.1" 200 9990
190.84.60.209 - - [30/Dec/2016:06:05:03 -0500] "GET /Residuos/maderas/maderas.html HTTP/1.1" 200 1957
190.84.60.209 - - [30/Dec/2016:06:05:05 -0500] "GET /Residuos/maderas/maderas.swf?pageNumber= HTTP/1.1" 200 400853
190.84.60.209 - - [30/Dec/2016:06:05:05 -0500] "GET /favicon.ico HTTP/1.1" 200 7782
190.84.60.209 - - [30/Dec/2016:06:05:06 -0500] "GET /Residuos/maderas/files/info.xml?rnd=77b4adf8-78a6-443f-926b-8f6e4bbd6518 HTTP/1.1" 200 70968
190.84.60.209 - - [30/Dec/2016:06:05:07 -0500] "GET /Residuos/maderas/files/search/searchtext.xml HTTP/1.1" 200 203644
190.84.60.209 - - [30/Dec/2016:06:05:13 -0500] "GET /Residuos/maderas/images/page1_thumbnail.jpg HTTP/1.1" 200 15880
190.84.60.209 - - [30/Dec/2016:06:05:13 -0500] "GET /Residuos/maderas/images/page2_thumbnail.jpg HTTP/1.1" 200 3868
190.84.60.209 - - [30/Dec/2016:06:05:13 -0500] "GET /Residuos/maderas/images/page3_thumbnail.jpg HTTP/1.1" 200 3604
190.84.60.209 - - [30/Dec/2016:06:05:13 -0500] "GET /Residuos/maderas/images/page5_thumbnail.jpg HTTP/1.1" 200 3962
190.84.60.209 - - [30/Dec/2016:06:05:13 -0500] "GET /Residuos/maderas/images/page9_thumbnail.jpg HTTP/1.1" 200 4752
190.84.60.209 - - [30/Dec/2016:06:05:13 -0500] "GET /Residuos/maderas/images/page4_thumbnail.jpg HTTP/1.1" 200 4258
190.84.60.209 - - [30/Dec/2016:06:05:13 -0500] "GET /Residuos/maderas/images/page6_thumbnail.jpg HTTP/1.1" 200 4561
190.84.60.209 - - [30/Dec/2016:06:05:13 -0500] "GET /Residuos/maderas/images/page8_thumbnail.jpg HTTP/1.1" 200 2357
190.84.60.209 - - [30/Dec/2016:06:05:13 -0500] "GET /Residuos/maderas/images/page7_thumbnail.jpg HTTP/1.1" 200 3179
190.84.60.209 - - [30/Dec/2016:06:05:13 -0500] "GET /Residuos/maderas/images/page10_thumbnail.jpg HTTP/1.1" 200 6658
190.84.60.209 - - [30/Dec/2016:06:05:13 -0500] "GET /Residuos/maderas/images/page11_thumbnail.jpg HTTP/1.1" 200 15475
190.84.60.209 - - [30/Dec/2016:06:05:13 -0500] "GET /Residuos/maderas/images/page1.swf HTTP/1.1" 200 348315
190.84.60.209 - - [30/Dec/2016:06:05:14 -0500] "GET /Residuos/maderas/images/page12_thumbnail.jpg HTTP/1.1" 200 4618
190.84.60.209 - - [30/Dec/2016:06:05:15 -0500] "GET /Residuos/maderas/images/page14_thumbnail.jpg HTTP/1.1" 200 4416
190.84.60.209 - - [30/Dec/2016:06:05:15 -0500] "GET /Residuos/maderas/images/page15_thumbnail.jpg HTTP/1.1" 200 4959
190.84.60.209 - - [30/Dec/2016:06:05:15 -0500] "GET /Residuos/maderas/images/page17_thumbnail.jpg HTTP/1.1" 200 9024
190.84.60.209 - - [30/Dec/2016:06:05:15 -0500] "GET /Residuos/maderas/images/page16_thumbnail.jpg HTTP/1.1" 200 10200
190.84.60.209 - - [30/Dec/2016:06:05:15 -0500] "GET /Residuos/maderas/images/page13_thumbnail.jpg HTTP/1.1" 200 9283
190.84.60.209 - - [30/Dec/2016:06:05:15 -0500] "GET /Residuos/maderas/images/page18_thumbnail.jpg HTTP/1.1" 200 6072
190.84.60.209 - - [30/Dec/2016:06:05:15 -0500] "GET /Residuos/maderas/images/page19_thumbnail.jpg HTTP/1.1" 200 8203
190.84.60.209 - - [30/Dec/2016:06:05:15 -0500] "GET /Residuos/maderas/images/page20_thumbnail.jpg HTTP/1.1" 200 8741
190.84.60.209 - - [30/Dec/2016:06:05:15 -0500] "GET /Residuos/maderas/files/search/search1.xml HTTP/1.1" 200 506
190.84.60.209 - - [30/Dec/2016:06:05:15 -0500] "GET /Residuos/maderas/images/page2.swf HTTP/1.1" 200 30952
190.84.60.209 - - [30/Dec/2016:06:05:15 -0500] "GET /Residuos/maderas/files/search/search2.xml HTTP/1.1" 200 8450
190.84.60.209 - - [30/Dec/2016:06:05:15 -0500] "GET /Residuos/maderas/images/page3.swf HTTP/1.1" 200 24142
190.84.60.209 - - [30/Dec/2016:06:05:15 -0500] "GET /Residuos/maderas/files/search/search3.xml HTTP/1.1" 200 9089
190.84.60.209 - - [30/Dec/2016:06:05:15 -0500] "GET /Residuos/maderas/images/page4.swf HTTP/1.1" 200 24653
190.84.60.209 - - [30/Dec/2016:06:05:16 -0500] "GET /Residuos/maderas/files/search/search4.xml HTTP/1.1" 200 9680
190.84.60.209 - - [30/Dec/2016:06:05:16 -0500] "GET /Residuos/maderas/images/page5.swf HTTP/1.1" 200 23199
190.84.60.209 - - [30/Dec/2016:06:05:16 -0500] "GET /Residuos/maderas/files/search/search5.xml HTTP/1.1" 200 9698
190.84.60.209 - - [30/Dec/2016:06:05:16 -0500] "GET /Residuos/maderas/images/page21_thumbnail.jpg HTTP/1.1" 200 3720
190.84.60.209 - - [30/Dec/2016:06:05:16 -0500] "GET /Residuos/maderas/images/page22_thumbnail.jpg HTTP/1.1" 200 10986
190.84.60.209 - - [30/Dec/2016:06:05:16 -0500] "GET /Residuos/maderas/images/page23_thumbnail.jpg HTTP/1.1" 200 11548
190.84.60.209 - - [30/Dec/2016:06:05:16 -0500] "GET /Residuos/maderas/images/page24_thumbnail.jpg HTTP/1.1" 200 11638
190.84.60.209 - - [30/Dec/2016:06:05:16 -0500] "GET /Residuos/maderas/images/page25_thumbnail.jpg HTTP/1.1" 200 10894
190.84.60.209 - - [30/Dec/2016:06:05:16 -0500] "GET /Residuos/maderas/images/page26_thumbnail.jpg HTTP/1.1" 200 10863
190.84.60.209 - - [30/Dec/2016:06:05:16 -0500] "GET /Residuos/maderas/images/page27_thumbnail.jpg HTTP/1.1" 200 11669
190.84.60.209 - - [30/Dec/2016:06:05:16 -0500] "GET /Residuos/maderas/images/page28_thumbnail.jpg HTTP/1.1" 200 7358
190.84.60.209 - - [30/Dec/2016:06:05:16 -0500] "GET /Residuos/maderas/images/page29_thumbnail.jpg HTTP/1.1" 200 9295
190.84.60.209 - - [30/Dec/2016:06:05:17 -0500] "GET /Residuos/maderas/images/page30_thumbnail.jpg HTTP/1.1" 200 11048
190.84.60.209 - - [30/Dec/2016:06:05:17 -0500] "GET /Residuos/maderas/images/page31_thumbnail.jpg HTTP/1.1" 200 10964
190.84.60.209 - - [30/Dec/2016:06:05:17 -0500] "GET /Residuos/maderas/images/page32_thumbnail.jpg HTTP/1.1" 200 8971
190.84.60.209 - - [30/Dec/2016:06:05:17 -0500] "GET /Residuos/maderas/images/page33_thumbnail.jpg HTTP/1.1" 200 6874
190.84.60.209 - - [30/Dec/2016:06:05:17 -0500] "GET /Residuos/maderas/images/page34_thumbnail.jpg HTTP/1.1" 200 11349
190.84.60.209 - - [30/Dec/2016:06:05:17 -0500] "GET /Residuos/maderas/images/page35_thumbnail.jpg HTTP/1.1" 200 5209
190.84.60.209 - - [30/Dec/2016:06:05:17 -0500] "GET /Residuos/maderas/images/page36_thumbnail.jpg HTTP/1.1" 200 7802
190.84.60.209 - - [30/Dec/2016:06:05:17 -0500] "GET /Residuos/maderas/images/page37_thumbnail.jpg HTTP/1.1" 200 5127
190.84.60.209 - - [30/Dec/2016:06:05:17 -0500] "GET /Residuos/maderas/images/page38_thumbnail.jpg HTTP/1.1" 200 5209
190.84.60.209 - - [30/Dec/2016:06:05:17 -0500] "GET /Residuos/maderas/images/page39_thumbnail.jpg HTTP/1.1" 200 3952
190.84.60.209 - - [30/Dec/2016:06:05:17 -0500] "GET /Residuos/maderas/images/page40_thumbnail.jpg HTTP/1.1" 200 3831
190.84.60.209 - - [30/Dec/2016:06:05:17 -0500] "GET /Residuos/maderas/images/page41_thumbnail.jpg HTTP/1.1" 200 12404
190.84.60.209 - - [30/Dec/2016:06:05:18 -0500] "GET /Residuos/maderas/images/page42_thumbnail.jpg HTTP/1.1" 200 9333
190.84.60.209 - - [30/Dec/2016:06:05:18 -0500] "GET /Residuos/maderas/images/page43_thumbnail.jpg HTTP/1.1" 200 7215
190.84.60.209 - - [30/Dec/2016:06:05:18 -0500] "GET /Residuos/maderas/images/page44_thumbnail.jpg HTTP/1.1" 200 6647
190.84.60.209 - - [30/Dec/2016:06:05:18 -0500] "GET /Residuos/maderas/images/page45_thumbnail.jpg HTTP/1.1" 200 8925
190.84.60.209 - - [30/Dec/2016:06:05:18 -0500] "GET /Residuos/maderas/images/page46_thumbnail.jpg HTTP/1.1" 200 9465
190.84.60.209 - - [30/Dec/2016:06:05:18 -0500] "GET /Residuos/maderas/images/page47_thumbnail.jpg HTTP/1.1" 200 7020
190.84.60.209 - - [30/Dec/2016:06:05:18 -0500] "GET /Residuos/maderas/images/page48_thumbnail.jpg HTTP/1.1" 200 4574
190.84.60.209 - - [30/Dec/2016:06:05:18 -0500] "GET /Residuos/maderas/images/page49_thumbnail.jpg HTTP/1.1" 200 5937
190.84.60.209 - - [30/Dec/2016:06:05:18 -0500] "GET /Residuos/maderas/images/page50_thumbnail.jpg HTTP/1.1" 200 5303
190.84.60.209 - - [30/Dec/2016:06:05:18 -0500] "GET /Residuos/maderas/images/page51_thumbnail.jpg HTTP/1.1" 200 4916
190.84.60.209 - - [30/Dec/2016:06:05:18 -0500] "GET /Residuos/maderas/images/page52_thumbnail.jpg HTTP/1.1" 200 4994
190.84.60.209 - - [30/Dec/2016:06:05:18 -0500] "GET /Residuos/maderas/images/page53_thumbnail.jpg HTTP/1.1" 200 5125
190.84.60.209 - - [30/Dec/2016:06:05:18 -0500] "GET /Residuos/maderas/images/page54_thumbnail.jpg HTTP/1.1" 200 4968
190.84.60.209 - - [30/Dec/2016:06:05:19 -0500] "GET /Residuos/maderas/images/page55_thumbnail.jpg HTTP/1.1" 200 5200
190.84.60.209 - - [30/Dec/2016:06:05:19 -0500] "GET /Residuos/maderas/images/page56_thumbnail.jpg HTTP/1.1" 200 5305
190.84.60.209 - - [30/Dec/2016:06:05:19 -0500] "GET /Residuos/maderas/images/page57_thumbnail.jpg HTTP/1.1" 200 4989
190.84.60.209 - - [30/Dec/2016:06:05:19 -0500] "GET /Residuos/maderas/images/page58_thumbnail.jpg HTTP/1.1" 200 5346
190.84.60.209 - - [30/Dec/2016:06:05:19 -0500] "GET /Residuos/maderas/images/page59_thumbnail.jpg HTTP/1.1" 200 5401
190.84.60.209 - - [30/Dec/2016:06:05:19 -0500] "GET /Residuos/maderas/images/page60_thumbnail.jpg HTTP/1.1" 200 4779
190.84.60.209 - - [30/Dec/2016:06:05:19 -0500] "GET /Residuos/maderas/images/page61_thumbnail.jpg HTTP/1.1" 200 7180
190.84.60.209 - - [30/Dec/2016:06:05:19 -0500] "GET /Residuos/maderas/images/page62_thumbnail.jpg HTTP/1.1" 200 4817
190.84.60.209 - - [30/Dec/2016:06:05:19 -0500] "GET /Residuos/maderas/images/page63_thumbnail.jpg HTTP/1.1" 200 4927
190.84.60.209 - - [30/Dec/2016:06:05:19 -0500] "GET /Residuos/maderas/images/page64_thumbnail.jpg HTTP/1.1" 200 10375
190.84.60.209 - - [30/Dec/2016:06:05:19 -0500] "GET /Residuos/maderas/images/page65_thumbnail.jpg HTTP/1.1" 200 8803
190.84.60.209 - - [30/Dec/2016:06:05:19 -0500] "GET /Residuos/maderas/images/page66_thumbnail.jpg HTTP/1.1" 200 7024
190.84.60.209 - - [30/Dec/2016:06:05:19 -0500] "GET /Residuos/maderas/images/page67_thumbnail.jpg HTTP/1.1" 200 5134
190.84.60.209 - - [30/Dec/2016:06:05:19 -0500] "GET /Residuos/maderas/images/page68_thumbnail.jpg HTTP/1.1" 200 4963
190.84.60.209 - - [30/Dec/2016:06:05:20 -0500] "GET /Residuos/maderas/images/page69_thumbnail.jpg HTTP/1.1" 200 7181
190.84.60.209 - - [30/Dec/2016:06:05:20 -0500] "GET /Residuos/maderas/images/page70_thumbnail.jpg HTTP/1.1" 200 5685
190.84.60.209 - - [30/Dec/2016:06:05:20 -0500] "GET /Residuos/maderas/images/page71_thumbnail.jpg HTTP/1.1" 200 5655
190.84.60.209 - - [30/Dec/2016:06:05:20 -0500] "GET /Residuos/maderas/images/page72_thumbnail.jpg HTTP/1.1" 200 5749
190.84.60.209 - - [30/Dec/2016:06:05:20 -0500] "GET /Residuos/maderas/images/page73_thumbnail.jpg HTTP/1.1" 200 4678
190.84.60.209 - - [30/Dec/2016:06:05:20 -0500] "GET /Residuos/maderas/images/page74_thumbnail.jpg HTTP/1.1" 200 9452
190.84.60.209 - - [30/Dec/2016:06:05:20 -0500] "GET /Residuos/maderas/images/page75_thumbnail.jpg HTTP/1.1" 200 8096
190.84.60.209 - - [30/Dec/2016:06:05:20 -0500] "GET /Residuos/maderas/images/page76_thumbnail.jpg HTTP/1.1" 200 11295
190.84.60.209 - - [30/Dec/2016:06:05:20 -0500] "GET /Residuos/maderas/images/page77_thumbnail.jpg HTTP/1.1" 200 12714
190.84.60.209 - - [30/Dec/2016:06:05:20 -0500] "GET /Residuos/maderas/images/page78_thumbnail.jpg HTTP/1.1" 200 4553
190.84.60.209 - - [30/Dec/2016:06:05:20 -0500] "GET /Residuos/maderas/images/page79_thumbnail.jpg HTTP/1.1" 200 2690
190.84.60.209 - - [30/Dec/2016:06:05:20 -0500] "GET /Residuos/maderas/images/page80_thumbnail.jpg HTTP/1.1" 200 5797
190.84.60.209 - - [30/Dec/2016:06:05:20 -0500] "GET /Residuos/maderas/images/page81_thumbnail.jpg HTTP/1.1" 200 7937
190.84.60.209 - - [30/Dec/2016:06:05:20 -0500] "GET /Residuos/maderas/images/page82_thumbnail.jpg HTTP/1.1" 200 4888
190.84.60.209 - - [30/Dec/2016:06:05:20 -0500] "GET /Residuos/maderas/images/page83_thumbnail.jpg HTTP/1.1" 200 7014
190.84.60.209 - - [30/Dec/2016:06:05:20 -0500] "GET /Residuos/maderas/images/page84_thumbnail.jpg HTTP/1.1" 200 7012
190.84.60.209 - - [30/Dec/2016:06:05:20 -0500] "GET /Residuos/maderas/images/page85_thumbnail.jpg HTTP/1.1" 200 5920
190.84.60.209 - - [30/Dec/2016:06:05:21 -0500] "GET /Residuos/maderas/images/page86_thumbnail.jpg HTTP/1.1" 200 6960
190.84.60.209 - - [30/Dec/2016:06:05:21 -0500] "GET /Residuos/maderas/images/page87_thumbnail.jpg HTTP/1.1" 200 11120
190.84.60.209 - - [30/Dec/2016:06:05:21 -0500] "GET /Residuos/maderas/images/page88_thumbnail.jpg HTTP/1.1" 200 10021
190.84.60.209 - - [30/Dec/2016:06:05:21 -0500] "GET /Residuos/maderas/images/page89_thumbnail.jpg HTTP/1.1" 200 4648
190.84.60.209 - - [30/Dec/2016:06:05:21 -0500] "GET /Residuos/maderas/images/page90_thumbnail.jpg HTTP/1.1" 200 7442
190.84.60.209 - - [30/Dec/2016:06:05:21 -0500] "GET /Residuos/maderas/images/page91_thumbnail.jpg HTTP/1.1" 200 5509
190.84.60.209 - - [30/Dec/2016:06:05:21 -0500] "GET /Residuos/maderas/images/page92_thumbnail.jpg HTTP/1.1" 200 14204
190.84.60.209 - - [30/Dec/2016:06:05:21 -0500] "GET /Residuos/maderas/images/page93_thumbnail.jpg HTTP/1.1" 200 3693
190.84.60.209 - - [30/Dec/2016:06:05:21 -0500] "GET /Residuos/maderas/images/page94_thumbnail.jpg HTTP/1.1" 200 6584
190.84.60.209 - - [30/Dec/2016:06:05:21 -0500] "GET /Residuos/maderas/images/page95_thumbnail.jpg HTTP/1.1" 200 4947
190.84.60.209 - - [30/Dec/2016:06:05:21 -0500] "GET /Residuos/maderas/images/page96_thumbnail.jpg HTTP/1.1" 200 5067
190.84.60.209 - - [30/Dec/2016:06:05:21 -0500] "GET /Residuos/maderas/images/page97_thumbnail.jpg HTTP/1.1" 200 6330
190.84.60.209 - - [30/Dec/2016:06:05:21 -0500] "GET /Residuos/maderas/images/page98_thumbnail.jpg HTTP/1.1" 200 5939
190.84.60.209 - - [30/Dec/2016:06:05:21 -0500] "GET /Residuos/maderas/images/page99_thumbnail.jpg HTTP/1.1" 200 8382
190.84.60.209 - - [30/Dec/2016:06:05:21 -0500] "GET /Residuos/maderas/images/page100_thumbnail.jpg HTTP/1.1" 200 7526
190.84.60.209 - - [30/Dec/2016:06:05:22 -0500] "GET /Residuos/maderas/images/page101_thumbnail.jpg HTTP/1.1" 200 5570
190.84.60.209 - - [30/Dec/2016:06:05:22 -0500] "GET /Residuos/maderas/images/page102_thumbnail.jpg HTTP/1.1" 200 6587
190.84.60.209 - - [30/Dec/2016:06:05:22 -0500] "GET /Residuos/maderas/images/page103_thumbnail.jpg HTTP/1.1" 200 5679
