!C99Shell v. 1.0 pre-release build #13!

Software: Apache. PHP/5.5.15 

uname -a: Windows NT SVR-DMZ 6.1 build 7600 (Windows Server 2008 R2 Enterprise Edition) i586 

SYSTEM 

Safe-mode: OFF (not secure)

E:\nuevo\apache\logs\   drwxrwxrwx
Free 8.02 GB of 239.26 GB (3.35%)
Detected drives: [ a ] [ c ] [ d ] [ e ] [ f ]
Home    Back    Forward    UPDIR    Refresh    Search    Buffer    Encoder    Tools    Proc.    FTP brute    Sec.    SQL    PHP-code    Update    Feedback    Self remove    Logout    


Viewing file:     access.2016.12.30.log (3.74 MB)      -rw-rw-rw-
Select action/file-type:
(+) | (+) | (+) | Code (+) | Session (+) | (+) | SDB (+) | (+) | (+) | (+) | (+) | (+) |
161.18.66.253 - - [30/Dec/2016:00:00:02 -0500] "GET /galeria/nivo-slider/themes/default/arrows.png HTTP/1.1" 200 824
161.18.66.253 - - [30/Dec/2016:00:00:02 -0500] "GET /galeria/nivo-slider/themes/default/bullets.png HTTP/1.1" 200 1281
136.243.36.97 - - [30/Dec/2016:00:00:04 -0500] "GET /BLA/resoluciones/index.php?dir=RESOLUCIONES%202004/RES%202004%20301-350/&sort=date&order=asc HTTP/1.1" 200 12062
190.25.204.196 - - [29/Dec/2016:23:51:21 -0500] "GET /videos/CRRFFS.mp4 HTTP/1.1" 200 286784363
136.243.36.97 - - [30/Dec/2016:00:00:15 -0500] "GET /BLA/resoluciones/index.php?dir=RESOLUCIONES%202004/RES%202004%20301-350/&sort=name&order=desc HTTP/1.1" 200 12061
66.249.66.175 - - [30/Dec/2016:00:00:16 -0500] "GET /BLA/resoluciones/RESOLUCIONES%202007/RES%202007%203001%20AL%203100/RESOLUCION%203040%20DE%202007.pdf HTTP/1.1" 304 -
136.243.36.97 - - [30/Dec/2016:00:00:25 -0500] "GET /BLA/resoluciones/index.php?dir=RESOLUCIONES%202004/RES%202004%20301-350/&sort=size&order=asc HTTP/1.1" 200 12062
69.162.124.232 - - [30/Dec/2016:00:00:25 -0500] "HEAD / HTTP/1.1" 200 -
192.168.175.104 - - [30/Dec/2016:00:00:31 -0500] "GET / HTTP/1.1" 200 9990
66.249.66.175 - - [30/Dec/2016:00:00:36 -0500] "GET /BLA/resoluciones/RESOLUCIONES%202008/1581.pdf HTTP/1.1" 200 262039
136.243.36.97 - - [30/Dec/2016:00:00:40 -0500] "GET /BLA/resoluciones/index.php?dir=RESOLUCIONES%202004/RES%202004%20351-400/&sort=date&order=asc HTTP/1.1" 200 12050
161.18.66.253 - - [30/Dec/2016:00:00:56 -0500] "GET /galeria/galeria/jquery.fancybox.css?v=2.1.5 HTTP/1.1" 304 -
161.18.66.253 - - [30/Dec/2016:00:00:56 -0500] "GET /BLA/boletinlegal/js/jquery.scrollShow.js HTTP/1.1" 304 -
161.18.66.253 - - [30/Dec/2016:00:00:56 -0500] "GET /galeria/galeria/jquery.fancybox.js?v=2.1.5 HTTP/1.1" 304 -
190.25.204.196 - - [30/Dec/2016:00:00:59 -0500] "GET /BLA/boletinlegal/Circulares/2012/Circular%20No.%207%20del%2008%20de%20Agosto%20de%202012.pdf HTTP/1.1" 200 972955
190.25.204.196 - - [30/Dec/2016:00:01:00 -0500] "GET /BLA/boletinlegal/Circulares/2012/Circular%20No.%206%20del%2025%20de%20Mayo%20de%202012.pdf HTTP/1.1" 200 387391
190.25.204.196 - - [30/Dec/2016:00:01:00 -0500] "GET /BLA/boletinlegal/Circulares/2012/Circular%20No.%205%20del%2027%20de%20Abril%20de%202012.pdf HTTP/1.1" 200 216613
190.25.204.196 - - [30/Dec/2016:00:01:01 -0500] "GET /BLA/boletinlegal/Circulares/2012/Circular%20No.%204%20del%2019%20de%20abril%20de%202012.pdf HTTP/1.1" 200 253045
190.25.204.196 - - [30/Dec/2016:00:01:01 -0500] "GET /BLA/boletinlegal/Circulares/2012/Circular%20No.%203%20del%2023%20de%20Marzo%20de%202012.pdf HTTP/1.1" 200 572950
190.25.204.196 - - [30/Dec/2016:00:01:01 -0500] "GET /BLA/boletinlegal/Circulares/2012/Circular%20No.%202%20del%2014%20de%20Marzo%20de%202012.pdf HTTP/1.1" 200 113666
190.25.204.196 - - [30/Dec/2016:00:01:01 -0500] "GET /BLA/boletinlegal/Circulares/2012/Circular%20No.%2010%20del%2026%20de%20Enero%20de%202012.pdf HTTP/1.1" 404 1018
190.25.204.196 - - [30/Dec/2016:00:01:01 -0500] "GET /BLA/boletinlegal/Circulares/2012/Circular%20No.%201%20del%2017%20de%20Enero%20de%202012.pdf HTTP/1.1" 200 1118749
190.25.204.196 - - [30/Dec/2016:00:01:01 -0500] "GET /BLA/boletinlegal/Circulares/2011/Circular%20No.%209%20del%2003%20de%20Noviembre%20de%202011.pdf HTTP/1.1" 200 54568
190.25.204.196 - - [30/Dec/2016:00:01:01 -0500] "GET /BLA/boletinlegal/Circulares/2011/Circular%20No.%208%20del%2020%20de%20Septiembre%20de%202011.pdf HTTP/1.1" 200 285158
190.25.204.196 - - [30/Dec/2016:00:01:06 -0500] "GET /BLA/boletinlegal/Circulares/2011/Circular%20No.%207%20del%2023%20de%20Diciembre%20de%202011.pdf HTTP/1.1" 200 1107785
190.25.204.196 - - [30/Dec/2016:00:01:06 -0500] "GET /BLA/boletinlegal/Circulares/2011/Circular%20No.%207%20del%2015%20de%20Septiembre%20de%202011.pdf HTTP/1.1" 200 314873
190.25.204.196 - - [30/Dec/2016:00:01:06 -0500] "GET /BLA/boletinlegal/Circulares/2011/Circular%20No.%206%20del%2023%20de%20Septiembre%20de%202011.pdf HTTP/1.1" 200 252800
190.25.204.196 - - [30/Dec/2016:00:01:06 -0500] "GET /BLA/boletinlegal/Circulares/2011/Circular%20No.%206%20del%2029%20de%20Julio%20de%202011.pdf HTTP/1.1" 200 262144
190.25.204.196 - - [30/Dec/2016:00:01:06 -0500] "GET /BLA/boletinlegal/Circulares/2011/Circular%20No.%205%20del%2014%20de%20Julio%20de%202011.pdf HTTP/1.1" 200 1488992
190.25.204.196 - - [30/Dec/2016:00:01:07 -0500] "GET /BLA/boletinlegal/Circulares/2011/Circular%20No.%204%20del%2012%20de%20Agosto%20de%202011.pdf HTTP/1.1" 200 601047
190.25.204.196 - - [30/Dec/2016:00:01:08 -0500] "GET /BLA/boletinlegal/Circulares/2011/Circular%20No.%204%20del%2014%20de%20Julio%20de%202011.pdf HTTP/1.1" 200 399895
190.25.204.196 - - [30/Dec/2016:00:01:08 -0500] "GET /BLA/boletinlegal/Circulares/2011/Circular%20No.%203%20del%2023%20de%20Junio%20de%202011.pdf HTTP/1.1" 200 1452758
136.243.36.97 - - [30/Dec/2016:00:01:09 -0500] "GET /BLA/resoluciones/index.php?dir=RESOLUCIONES%202004/RES%202004%20351-400/&sort=name&order=desc HTTP/1.1" 200 12049
190.25.204.196 - - [30/Dec/2016:00:01:09 -0500] "GET /BLA/boletinlegal/Circulares/2011/Circular%20No.%205%20del%2012%20de%20Agosto%20de%202011.pdf HTTP/1.1" 200 431796
201.245.192.253 - - [30/Dec/2016:00:01:12 -0500] "GET /galeria/nivo-slider/demo/undefined HTTP/1.1" 404 1314
190.25.204.196 - - [30/Dec/2016:00:01:12 -0500] "GET /BLA/boletinlegal/Circulares/2011/Circular%20No.%203%20del%2016%20de%20Junio%20de%202011.pdf HTTP/1.1" 200 346378
66.249.66.181 - - [30/Dec/2016:00:01:13 -0500] "GET /BLA/resoluciones/RESOLUCIONES%202013/0701.pdf HTTP/1.1" 304 -
190.25.204.196 - - [30/Dec/2016:00:01:13 -0500] "GET /BLA/boletinlegal/Circulares/2011/Circular%20No.%202%20del%2031%20de%20Mayo%20de%202011.pdf HTTP/1.1" 200 496778
190.25.204.196 - - [30/Dec/2016:00:01:13 -0500] "GET /BLA/boletinlegal/Circulares/2011/Circular%20No.%202%20del%2026%20de%20Mayo%20de%202011.pdf HTTP/1.1" 200 644194
190.25.204.196 - - [30/Dec/2016:00:01:14 -0500] "GET /BLA/boletinlegal/Circulares/2011/Circular%20No.%201%20del%2012%20de%20Abril%20de%202011.pdf HTTP/1.1" 200 366269
190.25.204.196 - - [30/Dec/2016:00:01:14 -0500] "GET /BLA/boletinlegal/Circulares/2011/Circular%20No.%201%20del%2023%20de%20Febrero%20de%202011.pdf HTTP/1.1" 200 540140
190.25.204.196 - - [30/Dec/2016:00:01:14 -0500] "GET /BLA/boletinlegal/Circulares/2011/Circular%20003%20de%20Febrero%20de%202011.pdf HTTP/1.1" 200 224758
190.25.204.196 - - [30/Dec/2016:00:01:14 -0500] "GET /BLA/boletinlegal/Circulares/2010/Circular%2006%20de%208%20de%20septiembre%20de%202010.pdf HTTP/1.1" 200 4657752
190.25.204.196 - - [30/Dec/2016:00:01:14 -0500] "GET /BLA/boletinlegal/Circulares/2010/Circular%2005%20de%208%20de%20septiembre%20de%202010.pdf HTTP/1.1" 200 2146608
190.25.204.196 - - [30/Dec/2016:00:01:15 -0500] "GET /BLA/boletinlegal/Circulares/2010/Circular%2004%20de%2021%20de%20abril%20de%202010.pdf HTTP/1.1" 200 682373
190.25.204.196 - - [30/Dec/2016:00:01:15 -0500] "GET /BLA/boletinlegal/Circulares/2010/Circular%2003%20de%2015%20de%20marzo%20de%202010.pdf HTTP/1.1" 200 299174
136.243.36.97 - - [30/Dec/2016:00:01:20 -0500] "GET /BLA/resoluciones/index.php?dir=RESOLUCIONES%202004/RES%202004%20351-400/&sort=size&order=asc HTTP/1.1" 200 12050
163.172.65.243 - - [30/Dec/2016:00:01:33 -0500] "GET /BLA/resoluciones/RESOLUCIONES%202002/RES%202002%20251-300/00000261.tif HTTP/1.1" 200 88732
66.249.66.178 - - [30/Dec/2016:00:01:50 -0500] "GET /BLA/resoluciones/RESOLUCIONES%202008/0009.pdf HTTP/1.1" 304 -
192.168.175.104 - - [30/Dec/2016:00:02:11 -0500] "GET / HTTP/1.1" 200 9990
136.243.36.97 - - [30/Dec/2016:00:02:21 -0500] "GET /BLA/resoluciones/index.php?dir=RESOLUCIONES%202004/RES%202004%20401-450/&sort=date&order=asc HTTP/1.1" 200 12039
66.249.66.175 - - [30/Dec/2016:00:02:26 -0500] "GET /BLA/resoluciones/RESOLUCIONES%202007/RES%202007%202701%20AL%202800/RESOLUCION%202800%20DE%202007.pdf HTTP/1.1" 304 -
201.245.192.253 - - [30/Dec/2016:00:03:02 -0500] "GET /galeria/nivo-slider/demo/undefined HTTP/1.1" 404 1314
136.243.36.97 - - [30/Dec/2016:00:03:03 -0500] "GET /BLA/resoluciones/index.php?dir=RESOLUCIONES%202004/RES%202004%20401-450/&sort=name&order=desc HTTP/1.1" 200 12038
163.172.65.198 - - [30/Dec/2016:00:03:21 -0500] "GET /BLA/resoluciones/AUTOS%202006/AUTOS%202006%202201%20-%202300/00002256.tif HTTP/1.1" 200 73918
136.243.36.97 - - [30/Dec/2016:00:03:31 -0500] "GET /robots.txt HTTP/1.1" 404 1018
136.243.36.97 - - [30/Dec/2016:00:03:31 -0500] "GET /BLA/resoluciones/index.php?dir=RESOLUCIONES%202004/RES%202004%20401-450/&sort=size&order=asc HTTP/1.1" 200 12039
190.25.204.196 - - [30/Dec/2016:00:03:33 -0500] "GET /BLA/boletinlegal/Circulares/2010/Circular%2002%20de%2025%20de%20febrero%20de%202010.pdf HTTP/1.1" 200 233254
190.25.204.196 - - [30/Dec/2016:00:03:34 -0500] "GET /BLA/boletinlegal/Circulares/2010/Circular%2001%20de%2018%20de%20febrero%20de%202010.pdf HTTP/1.1" 200 72083
190.25.204.196 - - [30/Dec/2016:00:03:34 -0500] "GET /BLA/boletinlegal/Circulares/2009/Circular%20No.%2035%20del%2024%20de%20Diciembre%20de%202009.pdf HTTP/1.1" 200 578234
192.168.175.104 - - [30/Dec/2016:00:03:34 -0500] "GET / HTTP/1.0" 200 9990
190.25.204.196 - - [30/Dec/2016:00:03:34 -0500] "GET /BLA/boletinlegal/Circulares/2009/Circular%20Instructiva%20-%20Memorando%202009IE24363.pdf HTTP/1.1" 200 1544636
190.25.204.196 - - [30/Dec/2016:00:03:36 -0500] "GET /BLA/boletinlegal/actas/463597.pdf HTTP/1.1" 200 250044
190.25.204.196 - - [30/Dec/2016:00:03:36 -0500] "GET /BLA/boletinlegal/actas/374122.pdf HTTP/1.1" 200 181942
190.25.204.196 - - [30/Dec/2016:00:03:36 -0500] "GET /BLA/boletinlegal/actas/079-2013.pdf HTTP/1.1" 200 1500109
136.243.36.97 - - [30/Dec/2016:00:03:51 -0500] "GET /BLA/resoluciones/index.php?dir=RESOLUCIONES%202004/RES%202004%20451-500/&sort=date&order=asc HTTP/1.1" 200 12037
136.243.36.97 - - [30/Dec/2016:00:04:11 -0500] "GET /BLA/resoluciones/index.php?dir=RESOLUCIONES%202004/RES%202004%20451-500/&sort=name&order=desc HTTP/1.1" 200 12036
163.172.66.119 - - [30/Dec/2016:00:04:44 -0500] "GET /BLA/resoluciones/RESOLUCIONES%202004/RES%202004%20651-700/00000670.tif HTTP/1.1" 200 107526
136.243.36.97 - - [30/Dec/2016:00:04:46 -0500] "GET /BLA/resoluciones/index.php?dir=RESOLUCIONES%202004/RES%202004%20451-500/&sort=size&order=asc HTTP/1.1" 200 12037
201.245.192.253 - - [30/Dec/2016:00:04:53 -0500] "GET /galeria/nivo-slider/demo/undefined HTTP/1.1" 404 1314
190.25.204.196 - - [30/Dec/2016:00:04:55 -0500] "GET /BLA/boletinlegal/actas/097-2013.pdf HTTP/1.1" 200 164183
190.25.204.196 - - [30/Dec/2016:00:04:55 -0500] "GET /BLA/boletinlegal/actas/acta%20de%20acuerdo%2002%20adop%20regla%20inter%20mesa%20salud%20ambie.pdf HTTP/1.1" 200 479782
190.25.204.196 - - [30/Dec/2016:00:04:55 -0500] "GET /BLA/boletinlegal/actas/acta%20de%20acuerdo%2001%20adop%20regla%20inter%20CISPAER.pdf HTTP/1.1" 200 837068
190.25.204.196 - - [30/Dec/2016:00:04:56 -0500] "GET /BLA/boletinlegal/images/tel.png HTTP/1.1" 200 14477
190.25.204.196 - - [30/Dec/2016:00:04:56 -0500] "GET /BLA/boletinlegal/images/icono-email.png HTTP/1.1" 200 5544
190.25.204.196 - - [30/Dec/2016:00:04:56 -0500] "GET /BLA/boletinlegal/images/img_3.jpg HTTP/1.1" 200 1841
136.243.36.97 - - [30/Dec/2016:00:04:59 -0500] "GET /BLA/resoluciones/index.php?dir=RESOLUCIONES%202004/RES%202004%20501-550/&sort=date&order=asc HTTP/1.1" 200 12048
190.25.204.196 - - [30/Dec/2016:00:04:59 -0500] "GET /BLA/boletinlegal/images/img_1.jpg HTTP/1.1" 200 8067
136.243.36.97 - - [30/Dec/2016:00:05:18 -0500] "GET /BLA/resoluciones/index.php?dir=RESOLUCIONES%202004/RES%202004%20501-550/&sort=name&order=desc HTTP/1.1" 200 12047
69.162.124.232 - - [30/Dec/2016:00:05:25 -0500] "HEAD / HTTP/1.1" 200 -
192.168.175.104 - - [30/Dec/2016:00:05:29 -0500] "GET / HTTP/1.1" 200 9990
136.243.36.97 - - [30/Dec/2016:00:05:39 -0500] "GET /BLA/resoluciones/index.php?dir=RESOLUCIONES%202004/RES%202004%20501-550/&sort=size&order=asc HTTP/1.1" 200 12048
136.243.36.97 - - [30/Dec/2016:00:05:57 -0500] "GET /BLA/resoluciones/index.php?dir=RESOLUCIONES%202004/RES%202004%2051-100/&sort=date&order=asc HTTP/1.1" 200 11980
163.172.65.5 - - [30/Dec/2016:00:06:07 -0500] "GET /BLA/resoluciones/RESOLUCIONES%202006/RES%202006%201501-1550/00001507.tif HTTP/1.1" 200 162582
66.249.66.175 - - [30/Dec/2016:00:06:08 -0500] "GET /m/BLA/resoluciones/RESOLUCIONES%202012/0497.pdf HTTP/1.1" 404 1018
136.243.36.97 - - [30/Dec/2016:00:06:17 -0500] "GET /BLA/resoluciones/index.php?dir=RESOLUCIONES%202004/RES%202004%2051-100/&sort=name&order=desc HTTP/1.1" 200 11979
136.243.36.97 - - [30/Dec/2016:00:06:34 -0500] "GET /BLA/resoluciones/index.php?dir=RESOLUCIONES%202004/RES%202004%2051-100/&sort=size&order=asc HTTP/1.1" 200 11980
201.245.192.253 - - [30/Dec/2016:00:06:43 -0500] "GET /galeria/nivo-slider/demo/undefined HTTP/1.1" 404 1314
136.243.36.97 - - [30/Dec/2016:00:06:54 -0500] "GET /BLA/resoluciones/index.php?dir=RESOLUCIONES%202004/RES%202004%20551-600/&sort=date&order=asc HTTP/1.1" 200 12047
192.168.175.104 - - [30/Dec/2016:00:07:09 -0500] "GET / HTTP/1.1" 200 9990
66.249.66.180 - - [30/Dec/2016:00:07:22 -0500] "GET /mobile/BLA/boletinlegal/jurisprudencia/analisis/analisis%20sentencia%20C%20401%20de%202010.doc HTTP/1.1" 404 1019
66.249.66.181 - - [30/Dec/2016:00:07:58 -0500] "GET /m/BLA/resoluciones/AUTOS%202015/0244.pdf HTTP/1.1" 404 1018
136.243.36.97 - - [30/Dec/2016:00:07:59 -0500] "GET /BLA/resoluciones/index.php?dir=RESOLUCIONES%202004/RES%202004%20551-600/&sort=name&order=desc HTTP/1.1" 200 12046
136.243.36.97 - - [30/Dec/2016:00:08:17 -0500] "GET /BLA/resoluciones/index.php?dir=RESOLUCIONES%202004/RES%202004%20551-600/&sort=size&order=asc HTTP/1.1" 200 12047
192.168.175.104 - - [30/Dec/2016:00:08:32 -0500] "GET / HTTP/1.0" 200 9990
201.245.192.253 - - [30/Dec/2016:00:08:34 -0500] "GET /galeria/nivo-slider/demo/undefined HTTP/1.1" 404 1314
136.243.36.97 - - [30/Dec/2016:00:08:40 -0500] "GET /BLA/resoluciones/index.php?dir=RESOLUCIONES%202004/RES%202004%20601-650/&sort=date&order=asc HTTP/1.1" 200 12060
136.243.36.97 - - [30/Dec/2016:00:09:35 -0500] "GET /BLA/resoluciones/index.php?dir=RESOLUCIONES%202004/RES%202004%20601-650/&sort=name&order=desc HTTP/1.1" 200 12059
66.249.66.178 - - [30/Dec/2016:00:09:49 -0500] "GET /mobile/BLA/resoluciones/AUTOS%202010/0607.pdf HTTP/1.1" 404 1018
163.172.66.183 - - [30/Dec/2016:00:10:06 -0500] "GET /BLA/resoluciones/RESOLUCIONES%202003/RES%202003%201151-1200/1164.tif HTTP/1.1" 200 790868
201.245.192.253 - - [30/Dec/2016:00:10:25 -0500] "GET /galeria/nivo-slider/demo/undefined HTTP/1.1" 404 1314
69.162.124.232 - - [30/Dec/2016:00:10:25 -0500] "HEAD / HTTP/1.1" 200 -
192.168.175.104 - - [30/Dec/2016:00:10:27 -0500] "GET / HTTP/1.1" 200 9990
136.243.36.97 - - [30/Dec/2016:00:11:08 -0500] "GET /BLA/resoluciones/index.php?dir=RESOLUCIONES%202004/RES%202004%20601-650/&sort=size&order=asc HTTP/1.1" 200 12060
192.168.175.104 - - [30/Dec/2016:00:12:07 -0500] "GET / HTTP/1.1" 200 9990
201.245.192.253 - - [30/Dec/2016:00:12:15 -0500] "GET /galeria/nivo-slider/demo/undefined HTTP/1.1" 404 1314
136.243.36.97 - - [30/Dec/2016:00:13:29 -0500] "GET /robots.txt HTTP/1.1" 404 1018
192.168.175.104 - - [30/Dec/2016:00:13:29 -0500] "GET / HTTP/1.0" 200 9990
136.243.36.97 - - [30/Dec/2016:00:13:29 -0500] "GET /BLA/resoluciones/index.php?dir=RESOLUCIONES%202004/RES%202004%20651-700/&sort=date&order=asc HTTP/1.1" 200 12049
201.245.192.253 - - [30/Dec/2016:00:14:06 -0500] "GET /galeria/nivo-slider/demo/undefined HTTP/1.1" 404 1314
136.243.36.97 - - [30/Dec/2016:00:14:22 -0500] "GET /BLA/resoluciones/index.php?dir=RESOLUCIONES%202004/RES%202004%20651-700/&sort=name&order=desc HTTP/1.1" 200 12048
136.243.36.97 - - [30/Dec/2016:00:14:55 -0500] "GET /BLA/resoluciones/index.php?dir=RESOLUCIONES%202004/RES%202004%20651-700/&sort=size&order=asc HTTP/1.1" 200 12049
136.243.36.97 - - [30/Dec/2016:00:15:19 -0500] "GET /BLA/resoluciones/index.php?dir=RESOLUCIONES%202004/RES%202004%20701-750/&sort=date&order=asc HTTP/1.1" 200 12059
192.168.175.104 - - [30/Dec/2016:00:15:24 -0500] "GET / HTTP/1.1" 200 9990
69.162.124.232 - - [30/Dec/2016:00:15:25 -0500] "HEAD / HTTP/1.1" 200 -
136.243.36.97 - - [30/Dec/2016:00:15:44 -0500] "GET /BLA/resoluciones/index.php?dir=RESOLUCIONES%202004/RES%202004%20701-750/&sort=name&order=desc HTTP/1.1" 200 12058
201.245.192.253 - - [30/Dec/2016:00:15:56 -0500] "GET /galeria/nivo-slider/demo/undefined HTTP/1.1" 404 1314
181.50.160.211 - - [30/Dec/2016:00:16:02 -0500] "-" 408 -
181.50.160.211 - - [30/Dec/2016:00:16:02 -0500] "-" 408 -
136.243.36.97 - - [30/Dec/2016:00:16:09 -0500] "GET /BLA/resoluciones/index.php?dir=RESOLUCIONES%202004/RES%202004%20701-750/&sort=size&order=asc HTTP/1.1" 200 12059
136.243.36.97 - - [30/Dec/2016:00:16:31 -0500] "GET /BLA/resoluciones/index.php?dir=RESOLUCIONES%202004/RES%202004%20751-800/&sort=date&order=asc HTTP/1.1" 200 12053
136.243.36.97 - - [30/Dec/2016:00:16:52 -0500] "GET /BLA/resoluciones/index.php?dir=RESOLUCIONES%202004/RES%202004%20751-800/&sort=name&order=desc HTTP/1.1" 200 12052
192.168.175.104 - - [30/Dec/2016:00:17:05 -0500] "GET / HTTP/1.1" 200 9990
66.249.69.168 - - [30/Dec/2016:00:17:11 -0500] "GET /BLA/resoluciones/AUTOS%202016/1575.pdf HTTP/1.1" 200 337167
136.243.36.97 - - [30/Dec/2016:00:17:11 -0500] "GET /BLA/resoluciones/index.php?dir=RESOLUCIONES%202004/RES%202004%20751-800/&sort=size&order=asc HTTP/1.1" 200 12053
136.243.36.97 - - [30/Dec/2016:00:17:20 -0500] "GET /BLA/resoluciones/index.php?dir=RESOLUCIONES%202004/RES%202004%20801-850/&sort=date&order=asc HTTP/1.1" 200 12048
136.243.36.97 - - [30/Dec/2016:00:17:30 -0500] "GET /BLA/resoluciones/index.php?dir=RESOLUCIONES%202004/RES%202004%20801-850/&sort=name&order=desc HTTP/1.1" 200 12047
136.243.36.97 - - [30/Dec/2016:00:17:38 -0500] "GET /BLA/resoluciones/index.php?dir=RESOLUCIONES%202004/RES%202004%20801-850/&sort=size&order=asc HTTP/1.1" 200 12048
201.245.192.253 - - [30/Dec/2016:00:17:47 -0500] "GET /galeria/nivo-slider/demo/undefined HTTP/1.1" 404 1314
136.243.36.97 - - [30/Dec/2016:00:17:47 -0500] "GET /BLA/resoluciones/index.php?dir=RESOLUCIONES%202004/RES%202004%20851-900/&sort=date&order=asc HTTP/1.1" 200 12040
66.249.66.178 - - [30/Dec/2016:00:17:48 -0500] "GET /BLA/resoluciones/AUTOS%202015/7074.pdf HTTP/1.1" 200 595963
136.243.36.97 - - [30/Dec/2016:00:17:55 -0500] "GET /BLA/resoluciones/index.php?dir=RESOLUCIONES%202004/RES%202004%20851-900/&sort=name&order=desc HTTP/1.1" 200 12039
66.249.66.178 - - [30/Dec/2016:00:18:25 -0500] "GET /BLA/resoluciones/AUTOS%202015/5076.pdf HTTP/1.1" 200 555415
192.168.175.104 - - [30/Dec/2016:00:18:27 -0500] "GET / HTTP/1.0" 200 9990
136.243.36.97 - - [30/Dec/2016:00:18:27 -0500] "GET /BLA/resoluciones/index.php?dir=RESOLUCIONES%202004/RES%202004%20851-900/&sort=size&order=asc HTTP/1.1" 200 12040
66.249.66.175 - - [30/Dec/2016:00:19:02 -0500] "GET /BLA/resoluciones/AUTOS%202015/5353.pdf HTTP/1.1" 200 593862
207.46.13.188 - - [30/Dec/2016:00:19:05 -0500] "GET /actuali- HTTP/1.1" 404 1019
136.243.36.97 - - [30/Dec/2016:00:19:26 -0500] "GET /BLA/resoluciones/index.php?dir=RESOLUCIONES%202004/RES%202004%20901-950/&sort=date&order=asc HTTP/1.1" 200 12049
201.245.192.253 - - [30/Dec/2016:00:19:38 -0500] "GET /galeria/nivo-slider/demo/undefined HTTP/1.1" 404 1314
136.243.36.97 - - [30/Dec/2016:00:19:40 -0500] "GET /BLA/resoluciones/index.php?dir=RESOLUCIONES%202004/RES%202004%20901-950/&sort=name&order=desc HTTP/1.1" 200 12048
136.243.36.97 - - [30/Dec/2016:00:19:50 -0500] "GET /BLA/resoluciones/index.php?dir=RESOLUCIONES%202004/RES%202004%20901-950/&sort=size&order=asc HTTP/1.1" 200 12049
136.243.36.97 - - [30/Dec/2016:00:20:03 -0500] "GET /BLA/resoluciones/index.php?dir=RESOLUCIONES%202004/RES%202004%20951-1000/&sort=date&order=asc HTTP/1.1" 200 12101
66.249.66.181 - - [30/Dec/2016:00:20:15 -0500] "GET /BLA/resoluciones/index.php?dir=RESOLUCIONES%202003/&sort=size&order=asc HTTP/1.1" 200 12286
136.243.36.97 - - [30/Dec/2016:00:20:20 -0500] "GET /BLA/resoluciones/index.php?dir=RESOLUCIONES%202004/RES%202004%20951-1000/&sort=name&order=desc HTTP/1.1" 200 12100
192.168.175.104 - - [30/Dec/2016:00:20:22 -0500] "GET / HTTP/1.1" 200 9990
69.162.124.232 - - [30/Dec/2016:00:20:25 -0500] "HEAD / HTTP/1.1" 200 -
136.243.36.97 - - [30/Dec/2016:00:20:30 -0500] "GET /BLA/resoluciones/index.php?dir=RESOLUCIONES%202004/RES%202004%20951-1000/&sort=size&order=asc HTTP/1.1" 200 12101
181.67.246.103 - - [30/Dec/2016:00:20:39 -0500] "GET /galeria/galeria/jquery.fancybox.css?v=2.1.5 HTTP/1.1" 200 4895
181.67.246.103 - - [30/Dec/2016:00:20:39 -0500] "GET /BLA/boletinlegal/js/jquery.scrollShow.js HTTP/1.1" 200 4586
181.67.246.103 - - [30/Dec/2016:00:20:39 -0500] "GET /galeria/galeria/jquery.fancybox.js?v=2.1.5 HTTP/1.1" 200 48706
136.243.36.97 - - [30/Dec/2016:00:20:42 -0500] "GET /BLA/resoluciones/index.php?dir=RESOLUCIONES%202005/&sort=date&order=desc HTTP/1.1" 200 24430
136.243.36.97 - - [30/Dec/2016:00:20:48 -0500] "GET /BLA/resoluciones/index.php?dir=RESOLUCIONES%202005/&sort=name&order=asc HTTP/1.1" 200 24431
136.243.36.97 - - [30/Dec/2016:00:20:59 -0500] "GET /BLA/resoluciones/index.php?dir=RESOLUCIONES%202005/&sort=size&order=desc HTTP/1.1" 200 24430
136.243.36.97 - - [30/Dec/2016:00:21:10 -0500] "GET /BLA/resoluciones/index.php?dir=RESOLUCIONES%202005/ANEXO%20RES%202643-2005/&sort=date&order=asc HTTP/1.1" 200 2446
181.67.246.103 - - [30/Dec/2016:00:21:13 -0500] "GET /galeria/galeria/jquery.fancybox.css?v=2.1.5 HTTP/1.1" 304 -
181.67.246.103 - - [30/Dec/2016:00:21:13 -0500] "GET /BLA/boletinlegal/js/jquery.scrollShow.js HTTP/1.1" 304 -
181.67.246.103 - - [30/Dec/2016:00:21:13 -0500] "GET /galeria/galeria/jquery.fancybox.js?v=2.1.5 HTTP/1.1" 304 -
136.243.36.97 - - [30/Dec/2016:00:21:21 -0500] "GET /BLA/resoluciones/index.php?dir=RESOLUCIONES%202005/ANEXO%20RES%202643-2005/&sort=name&order=desc HTTP/1.1" 200 2445
163.172.65.57 - - [30/Dec/2016:00:21:26 -0500] "GET /BLA/resoluciones/RESOLUCIONES%202005/RES%202005%20701-750/00000728.tif HTTP/1.1" 200 392402
201.245.192.253 - - [30/Dec/2016:00:21:28 -0500] "GET /galeria/nivo-slider/demo/undefined HTTP/1.1" 404 1314
136.243.36.97 - - [30/Dec/2016:00:21:29 -0500] "GET /BLA/resoluciones/index.php?dir=RESOLUCIONES%202005/ANEXO%20RES%202643-2005/&sort=size&order=asc HTTP/1.1" 200 2446
66.249.66.175 - - [30/Dec/2016:00:21:29 -0500] "GET /BLA/resoluciones/AUTOS%202013/0170.pdf HTTP/1.1" 304 -
201.245.192.253 - - [30/Dec/2016:00:21:29 -0500] "GET /galeria/galeria/jquery.fancybox.css?v=2.1.5 HTTP/1.1" 200 4895
201.245.192.253 - - [30/Dec/2016:00:21:29 -0500] "GET /BLA/boletinlegal/js/jquery.scrollShow.js HTTP/1.1" 200 4586
201.245.192.253 - - [30/Dec/2016:00:21:29 -0500] "GET /galeria/carrusel/Carrusel/jquery.thumbnailScroller.css HTTP/1.1" 200 2066
201.245.192.253 - - [30/Dec/2016:00:21:29 -0500] "GET /galeria/galeria/jquery.fancybox.js?v=2.1.5 HTTP/1.1" 200 48706
201.245.192.253 - - [30/Dec/2016:00:21:30 -0500] "GET /galeria/carrusel/Carrusel/jquery-ui-1.8.13.custom.min.js HTTP/1.1" 200 10800
201.245.192.253 - - [30/Dec/2016:00:21:30 -0500] "GET /galeria/carrusel/Carrusel/jquery.thumbnailScroller.js HTTP/1.1" 200 8157
201.245.192.253 - - [30/Dec/2016:00:21:30 -0500] "GET /galeria/nivo-slider/demo/demo.html HTTP/1.1" 200 3366
201.245.192.253 - - [30/Dec/2016:00:21:31 -0500] "GET /galeria/nivo-slider/themes/default/default.css HTTP/1.1" 200 1569
201.245.192.253 - - [30/Dec/2016:00:21:31 -0500] "GET /galeria/nivo-slider/themes/orman/orman.css HTTP/1.1" 200 2152
201.245.192.253 - - [30/Dec/2016:00:21:31 -0500] "GET /galeria/nivo-slider/themes/pascal/pascal.css HTTP/1.1" 200 2258
201.245.192.253 - - [30/Dec/2016:00:21:31 -0500] "GET /galeria/nivo-slider/nivo-slider.css HTTP/1.1" 200 1507
201.245.192.253 - - [30/Dec/2016:00:21:31 -0500] "GET /galeria/nivo-slider/demo/style.css HTTP/1.1" 200 2222
201.245.192.253 - - [30/Dec/2016:00:21:31 -0500] "GET /galeria/nivo-slider/demo/scripts/jquery-1.7.1.min.js HTTP/1.1" 200 93868
201.245.192.253 - - [30/Dec/2016:00:21:31 -0500] "GET /galeria/nivo-slider/demo/images/banner%20encuesta%20sda2-web3.jpg HTTP/1.1" 200 111668
201.245.192.253 - - [30/Dec/2016:00:21:31 -0500] "GET /galeria/nivo-slider/jquery.nivo.slider.pack.js HTTP/1.1" 200 11561
201.245.192.253 - - [30/Dec/2016:00:21:31 -0500] "GET /galeria/nivo-slider/themes/default/loading.gif HTTP/1.1" 200 1737
201.245.192.253 - - [30/Dec/2016:00:21:31 -0500] "GET /galeria/nivo-slider/demo/images/4Simple_Slider.png HTTP/1.1" 200 11722
201.245.192.253 - - [30/Dec/2016:00:21:31 -0500] "GET /galeria/nivo-slider/demo/images/pieza%20webtinguas.jpg HTTP/1.1" 200 175651
201.245.192.253 - - [30/Dec/2016:00:21:31 -0500] "GET /galeria/nivo-slider/demo/images/bannerinvitaci%C3%B3nacaminatasecologicas2.jpg HTTP/1.1" 200 513253
201.245.192.253 - - [30/Dec/2016:00:21:31 -0500] "GET /galeria/nivo-slider/demo/images/bannersilvicultura.jpg HTTP/1.1" 200 173023
201.245.192.253 - - [30/Dec/2016:00:21:31 -0500] "GET /galeria/nivo-slider/demo/images/BANNERARBOLES.jpg HTTP/1.1" 200 227630
201.245.192.253 - - [30/Dec/2016:00:21:31 -0500] "GET /galeria/nivo-slider/demo/images/ACOPIADORESYGESTORES.jpg HTTP/1.1" 200 118791
201.245.192.253 - - [30/Dec/2016:00:21:32 -0500] "GET /galeria/nivo-slider/demo/images/bannergestionambiental2.jpg HTTP/1.1" 200 245647
201.245.192.253 - - [30/Dec/2016:00:21:32 -0500] "GET /galeria/nivo-slider/demo/images/vegetal.jpg HTTP/1.1" 200 216080
201.245.192.253 - - [30/Dec/2016:00:21:32 -0500] "GET /galeria/nivo-slider/demo/images/Ruta-vertimientos-01.jpg HTTP/1.1" 200 130151
201.245.192.253 - - [30/Dec/2016:00:21:32 -0500] "GET /galeria/nivo-slider/demo/images/bolsas-06.jpg HTTP/1.1" 200 210950
136.243.36.97 - - [30/Dec/2016:00:21:39 -0500] "GET /BLA/resoluciones/index.php?dir=RESOLUCIONES%202005/RES%202005%201-50/&sort=date&order=asc HTTP/1.1" 200 12563
136.243.36.97 - - [30/Dec/2016:00:21:50 -0500] "GET /BLA/resoluciones/index.php?dir=RESOLUCIONES%202005/RES%202005%201-50/&sort=name&order=desc HTTP/1.1" 200 12562
136.243.36.97 - - [30/Dec/2016:00:21:58 -0500] "GET /BLA/resoluciones/index.php?dir=RESOLUCIONES%202005/RES%202005%201-50/&sort=size&order=asc HTTP/1.1" 200 12563
192.168.175.104 - - [30/Dec/2016:00:22:04 -0500] "GET / HTTP/1.1" 200 9990
136.243.36.97 - - [30/Dec/2016:00:22:13 -0500] "GET /BLA/resoluciones/index.php?dir=RESOLUCIONES%202005/RES%202005%201001-1050/&sort=date&order=asc HTTP/1.1" 200 12364
136.243.36.97 - - [30/Dec/2016:00:22:28 -0500] "GET /BLA/resoluciones/index.php?dir=RESOLUCIONES%202005/RES%202005%201001-1050/&sort=name&order=desc HTTP/1.1" 200 12363
181.67.246.103 - - [30/Dec/2016:00:22:34 -0500] "GET /galeria/galeria/jquery.fancybox.css?v=2.1.5 HTTP/1.1" 304 -
181.67.246.103 - - [30/Dec/2016:00:22:34 -0500] "GET /BLA/boletinlegal/js/jquery.scrollShow.js HTTP/1.1" 304 -
181.67.246.103 - - [30/Dec/2016:00:22:34 -0500] "GET /galeria/galeria/jquery.fancybox.js?v=2.1.5 HTTP/1.1" 304 -
136.243.36.97 - - [30/Dec/2016:00:22:40 -0500] "GET /BLA/resoluciones/index.php?dir=RESOLUCIONES%202005/RES%202005%201001-1050/&sort=size&order=asc HTTP/1.1" 200 12364
66.249.66.175 - - [30/Dec/2016:00:22:43 -0500] "GET /BLA/resoluciones/AUTOS%202016/0086.pdf HTTP/1.1" 304 -
136.243.36.97 - - [30/Dec/2016:00:22:52 -0500] "GET /BLA/resoluciones/index.php?dir=RESOLUCIONES%202005/RES%202005%201051-1100/&sort=date&order=asc HTTP/1.1" 200 3976
136.243.36.97 - - [30/Dec/2016:00:23:02 -0500] "GET /BLA/resoluciones/index.php?dir=RESOLUCIONES%202005/RES%202005%201051-1100/&sort=name&order=desc HTTP/1.1" 200 3975
136.243.36.97 - - [30/Dec/2016:00:23:13 -0500] "GET /BLA/resoluciones/index.php?dir=RESOLUCIONES%202005/RES%202005%201051-1100/&sort=size&order=asc HTTP/1.1" 200 3976
201.245.192.253 - - [30/Dec/2016:00:23:19 -0500] "GET /galeria/nivo-slider/demo/undefined HTTP/1.1" 404 1314
136.243.36.97 - - [30/Dec/2016:00:23:19 -0500] "GET /BLA/resoluciones/index.php?dir=RESOLUCIONES%202005/RES%202005%201101-1150/&sort=date&order=asc HTTP/1.1" 200 12363
192.168.175.104 - - [30/Dec/2016:00:23:25 -0500] "GET / HTTP/1.0" 200 9990
136.243.36.97 - - [30/Dec/2016:00:23:33 -0500] "GET /robots.txt HTTP/1.1" 404 1018
136.243.36.97 - - [30/Dec/2016:00:23:33 -0500] "GET /BLA/resoluciones/index.php?dir=RESOLUCIONES%202005/RES%202005%201101-1150/&sort=name&order=desc HTTP/1.1" 200 12362
136.243.36.97 - - [30/Dec/2016:00:23:40 -0500] "GET /BLA/resoluciones/index.php?dir=RESOLUCIONES%202005/RES%202005%201101-1150/&sort=size&order=asc HTTP/1.1" 200 12363
136.243.36.97 - - [30/Dec/2016:00:24:00 -0500] "GET /BLA/resoluciones/index.php?dir=RESOLUCIONES%202005/RES%202005%201151-1200/&sort=date&order=asc HTTP/1.1" 200 12362
180.76.15.153 - - [30/Dec/2016:00:24:12 -0500] "GET / HTTP/1.1" 200 9990
136.243.36.97 - - [30/Dec/2016:00:24:17 -0500] "GET /BLA/resoluciones/index.php?dir=RESOLUCIONES%202005/RES%202005%201151-1200/&sort=name&order=desc HTTP/1.1" 200 12361
180.76.15.9 - - [30/Dec/2016:00:24:35 -0500] "GET / HTTP/1.1" 200 9990
136.243.36.97 - - [30/Dec/2016:00:24:36 -0500] "GET /BLA/resoluciones/index.php?dir=RESOLUCIONES%202005/RES%202005%201151-1200/&sort=size&order=asc HTTP/1.1" 200 12362
136.243.36.97 - - [30/Dec/2016:00:24:50 -0500] "GET /BLA/resoluciones/index.php?dir=RESOLUCIONES%202005/RES%202005%201201-1250/&sort=date&order=asc HTTP/1.1" 200 12369
136.243.36.97 - - [30/Dec/2016:00:25:06 -0500] "GET /BLA/resoluciones/index.php?dir=RESOLUCIONES%202005/RES%202005%201201-1250/&sort=name&order=desc HTTP/1.1" 200 12368
201.245.192.253 - - [30/Dec/2016:00:25:10 -0500] "GET /galeria/nivo-slider/demo/undefined HTTP/1.1" 404 1314
66.249.66.178 - - [30/Dec/2016:00:25:10 -0500] "GET /BLA/resoluciones/RESOLUCIONES%202014/2826.pdf HTTP/1.1" 304 -
136.243.36.97 - - [30/Dec/2016:00:25:14 -0500] "GET /BLA/resoluciones/index.php?dir=RESOLUCIONES%202005/RES%202005%201201-1250/&sort=size&order=asc HTTP/1.1" 200 12369
192.168.175.104 - - [30/Dec/2016:00:25:21 -0500] "GET / HTTP/1.1" 200 9990
69.162.124.232 - - [30/Dec/2016:00:25:25 -0500] "HEAD / HTTP/1.1" 200 -
136.243.36.97 - - [30/Dec/2016:00:25:26 -0500] "GET /BLA/resoluciones/index.php?dir=RESOLUCIONES%202005/RES%202005%201251-1300/&sort=date&order=asc HTTP/1.1" 200 12362
136.243.36.97 - - [30/Dec/2016:00:25:36 -0500] "GET /BLA/resoluciones/index.php?dir=RESOLUCIONES%202005/RES%202005%201251-1300/&sort=name&order=desc HTTP/1.1" 200 12361
136.243.36.97 - - [30/Dec/2016:00:25:46 -0500] "GET /BLA/resoluciones/index.php?dir=RESOLUCIONES%202005/RES%202005%201251-1300/&sort=size&order=asc HTTP/1.1" 200 12362
136.243.36.97 - - [30/Dec/2016:00:26:03 -0500] "GET /BLA/resoluciones/index.php?dir=RESOLUCIONES%202005/RES%202005%201301-1350/&sort=date&order=asc HTTP/1.1" 200 12344
204.15.96.67 - - [30/Dec/2016:00:26:17 -0500] "GET /galeria/nivo-slider/demo/images/bannercapacitaci%C3%B3ninfraestructuavegetada.jpg HTTP/1.1" 304 -
136.243.36.97 - - [30/Dec/2016:00:26:18 -0500] "GET /BLA/resoluciones/index.php?dir=RESOLUCIONES%202005/RES%202005%201301-1350/&sort=name&order=desc HTTP/1.1" 200 12343
66.249.66.178 - - [30/Dec/2016:00:26:24 -0500] "GET /BLA/resoluciones/AUTOS%202014/6256.pdf HTTP/1.1" 304 -
136.243.36.97 - - [30/Dec/2016:00:26:28 -0500] "GET /BLA/resoluciones/index.php?dir=RESOLUCIONES%202005/RES%202005%201301-1350/&sort=size&order=asc HTTP/1.1" 200 12344
136.243.36.97 - - [30/Dec/2016:00:26:36 -0500] "GET /BLA/resoluciones/index.php?dir=RESOLUCIONES%202005/RES%202005%201351-1400/&sort=date&order=asc HTTP/1.1" 200 12356
136.243.36.97 - - [30/Dec/2016:00:26:47 -0500] "GET /BLA/resoluciones/index.php?dir=RESOLUCIONES%202005/RES%202005%201351-1400/&sort=name&order=desc HTTP/1.1" 200 12355
201.245.192.253 - - [30/Dec/2016:00:27:00 -0500] "GET /galeria/nivo-slider/demo/undefined HTTP/1.1" 404 1314
66.249.66.181 - - [30/Dec/2016:00:27:01 -0500] "GET /BLA/resoluciones/RESOLUCIONES%202009/9253.pdf HTTP/1.1" 304 -
192.168.175.104 - - [30/Dec/2016:00:27:01 -0500] "GET / HTTP/1.1" 200 9990
136.243.36.97 - - [30/Dec/2016:00:27:04 -0500] "GET /BLA/resoluciones/index.php?dir=RESOLUCIONES%202005/RES%202005%201351-1400/&sort=size&order=asc HTTP/1.1" 200 12356
136.243.36.97 - - [30/Dec/2016:00:27:14 -0500] "GET /BLA/resoluciones/index.php?dir=RESOLUCIONES%202005/RES%202005%201401-1450/&sort=date&order=asc HTTP/1.1" 200 12365
136.243.36.97 - - [30/Dec/2016:00:27:26 -0500] "GET /BLA/resoluciones/index.php?dir=RESOLUCIONES%202005/RES%202005%201401-1450/&sort=name&order=desc HTTP/1.1" 200 12364
66.249.66.178 - - [30/Dec/2016:00:27:38 -0500] "GET /BLA/resoluciones/AUTOS%202007/2849.pdf HTTP/1.1" 304 -
40.77.169.101 - - [30/Dec/2016:00:27:43 -0500] "GET /dama/libreria/php/frame_detalle.php?patron=&h_id=576&inicio_2=1 HTTP/1.1" 404 1019
136.243.36.97 - - [30/Dec/2016:00:27:50 -0500] "GET /BLA/resoluciones/index.php?dir=RESOLUCIONES%202005/RES%202005%201401-1450/&sort=size&order=asc HTTP/1.1" 200 12365
136.243.36.97 - - [30/Dec/2016:00:28:03 -0500] "GET /BLA/resoluciones/index.php?dir=RESOLUCIONES%202005/RES%202005%201451-1500/&sort=date&order=asc HTTP/1.1" 200 12368
66.249.66.181 - - [30/Dec/2016:00:28:15 -0500] "GET /BLA/resoluciones/RESOLUCIONES%202007/RES%202007%20301%20AL%20400/RESOLUCION%200339%20DE%202007.pdf HTTP/1.1" 304 -
192.168.175.104 - - [30/Dec/2016:00:28:23 -0500] "GET / HTTP/1.0" 200 9990
190.84.98.207 - - [30/Dec/2016:00:28:36 -0500] "GET /BLA/resoluciones/RESOLUCIONES%202011/3429.pdf HTTP/1.1" 200 520338
123.125.67.227 - - [30/Dec/2016:00:28:38 -0500] "GET /BLA/resoluciones/RESOLUCIONES%202010/3912.pdf HTTP/1.1" 200 1157065
136.243.36.97 - - [30/Dec/2016:00:28:45 -0500] "GET /BLA/resoluciones/index.php?dir=RESOLUCIONES%202005/RES%202005%201451-1500/&sort=name&order=desc HTTP/1.1" 200 12367
201.245.192.253 - - [30/Dec/2016:00:28:51 -0500] "GET /galeria/nivo-slider/demo/undefined HTTP/1.1" 404 1314
157.55.39.160 - - [30/Dec/2016:00:29:03 -0500] "GET /SIG/Gesti%C3%B3n%20Ambiental/126PM03-PR28.pdf HTTP/1.1" 200 223075
66.249.66.184 - - [30/Dec/2016:00:29:28 -0500] "GET /SIG/ECS/126PM04-PR82.pdf HTTP/1.1" 304 -
136.243.36.97 - - [30/Dec/2016:00:29:54 -0500] "GET /BLA/resoluciones/index.php?dir=RESOLUCIONES%202005/RES%202005%201451-1500/&sort=size&order=asc HTTP/1.1" 200 12368
66.249.66.178 - - [30/Dec/2016:00:30:05 -0500] "GET /BLA/resoluciones/RESOLUCIONES%202012/0775.pdf HTTP/1.1" 200 494520
136.243.36.97 - - [30/Dec/2016:00:30:05 -0500] "GET /BLA/resoluciones/index.php?dir=RESOLUCIONES%202005/RES%202005%201501-1550/&sort=date&order=asc HTTP/1.1" 200 12365
136.243.36.97 - - [30/Dec/2016:00:30:15 -0500] "GET /BLA/resoluciones/index.php?dir=RESOLUCIONES%202005/RES%202005%201501-1550/&sort=name&order=desc HTTP/1.1" 200 12364
192.168.175.104 - - [30/Dec/2016:00:30:19 -0500] "GET / HTTP/1.1" 200 9990
69.162.124.232 - - [30/Dec/2016:00:30:25 -0500] "HEAD / HTTP/1.1" 200 -
136.243.36.97 - - [30/Dec/2016:00:30:37 -0500] "GET /BLA/resoluciones/index.php?dir=RESOLUCIONES%202005/RES%202005%201501-1550/&sort=size&order=asc HTTP/1.1" 200 12365
201.245.192.253 - - [30/Dec/2016:00:30:41 -0500] "GET /galeria/nivo-slider/demo/undefined HTTP/1.1" 404 1314
136.243.36.97 - - [30/Dec/2016:00:30:45 -0500] "GET /BLA/resoluciones/index.php?dir=RESOLUCIONES%202005/RES%202005%20151-200/&sort=date&order=asc HTTP/1.1" 200 12230
136.243.36.97 - - [30/Dec/2016:00:31:01 -0500] "GET /BLA/resoluciones/index.php?dir=RESOLUCIONES%202005/RES%202005%20151-200/&sort=name&order=desc HTTP/1.1" 200 12229
136.243.36.97 - - [30/Dec/2016:00:31:10 -0500] "GET /BLA/resoluciones/index.php?dir=RESOLUCIONES%202005/RES%202005%20151-200/&sort=size&order=asc HTTP/1.1" 200 12230
66.249.66.181 - - [30/Dec/2016:00:31:19 -0500] "GET /BLA/resoluciones/RESOLUCIONES%202009/3549.pdf HTTP/1.1" 304 -
136.243.36.97 - - [30/Dec/2016:00:31:23 -0500] "GET /BLA/resoluciones/index.php?dir=RESOLUCIONES%202005/RES%202005%201551-1600/&sort=date&order=asc HTTP/1.1" 200 12364
136.243.36.97 - - [30/Dec/2016:00:31:39 -0500] "GET /BLA/resoluciones/index.php?dir=RESOLUCIONES%202005/RES%202005%201551-1600/&sort=name&order=desc HTTP/1.1" 200 12363
136.243.36.97 - - [30/Dec/2016:00:31:52 -0500] "GET /BLA/resoluciones/index.php?dir=RESOLUCIONES%202005/RES%202005%201551-1600/&sort=size&order=asc HTTP/1.1" 200 12364
66.249.66.181 - - [30/Dec/2016:00:31:56 -0500] "GET /BLA/resoluciones/RESOLUCIONES%202010/7294.pdf HTTP/1.1" 200 413584
136.243.36.97 - - [30/Dec/2016:00:31:59 -0500] "GET /BLA/resoluciones/index.php?dir=RESOLUCIONES%202005/RES%202005%201601-1650/&sort=date&order=asc HTTP/1.1" 200 8609
192.168.175.104 - - [30/Dec/2016:00:31:59 -0500] "GET / HTTP/1.1" 200 9990
204.15.96.67 - - [30/Dec/2016:00:32:22 -0500] "GET /galeria/nivo-slider/demo/images/bannerinvitaci%C3%B3nacaminatasecologicas2.jpg HTTP/1.1" 304 -
201.245.192.253 - - [30/Dec/2016:00:32:32 -0500] "GET /galeria/nivo-slider/demo/undefined HTTP/1.1" 404 1314
163.172.65.206 - - [30/Dec/2016:00:33:10 -0500] "GET /BLA/resoluciones/RESOLUCIONES%202004/RES%202004%201751-1800/00001755.tif HTTP/1.1" 200 145076
192.168.175.104 - - [30/Dec/2016:00:33:21 -0500] "GET / HTTP/1.0" 200 9990
136.243.36.97 - - [30/Dec/2016:00:33:51 -0500] "GET /robots.txt HTTP/1.1" 404 1018
136.243.36.97 - - [30/Dec/2016:00:33:51 -0500] "GET /BLA/resoluciones/index.php?dir=RESOLUCIONES%202005/RES%202005%201601-1650/&sort=name&order=desc HTTP/1.1" 200 8608
136.243.36.97 - - [30/Dec/2016:00:34:02 -0500] "GET /BLA/resoluciones/index.php?dir=RESOLUCIONES%202005/RES%202005%201601-1650/&sort=size&order=asc HTTP/1.1" 200 8609
136.243.36.97 - - [30/Dec/2016:00:34:13 -0500] "GET /BLA/resoluciones/index.php?dir=RESOLUCIONES%202005/RES%202005%201651-1700/&sort=date&order=asc HTTP/1.1" 200 8609
201.245.192.253 - - [30/Dec/2016:00:34:23 -0500] "GET /galeria/nivo-slider/demo/undefined HTTP/1.1" 404 1314
136.243.36.97 - - [30/Dec/2016:00:34:36 -0500] "GET /BLA/resoluciones/index.php?dir=RESOLUCIONES%202005/RES%202005%201651-1700/&sort=name&order=desc HTTP/1.1" 200 8608
163.172.65.122 - - [30/Dec/2016:00:34:44 -0500] "GET /BLA/resoluciones/RESOLUCIONES%202006/RES%202006%20501-550/00000533.tif HTTP/1.1" 200 368218
136.243.36.97 - - [30/Dec/2016:00:34:46 -0500] "GET /BLA/resoluciones/index.php?dir=RESOLUCIONES%202005/RES%202005%201651-1700/&sort=size&order=asc HTTP/1.1" 200 8609
136.243.36.97 - - [30/Dec/2016:00:34:53 -0500] "GET /BLA/resoluciones/index.php?dir=RESOLUCIONES%202005/RES%202005%201701-1750/&sort=date&order=asc HTTP/1.1" 200 8609
136.243.36.97 - - [30/Dec/2016:00:35:07 -0500] "GET /BLA/resoluciones/index.php?dir=RESOLUCIONES%202005/RES%202005%201701-1750/&sort=name&order=desc HTTP/1.1" 200 8608
192.168.175.104 - - [30/Dec/2016:00:35:17 -0500] "GET / HTTP/1.1" 200 9990
136.243.36.97 - - [30/Dec/2016:00:35:18 -0500] "GET /BLA/resoluciones/index.php?dir=RESOLUCIONES%202005/RES%202005%201701-1750/&sort=size&order=asc HTTP/1.1" 200 8609
69.162.124.232 - - [30/Dec/2016:00:35:25 -0500] "HEAD / HTTP/1.1" 200 -
136.243.36.97 - - [30/Dec/2016:00:35:28 -0500] "GET /BLA/resoluciones/index.php?dir=RESOLUCIONES%202005/RES%202005%201751-1800/&sort=date&order=asc HTTP/1.1" 200 12368
136.243.36.97 - - [30/Dec/2016:00:35:38 -0500] "GET /BLA/resoluciones/index.php?dir=RESOLUCIONES%202005/RES%202005%201751-1800/&sort=name&order=desc HTTP/1.1" 200 12367
136.243.36.97 - - [30/Dec/2016:00:35:48 -0500] "GET /BLA/resoluciones/index.php?dir=RESOLUCIONES%202005/RES%202005%201751-1800/&sort=size&order=asc HTTP/1.1" 200 12368
136.243.36.97 - - [30/Dec/2016:00:36:00 -0500] "GET /BLA/resoluciones/index.php?dir=RESOLUCIONES%202005/RES%202005%201801-1850/&sort=date&order=asc HTTP/1.1" 200 12362
136.243.36.97 - - [30/Dec/2016:00:36:12 -0500] "GET /BLA/resoluciones/index.php?dir=RESOLUCIONES%202005/RES%202005%201801-1850/&sort=name&order=desc HTTP/1.1" 200 12361
201.245.192.253 - - [30/Dec/2016:00:36:13 -0500] "GET /galeria/nivo-slider/demo/undefined HTTP/1.1" 404 1314
136.243.36.97 - - [30/Dec/2016:00:36:28 -0500] "GET /BLA/resoluciones/index.php?dir=RESOLUCIONES%202005/RES%202005%201801-1850/&sort=size&order=asc HTTP/1.1" 200 12362
136.243.36.97 - - [30/Dec/2016:00:36:43 -0500] "GET /BLA/resoluciones/index.php?dir=RESOLUCIONES%202005/RES%202005%201851-1900/&sort=date&order=asc HTTP/1.1" 200 12356
66.249.66.175 - - [30/Dec/2016:00:36:51 -0500] "GET /BLA/resoluciones/RESOLUCIONES%202007/RES%202007%201101%20AL%201200/RESOLUCION%201104%20DE%202007.pdf HTTP/1.1" 304 -
136.243.36.97 - - [30/Dec/2016:00:36:56 -0500] "GET /BLA/resoluciones/index.php?dir=RESOLUCIONES%202005/RES%202005%201851-1900/&sort=name&order=desc HTTP/1.1" 200 12355
192.168.175.104 - - [30/Dec/2016:00:36:58 -0500] "GET / HTTP/1.1" 200 9990
136.243.36.97 - - [30/Dec/2016:00:37:05 -0500] "GET /BLA/resoluciones/index.php?dir=RESOLUCIONES%202005/RES%202005%201851-1900/&sort=size&order=asc HTTP/1.1" 200 12356
136.243.36.97 - - [30/Dec/2016:00:37:18 -0500] "GET /BLA/resoluciones/index.php?dir=RESOLUCIONES%202005/RES%202005%201901-1950/&sort=date&order=asc HTTP/1.1" 200 12364
66.249.66.175 - - [30/Dec/2016:00:37:27 -0500] "GET /BLA/resoluciones/RESOLUCIONES%202009/8757.pdf HTTP/1.1" 304 -
136.243.36.97 - - [30/Dec/2016:00:37:32 -0500] "GET /BLA/resoluciones/index.php?dir=RESOLUCIONES%202005/RES%202005%201901-1950/&sort=name&order=desc HTTP/1.1" 200 12363
136.243.36.97 - - [30/Dec/2016:00:37:40 -0500] "GET /BLA/resoluciones/index.php?dir=RESOLUCIONES%202005/RES%202005%201901-1950/&sort=size&order=asc HTTP/1.1" 200 12364
136.243.36.97 - - [30/Dec/2016:00:37:53 -0500] "GET /BLA/resoluciones/index.php?dir=RESOLUCIONES%202005/RES%202005%201951-2000/&sort=date&order=asc HTTP/1.1" 200 12359
186.80.195.174 - - [30/Dec/2016:00:38:03 -0500] "GET /galeria/galeria/jquery.fancybox.css?v=2.1.5 HTTP/1.1" 200 4895
186.80.195.174 - - [30/Dec/2016:00:38:03 -0500] "GET /BLA/boletinlegal/js/jquery.scrollShow.js HTTP/1.1" 200 4586
186.80.195.174 - - [30/Dec/2016:00:38:03 -0500] "GET /galeria/galeria/jquery.fancybox.js?v=2.1.5 HTTP/1.1" 200 48706
201.245.192.253 - - [30/Dec/2016:00:38:04 -0500] "GET /galeria/nivo-slider/demo/undefined HTTP/1.1" 404 1314
136.243.36.97 - - [30/Dec/2016:00:38:04 -0500] "GET /BLA/resoluciones/index.php?dir=RESOLUCIONES%202005/RES%202005%201951-2000/&sort=name&order=desc HTTP/1.1" 200 12358
66.249.66.178 - - [30/Dec/2016:00:38:04 -0500] "GET /BLA/resoluciones/RESOLUCIONES%202007/RES%202007%204301%20AL%204352/RESOLUCION%204338%20DE%202007.pdf HTTP/1.1" 200 1199054
163.172.65.246 - - [30/Dec/2016:00:38:05 -0500] "GET /BLA/resoluciones/index.php?dir=RESOLUCIONES%202004/RES%202004%201401-1450/&sort=date&order=desc HTTP/1.1" 200 12370
136.243.36.97 - - [30/Dec/2016:00:38:15 -0500] "GET /BLA/resoluciones/index.php?dir=RESOLUCIONES%202005/RES%202005%201951-2000/&sort=size&order=asc HTTP/1.1" 200 12359
186.80.195.174 - - [30/Dec/2016:00:38:18 -0500] "GET /BLA/boletinlegal/js/jquery.scrollShow.js HTTP/1.1" 304 -
186.80.195.174 - - [30/Dec/2016:00:38:18 -0500] "GET /galeria/galeria/jquery.fancybox.js?v=2.1.5 HTTP/1.1" 304 -
186.80.195.174 - - [30/Dec/2016:00:38:18 -0500] "GET /galeria/galeria/jquery.fancybox.css?v=2.1.5 HTTP/1.1" 304 -
192.168.175.104 - - [30/Dec/2016:00:38:19 -0500] "GET / HTTP/1.0" 200 9990
136.243.36.97 - - [30/Dec/2016:00:38:32 -0500] "GET /BLA/resoluciones/index.php?dir=RESOLUCIONES%202005/RES%202005%202001-2050/&sort=date&order=asc HTTP/1.1" 200 12358
136.243.36.97 - - [30/Dec/2016:00:38:46 -0500] "GET /BLA/resoluciones/index.php?dir=RESOLUCIONES%202005/RES%202005%202001-2050/&sort=name&order=desc HTTP/1.1" 200 12357
136.243.36.97 - - [30/Dec/2016:00:38:58 -0500] "GET /BLA/resoluciones/index.php?dir=RESOLUCIONES%202005/RES%202005%202001-2050/&sort=size&order=asc HTTP/1.1" 200 12358
66.249.66.181 - - [30/Dec/2016:00:39:01 -0500] "GET /BLA/resoluciones/RESOLUCIONES%202009/6931.pdf HTTP/1.1" 304 -
136.243.36.97 - - [30/Dec/2016:00:39:36 -0500] "GET /BLA/resoluciones/index.php?dir=RESOLUCIONES%202005/RES%202005%20201-250/&sort=date&order=asc HTTP/1.1" 200 12248
201.245.192.253 - - [30/Dec/2016:00:39:54 -0500] "GET /galeria/nivo-slider/demo/undefined HTTP/1.1" 404 1314
66.249.66.178 - - [30/Dec/2016:00:40:06 -0500] "GET /BLA/resoluciones/AUTOS%202011/4379.pdf HTTP/1.1" 304 -
66.249.66.187 - - [30/Dec/2016:00:40:12 -0500] "GET /BLA/resoluciones/RESOLUCIONES%202011/4865.pdf HTTP/1.1" 304 -
163.172.66.79 - - [30/Dec/2016:00:40:13 -0500] "GET /BLA/resoluciones/index.php?dir=AUTOS%202006/AUTOS%202006%203101%20-%203200/&sort=date&order=desc HTTP/1.1" 200 22188
136.243.36.97 - - [30/Dec/2016:00:40:13 -0500] "GET /BLA/resoluciones/index.php?dir=RESOLUCIONES%202005/RES%202005%20201-250/&sort=name&order=desc HTTP/1.1" 200 12247
192.168.175.104 - - [30/Dec/2016:00:40:15 -0500] "GET / HTTP/1.1" 200 9990
69.162.124.232 - - [30/Dec/2016:00:40:25 -0500] "HEAD / HTTP/1.1" 200 -
66.249.66.178 - - [30/Dec/2016:00:40:34 -0500] "GET /BLA/resoluciones/AUTOS%202011/6967.pdf HTTP/1.1" 304 -
136.243.36.97 - - [30/Dec/2016:00:40:47 -0500] "GET /BLA/resoluciones/index.php?dir=RESOLUCIONES%202005/RES%202005%20201-250/&sort=size&order=asc HTTP/1.1" 200 12248
136.243.36.97 - - [30/Dec/2016:00:40:57 -0500] "GET /BLA/resoluciones/index.php?dir=RESOLUCIONES%202005/RES%202005%202051-2100/&sort=date&order=asc HTTP/1.1" 200 12352
136.243.36.97 - - [30/Dec/2016:00:41:04 -0500] "GET /BLA/resoluciones/index.php?dir=RESOLUCIONES%202005/RES%202005%202051-2100/&sort=name&order=desc HTTP/1.1" 200 12351
66.249.66.181 - - [30/Dec/2016:00:41:09 -0500] "GET /BLA/resoluciones/AUTOS%202015/0104.pdf HTTP/1.1" 304 -
136.243.36.97 - - [30/Dec/2016:00:41:19 -0500] "GET /BLA/resoluciones/index.php?dir=RESOLUCIONES%202005/RES%202005%202051-2100/&sort=size&order=asc HTTP/1.1" 200 12352
136.243.36.97 - - [30/Dec/2016:00:41:28 -0500] "GET /BLA/resoluciones/index.php?dir=RESOLUCIONES%202005/RES%202005%202101-2150/&sort=date&order=asc HTTP/1.1" 200 12346
136.243.36.97 - - [30/Dec/2016:00:41:40 -0500] "GET /BLA/resoluciones/index.php?dir=RESOLUCIONES%202005/RES%202005%202101-2150/&sort=name&order=desc HTTP/1.1" 200 12345
201.245.192.253 - - [30/Dec/2016:00:41:45 -0500] "GET /galeria/nivo-slider/demo/undefined HTTP/1.1" 404 1314
66.249.66.181 - - [30/Dec/2016:00:41:45 -0500] "GET /BLA/resoluciones/RESOLUCIONES%202007/RES%202007%203301%20AL%203400/RESOLUCION%203339%20DE%202007.pdf HTTP/1.1" 304 -
163.172.66.100 - - [30/Dec/2016:00:41:51 -0500] "GET /BLA/resoluciones/RESOLUCIONES%202004/RES%202004%201601-1650/00001650.tif HTTP/1.1" 200 50346
136.243.36.97 - - [30/Dec/2016:00:41:52 -0500] "GET /BLA/resoluciones/index.php?dir=RESOLUCIONES%202005/RES%202005%202101-2150/&sort=size&order=asc HTTP/1.1" 200 12346
192.168.175.104 - - [30/Dec/2016:00:41:55 -0500] "GET / HTTP/1.1" 200 9990
136.243.36.97 - - [30/Dec/2016:00:41:57 -0500] "GET /BLA/resoluciones/index.php?dir=RESOLUCIONES%202005/RES%202005%202151-2200/&sort=date&order=asc HTTP/1.1" 200 12146
136.243.36.97 - - [30/Dec/2016:00:42:17 -0500] "GET /BLA/resoluciones/index.php?dir=RESOLUCIONES%202005/RES%202005%202151-2200/&sort=name&order=desc HTTP/1.1" 200 16990
66.249.66.187 - - [30/Dec/2016:00:42:22 -0500] "GET /BLA/resoluciones/RESOLUCIONES%202007/RES%202007%203701%20AL%203800/RESOLUCION%203753%20DE%202007.pdf HTTP/1.1" 304 -
136.243.36.97 - - [30/Dec/2016:00:42:27 -0500] "GET /BLA/resoluciones/index.php?dir=RESOLUCIONES%202005/RES%202005%202151-2200/&sort=size&order=asc HTTP/1.1" 200 16688
136.243.36.97 - - [30/Dec/2016:00:42:39 -0500] "GET /BLA/resoluciones/index.php?dir=RESOLUCIONES%202005/RES%202005%202201-2250/&sort=date&order=asc HTTP/1.1" 200 12363
185.20.5.170 - - [30/Dec/2016:00:42:55 -0500] "GET /dama/libreria/pdf/PMA_alcaldia.pdf HTTP/1.1" 404 1019
136.243.36.97 - - [30/Dec/2016:00:42:56 -0500] "GET /BLA/resoluciones/index.php?dir=RESOLUCIONES%202005/RES%202005%202201-2250/&sort=name&order=desc HTTP/1.1" 200 12362
66.249.66.187 - - [30/Dec/2016:00:42:59 -0500] "GET /BLA/resoluciones/RESOLUCIONES%202013/1101.pdf HTTP/1.1" 304 -
181.52.88.144 - - [30/Dec/2016:00:43:03 -0500] "GET /BLA/resoluciones/index.php?dir=RESOLUCIONES+2007%2FRES+2007+4001+AL+4100%2F HTTP/1.1" 200 26864
136.243.36.97 - - [30/Dec/2016:00:43:07 -0500] "GET /BLA/resoluciones/index.php?dir=RESOLUCIONES%202005/RES%202005%202201-2250/&sort=size&order=asc HTTP/1.1" 200 12363
136.243.36.97 - - [30/Dec/2016:00:43:15 -0500] "GET /BLA/resoluciones/index.php?dir=RESOLUCIONES%202005/RES%202005%202251-2300/&sort=date&order=asc HTTP/1.1" 200 12353
192.168.175.104 - - [30/Dec/2016:00:43:17 -0500] "GET / HTTP/1.0" 200 9990
136.243.36.97 - - [30/Dec/2016:00:43:32 -0500] "GET /BLA/resoluciones/index.php?dir=RESOLUCIONES%202005/RES%202005%202251-2300/&sort=name&order=desc HTTP/1.1" 200 12352
40.77.169.100 - - [30/Dec/2016:00:43:34 -0500] "GET /dama/libreria/php/decide.php?patron=03.1305020113&numm=15 HTTP/1.1" 404 1019
201.245.192.253 - - [30/Dec/2016:00:43:36 -0500] "GET /galeria/nivo-slider/demo/undefined HTTP/1.1" 404 1314
66.249.66.187 - - [30/Dec/2016:00:43:36 -0500] "GET /BLA/resoluciones/AUTOS%202014/0867.pdf HTTP/1.1" 304 -
136.243.36.97 - - [30/Dec/2016:00:43:47 -0500] "GET /BLA/resoluciones/index.php?dir=RESOLUCIONES%202005/RES%202005%202251-2300/&sort=size&order=asc HTTP/1.1" 200 12353
136.243.36.97 - - [30/Dec/2016:00:43:58 -0500] "GET /robots.txt HTTP/1.1" 404 1018
136.243.36.97 - - [30/Dec/2016:00:43:59 -0500] "GET /BLA/resoluciones/index.php?dir=RESOLUCIONES%202005/RES%202005%202301-2350/&sort=date&order=asc HTTP/1.1" 200 12369
136.243.36.97 - - [30/Dec/2016:00:44:11 -0500] "GET /BLA/resoluciones/index.php?dir=RESOLUCIONES%202005/RES%202005%202301-2350/&sort=name&order=desc HTTP/1.1" 200 12368
