136.243.36.97 - - [30/Dec/2016:01:22:29 -0500] "GET /BLA/resoluciones/index.php?dir=RESOLUCIONES%202006/RES%202006%201451-1500/&sort=date&order=asc HTTP/1.1" 200 12370
163.172.65.44 - - [30/Dec/2016:01:22:46 -0500] "GET /BLA/resoluciones/RESOLUCIONES%202002/RES%202002%201951-1971/20021963.tif HTTP/1.1" 200 223242
136.243.36.97 - - [30/Dec/2016:01:22:47 -0500] "GET /BLA/resoluciones/index.php?dir=RESOLUCIONES%202006/RES%202006%201451-1500/&sort=name&order=desc HTTP/1.1" 200 12369
66.249.66.181 - - [30/Dec/2016:01:22:55 -0500] "GET /BLA/resoluciones/AUTOS%202015/4684.pdf HTTP/1.1" 200 501530
136.243.36.97 - - [30/Dec/2016:01:22:58 -0500] "GET /BLA/resoluciones/index.php?dir=RESOLUCIONES%202006/RES%202006%201451-1500/&sort=size&order=asc HTTP/1.1" 200 12370
192.168.175.104 - - [30/Dec/2016:01:23:02 -0500] "GET / HTTP/1.0" 200 9990
136.243.36.97 - - [30/Dec/2016:01:23:10 -0500] "GET /BLA/resoluciones/index.php?dir=RESOLUCIONES%202006/RES%202006%201501-1550/&sort=date&order=asc HTTP/1.1" 200 12370
66.249.66.175 - - [30/Dec/2016:01:23:32 -0500] "GET /BLA/resoluciones/RESOLUCIONES%202007/RES%202007%202001%20AL%202100/RESOLUCION%202056%20DE%202007.pdf HTTP/1.1" 304 -
180.76.15.29 - - [30/Dec/2016:01:23:38 -0500] "GET / HTTP/1.1" 200 9990
180.76.15.27 - - [30/Dec/2016:01:24:03 -0500] "GET / HTTP/1.1" 200 9990
66.249.66.175 - - [30/Dec/2016:01:24:09 -0500] "GET /BLA/resoluciones/RESOLUCIONES%202013/0524.pdf HTTP/1.1" 200 2584408
201.245.192.253 - - [30/Dec/2016:01:24:10 -0500] "GET /galeria/nivo-slider/demo/undefined HTTP/1.1" 404 1314
136.243.36.97 - - [30/Dec/2016:01:24:42 -0500] "GET /BLA/resoluciones/index.php?dir=RESOLUCIONES%202006/RES%202006%201501-1550/&sort=name&order=desc HTTP/1.1" 200 12369
66.249.66.178 - - [30/Dec/2016:01:24:45 -0500] "GET /BLA/resoluciones/AUTOS%202012/0708.pdf HTTP/1.1" 200 234470
192.168.175.104 - - [30/Dec/2016:01:24:56 -0500] "GET / HTTP/1.1" 200 9990
136.243.36.97 - - [30/Dec/2016:01:25:08 -0500] "GET /BLA/resoluciones/index.php?dir=RESOLUCIONES%202006/RES%202006%201501-1550/&sort=size&order=asc HTTP/1.1" 200 12370
136.243.36.97 - - [30/Dec/2016:01:25:19 -0500] "GET /BLA/resoluciones/index.php?dir=RESOLUCIONES%202006/RES%202006%20151-200/&sort=date&order=asc HTTP/1.1" 200 12238
69.162.124.232 - - [30/Dec/2016:01:25:26 -0500] "HEAD / HTTP/1.1" 200 -
136.243.36.97 - - [30/Dec/2016:01:25:37 -0500] "GET /BLA/resoluciones/index.php?dir=RESOLUCIONES%202006/RES%202006%20151-200/&sort=name&order=desc HTTP/1.1" 200 12237
136.243.36.97 - - [30/Dec/2016:01:25:49 -0500] "GET /BLA/resoluciones/index.php?dir=RESOLUCIONES%202006/RES%202006%20151-200/&sort=size&order=asc HTTP/1.1" 200 12238
201.245.192.253 - - [30/Dec/2016:01:26:00 -0500] "GET /galeria/nivo-slider/demo/undefined HTTP/1.1" 404 1314
136.243.36.97 - - [30/Dec/2016:01:26:05 -0500] "GET /BLA/resoluciones/index.php?dir=RESOLUCIONES%202006/RES%202006%201551-1600/&sort=date&order=asc HTTP/1.1" 200 12369
136.243.36.97 - - [30/Dec/2016:01:26:15 -0500] "GET /BLA/resoluciones/index.php?dir=RESOLUCIONES%202006/RES%202006%201551-1600/&sort=name&order=desc HTTP/1.1" 200 12368
136.243.36.97 - - [30/Dec/2016:01:26:23 -0500] "GET /BLA/resoluciones/index.php?dir=RESOLUCIONES%202006/RES%202006%201551-1600/&sort=size&order=asc HTTP/1.1" 200 12369
136.243.36.97 - - [30/Dec/2016:01:26:32 -0500] "GET /BLA/resoluciones/index.php?dir=RESOLUCIONES%202006/RES%202006%201601-1650/&sort=date&order=asc HTTP/1.1" 200 12366
192.168.175.104 - - [30/Dec/2016:01:26:39 -0500] "GET / HTTP/1.1" 200 9990
66.249.66.175 - - [30/Dec/2016:01:27:27 -0500] "GET /BLA/resoluciones/RESOLUCIONES%202008/0476.pdf HTTP/1.1" 200 382584
201.245.192.253 - - [30/Dec/2016:01:27:51 -0500] "GET /galeria/nivo-slider/demo/undefined HTTP/1.1" 404 1314
192.168.175.104 - - [30/Dec/2016:01:28:00 -0500] "GET / HTTP/1.0" 200 9990
136.243.36.97 - - [30/Dec/2016:01:28:13 -0500] "GET /robots.txt HTTP/1.1" 404 1018
136.243.36.97 - - [30/Dec/2016:01:28:13 -0500] "GET /BLA/resoluciones/index.php?dir=RESOLUCIONES%202006/RES%202006%201601-1650/&sort=name&order=desc HTTP/1.1" 200 12365
186.28.176.80 - - [30/Dec/2016:01:29:22 -0500] "GET /BLA/resoluciones/RESOLUCIONES%202012/0967.pdf HTTP/1.1" 200 382213
136.243.36.97 - - [30/Dec/2016:01:29:37 -0500] "GET /BLA/resoluciones/index.php?dir=RESOLUCIONES%202006/RES%202006%201601-1650/&sort=size&order=asc HTTP/1.1" 200 12366
201.245.192.253 - - [30/Dec/2016:01:29:41 -0500] "GET /galeria/nivo-slider/demo/undefined HTTP/1.1" 404 1314
192.168.175.104 - - [30/Dec/2016:01:29:53 -0500] "GET / HTTP/1.1" 200 9990
136.243.36.97 - - [30/Dec/2016:01:30:21 -0500] "GET /BLA/resoluciones/index.php?dir=RESOLUCIONES%202006/RES%202006%201651-1700/&sort=date&order=asc HTTP/1.1" 200 12354
69.162.124.232 - - [30/Dec/2016:01:30:26 -0500] "HEAD / HTTP/1.1" 200 -
66.249.66.177 - - [30/Dec/2016:01:30:53 -0500] "GET /portel_dama/libreria/php/2006/restauracion/55_artic/xtras/2.pdf HTTP/1.1" 404 1019
66.249.66.175 - - [30/Dec/2016:01:30:54 -0500] "GET /BLA/resoluciones/index.php?dir=AUTOS+2015%2F HTTP/1.1" 200 461357
163.172.66.158 - - [30/Dec/2016:01:30:59 -0500] "GET /BLA/resoluciones/AUTOS%202006/AUTOS%202006%20701-800/00000703.tif HTTP/1.1" 200 55404
66.249.66.175 - - [30/Dec/2016:01:31:09 -0500] "GET /BLA/resoluciones/RESOLUCIONES%202009/1341.pdf HTTP/1.1" 200 511422
66.249.66.175 - - [30/Dec/2016:01:31:31 -0500] "GET /autoliquidacion/index.php?dir=Cobro%20Evaluacion%20Certificaci%F3n%20Para%20La%20Deducci%F3n%20Por%20Inversi%F3n%20En%20Medio%20Ambiente/&sort=name&order=asc HTTP/1.1" 200 2774
201.245.192.253 - - [30/Dec/2016:01:31:32 -0500] "GET /galeria/nivo-slider/demo/undefined HTTP/1.1" 404 1314
192.168.175.104 - - [30/Dec/2016:01:31:38 -0500] "GET / HTTP/1.1" 200 9990
163.172.66.30 - - [30/Dec/2016:01:31:47 -0500] "GET /BLA/resoluciones/AUTOS%202006/AUTOS%202006%201301-1400/00001301.tif HTTP/1.1" 200 59400
185.20.6.2 - - [30/Dec/2016:01:32:31 -0500] "GET /dama/libreria/pdf/PMA_alcaldia.pdf HTTP/1.1" 404 1019
136.243.36.97 - - [30/Dec/2016:01:32:54 -0500] "GET /robots.txt HTTP/1.1" 404 1018
136.243.36.97 - - [30/Dec/2016:01:32:54 -0500] "GET /BLA/resoluciones/index.php?dir=RESOLUCIONES%202006/RES%202006%201651-1700/&sort=name&order=desc HTTP/1.1" 200 12353
192.168.175.104 - - [30/Dec/2016:01:32:59 -0500] "GET / HTTP/1.0" 200 9990
163.172.66.51 - - [30/Dec/2016:01:33:07 -0500] "GET /BLA/resoluciones/RESOLUCIONES%202004/RES%202004%20751-800/00000787.tif HTTP/1.1" 200 120486
190.93.222.110 - - [30/Dec/2016:01:33:22 -0500] "POST /xmlrpc.php HTTP/1.1" 301 334
201.245.192.253 - - [30/Dec/2016:01:33:23 -0500] "GET /galeria/nivo-slider/demo/undefined HTTP/1.1" 404 1314
190.93.222.110 - - [30/Dec/2016:01:33:24 -0500] "GET /wp-login.php HTTP/1.1" 301 336
190.93.222.110 - - [30/Dec/2016:01:33:26 -0500] "POST /wp-login.php HTTP/1.1" 301 336
136.243.36.97 - - [30/Dec/2016:01:33:34 -0500] "GET /BLA/resoluciones/index.php?dir=RESOLUCIONES%202006/RES%202006%201651-1700/&sort=size&order=asc HTTP/1.1" 200 12354
163.172.66.147 - - [30/Dec/2016:01:33:45 -0500] "GET /BLA/resoluciones/index.php?dir=RESOLUCIONES%202005/RES%202005%20751-800/&sort=size&order=desc HTTP/1.1" 200 12253
136.243.36.97 - - [30/Dec/2016:01:34:41 -0500] "GET /BLA/resoluciones/index.php?dir=RESOLUCIONES%202006/RES%202006%201701-1751/&sort=date&order=asc HTTP/1.1" 200 12369
136.243.36.97 - - [30/Dec/2016:01:34:48 -0500] "GET /BLA/resoluciones/index.php?dir=RESOLUCIONES%202006/RES%202006%201701-1751/&sort=name&order=desc HTTP/1.1" 200 12368
192.168.175.104 - - [30/Dec/2016:01:34:51 -0500] "GET / HTTP/1.1" 200 9990
66.249.66.181 - - [30/Dec/2016:01:35:12 -0500] "GET /BLA/resoluciones/index.php?dir=AUTOS+2011%2F HTTP/1.1" 200 568362
201.245.192.253 - - [30/Dec/2016:01:35:13 -0500] "GET /galeria/nivo-slider/demo/undefined HTTP/1.1" 404 1314
69.162.124.232 - - [30/Dec/2016:01:35:26 -0500] "HEAD / HTTP/1.1" 200 -
163.172.65.21 - - [30/Dec/2016:01:35:54 -0500] "GET /BLA/resoluciones/RESOLUCIONES%202005/RES%202005%202801-2850/00002840.tif HTTP/1.1" 200 119934
181.54.220.16 - - [30/Dec/2016:01:36:00 -0500] "GET /BLA/boletinlegal/js/jquery.scrollShow.js HTTP/1.1" 200 4586
181.54.220.16 - - [30/Dec/2016:01:36:00 -0500] "GET /galeria/galeria/jquery.fancybox.js?v=2.1.5 HTTP/1.1" 200 48706
181.54.220.16 - - [30/Dec/2016:01:36:00 -0500] "GET /galeria/galeria/jquery.fancybox.css?v=2.1.5 HTTP/1.1" 200 4895
190.25.92.216 - - [30/Dec/2016:01:36:23 -0500] "GET /BLA/resoluciones/RESOLUCIONES%202009/5692.pdf HTTP/1.1" 200 476637
190.25.92.216 - - [30/Dec/2016:01:36:23 -0500] "GET /favicon.ico HTTP/1.1" 200 7782
66.249.66.175 - - [30/Dec/2016:01:36:26 -0500] "GET /autoliquidacion/index.php?dir=Solicitud%20de%20Licencia%20Ambiental/&sort=name&order=asc HTTP/1.1" 200 2553
192.168.175.104 - - [30/Dec/2016:01:36:36 -0500] "GET / HTTP/1.1" 200 9990
136.243.36.97 - - [30/Dec/2016:01:36:58 -0500] "GET /robots.txt HTTP/1.1" 404 1018
136.243.36.97 - - [30/Dec/2016:01:36:58 -0500] "GET /BLA/resoluciones/index.php?dir=RESOLUCIONES%202006/RES%202006%201701-1751/&sort=size&order=asc HTTP/1.1" 200 12369
66.249.66.175 - - [30/Dec/2016:01:37:03 -0500] "GET /BLA/resoluciones/AUTOS%202013/1441.pdf HTTP/1.1" 200 411846
201.245.192.253 - - [30/Dec/2016:01:37:04 -0500] "GET /galeria/nivo-slider/demo/undefined HTTP/1.1" 404 1314
136.243.36.97 - - [30/Dec/2016:01:37:11 -0500] "GET /BLA/resoluciones/index.php?dir=RESOLUCIONES%202006/RES%202006%201751-1800/&sort=date&order=asc HTTP/1.1" 200 12368
136.243.36.97 - - [30/Dec/2016:01:37:22 -0500] "GET /BLA/resoluciones/index.php?dir=RESOLUCIONES%202006/RES%202006%201751-1800/&sort=name&order=desc HTTP/1.1" 200 12367
136.243.36.97 - - [30/Dec/2016:01:37:32 -0500] "GET /BLA/resoluciones/index.php?dir=RESOLUCIONES%202006/RES%202006%201751-1800/&sort=size&order=asc HTTP/1.1" 200 12368
136.243.36.97 - - [30/Dec/2016:01:37:44 -0500] "GET /BLA/resoluciones/index.php?dir=RESOLUCIONES%202006/RES%202006%201801-1850/&sort=date&order=asc HTTP/1.1" 200 12357
192.168.175.104 - - [30/Dec/2016:01:37:58 -0500] "GET / HTTP/1.0" 200 9990
181.48.120.194 - - [30/Dec/2016:01:37:58 -0500] "GET /BLA/boletinlegal/js/jquery.scrollShow.js HTTP/1.1" 200 4586
181.48.120.194 - - [30/Dec/2016:01:37:58 -0500] "GET /galeria/galeria/jquery.fancybox.css?v=2.1.5 HTTP/1.1" 200 4895
181.48.120.194 - - [30/Dec/2016:01:37:58 -0500] "GET /galeria/galeria/jquery.fancybox.js?v=2.1.5 HTTP/1.1" 200 48706
181.48.120.194 - - [30/Dec/2016:01:38:02 -0500] "GET /BLA/boletinlegal/js/jquery.scrollShow.js HTTP/1.1" 304 -
181.48.120.194 - - [30/Dec/2016:01:38:02 -0500] "GET /galeria/galeria/jquery.fancybox.js?v=2.1.5 HTTP/1.1" 304 -
181.48.120.194 - - [30/Dec/2016:01:38:02 -0500] "GET /galeria/galeria/jquery.fancybox.css?v=2.1.5 HTTP/1.1" 304 -
136.243.36.97 - - [30/Dec/2016:01:38:21 -0500] "GET /BLA/resoluciones/index.php?dir=RESOLUCIONES%202006/RES%202006%201801-1850/&sort=name&order=desc HTTP/1.1" 200 12356
163.172.66.2 - - [30/Dec/2016:01:38:30 -0500] "GET /BLA/resoluciones/AUTOS%202006/AUTOS%202006%201801-%201900/00001830.tif HTTP/1.1" 200 233024
66.249.66.178 - - [30/Dec/2016:01:38:53 -0500] "GET /BLA/resoluciones/index.php?dir=RESOLUCIONES%202007/RES%202007%203901%20AL%204000/&sort=name&order=asc HTTP/1.1" 200 26851
201.245.192.253 - - [30/Dec/2016:01:38:55 -0500] "GET /galeria/nivo-slider/demo/undefined HTTP/1.1" 404 1314
136.243.36.97 - - [30/Dec/2016:01:39:18 -0500] "GET /BLA/resoluciones/index.php?dir=RESOLUCIONES%202006/RES%202006%201801-1850/&sort=size&order=asc HTTP/1.1" 200 12357
66.249.66.175 - - [30/Dec/2016:01:39:30 -0500] "GET /BLA/resoluciones/AUTOS%202016/0031.pdf HTTP/1.1" 200 636126
192.168.175.104 - - [30/Dec/2016:01:39:49 -0500] "GET / HTTP/1.1" 200 9990
136.243.36.97 - - [30/Dec/2016:01:40:01 -0500] "GET /BLA/resoluciones/index.php?dir=RESOLUCIONES%202006/RES%202006%201851-1900/&sort=date&order=asc HTTP/1.1" 200 12364
66.249.66.178 - - [30/Dec/2016:01:40:07 -0500] "GET /BLA/resoluciones/AUTOS%202015/7165.pdf HTTP/1.1" 200 260414
136.243.36.97 - - [30/Dec/2016:01:40:11 -0500] "GET /BLA/resoluciones/index.php?dir=RESOLUCIONES%202006/RES%202006%201851-1900/&sort=name&order=desc HTTP/1.1" 200 12363
136.243.36.97 - - [30/Dec/2016:01:40:23 -0500] "GET /BLA/resoluciones/index.php?dir=RESOLUCIONES%202006/RES%202006%201851-1900/&sort=size&order=asc HTTP/1.1" 200 12364
69.162.124.232 - - [30/Dec/2016:01:40:26 -0500] "HEAD / HTTP/1.1" 200 -
136.243.36.97 - - [30/Dec/2016:01:40:33 -0500] "GET /BLA/resoluciones/index.php?dir=RESOLUCIONES%202006/RES%202006%201901-1950/&sort=date&order=asc HTTP/1.1" 200 12360
66.249.66.175 - - [30/Dec/2016:01:40:44 -0500] "GET /BLA/resoluciones/index.php?dir=AUTOS+2010%2F HTTP/1.1" 200 258816
136.243.36.97 - - [30/Dec/2016:01:40:45 -0500] "GET /BLA/resoluciones/index.php?dir=RESOLUCIONES%202006/RES%202006%201901-1950/&sort=name&order=desc HTTP/1.1" 200 12359
201.245.192.253 - - [30/Dec/2016:01:40:45 -0500] "GET /galeria/nivo-slider/demo/undefined HTTP/1.1" 404 1314
136.243.36.97 - - [30/Dec/2016:01:40:54 -0500] "GET /BLA/resoluciones/index.php?dir=RESOLUCIONES%202006/RES%202006%201901-1950/&sort=size&order=asc HTTP/1.1" 200 12360
136.243.36.97 - - [30/Dec/2016:01:41:04 -0500] "GET /BLA/resoluciones/index.php?dir=RESOLUCIONES%202006/RES%202006%201951-2000/&sort=date&order=asc HTTP/1.1" 200 12349
109.173.70.137 - - [30/Dec/2016:01:41:14 -0500] "GET /BLA/boletinlegal/documentos-importantes.php HTTP/1.1" 200 4822
109.173.70.137 - - [30/Dec/2016:01:41:14 -0500] "GET /BLA/boletinlegal/ajax.js HTTP/1.1" 200 577
109.173.70.137 - - [30/Dec/2016:01:41:14 -0500] "GET /BLA/boletinlegal/styles2.css HTTP/1.1" 200 1838
109.173.70.137 - - [30/Dec/2016:01:41:15 -0500] "GET /BLA/boletinlegal/js/ajax_documentos.js HTTP/1.1" 200 1155
109.173.70.137 - - [30/Dec/2016:01:41:15 -0500] "GET /BLA/boletinlegal/niceforms.js HTTP/1.1" 200 22876
109.173.70.137 - - [30/Dec/2016:01:41:15 -0500] "GET /BLA/boletinlegal/niceforms-default.css HTTP/1.1" 200 6694
109.173.70.137 - - [30/Dec/2016:01:41:16 -0500] "GET /BLA/boletinlegal/style.css HTTP/1.1" 200 9406
136.243.36.97 - - [30/Dec/2016:01:41:19 -0500] "GET /BLA/resoluciones/index.php?dir=RESOLUCIONES%202006/RES%202006%201951-2000/&sort=name&order=desc HTTP/1.1" 200 12348
66.249.66.175 - - [30/Dec/2016:01:41:21 -0500] "GET /BLA/resoluciones/AUTOS%202015/4903.pdf HTTP/1.1" 200 710197
136.243.36.97 - - [30/Dec/2016:01:41:31 -0500] "GET /BLA/resoluciones/index.php?dir=RESOLUCIONES%202006/RES%202006%201951-2000/&sort=size&order=asc HTTP/1.1" 200 12349
192.168.175.104 - - [30/Dec/2016:01:41:34 -0500] "GET / HTTP/1.1" 200 9990
136.243.36.97 - - [30/Dec/2016:01:41:44 -0500] "GET /BLA/resoluciones/index.php?dir=RESOLUCIONES%202006/RES%202006%202001-2050/&sort=date&order=asc HTTP/1.1" 200 12363
66.249.66.178 - - [30/Dec/2016:01:41:58 -0500] "GET /BLA/resoluciones/AUTOS%202015/4310.pdf HTTP/1.1" 200 663651
136.243.36.97 - - [30/Dec/2016:01:42:00 -0500] "GET /BLA/resoluciones/index.php?dir=RESOLUCIONES%202006/RES%202006%202001-2050/&sort=name&order=desc HTTP/1.1" 200 12362
136.243.36.97 - - [30/Dec/2016:01:42:10 -0500] "GET /BLA/resoluciones/index.php?dir=RESOLUCIONES%202006/RES%202006%202001-2050/&sort=size&order=asc HTTP/1.1" 200 12363
136.243.36.97 - - [30/Dec/2016:01:42:22 -0500] "GET /BLA/resoluciones/index.php?dir=RESOLUCIONES%202006/RES%202006%20201-250/&sort=date&order=asc HTTP/1.1" 200 12238
136.243.36.97 - - [30/Dec/2016:01:42:33 -0500] "GET /BLA/resoluciones/index.php?dir=RESOLUCIONES%202006/RES%202006%20201-250/&sort=name&order=desc HTTP/1.1" 200 12237
66.249.66.175 - - [30/Dec/2016:01:42:34 -0500] "GET /BLA/resoluciones/AUTOS%202015/4807.pdf HTTP/1.1" 200 557741
201.245.192.253 - - [30/Dec/2016:01:42:36 -0500] "GET /galeria/nivo-slider/demo/undefined HTTP/1.1" 404 1314
136.243.36.97 - - [30/Dec/2016:01:42:43 -0500] "GET /BLA/resoluciones/index.php?dir=RESOLUCIONES%202006/RES%202006%20201-250/&sort=size&order=asc HTTP/1.1" 200 12238
136.243.36.97 - - [30/Dec/2016:01:42:53 -0500] "GET /BLA/resoluciones/index.php?dir=RESOLUCIONES%202006/RES%202006%202051-2100/&sort=date&order=asc HTTP/1.1" 200 12363
192.168.175.104 - - [30/Dec/2016:01:42:55 -0500] "GET / HTTP/1.0" 200 9990
136.243.36.97 - - [30/Dec/2016:01:43:04 -0500] "GET /BLA/resoluciones/index.php?dir=RESOLUCIONES%202006/RES%202006%202051-2100/&sort=name&order=desc HTTP/1.1" 200 12362
66.249.66.178 - - [30/Dec/2016:01:43:11 -0500] "GET /BLA/resoluciones/AUTOS%202015/1636.pdf HTTP/1.1" 200 779143
136.243.36.97 - - [30/Dec/2016:01:43:12 -0500] "GET /BLA/resoluciones/index.php?dir=RESOLUCIONES%202006/RES%202006%202051-2100/&sort=size&order=asc HTTP/1.1" 200 12363
136.243.36.97 - - [30/Dec/2016:01:43:23 -0500] "GET /BLA/resoluciones/index.php?dir=RESOLUCIONES%202006/RES%202006%202101-2150/&sort=date&order=asc HTTP/1.1" 200 12369
136.243.36.97 - - [30/Dec/2016:01:43:34 -0500] "GET /BLA/resoluciones/index.php?dir=RESOLUCIONES%202006/RES%202006%202101-2150/&sort=name&order=desc HTTP/1.1" 200 12368
66.249.66.175 - - [30/Dec/2016:01:43:48 -0500] "GET /BLA/resoluciones/AUTOS%202015/3444.pdf HTTP/1.1" 200 578024
136.243.36.97 - - [30/Dec/2016:01:43:51 -0500] "GET /BLA/resoluciones/index.php?dir=RESOLUCIONES%202006/RES%202006%202101-2150/&sort=size&order=asc HTTP/1.1" 200 12369
136.243.36.97 - - [30/Dec/2016:01:44:00 -0500] "GET /BLA/resoluciones/index.php?dir=RESOLUCIONES%202006/RES%202006%202151-2200/&sort=date&order=asc HTTP/1.1" 200 12368
136.243.36.97 - - [30/Dec/2016:01:44:11 -0500] "GET /BLA/resoluciones/index.php?dir=RESOLUCIONES%202006/RES%202006%202151-2200/&sort=name&order=desc HTTP/1.1" 200 12367
136.243.36.97 - - [30/Dec/2016:01:44:20 -0500] "GET /BLA/resoluciones/index.php?dir=RESOLUCIONES%202006/RES%202006%202151-2200/&sort=size&order=asc HTTP/1.1" 200 12368
66.249.66.181 - - [30/Dec/2016:01:44:25 -0500] "GET /BLA/resoluciones/AUTOS%202015/6496.pdf HTTP/1.1" 200 544520
201.245.192.253 - - [30/Dec/2016:01:44:27 -0500] "GET /galeria/nivo-slider/demo/undefined HTTP/1.1" 404 1314
136.243.36.97 - - [30/Dec/2016:01:44:30 -0500] "GET /BLA/resoluciones/index.php?dir=RESOLUCIONES%202006/RES%202006%202201-2250/&sort=date&order=asc HTTP/1.1" 200 12366
192.168.175.104 - - [30/Dec/2016:01:44:47 -0500] "GET / HTTP/1.1" 200 9990
136.243.36.97 - - [30/Dec/2016:01:44:53 -0500] "GET /BLA/resoluciones/index.php?dir=RESOLUCIONES%202006/RES%202006%202201-2250/&sort=name&order=desc HTTP/1.1" 200 12365
66.249.66.175 - - [30/Dec/2016:01:45:02 -0500] "GET /BLA/resoluciones/AUTOS%202015/5423.pdf HTTP/1.1" 200 531236
136.243.36.97 - - [30/Dec/2016:01:45:02 -0500] "GET /BLA/resoluciones/index.php?dir=RESOLUCIONES%202006/RES%202006%202201-2250/&sort=size&order=asc HTTP/1.1" 200 12366
136.243.36.97 - - [30/Dec/2016:01:45:17 -0500] "GET /BLA/resoluciones/index.php?dir=RESOLUCIONES%202006/RES%202006%202251-2300/&sort=date&order=asc HTTP/1.1" 200 12361
69.162.124.232 - - [30/Dec/2016:01:45:26 -0500] "HEAD / HTTP/1.1" 200 -
136.243.36.97 - - [30/Dec/2016:01:45:27 -0500] "GET /BLA/resoluciones/index.php?dir=RESOLUCIONES%202006/RES%202006%202251-2300/&sort=name&order=desc HTTP/1.1" 200 12360
136.243.36.97 - - [30/Dec/2016:01:45:37 -0500] "GET /BLA/resoluciones/index.php?dir=RESOLUCIONES%202006/RES%202006%202251-2300/&sort=size&order=asc HTTP/1.1" 200 12361
66.249.66.175 - - [30/Dec/2016:01:45:39 -0500] "GET /BLA/resoluciones/AUTOS%202015/5557.pdf HTTP/1.1" 200 574908
136.243.36.97 - - [30/Dec/2016:01:45:46 -0500] "GET /BLA/resoluciones/index.php?dir=RESOLUCIONES%202006/RES%202006%202301-2350/&sort=date&order=asc HTTP/1.1" 200 12364
136.243.36.97 - - [30/Dec/2016:01:46:01 -0500] "GET /BLA/resoluciones/index.php?dir=RESOLUCIONES%202006/RES%202006%202301-2350/&sort=name&order=desc HTTP/1.1" 200 12363
136.243.36.97 - - [30/Dec/2016:01:46:12 -0500] "GET /BLA/resoluciones/index.php?dir=RESOLUCIONES%202006/RES%202006%202301-2350/&sort=size&order=asc HTTP/1.1" 200 12364
66.249.66.181 - - [30/Dec/2016:01:46:16 -0500] "GET /BLA/resoluciones/AUTOS%202015/0809.pdf HTTP/1.1" 200 504054
201.245.192.253 - - [30/Dec/2016:01:46:17 -0500] "GET /galeria/nivo-slider/demo/undefined HTTP/1.1" 404 1314
136.243.36.97 - - [30/Dec/2016:01:46:19 -0500] "GET /BLA/resoluciones/index.php?dir=RESOLUCIONES%202006/RES%202006%202351-2400/&sort=date&order=asc HTTP/1.1" 200 12357
136.243.36.97 - - [30/Dec/2016:01:46:30 -0500] "GET /BLA/resoluciones/index.php?dir=RESOLUCIONES%202006/RES%202006%202351-2400/&sort=name&order=desc HTTP/1.1" 200 12356
192.168.175.104 - - [30/Dec/2016:01:46:32 -0500] "GET / HTTP/1.1" 200 9990
186.113.10.143 - - [30/Dec/2016:01:46:34 -0500] "GET /galeria/nivo-slider/demo/images/BANNER%20ECORECICLATON.jpg HTTP/1.1" 304 -
136.243.36.97 - - [30/Dec/2016:01:46:44 -0500] "GET /BLA/resoluciones/index.php?dir=RESOLUCIONES%202006/RES%202006%202351-2400/&sort=size&order=asc HTTP/1.1" 200 12357
163.172.65.185 - - [30/Dec/2016:01:46:47 -0500] "GET /galeria/galeria/fotos/diaSC11.jpg HTTP/1.1" 200 150678
66.249.66.178 - - [30/Dec/2016:01:46:52 -0500] "GET /BLA/resoluciones/AUTOS%202009/1468.pdf HTTP/1.1" 200 171723
136.243.36.97 - - [30/Dec/2016:01:46:55 -0500] "GET /BLA/resoluciones/index.php?dir=RESOLUCIONES%202006/RES%202006%202401-2450/&sort=date&order=asc HTTP/1.1" 200 12370
136.243.36.97 - - [30/Dec/2016:01:47:07 -0500] "GET /robots.txt HTTP/1.1" 404 1018
136.243.36.97 - - [30/Dec/2016:01:47:08 -0500] "GET /BLA/resoluciones/index.php?dir=RESOLUCIONES%202006/RES%202006%202401-2450/&sort=name&order=desc HTTP/1.1" 200 12369
136.243.36.97 - - [30/Dec/2016:01:47:16 -0500] "GET /BLA/resoluciones/index.php?dir=RESOLUCIONES%202006/RES%202006%202401-2450/&sort=size&order=asc HTTP/1.1" 200 12370
136.243.36.97 - - [30/Dec/2016:01:47:23 -0500] "GET /BLA/resoluciones/index.php?dir=RESOLUCIONES%202006/RES%202006%202451-2500/&sort=date&order=asc HTTP/1.1" 200 12154
66.249.66.175 - - [30/Dec/2016:01:47:29 -0500] "GET /BLA/resoluciones/AUTOS%202014/6103.pdf HTTP/1.1" 200 432088
163.172.64.222 - - [30/Dec/2016:01:47:35 -0500] "GET /BLA/resoluciones/AUTOS%202006/AUTOS%202006%20301-400/00000316.tif HTTP/1.1" 200 54202
136.243.36.97 - - [30/Dec/2016:01:47:37 -0500] "GET /BLA/resoluciones/index.php?dir=RESOLUCIONES%202006/RES%202006%202451-2500/&sort=name&order=desc HTTP/1.1" 200 12153
136.243.36.97 - - [30/Dec/2016:01:47:45 -0500] "GET /BLA/resoluciones/index.php?dir=RESOLUCIONES%202006/RES%202006%202451-2500/&sort=size&order=asc HTTP/1.1" 200 12154
192.168.175.104 - - [30/Dec/2016:01:47:53 -0500] "GET / HTTP/1.0" 200 9990
136.243.36.97 - - [30/Dec/2016:01:47:58 -0500] "GET /BLA/resoluciones/index.php?dir=RESOLUCIONES%202006/RES%202006%202501-2550/&sort=date&order=asc HTTP/1.1" 200 12358
66.249.66.175 - - [30/Dec/2016:01:48:06 -0500] "GET /BLA/resoluciones/AUTOS%202014/4669.pdf HTTP/1.1" 304 -
201.245.192.253 - - [30/Dec/2016:01:48:08 -0500] "GET /galeria/nivo-slider/demo/undefined HTTP/1.1" 404 1314
136.243.36.97 - - [30/Dec/2016:01:48:09 -0500] "GET /BLA/resoluciones/index.php?dir=RESOLUCIONES%202006/RES%202006%202501-2550/&sort=name&order=desc HTTP/1.1" 200 12357
136.243.36.97 - - [30/Dec/2016:01:48:20 -0500] "GET /BLA/resoluciones/index.php?dir=RESOLUCIONES%202006/RES%202006%202501-2550/&sort=size&order=asc HTTP/1.1" 200 12358
136.243.36.97 - - [30/Dec/2016:01:48:29 -0500] "GET /BLA/resoluciones/index.php?dir=RESOLUCIONES%202006/RES%202006%20251-300/&sort=date&order=asc HTTP/1.1" 200 12236
163.172.65.229 - - [30/Dec/2016:01:48:33 -0500] "GET /BLA/resoluciones/RESOLUCIONES%202004/RES%202004%20201-250/00000206.tif HTTP/1.1" 200 112702
136.243.36.97 - - [30/Dec/2016:01:48:42 -0500] "GET /BLA/resoluciones/index.php?dir=RESOLUCIONES%202006/RES%202006%20251-300/&sort=name&order=desc HTTP/1.1" 200 12235
66.249.66.175 - - [30/Dec/2016:01:48:43 -0500] "GET /BLA/resoluciones/RESOLUCIONES%202009/8027.pdf HTTP/1.1" 200 547904
136.243.36.97 - - [30/Dec/2016:01:48:51 -0500] "GET /BLA/resoluciones/index.php?dir=RESOLUCIONES%202006/RES%202006%20251-300/&sort=size&order=asc HTTP/1.1" 200 12236
136.243.36.97 - - [30/Dec/2016:01:49:03 -0500] "GET /BLA/resoluciones/index.php?dir=RESOLUCIONES%202006/RES%202006%202551-2600/&sort=date&order=asc HTTP/1.1" 200 12354
66.249.66.175 - - [30/Dec/2016:01:49:20 -0500] "GET /BLA/resoluciones/AUTOS%202012/2129.pdf HTTP/1.1" 200 508245
136.243.36.97 - - [30/Dec/2016:01:49:20 -0500] "GET /BLA/resoluciones/index.php?dir=RESOLUCIONES%202006/RES%202006%202551-2600/&sort=name&order=desc HTTP/1.1" 200 12353
136.243.36.97 - - [30/Dec/2016:01:49:29 -0500] "GET /BLA/resoluciones/index.php?dir=RESOLUCIONES%202006/RES%202006%202551-2600/&sort=size&order=asc HTTP/1.1" 200 12354
136.243.36.97 - - [30/Dec/2016:01:49:40 -0500] "GET /BLA/resoluciones/index.php?dir=RESOLUCIONES%202006/RES%202006%202601-2650/&sort=date&order=asc HTTP/1.1" 200 11939
192.168.175.104 - - [30/Dec/2016:01:49:45 -0500] "GET / HTTP/1.1" 200 9990
136.243.36.97 - - [30/Dec/2016:01:49:49 -0500] "GET /BLA/resoluciones/index.php?dir=RESOLUCIONES%202006/RES%202006%202601-2650/&sort=name&order=desc HTTP/1.1" 200 11938
66.249.66.175 - - [30/Dec/2016:01:49:57 -0500] "GET /BLA/resoluciones/AUTOS%202013/2228.pdf HTTP/1.1" 200 1129559
201.245.192.253 - - [30/Dec/2016:01:49:58 -0500] "GET /galeria/nivo-slider/demo/undefined HTTP/1.1" 404 1314
136.243.36.97 - - [30/Dec/2016:01:50:03 -0500] "GET /BLA/resoluciones/index.php?dir=RESOLUCIONES%202006/RES%202006%202601-2650/&sort=size&order=asc HTTP/1.1" 200 11939
136.243.36.97 - - [30/Dec/2016:01:50:14 -0500] "GET /BLA/resoluciones/index.php?dir=RESOLUCIONES%202006/RES%202006%202651-2700/&sort=date&order=asc HTTP/1.1" 200 12365
136.243.36.97 - - [30/Dec/2016:01:50:25 -0500] "GET /BLA/resoluciones/index.php?dir=RESOLUCIONES%202006/RES%202006%202651-2700/&sort=name&order=desc HTTP/1.1" 200 12364
69.162.124.232 - - [30/Dec/2016:01:50:26 -0500] "HEAD / HTTP/1.1" 200 -
66.249.66.175 - - [30/Dec/2016:01:50:34 -0500] "GET /Autoliquidacion/Plan%20de%20manejo%20ambiental%20para%20sitios%20de%20aprovechamiento%20y%20o%20disposicion%20final%20de%20escombros/ HTTP/1.1" 200 1166
136.243.36.97 - - [30/Dec/2016:01:50:36 -0500] "GET /BLA/resoluciones/index.php?dir=RESOLUCIONES%202006/RES%202006%202651-2700/&sort=size&order=asc HTTP/1.1" 200 12365
136.243.36.97 - - [30/Dec/2016:01:50:48 -0500] "GET /BLA/resoluciones/index.php?dir=RESOLUCIONES%202006/RES%202006%202701-2750/&sort=date&order=asc HTTP/1.1" 200 12367
136.243.36.97 - - [30/Dec/2016:01:50:59 -0500] "GET /BLA/resoluciones/index.php?dir=RESOLUCIONES%202006/RES%202006%202701-2750/&sort=name&order=desc HTTP/1.1" 200 12366
66.249.66.175 - - [30/Dec/2016:01:51:10 -0500] "GET /BLA/resoluciones/AUTOS%202013/0343.pdf HTTP/1.1" 304 -
136.243.36.97 - - [30/Dec/2016:01:51:13 -0500] "GET /BLA/resoluciones/index.php?dir=RESOLUCIONES%202006/RES%202006%202701-2750/&sort=size&order=asc HTTP/1.1" 200 12367
136.243.36.97 - - [30/Dec/2016:01:51:23 -0500] "GET /BLA/resoluciones/index.php?dir=RESOLUCIONES%202006/RES%202006%202751-2800/&sort=date&order=asc HTTP/1.1" 200 12358
192.168.175.104 - - [30/Dec/2016:01:51:31 -0500] "GET / HTTP/1.1" 200 9990
136.243.36.97 - - [30/Dec/2016:01:51:35 -0500] "GET /BLA/resoluciones/index.php?dir=RESOLUCIONES%202006/RES%202006%202751-2800/&sort=name&order=desc HTTP/1.1" 200 12357
136.243.36.97 - - [30/Dec/2016:01:51:46 -0500] "GET /BLA/resoluciones/index.php?dir=RESOLUCIONES%202006/RES%202006%202751-2800/&sort=size&order=asc HTTP/1.1" 200 12358
66.249.66.175 - - [30/Dec/2016:01:51:47 -0500] "GET /BLA/resoluciones/RESOLUCIONES%202008/0481.pdf HTTP/1.1" 200 152354
66.249.66.178 - - [30/Dec/2016:01:51:48 -0500] "GET /BLA/resoluciones/AUTOS%202008/1015.pdf HTTP/1.1" 200 366911
201.245.192.253 - - [30/Dec/2016:01:51:49 -0500] "GET /galeria/nivo-slider/demo/undefined HTTP/1.1" 404 1314
66.249.66.178 - - [30/Dec/2016:01:52:24 -0500] "GET /BLA/resoluciones/AUTOS%202007/0885.pdf HTTP/1.1" 200 109435
136.243.36.97 - - [30/Dec/2016:01:52:26 -0500] "GET /BLA/resoluciones/index.php?dir=RESOLUCIONES%202006/RES%202006%202801-2850/&sort=date&order=asc HTTP/1.1" 200 8609
192.168.175.104 - - [30/Dec/2016:01:52:51 -0500] "GET / HTTP/1.0" 200 9990
157.55.39.207 - - [30/Dec/2016:01:52:51 -0500] "GET /SIG/Gesti%C3%B3n%20de%20Recursos%20F%C3%ADsicos/Gesti%C3%B3n%20de%20Recursos%20F%C3%ADsicos/126PA04-PR11.pdf HTTP/1.1" 200 49222
66.249.66.175 - - [30/Dec/2016:01:53:01 -0500] "GET /BLA/resoluciones/AUTOS%202013/3506.pdf HTTP/1.1" 304 -
163.172.66.15 - - [30/Dec/2016:01:53:03 -0500] "GET /BLA/resoluciones/RESOLUCIONES%202003/RES%202003%20151-200/2003RES178.tif HTTP/1.1" 200 92456
136.243.36.97 - - [30/Dec/2016:01:53:22 -0500] "GET /BLA/resoluciones/index.php?dir=RESOLUCIONES%202006/RES%202006%202801-2850/&sort=name&order=desc HTTP/1.1" 200 8608
179.7.88.239 - - [30/Dec/2016:01:53:36 -0500] "GET /galeria/galeria/jquery.fancybox.css?v=2.1.5 HTTP/1.1" 200 4895
179.7.88.239 - - [30/Dec/2016:01:53:36 -0500] "GET /BLA/boletinlegal/js/jquery.scrollShow.js HTTP/1.1" 200 4586
179.7.88.239 - - [30/Dec/2016:01:53:36 -0500] "GET /galeria/galeria/jquery.fancybox.js?v=2.1.5 HTTP/1.1" 200 48706
66.249.66.175 - - [30/Dec/2016:01:53:38 -0500] "GET /BLA/resoluciones/AUTOS%202007/1152.pdf HTTP/1.1" 304 -
136.243.36.97 - - [30/Dec/2016:01:53:38 -0500] "GET /BLA/resoluciones/index.php?dir=RESOLUCIONES%202006/RES%202006%202801-2850/&sort=size&order=asc HTTP/1.1" 200 8609
201.245.192.253 - - [30/Dec/2016:01:53:39 -0500] "GET /galeria/nivo-slider/demo/undefined HTTP/1.1" 404 1314
179.7.88.239 - - [30/Dec/2016:01:53:42 -0500] "GET /galeria/galeria/jquery.fancybox.js?v=2.1.5 HTTP/1.1" 304 -
179.7.88.239 - - [30/Dec/2016:01:53:42 -0500] "GET /BLA/boletinlegal/js/jquery.scrollShow.js HTTP/1.1" 304 -
179.7.88.239 - - [30/Dec/2016:01:53:42 -0500] "GET /galeria/galeria/jquery.fancybox.css?v=2.1.5 HTTP/1.1" 304 -
136.243.36.97 - - [30/Dec/2016:01:53:50 -0500] "GET /BLA/resoluciones/index.php?dir=RESOLUCIONES%202006/RES%202006%202851-2900/&sort=date&order=asc HTTP/1.1" 200 8609
151.80.31.167 - - [30/Dec/2016:01:53:53 -0500] "GET /robots.txt HTTP/1.1" 301 334
163.172.64.242 - - [30/Dec/2016:01:53:54 -0500] "GET /carta-de-bogota-america-en-defensa-del-agua-la-tierra-y-la-vida/ HTTP/1.1" 301 388
136.243.36.97 - - [30/Dec/2016:01:54:05 -0500] "GET /BLA/resoluciones/index.php?dir=RESOLUCIONES%202006/RES%202006%202851-2900/&sort=name&order=desc HTTP/1.1" 200 8608
136.243.36.97 - - [30/Dec/2016:01:54:13 -0500] "GET /BLA/resoluciones/index.php?dir=RESOLUCIONES%202006/RES%202006%202851-2900/&sort=size&order=asc HTTP/1.1" 200 8609
66.249.66.175 - - [30/Dec/2016:01:54:15 -0500] "GET /BLA/resoluciones/AUTOS%202013/1384.pdf HTTP/1.1" 200 1672445
136.243.36.97 - - [30/Dec/2016:01:54:23 -0500] "GET /BLA/resoluciones/index.php?dir=RESOLUCIONES%202006/RES%202006%202901-2950/&sort=date&order=asc HTTP/1.1" 200 8609
136.243.36.97 - - [30/Dec/2016:01:54:34 -0500] "GET /BLA/resoluciones/index.php?dir=RESOLUCIONES%202006/RES%202006%202901-2950/&sort=name&order=desc HTTP/1.1" 200 8608
192.168.175.104 - - [30/Dec/2016:01:54:42 -0500] "GET / HTTP/1.1" 200 9990
136.243.36.97 - - [30/Dec/2016:01:54:46 -0500] "GET /BLA/resoluciones/index.php?dir=RESOLUCIONES%202006/RES%202006%202901-2950/&sort=size&order=asc HTTP/1.1" 200 8609
136.243.36.97 - - [30/Dec/2016:01:54:53 -0500] "GET /BLA/resoluciones/index.php?dir=RESOLUCIONES%202006/RES%202006%202951-3000/&sort=date&order=asc HTTP/1.1" 200 8609
136.243.36.97 - - [30/Dec/2016:01:55:05 -0500] "GET /BLA/resoluciones/index.php?dir=RESOLUCIONES%202006/RES%202006%202951-3000/&sort=name&order=desc HTTP/1.1" 200 8608
136.243.36.97 - - [30/Dec/2016:01:55:16 -0500] "GET /BLA/resoluciones/index.php?dir=RESOLUCIONES%202006/RES%202006%202951-3000/&sort=size&order=asc HTTP/1.1" 200 8609
69.197.163.195 - - [30/Dec/2016:01:55:20 -0500] "GET /robots.txt HTTP/1.1" 404 1019
69.197.163.195 - - [30/Dec/2016:01:55:25 -0500] "GET /Anexos%20estudio%20Organizacional%20SDA/ANEXO%20No.%201-%20NORMAS%20LEGALES%20DE%20ESTRUCTURA%20Y%20PLANTA/Decreto%20561%20de%202006%20-%20Establece%20estructura%20de%20la%20SDA.jsp_files/AjaxRequest.js HTTP/1.1" 200 17069
69.162.124.232 - - [30/Dec/2016:01:55:26 -0500] "HEAD / HTTP/1.1" 200 -
69.197.163.195 - - [30/Dec/2016:01:55:27 -0500] "GET /Anexos%20estudio%20Organizacional%20SDA/ANEXO%20No.%201-%20NORMAS%20LEGALES%20DE%20ESTRUCTURA%20Y%20PLANTA/Decreto%20561%20de%202006%20-%20Establece%20estructura%20de%20la%20SDA.jsp_files/jquery-1.js HTTP/1.1" 200 57254
136.243.36.97 - - [30/Dec/2016:01:55:28 -0500] "GET /BLA/resoluciones/index.php?dir=RESOLUCIONES%202006/RES%202006%203001-3054/&sort=date&order=asc HTTP/1.1" 200 8609
69.197.163.195 - - [30/Dec/2016:01:55:29 -0500] "GET /Anexos%20estudio%20Organizacional%20SDA/ANEXO%20No.%201-%20NORMAS%20LEGALES%20DE%20ESTRUCTURA%20Y%20PLANTA/Decreto%20561%20de%202006%20-%20Establece%20estructura%20de%20la%20SDA.jsp_files/jquery.css HTTP/1.1" 200 4557
201.245.192.253 - - [30/Dec/2016:01:55:30 -0500] "GET /galeria/nivo-slider/demo/undefined HTTP/1.1" 404 1314
69.197.163.195 - - [30/Dec/2016:01:55:30 -0500] "GET /Anexos%20estudio%20Organizacional%20SDA/ANEXO%20No.%201-%20NORMAS%20LEGALES%20DE%20ESTRUCTURA%20Y%20PLANTA/Decreto%20561%20de%202006%20-%20Establece%20estructura%20de%20la%20SDA.jsp_files/jquery.js HTTP/1.1" 200 18179
69.197.163.195 - - [30/Dec/2016:01:55:32 -0500] "GET /Anexos%20estudio%20Organizacional%20SDA/ANEXO%20No.%201-%20NORMAS%20LEGALES%20DE%20ESTRUCTURA%20Y%20PLANTA/Decreto%20561%20de%202006%20-%20Establece%20estructura%20de%20la%20SDA.jsp_files/ladc.css HTTP/1.1" 200 5119
69.197.163.195 - - [30/Dec/2016:01:55:35 -0500] "GET /Anexos%20estudio%20Organizacional%20SDA/ANEXO%20No.%201-%20NORMAS%20LEGALES%20DE%20ESTRUCTURA%20Y%20PLANTA/Decreto%20561%20de%202006%20-%20Establece%20estructura%20de%20la%20SDA.jsp_files/screen.css HTTP/1.1" 200 2444
69.197.163.195 - - [30/Dec/2016:01:55:36 -0500] "GET /robots.txt HTTP/1.1" 404 1019
69.197.163.195 - - [30/Dec/2016:01:55:38 -0500] "GET /galeria/juegos/ HTTP/1.1" 200 2032
136.243.36.97 - - [30/Dec/2016:01:55:38 -0500] "GET /BLA/resoluciones/index.php?dir=RESOLUCIONES%202006/RES%202006%203001-3054/&sort=name&order=desc HTTP/1.1" 200 8608
69.197.163.195 - - [30/Dec/2016:01:55:40 -0500] "GET /galeria/juegos/?C=M;O=A HTTP/1.1" 200 2032
5.39.218.201 - - [30/Dec/2016:01:55:40 -0500] "GET /82172316237 HTTP/1.1" 404 1018
69.197.163.195 - - [30/Dec/2016:01:55:42 -0500] "GET /galeria/juegos/texturesExport/?C=N;O=D HTTP/1.1" 200 797
136.243.36.97 - - [30/Dec/2016:01:55:52 -0500] "GET /BLA/resoluciones/index.php?dir=RESOLUCIONES%202006/RES%202006%203001-3054/&sort=size&order=asc HTTP/1.1" 200 8609
163.172.66.119 - - [30/Dec/2016:01:56:02 -0500] "GET /BLA/resoluciones/AUTOS%202006/AUTOS%202006%201601%20-%201700/00001656.tif HTTP/1.1" 200 161048
136.243.36.97 - - [30/Dec/2016:01:56:05 -0500] "GET /BLA/resoluciones/index.php?dir=RESOLUCIONES%202006/RES%202006%20301-350/&sort=date&order=asc HTTP/1.1" 200 12249
136.243.36.97 - - [30/Dec/2016:01:56:14 -0500] "GET /BLA/resoluciones/index.php?dir=RESOLUCIONES%202006/RES%202006%20301-350/&sort=name&order=desc HTTP/1.1" 200 12248
136.243.36.97 - - [30/Dec/2016:01:56:25 -0500] "GET /BLA/resoluciones/index.php?dir=RESOLUCIONES%202006/RES%202006%20301-350/&sort=size&order=asc HTTP/1.1" 200 12249
192.168.175.104 - - [30/Dec/2016:01:56:29 -0500] "GET / HTTP/1.1" 200 9990
136.243.36.97 - - [30/Dec/2016:01:56:37 -0500] "GET /BLA/resoluciones/index.php?dir=RESOLUCIONES%202006/RES%202006%20351-400/&sort=date&order=asc HTTP/1.1" 200 12234
136.243.36.97 - - [30/Dec/2016:01:56:49 -0500] "GET /BLA/resoluciones/index.php?dir=RESOLUCIONES%202006/RES%202006%20351-400/&sort=name&order=desc HTTP/1.1" 200 12233
136.243.36.97 - - [30/Dec/2016:01:56:57 -0500] "GET /BLA/resoluciones/index.php?dir=RESOLUCIONES%202006/RES%202006%20351-400/&sort=size&order=asc HTTP/1.1" 200 12234
136.243.36.97 - - [30/Dec/2016:01:57:07 -0500] "GET /BLA/resoluciones/index.php?dir=RESOLUCIONES%202006/RES%202006%20401-450/&sort=date&order=asc HTTP/1.1" 200 12245
136.243.36.97 - - [30/Dec/2016:01:57:20 -0500] "GET /robots.txt HTTP/1.1" 404 1018
136.243.36.97 - - [30/Dec/2016:01:57:20 -0500] "GET /BLA/resoluciones/index.php?dir=RESOLUCIONES%202006/RES%202006%20401-450/&sort=name&order=desc HTTP/1.1" 200 12244
201.245.192.253 - - [30/Dec/2016:01:57:21 -0500] "GET /galeria/nivo-slider/demo/undefined HTTP/1.1" 404 1314
136.243.36.97 - - [30/Dec/2016:01:57:35 -0500] "GET /BLA/resoluciones/index.php?dir=RESOLUCIONES%202006/RES%202006%20401-450/&sort=size&order=asc HTTP/1.1" 200 12245
136.243.36.97 - - [30/Dec/2016:01:57:46 -0500] "GET /BLA/resoluciones/index.php?dir=RESOLUCIONES%202006/RES%202006%20451-500/&sort=date&order=asc HTTP/1.1" 200 12244
192.168.175.104 - - [30/Dec/2016:01:57:49 -0500] "GET / HTTP/1.0" 200 9990
136.243.36.97 - - [30/Dec/2016:01:57:59 -0500] "GET /BLA/resoluciones/index.php?dir=RESOLUCIONES%202006/RES%202006%20451-500/&sort=name&order=desc HTTP/1.1" 200 12243
136.243.36.97 - - [30/Dec/2016:01:58:06 -0500] "GET /BLA/resoluciones/index.php?dir=RESOLUCIONES%202006/RES%202006%20451-500/&sort=size&order=asc HTTP/1.1" 200 12244
136.243.36.97 - - [30/Dec/2016:01:58:16 -0500] "GET /BLA/resoluciones/index.php?dir=RESOLUCIONES%202006/RES%202006%20501-550/&sort=date&order=asc HTTP/1.1" 200 12241
207.46.13.156 - - [30/Dec/2016:01:58:20 -0500] "GET / HTTP/1.1" 200 9990
136.243.36.97 - - [30/Dec/2016:01:58:26 -0500] "GET /BLA/resoluciones/index.php?dir=RESOLUCIONES%202006/RES%202006%20501-550/&sort=name&order=desc HTTP/1.1" 200 12240
136.243.36.97 - - [30/Dec/2016:01:58:41 -0500] "GET /BLA/resoluciones/index.php?dir=RESOLUCIONES%202006/RES%202006%20501-550/&sort=size&order=asc HTTP/1.1" 200 12241
136.243.36.97 - - [30/Dec/2016:01:58:47 -0500] "GET /BLA/resoluciones/index.php?dir=RESOLUCIONES%202006/RES%202006%2051-100/&sort=date&order=asc HTTP/1.1" 200 11996
136.243.36.97 - - [30/Dec/2016:01:58:56 -0500] "GET /BLA/resoluciones/index.php?dir=RESOLUCIONES%202006/RES%202006%2051-100/&sort=name&order=desc HTTP/1.1" 200 11995
52.3.105.23 - - [30/Dec/2016:01:59:08 -0500] "GET /robots.txt HTTP/1.1" 404 1018
136.243.36.97 - - [30/Dec/2016:01:59:10 -0500] "GET /BLA/resoluciones/index.php?dir=RESOLUCIONES%202006/RES%202006%2051-100/&sort=size&order=asc HTTP/1.1" 200 11996
201.245.192.253 - - [30/Dec/2016:01:59:11 -0500] "GET /galeria/nivo-slider/demo/undefined HTTP/1.1" 404 1314
66.249.66.175 - - [30/Dec/2016:01:59:13 -0500] "GET /BLA/resoluciones/RESOLUCIONES%202009/1734.pdf HTTP/1.1" 200 238398
192.168.175.104 - - [30/Dec/2016:01:59:40 -0500] "GET / HTTP/1.1" 200 9990
69.162.124.232 - - [30/Dec/2016:02:00:26 -0500] "HEAD / HTTP/1.1" 200 -
136.243.36.97 - - [30/Dec/2016:02:00:59 -0500] "GET /BLA/resoluciones/index.php?dir=RESOLUCIONES%202006/RES%202006%20551-600/&sort=date&order=asc HTTP/1.1" 200 12250
66.249.66.175 - - [30/Dec/2016:02:01:00 -0500] "GET /BLA/resoluciones/AUTOS%202015/3404.pdf HTTP/1.1" 200 854502
201.245.192.253 - - [30/Dec/2016:02:01:02 -0500] "GET /galeria/nivo-slider/demo/undefined HTTP/1.1" 404 1314
136.243.36.97 - - [30/Dec/2016:02:01:15 -0500] "GET /BLA/resoluciones/index.php?dir=RESOLUCIONES%202006/RES%202006%20551-600/&sort=name&order=desc HTTP/1.1" 200 12249
192.168.175.104 - - [30/Dec/2016:02:01:26 -0500] "GET / HTTP/1.1" 200 9990
136.243.36.97 - - [30/Dec/2016:02:01:27 -0500] "GET /BLA/resoluciones/index.php?dir=RESOLUCIONES%202006/RES%202006%20551-600/&sort=size&order=asc HTTP/1.1" 200 12250
66.249.66.175 - - [30/Dec/2016:02:01:35 -0500] "GET /BLA/resoluciones/RESOLUCIONES%202008/3113.pdf HTTP/1.1" 200 218309
207.46.13.156 - - [30/Dec/2016:02:01:35 -0500] "GET /robots.txt HTTP/1.1" 404 1019
136.243.36.97 - - [30/Dec/2016:02:01:36 -0500] "GET /BLA/resoluciones/index.php?dir=RESOLUCIONES%202006/RES%202006%20601-650/&sort=date&order=asc HTTP/1.1" 200 12250
66.249.66.175 - - [30/Dec/2016:02:01:37 -0500] "GET /BLA/resoluciones/AUTOS%202015/4607.pdf HTTP/1.1" 200 520424
136.243.36.97 - - [30/Dec/2016:02:01:50 -0500] "GET /BLA/resoluciones/index.php?dir=RESOLUCIONES%202006/RES%202006%20601-650/&sort=name&order=desc HTTP/1.1" 200 12249
136.243.36.97 - - [30/Dec/2016:02:02:00 -0500] "GET /BLA/resoluciones/index.php?dir=RESOLUCIONES%202006/RES%202006%20601-650/&sort=size&order=asc HTTP/1.1" 200 12250
136.243.36.97 - - [30/Dec/2016:02:02:08 -0500] "GET /BLA/resoluciones/index.php?dir=RESOLUCIONES%202006/RES%202006%20651-700/&sort=date&order=asc HTTP/1.1" 200 12252
66.249.66.175 - - [30/Dec/2016:02:02:14 -0500] "GET /BLA/resoluciones/AUTOS%202015/6124.pdf HTTP/1.1" 200 516950
136.243.36.97 - - [30/Dec/2016:02:02:17 -0500] "GET /BLA/resoluciones/index.php?dir=RESOLUCIONES%202006/RES%202006%20651-700/&sort=name&order=desc HTTP/1.1" 200 12251
136.243.36.97 - - [30/Dec/2016:02:02:26 -0500] "GET /BLA/resoluciones/index.php?dir=RESOLUCIONES%202006/RES%202006%20651-700/&sort=size&order=asc HTTP/1.1" 200 12252
163.172.65.113 - - [30/Dec/2016:02:02:36 -0500] "GET /BLA/resoluciones/RESOLUCIONES%202002/RES%202002%20801-850/00000839.tif HTTP/1.1" 200 109324
136.243.36.97 - - [30/Dec/2016:02:02:37 -0500] "GET /BLA/resoluciones/index.php?dir=RESOLUCIONES%202006/RES%202006%20701-750/&sort=date&order=asc HTTP/1.1" 200 12251
207.46.13.156 - - [30/Dec/2016:02:01:38 -0500] "GET /BLA/boletinlegal/ HTTP/1.1" 200 53073
192.168.175.104 - - [30/Dec/2016:02:02:47 -0500] "GET / HTTP/1.0" 200 9990
136.243.36.97 - - [30/Dec/2016:02:02:46 -0500] "GET /BLA/resoluciones/index.php?dir=RESOLUCIONES%202006/RES%202006%20701-750/&sort=name&order=desc HTTP/1.1" 200 12250
201.245.192.253 - - [30/Dec/2016:02:02:53 -0500] "GET /galeria/nivo-slider/demo/undefined HTTP/1.1" 404 1314
66.249.66.181 - - [30/Dec/2016:02:02:54 -0500] "GET /BLA/resoluciones/AUTOS%202015/6479.pdf HTTP/1.1" 200 503913
136.243.36.97 - - [30/Dec/2016:02:02:59 -0500] "GET /BLA/resoluciones/index.php?dir=RESOLUCIONES%202006/RES%202006%20701-750/&sort=size&order=asc HTTP/1.1" 200 12251
207.46.13.156 - - [30/Dec/2016:02:03:00 -0500] "GET /BLA/boletinlegal/images/arr_l.jpg HTTP/1.1" 200 1979
207.46.13.156 - - [30/Dec/2016:02:03:02 -0500] "GET /BLA/boletinlegal/images/subscribe-icon-big.png HTTP/1.1" 200 47702
157.55.39.160 - - [30/Dec/2016:02:03:05 -0500] "GET /BLA/boletinlegal/images/historia.png HTTP/1.1" 200 52775
157.55.39.160 - - [30/Dec/2016:02:03:05 -0500] "GET /BLA/boletinlegal/js/jquery.js HTTP/1.1" 200 57254
157.55.39.160 - - [30/Dec/2016:02:03:06 -0500] "GET /BLA/boletinlegal/js/jquery.scrollShow.js HTTP/1.1" 200 4586
157.55.39.160 - - [30/Dec/2016:02:03:06 -0500] "GET /BLA/boletinlegal/style.css HTTP/1.1" 200 9406
66.249.66.181 - - [30/Dec/2016:02:03:08 -0500] "GET /BLA/resoluciones/RESOLUCIONES%202010/1346.pdf HTTP/1.1" 200 360288
136.243.36.97 - - [30/Dec/2016:02:03:09 -0500] "GET /BLA/resoluciones/index.php?dir=RESOLUCIONES%202006/RES%202006%20751-800/&sort=date&order=asc HTTP/1.1" 200 12235
157.55.39.207 - - [30/Dec/2016:02:03:12 -0500] "GET /BLA/boletinlegal/images/screen_1.png HTTP/1.1" 200 202547
136.243.36.97 - - [30/Dec/2016:02:03:23 -0500] "GET /BLA/resoluciones/index.php?dir=RESOLUCIONES%202006/RES%202006%20751-800/&sort=name&order=desc HTTP/1.1" 200 12234
66.249.66.175 - - [30/Dec/2016:02:03:28 -0500] "GET /BLA/resoluciones/index.php?dir=RESOLUCIONES+2008%2F HTTP/1.1" 200 976102
136.243.36.97 - - [30/Dec/2016:02:03:36 -0500] "GET /BLA/resoluciones/index.php?dir=RESOLUCIONES%202006/RES%202006%20751-800/&sort=size&order=asc HTTP/1.1" 200 12235
136.243.36.97 - - [30/Dec/2016:02:03:44 -0500] "GET /BLA/resoluciones/index.php?dir=RESOLUCIONES%202006/RES%202006%20801-850/&sort=date&order=asc HTTP/1.1" 200 12230
136.243.36.97 - - [30/Dec/2016:02:03:57 -0500] "GET /BLA/resoluciones/index.php?dir=RESOLUCIONES%202006/RES%202006%20801-850/&sort=name&order=desc HTTP/1.1" 200 12229
40.77.169.101 - - [30/Dec/2016:02:04:01 -0500] "GET / HTTP/1.1" 200 9990
66.249.66.175 - - [30/Dec/2016:02:04:04 -0500] "GET /BLA/resoluciones/AUTOS%202015/5043.pdf HTTP/1.1" 304 -
136.243.36.97 - - [30/Dec/2016:02:04:06 -0500] "GET /BLA/resoluciones/index.php?dir=RESOLUCIONES%202006/RES%202006%20801-850/&sort=size&order=asc HTTP/1.1" 200 12230
136.243.36.97 - - [30/Dec/2016:02:04:11 -0500] "GET /BLA/resoluciones/index.php?dir=RESOLUCIONES%202006/RES%202006%20851-900/&sort=date&order=asc HTTP/1.1" 200 12234
66.249.88.1 - - [30/Dec/2016:02:04:16 -0500] "GET /galeria/galeria/jquery.fancybox.css?v=2.1.5 HTTP/1.1" 200 4895
66.249.88.4 - - [30/Dec/2016:02:04:16 -0500] "GET /BLA/boletinlegal/js/jquery.scrollShow.js HTTP/1.1" 200 4586
66.249.88.1 - - [30/Dec/2016:02:04:16 -0500] "GET /galeria/galeria/jquery.fancybox.js?v=2.1.5 HTTP/1.1" 200 48706
136.243.36.97 - - [30/Dec/2016:02:04:19 -0500] "GET /BLA/resoluciones/index.php?dir=RESOLUCIONES%202006/RES%202006%20851-900/&sort=name&order=desc HTTP/1.1" 200 12233
66.249.88.1 - - [30/Dec/2016:02:04:20 -0500] "GET /galeria/galeria/jquery.fancybox.js?v=2.1.5 HTTP/1.1" 304 -
66.249.88.1 - - [30/Dec/2016:02:04:20 -0500] "GET /galeria/galeria/jquery.fancybox.css?v=2.1.5 HTTP/1.1" 304 -
66.249.88.7 - - [30/Dec/2016:02:04:20 -0500] "GET /BLA/boletinlegal/js/jquery.scrollShow.js HTTP/1.1" 304 -
66.249.66.175 - - [30/Dec/2016:02:04:24 -0500] "GET /BLA/resoluciones/dlf/styles.css HTTP/1.1" 200 3049
136.243.36.97 - - [30/Dec/2016:02:04:35 -0500] "GET /BLA/resoluciones/index.php?dir=RESOLUCIONES%202006/RES%202006%20851-900/&sort=size&order=asc HTTP/1.1" 200 12234
192.168.175.104 - - [30/Dec/2016:02:04:38 -0500] "GET / HTTP/1.1" 200 9990
66.249.66.175 - - [30/Dec/2016:02:04:41 -0500] "GET /BLA/resoluciones/index.php?dir=AUTOS+2011%2F HTTP/1.1" 200 568362
201.245.192.253 - - [30/Dec/2016:02:04:43 -0500] "GET /galeria/nivo-slider/demo/undefined HTTP/1.1" 404 1314
136.243.36.97 - - [30/Dec/2016:02:04:48 -0500] "GET /BLA/resoluciones/index.php?dir=RESOLUCIONES%202006/RES%202006%20901-950/&sort=date&order=asc HTTP/1.1" 200 12239
52.3.127.144 - - [30/Dec/2016:02:04:54 -0500] "GET /robots.txt HTTP/1.1" 404 1018
136.243.36.97 - - [30/Dec/2016:02:05:03 -0500] "GET /BLA/resoluciones/index.php?dir=RESOLUCIONES%202006/RES%202006%20901-950/&sort=name&order=desc HTTP/1.1" 200 12238
136.243.36.97 - - [30/Dec/2016:02:05:11 -0500] "GET /BLA/resoluciones/index.php?dir=RESOLUCIONES%202006/RES%202006%20901-950/&sort=size&order=asc HTTP/1.1" 200 12239
185.20.4.220 - - [30/Dec/2016:02:05:15 -0500] "GET /dama/libreria/pdf/PMA_alcaldia.pdf HTTP/1.1" 404 1019
66.249.66.175 - - [30/Dec/2016:02:05:18 -0500] "GET /BLA/resoluciones/AUTOS%202013/1441.pdf HTTP/1.1" 200 411846
136.243.36.97 - - [30/Dec/2016:02:05:25 -0500] "GET /BLA/resoluciones/index.php?dir=RESOLUCIONES%202006/RES%202006%20951-1000/&sort=date&order=asc HTTP/1.1" 200 12308
66.249.66.175 - - [30/Dec/2016:02:05:26 -0500] "GET /BLA/resoluciones/RESOLUCIONES%202009/4819.pdf HTTP/1.1" 200 160834
69.162.124.232 - - [30/Dec/2016:02:05:26 -0500] "HEAD / HTTP/1.1" 200 -
136.243.36.97 - - [30/Dec/2016:02:05:44 -0500] "GET /BLA/resoluciones/index.php?dir=RESOLUCIONES%202006/RES%202006%20951-1000/&sort=name&order=desc HTTP/1.1" 200 12307
66.249.66.181 - - [30/Dec/2016:02:05:55 -0500] "GET /BLA/resoluciones/RESOLUCIONES%202010/2921.pdf HTTP/1.1" 200 1278738
192.168.175.104 - - [30/Dec/2016:02:06:25 -0500] "GET / HTTP/1.1" 200 9990
207.46.13.156 - - [30/Dec/2016:02:06:26 -0500] "GET /POT-2013/Cartografia/26_Espacio_Publico_2013_V1.pdf HTTP/1.1" 200 3519741
66.249.66.178 - - [30/Dec/2016:02:06:32 -0500] "GET /BLA/resoluciones/RESOLUCIONES%202009/7850.pdf HTTP/1.1" 304 -
201.245.192.253 - - [30/Dec/2016:02:06:34 -0500] "GET /galeria/nivo-slider/demo/undefined HTTP/1.1" 404 1314
136.243.36.97 - - [30/Dec/2016:02:07:04 -0500] "GET /BLA/resoluciones/index.php?dir=RESOLUCIONES%202006/RES%202006%20951-1000/&sort=size&order=asc HTTP/1.1" 200 12308
66.249.66.175 - - [30/Dec/2016:02:07:11 -0500] "GET /BLA/resoluciones/index.php?dir=AUTOS+2009%2F HTTP/1.1" 200 395781
136.243.36.97 - - [30/Dec/2016:02:07:32 -0500] "GET /robots.txt HTTP/1.1" 404 1018
136.243.36.97 - - [30/Dec/2016:02:07:33 -0500] "GET /BLA/resoluciones/index.php?dir=RESOLUCIONES%202007/&sort=date&order=desc HTTP/1.1" 200 12503
192.168.175.104 - - [30/Dec/2016:02:07:45 -0500] "GET / HTTP/1.0" 200 9990
136.243.36.97 - - [30/Dec/2016:02:07:45 -0500] "GET /BLA/resoluciones/index.php?dir=RESOLUCIONES%202007/&sort=name&order=asc HTTP/1.1" 200 12504
66.249.66.175 - - [30/Dec/2016:02:07:46 -0500] "GET /BLA/resoluciones/AUTOS%202014/3485.pdf HTTP/1.1" 200 554849
66.249.66.178 - - [30/Dec/2016:02:07:49 -0500] "GET /BLA/resoluciones/AUTOS%202013/0678.pdf HTTP/1.1" 200 355656
136.243.36.97 - - [30/Dec/2016:02:07:54 -0500] "GET /BLA/resoluciones/index.php?dir=RESOLUCIONES%202007/&sort=size&order=desc HTTP/1.1" 200 12503
66.249.66.175 - - [30/Dec/2016:02:08:23 -0500] "GET /BLA/resoluciones/AUTOS%202008/2976.pdf HTTP/1.1" 200 159432
136.243.36.97 - - [30/Dec/2016:02:08:23 -0500] "GET /BLA/resoluciones/index.php?dir=RESOLUCIONES%202007/RES%202007%201%20AL%20100/&sort=date&order=asc HTTP/1.1" 200 26175
201.245.192.253 - - [30/Dec/2016:02:08:24 -0500] "GET /galeria/nivo-slider/demo/undefined HTTP/1.1" 404 1314
220.181.51.88 - - [30/Dec/2016:02:08:37 -0500] "GET /BLA/resoluciones/AUTOS%202011/0120.pdf HTTP/1.1" 200 168313
136.243.36.97 - - [30/Dec/2016:02:08:37 -0500] "GET /BLA/resoluciones/index.php?dir=RESOLUCIONES%202007/RES%202007%201%20AL%20100/&sort=name&order=desc HTTP/1.1" 200 26174
136.243.36.97 - - [30/Dec/2016:02:08:56 -0500] "GET /BLA/resoluciones/index.php?dir=RESOLUCIONES%202007/RES%202007%201%20AL%20100/&sort=size&order=asc HTTP/1.1" 200 26175
66.249.66.175 - - [30/Dec/2016:02:08:59 -0500] "GET /BLA/resoluciones/AUTOS%202015/4792.pdf HTTP/1.1" 304 -
66.249.66.178 - - [30/Dec/2016:02:09:13 -0500] "GET /BLA/resoluciones/RESOLUCIONES%202008/4024.pdf HTTP/1.1" 200 297537
136.243.36.97 - - [30/Dec/2016:02:09:16 -0500] "GET /BLA/resoluciones/index.php?dir=RESOLUCIONES%202007/RES%202007%201001%20AL%201100/&sort=date&order=asc HTTP/1.1" 200 26838
136.243.36.97 - - [30/Dec/2016:02:09:28 -0500] "GET /BLA/resoluciones/index.php?dir=RESOLUCIONES%202007/RES%202007%201001%20AL%201100/&sort=name&order=desc HTTP/1.1" 200 26837
192.168.175.104 - - [30/Dec/2016:02:09:35 -0500] "GET / HTTP/1.1" 200 9990
