181.54.129.131 - - [31/Dec/2016:19:47:30 -0500] "GET /galeria/galeria/jquery.fancybox.js?v=2.1.5 HTTP/1.1" 304 -
181.54.129.131 - - [31/Dec/2016:19:47:30 -0500] "GET /galeria/galeria/jquery.fancybox.css?v=2.1.5 HTTP/1.1" 304 -
66.249.66.181 - - [31/Dec/2016:19:47:50 -0500] "GET /BLA/resoluciones/AUTOS%202007/1097.pdf HTTP/1.1" 200 85227
66.249.66.178 - - [31/Dec/2016:19:48:23 -0500] "GET /BLA/resoluciones/AUTOS%202007/1604.pdf HTTP/1.1" 200 42184
201.245.192.253 - - [31/Dec/2016:19:48:26 -0500] "GET /galeria/nivo-slider/demo/undefined HTTP/1.1" 404 1314
66.249.66.175 - - [31/Dec/2016:19:48:57 -0500] "GET /BLA/resoluciones/AUTOS%202007/0888.pdf HTTP/1.1" 200 161785
89.248.168.213 - - [31/Dec/2016:19:49:22 -0500] "GET /muieblackcat HTTP/1.1" 404 1018
89.248.168.213 - - [31/Dec/2016:19:49:23 -0500] "GET //phpMyAdmin/scripts/setup.php HTTP/1.1" 403 1165
89.248.168.213 - - [31/Dec/2016:19:49:23 -0500] "GET //phpmyadmin/scripts/setup.php HTTP/1.1" 403 1165
89.248.168.213 - - [31/Dec/2016:19:49:23 -0500] "GET //pma/scripts/setup.php HTTP/1.1" 404 1018
89.248.168.213 - - [31/Dec/2016:19:49:24 -0500] "GET //myadmin/scripts/setup.php HTTP/1.1" 404 1018
89.248.168.213 - - [31/Dec/2016:19:49:24 -0500] "GET //MyAdmin/scripts/setup.php HTTP/1.1" 404 1018
201.228.249.23 - - [31/Dec/2016:19:49:28 -0500] "GET /galeria/galeria/jquery.fancybox.css?v=2.1.5 HTTP/1.1" 200 4895
201.228.249.23 - - [31/Dec/2016:19:49:28 -0500] "GET /BLA/boletinlegal/js/jquery.scrollShow.js HTTP/1.1" 200 4586
201.228.249.23 - - [31/Dec/2016:19:49:28 -0500] "GET /galeria/galeria/jquery.fancybox.js?v=2.1.5 HTTP/1.1" 200 48706
66.249.66.178 - - [31/Dec/2016:19:49:30 -0500] "GET /BLA/resoluciones/AUTOS%202007/1003.pdf HTTP/1.1" 200 39173
192.168.175.104 - - [31/Dec/2016:19:49:39 -0500] "GET / HTTP/1.1" 200 9990
201.228.249.23 - - [31/Dec/2016:19:49:51 -0500] "GET /galeria/galeria/jquery.fancybox.css?v=2.1.5 HTTP/1.1" 304 -
201.228.249.23 - - [31/Dec/2016:19:49:51 -0500] "GET /BLA/boletinlegal/js/jquery.scrollShow.js HTTP/1.1" 304 -
201.228.249.23 - - [31/Dec/2016:19:49:51 -0500] "GET /galeria/galeria/jquery.fancybox.js?v=2.1.5 HTTP/1.1" 304 -
66.249.66.175 - - [31/Dec/2016:19:50:03 -0500] "GET /BLA/resoluciones/AUTOS%202007/3739.pdf HTTP/1.1" 200 254104
186.155.13.117 - - [31/Dec/2016:19:50:08 -0500] "GET /BLA/boletinlegal/js/jquery.scrollShow.js HTTP/1.1" 200 4586
186.155.13.117 - - [31/Dec/2016:19:50:08 -0500] "GET /galeria/galeria/jquery.fancybox.css?v=2.1.5 HTTP/1.1" 200 4895
186.155.13.117 - - [31/Dec/2016:19:50:08 -0500] "GET /galeria/galeria/jquery.fancybox.js?v=2.1.5 HTTP/1.1" 200 48706
201.245.192.253 - - [31/Dec/2016:19:50:17 -0500] "GET /galeria/nivo-slider/demo/undefined HTTP/1.1" 404 1314
192.168.175.104 - - [31/Dec/2016:19:50:21 -0500] "GET / HTTP/1.0" 200 9990
186.155.13.117 - - [31/Dec/2016:19:50:28 -0500] "GET /BLA/boletinlegal/js/jquery.scrollShow.js HTTP/1.1" 304 -
186.155.13.117 - - [31/Dec/2016:19:50:28 -0500] "GET /galeria/galeria/jquery.fancybox.css?v=2.1.5 HTTP/1.1" 304 -
186.155.13.117 - - [31/Dec/2016:19:50:28 -0500] "GET /galeria/galeria/jquery.fancybox.js?v=2.1.5 HTTP/1.1" 304 -
66.249.66.178 - - [31/Dec/2016:19:50:36 -0500] "GET /BLA/resoluciones/AUTOS%202007/0990.pdf HTTP/1.1" 200 23909
66.249.66.175 - - [31/Dec/2016:19:51:42 -0500] "GET /BLA/resoluciones/AUTOS%202007/3815.pdf HTTP/1.1" 200 77345
201.245.192.253 - - [31/Dec/2016:19:52:07 -0500] "GET /galeria/nivo-slider/demo/undefined HTTP/1.1" 404 1314
192.168.175.104 - - [31/Dec/2016:19:52:08 -0500] "GET / HTTP/1.1" 200 9990
69.162.124.232 - - [31/Dec/2016:19:52:11 -0500] "HEAD / HTTP/1.1" 200 -
190.25.204.196 - - [31/Dec/2016:19:52:11 -0500] "GET /BLA/resoluciones/RESOLUCIONES%202015/1054.pdf HTTP/1.1" 200 487632
190.25.204.196 - - [31/Dec/2016:19:52:12 -0500] "GET /BLA/resoluciones/RESOLUCIONES%202015/1042.pdf HTTP/1.1" 200 486040
66.249.66.175 - - [31/Dec/2016:19:52:15 -0500] "GET /BLA/resoluciones/AUTOS%202007/3830.pdf HTTP/1.1" 200 74625
190.25.204.196 - - [31/Dec/2016:19:52:44 -0500] "GET /transparencia/directorioservidores/MANUAL%20DE%20FUNCIONES%2002666%20DEL%204-DIC-2015.pdf HTTP/1.1" 200 52098444
190.25.204.196 - - [31/Dec/2016:19:52:46 -0500] "GET /BLA/boletinlegal/normativa.php HTTP/1.1" 200 8086
66.249.66.175 - - [31/Dec/2016:19:52:48 -0500] "GET /BLA/resoluciones/AUTOS%202007/1751.pdf HTTP/1.1" 200 29119
190.25.204.196 - - [31/Dec/2016:19:52:49 -0500] "GET /galeria/bibloteca/contentflow.js HTTP/1.1" 200 42804
190.25.204.196 - - [31/Dec/2016:19:52:56 -0500] "GET /BLA/ HTTP/1.1" 200 538
190.25.204.196 - - [31/Dec/2016:19:53:14 -0500] "GET /AFLUENTESYEFUENTES/ HTTP/1.1" 200 4762
83.110.214.32 - - [31/Dec/2016:19:53:17 -0500] "POST /xmlrpc.php HTTP/1.1" 301 334
83.110.214.32 - - [31/Dec/2016:19:53:19 -0500] "GET /wp-login.php HTTP/1.1" 301 336
83.110.214.32 - - [31/Dec/2016:19:53:21 -0500] "POST /wp-login.php HTTP/1.1" 301 336
185.19.93.150 - - [31/Dec/2016:19:53:21 -0500] "GET /admin/config.php HTTP/1.1" 404 1018
66.249.66.178 - - [31/Dec/2016:19:53:22 -0500] "GET /BLA/resoluciones/AUTOS%202007/1474.pdf HTTP/1.1" 200 44395
66.249.66.178 - - [31/Dec/2016:19:53:55 -0500] "GET /BLA/resoluciones/AUTOS%202007/1362.pdf HTTP/1.1" 200 48663
201.245.192.253 - - [31/Dec/2016:19:53:58 -0500] "GET /galeria/nivo-slider/demo/undefined HTTP/1.1" 404 1314
190.25.204.196 - - [31/Dec/2016:19:53:59 -0500] "GET /silvicultura/1.pdf HTTP/1.1" 404 1018
190.25.204.196 - - [31/Dec/2016:19:53:59 -0500] "GET /silvicultura/5.pdf HTTP/1.1" 404 1018
190.25.204.196 - - [31/Dec/2016:19:53:59 -0500] "GET /silvicultura/6.pdf HTTP/1.1" 404 1018
190.25.204.196 - - [31/Dec/2016:19:53:59 -0500] "GET /silvicultura/7.pdf HTTP/1.1" 404 1018
190.25.204.196 - - [31/Dec/2016:19:53:59 -0500] "GET /silvicultura/8.pdf HTTP/1.1" 404 1018
190.25.204.196 - - [31/Dec/2016:19:53:59 -0500] "GET /silvicultura/9.pdf HTTP/1.1" 404 1018
190.25.204.196 - - [31/Dec/2016:19:53:59 -0500] "GET /silvicultura/11.pdf HTTP/1.1" 404 1018
190.25.204.196 - - [31/Dec/2016:19:53:59 -0500] "GET /silvicultura/12.pdf HTTP/1.1" 404 1018
190.25.204.196 - - [31/Dec/2016:19:53:59 -0500] "GET /silvicultura/13.pdf HTTP/1.1" 404 1018
190.25.204.196 - - [31/Dec/2016:19:54:05 -0500] "GET /Residuos/cosmeticos/cosmeticos.html HTTP/1.1" 200 1963
190.25.204.196 - - [31/Dec/2016:19:54:05 -0500] "GET /Residuos/curtiembres/curtiembres.html HTTP/1.1" 200 1965
190.25.204.196 - - [31/Dec/2016:19:54:05 -0500] "GET /Residuos/farmaceutica/farmaceutica.html HTTP/1.1" 200 1967
190.25.204.196 - - [31/Dec/2016:19:54:05 -0500] "GET /Residuos/impresion/impresion.html HTTP/1.1" 200 1961
190.25.204.196 - - [31/Dec/2016:19:54:05 -0500] "GET /Residuos/lavanderias/lavanderias.html HTTP/1.1" 200 1965
190.25.204.196 - - [31/Dec/2016:19:54:05 -0500] "GET /Residuos/maderas/maderas.html HTTP/1.1" 200 1957
190.25.204.196 - - [31/Dec/2016:19:54:05 -0500] "GET /Residuos/metalmecanica/metalmecanica.html HTTP/1.1" 200 1969
190.25.204.196 - - [31/Dec/2016:19:54:05 -0500] "GET /Residuos/pinturas/pinturas.html HTTP/1.1" 200 1959
190.25.204.196 - - [31/Dec/2016:19:54:05 -0500] "GET /Residuos/quimicos/quimicos.html HTTP/1.1" 200 1959
190.25.204.196 - - [31/Dec/2016:19:54:05 -0500] "GET /Residuos/textiles/textiles.html HTTP/1.1" 200 1959
190.25.204.196 - - [31/Dec/2016:19:54:06 -0500] "GET /Residuos/vehiculos/vehiculos.html HTTP/1.1" 200 1961
66.249.66.175 - - [31/Dec/2016:19:54:28 -0500] "GET /BLA/resoluciones/AUTOS%202007/1684.pdf HTTP/1.1" 200 74201
192.168.175.104 - - [31/Dec/2016:19:54:36 -0500] "GET / HTTP/1.1" 200 9990
66.249.66.175 - - [31/Dec/2016:19:55:01 -0500] "GET /BLA/resoluciones/AUTOS%202015/2989.pdf HTTP/1.1" 200 493267
190.25.204.196 - - [31/Dec/2016:19:55:18 -0500] "GET /galeria/nivo-slider/themes/default/default.css HTTP/1.1" 200 1569
190.25.204.196 - - [31/Dec/2016:19:55:18 -0500] "GET /galeria/nivo-slider/themes/pascal/pascal.css HTTP/1.1" 200 2258
192.168.175.104 - - [31/Dec/2016:19:55:18 -0500] "GET / HTTP/1.0" 200 9990
190.25.204.196 - - [31/Dec/2016:19:55:18 -0500] "GET /galeria/nivo-slider/themes/orman/orman.css HTTP/1.1" 200 2152
190.25.204.196 - - [31/Dec/2016:19:55:18 -0500] "GET /galeria/nivo-slider/nivo-slider.css HTTP/1.1" 200 1507
190.25.204.196 - - [31/Dec/2016:19:55:18 -0500] "GET /galeria/nivo-slider/demo/style.css HTTP/1.1" 200 2222
190.25.204.196 - - [31/Dec/2016:19:55:18 -0500] "GET /galeria/nivo-slider/demo/images/banner-fuera-funcionaminto.png HTTP/1.1" 404 1018
190.25.204.196 - - [31/Dec/2016:19:55:18 -0500] "GET /galeria/nivo-slider/demo/images/banner%20encuesta%20sda2-web3.jpg HTTP/1.1" 200 111668
190.25.204.196 - - [31/Dec/2016:19:55:18 -0500] "GET /galeria/nivo-slider/demo/images/pieza%20webtinguas.jpg HTTP/1.1" 200 175651
190.25.204.196 - - [31/Dec/2016:19:55:18 -0500] "GET /galeria/nivo-slider/demo/images/bannerinvitaci%C3%83%C2%B3nacaminatasecologicas2.jpg HTTP/1.1" 404 1018
190.25.204.196 - - [31/Dec/2016:19:55:19 -0500] "GET /galeria/nivo-slider/demo/images/bannersilvicultura.jpg HTTP/1.1" 200 173023
190.25.204.196 - - [31/Dec/2016:19:55:19 -0500] "GET /galeria/nivo-slider/demo/images/BANNERARBOLES.jpg HTTP/1.1" 200 227630
190.25.204.196 - - [31/Dec/2016:19:55:20 -0500] "GET /galeria/nivo-slider/demo/images/ACOPIADORESYGESTORES.jpg HTTP/1.1" 200 118791
190.25.204.196 - - [31/Dec/2016:19:55:20 -0500] "GET /galeria/nivo-slider/demo/images/bannergestionambiental2.jpg HTTP/1.1" 200 245647
190.25.204.196 - - [31/Dec/2016:19:55:20 -0500] "GET /galeria/nivo-slider/demo/images/vegetal.jpg HTTP/1.1" 200 216080
190.25.204.196 - - [31/Dec/2016:19:55:20 -0500] "GET /galeria/nivo-slider/demo/images/Ruta-vertimientos-01.jpg HTTP/1.1" 200 130151
190.25.204.196 - - [31/Dec/2016:19:55:20 -0500] "GET /galeria/nivo-slider/demo/images/bolsas-06.jpg HTTP/1.1" 200 210950
190.25.204.196 - - [31/Dec/2016:19:55:20 -0500] "GET /galeria/nivo-slider/demo/scripts/jquery-1.7.1.min.js HTTP/1.1" 200 93868
190.25.204.196 - - [31/Dec/2016:19:55:21 -0500] "GET /galeria/nivo-slider/jquery.nivo.slider.pack.js HTTP/1.1" 200 11561
190.25.204.196 - - [31/Dec/2016:19:55:21 -0500] "GET /galeria/galeria/fotos/diaSC2.jpg HTTP/1.1" 200 169077
190.25.204.196 - - [31/Dec/2016:19:55:21 -0500] "GET /galeria/galeria/fotos/diaSC2Peq.jpg HTTP/1.1" 200 23761
190.25.204.196 - - [31/Dec/2016:19:55:21 -0500] "GET /galeria/galeria/fotos/diaSC3.jpg HTTP/1.1" 200 194033
190.25.204.196 - - [31/Dec/2016:19:55:21 -0500] "GET /galeria/galeria/fotos/diaSC3Peq.jpg HTTP/1.1" 200 24913
190.25.204.196 - - [31/Dec/2016:19:55:21 -0500] "GET /galeria/galeria/fotos/diaSC4.jpg HTTP/1.1" 200 157834
190.25.204.196 - - [31/Dec/2016:19:55:21 -0500] "GET /galeria/galeria/fotos/diaSC4Peq.jpg HTTP/1.1" 200 21008
190.25.204.196 - - [31/Dec/2016:19:55:21 -0500] "GET /galeria/galeria/fotos/diaSC5.jpg HTTP/1.1" 200 168610
190.25.204.196 - - [31/Dec/2016:19:55:21 -0500] "GET /galeria/galeria/fotos/diaSC5Peq.jpg HTTP/1.1" 200 21681
190.25.204.196 - - [31/Dec/2016:19:55:21 -0500] "GET /galeria/galeria/fotos/diaSC6.jpg HTTP/1.1" 200 117970
190.25.204.196 - - [31/Dec/2016:19:55:21 -0500] "GET /galeria/galeria/fotos/diaSC6Peq.jpg HTTP/1.1" 200 17665
190.25.204.196 - - [31/Dec/2016:19:55:21 -0500] "GET /galeria/galeria/fotos/diaSC7.jpg HTTP/1.1" 200 138801
190.25.204.196 - - [31/Dec/2016:19:55:22 -0500] "GET /galeria/galeria/fotos/diaSC7Peq.jpg HTTP/1.1" 200 18357
190.25.204.196 - - [31/Dec/2016:19:55:22 -0500] "GET /galeria/galeria/fotos/diaSC8.jpg HTTP/1.1" 200 94962
190.25.204.196 - - [31/Dec/2016:19:55:22 -0500] "GET /galeria/galeria/fotos/diaSC8Peq.jpg HTTP/1.1" 200 8852
190.25.204.196 - - [31/Dec/2016:19:55:22 -0500] "GET /galeria/galeria/fotos/diaSC9.jpg HTTP/1.1" 200 127141
190.25.204.196 - - [31/Dec/2016:19:55:22 -0500] "GET /galeria/galeria/fotos/diaSC9Peq.jpg HTTP/1.1" 200 10104
190.25.204.196 - - [31/Dec/2016:19:55:22 -0500] "GET /galeria/galeria/fotos/diaSC10.jpg HTTP/1.1" 200 150830
190.25.204.196 - - [31/Dec/2016:19:55:22 -0500] "GET /galeria/galeria/fotos/diaSC10Peq.jpg HTTP/1.1" 200 11355
190.25.204.196 - - [31/Dec/2016:19:55:22 -0500] "GET /galeria/galeria/fotos/diaSC11.jpg HTTP/1.1" 200 150678
190.25.204.196 - - [31/Dec/2016:19:55:22 -0500] "GET /galeria/galeria/fotos/diaSC11Peq.jpg HTTP/1.1" 200 11680
190.25.204.196 - - [31/Dec/2016:19:55:22 -0500] "GET /galeria/galeria/fotos/diaSC12.jpg HTTP/1.1" 200 152053
190.25.204.196 - - [31/Dec/2016:19:55:22 -0500] "GET /galeria/galeria/fotos/diaSC12Peq.jpg HTTP/1.1" 200 11782
190.25.204.196 - - [31/Dec/2016:19:55:22 -0500] "GET /galeria/galeria/fotos/diaSC13.jpg HTTP/1.1" 200 145086
190.25.204.196 - - [31/Dec/2016:19:55:22 -0500] "GET /galeria/galeria/fotos/diaSC13Peq.jpg HTTP/1.1" 200 11028
190.25.204.196 - - [31/Dec/2016:19:55:22 -0500] "GET /galeria/galeria/fotos/diaSC14.jpg HTTP/1.1" 200 136685
190.25.204.196 - - [31/Dec/2016:19:55:23 -0500] "GET /galeria/galeria/fotos/diaSC14Peq.jpg HTTP/1.1" 200 10726
190.25.204.196 - - [31/Dec/2016:19:55:23 -0500] "GET /BLA/boletinlegal/style.css HTTP/1.1" 200 9406
190.25.204.196 - - [31/Dec/2016:19:55:23 -0500] "GET /BLA/boletinlegal/styles2.css HTTP/1.1" 200 1838
190.25.204.196 - - [31/Dec/2016:19:55:23 -0500] "GET /BLA/boletinlegal/js/jquery.js HTTP/1.1" 200 57254
190.25.204.196 - - [31/Dec/2016:19:55:23 -0500] "GET /BLA/boletinlegal/images/cabezote%20BLEGAL.jpg HTTP/1.1" 200 118164
190.25.204.196 - - [31/Dec/2016:19:55:23 -0500] "GET /BLA/boletinlegal/actos.php HTTP/1.1" 200 8644
190.25.204.196 - - [31/Dec/2016:19:55:23 -0500] "GET /BLA/boletinlegal/doctrina.php HTTP/1.1" 200 5604
190.25.204.196 - - [31/Dec/2016:19:55:23 -0500] "GET /BLA/boletinlegal/jurisprudencia.php HTTP/1.1" 200 13105
190.25.204.196 - - [31/Dec/2016:19:55:23 -0500] "GET /BLA/boletinlegal/conceptos.php HTTP/1.1" 200 7160
190.25.204.196 - - [31/Dec/2016:19:55:23 -0500] "GET /BLA/boletinlegal/documentos-importantes.php HTTP/1.1" 200 4822
190.25.204.196 - - [31/Dec/2016:19:55:23 -0500] "GET /BLA/boletinlegal/images/subscribe-icon-big.png HTTP/1.1" 200 47702
190.25.204.196 - - [31/Dec/2016:19:55:23 -0500] "GET /BLA/boletinlegal/images/historia.png HTTP/1.1" 200 52775
190.25.204.196 - - [31/Dec/2016:19:55:23 -0500] "GET /BLA/boletinlegal/images/registro-usuarios.png HTTP/1.1" 200 8106
190.25.204.196 - - [31/Dec/2016:19:55:23 -0500] "GET /BLA/boletinlegal/images/arr_l.jpg HTTP/1.1" 200 1979
190.25.204.196 - - [31/Dec/2016:19:55:23 -0500] "GET /BLA/boletinlegal/images/screen_1.png HTTP/1.1" 200 202547
190.25.204.196 - - [31/Dec/2016:19:55:23 -0500] "GET /BLA/boletinlegal/sugerencias.php HTTP/1.1" 200 8615
190.25.204.196 - - [31/Dec/2016:19:55:23 -0500] "GET /BLA/boletinlegal/images/launch.jpg HTTP/1.1" 200 14577
190.25.204.196 - - [31/Dec/2016:19:55:26 -0500] "GET /BLA/boletinlegal/norma_menu.php HTTP/1.1" 200 6318
66.249.66.178 - - [31/Dec/2016:19:55:34 -0500] "GET /BLA/resoluciones/AUTOS%202007/3577.pdf HTTP/1.1" 200 185778
201.245.192.253 - - [31/Dec/2016:19:55:49 -0500] "GET /galeria/nivo-slider/demo/undefined HTTP/1.1" 404 1314
66.249.66.175 - - [31/Dec/2016:19:56:07 -0500] "GET /BLA/resoluciones/AUTOS%202007/3058.pdf HTTP/1.1" 200 78270
190.25.204.196 - - [31/Dec/2016:19:56:14 -0500] "GET /BLA/boletinlegal/images/screen_2.png HTTP/1.1" 200 362502
190.25.204.196 - - [31/Dec/2016:19:56:14 -0500] "GET /BLA/boletinlegal/images/screen_3.png HTTP/1.1" 200 210620
190.25.204.196 - - [31/Dec/2016:19:56:14 -0500] "GET /BLA/boletinlegal/images/screen_5.png HTTP/1.1" 200 368876
190.25.204.196 - - [31/Dec/2016:19:56:14 -0500] "GET /BLA/boletinlegal/images/arr_r.jpg HTTP/1.1" 200 1998
190.25.204.196 - - [31/Dec/2016:19:56:14 -0500] "GET /BLA/boletinlegal/Directivas/2016/Directiva%20No.%2003%20del%2026%20de%20Julio%20de%202016.pdf HTTP/1.1" 200 370200
190.25.204.196 - - [31/Dec/2016:19:55:23 -0500] "GET /BLA/boletinlegal/index.php HTTP/1.1" 200 53073
66.249.66.175 - - [31/Dec/2016:19:56:40 -0500] "GET /BLA/resoluciones/AUTOS%202007/3021.pdf HTTP/1.1" 200 84300
180.76.15.30 - - [31/Dec/2016:19:56:50 -0500] "GET /robots.txt HTTP/1.1" 404 1018
190.25.204.196 - - [31/Dec/2016:19:57:01 -0500] "GET /BLA/boletinlegal/images/pdf.gif HTTP/1.1" 200 567
190.25.204.196 - - [31/Dec/2016:19:57:01 -0500] "GET /BLA/boletinlegal/Directivas/2016/Directiva%20No.%2002%20del%2019%20de%20Abril%20de%202016.pdf HTTP/1.1" 200 11898321
190.25.204.196 - - [31/Dec/2016:19:57:01 -0500] "GET /BLA/boletinlegal/Directivas/2016/Directiva%20No.%2001%20del%2012%20de%20Abril%20de%202016.pdf HTTP/1.1" 200 868354
190.25.204.196 - - [31/Dec/2016:19:57:01 -0500] "GET /BLA/boletinlegal/Directivas/2015/Directiva%20No.%2001%20del%2014%20de%20Enero%20de%202015.pdf HTTP/1.1" 200 1416322
190.25.204.196 - - [31/Dec/2016:19:57:01 -0500] "GET /BLA/boletinlegal/Directivas/2014/Directiva%20No.%205%20del%2026%20de%20Diciembre%20de%202014.pdf HTTP/1.1" 200 3424865
190.25.204.196 - - [31/Dec/2016:19:57:01 -0500] "GET /BLA/boletinlegal/Directivas/2014/Directiva%20No.%204%20del%2006%20de%20Junio%20de%202014.pdf HTTP/1.1" 200 236794
190.25.204.196 - - [31/Dec/2016:19:57:02 -0500] "GET /BLA/boletinlegal/Directivas/2014/Directiva%20No.%203%20del%2020%20de%20Mayo%20de%202014.pdf HTTP/1.1" 200 504420
190.25.204.196 - - [31/Dec/2016:19:57:03 -0500] "GET /BLA/boletinlegal/Directivas/2014/Directiva%20No.%202%20del%205%20de%20Mayo%20de%202014.pdf HTTP/1.1" 200 591315
190.25.204.196 - - [31/Dec/2016:19:57:04 -0500] "GET /BLA/boletinlegal/Directivas/2014/Directiva%20No.%201%20del%2010%20de%20Abril%20de%202014.pdf HTTP/1.1" 200 258865
190.25.204.196 - - [31/Dec/2016:19:57:04 -0500] "GET /BLA/boletinlegal/Directivas/2013/Directiva%20No.%203%20del%2016%20de%20julio%20de%202013.pdf HTTP/1.1" 200 127414
192.168.175.104 - - [31/Dec/2016:19:57:06 -0500] "GET / HTTP/1.1" 200 9990
69.162.124.232 - - [31/Dec/2016:19:57:11 -0500] "HEAD / HTTP/1.1" 200 -
66.249.66.175 - - [31/Dec/2016:19:57:14 -0500] "GET /BLA/resoluciones/AUTOS%202007/3225.pdf HTTP/1.1" 200 117354
201.245.192.253 - - [31/Dec/2016:19:57:39 -0500] "GET /galeria/nivo-slider/demo/undefined HTTP/1.1" 404 1314
66.249.66.175 - - [31/Dec/2016:19:57:47 -0500] "GET /BLA/resoluciones/AUTOS%202007/2072.pdf HTTP/1.1" 200 72041
66.249.66.175 - - [31/Dec/2016:19:58:20 -0500] "GET /BLA/resoluciones/AUTOS%202007/2218.pdf HTTP/1.1" 200 69716
190.25.204.196 - - [31/Dec/2016:19:58:37 -0500] "GET /BLA/boletinlegal/Directivas/2013/Directiva%20No.%201%20del%2004%20de%20Abril%20de%202013.pdf HTTP/1.1" 200 472003
190.25.204.196 - - [31/Dec/2016:19:58:37 -0500] "GET /BLA/boletinlegal/Directivas/2012/Directiva%20No.%201%20del%2030%20de%20octubre%20de%202012.pdf HTTP/1.1" 200 1522771
190.25.204.196 - - [31/Dec/2016:19:58:38 -0500] "GET /BLA/boletinlegal/Directivas/2011/Directiva%20No.%2011%20del%2027%20de%20Diciembre%20de%202011.pdf HTTP/1.1" 200 303527
190.25.204.196 - - [31/Dec/2016:19:58:38 -0500] "GET /BLA/boletinlegal/Directivas/2011/Directiva%20No.%2010%20del%2028%20de%20Septiembre%20de%202011.pdf HTTP/1.1" 200 465887
190.25.204.196 - - [31/Dec/2016:19:58:39 -0500] "GET /BLA/boletinlegal/Directivas/2011/Directiva%20No.%209%20del%2023%20de%20Septiembre%20de%202011.pdf HTTP/1.1" 200 326687
190.25.204.196 - - [31/Dec/2016:19:58:39 -0500] "GET /BLA/boletinlegal/Directivas/2013/Directiva%20No.%202%20del%2004%20de%20Abril%20de%202013.pdf HTTP/1.1" 200 1182671
190.25.204.196 - - [31/Dec/2016:19:58:40 -0500] "GET /BLA/boletinlegal/Directivas/2011/Directiva%20No.%208%20del%2020%20de%20Septiembre%20de%202011.pdf HTTP/1.1" 200 727150
190.25.204.196 - - [31/Dec/2016:19:58:40 -0500] "GET /BLA/boletinlegal/Directivas/2011/Directiva%20No.%207%20del%2015%20de%20Septiembre%20de%202011.pdf HTTP/1.1" 200 268084
190.25.204.196 - - [31/Dec/2016:19:58:41 -0500] "GET /BLA/boletinlegal/Directivas/2011/Directiva%20No.%206%20del%208%20de%20Septiembre%20de%202011.pdf HTTP/1.1" 200 996625
190.25.204.196 - - [31/Dec/2016:19:58:41 -0500] "GET /BLA/boletinlegal/Directivas/2011/Directiva%20No.%205%20del%2029%20de%20Agosto%20de%202011.pdf HTTP/1.1" 200 444404
190.25.204.196 - - [31/Dec/2016:19:58:41 -0500] "GET /BLA/boletinlegal/Directivas/2011/Directiva%20No.%204%20del%2028%20de%20Junio%20de%202011.pdf HTTP/1.1" 200 960158
190.25.204.196 - - [31/Dec/2016:19:58:42 -0500] "GET /BLA/boletinlegal/Directivas/2011/Directiva%20No.%203%20del%2027%20de%20Mayo%20de%202011.pdf HTTP/1.1" 200 910420
190.25.204.196 - - [31/Dec/2016:19:58:43 -0500] "GET /BLA/boletinlegal/Directivas/2011/Directiva%20No.%202%20del%2017%20de%20Mayo%20de%202011.pdf HTTP/1.1" 200 495382
190.25.204.196 - - [31/Dec/2016:19:58:43 -0500] "GET /BLA/boletinlegal/Directivas/2011/Directiva%20No.%201%20del%205%20de%20Abril%20de%202011.pdf HTTP/1.1" 200 971292
190.25.204.196 - - [31/Dec/2016:19:58:45 -0500] "GET /BLA/boletinlegal/Directivas/2009/Directiva%20No.%20del%2023%20de%20Diciembre%20de%202009.pdf HTTP/1.1" 200 1636862
190.25.204.196 - - [31/Dec/2016:19:58:45 -0500] "GET /BLA/boletinlegal/Circulares/2015/Circular%20No.%201%20del%2010%20de%20Febrero%20de%202015.pdf HTTP/1.1" 200 660637
190.25.204.196 - - [31/Dec/2016:19:58:46 -0500] "GET /BLA/boletinlegal/Circulares/2015/Circular%20No.%202%20del%201%20de%20julio%20de%202015.pdf HTTP/1.1" 200 752890
190.25.204.196 - - [31/Dec/2016:19:58:48 -0500] "GET /BLA/boletinlegal/Circulares/2014/Circular%20No.%203%20del%2014%20de%20Noviembre%20de%202014.pdf HTTP/1.1" 200 104132
66.249.66.175 - - [31/Dec/2016:19:59:26 -0500] "GET /BLA/resoluciones/AUTOS%202007/2137.pdf HTTP/1.1" 200 112679
201.245.192.253 - - [31/Dec/2016:19:59:30 -0500] "GET /galeria/nivo-slider/demo/undefined HTTP/1.1" 404 1314
192.168.175.104 - - [31/Dec/2016:19:59:34 -0500] "GET / HTTP/1.1" 200 9990
190.84.205.209 - - [31/Dec/2016:19:59:43 -0500] "GET /galeria/galeria/jquery.fancybox.js?v=2.1.5 HTTP/1.1" 200 48706
190.84.205.209 - - [31/Dec/2016:19:59:43 -0500] "GET /BLA/boletinlegal/js/jquery.scrollShow.js HTTP/1.1" 200 4586
190.84.205.209 - - [31/Dec/2016:19:59:43 -0500] "GET /galeria/galeria/jquery.fancybox.css?v=2.1.5 HTTP/1.1" 200 4895
66.249.66.175 - - [31/Dec/2016:19:59:59 -0500] "GET /BLA/resoluciones/RESOLUCIONES%202008/4906.pdf HTTP/1.1" 200 216057
190.84.205.209 - - [31/Dec/2016:20:00:05 -0500] "GET /galeria/galeria/jquery.fancybox.js?v=2.1.5 HTTP/1.1" 304 -
190.84.205.209 - - [31/Dec/2016:20:00:05 -0500] "GET /BLA/boletinlegal/js/jquery.scrollShow.js HTTP/1.1" 304 -
190.84.205.209 - - [31/Dec/2016:20:00:05 -0500] "GET /galeria/galeria/jquery.fancybox.css?v=2.1.5 HTTP/1.1" 304 -
192.168.175.104 - - [31/Dec/2016:20:00:16 -0500] "GET / HTTP/1.0" 200 9990
181.130.102.110 - - [31/Dec/2016:20:00:28 -0500] "GET /BLA/boletinlegal/js/jquery.scrollShow.js HTTP/1.1" 200 4586
181.130.102.110 - - [31/Dec/2016:20:00:29 -0500] "GET /galeria/galeria/jquery.fancybox.css?v=2.1.5 HTTP/1.1" 200 4895
181.130.102.110 - - [31/Dec/2016:20:00:29 -0500] "GET /galeria/galeria/jquery.fancybox.js?v=2.1.5 HTTP/1.1" 200 48706
186.4.30.217 - - [31/Dec/2016:20:00:36 -0500] "GET /galeria/galeria/jquery.fancybox.css?v=2.1.5 HTTP/1.1" 200 4895
186.4.30.217 - - [31/Dec/2016:20:00:36 -0500] "GET /BLA/boletinlegal/js/jquery.scrollShow.js HTTP/1.1" 200 4586
186.4.30.217 - - [31/Dec/2016:20:00:36 -0500] "GET /galeria/galeria/jquery.fancybox.js?v=2.1.5 HTTP/1.1" 200 48706
190.25.204.196 - - [31/Dec/2016:20:00:48 -0500] "GET /BLA/boletinlegal/Circulares/2014/Circular%20No.%202%20del%2021%20de%20septiembre%20de%202014.pdf HTTP/1.1" 200 143376
190.25.204.196 - - [31/Dec/2016:20:00:49 -0500] "GET /BLA/boletinlegal/Circulares/2014/Circular%20No.%201%20del%2008%20de%20Mayo%20de%202014.pdf HTTP/1.1" 200 180124
190.25.204.196 - - [31/Dec/2016:20:00:49 -0500] "GET /BLA/boletinlegal/Circulares/2013/Circular%20No.%208%20del%201%20de%20Noviembre%20de%202013.pdf HTTP/1.1" 200 385156
190.25.204.196 - - [31/Dec/2016:20:00:50 -0500] "GET /BLA/boletinlegal/Circulares/2013/Circular%20No.%207%20del%201%20de%20Agosto%20de%202013.pdf HTTP/1.1" 200 340934
190.25.204.196 - - [31/Dec/2016:20:00:50 -0500] "GET /BLA/boletinlegal/Circulares/2013/Circular%20No.%206%20del%2019%20de%20julio%20de%202013.pdf HTTP/1.1" 200 4210437
190.25.204.196 - - [31/Dec/2016:20:00:51 -0500] "GET /BLA/boletinlegal/Circulares/2013/Circular%20No.%205%20del%2013%20de%20junio%20de%202013.pdf HTTP/1.1" 200 110904
190.25.204.196 - - [31/Dec/2016:20:00:51 -0500] "GET /BLA/boletinlegal/Circulares/2013/Circular%20No.%204%20del%2005%20de%20junio%20de%202013.pdf HTTP/1.1" 200 130461
190.25.204.196 - - [31/Dec/2016:20:00:52 -0500] "GET /BLA/boletinlegal/Circulares/2013/Circular%20No.%203%20del%2005%20de%20abril%20de%202013.pdf HTTP/1.1" 200 93580
190.25.204.196 - - [31/Dec/2016:20:00:52 -0500] "GET /BLA/boletinlegal/Circulares/2013/Circular%20No.%202%20del%2022%20de%20enero%20de%202013.pdf HTTP/1.1" 200 85466
66.249.66.178 - - [31/Dec/2016:20:01:05 -0500] "GET /BLA/resoluciones/AUTOS%202007/2181.pdf HTTP/1.1" 200 47882
201.245.192.253 - - [31/Dec/2016:20:01:20 -0500] "GET /galeria/nivo-slider/demo/undefined HTTP/1.1" 404 1314
192.168.175.104 - - [31/Dec/2016:20:02:04 -0500] "GET / HTTP/1.1" 200 9990
69.162.124.232 - - [31/Dec/2016:20:02:11 -0500] "HEAD / HTTP/1.1" 200 -
66.249.66.175 - - [31/Dec/2016:20:02:12 -0500] "GET /BLA/resoluciones/RESOLUCIONES%202011/6971.pdf HTTP/1.1" 304 -
201.245.192.253 - - [31/Dec/2016:20:03:11 -0500] "GET /galeria/nivo-slider/demo/undefined HTTP/1.1" 404 1314
190.25.204.196 - - [31/Dec/2016:19:53:17 -0500] "GET /videos/CRRFFS.mp4 HTTP/1.1" 200 286784363
190.26.38.44 - - [31/Dec/2016:20:04:17 -0500] "GET /galeria/galeria/jquery.fancybox.css?v=2.1.5 HTTP/1.1" 200 4895
190.26.38.44 - - [31/Dec/2016:20:04:17 -0500] "GET /galeria/carrusel/Carrusel/jquery.thumbnailScroller.css HTTP/1.1" 200 2066
190.26.38.44 - - [31/Dec/2016:20:04:17 -0500] "GET /galeria/carrusel/Carrusel/jquery-ui-1.8.13.custom.min.js HTTP/1.1" 200 10800
190.26.38.44 - - [31/Dec/2016:20:04:17 -0500] "GET /galeria/carrusel/Carrusel/jquery.thumbnailScroller.js HTTP/1.1" 200 8157
190.26.38.44 - - [31/Dec/2016:20:04:17 -0500] "GET /galeria/galeria/jquery.fancybox.js?v=2.1.5 HTTP/1.1" 200 48706
190.26.38.44 - - [31/Dec/2016:20:04:17 -0500] "GET /BLA/boletinlegal/js/jquery.scrollShow.js HTTP/1.1" 200 4586
190.26.38.44 - - [31/Dec/2016:20:04:28 -0500] "GET /galeria/nivo-slider/demo/demo.html HTTP/1.1" 200 3366
190.26.38.44 - - [31/Dec/2016:20:04:28 -0500] "GET /galeria/nivo-slider/themes/orman/orman.css HTTP/1.1" 200 2152
190.26.38.44 - - [31/Dec/2016:20:04:28 -0500] "GET /galeria/nivo-slider/demo/style.css HTTP/1.1" 200 2222
190.26.38.44 - - [31/Dec/2016:20:04:28 -0500] "GET /galeria/nivo-slider/themes/default/default.css HTTP/1.1" 200 1569
190.26.38.44 - - [31/Dec/2016:20:04:28 -0500] "GET /galeria/nivo-slider/nivo-slider.css HTTP/1.1" 200 1507
190.26.38.44 - - [31/Dec/2016:20:04:28 -0500] "GET /galeria/nivo-slider/themes/pascal/pascal.css HTTP/1.1" 200 2258
190.26.38.44 - - [31/Dec/2016:20:04:29 -0500] "GET /galeria/nivo-slider/demo/images/banner%20encuesta%20sda2-web3.jpg HTTP/1.1" 200 111668
190.26.38.44 - - [31/Dec/2016:20:04:29 -0500] "GET /galeria/nivo-slider/demo/images/bannerinvitaci%C3%B3nacaminatasecologicas2.jpg HTTP/1.1" 200 513253
190.26.38.44 - - [31/Dec/2016:20:04:29 -0500] "GET /galeria/nivo-slider/demo/images/pieza%20webtinguas.jpg HTTP/1.1" 200 175651
190.26.38.44 - - [31/Dec/2016:20:04:29 -0500] "GET /galeria/nivo-slider/demo/images/bannersilvicultura.jpg HTTP/1.1" 200 173023
190.26.38.44 - - [31/Dec/2016:20:04:29 -0500] "GET /galeria/nivo-slider/demo/images/BANNERARBOLES.jpg HTTP/1.1" 200 227630
190.26.38.44 - - [31/Dec/2016:20:04:30 -0500] "GET /galeria/nivo-slider/demo/images/ACOPIADORESYGESTORES.jpg HTTP/1.1" 200 118791
190.26.38.44 - - [31/Dec/2016:20:04:31 -0500] "GET /galeria/nivo-slider/demo/scripts/jquery-1.7.1.min.js HTTP/1.1" 200 93868
190.26.38.44 - - [31/Dec/2016:20:04:31 -0500] "GET /galeria/nivo-slider/jquery.nivo.slider.pack.js HTTP/1.1" 200 11561
192.168.175.104 - - [31/Dec/2016:20:04:32 -0500] "GET / HTTP/1.1" 200 9990
190.26.38.44 - - [31/Dec/2016:20:04:32 -0500] "GET /galeria/nivo-slider/demo/images/vegetal.jpg HTTP/1.1" 200 216080
190.26.38.44 - - [31/Dec/2016:20:04:32 -0500] "GET /galeria/nivo-slider/demo/images/bannergestionambiental2.jpg HTTP/1.1" 200 245647
190.26.38.44 - - [31/Dec/2016:20:04:32 -0500] "GET /galeria/nivo-slider/demo/images/Ruta-vertimientos-01.jpg HTTP/1.1" 200 130151
190.26.38.44 - - [31/Dec/2016:20:04:32 -0500] "GET /galeria/nivo-slider/demo/images/bolsas-06.jpg HTTP/1.1" 200 210950
190.26.38.44 - - [31/Dec/2016:20:04:32 -0500] "GET /galeria/nivo-slider/demo/images/4Simple_Slider.png HTTP/1.1" 200 11722
190.26.38.44 - - [31/Dec/2016:20:04:33 -0500] "GET /galeria/nivo-slider/themes/default/loading.gif HTTP/1.1" 200 1737
190.26.38.44 - - [31/Dec/2016:20:04:39 -0500] "GET /galeria/nivo-slider/themes/default/arrows.png HTTP/1.1" 200 824
190.26.38.44 - - [31/Dec/2016:20:04:39 -0500] "GET /galeria/nivo-slider/themes/default/bullets.png HTTP/1.1" 200 1281
157.55.39.43 - - [31/Dec/2016:20:04:56 -0500] "GET / HTTP/1.1" 200 9990
201.245.192.253 - - [31/Dec/2016:20:05:02 -0500] "GET /galeria/nivo-slider/demo/undefined HTTP/1.1" 404 1314
192.168.175.104 - - [31/Dec/2016:20:05:14 -0500] "GET / HTTP/1.0" 200 9990
190.25.204.196 - - [31/Dec/2016:20:05:43 -0500] "GET /BLA/boletinlegal/Circulares/2013/Circular%20No.%201%20del%2014%20de%20enero%20de%202013.pdf HTTP/1.1" 200 1298384
190.25.204.196 - - [31/Dec/2016:20:05:43 -0500] "GET /BLA/boletinlegal/Circulares/2012/Circular%20No.%2016%20del%2022%20de%20octubre%20de%202012.pdf HTTP/1.1" 200 381186
190.25.204.196 - - [31/Dec/2016:20:05:43 -0500] "GET /BLA/boletinlegal/Circulares/2012/Circular%20No.%2015%20del%2022%20de%20octubre%20de%202012.pdf HTTP/1.1" 200 486506
190.25.204.196 - - [31/Dec/2016:20:05:44 -0500] "GET /BLA/boletinlegal/Circulares/2012/Circular%20No.%2014%20del%2011%20de%20Septiembre%20de%202012.pdf HTTP/1.1" 200 3427471
190.25.204.196 - - [31/Dec/2016:20:05:44 -0500] "GET /BLA/boletinlegal/Circulares/2012/Circular%20No.%2013%20del%2006%20de%20Septiembre%20de%202012.pdf HTTP/1.1" 200 351421
190.25.204.196 - - [31/Dec/2016:20:05:44 -0500] "GET /BLA/boletinlegal/Circulares/2012/Circular%20No.%2011%20del%2027%20de%20Agosto%20de%202012.pdf HTTP/1.1" 200 526945
190.25.204.196 - - [31/Dec/2016:20:05:44 -0500] "GET /BLA/boletinlegal/Circulares/2012/Circular%20No.%2010%20del%2022%20de%20Agosto%20de%202012.pdf HTTP/1.1" 200 1563219
190.25.204.196 - - [31/Dec/2016:20:05:44 -0500] "GET /BLA/boletinlegal/Circulares/2012/Circular%20No.%209%20del%2021%20de%20Agosto%20de%202012.pdf HTTP/1.1" 200 1402289
190.25.204.196 - - [31/Dec/2016:20:05:45 -0500] "GET /BLA/boletinlegal/Circulares/2012/Circular%20No.%208%20del%2021%20de%20Agosto%20de%202012.pdf HTTP/1.1" 200 963197
190.25.204.196 - - [31/Dec/2016:20:05:47 -0500] "GET /BLA/boletinlegal/Circulares/2012/Circular%20No.%2012%20del%2028%20de%20Agosto%20de%202012.pdf HTTP/1.1" 200 369945
186.155.13.60 - - [31/Dec/2016:20:06:21 -0500] "GET /galeria/nivo-slider/themes/default/arrows.png HTTP/1.1" 200 824
186.155.13.60 - - [31/Dec/2016:20:06:21 -0500] "GET /galeria/nivo-slider/themes/default/bullets.png HTTP/1.1" 200 1281
190.25.204.196 - - [31/Dec/2016:20:06:40 -0500] "GET /BLA/boletinlegal/Circulares/2012/Circular%20No.%207%20del%2008%20de%20Agosto%20de%202012.pdf HTTP/1.1" 200 972955
190.25.204.196 - - [31/Dec/2016:20:06:41 -0500] "GET /BLA/boletinlegal/Circulares/2012/Circular%20No.%206%20del%2025%20de%20Mayo%20de%202012.pdf HTTP/1.1" 200 387391
190.25.204.196 - - [31/Dec/2016:20:06:41 -0500] "GET /BLA/boletinlegal/Circulares/2012/Circular%20No.%205%20del%2027%20de%20Abril%20de%202012.pdf HTTP/1.1" 200 216613
190.25.204.196 - - [31/Dec/2016:20:06:42 -0500] "GET /BLA/boletinlegal/Circulares/2012/Circular%20No.%204%20del%2019%20de%20abril%20de%202012.pdf HTTP/1.1" 200 253045
190.25.204.196 - - [31/Dec/2016:20:06:42 -0500] "GET /BLA/boletinlegal/Circulares/2012/Circular%20No.%203%20del%2023%20de%20Marzo%20de%202012.pdf HTTP/1.1" 200 572950
190.25.204.196 - - [31/Dec/2016:20:06:42 -0500] "GET /BLA/boletinlegal/Circulares/2012/Circular%20No.%202%20del%2014%20de%20Marzo%20de%202012.pdf HTTP/1.1" 200 113666
190.25.204.196 - - [31/Dec/2016:20:06:42 -0500] "GET /BLA/boletinlegal/Circulares/2012/Circular%20No.%2010%20del%2026%20de%20Enero%20de%202012.pdf HTTP/1.1" 404 1018
190.25.204.196 - - [31/Dec/2016:20:06:42 -0500] "GET /BLA/boletinlegal/Circulares/2012/Circular%20No.%201%20del%2017%20de%20Enero%20de%202012.pdf HTTP/1.1" 200 1118749
190.25.204.196 - - [31/Dec/2016:20:06:42 -0500] "GET /BLA/boletinlegal/Circulares/2011/Circular%20No.%208%20del%2020%20de%20Septiembre%20de%202011.pdf HTTP/1.1" 200 285158
190.25.204.196 - - [31/Dec/2016:20:06:45 -0500] "GET /BLA/boletinlegal/Circulares/2011/Circular%20No.%209%20del%2003%20de%20Noviembre%20de%202011.pdf HTTP/1.1" 200 54568
201.245.192.253 - - [31/Dec/2016:20:06:52 -0500] "GET /galeria/nivo-slider/demo/undefined HTTP/1.1" 404 1314
192.168.175.104 - - [31/Dec/2016:20:07:01 -0500] "GET / HTTP/1.1" 200 9990
69.162.124.232 - - [31/Dec/2016:20:07:11 -0500] "HEAD / HTTP/1.1" 200 -
66.249.66.181 - - [31/Dec/2016:20:08:16 -0500] "GET /BLA/resoluciones/RESOLUCIONES%202008/0113.pdf HTTP/1.1" 200 17086
201.245.192.253 - - [31/Dec/2016:20:08:43 -0500] "GET /galeria/nivo-slider/demo/undefined HTTP/1.1" 404 1314
190.25.204.196 - - [31/Dec/2016:20:09:22 -0500] "GET /BLA/boletinlegal/Circulares/2011/Circular%20No.%207%20del%2023%20de%20Diciembre%20de%202011.pdf HTTP/1.1" 200 1107785
190.25.204.196 - - [31/Dec/2016:20:09:22 -0500] "GET /BLA/boletinlegal/Circulares/2011/Circular%20No.%207%20del%2015%20de%20Septiembre%20de%202011.pdf HTTP/1.1" 200 314873
190.25.204.196 - - [31/Dec/2016:20:09:22 -0500] "GET /BLA/boletinlegal/Circulares/2011/Circular%20No.%206%20del%2029%20de%20Julio%20de%202011.pdf HTTP/1.1" 200 262144
190.25.204.196 - - [31/Dec/2016:20:09:22 -0500] "GET /BLA/boletinlegal/Circulares/2011/Circular%20No.%205%20del%2012%20de%20Agosto%20de%202011.pdf HTTP/1.1" 200 431796
190.25.204.196 - - [31/Dec/2016:20:09:22 -0500] "GET /BLA/boletinlegal/Circulares/2011/Circular%20No.%205%20del%2014%20de%20Julio%20de%202011.pdf HTTP/1.1" 200 1488992
190.25.204.196 - - [31/Dec/2016:20:09:22 -0500] "GET /BLA/boletinlegal/Circulares/2011/Circular%20No.%204%20del%2012%20de%20Agosto%20de%202011.pdf HTTP/1.1" 200 601047
190.25.204.196 - - [31/Dec/2016:20:09:22 -0500] "GET /BLA/boletinlegal/Circulares/2011/Circular%20No.%204%20del%2014%20de%20Julio%20de%202011.pdf HTTP/1.1" 200 399895
190.25.204.196 - - [31/Dec/2016:20:09:23 -0500] "GET /BLA/boletinlegal/Circulares/2011/Circular%20No.%203%20del%2023%20de%20Junio%20de%202011.pdf HTTP/1.1" 200 1452758
190.25.204.196 - - [31/Dec/2016:20:09:25 -0500] "GET /BLA/boletinlegal/Circulares/2011/Circular%20No.%206%20del%2023%20de%20Septiembre%20de%202011.pdf HTTP/1.1" 200 252800
192.168.175.104 - - [31/Dec/2016:20:09:30 -0500] "GET / HTTP/1.1" 200 9990
190.25.204.196 - - [31/Dec/2016:20:10:08 -0500] "GET /BLA/boletinlegal/Circulares/2011/Circular%20No.%203%20del%2016%20de%20Junio%20de%202011.pdf HTTP/1.1" 200 346378
190.25.204.196 - - [31/Dec/2016:20:10:08 -0500] "GET /BLA/boletinlegal/Circulares/2011/Circular%20No.%202%20del%2031%20de%20Mayo%20de%202011.pdf HTTP/1.1" 200 496778
190.25.204.196 - - [31/Dec/2016:20:10:08 -0500] "GET /BLA/boletinlegal/Circulares/2011/Circular%20No.%202%20del%2026%20de%20Mayo%20de%202011.pdf HTTP/1.1" 200 644194
190.25.204.196 - - [31/Dec/2016:20:10:09 -0500] "GET /BLA/boletinlegal/Circulares/2011/Circular%20No.%201%20del%2012%20de%20Abril%20de%202011.pdf HTTP/1.1" 200 366269
190.25.204.196 - - [31/Dec/2016:20:10:09 -0500] "GET /BLA/boletinlegal/Circulares/2011/Circular%20No.%201%20del%2023%20de%20Febrero%20de%202011.pdf HTTP/1.1" 200 540140
190.25.204.196 - - [31/Dec/2016:20:10:09 -0500] "GET /BLA/boletinlegal/Circulares/2010/Circular%2006%20de%208%20de%20septiembre%20de%202010.pdf HTTP/1.1" 200 4657752
190.25.204.196 - - [31/Dec/2016:20:10:10 -0500] "GET /BLA/boletinlegal/Circulares/2010/Circular%2004%20de%2021%20de%20abril%20de%202010.pdf HTTP/1.1" 200 682373
190.25.204.196 - - [31/Dec/2016:20:10:10 -0500] "GET /BLA/boletinlegal/Circulares/2010/Circular%2003%20de%2015%20de%20marzo%20de%202010.pdf HTTP/1.1" 200 299174
190.25.204.196 - - [31/Dec/2016:20:10:11 -0500] "GET /BLA/boletinlegal/Circulares/2010/Circular%2002%20de%2025%20de%20febrero%20de%202010.pdf HTTP/1.1" 200 233254
190.25.204.196 - - [31/Dec/2016:20:10:11 -0500] "GET /BLA/boletinlegal/Circulares/2010/Circular%2001%20de%2018%20de%20febrero%20de%202010.pdf HTTP/1.1" 200 72083
192.168.175.104 - - [31/Dec/2016:20:10:11 -0500] "GET / HTTP/1.0" 200 9990
190.25.204.196 - - [31/Dec/2016:20:10:12 -0500] "GET /BLA/boletinlegal/Circulares/2009/Circular%20No.%2035%20del%2024%20de%20Diciembre%20de%202009.pdf HTTP/1.1" 200 578234
190.25.204.196 - - [31/Dec/2016:20:10:12 -0500] "GET /BLA/boletinlegal/Circulares/2009/Circular%20Instructiva%20-%20Memorando%202009IE24363.pdf HTTP/1.1" 200 1544636
190.25.204.196 - - [31/Dec/2016:20:10:12 -0500] "GET /BLA/boletinlegal/Circulares/2011/Circular%20003%20de%20Febrero%20de%202011.pdf HTTP/1.1" 200 224758
190.25.204.196 - - [31/Dec/2016:20:10:12 -0500] "GET /BLA/boletinlegal/Circulares/2010/Circular%2005%20de%208%20de%20septiembre%20de%202010.pdf HTTP/1.1" 200 2146608
190.25.204.196 - - [31/Dec/2016:20:10:12 -0500] "GET /BLA/boletinlegal/actas/463597.pdf HTTP/1.1" 200 250044
190.25.204.196 - - [31/Dec/2016:20:10:12 -0500] "GET /BLA/boletinlegal/actas/374122.pdf HTTP/1.1" 200 181942
190.25.204.196 - - [31/Dec/2016:20:10:13 -0500] "GET /BLA/boletinlegal/actas/079-2013.pdf HTTP/1.1" 200 1500109
201.245.192.253 - - [31/Dec/2016:20:10:34 -0500] "GET /galeria/nivo-slider/demo/undefined HTTP/1.1" 404 1314
190.25.204.196 - - [31/Dec/2016:20:10:40 -0500] "GET /BLA/boletinlegal/actas/097-2013.pdf HTTP/1.1" 200 164183
190.25.204.196 - - [31/Dec/2016:20:10:40 -0500] "GET /BLA/boletinlegal/actas/acta%20de%20acuerdo%2002%20adop%20regla%20inter%20mesa%20salud%20ambie.pdf HTTP/1.1" 200 479782
190.25.204.196 - - [31/Dec/2016:20:10:40 -0500] "GET /BLA/boletinlegal/actas/acta%20de%20acuerdo%2001%20adop%20regla%20inter%20CISPAER.pdf HTTP/1.1" 200 837068
190.25.204.196 - - [31/Dec/2016:20:10:40 -0500] "GET /BLA/boletinlegal/images/img_1.jpg HTTP/1.1" 200 8067
190.25.204.196 - - [31/Dec/2016:20:10:40 -0500] "GET /BLA/boletinlegal/images/tel.png HTTP/1.1" 200 14477
190.25.204.196 - - [31/Dec/2016:20:10:40 -0500] "GET /BLA/boletinlegal/images/icono-email.png HTTP/1.1" 200 5544
190.25.204.196 - - [31/Dec/2016:20:10:40 -0500] "GET /BLA/boletinlegal/images/img_3.jpg HTTP/1.1" 200 1841
66.249.88.4 - - [31/Dec/2016:20:10:52 -0500] "GET /BLA/boletinlegal/js/jquery.scrollShow.js HTTP/1.1" 200 4586
66.249.88.4 - - [31/Dec/2016:20:10:52 -0500] "GET /galeria/galeria/jquery.fancybox.js?v=2.1.5 HTTP/1.1" 200 48706
66.249.88.1 - - [31/Dec/2016:20:10:52 -0500] "GET /galeria/galeria/jquery.fancybox.css?v=2.1.5 HTTP/1.1" 200 4895
66.249.88.1 - - [31/Dec/2016:20:10:58 -0500] "GET /galeria/galeria/jquery.fancybox.css?v=2.1.5 HTTP/1.1" 304 -
66.249.88.1 - - [31/Dec/2016:20:10:58 -0500] "GET /BLA/boletinlegal/js/jquery.scrollShow.js HTTP/1.1" 304 -
66.249.88.7 - - [31/Dec/2016:20:10:58 -0500] "GET /galeria/galeria/jquery.fancybox.js?v=2.1.5 HTTP/1.1" 304 -
192.168.175.104 - - [31/Dec/2016:20:12:00 -0500] "GET / HTTP/1.1" 200 9990
69.162.124.232 - - [31/Dec/2016:20:12:11 -0500] "HEAD / HTTP/1.1" 200 -
201.245.192.253 - - [31/Dec/2016:20:12:24 -0500] "GET /galeria/nivo-slider/demo/undefined HTTP/1.1" 404 1314
190.9.205.30 - - [31/Dec/2016:20:14:10 -0500] "GET /galeria/galeria/jquery.fancybox.css?v=2.1.5 HTTP/1.1" 200 4895
190.9.205.30 - - [31/Dec/2016:20:14:10 -0500] "GET /galeria/carrusel/Carrusel/jquery.thumbnailScroller.css HTTP/1.1" 200 2066
190.9.205.30 - - [31/Dec/2016:20:14:10 -0500] "GET /BLA/boletinlegal/js/jquery.scrollShow.js HTTP/1.1" 200 4586
190.9.205.30 - - [31/Dec/2016:20:14:10 -0500] "GET /galeria/galeria/jquery.fancybox.js?v=2.1.5 HTTP/1.1" 200 48706
190.9.205.30 - - [31/Dec/2016:20:14:13 -0500] "GET /galeria/carrusel/Carrusel/jquery-ui-1.8.13.custom.min.js HTTP/1.1" 200 10800
190.9.205.30 - - [31/Dec/2016:20:14:13 -0500] "GET /galeria/carrusel/Carrusel/jquery.thumbnailScroller.js HTTP/1.1" 200 8157
201.245.192.253 - - [31/Dec/2016:20:14:15 -0500] "GET /galeria/nivo-slider/demo/undefined HTTP/1.1" 404 1314
190.9.205.30 - - [31/Dec/2016:20:14:16 -0500] "GET /galeria/nivo-slider/demo/demo.html HTTP/1.1" 200 3366
190.9.205.30 - - [31/Dec/2016:20:14:16 -0500] "GET /galeria/nivo-slider/themes/default/default.css HTTP/1.1" 200 1569
190.9.205.30 - - [31/Dec/2016:20:14:17 -0500] "GET /galeria/nivo-slider/themes/pascal/pascal.css HTTP/1.1" 200 2258
190.9.205.30 - - [31/Dec/2016:20:14:17 -0500] "GET /galeria/nivo-slider/themes/orman/orman.css HTTP/1.1" 200 2152
190.9.205.30 - - [31/Dec/2016:20:14:17 -0500] "GET /galeria/nivo-slider/nivo-slider.css HTTP/1.1" 200 1507
190.9.205.30 - - [31/Dec/2016:20:14:17 -0500] "GET /galeria/nivo-slider/demo/style.css HTTP/1.1" 200 2222
190.9.205.30 - - [31/Dec/2016:20:14:17 -0500] "GET /galeria/nivo-slider/demo/scripts/jquery-1.7.1.min.js HTTP/1.1" 200 93868
190.9.205.30 - - [31/Dec/2016:20:14:17 -0500] "GET /galeria/nivo-slider/demo/images/banner%20encuesta%20sda2-web3.jpg HTTP/1.1" 200 111668
190.9.205.30 - - [31/Dec/2016:20:14:17 -0500] "GET /galeria/nivo-slider/jquery.nivo.slider.pack.js HTTP/1.1" 200 11561
190.9.205.30 - - [31/Dec/2016:20:14:18 -0500] "GET /galeria/nivo-slider/demo/images/pieza%20webtinguas.jpg HTTP/1.1" 200 175651
190.9.205.30 - - [31/Dec/2016:20:14:18 -0500] "GET /galeria/nivo-slider/demo/images/bannerinvitaci%C3%B3nacaminatasecologicas2.jpg HTTP/1.1" 200 513253
190.9.205.30 - - [31/Dec/2016:20:14:18 -0500] "GET /galeria/nivo-slider/demo/images/bannersilvicultura.jpg HTTP/1.1" 200 173023
190.9.205.30 - - [31/Dec/2016:20:14:19 -0500] "GET /galeria/nivo-slider/themes/default/loading.gif HTTP/1.1" 200 1737
190.9.205.30 - - [31/Dec/2016:20:14:22 -0500] "GET /galeria/nivo-slider/demo/images/4Simple_Slider.png HTTP/1.1" 200 11722
190.9.205.30 - - [31/Dec/2016:20:14:27 -0500] "GET /galeria/nivo-slider/demo/images/BANNERARBOLES.jpg HTTP/1.1" 200 227630
192.168.175.104 - - [31/Dec/2016:20:14:28 -0500] "GET / HTTP/1.1" 200 9990
190.9.205.30 - - [31/Dec/2016:20:14:33 -0500] "GET /galeria/nivo-slider/demo/images/ACOPIADORESYGESTORES.jpg HTTP/1.1" 200 118791
190.9.205.30 - - [31/Dec/2016:20:14:35 -0500] "GET /galeria/nivo-slider/demo/images/bannergestionambiental2.jpg HTTP/1.1" 200 245647
190.9.205.30 - - [31/Dec/2016:20:14:35 -0500] "GET /galeria/nivo-slider/demo/images/vegetal.jpg HTTP/1.1" 200 216080
190.9.205.30 - - [31/Dec/2016:20:14:52 -0500] "GET /galeria/galeria/jquery.fancybox.css?v=2.1.5 HTTP/1.1" 304 -
190.9.205.30 - - [31/Dec/2016:20:14:52 -0500] "GET /BLA/boletinlegal/js/jquery.scrollShow.js HTTP/1.1" 304 -
190.9.205.30 - - [31/Dec/2016:20:14:52 -0500] "GET /galeria/galeria/jquery.fancybox.js?v=2.1.5 HTTP/1.1" 304 -
66.249.66.175 - - [31/Dec/2016:20:14:54 -0500] "GET /BLA/resoluciones/AUTOS%202016/1706.pdf HTTP/1.1" 200 338211
192.168.175.104 - - [31/Dec/2016:20:15:10 -0500] "GET / HTTP/1.0" 200 9990
201.245.192.253 - - [31/Dec/2016:20:16:05 -0500] "GET /galeria/nivo-slider/demo/undefined HTTP/1.1" 404 1314
192.168.175.104 - - [31/Dec/2016:20:16:58 -0500] "GET / HTTP/1.1" 200 9990
69.162.124.232 - - [31/Dec/2016:20:17:11 -0500] "HEAD / HTTP/1.1" 200 -
66.249.66.183 - - [31/Dec/2016:20:17:40 -0500] "GET /portalsiaccapacitaciones/Soportes%20Capacitaciones%202015/0003.%20Taller%20HC%20Corporativa%20SDA%20Mayo%202015.pptx HTTP/1.1" 304 -
157.55.39.93 - - [31/Dec/2016:20:17:52 -0500] "GET /POT-2013/ HTTP/1.1" 200 2679
201.245.192.253 - - [31/Dec/2016:20:17:56 -0500] "GET /galeria/nivo-slider/demo/undefined HTTP/1.1" 404 1314
181.54.69.124 - - [31/Dec/2016:20:18:31 -0500] "GET /BLA/boletinlegal/js/jquery.scrollShow.js HTTP/1.1" 200 4586
181.54.69.124 - - [31/Dec/2016:20:18:31 -0500] "GET /galeria/galeria/jquery.fancybox.js?v=2.1.5 HTTP/1.1" 200 48706
181.54.69.124 - - [31/Dec/2016:20:18:31 -0500] "GET /galeria/galeria/jquery.fancybox.css?v=2.1.5 HTTP/1.1" 200 4895
181.54.69.124 - - [31/Dec/2016:20:18:32 -0500] "GET /galeria/carrusel/Carrusel/jquery.thumbnailScroller.css HTTP/1.1" 200 2066
181.54.69.124 - - [31/Dec/2016:20:18:32 -0500] "GET /galeria/carrusel/Carrusel/jquery-ui-1.8.13.custom.min.js HTTP/1.1" 200 10800
181.54.69.124 - - [31/Dec/2016:20:18:34 -0500] "GET /galeria/carrusel/Carrusel/jquery.thumbnailScroller.js HTTP/1.1" 200 8157
66.249.66.178 - - [31/Dec/2016:20:18:46 -0500] "GET /BLA/resoluciones/AUTOS%202007/3573.pdf HTTP/1.1" 200 165802
181.54.69.124 - - [31/Dec/2016:20:18:56 -0500] "GET /galeria/nivo-slider/demo/demo.html HTTP/1.1" 200 3366
181.54.69.124 - - [31/Dec/2016:20:18:56 -0500] "GET /galeria/nivo-slider/themes/default/default.css HTTP/1.1" 200 1569
181.54.69.124 - - [31/Dec/2016:20:18:56 -0500] "GET /galeria/nivo-slider/themes/pascal/pascal.css HTTP/1.1" 200 2258
181.54.69.124 - - [31/Dec/2016:20:18:56 -0500] "GET /galeria/nivo-slider/demo/scripts/jquery-1.7.1.min.js HTTP/1.1" 200 93868
181.54.69.124 - - [31/Dec/2016:20:18:56 -0500] "GET /galeria/nivo-slider/demo/images/banner%20encuesta%20sda2-web3.jpg HTTP/1.1" 200 111668
181.54.69.124 - - [31/Dec/2016:20:18:56 -0500] "GET /galeria/nivo-slider/themes/orman/orman.css HTTP/1.1" 200 2152
181.54.69.124 - - [31/Dec/2016:20:18:56 -0500] "GET /galeria/nivo-slider/nivo-slider.css HTTP/1.1" 200 1507
181.54.69.124 - - [31/Dec/2016:20:18:56 -0500] "GET /galeria/nivo-slider/demo/style.css HTTP/1.1" 200 2222
181.54.69.124 - - [31/Dec/2016:20:18:56 -0500] "GET /galeria/nivo-slider/demo/images/pieza%20webtinguas.jpg HTTP/1.1" 200 175651
181.54.69.124 - - [31/Dec/2016:20:18:56 -0500] "GET /galeria/nivo-slider/demo/images/bannersilvicultura.jpg HTTP/1.1" 200 173023
181.54.69.124 - - [31/Dec/2016:20:18:56 -0500] "GET /galeria/nivo-slider/demo/images/bannerinvitaci%C3%B3nacaminatasecologicas2.jpg HTTP/1.1" 200 513253
181.54.69.124 - - [31/Dec/2016:20:18:56 -0500] "GET /galeria/nivo-slider/demo/images/BANNERARBOLES.jpg HTTP/1.1" 200 227630
181.54.69.124 - - [31/Dec/2016:20:18:57 -0500] "GET /galeria/nivo-slider/themes/default/loading.gif HTTP/1.1" 200 1737
181.54.69.124 - - [31/Dec/2016:20:18:57 -0500] "GET /galeria/nivo-slider/demo/images/4Simple_Slider.png HTTP/1.1" 200 11722
181.54.69.124 - - [31/Dec/2016:20:18:57 -0500] "GET /galeria/nivo-slider/demo/images/ACOPIADORESYGESTORES.jpg HTTP/1.1" 200 118791
181.54.69.124 - - [31/Dec/2016:20:18:57 -0500] "GET /galeria/nivo-slider/demo/images/bannergestionambiental2.jpg HTTP/1.1" 200 245647
181.54.69.124 - - [31/Dec/2016:20:18:58 -0500] "GET /galeria/nivo-slider/demo/images/vegetal.jpg HTTP/1.1" 200 216080
181.54.69.124 - - [31/Dec/2016:20:18:58 -0500] "GET /galeria/nivo-slider/demo/images/Ruta-vertimientos-01.jpg HTTP/1.1" 200 130151
181.54.69.124 - - [31/Dec/2016:20:18:58 -0500] "GET /galeria/nivo-slider/demo/images/bolsas-06.jpg HTTP/1.1" 200 210950
181.54.69.124 - - [31/Dec/2016:20:18:59 -0500] "GET /galeria/nivo-slider/jquery.nivo.slider.pack.js HTTP/1.1" 200 11561
181.54.69.124 - - [31/Dec/2016:20:19:00 -0500] "GET /galeria/nivo-slider/themes/default/arrows.png HTTP/1.1" 200 824
181.54.69.124 - - [31/Dec/2016:20:19:00 -0500] "GET /galeria/nivo-slider/themes/default/bullets.png HTTP/1.1" 200 1281
66.249.66.181 - - [31/Dec/2016:20:19:19 -0500] "GET /BLA/resoluciones/AUTOS%202007/0382.pdf HTTP/1.1" 200 552319
192.168.175.104 - - [31/Dec/2016:20:19:26 -0500] "GET / HTTP/1.1" 200 9990
201.245.192.253 - - [31/Dec/2016:20:19:47 -0500] "GET /galeria/nivo-slider/demo/undefined HTTP/1.1" 404 1314
66.249.66.178 - - [31/Dec/2016:20:19:52 -0500] "GET /BLA/resoluciones/AUTOS%202007/3103.pdf HTTP/1.1" 200 170299
181.54.69.124 - - [31/Dec/2016:20:20:07 -0500] "GET /BLA/boletinlegal/js/jquery.scrollShow.js HTTP/1.1" 304 -
181.54.69.124 - - [31/Dec/2016:20:20:07 -0500] "GET /galeria/galeria/jquery.fancybox.css?v=2.1.5 HTTP/1.1" 304 -
181.54.69.124 - - [31/Dec/2016:20:20:07 -0500] "GET /galeria/galeria/jquery.fancybox.js?v=2.1.5 HTTP/1.1" 304 -
192.168.175.104 - - [31/Dec/2016:20:20:09 -0500] "GET / HTTP/1.0" 200 9990
66.249.66.175 - - [31/Dec/2016:20:20:25 -0500] "GET /BLA/resoluciones/AUTOS%202007/2847.pdf HTTP/1.1" 200 112016
157.55.39.93 - - [31/Dec/2016:20:20:28 -0500] "GET /dama/libreria/php/decide.php?patron=03.180101 HTTP/1.1" 404 1015
186.84.16.45 - - [31/Dec/2016:20:20:52 -0500] "GET /galeria/galeria/jquery.fancybox.js?v=2.1.5 HTTP/1.1" 200 48706
186.84.16.45 - - [31/Dec/2016:20:20:52 -0500] "GET /galeria/galeria/jquery.fancybox.css?v=2.1.5 HTTP/1.1" 200 4895
186.84.16.45 - - [31/Dec/2016:20:20:52 -0500] "GET /BLA/boletinlegal/js/jquery.scrollShow.js HTTP/1.1" 200 4586
186.84.16.45 - - [31/Dec/2016:20:20:57 -0500] "GET /BLA/boletinlegal/js/jquery.scrollShow.js HTTP/1.1" 304 -
186.84.16.45 - - [31/Dec/2016:20:20:57 -0500] "GET /galeria/galeria/jquery.fancybox.css?v=2.1.5 HTTP/1.1" 304 -
186.84.16.45 - - [31/Dec/2016:20:20:57 -0500] "GET /galeria/galeria/jquery.fancybox.js?v=2.1.5 HTTP/1.1" 304 -
66.249.66.181 - - [31/Dec/2016:20:20:58 -0500] "GET /BLA/resoluciones/AUTOS%202015/3421.pdf HTTP/1.1" 200 546539
181.54.69.124 - - [31/Dec/2016:20:21:12 -0500] "GET /galeria/galeria/jquery.fancybox.css?v=2.1.5 HTTP/1.1" 304 -
181.54.69.124 - - [31/Dec/2016:20:21:12 -0500] "GET /BLA/boletinlegal/js/jquery.scrollShow.js HTTP/1.1" 304 -
181.54.69.124 - - [31/Dec/2016:20:21:12 -0500] "GET /galeria/galeria/jquery.fancybox.js?v=2.1.5 HTTP/1.1" 304 -
162.210.196.97 - - [31/Dec/2016:20:21:27 -0500] "GET /robots.txt HTTP/1.1" 301 334
162.210.196.97 - - [31/Dec/2016:20:21:30 -0500] "GET / HTTP/1.1" 301 324
66.249.66.178 - - [31/Dec/2016:20:21:31 -0500] "GET /BLA/resoluciones/AUTOS%202007/3835.pdf HTTP/1.1" 200 82277
201.245.192.253 - - [31/Dec/2016:20:21:37 -0500] "GET /galeria/nivo-slider/demo/undefined HTTP/1.1" 404 1314
192.168.175.104 - - [31/Dec/2016:20:21:55 -0500] "GET / HTTP/1.1" 200 9990
66.249.66.181 - - [31/Dec/2016:20:22:04 -0500] "GET /BLA/resoluciones/AUTOS%202007/2588.pdf HTTP/1.1" 200 102852
69.162.124.232 - - [31/Dec/2016:20:22:11 -0500] "HEAD / HTTP/1.1" 200 -
