157.55.39.177 - - [31/Dec/2016:22:23:52 -0500] "GET / HTTP/1.1" 200 9990
5.9.89.170 - - [31/Dec/2016:22:24:04 -0500] "GET /robots.txt HTTP/1.1" 404 1015
5.9.89.170 - - [31/Dec/2016:22:24:06 -0500] "GET /portalsiaccapacitaciones/Soportes%20Capacitaciones%202016/Mesas%20de%20Trabajo%202016 HTTP/1.1" 301 374
5.9.89.170 - - [31/Dec/2016:22:24:08 -0500] "GET /portalsiaccapacitaciones/Soportes%20Capacitaciones%202016/Mesas%20de%20Trabajo%202016/ HTTP/1.1" 200 11006
192.168.175.104 - - [31/Dec/2016:22:24:23 -0500] "GET / HTTP/1.0" 200 9990
66.249.66.184 - - [31/Dec/2016:22:24:47 -0500] "GET / HTTP/1.1" 200 9990
201.245.192.253 - - [31/Dec/2016:22:25:10 -0500] "GET /galeria/nivo-slider/demo/undefined HTTP/1.1" 404 1314
66.249.66.177 - - [31/Dec/2016:22:25:13 -0500] "GET / HTTP/1.1" 200 9990
66.249.66.175 - - [31/Dec/2016:22:25:38 -0500] "GET /robots.txt HTTP/1.1" 404 1018
66.249.66.175 - - [31/Dec/2016:22:25:38 -0500] "GET /BLA/resoluciones/AUTOS%202016/0010.pdf HTTP/1.1" 200 407397
192.168.175.104 - - [31/Dec/2016:22:26:03 -0500] "GET / HTTP/1.1" 200 9990
66.249.66.175 - - [31/Dec/2016:22:26:30 -0500] "GET /BLA/resoluciones/AUTOS%202015/6689.pdf HTTP/1.1" 200 459102
66.249.66.187 - - [31/Dec/2016:22:26:55 -0500] "GET /Autoliquidacion/Solicitudes%20relacionadas%20con%20calidad%20del%20aire%20auditiva%20y%20visual/Solicitudes%20relacionadas%20a%20Programa%20de%20Autorregulaci%C3%B3n%20Ambiental/carta%20de%20autorizacion%20para%20realizar%20las%20visitas%20tecnicas%20del%20p.pdf HTTP/1.1" 404 1019
201.245.192.253 - - [31/Dec/2016:22:27:01 -0500] "GET /galeria/nivo-slider/demo/undefined HTTP/1.1" 404 1314
69.162.124.232 - - [31/Dec/2016:22:27:10 -0500] "HEAD / HTTP/1.1" 200 -
103.18.246.62 - - [31/Dec/2016:22:28:03 -0500] "GET /wp-login.php HTTP/1.1" 404 1174
103.18.246.62 - - [31/Dec/2016:22:28:03 -0500] "GET /wp-login.php HTTP/1.1" 404 1174
103.18.246.62 - - [31/Dec/2016:22:28:04 -0500] "GET /wp-login.php HTTP/1.1" 404 1174
103.18.246.62 - - [31/Dec/2016:22:28:04 -0500] "GET /wp-login.php HTTP/1.1" 404 1174
192.168.175.104 - - [31/Dec/2016:22:28:36 -0500] "GET / HTTP/1.1" 200 9990
180.76.15.147 - - [31/Dec/2016:22:28:38 -0500] "GET / HTTP/1.1" 200 9990
66.249.66.181 - - [31/Dec/2016:22:28:38 -0500] "GET /autoliquidacion/index.php?dir=Solicitudes%20relacionadas%20con%20calidad%20del%20aire%20auditiva%20y%20visual/Evaluaci%F3n%20certificado%20de%20Intensidad%20Auditiva/&sort=date&order=asc HTTP/1.1" 200 2811
201.245.192.253 - - [31/Dec/2016:22:28:51 -0500] "GET /galeria/nivo-slider/demo/undefined HTTP/1.1" 404 1314
180.76.15.15 - - [31/Dec/2016:22:29:15 -0500] "GET / HTTP/1.1" 200 9990
192.168.175.104 - - [31/Dec/2016:22:29:21 -0500] "GET / HTTP/1.0" 200 9990
66.249.66.178 - - [31/Dec/2016:22:29:45 -0500] "GET /autoliquidacion/dlf/styles.css HTTP/1.1" 200 3045
201.245.192.253 - - [31/Dec/2016:22:30:42 -0500] "GET /galeria/nivo-slider/demo/undefined HTTP/1.1" 404 1314
192.168.175.104 - - [31/Dec/2016:22:31:01 -0500] "GET / HTTP/1.1" 200 9990
69.162.124.232 - - [31/Dec/2016:22:32:10 -0500] "HEAD / HTTP/1.1" 200 -
201.245.192.253 - - [31/Dec/2016:22:32:33 -0500] "GET /galeria/nivo-slider/demo/undefined HTTP/1.1" 404 1314
40.77.167.15 - - [31/Dec/2016:22:32:36 -0500] "GET /POT-2013/index.php?dir=&sort=date&order=asc HTTP/1.1" 200 2679
40.77.167.15 - - [31/Dec/2016:22:32:36 -0500] "GET /POT-2013/index.php?dir=&sort=size&order=asc HTTP/1.1" 200 2679
157.55.39.160 - - [31/Dec/2016:22:32:44 -0500] "GET /POT-2013/index.php HTTP/1.1" 200 2679
157.55.39.160 - - [31/Dec/2016:22:32:45 -0500] "GET /POT-2013/index.php?dir=&sort=name&order=desc HTTP/1.1" 200 2678
157.55.39.160 - - [31/Dec/2016:22:32:45 -0500] "GET /BLA/boletinlegal/documentos-importantes.php HTTP/1.1" 200 4822
157.55.39.160 - - [31/Dec/2016:22:32:45 -0500] "GET /POT-2013/index.php?dir=memoria+justificativa%2F HTTP/1.1" 200 2484
207.46.13.188 - - [31/Dec/2016:22:32:46 -0500] "GET /POT-2013/index.php?dir=Cartografia%2F HTTP/1.1" 200 11465
157.55.39.93 - - [31/Dec/2016:22:32:51 -0500] "GET /POT-2013/Cartografia/10_EEP_Urbana.pdf HTTP/1.1" 200 5413968
131.253.27.158 - - [31/Dec/2016:22:33:24 -0500] "GET /videos/ArchivoSDA.flv HTTP/1.1" 200 31205279
180.76.15.139 - - [31/Dec/2016:22:33:34 -0500] "GET /StormSDA/lib/?C=D;O=D HTTP/1.1" 200 6375
192.168.175.104 - - [31/Dec/2016:22:33:34 -0500] "GET / HTTP/1.1" 200 9990
157.55.39.93 - - [31/Dec/2016:22:32:51 -0500] "GET /BLA/boletinlegal/index.php HTTP/1.1" 200 53073
157.55.39.93 - - [31/Dec/2016:22:33:57 -0500] "GET /BLA/boletinlegal/doctrina.php HTTP/1.1" 200 5604
157.55.39.93 - - [31/Dec/2016:22:33:57 -0500] "GET /BLA/ HTTP/1.1" 200 538
66.249.66.175 - - [31/Dec/2016:22:34:14 -0500] "GET /BLA/resoluciones/AUTOS%202007/2627.pdf HTTP/1.1" 200 31683
192.168.175.104 - - [31/Dec/2016:22:34:19 -0500] "GET / HTTP/1.0" 200 9990
201.245.192.253 - - [31/Dec/2016:22:34:23 -0500] "GET /galeria/nivo-slider/demo/undefined HTTP/1.1" 404 1314
66.249.66.178 - - [31/Dec/2016:22:34:39 -0500] "GET /BLA/resoluciones/AUTOS%202007/1004.pdf HTTP/1.1" 200 114471
66.249.66.178 - - [31/Dec/2016:22:35:05 -0500] "GET /BLA/resoluciones/AUTOS%202007/0317.pdf HTTP/1.1" 200 51234
66.249.66.175 - - [31/Dec/2016:22:35:31 -0500] "GET /BLA/resoluciones/AUTOS%202007/2439.pdf HTTP/1.1" 200 27051
66.249.66.178 - - [31/Dec/2016:22:35:57 -0500] "GET /BLA/resoluciones/AUTOS%202007/1575.pdf HTTP/1.1" 200 29412
192.168.175.104 - - [31/Dec/2016:22:35:59 -0500] "GET / HTTP/1.1" 200 9990
201.245.192.253 - - [31/Dec/2016:22:36:14 -0500] "GET /galeria/nivo-slider/demo/undefined HTTP/1.1" 404 1314
66.249.66.178 - - [31/Dec/2016:22:36:29 -0500] "GET /BLA/resoluciones/AUTOS%202007/2996.pdf HTTP/1.1" 200 149367
66.249.66.181 - - [31/Dec/2016:22:36:48 -0500] "GET /BLA/resoluciones/AUTOS%202007/1352.pdf HTTP/1.1" 200 29577
193.124.131.168 - - [31/Dec/2016:22:36:58 -0500] "HEAD / HTTP/1.1" 200 -
69.162.124.232 - - [31/Dec/2016:22:37:10 -0500] "HEAD / HTTP/1.1" 200 -
66.249.66.175 - - [31/Dec/2016:22:37:14 -0500] "GET /BLA/resoluciones/AUTOS%202007/1985.pdf HTTP/1.1" 200 28990
66.249.66.175 - - [31/Dec/2016:22:37:40 -0500] "GET /BLA/resoluciones/AUTOS%202007/2305.pdf HTTP/1.1" 200 126604
195.133.48.121 - - [31/Dec/2016:22:37:42 -0500] "HEAD / HTTP/1.1" 200 -
201.245.192.253 - - [31/Dec/2016:22:38:05 -0500] "GET /galeria/nivo-slider/demo/undefined HTTP/1.1" 404 1314
66.249.66.181 - - [31/Dec/2016:22:38:06 -0500] "GET /BLA/resoluciones/AUTOS%202007/1590.pdf HTTP/1.1" 200 32709
66.249.66.178 - - [31/Dec/2016:22:38:31 -0500] "GET /BLA/resoluciones/AUTOS%202007/1163.pdf HTTP/1.1" 200 107677
192.168.175.104 - - [31/Dec/2016:22:38:32 -0500] "GET / HTTP/1.1" 200 9990
66.249.66.181 - - [31/Dec/2016:22:38:57 -0500] "GET /BLA/resoluciones/AUTOS%202007/1421.pdf HTTP/1.1" 200 25508
192.168.175.104 - - [31/Dec/2016:22:39:17 -0500] "GET / HTTP/1.0" 200 9990
66.249.66.181 - - [31/Dec/2016:22:39:49 -0500] "GET /SIG/Gesti%C3%B3n%20Talento%20Humano/126PA01-PR13.pdf HTTP/1.1" 200 60276
201.245.192.253 - - [31/Dec/2016:22:39:55 -0500] "GET /galeria/nivo-slider/demo/undefined HTTP/1.1" 404 1314
66.249.66.175 - - [31/Dec/2016:22:40:40 -0500] "GET /BLA/resoluciones/RESOLUCIONES%202014/0713.pdf HTTP/1.1" 200 578535
192.168.175.104 - - [31/Dec/2016:22:40:57 -0500] "GET / HTTP/1.1" 200 9990
157.55.39.93 - - [31/Dec/2016:22:40:04 -0500] "GET /BLA/boletinlegal/index.php HTTP/1.1" 200 53073
66.249.66.175 - - [31/Dec/2016:22:41:06 -0500] "GET /BLA/resoluciones/AUTOS%202014/0863.pdf HTTP/1.1" 200 812820
40.77.167.15 - - [31/Dec/2016:22:41:22 -0500] "GET /BLA/boletinlegal/images/arr_l.jpg HTTP/1.1" 200 1979
40.77.167.15 - - [31/Dec/2016:22:41:22 -0500] "GET /BLA/boletinlegal/images/subscribe-icon-big.png HTTP/1.1" 200 47702
157.55.39.160 - - [31/Dec/2016:22:41:31 -0500] "GET /BLA/boletinlegal/images/historia.png HTTP/1.1" 200 52775
157.55.39.160 - - [31/Dec/2016:22:41:31 -0500] "GET /BLA/boletinlegal/js/jquery.js HTTP/1.1" 200 57254
157.55.39.160 - - [31/Dec/2016:22:41:32 -0500] "GET /BLA/boletinlegal/js/jquery.scrollShow.js HTTP/1.1" 200 4586
157.55.39.160 - - [31/Dec/2016:22:41:32 -0500] "GET /BLA/boletinlegal/style.css HTTP/1.1" 200 9406
157.55.39.93 - - [31/Dec/2016:22:41:35 -0500] "GET /BLA/boletinlegal/images/screen_1.png HTTP/1.1" 200 202547
201.245.192.253 - - [31/Dec/2016:22:41:46 -0500] "GET /galeria/nivo-slider/demo/undefined HTTP/1.1" 404 1314
66.249.66.178 - - [31/Dec/2016:22:42:00 -0500] "GET /BLA/resoluciones/AUTOS%202014/5572.pdf HTTP/1.1" 200 795335
69.162.124.232 - - [31/Dec/2016:22:42:10 -0500] "HEAD / HTTP/1.1" 200 -
173.252.90.124 - - [31/Dec/2016:22:42:44 -0500] "GET /galeria/nivo-slider/demo/images/ecolecta2016.jpg HTTP/1.1" 200 147170
195.133.48.150 - - [31/Dec/2016:22:42:49 -0500] "HEAD / HTTP/1.1" 200 -
66.249.66.181 - - [31/Dec/2016:22:42:49 -0500] "GET /BLA/resoluciones/RESOLUCIONES%202013/1705.pdf HTTP/1.1" 304 -
192.168.175.104 - - [31/Dec/2016:22:43:30 -0500] "GET / HTTP/1.1" 200 9990
201.245.192.253 - - [31/Dec/2016:22:43:36 -0500] "GET /galeria/nivo-slider/demo/undefined HTTP/1.1" 404 1314
66.249.66.178 - - [31/Dec/2016:22:44:06 -0500] "GET /BLA/resoluciones/Notificaciones/REGISTROS%202015/0594.doc HTTP/1.1" 200 206848
192.168.175.104 - - [31/Dec/2016:22:44:15 -0500] "GET / HTTP/1.0" 200 9990
66.249.66.175 - - [31/Dec/2016:22:44:32 -0500] "GET /BLA/resoluciones/AUTOS%202014/3164.pdf HTTP/1.1" 200 390926
66.249.66.190 - - [31/Dec/2016:22:44:58 -0500] "GET / HTTP/1.1" 200 9990
131.253.25.252 - - [31/Dec/2016:22:44:59 -0500] "GET /BLA/boletinlegal/carousel.swf HTTP/1.1" 200 63487
201.245.192.253 - - [31/Dec/2016:22:45:27 -0500] "GET /galeria/nivo-slider/demo/undefined HTTP/1.1" 404 1314
194.87.234.246 - - [31/Dec/2016:22:45:29 -0500] "HEAD / HTTP/1.1" 200 -
192.168.175.104 - - [31/Dec/2016:22:45:56 -0500] "GET / HTTP/1.1" 200 9990
5.200.53.136 - - [31/Dec/2016:22:46:04 -0500] "HEAD / HTTP/1.1" 200 -
188.227.17.49 - - [31/Dec/2016:22:46:05 -0500] "HEAD / HTTP/1.1" 200 -
66.249.66.175 - - [31/Dec/2016:22:46:15 -0500] "GET /BLA/resoluciones/AUTOS%202013/0671.pdf HTTP/1.1" 200 2611931
195.133.147.6 - - [31/Dec/2016:22:46:19 -0500] "HEAD / HTTP/1.1" 200 -
66.249.66.178 - - [31/Dec/2016:22:46:53 -0500] "GET /galeria/nivo-slider/demo/demo.html HTTP/1.1" 200 3366
69.162.124.232 - - [31/Dec/2016:22:47:10 -0500] "HEAD / HTTP/1.1" 200 -
201.245.192.253 - - [31/Dec/2016:22:47:18 -0500] "GET /galeria/nivo-slider/demo/undefined HTTP/1.1" 404 1314
5.39.218.201 - - [31/Dec/2016:22:47:39 -0500] "GET /82172316237 HTTP/1.1" 404 1018
190.252.146.169 - - [31/Dec/2016:22:47:52 -0500] "GET /BLA/resoluciones/AUTOS%202014/1361.pdf HTTP/1.1" 200 509251
66.249.66.187 - - [31/Dec/2016:22:47:58 -0500] "GET / HTTP/1.1" 200 9990
192.168.175.104 - - [31/Dec/2016:22:48:28 -0500] "GET / HTTP/1.1" 200 9990
66.249.66.178 - - [31/Dec/2016:22:48:54 -0500] "GET /BLA/resoluciones/AUTOS%202015/6611.pdf HTTP/1.1" 200 660406
201.245.192.253 - - [31/Dec/2016:22:49:08 -0500] "GET /galeria/nivo-slider/demo/undefined HTTP/1.1" 404 1314
192.168.175.104 - - [31/Dec/2016:22:49:13 -0500] "GET / HTTP/1.0" 200 9990
66.249.66.181 - - [31/Dec/2016:22:49:41 -0500] "GET /BLA/resoluciones/RESOLUCIONES%202011/5660.pdf HTTP/1.1" 304 -
192.168.175.104 - - [31/Dec/2016:22:50:53 -0500] "GET / HTTP/1.1" 200 9990
201.245.192.253 - - [31/Dec/2016:22:50:59 -0500] "GET /galeria/nivo-slider/demo/undefined HTTP/1.1" 404 1314
66.249.66.175 - - [31/Dec/2016:22:51:50 -0500] "GET /BLA/resoluciones/AUTOS%202007/0678.pdf HTTP/1.1" 200 142721
69.162.124.232 - - [31/Dec/2016:22:52:10 -0500] "HEAD / HTTP/1.1" 200 -
66.249.66.175 - - [31/Dec/2016:22:52:16 -0500] "GET /BLA/resoluciones/AUTOS%202015/3239.pdf HTTP/1.1" 200 555053
201.245.192.253 - - [31/Dec/2016:22:52:50 -0500] "GET /galeria/nivo-slider/demo/undefined HTTP/1.1" 404 1314
66.249.66.175 - - [31/Dec/2016:22:53:08 -0500] "GET /BLA/resoluciones/AUTOS%202007/1632.pdf HTTP/1.1" 200 189902
192.168.175.104 - - [31/Dec/2016:22:53:26 -0500] "GET / HTTP/1.1" 200 9990
66.249.66.175 - - [31/Dec/2016:22:53:33 -0500] "GET /BLA/resoluciones/AUTOS%202015/6418.pdf HTTP/1.1" 200 582711
66.249.66.178 - - [31/Dec/2016:22:53:59 -0500] "GET /BLA/resoluciones/AUTOS%202007/3099.pdf HTTP/1.1" 200 194698
192.168.175.104 - - [31/Dec/2016:22:54:10 -0500] "GET / HTTP/1.0" 200 9990
66.249.66.178 - - [31/Dec/2016:22:54:25 -0500] "GET /BLA/resoluciones/AUTOS%202007/0101.pdf HTTP/1.1" 200 47341
201.245.192.253 - - [31/Dec/2016:22:54:40 -0500] "GET /galeria/nivo-slider/demo/undefined HTTP/1.1" 404 1314
66.249.66.181 - - [31/Dec/2016:22:54:51 -0500] "GET /BLA/resoluciones/AUTOS%202007/1157.pdf HTTP/1.1" 200 43699
66.249.66.178 - - [31/Dec/2016:22:55:19 -0500] "GET /BLA/resoluciones/AUTOS%202007/1976.pdf HTTP/1.1" 200 52486
66.249.66.175 - - [31/Dec/2016:22:55:42 -0500] "GET /BLA/resoluciones/AUTOS%202007/1983.pdf HTTP/1.1" 200 40239
192.168.175.104 - - [31/Dec/2016:22:55:51 -0500] "GET / HTTP/1.1" 200 9990
66.249.66.175 - - [31/Dec/2016:22:56:08 -0500] "GET /BLA/resoluciones/AUTOS%202007/3443.pdf HTTP/1.1" 200 129838
201.245.192.253 - - [31/Dec/2016:22:56:31 -0500] "GET /galeria/nivo-slider/demo/undefined HTTP/1.1" 404 1314
66.249.66.178 - - [31/Dec/2016:22:57:00 -0500] "GET /BLA/resoluciones/AUTOS%202016/0286.pdf HTTP/1.1" 200 635827
69.162.124.232 - - [31/Dec/2016:22:57:10 -0500] "HEAD / HTTP/1.1" 200 -
66.249.66.178 - - [31/Dec/2016:22:57:25 -0500] "GET /BLA/resoluciones/AUTOS%202007/3805.pdf HTTP/1.1" 200 67596
66.249.66.178 - - [31/Dec/2016:22:57:51 -0500] "GET /BLA/resoluciones/AUTOS%202007/3461.pdf HTTP/1.1" 200 148722
66.249.66.178 - - [31/Dec/2016:22:58:17 -0500] "GET /BLA/resoluciones/AUTOS%202007/1127.pdf HTTP/1.1" 200 24095
201.245.192.253 - - [31/Dec/2016:22:58:22 -0500] "GET /galeria/nivo-slider/demo/undefined HTTP/1.1" 404 1314
192.168.175.104 - - [31/Dec/2016:22:58:24 -0500] "GET / HTTP/1.1" 200 9990
66.249.66.175 - - [31/Dec/2016:22:58:43 -0500] "GET /BLA/resoluciones/AUTOS%202007/2248.pdf HTTP/1.1" 200 75528
66.249.88.4 - - [31/Dec/2016:22:59:06 -0500] "GET /galeria/galeria/jquery.fancybox.css?v=2.1.5 HTTP/1.1" 200 4895
66.249.88.7 - - [31/Dec/2016:22:59:06 -0500] "GET /galeria/carrusel/Carrusel/jquery-ui-1.8.13.custom.min.js HTTP/1.1" 200 10800
66.249.88.7 - - [31/Dec/2016:22:59:06 -0500] "GET /galeria/carrusel/Carrusel/jquery.thumbnailScroller.css HTTP/1.1" 200 2066
66.249.88.1 - - [31/Dec/2016:22:59:06 -0500] "GET /galeria/carrusel/Carrusel/jquery.thumbnailScroller.js HTTP/1.1" 200 8157
66.249.88.7 - - [31/Dec/2016:22:59:06 -0500] "GET /BLA/boletinlegal/js/jquery.scrollShow.js HTTP/1.1" 200 4586
66.249.66.175 - - [31/Dec/2016:22:59:09 -0500] "GET /BLA/resoluciones/AUTOS%202007/0455.pdf HTTP/1.1" 200 35467
66.249.88.7 - - [31/Dec/2016:22:59:09 -0500] "GET /galeria/galeria/jquery.fancybox.js?v=2.1.5 HTTP/1.1" 200 48706
192.168.175.104 - - [31/Dec/2016:22:59:09 -0500] "GET / HTTP/1.0" 200 9990
66.249.66.175 - - [31/Dec/2016:22:59:34 -0500] "GET /BLA/resoluciones/AUTOS%202007/0353.pdf HTTP/1.1" 200 187000
66.249.66.175 - - [31/Dec/2016:23:00:00 -0500] "GET /BLA/resoluciones/AUTOS%202007/1390.pdf HTTP/1.1" 200 27823
157.55.39.160 - - [31/Dec/2016:23:00:06 -0500] "GET /BLA/boletinlegal/Directivas/2016/Directiva%20No.%2002%20del%2019%20de%20Abril%20de%202016.pdf HTTP/1.1" 200 11898321
201.245.192.253 - - [31/Dec/2016:23:00:12 -0500] "GET /galeria/nivo-slider/demo/undefined HTTP/1.1" 404 1314
66.249.66.178 - - [31/Dec/2016:23:00:26 -0500] "GET /BLA/resoluciones/AUTOS%202007/2065.pdf HTTP/1.1" 200 74793
192.168.175.104 - - [31/Dec/2016:23:00:49 -0500] "GET / HTTP/1.1" 200 9990
66.249.66.178 - - [31/Dec/2016:23:00:52 -0500] "GET /BLA/resoluciones/AUTOS%202007/0646.pdf HTTP/1.1" 200 150934
66.249.66.175 - - [31/Dec/2016:23:01:17 -0500] "GET /BLA/resoluciones/AUTOS%202007/2094.pdf HTTP/1.1" 200 91035
178.159.43.212 - - [31/Dec/2016:23:01:39 -0500] "HEAD / HTTP/1.1" 200 -
66.249.66.175 - - [31/Dec/2016:23:01:43 -0500] "GET /BLA/resoluciones/AUTOS%202007/1599.pdf HTTP/1.1" 200 46873
157.55.39.160 - - [31/Dec/2016:23:01:46 -0500] "GET /robots.txt HTTP/1.1" 404 1019
157.55.39.160 - - [31/Dec/2016:23:01:46 -0500] "GET /robots.txt HTTP/1.1" 404 1019
185.154.13.6 - - [31/Dec/2016:23:01:58 -0500] "HEAD / HTTP/1.1" 200 -
201.245.192.253 - - [31/Dec/2016:23:02:06 -0500] "GET /galeria/nivo-slider/demo/undefined HTTP/1.1" 404 1314
66.249.66.175 - - [31/Dec/2016:23:02:09 -0500] "GET /BLA/resoluciones/AUTOS%202007/3202.pdf HTTP/1.1" 200 157308
69.162.124.232 - - [31/Dec/2016:23:02:10 -0500] "HEAD / HTTP/1.1" 200 -
66.249.66.175 - - [31/Dec/2016:23:02:35 -0500] "GET /BLA/resoluciones/AUTOS%202007/2310.pdf HTTP/1.1" 200 41009
66.249.66.175 - - [31/Dec/2016:23:03:00 -0500] "GET /BLA/resoluciones/AUTOS%202007/1473.pdf HTTP/1.1" 200 26296
192.168.175.104 - - [31/Dec/2016:23:03:22 -0500] "GET / HTTP/1.1" 200 9990
66.249.66.175 - - [31/Dec/2016:23:03:26 -0500] "GET /BLA/resoluciones/AUTOS%202007/2961.pdf HTTP/1.1" 200 69763
66.249.88.4 - - [31/Dec/2016:23:03:35 -0500] "GET /BLA/boletinlegal/js/jquery.scrollShow.js HTTP/1.1" 200 4586
66.249.88.7 - - [31/Dec/2016:23:03:36 -0500] "GET /galeria/galeria/jquery.fancybox.css?v=2.1.5 HTTP/1.1" 200 4895
66.249.88.7 - - [31/Dec/2016:23:03:36 -0500] "GET /galeria/galeria/jquery.fancybox.js?v=2.1.5 HTTP/1.1" 200 48706
66.249.88.7 - - [31/Dec/2016:23:03:42 -0500] "GET /galeria/galeria/jquery.fancybox.css?v=2.1.5 HTTP/1.1" 304 -
66.249.88.7 - - [31/Dec/2016:23:03:42 -0500] "GET /BLA/boletinlegal/js/jquery.scrollShow.js HTTP/1.1" 304 -
66.249.88.7 - - [31/Dec/2016:23:03:42 -0500] "GET /galeria/galeria/jquery.fancybox.js?v=2.1.5 HTTP/1.1" 304 -
66.249.66.178 - - [31/Dec/2016:23:03:52 -0500] "GET /BLA/resoluciones/AUTOS%202007/3367.pdf HTTP/1.1" 200 335537
157.55.39.177 - - [31/Dec/2016:23:03:53 -0500] "GET /galeria/carrusel/Carrusel/jquery-ui- HTTP/1.1" 404 1018
201.245.192.253 - - [31/Dec/2016:23:03:53 -0500] "GET /galeria/nivo-slider/demo/undefined HTTP/1.1" 404 1314
192.168.175.104 - - [31/Dec/2016:23:04:08 -0500] "GET / HTTP/1.0" 200 9990
66.249.66.178 - - [31/Dec/2016:23:04:18 -0500] "GET /BLA/resoluciones/AUTOS%202007/3284.pdf HTTP/1.1" 200 191270
66.249.66.175 - - [31/Dec/2016:23:04:44 -0500] "GET /BLA/resoluciones/AUTOS%202007/1563.pdf HTTP/1.1" 200 28122
66.249.66.175 - - [31/Dec/2016:23:05:09 -0500] "GET /BLA/resoluciones/AUTOS%202007/1688.pdf HTTP/1.1" 200 98455
157.55.39.177 - - [31/Dec/2016:23:05:34 -0500] "GET /videos/ambiente-ciudad/playlist.htm? HTTP/1.1" 200 4429
66.249.66.175 - - [31/Dec/2016:23:05:35 -0500] "GET /BLA/resoluciones/AUTOS%202007/1392.pdf HTTP/1.1" 200 90195
201.245.192.253 - - [31/Dec/2016:23:05:44 -0500] "GET /galeria/nivo-slider/demo/undefined HTTP/1.1" 404 1314
192.168.175.104 - - [31/Dec/2016:23:05:47 -0500] "GET / HTTP/1.1" 200 9990
66.249.66.175 - - [31/Dec/2016:23:06:01 -0500] "GET /BLA/resoluciones/AUTOS%202007/2673.pdf HTTP/1.1" 200 248109
66.249.66.178 - - [31/Dec/2016:23:06:27 -0500] "GET /BLA/resoluciones/AUTOS%202007/3541.pdf HTTP/1.1" 200 402882
157.55.39.19 - - [31/Dec/2016:23:06:35 -0500] "GET /robots.txt HTTP/1.1" 404 1018
157.55.39.19 - - [31/Dec/2016:23:06:37 -0500] "GET /videos/galeria-cronicas/1V3wnplaylist.htm? HTTP/1.1" 200 4013
66.249.66.181 - - [31/Dec/2016:23:06:52 -0500] "GET /BLA/resoluciones/AUTOS%202007/2757.pdf HTTP/1.1" 200 118240
69.162.124.232 - - [31/Dec/2016:23:07:10 -0500] "HEAD / HTTP/1.1" 200 -
66.249.66.175 - - [31/Dec/2016:23:07:18 -0500] "GET /BLA/resoluciones/AUTOS%202007/1718.pdf HTTP/1.1" 200 33137
201.245.192.253 - - [31/Dec/2016:23:07:35 -0500] "GET /galeria/nivo-slider/demo/undefined HTTP/1.1" 404 1314
207.46.13.188 - - [31/Dec/2016:23:08:19 -0500] "GET /BLA/boletinlegal/Circulares/2014/Circular%20No.%203%20del%2014%20de%20Noviembre%20de%202014.pdf HTTP/1.1" 200 104132
192.168.175.104 - - [31/Dec/2016:23:08:20 -0500] "GET / HTTP/1.1" 200 9990
192.168.175.104 - - [31/Dec/2016:23:09:06 -0500] "GET / HTTP/1.0" 200 9990
201.245.192.253 - - [31/Dec/2016:23:09:25 -0500] "GET /galeria/nivo-slider/demo/undefined HTTP/1.1" 404 1314
66.249.66.175 - - [31/Dec/2016:23:09:27 -0500] "GET /BLA/resoluciones/RESOLUCIONES%202007/RES%202007%202301%20AL%202400/RESOLUCION%202343%20DE%202007.pdf HTTP/1.1" 304 -
181.174.88.242 - - [31/Dec/2016:23:09:28 -0500] "GET /galeria/nivo-slider/demo/demo.html HTTP/1.1" 200 3366
181.174.88.242 - - [31/Dec/2016:23:09:28 -0500] "GET /galeria/nivo-slider/themes/default/default.css HTTP/1.1" 200 1569
181.174.88.242 - - [31/Dec/2016:23:09:29 -0500] "GET /galeria/nivo-slider/themes/pascal/pascal.css HTTP/1.1" 200 2258
181.174.88.242 - - [31/Dec/2016:23:09:29 -0500] "GET /galeria/nivo-slider/themes/orman/orman.css HTTP/1.1" 200 2152
181.174.88.242 - - [31/Dec/2016:23:09:29 -0500] "GET /galeria/nivo-slider/nivo-slider.css HTTP/1.1" 200 1507
181.174.88.242 - - [31/Dec/2016:23:09:29 -0500] "GET /galeria/nivo-slider/demo/style.css HTTP/1.1" 200 2222
181.174.88.242 - - [31/Dec/2016:23:09:29 -0500] "GET /galeria/nivo-slider/demo/scripts/jquery-1.7.1.min.js HTTP/1.1" 200 93868
181.174.88.242 - - [31/Dec/2016:23:09:29 -0500] "GET /galeria/nivo-slider/jquery.nivo.slider.pack.js HTTP/1.1" 200 11561
181.174.88.242 - - [31/Dec/2016:23:09:29 -0500] "GET /galeria/nivo-slider/demo/images/banner%20encuesta%20sda2-web3.jpg HTTP/1.1" 200 111668
181.174.88.242 - - [31/Dec/2016:23:09:29 -0500] "GET /galeria/nivo-slider/demo/images/pieza%20webtinguas.jpg HTTP/1.1" 200 175651
181.174.88.242 - - [31/Dec/2016:23:09:29 -0500] "GET /galeria/nivo-slider/demo/images/bannerinvitaci%C3%B3nacaminatasecologicas2.jpg HTTP/1.1" 200 513253
181.174.88.242 - - [31/Dec/2016:23:09:29 -0500] "GET /galeria/nivo-slider/demo/images/bannersilvicultura.jpg HTTP/1.1" 200 173023
181.174.88.242 - - [31/Dec/2016:23:09:29 -0500] "GET /galeria/nivo-slider/demo/images/BANNERARBOLES.jpg HTTP/1.1" 200 227630
181.174.88.242 - - [31/Dec/2016:23:09:30 -0500] "GET /galeria/nivo-slider/themes/default/loading.gif HTTP/1.1" 200 1737
181.174.88.242 - - [31/Dec/2016:23:09:30 -0500] "GET /galeria/nivo-slider/demo/images/4Simple_Slider.png HTTP/1.1" 200 11722
181.174.88.242 - - [31/Dec/2016:23:09:30 -0500] "GET /galeria/nivo-slider/demo/images/ACOPIADORESYGESTORES.jpg HTTP/1.1" 200 118791
181.174.88.242 - - [31/Dec/2016:23:09:31 -0500] "GET /galeria/nivo-slider/demo/images/bannergestionambiental2.jpg HTTP/1.1" 200 245647
181.174.88.242 - - [31/Dec/2016:23:09:31 -0500] "GET /galeria/nivo-slider/demo/images/vegetal.jpg HTTP/1.1" 200 216080
181.174.88.242 - - [31/Dec/2016:23:09:31 -0500] "GET /galeria/nivo-slider/demo/images/Ruta-vertimientos-01.jpg HTTP/1.1" 200 130151
181.174.88.242 - - [31/Dec/2016:23:09:31 -0500] "GET /galeria/nivo-slider/demo/images/bolsas-06.jpg HTTP/1.1" 200 210950
181.174.88.242 - - [31/Dec/2016:23:09:33 -0500] "GET /galeria/nivo-slider/themes/default/arrows.png HTTP/1.1" 200 824
181.174.88.242 - - [31/Dec/2016:23:09:33 -0500] "GET /galeria/nivo-slider/themes/default/bullets.png HTTP/1.1" 200 1281
66.249.66.175 - - [31/Dec/2016:23:09:53 -0500] "GET /BLA/resoluciones/AUTOS%202014/1033.pdf HTTP/1.1" 304 -
181.146.227.73 - - [31/Dec/2016:23:10:07 -0500] "GET /BLA/boletinlegal/js/jquery.scrollShow.js HTTP/1.1" 200 4586
181.146.227.73 - - [31/Dec/2016:23:10:07 -0500] "GET /galeria/galeria/jquery.fancybox.js?v=2.1.5 HTTP/1.1" 200 48706
181.146.227.73 - - [31/Dec/2016:23:10:07 -0500] "GET /galeria/galeria/jquery.fancybox.css?v=2.1.5 HTTP/1.1" 200 4895
66.249.66.175 - - [31/Dec/2016:23:10:19 -0500] "GET /BLA/resoluciones/RESOLUCIONES%202014/2401.pdf HTTP/1.1" 304 -
181.146.227.73 - - [31/Dec/2016:23:10:25 -0500] "GET /galeria/galeria/jquery.fancybox.css?v=2.1.5 HTTP/1.1" 304 -
181.146.227.73 - - [31/Dec/2016:23:10:25 -0500] "GET /BLA/boletinlegal/js/jquery.scrollShow.js HTTP/1.1" 304 -
181.146.227.73 - - [31/Dec/2016:23:10:25 -0500] "GET /galeria/galeria/jquery.fancybox.js?v=2.1.5 HTTP/1.1" 304 -
66.249.66.175 - - [31/Dec/2016:23:10:44 -0500] "GET /sig/ECS/126PM04-PR109.pdf HTTP/1.1" 200 3746786
192.168.175.104 - - [31/Dec/2016:23:10:45 -0500] "GET / HTTP/1.1" 200 9990
66.249.66.175 - - [31/Dec/2016:23:11:10 -0500] "GET /BLA/resoluciones/AUTOS%202007/2372.pdf HTTP/1.1" 200 76644
201.245.192.253 - - [31/Dec/2016:23:11:16 -0500] "GET /galeria/nivo-slider/demo/undefined HTTP/1.1" 404 1314
69.162.124.232 - - [31/Dec/2016:23:12:10 -0500] "HEAD / HTTP/1.1" 200 -
68.180.229.178 - - [31/Dec/2016:23:12:33 -0500] "GET /galeria/galeria/jquery.fancybox.css?v=2.1.5 HTTP/1.1" 304 -
68.180.229.178 - - [31/Dec/2016:23:12:33 -0500] "GET /galeria/nivo-slider/demo/demo.html HTTP/1.1" 304 -
68.180.229.178 - - [31/Dec/2016:23:12:33 -0500] "GET /galeria/carrusel/Carrusel/jquery.thumbnailScroller.css HTTP/1.1" 304 -
201.245.192.253 - - [31/Dec/2016:23:13:07 -0500] "GET /galeria/nivo-slider/demo/undefined HTTP/1.1" 404 1314
68.180.229.178 - - [31/Dec/2016:23:13:12 -0500] "GET /galeria/nivo-slider/themes/orman/orman.css HTTP/1.1" 304 -
68.180.229.178 - - [31/Dec/2016:23:13:12 -0500] "GET /galeria/nivo-slider/themes/pascal/pascal.css HTTP/1.1" 304 -
68.180.229.178 - - [31/Dec/2016:23:13:12 -0500] "GET /galeria/nivo-slider/nivo-slider.css HTTP/1.1" 304 -
68.180.229.178 - - [31/Dec/2016:23:13:12 -0500] "GET /galeria/nivo-slider/themes/default/default.css HTTP/1.1" 304 -
68.180.229.178 - - [31/Dec/2016:23:13:15 -0500] "GET /galeria/nivo-slider/demo/style.css HTTP/1.1" 304 -
192.168.175.104 - - [31/Dec/2016:23:13:17 -0500] "GET / HTTP/1.1" 200 9990
66.249.66.175 - - [31/Dec/2016:23:13:45 -0500] "GET /BLA/resoluciones/AUTOS%202015/3040.pdf HTTP/1.1" 200 493559
192.168.175.104 - - [31/Dec/2016:23:14:04 -0500] "GET / HTTP/1.0" 200 9990
66.249.66.131 - - [31/Dec/2016:23:14:37 -0500] "GET / HTTP/1.1" 200 9990
201.245.192.253 - - [31/Dec/2016:23:14:57 -0500] "GET /galeria/nivo-slider/demo/undefined HTTP/1.1" 404 1314
66.249.66.175 - - [31/Dec/2016:23:15:28 -0500] "GET /BLA/resoluciones/AUTOS%202013/1077.pdf HTTP/1.1" 304 -
131.253.25.206 - - [31/Dec/2016:23:15:30 -0500] "GET /BLA/boletinlegal/img/0.png HTTP/1.1" 200 110
131.253.25.151 - - [31/Dec/2016:23:15:30 -0500] "GET /BLA/boletinlegal/img/select-left.png HTTP/1.1" 200 263
131.253.25.185 - - [31/Dec/2016:23:15:31 -0500] "GET /BLA/boletinlegal/img/select-right.png HTTP/1.1" 200 44019
131.253.27.92 - - [31/Dec/2016:23:15:32 -0500] "GET /BLA/boletinlegal/img/button-left.png HTTP/1.1" 200 57071
131.253.25.210 - - [31/Dec/2016:23:15:33 -0500] "GET /BLA/boletinlegal/img/button.png HTTP/1.1" 200 43241
131.253.27.10 - - [31/Dec/2016:23:15:34 -0500] "GET /BLA/boletinlegal/img/button-right.png HTTP/1.1" 200 57878
192.168.175.104 - - [31/Dec/2016:23:15:43 -0500] "GET / HTTP/1.1" 200 9990
186.28.165.166 - - [31/Dec/2016:23:15:54 -0500] "GET /BLA/boletinlegal/js/jquery.scrollShow.js HTTP/1.1" 200 4586
186.28.165.166 - - [31/Dec/2016:23:15:54 -0500] "GET /galeria/galeria/jquery.fancybox.js?v=2.1.5 HTTP/1.1" 200 48706
186.28.165.166 - - [31/Dec/2016:23:15:54 -0500] "GET /galeria/galeria/jquery.fancybox.css?v=2.1.5 HTTP/1.1" 200 4895
186.28.165.166 - - [31/Dec/2016:23:16:06 -0500] "GET /galeria/galeria/jquery.fancybox.css?v=2.1.5 HTTP/1.1" 304 -
186.28.165.166 - - [31/Dec/2016:23:16:06 -0500] "GET /BLA/boletinlegal/js/jquery.scrollShow.js HTTP/1.1" 304 -
186.28.165.166 - - [31/Dec/2016:23:16:06 -0500] "GET /galeria/galeria/jquery.fancybox.js?v=2.1.5 HTTP/1.1" 304 -
201.245.192.253 - - [31/Dec/2016:23:16:48 -0500] "GET /galeria/nivo-slider/demo/undefined HTTP/1.1" 404 1314
69.162.124.232 - - [31/Dec/2016:23:17:10 -0500] "HEAD / HTTP/1.1" 200 -
192.168.175.104 - - [31/Dec/2016:23:18:15 -0500] "GET / HTTP/1.1" 200 9990
201.245.192.253 - - [31/Dec/2016:23:18:39 -0500] "GET /galeria/nivo-slider/demo/undefined HTTP/1.1" 404 1314
192.168.175.104 - - [31/Dec/2016:23:19:02 -0500] "GET / HTTP/1.0" 200 9990
190.25.204.196 - - [31/Dec/2016:23:19:31 -0500] "GET /galeria/juegos/ear/EARI.swf HTTP/1.1" 200 526915
66.249.66.175 - - [31/Dec/2016:23:19:46 -0500] "GET /BLA/resoluciones/RESOLUCIONES%202013/2071.pdf HTTP/1.1" 304 -
190.25.204.196 - - [31/Dec/2016:23:19:52 -0500] "GET /videos/galeria-cronicas/1V3wnplaylist.htm? HTTP/1.1" 200 4013
190.25.204.196 - - [31/Dec/2016:23:19:52 -0500] "GET /videos/galeria-cronicas/ HTTP/1.1" 200 4198
66.249.66.181 - - [31/Dec/2016:23:20:11 -0500] "GET /portalsiaccapacitaciones/Soportes%20Capacitaciones%202016/0001.%20MUEVETE%20MEJOR_BTA%20SDM.pdf HTTP/1.1" 404 1018
201.245.192.253 - - [31/Dec/2016:23:20:29 -0500] "GET /galeria/nivo-slider/demo/undefined HTTP/1.1" 404 1314
66.249.66.184 - - [31/Dec/2016:23:20:37 -0500] "GET /ecodirectorio/files/res/downloads/download_0191.pdf HTTP/1.1" 304 -
192.168.175.104 - - [31/Dec/2016:23:20:41 -0500] "GET / HTTP/1.1" 200 9990
180.76.15.141 - - [31/Dec/2016:23:21:14 -0500] "GET / HTTP/1.1" 200 9990
180.76.15.134 - - [31/Dec/2016:23:21:34 -0500] "GET / HTTP/1.1" 200 9990
66.249.66.175 - - [31/Dec/2016:23:21:55 -0500] "GET /BLA/resoluciones/AUTOS%202007/3231.pdf HTTP/1.1" 200 133002
69.162.124.232 - - [31/Dec/2016:23:22:10 -0500] "HEAD / HTTP/1.1" 200 -
201.245.192.253 - - [31/Dec/2016:23:22:20 -0500] "GET /galeria/nivo-slider/demo/undefined HTTP/1.1" 404 1314
66.249.66.175 - - [31/Dec/2016:23:22:20 -0500] "GET /BLA/resoluciones/AUTOS%202007/1015.pdf HTTP/1.1" 200 107139
66.249.66.175 - - [31/Dec/2016:23:22:46 -0500] "GET /BLA/resoluciones/AUTOS%202007/1349.pdf HTTP/1.1" 200 33234
66.249.66.175 - - [31/Dec/2016:23:23:12 -0500] "GET /BLA/resoluciones/AUTOS%202007/1399.pdf HTTP/1.1" 200 32237
192.168.175.104 - - [31/Dec/2016:23:23:13 -0500] "GET / HTTP/1.1" 200 9990
66.249.66.175 - - [31/Dec/2016:23:23:38 -0500] "GET /BLA/resoluciones/AUTOS%202007/3092.pdf HTTP/1.1" 200 171296
192.168.175.104 - - [31/Dec/2016:23:24:00 -0500] "GET / HTTP/1.0" 200 9990
201.245.192.253 - - [31/Dec/2016:23:24:10 -0500] "GET /galeria/nivo-slider/demo/undefined HTTP/1.1" 404 1314
66.249.66.175 - - [31/Dec/2016:23:24:29 -0500] "GET /BLA/resoluciones/AUTOS%202015/5566.pdf HTTP/1.1" 200 529529
66.249.66.175 - - [31/Dec/2016:23:24:55 -0500] "GET /BLA/resoluciones/AUTOS%202007/3819.pdf HTTP/1.1" 200 46647
66.249.66.178 - - [31/Dec/2016:23:25:21 -0500] "GET /BLA/resoluciones/AUTOS%202007/1561.pdf HTTP/1.1" 200 29256
5.15.106.46 - - [31/Dec/2016:23:25:38 -0500] "GET / HTTP/1.0" 200 9990
192.168.175.104 - - [31/Dec/2016:23:25:40 -0500] "GET / HTTP/1.1" 200 9990
66.249.66.175 - - [31/Dec/2016:23:25:47 -0500] "GET /BLA/resoluciones/AUTOS%202007/0445.pdf HTTP/1.1" 200 13650
201.245.192.253 - - [31/Dec/2016:23:26:01 -0500] "GET /galeria/nivo-slider/demo/undefined HTTP/1.1" 404 1314
66.249.66.175 - - [31/Dec/2016:23:26:12 -0500] "GET /BLA/resoluciones/AUTOS%202007/0670.pdf HTTP/1.1" 200 152525
66.249.66.175 - - [31/Dec/2016:23:26:38 -0500] "GET /BLA/resoluciones/AUTOS%202015/7145.pdf HTTP/1.1" 200 551808
157.55.39.19 - - [31/Dec/2016:23:26:41 -0500] "GET /galeria/nivo-slider/demo/demo.html HTTP/1.1" 200 3366
66.249.66.181 - - [31/Dec/2016:23:27:04 -0500] "GET /BLA/resoluciones/AUTOS%202007/3177.pdf HTTP/1.1" 200 83772
69.162.124.232 - - [31/Dec/2016:23:27:10 -0500] "HEAD / HTTP/1.1" 200 -
66.249.66.175 - - [31/Dec/2016:23:27:30 -0500] "GET /BLA/resoluciones/AUTOS%202007/3073.pdf HTTP/1.1" 200 158373
201.245.192.253 - - [31/Dec/2016:23:27:52 -0500] "GET /galeria/nivo-slider/demo/undefined HTTP/1.1" 404 1314
66.249.66.181 - - [31/Dec/2016:23:27:55 -0500] "GET /BLA/resoluciones/AUTOS%202007/2834.pdf HTTP/1.1" 200 83766
192.168.175.104 - - [31/Dec/2016:23:28:11 -0500] "GET / HTTP/1.1" 200 9990
66.249.66.175 - - [31/Dec/2016:23:28:21 -0500] "GET /BLA/resoluciones/AUTOS%202015/4431.pdf HTTP/1.1" 200 699881
66.249.66.181 - - [31/Dec/2016:23:28:47 -0500] "GET /BLA/resoluciones/AUTOS%202007/0243.pdf HTTP/1.1" 200 20468
192.168.175.104 - - [31/Dec/2016:23:28:58 -0500] "GET / HTTP/1.0" 200 9990
66.249.66.175 - - [31/Dec/2016:23:29:13 -0500] "GET /BLA/resoluciones/AUTOS%202007/3717.pdf HTTP/1.1" 200 284064
66.249.66.175 - - [31/Dec/2016:23:29:39 -0500] "GET /BLA/resoluciones/AUTOS%202007/1490.pdf HTTP/1.1" 200 40087
201.245.192.253 - - [31/Dec/2016:23:29:42 -0500] "GET /galeria/nivo-slider/demo/undefined HTTP/1.1" 404 1314
66.249.66.178 - - [31/Dec/2016:23:30:04 -0500] "GET /BLA/resoluciones/AUTOS%202007/1819.pdf HTTP/1.1" 200 31784
66.249.66.178 - - [31/Dec/2016:23:30:30 -0500] "GET /BLA/resoluciones/AUTOS%202007/2019.pdf HTTP/1.1" 200 121328
192.168.175.104 - - [31/Dec/2016:23:30:38 -0500] "GET / HTTP/1.1" 200 9990
66.249.66.175 - - [31/Dec/2016:23:30:56 -0500] "GET /BLA/resoluciones/AUTOS%202007/0600.pdf HTTP/1.1" 200 65935
5.39.218.201 - - [31/Dec/2016:23:31:21 -0500] "GET /82172316237 HTTP/1.1" 404 1018
66.249.66.175 - - [31/Dec/2016:23:31:22 -0500] "GET /BLA/resoluciones/AUTOS%202007/0424.pdf HTTP/1.1" 200 67512
201.245.192.253 - - [31/Dec/2016:23:31:33 -0500] "GET /galeria/nivo-slider/demo/undefined HTTP/1.1" 404 1314
66.249.66.181 - - [31/Dec/2016:23:31:47 -0500] "GET /BLA/resoluciones/AUTOS%202007/1110.pdf HTTP/1.1" 200 26524
69.162.124.232 - - [31/Dec/2016:23:32:10 -0500] "HEAD / HTTP/1.1" 200 -
66.249.66.178 - - [31/Dec/2016:23:32:13 -0500] "GET /BLA/resoluciones/AUTOS%202007/2083.pdf HTTP/1.1" 200 89959
66.249.66.175 - - [31/Dec/2016:23:32:39 -0500] "GET /BLA/resoluciones/AUTOS%202007/1454.pdf HTTP/1.1" 200 144538
66.249.66.175 - - [31/Dec/2016:23:33:05 -0500] "GET /BLA/resoluciones/AUTOS%202007/0087.pdf HTTP/1.1" 200 112684
192.168.175.104 - - [31/Dec/2016:23:33:09 -0500] "GET / HTTP/1.1" 200 9990
201.245.192.253 - - [31/Dec/2016:23:33:23 -0500] "GET /galeria/nivo-slider/demo/undefined HTTP/1.1" 404 1314
66.249.66.178 - - [31/Dec/2016:23:33:31 -0500] "GET /BLA/resoluciones/AUTOS%202007/3267.pdf HTTP/1.1" 200 326377
192.168.175.104 - - [31/Dec/2016:23:33:56 -0500] "GET / HTTP/1.0" 200 9990
66.249.66.178 - - [31/Dec/2016:23:33:56 -0500] "GET /BLA/resoluciones/AUTOS%202007/0150.pdf HTTP/1.1" 200 114884
66.249.66.178 - - [31/Dec/2016:23:34:22 -0500] "GET /BLA/resoluciones/AUTOS%202007/0838.pdf HTTP/1.1" 200 104461
66.249.66.178 - - [31/Dec/2016:23:34:48 -0500] "GET /BLA/resoluciones/AUTOS%202007/2262.pdf HTTP/1.1" 200 153280
66.249.66.178 - - [31/Dec/2016:23:35:14 -0500] "GET /BLA/resoluciones/AUTOS%202007/2296.pdf HTTP/1.1" 200 118933
201.245.192.253 - - [31/Dec/2016:23:35:14 -0500] "GET /galeria/nivo-slider/demo/undefined HTTP/1.1" 404 1314
192.168.175.104 - - [31/Dec/2016:23:35:37 -0500] "GET / HTTP/1.1" 200 9990
66.249.66.175 - - [31/Dec/2016:23:35:39 -0500] "GET /BLA/resoluciones/AUTOS%202007/2213.pdf HTTP/1.1" 200 88073
66.249.66.178 - - [31/Dec/2016:23:36:05 -0500] "GET /BLA/resoluciones/AUTOS%202007/2509.pdf HTTP/1.1" 200 528568
66.249.66.178 - - [31/Dec/2016:23:36:31 -0500] "GET /BLA/resoluciones/AUTOS%202007/2622.pdf HTTP/1.1" 200 28126
66.249.66.175 - - [31/Dec/2016:23:36:57 -0500] "GET /BLA/resoluciones/AUTOS%202007/2873.pdf HTTP/1.1" 200 76693
201.245.192.253 - - [31/Dec/2016:23:37:05 -0500] "GET /galeria/nivo-slider/demo/undefined HTTP/1.1" 404 1314
69.162.124.232 - - [31/Dec/2016:23:37:10 -0500] "HEAD / HTTP/1.1" 200 -
66.249.66.175 - - [31/Dec/2016:23:37:22 -0500] "GET /BLA/resoluciones/AUTOS%202007/0011.pdf HTTP/1.1" 200 357578
66.249.66.175 - - [31/Dec/2016:23:37:48 -0500] "GET /BLA/resoluciones/AUTOS%202007/0751.pdf HTTP/1.1" 200 23839
192.168.175.104 - - [31/Dec/2016:23:38:08 -0500] "GET / HTTP/1.1" 200 9990
66.249.66.178 - - [31/Dec/2016:23:38:14 -0500] "GET /portalsiaccapacitaciones/Soportes%20Capacitaciones%202016/0002.%20Presentaci%C3%B3n%20Residuos%20Peligrosos-%20SEGAE-SDA.pdf HTTP/1.1" 404 1018
66.249.66.175 - - [31/Dec/2016:23:38:40 -0500] "GET /BLA/resoluciones/AUTOS%202007/3170.pdf HTTP/1.1" 200 130392
192.168.175.104 - - [31/Dec/2016:23:38:54 -0500] "GET / HTTP/1.0" 200 9990
201.245.192.253 - - [31/Dec/2016:23:38:55 -0500] "GET /galeria/nivo-slider/demo/undefined HTTP/1.1" 404 1314
66.102.6.86 - - [31/Dec/2016:23:39:05 -0500] "GET /galeria/galeria/jquery.fancybox.js?v=2.1.5 HTTP/1.1" 200 48706
66.102.6.86 - - [31/Dec/2016:23:39:05 -0500] "GET /BLA/boletinlegal/js/jquery.scrollShow.js HTTP/1.1" 200 4586
66.102.6.84 - - [31/Dec/2016:23:39:05 -0500] "GET /galeria/galeria/jquery.fancybox.css?v=2.1.5 HTTP/1.1" 200 4895
66.102.6.84 - - [31/Dec/2016:23:39:09 -0500] "GET /galeria/galeria/jquery.fancybox.css?v=2.1.5 HTTP/1.1" 304 -
66.102.6.85 - - [31/Dec/2016:23:39:09 -0500] "GET /BLA/boletinlegal/js/jquery.scrollShow.js HTTP/1.1" 304 -
66.102.6.85 - - [31/Dec/2016:23:39:09 -0500] "GET /galeria/galeria/jquery.fancybox.js?v=2.1.5 HTTP/1.1" 304 -
66.249.66.181 - - [31/Dec/2016:23:39:34 -0500] "GET /BLA/resoluciones/AUTOS%202007/3157.pdf HTTP/1.1" 200 88228
66.249.66.175 - - [31/Dec/2016:23:39:57 -0500] "GET /BLA/resoluciones/AUTOS%202015/6915.pdf HTTP/1.1" 200 469178
66.249.66.178 - - [31/Dec/2016:23:40:23 -0500] "GET /BLA/resoluciones/AUTOS%202007/1794.pdf HTTP/1.1" 200 75994
192.168.175.104 - - [31/Dec/2016:23:40:35 -0500] "GET / HTTP/1.1" 200 9990
201.245.192.253 - - [31/Dec/2016:23:40:46 -0500] "GET /galeria/nivo-slider/demo/undefined HTTP/1.1" 404 1314
66.249.66.178 - - [31/Dec/2016:23:40:49 -0500] "GET /BLA/resoluciones/AUTOS%202007/1484.pdf HTTP/1.1" 200 55948
201.228.251.244 - - [31/Dec/2016:23:40:50 -0500] "GET /galeria/galeria/jquery.fancybox.css?v=2.1.5 HTTP/1.1" 200 4895
201.228.251.244 - - [31/Dec/2016:23:40:50 -0500] "GET /BLA/boletinlegal/js/jquery.scrollShow.js HTTP/1.1" 200 4586
201.228.251.244 - - [31/Dec/2016:23:40:50 -0500] "GET /galeria/galeria/jquery.fancybox.js?v=2.1.5 HTTP/1.1" 200 48706
201.228.251.244 - - [31/Dec/2016:23:40:59 -0500] "GET /BLA/boletinlegal/js/jquery.scrollShow.js HTTP/1.1" 304 -
201.228.251.244 - - [31/Dec/2016:23:40:59 -0500] "GET /galeria/galeria/jquery.fancybox.js?v=2.1.5 HTTP/1.1" 304 -
201.228.251.244 - - [31/Dec/2016:23:40:59 -0500] "GET /galeria/galeria/jquery.fancybox.css?v=2.1.5 HTTP/1.1" 304 -
180.76.15.5 - - [31/Dec/2016:23:41:12 -0500] "GET /BLA/boletinlegal/Directivas/2009/Directiva%20No.%20del%2023%20de%20Diciembre%20de%202009.pdf HTTP/1.1" 200 1636862
66.249.66.178 - - [31/Dec/2016:23:41:14 -0500] "GET /BLA/resoluciones/AUTOS%202015/3613.pdf HTTP/1.1" 200 549547
66.249.66.175 - - [31/Dec/2016:23:41:40 -0500] "GET /BLA/resoluciones/AUTOS%202007/2108.pdf HTTP/1.1" 200 80890
66.249.66.178 - - [31/Dec/2016:23:42:06 -0500] "GET /BLA/resoluciones/AUTOS%202007/1551.pdf HTTP/1.1" 200 31099
69.162.124.232 - - [31/Dec/2016:23:42:10 -0500] "HEAD / HTTP/1.1" 200 -
66.249.66.178 - - [31/Dec/2016:23:42:15 -0500] "GET /galeria/carrusel/Carrusel/jquery-ui-1.8.13.custom.min.js HTTP/1.1" 200 10800
66.249.66.178 - - [31/Dec/2016:23:42:16 -0500] "GET /BLA/boletinlegal/js/jquery.scrollShow.js HTTP/1.1" 200 4586
66.249.66.175 - - [31/Dec/2016:23:42:18 -0500] "GET /galeria/galeria/jquery.fancybox.js?v=2.1.5 HTTP/1.1" 200 48706
66.249.66.175 - - [31/Dec/2016:23:42:19 -0500] "GET /galeria/carrusel/Carrusel/jquery.thumbnailScroller.js HTTP/1.1" 200 8157
66.249.66.175 - - [31/Dec/2016:23:42:21 -0500] "GET /galeria/galeria/jquery.fancybox.css?v=2.1.5 HTTP/1.1" 200 4895
66.249.66.175 - - [31/Dec/2016:23:42:22 -0500] "GET /galeria/carrusel/Carrusel/jquery.thumbnailScroller.css HTTP/1.1" 200 2066
131.253.25.165 - - [31/Dec/2016:23:42:22 -0500] "GET /BLA/boletinlegal/styles2.css HTTP/1.1" 200 1838
66.249.66.175 - - [31/Dec/2016:23:42:23 -0500] "GET /BLA/boletinlegal/js/jquery.scrollShow.js HTTP/1.1" 200 4586
131.253.25.189 - - [31/Dec/2016:23:42:24 -0500] "GET /BLA/boletinlegal/js/jquery.scrollTo-min.js HTTP/1.1" 200 1150
66.249.66.175 - - [31/Dec/2016:23:42:24 -0500] "GET /galeria/galeria/jquery.fancybox.js?v=2.1.5 HTTP/1.1" 200 48706
66.249.66.175 - - [31/Dec/2016:23:42:26 -0500] "GET /galeria/carrusel/Carrusel/jquery.thumbnailScroller.js HTTP/1.1" 200 8157
131.253.27.13 - - [31/Dec/2016:23:42:26 -0500] "GET /BLA/boletinlegal/images/cabezote%20BLEGAL.jpg HTTP/1.1" 200 118164
66.249.66.175 - - [31/Dec/2016:23:42:27 -0500] "GET /galeria/galeria/jquery.fancybox.css?v=2.1.5 HTTP/1.1" 200 4895
131.253.25.252 - - [31/Dec/2016:23:42:29 -0500] "GET /BLA/boletinlegal/images/body_bg.jpg HTTP/1.1" 200 1601
131.253.27.91 - - [31/Dec/2016:23:42:30 -0500] "GET /BLA/boletinlegal/images/menu_lft.gif HTTP/1.1" 200 1713
131.253.25.160 - - [31/Dec/2016:23:42:31 -0500] "GET /BLA/boletinlegal/images/menu_rght.gif HTTP/1.1" 200 1627
131.253.27.91 - - [31/Dec/2016:23:42:31 -0500] "GET /BLA/boletinlegal/images/bg_top.jpg HTTP/1.1" 200 522
131.253.25.189 - - [31/Dec/2016:23:42:32 -0500] "GET /BLA/boletinlegal/images/menu_bg.jpg HTTP/1.1" 200 620
131.253.27.37 - - [31/Dec/2016:23:42:33 -0500] "GET /BLA/boletinlegal/images/hover.jpg HTTP/1.1" 200 640
131.253.25.167 - - [31/Dec/2016:23:42:34 -0500] "GET /BLA/boletinlegal/images/text.jpg HTTP/1.1" 200 568
131.253.25.165 - - [31/Dec/2016:23:42:34 -0500] "GET /BLA/boletinlegal/images/footer_bg.jpg HTTP/1.1" 200 586
131.253.27.91 - - [31/Dec/2016:23:42:34 -0500] "GET /BLA/boletinlegal/images/footer_bg_l.jpg HTTP/1.1" 200 776
201.245.192.253 - - [31/Dec/2016:23:42:37 -0500] "GET /galeria/nivo-slider/demo/undefined HTTP/1.1" 404 1314
66.249.66.175 - - [31/Dec/2016:23:42:38 -0500] "GET /BLA/resoluciones/AUTOS%202007/2301.pdf HTTP/1.1" 200 46765
66.249.66.175 - - [31/Dec/2016:23:42:40 -0500] "GET /galeria/carrusel/Carrusel/jquery.thumbnailScroller.css HTTP/1.1" 200 2066
192.168.175.104 - - [31/Dec/2016:23:43:06 -0500] "GET / HTTP/1.1" 200 9990
181.59.46.2 - - [31/Dec/2016:23:43:16 -0500] "GET /BLA/boletinlegal/js/jquery.scrollShow.js HTTP/1.1" 200 4586
181.59.46.2 - - [31/Dec/2016:23:43:16 -0500] "GET /galeria/galeria/jquery.fancybox.js?v=2.1.5 HTTP/1.1" 200 48706
181.59.46.2 - - [31/Dec/2016:23:43:16 -0500] "GET /galeria/galeria/jquery.fancybox.css?v=2.1.5 HTTP/1.1" 200 4895
181.59.46.2 - - [31/Dec/2016:23:43:32 -0500] "GET /BLA/boletinlegal/js/jquery.scrollShow.js HTTP/1.1" 200 4586
181.59.46.2 - - [31/Dec/2016:23:43:33 -0500] "GET /galeria/galeria/jquery.fancybox.js?v=2.1.5 HTTP/1.1" 200 48706
181.59.46.2 - - [31/Dec/2016:23:43:34 -0500] "GET /galeria/galeria/jquery.fancybox.css?v=2.1.5 HTTP/1.1" 200 4895
66.249.66.181 - - [31/Dec/2016:23:43:49 -0500] "GET /BLA/resoluciones/AUTOS%202007/3496.pdf HTTP/1.1" 200 144854
192.168.175.104 - - [31/Dec/2016:23:43:52 -0500] "GET / HTTP/1.0" 200 9990
186.29.183.13 - - [31/Dec/2016:23:43:56 -0500] "GET /galeria/galeria/fotos/mirador4G.jpg HTTP/1.1" 200 159827
186.29.183.13 - - [31/Dec/2016:23:43:59 -0500] "GET /galeria/galeria/fotos/mirador2G.jpg HTTP/1.1" 200 115084
186.29.183.13 - - [31/Dec/2016:23:44:15 -0500] "GET /galeria/galeria/fotos/mirador3G.jpg HTTP/1.1" 200 131992
157.55.39.163 - - [31/Dec/2016:23:44:20 -0500] "GET /SIG/Gesti%C3%B3n%20Talento%20Humano/Gesti%C3%B3n%20Talento%20Humano/126PA01-PR19.pdf HTTP/1.1" 200 54976
157.55.39.163 - - [31/Dec/2016:23:44:20 -0500] "GET /SIG/Gesti%C3%B3n%20Talento%20Humano/Gesti%C3%B3n%20Talento%20Humano/126PA01-PR20.pdf HTTP/1.1" 200 71236
157.55.39.163 - - [31/Dec/2016:23:44:21 -0500] "GET /SIG/Gesti%C3%B3n%20de%20Recursos%20F%C3%ADsicos/Gesti%C3%B3n%20de%20Recursos%20F%C3%ADsicos/126PA04-PR38.pdf HTTP/1.1" 200 86868
157.55.39.163 - - [31/Dec/2016:23:44:22 -0500] "GET /SIG/Gesti%C3%B3n%20Talento%20Humano/126PA01-PR18.pdf HTTP/1.1" 200 90726
157.55.39.163 - - [31/Dec/2016:23:44:22 -0500] "GET /SIG/Gesti%C3%B3n%20Talento%20Humano/Gesti%C3%B3n%20Talento%20Humano/126PA01-PR26.pdf HTTP/1.1" 200 60767
157.55.39.163 - - [31/Dec/2016:23:44:23 -0500] "GET /SIG/Comunicaciones/126PG02-PR09.pdf HTTP/1.1" 200 95162
157.55.39.163 - - [31/Dec/2016:23:44:24 -0500] "GET /SIG/Gesti%C3%B3n%20Talento%20Humano/Gesti%C3%B3n%20Talento%20Humano/126PA01-PR31.pdf HTTP/1.1" 200 61873
157.55.39.163 - - [31/Dec/2016:23:44:24 -0500] "GET /SIG/Gesti%C3%B3n%20de%20Recursos%20F%C3%ADsicos/126PA04-PR03.pdf HTTP/1.1" 200 89901
157.55.39.163 - - [31/Dec/2016:23:44:25 -0500] "GET /SIG/Gesti%C3%B3n%20de%20Recursos%20F%C3%ADsicos/Gesti%C3%B3n%20de%20Recursos%20F%C3%ADsicos/126PA04-PR34.pdf HTTP/1.1" 200 80223
157.55.39.163 - - [31/Dec/2016:23:44:26 -0500] "GET /SIG/Gesti%C3%B3n%20de%20Recursos%20F%C3%ADsicos/126PA04-PR05.pdf HTTP/1.1" 200 49640
157.55.39.163 - - [31/Dec/2016:23:44:26 -0500] "GET /SIG/Gesti%C3%B3n%20de%20Recursos%20F%C3%ADsicos/126PA04-PR09.pdf HTTP/1.1" 200 97802
157.55.39.163 - - [31/Dec/2016:23:44:27 -0500] "GET /SIG/Gesti%C3%B3n%20de%20Recursos%20F%C3%ADsicos/Gesti%C3%B3n%20de%20Recursos%20F%C3%ADsicos/126PA04-PR29.pdf HTTP/1.1" 200 122355
201.245.192.253 - - [31/Dec/2016:23:44:27 -0500] "GET /galeria/nivo-slider/demo/undefined HTTP/1.1" 404 1314
157.55.39.163 - - [31/Dec/2016:23:44:28 -0500] "GET /SIG/Gesti%C3%B3n%20de%20Recursos%20F%C3%ADsicos/126PA04-PR12.pdf HTTP/1.1" 200 98059
157.55.39.163 - - [31/Dec/2016:23:44:28 -0500] "GET /Residuos/quimicos/quimicos.html HTTP/1.1" 200 1959
157.55.39.163 - - [31/Dec/2016:23:44:29 -0500] "GET /Residuos/metalmecanica/metalmecanica.html HTTP/1.1" 200 1969
157.55.39.163 - - [31/Dec/2016:23:44:29 -0500] "GET /Residuos/lavanderias/lavanderias.html HTTP/1.1" 200 1965
157.55.39.163 - - [31/Dec/2016:23:44:29 -0500] "GET /Residuos/impresion/impresion.html HTTP/1.1" 200 1961
157.55.39.163 - - [31/Dec/2016:23:44:29 -0500] "GET /Residuos/ HTTP/1.1" 200 4955
157.55.39.163 - - [31/Dec/2016:23:44:30 -0500] "GET /SIG/Gesti%C3%B3n%20de%20Recursos%20F%C3%ADsicos/Gesti%C3%B3n%20de%20Recursos%20F%C3%ADsicos/126PA04-PR25.pdf HTTP/1.1" 200 59222
157.55.39.163 - - [31/Dec/2016:23:44:30 -0500] "GET /SIG/Gesti%C3%B3n%20de%20Recursos%20F%C3%ADsicos/Gesti%C3%B3n%20de%20Recursos%20F%C3%ADsicos/126PA04-PR23.pdf HTTP/1.1" 200 90596
157.55.39.163 - - [31/Dec/2016:23:44:31 -0500] "GET /POT-2013/index.php?dir=SEGUIMIENTO/&sort=name&order=asc HTTP/1.1" 200 2147
157.55.39.163 - - [31/Dec/2016:23:44:31 -0500] "GET /POT-2013/index.php?dir=DTS/&sort=name&order=asc HTTP/1.1" 200 1771
157.55.39.163 - - [31/Dec/2016:23:44:31 -0500] "GET /SIG/Gesti%C3%B3n%20de%20Recursos%20F%C3%ADsicos/126PA04-PR30.pdf HTTP/1.1" 200 70246
157.55.39.163 - - [31/Dec/2016:23:44:32 -0500] "GET /BLA/boletinlegal/Directivas/2016/Directiva%20No.%2003%20del%2026%20de%20Julio%20de%202016.pdf HTTP/1.1" 200 370200
157.55.39.163 - - [31/Dec/2016:23:44:32 -0500] "GET /SIG/Gesti%C3%B3n%20de%20Recursos%20F%C3%ADsicos/Gesti%C3%B3n%20de%20Recursos%20F%C3%ADsicos/126PA04-PR07.pdf HTTP/1.1" 200 50179
157.55.39.163 - - [31/Dec/2016:23:44:33 -0500] "GET /Anexos%20estudio%20Organizacional%20SDA/index.php?dir=ANEXO%20No.%203-%20CONTRATACI\xc3\x83\xe2\x80\x9cN%20%20OPS\xc3\x82\xc2\xb4s%202008-2012/&sort=name&order=desc HTTP/1.1" 200 6159
157.55.39.163 - - [31/Dec/2016:23:44:34 -0500] "GET /Anexos%20estudio%20Organizacional%20SDA/index.php?dir=ANEXO%20No.%203-%20CONTRATACI\xc3\x83\xc2\x83\xc3\x82\xc2\x93N%20%20OPS\xc3\x83\xc2\x82\xc3\x82\xc2\xb4s%202008-2012/&sort=date&order=asc HTTP/1.1" 200 6181
157.55.39.163 - - [31/Dec/2016:23:44:34 -0500] "GET /SIG/index.php?dir=Educaci\xc3\xb3n%20Ambiental/&sort=date&order=asc HTTP/1.1" 200 4717
157.55.39.163 - - [31/Dec/2016:23:44:34 -0500] "GET /portalsiaccapacitaciones/Soportes%20Capacitaciones%202015 HTTP/1.1" 301 354
157.55.39.163 - - [31/Dec/2016:23:44:34 -0500] "GET /SIG/Gesti%C3%B3n%20Talento%20Humano/Gesti%C3%B3n%20Talento%20Humano/126PA01-PR02.pdf HTTP/1.1" 200 49103
157.55.39.163 - - [31/Dec/2016:23:44:57 -0500] "GET /SIG/Gesti%C3%B3n%20Talento%20Humano/Gesti%C3%B3n%20Talento%20Humano/126PA01-PR04.pdf HTTP/1.1" 200 45000
157.55.39.163 - - [31/Dec/2016:23:44:57 -0500] "GET /SIG/Gesti%C3%B3n%20Talento%20Humano/Gesti%C3%B3n%20Talento%20Humano/126PA01-PR08.pdf HTTP/1.1" 200 89643
157.55.39.163 - - [31/Dec/2016:23:44:58 -0500] "GET /SIG/Planeaci%C3%B3n%20Ambiental/126PM02-PR07.pdf HTTP/1.1" 200 1654875
157.55.39.163 - - [31/Dec/2016:23:45:02 -0500] "GET /ecodirectorio/files/res/downloads/download_0060.pdf HTTP/1.1" 200 327601
157.55.39.163 - - [31/Dec/2016:23:45:03 -0500] "GET /SIG/Gesti%C3%B3n%20Talento%20Humano/Gesti%C3%B3n%20Talento%20Humano/126PA01-PR13.pdf HTTP/1.1" 200 60276
157.55.39.163 - - [31/Dec/2016:23:45:03 -0500] "GET /SIG/index.php?dir=Planeaci\xc3\xb3n%20Ambiental/&sort=size&order=asc HTTP/1.1" 200 4720
157.55.39.163 - - [31/Dec/2016:23:45:04 -0500] "GET /SIG/index.php?dir=Planeaci\xc3\xb3n%20Ambiental/&sort=name&order=desc HTTP/1.1" 200 4719
157.55.39.163 - - [31/Dec/2016:23:45:04 -0500] "GET /SIG/index.php?dir=Planeaci\xc3\xb3n%20Ambiental/&sort=date&order=asc HTTP/1.1" 200 4720
157.55.39.163 - - [31/Dec/2016:23:45:05 -0500] "GET /SIG/index.php?dir=Educaci\xc3\xb3n%20Ambiental/&sort=size&order=asc HTTP/1.1" 200 4717
157.55.39.163 - - [31/Dec/2016:23:45:05 -0500] "GET /SIG/Gesti%C3%B3n%20Talento%20Humano/126PA01-PR12.pdf HTTP/1.1" 200 60205
157.55.39.163 - - [31/Dec/2016:23:45:05 -0500] "GET /SIG/Gesti%C3%B3n%20Talento%20Humano/Gesti%C3%B3n%20Talento%20Humano/126PA01-PR15.pdf HTTP/1.1" 200 49275
157.55.39.163 - - [31/Dec/2016:23:45:06 -0500] "GET /SIG/Gesti%C3%B3n%20Ambiental/126PM03-PR04.pdf HTTP/1.1" 200 279860
157.55.39.163 - - [31/Dec/2016:23:45:07 -0500] "GET /SIG/Gesti%C3%B3n%20Ambiental/126PM03-PR02.pdf HTTP/1.1" 200 287591
157.55.39.163 - - [31/Dec/2016:23:45:07 -0500] "GET /SIG/Gesti%C3%83%C2%B3n%20Talento%20Humano/Gesti%C3%83%C2%B3n%20Talento%20Humano/126PA01-PR29.pdf HTTP/1.1" 404 1019
157.55.39.163 - - [31/Dec/2016:23:45:07 -0500] "GET /SIG/Planeaci%C3%83%C2%B3n%20Ambiental/126PM02-PR07.pdf HTTP/1.1" 404 1019
157.55.39.163 - - [31/Dec/2016:23:45:08 -0500] "GET /SIG/Gestion%20Recursos%20Financieros/126PA02-PR08%20PROGRAMA%20ANUAL%20MENSUALIZADO%20CAJA%20INICIAL.pdf HTTP/1.1" 200 254788
157.55.39.163 - - [31/Dec/2016:23:45:08 -0500] "GET /SIG/Gestion%20Recursos%20Financieros/126PA02-PR03%20CONSTITUCION%20RESERVAS.pdf HTTP/1.1" 200 251852
157.55.39.163 - - [31/Dec/2016:23:45:09 -0500] "GET /SIG/Gestion%20Documental/126PA06-PR10%20INGRESO%20Y%20CATALOGACION%20MATERIAL%20BILIOG.CENTRO%20DOCUMENTACION.pdf HTTP/1.1" 200 269719
157.55.39.163 - - [31/Dec/2016:23:45:10 -0500] "GET /SIG/Gesti%C3%B3n%20de%20Recursos%20Inform%C3%A1ticos%20y%20Tecnol%C3%B3gicos/126PA03-PR13.pdf HTTP/1.1" 200 2386574
157.55.39.163 - - [31/Dec/2016:23:45:11 -0500] "GET /SIG/Gestion%20Documental/126PA06-PR03%20CONSULTA%20Y%20PRETAMO%20DOCUMENTOS.pdf HTTP/1.1" 200 293855
157.55.39.163 - - [31/Dec/2016:23:45:12 -0500] "GET /SIG/Educaci%C3%83%C2%B3n%20Ambiental/126PM05-PR03.pdf HTTP/1.1" 404 1019
