200.118.201.96 - - [31/Dec/2016:12:36:56 -0500] "GET /BLA/boletinlegal/js/jquery.scrollShow.js HTTP/1.1" 200 4586
200.118.201.96 - - [31/Dec/2016:12:36:56 -0500] "GET /galeria/galeria/jquery.fancybox.js?v=2.1.5 HTTP/1.1" 200 48706
201.245.192.253 - - [31/Dec/2016:12:36:58 -0500] "GET /galeria/nivo-slider/demo/undefined HTTP/1.1" 404 1314
200.118.201.96 - - [31/Dec/2016:12:37:19 -0500] "GET /galeria/galeria/jquery.fancybox.css?v=2.1.5 HTTP/1.1" 304 -
200.118.201.96 - - [31/Dec/2016:12:37:19 -0500] "GET /BLA/boletinlegal/js/jquery.scrollShow.js HTTP/1.1" 304 -
200.118.201.96 - - [31/Dec/2016:12:37:19 -0500] "GET /galeria/galeria/jquery.fancybox.js?v=2.1.5 HTTP/1.1" 304 -
157.55.39.160 - - [31/Dec/2016:12:37:25 -0500] "GET / HTTP/1.1" 200 9990
192.168.175.104 - - [31/Dec/2016:12:37:47 -0500] "GET / HTTP/1.1" 200 9990
186.154.39.202 - - [31/Dec/2016:12:37:52 -0500] "GET /favicon.ico HTTP/1.1" 200 7782
181.53.186.249 - - [31/Dec/2016:12:37:56 -0500] "GET /BLA/resoluciones/AUTOS%202007/2919.pdf HTTP/1.1" 200 131409
181.53.186.249 - - [31/Dec/2016:12:37:57 -0500] "GET /favicon.ico HTTP/1.1" 200 7782
161.18.96.28 - - [31/Dec/2016:12:38:05 -0500] "GET /galeria/galeria/jquery.fancybox.css?v=2.1.5 HTTP/1.1" 304 -
161.18.96.28 - - [31/Dec/2016:12:38:05 -0500] "GET /BLA/boletinlegal/js/jquery.scrollShow.js HTTP/1.1" 304 -
161.18.96.28 - - [31/Dec/2016:12:38:05 -0500] "GET /galeria/galeria/jquery.fancybox.js?v=2.1.5 HTTP/1.1" 304 -
180.76.15.14 - - [31/Dec/2016:12:38:12 -0500] "GET / HTTP/1.1" 200 9990
157.55.39.19 - - [31/Dec/2016:12:38:23 -0500] "GET /galeria/nivo-slider/demo/demo.html HTTP/1.1" 200 3366
201.245.192.253 - - [31/Dec/2016:12:38:49 -0500] "GET /galeria/nivo-slider/demo/undefined HTTP/1.1" 404 1314
180.76.15.146 - - [31/Dec/2016:12:39:10 -0500] "GET / HTTP/1.1" 200 9990
192.168.175.104 - - [31/Dec/2016:12:39:13 -0500] "GET / HTTP/1.0" 200 9990
181.49.67.208 - - [31/Dec/2016:12:39:28 -0500] "GET /BLA/boletinlegal/js/jquery.scrollShow.js HTTP/1.1" 200 4586
181.49.67.208 - - [31/Dec/2016:12:39:30 -0500] "GET /galeria/galeria/jquery.fancybox.js?v=2.1.5 HTTP/1.1" 200 48706
181.49.67.208 - - [31/Dec/2016:12:39:30 -0500] "GET /galeria/galeria/jquery.fancybox.css?v=2.1.5 HTTP/1.1" 200 4895
181.49.67.208 - - [31/Dec/2016:12:39:39 -0500] "GET /BLA/boletinlegal/js/jquery.scrollShow.js HTTP/1.1" 304 -
181.49.67.208 - - [31/Dec/2016:12:39:39 -0500] "GET /galeria/galeria/jquery.fancybox.js?v=2.1.5 HTTP/1.1" 304 -
181.49.67.208 - - [31/Dec/2016:12:39:39 -0500] "GET /galeria/galeria/jquery.fancybox.css?v=2.1.5 HTTP/1.1" 304 -
192.168.175.104 - - [31/Dec/2016:12:39:53 -0500] "GET / HTTP/1.1" 200 9990
69.162.124.232 - - [31/Dec/2016:12:40:23 -0500] "HEAD / HTTP/1.1" 200 -
201.245.192.253 - - [31/Dec/2016:12:40:39 -0500] "GET /galeria/nivo-slider/demo/undefined HTTP/1.1" 404 1314
66.249.66.181 - - [31/Dec/2016:12:40:51 -0500] "GET /BLA/resoluciones/AUTOS%202010/1826.pdf HTTP/1.1" 200 125691
201.245.192.253 - - [31/Dec/2016:12:42:30 -0500] "GET /galeria/nivo-slider/demo/undefined HTTP/1.1" 404 1314
192.168.175.104 - - [31/Dec/2016:12:42:45 -0500] "GET / HTTP/1.1" 200 9990
66.249.66.175 - - [31/Dec/2016:12:42:46 -0500] "GET /BLA/resoluciones/AUTOS%202014/1264.pdf HTTP/1.1" 200 204358
66.249.66.175 - - [31/Dec/2016:12:43:44 -0500] "GET /BLA/resoluciones/AUTOS%202010/3772.pdf HTTP/1.1" 200 40880
192.168.175.104 - - [31/Dec/2016:12:44:10 -0500] "GET / HTTP/1.0" 200 9990
201.245.192.253 - - [31/Dec/2016:12:44:21 -0500] "GET /galeria/nivo-slider/demo/undefined HTTP/1.1" 404 1314
123.126.113.85 - - [31/Dec/2016:12:44:24 -0500] "GET /resoluciones/RESOLUCIONES%202009/0716.pdf HTTP/1.1" 404 1018
123.126.113.85 - - [31/Dec/2016:12:44:38 -0500] "GET /resoluciones/RESOLUCIONES%202009/0680.pdf HTTP/1.1" 404 1018
192.168.175.104 - - [31/Dec/2016:12:44:51 -0500] "GET / HTTP/1.1" 200 9990
69.162.124.232 - - [31/Dec/2016:12:45:22 -0500] "HEAD / HTTP/1.1" 200 -
123.125.67.224 - - [31/Dec/2016:12:46:11 -0500] "GET /BLA/resoluciones/RESOLUCIONES%202008/1355.pdf HTTP/1.1" 200 1076489
201.245.192.253 - - [31/Dec/2016:12:46:11 -0500] "GET /galeria/nivo-slider/demo/undefined HTTP/1.1" 404 1314
190.9.204.92 - - [31/Dec/2016:12:46:14 -0500] "GET /galeria/galeria/fotos/Entrenube2G.jpg HTTP/1.1" 200 111422
190.9.204.92 - - [31/Dec/2016:12:46:15 -0500] "GET /galeria/galeria/fotos/Entrenube3G.jpg HTTP/1.1" 200 138221
201.244.173.183 - - [31/Dec/2016:12:47:22 -0500] "GET /galeria/galeria/jquery.fancybox.css?v=2.1.5 HTTP/1.1" 200 4895
201.244.173.183 - - [31/Dec/2016:12:47:22 -0500] "GET /galeria/galeria/jquery.fancybox.js?v=2.1.5 HTTP/1.1" 200 48706
201.244.173.183 - - [31/Dec/2016:12:47:23 -0500] "GET /galeria/galeria/fotos/Humedal-Santa-Mar%C3%ADa-del-Lago1P.jpg HTTP/1.1" 200 26912
201.244.173.183 - - [31/Dec/2016:12:47:23 -0500] "GET /galeria/galeria/fotos/Humedal-Santa-Mar%C3%ADa-del-Lago2P.jpg HTTP/1.1" 200 37138
201.244.173.183 - - [31/Dec/2016:12:47:23 -0500] "GET /galeria/galeria/fotos/Humedal-Santa-Mar%C3%ADa-del-Lago3P.jpg HTTP/1.1" 200 30161
201.244.173.183 - - [31/Dec/2016:12:47:23 -0500] "GET /galeria/galeria/fotos/Humedal-Santa-Mar%C3%ADa-del-Lago4P.jpg HTTP/1.1" 200 33121
192.168.175.104 - - [31/Dec/2016:12:47:43 -0500] "GET / HTTP/1.1" 200 9990
201.245.192.253 - - [31/Dec/2016:12:48:02 -0500] "GET /galeria/nivo-slider/demo/undefined HTTP/1.1" 404 1314
192.168.175.104 - - [31/Dec/2016:12:49:09 -0500] "GET / HTTP/1.0" 200 9990
192.168.175.104 - - [31/Dec/2016:12:49:49 -0500] "GET / HTTP/1.1" 200 9990
201.245.192.253 - - [31/Dec/2016:12:49:53 -0500] "GET /galeria/nivo-slider/demo/undefined HTTP/1.1" 404 1314
69.162.124.232 - - [31/Dec/2016:12:50:23 -0500] "HEAD / HTTP/1.1" 200 -
190.130.127.250 - - [31/Dec/2016:12:50:26 -0500] "GET /BLA/resoluciones/AUTOS%202009/2711.pdf HTTP/1.1" 200 125649
190.130.127.250 - - [31/Dec/2016:12:50:42 -0500] "GET /BLA/resoluciones/AUTOS%202009/2711.pdf HTTP/1.1" 200 125649
195.133.48.121 - - [31/Dec/2016:12:51:09 -0500] "HEAD / HTTP/1.1" 200 -
201.245.192.253 - - [31/Dec/2016:12:51:43 -0500] "GET /galeria/nivo-slider/demo/undefined HTTP/1.1" 404 1314
192.168.175.104 - - [31/Dec/2016:12:52:41 -0500] "GET / HTTP/1.1" 200 9990
193.124.131.168 - - [31/Dec/2016:12:53:22 -0500] "HEAD / HTTP/1.1" 200 -
201.245.192.253 - - [31/Dec/2016:12:53:34 -0500] "GET /galeria/nivo-slider/demo/undefined HTTP/1.1" 404 1314
190.147.169.237 - - [31/Dec/2016:12:53:50 -0500] "GET / HTTP/1.0" 200 9990
190.147.169.237 - - [31/Dec/2016:12:53:50 -0500] "GET / HTTP/1.0" 200 9990
190.147.169.237 - - [31/Dec/2016:12:53:51 -0500] "GET / HTTP/1.0" 200 9990
195.133.48.150 - - [31/Dec/2016:12:54:04 -0500] "HEAD / HTTP/1.1" 200 -
192.168.175.104 - - [31/Dec/2016:12:54:08 -0500] "GET / HTTP/1.0" 200 9990
182.118.60.15 - - [31/Dec/2016:12:54:31 -0500] "GET / HTTP/1.1" 200 9990
42.120.160.23 - - [31/Dec/2016:12:54:34 -0500] "GET /galeria/galeria/jquery.fancybox.css?v=2.1.5 HTTP/1.1" 200 4895
40.77.167.15 - - [31/Dec/2016:12:54:40 -0500] "GET /www.ambientebogota.gov.co/ HTTP/1.1" 404 1019
192.168.175.104 - - [31/Dec/2016:12:54:47 -0500] "GET / HTTP/1.1" 200 9990
186.154.36.117 - - [31/Dec/2016:12:55:18 -0500] "GET /BLA/boletinlegal/js/jquery.scrollShow.js HTTP/1.1" 200 4586
186.154.36.117 - - [31/Dec/2016:12:55:18 -0500] "GET /galeria/galeria/jquery.fancybox.js?v=2.1.5 HTTP/1.1" 200 48706
186.154.36.117 - - [31/Dec/2016:12:55:19 -0500] "GET /galeria/galeria/jquery.fancybox.css?v=2.1.5 HTTP/1.1" 200 4895
69.162.124.232 - - [31/Dec/2016:12:55:22 -0500] "HEAD / HTTP/1.1" 200 -
201.245.192.253 - - [31/Dec/2016:12:55:24 -0500] "GET /galeria/nivo-slider/demo/undefined HTTP/1.1" 404 1314
186.154.36.117 - - [31/Dec/2016:12:55:35 -0500] "GET /galeria/galeria/jquery.fancybox.css?v=2.1.5 HTTP/1.1" 304 -
186.154.36.117 - - [31/Dec/2016:12:55:35 -0500] "GET /BLA/boletinlegal/js/jquery.scrollShow.js HTTP/1.1" 304 -
186.154.36.117 - - [31/Dec/2016:12:55:35 -0500] "GET /galeria/galeria/jquery.fancybox.js?v=2.1.5 HTTP/1.1" 304 -
186.113.10.143 - - [31/Dec/2016:12:56:15 -0500] "GET /galeria/nivo-slider/demo/images/pieza%20webtinguas.jpg HTTP/1.1" 304 -
66.249.66.175 - - [31/Dec/2016:12:56:15 -0500] "GET /BLA/resoluciones/AUTOS%202013/1077.pdf HTTP/1.1" 304 -
201.245.192.253 - - [31/Dec/2016:12:57:15 -0500] "GET /galeria/nivo-slider/demo/undefined HTTP/1.1" 404 1314
192.168.175.104 - - [31/Dec/2016:12:57:39 -0500] "GET / HTTP/1.1" 200 9990
157.55.39.93 - - [31/Dec/2016:12:57:43 -0500] "GET /BLA/boletinlegal/Circulares/2010/Circular%2005%20de%208%20de%20septiembre%20de%202010.pdf HTTP/1.1" 200 2146608
194.87.234.246 - - [31/Dec/2016:12:58:05 -0500] "HEAD / HTTP/1.1" 200 -
66.249.66.175 - - [31/Dec/2016:12:58:10 -0500] "GET /BLA/resoluciones/RESOLUCIONES%202013/2071.pdf HTTP/1.1" 304 -
201.245.192.253 - - [31/Dec/2016:12:59:06 -0500] "GET /galeria/nivo-slider/demo/undefined HTTP/1.1" 404 1314
192.168.175.104 - - [31/Dec/2016:12:59:07 -0500] "GET / HTTP/1.0" 200 9990
195.133.147.6 - - [31/Dec/2016:12:59:14 -0500] "HEAD / HTTP/1.1" 200 -
192.168.175.104 - - [31/Dec/2016:12:59:45 -0500] "GET / HTTP/1.1" 200 9990
66.249.66.181 - - [31/Dec/2016:13:00:06 -0500] "GET /BLA/resoluciones/AUTOS%202009/1102.pdf HTTP/1.1" 304 -
157.55.39.93 - - [31/Dec/2016:13:00:20 -0500] "GET /www.ambientebogota.gov.co:81/ HTTP/1.1" 403 1021
69.162.124.232 - - [31/Dec/2016:13:00:22 -0500] "HEAD / HTTP/1.1" 200 -
66.249.88.1 - - [31/Dec/2016:13:00:39 -0500] "GET /BLA/boletinlegal/js/jquery.scrollShow.js HTTP/1.1" 200 4586
66.249.88.7 - - [31/Dec/2016:13:00:41 -0500] "GET /galeria/galeria/jquery.fancybox.css?v=2.1.5 HTTP/1.1" 200 4895
66.249.88.1 - - [31/Dec/2016:13:00:41 -0500] "GET /galeria/galeria/jquery.fancybox.js?v=2.1.5 HTTP/1.1" 200 48706
201.245.192.253 - - [31/Dec/2016:13:00:56 -0500] "GET /galeria/nivo-slider/demo/undefined HTTP/1.1" 404 1314
66.249.66.187 - - [31/Dec/2016:13:01:04 -0500] "GET /ecodirectorio/files/res/downloads/download_0191.pdf HTTP/1.1" 304 -
66.249.88.1 - - [31/Dec/2016:13:01:17 -0500] "GET /galeria/galeria/jquery.fancybox.css?v=2.1.5 HTTP/1.1" 304 -
66.249.88.4 - - [31/Dec/2016:13:01:17 -0500] "GET /BLA/boletinlegal/js/jquery.scrollShow.js HTTP/1.1" 304 -
66.249.88.1 - - [31/Dec/2016:13:01:17 -0500] "GET /galeria/galeria/jquery.fancybox.js?v=2.1.5 HTTP/1.1" 304 -
68.180.229.178 - - [31/Dec/2016:13:01:22 -0500] "GET /BLA/boletinlegal/Circulares/2011/Circular%20No.%205%20del%2014%20de%20Julio%20de%202011.pdf HTTP/1.1" 304 -
68.180.229.178 - - [31/Dec/2016:13:01:23 -0500] "GET /BLA/boletinlegal/Circulares/2012/Circular%20No.%2011%20del%2027%20de%20Agosto%20de%202012.pdf HTTP/1.1" 200 526945
66.249.88.7 - - [31/Dec/2016:13:01:39 -0500] "GET /galeria/galeria/fotos/Entrenube2G.jpg HTTP/1.1" 200 111422
66.249.88.7 - - [31/Dec/2016:13:02:10 -0500] "GET /galeria/galeria/fotos/Entrenube1G.jpg HTTP/1.1" 200 98766
66.249.88.4 - - [31/Dec/2016:13:02:16 -0500] "GET /galeria/galeria/fotos/Entrenube3G.jpg HTTP/1.1" 200 138221
192.168.175.104 - - [31/Dec/2016:13:02:37 -0500] "GET / HTTP/1.1" 200 9990
201.245.192.253 - - [31/Dec/2016:13:02:47 -0500] "GET /galeria/nivo-slider/demo/undefined HTTP/1.1" 404 1314
192.168.175.104 - - [31/Dec/2016:13:04:04 -0500] "GET / HTTP/1.0" 200 9990
201.245.192.253 - - [31/Dec/2016:13:04:38 -0500] "GET /galeria/nivo-slider/demo/undefined HTTP/1.1" 404 1314
192.168.175.104 - - [31/Dec/2016:13:04:43 -0500] "GET / HTTP/1.1" 200 9990
69.162.124.232 - - [31/Dec/2016:13:05:22 -0500] "HEAD / HTTP/1.1" 200 -
201.245.192.253 - - [31/Dec/2016:13:06:28 -0500] "GET /galeria/nivo-slider/demo/undefined HTTP/1.1" 404 1314
66.249.88.1 - - [31/Dec/2016:13:06:29 -0500] "GET /transparencia/directorioservidores/abril2016.xlsx HTTP/1.1" 200 90365
201.244.173.183 - - [31/Dec/2016:13:07:05 -0500] "GET /galeria/galeria/jquery.fancybox.css?v=2.1.5 HTTP/1.1" 200 4895
201.244.173.183 - - [31/Dec/2016:13:07:05 -0500] "GET /galeria/carrusel/Carrusel/jquery.thumbnailScroller.css HTTP/1.1" 200 2066
201.244.173.183 - - [31/Dec/2016:13:07:05 -0500] "GET /BLA/boletinlegal/js/jquery.scrollShow.js HTTP/1.1" 200 4586
201.244.173.183 - - [31/Dec/2016:13:07:05 -0500] "GET /galeria/galeria/jquery.fancybox.js?v=2.1.5 HTTP/1.1" 200 48706
201.244.173.183 - - [31/Dec/2016:13:07:05 -0500] "GET /galeria/carrusel/Carrusel/jquery-ui-1.8.13.custom.min.js HTTP/1.1" 200 10800
201.244.173.183 - - [31/Dec/2016:13:07:05 -0500] "GET /galeria/carrusel/Carrusel/jquery.thumbnailScroller.js HTTP/1.1" 200 8157
201.244.173.183 - - [31/Dec/2016:13:07:05 -0500] "GET /galeria/nivo-slider/demo/demo.html HTTP/1.1" 200 3366
201.244.173.183 - - [31/Dec/2016:13:07:06 -0500] "GET /galeria/nivo-slider/themes/default/default.css HTTP/1.1" 200 1569
201.244.173.183 - - [31/Dec/2016:13:07:06 -0500] "GET /galeria/nivo-slider/themes/pascal/pascal.css HTTP/1.1" 200 2258
201.244.173.183 - - [31/Dec/2016:13:07:06 -0500] "GET /galeria/nivo-slider/themes/orman/orman.css HTTP/1.1" 200 2152
201.244.173.183 - - [31/Dec/2016:13:07:06 -0500] "GET /galeria/nivo-slider/nivo-slider.css HTTP/1.1" 200 1507
201.244.173.183 - - [31/Dec/2016:13:07:06 -0500] "GET /galeria/nivo-slider/demo/style.css HTTP/1.1" 200 2222
201.244.173.183 - - [31/Dec/2016:13:07:06 -0500] "GET /galeria/nivo-slider/demo/scripts/jquery-1.7.1.min.js HTTP/1.1" 200 93868
201.244.173.183 - - [31/Dec/2016:13:07:06 -0500] "GET /galeria/nivo-slider/demo/images/banner%20encuesta%20sda2-web3.jpg HTTP/1.1" 200 111668
201.244.173.183 - - [31/Dec/2016:13:07:06 -0500] "GET /galeria/nivo-slider/jquery.nivo.slider.pack.js HTTP/1.1" 200 11561
201.244.173.183 - - [31/Dec/2016:13:07:06 -0500] "GET /galeria/nivo-slider/demo/images/pieza%20webtinguas.jpg HTTP/1.1" 200 175651
201.244.173.183 - - [31/Dec/2016:13:07:06 -0500] "GET /galeria/nivo-slider/demo/images/bannerinvitaci%C3%B3nacaminatasecologicas2.jpg HTTP/1.1" 200 513253
201.244.173.183 - - [31/Dec/2016:13:07:06 -0500] "GET /galeria/nivo-slider/demo/images/bannersilvicultura.jpg HTTP/1.1" 200 173023
201.244.173.183 - - [31/Dec/2016:13:07:06 -0500] "GET /galeria/nivo-slider/demo/images/BANNERARBOLES.jpg HTTP/1.1" 200 227630
201.244.173.183 - - [31/Dec/2016:13:07:06 -0500] "GET /galeria/nivo-slider/themes/default/loading.gif HTTP/1.1" 200 1737
201.244.173.183 - - [31/Dec/2016:13:07:06 -0500] "GET /galeria/nivo-slider/demo/images/4Simple_Slider.png HTTP/1.1" 200 11722
201.244.173.183 - - [31/Dec/2016:13:07:07 -0500] "GET /galeria/nivo-slider/demo/images/ACOPIADORESYGESTORES.jpg HTTP/1.1" 200 118791
201.244.173.183 - - [31/Dec/2016:13:07:07 -0500] "GET /galeria/nivo-slider/demo/images/bannergestionambiental2.jpg HTTP/1.1" 200 245647
201.244.173.183 - - [31/Dec/2016:13:07:07 -0500] "GET /galeria/nivo-slider/demo/images/vegetal.jpg HTTP/1.1" 200 216080
201.244.173.183 - - [31/Dec/2016:13:07:07 -0500] "GET /galeria/nivo-slider/demo/images/Ruta-vertimientos-01.jpg HTTP/1.1" 200 130151
201.244.173.183 - - [31/Dec/2016:13:07:07 -0500] "GET /galeria/nivo-slider/demo/images/bolsas-06.jpg HTTP/1.1" 200 210950
201.244.173.183 - - [31/Dec/2016:13:07:10 -0500] "GET /galeria/nivo-slider/themes/default/arrows.png HTTP/1.1" 200 824
201.244.173.183 - - [31/Dec/2016:13:07:10 -0500] "GET /galeria/nivo-slider/themes/default/bullets.png HTTP/1.1" 200 1281
46.229.164.98 - - [31/Dec/2016:13:07:14 -0500] "GET /robots.txt HTTP/1.1" 404 1015
181.49.69.71 - - [31/Dec/2016:13:07:24 -0500] "GET /BLA/boletinlegal/js/jquery.scrollShow.js HTTP/1.1" 200 4586
181.49.69.71 - - [31/Dec/2016:13:07:24 -0500] "GET /galeria/galeria/jquery.fancybox.js?v=2.1.5 HTTP/1.1" 200 48706
181.49.69.71 - - [31/Dec/2016:13:07:24 -0500] "GET /galeria/galeria/jquery.fancybox.css?v=2.1.5 HTTP/1.1" 200 4895
181.49.69.71 - - [31/Dec/2016:13:07:25 -0500] "GET /galeria/carrusel/Carrusel/jquery.thumbnailScroller.css HTTP/1.1" 200 2066
181.49.69.71 - - [31/Dec/2016:13:07:25 -0500] "GET /galeria/carrusel/Carrusel/jquery-ui-1.8.13.custom.min.js HTTP/1.1" 200 10800
181.49.69.71 - - [31/Dec/2016:13:07:27 -0500] "GET /galeria/carrusel/Carrusel/jquery.thumbnailScroller.js HTTP/1.1" 200 8157
192.168.175.104 - - [31/Dec/2016:13:07:35 -0500] "GET / HTTP/1.1" 200 9990
201.245.192.253 - - [31/Dec/2016:13:08:19 -0500] "GET /galeria/nivo-slider/demo/undefined HTTP/1.1" 404 1314
201.244.173.183 - - [31/Dec/2016:13:08:25 -0500] "GET /galeria/bibloteca/contentflow.js HTTP/1.1" 200 42804
201.244.173.183 - - [31/Dec/2016:13:08:26 -0500] "GET /galeria/bibloteca/contentflow.css HTTP/1.1" 200 3201
201.244.173.183 - - [31/Dec/2016:13:08:26 -0500] "GET /galeria/bibloteca/mycontentflow.css HTTP/1.1" 200 3110
201.244.173.183 - - [31/Dec/2016:13:08:26 -0500] "GET /galeria/bibloteca/ContentFlowAddOn_white.js HTTP/1.1" 200 2497
201.244.173.183 - - [31/Dec/2016:13:08:26 -0500] "GET /galeria/bibloteca/ContentFlowAddOn_white.css HTTP/1.1" 200 3355
201.244.173.183 - - [31/Dec/2016:13:08:26 -0500] "GET /galeria/bibloteca/img/scrollbar_white.png HTTP/1.1" 200 82
201.244.173.183 - - [31/Dec/2016:13:08:26 -0500] "GET /galeria/bibloteca/img/slider_white.png HTTP/1.1" 200 178
201.244.173.183 - - [31/Dec/2016:13:08:26 -0500] "GET /galeria/bibloteca/img/loader.gif HTTP/1.1" 200 8238
201.244.173.183 - - [31/Dec/2016:13:08:27 -0500] "GET /galeria/bibloteca/img/scrollbar_black.png HTTP/1.1" 200 82
201.244.173.183 - - [31/Dec/2016:13:08:27 -0500] "GET /galeria/bibloteca/img/slider_black.png HTTP/1.1" 200 175
201.244.173.183 - - [31/Dec/2016:13:08:27 -0500] "GET /galeria/bibloteca/img/1x1_0.5_white.png HTTP/1.1" 200 82
201.244.173.183 - - [31/Dec/2016:13:08:27 -0500] "GET /galeria/bibloteca/img/ajax-loader.gif HTTP/1.1" 200 9427
216.244.66.245 - - [31/Dec/2016:13:08:16 -0500] "GET /BLA/boletinlegal/index.php HTTP/1.1" 200 28619
207.46.13.188 - - [31/Dec/2016:13:08:59 -0500] "GET /www.ambientebogota.gov.co/ HTTP/1.1" 404 1019
192.168.175.104 - - [31/Dec/2016:13:09:02 -0500] "GET / HTTP/1.0" 200 9990
192.168.175.104 - - [31/Dec/2016:13:09:41 -0500] "GET / HTTP/1.1" 200 9990
66.249.66.175 - - [31/Dec/2016:13:09:43 -0500] "GET /BLA/resoluciones/RESOLUCIONES%202010/4556.pdf HTTP/1.1" 200 542565
201.245.192.253 - - [31/Dec/2016:13:10:10 -0500] "GET /galeria/nivo-slider/demo/undefined HTTP/1.1" 404 1314
186.83.78.121 - - [31/Dec/2016:13:10:14 -0500] "GET /galeria/galeria/fotos/diaSC6.jpg HTTP/1.1" 200 117970
69.162.124.232 - - [31/Dec/2016:13:10:22 -0500] "HEAD / HTTP/1.1" 200 -
186.83.78.121 - - [31/Dec/2016:13:11:34 -0500] "GET /galeria/galeria/fotos/diaSC8.jpg HTTP/1.1" 200 94962
92.238.226.245 - - [31/Dec/2016:13:11:46 -0500] "GET /robots.txt HTTP/1.1" 404 1019
92.238.226.245 - - [31/Dec/2016:13:11:49 -0500] "GET /galeria/nivo-slider/demo/images/banner%20web%20semana%20eco%20peque%C3%B1o.jpg HTTP/1.1" 200 77068
92.238.226.245 - - [31/Dec/2016:13:11:51 -0500] "GET /galeria/nivo-slider/demo/images/bannerwebcampa%C3%B1amusgo.jpg HTTP/1.1" 200 291753
186.28.205.77 - - [31/Dec/2016:13:11:52 -0500] "GET /BLA/resoluciones/AUTOS%202011/0104.pdf HTTP/1.1" 200 203723
186.28.205.77 - - [31/Dec/2016:13:11:52 -0500] "GET /favicon.ico HTTP/1.1" 200 7782
92.238.226.245 - - [31/Dec/2016:13:11:53 -0500] "GET /galeria/nivo-slider/demo/images/bannerwebcampa%C3%B1amusgo2.jpg HTTP/1.1" 200 757384
92.238.226.245 - - [31/Dec/2016:13:11:55 -0500] "GET /galeria/nivo-slider/demo/images/bannerwebcampa%C3%B1amusgo3.jpg HTTP/1.1" 200 277175
201.245.192.253 - - [31/Dec/2016:13:12:00 -0500] "GET /galeria/nivo-slider/demo/undefined HTTP/1.1" 404 1314
190.24.84.71 - - [31/Dec/2016:13:12:19 -0500] "GET /BLA/boletinlegal/js/jquery.scrollShow.js HTTP/1.1" 200 4586
190.24.84.71 - - [31/Dec/2016:13:12:22 -0500] "GET /galeria/galeria/jquery.fancybox.js?v=2.1.5 HTTP/1.1" 200 48706
190.24.84.71 - - [31/Dec/2016:13:12:22 -0500] "GET /galeria/galeria/jquery.fancybox.css?v=2.1.5 HTTP/1.1" 200 4895
190.24.84.71 - - [31/Dec/2016:13:12:29 -0500] "GET /galeria/galeria/jquery.fancybox.css?v=2.1.5 HTTP/1.1" 304 -
190.24.84.71 - - [31/Dec/2016:13:12:29 -0500] "GET /BLA/boletinlegal/js/jquery.scrollShow.js HTTP/1.1" 304 -
190.24.84.71 - - [31/Dec/2016:13:12:29 -0500] "GET /galeria/galeria/jquery.fancybox.js?v=2.1.5 HTTP/1.1" 304 -
192.168.175.104 - - [31/Dec/2016:13:12:34 -0500] "GET / HTTP/1.1" 200 9990
201.245.192.253 - - [31/Dec/2016:13:13:51 -0500] "GET /galeria/nivo-slider/demo/undefined HTTP/1.1" 404 1314
192.168.175.104 - - [31/Dec/2016:13:14:00 -0500] "GET / HTTP/1.0" 200 9990
66.249.66.175 - - [31/Dec/2016:13:14:04 -0500] "GET /BLA/resoluciones/RESOLUCIONES%202010/2029.pdf HTTP/1.1" 200 347510
192.168.175.104 - - [31/Dec/2016:13:14:39 -0500] "GET / HTTP/1.1" 200 9990
157.55.39.19 - - [31/Dec/2016:13:14:53 -0500] "GET /galeria/nivo-slider/demo/demo.html HTTP/1.1" 200 3366
69.162.124.232 - - [31/Dec/2016:13:15:22 -0500] "HEAD / HTTP/1.1" 200 -
201.245.192.253 - - [31/Dec/2016:13:15:41 -0500] "GET /galeria/nivo-slider/demo/undefined HTTP/1.1" 404 1314
191.150.214.71 - - [31/Dec/2016:13:16:05 -0500] "GET /galeria/galeria/jquery.fancybox.css?v=2.1.5 HTTP/1.1" 200 4895
191.150.214.71 - - [31/Dec/2016:13:16:05 -0500] "GET /BLA/boletinlegal/js/jquery.scrollShow.js HTTP/1.1" 200 4586
191.150.214.71 - - [31/Dec/2016:13:16:05 -0500] "GET /galeria/galeria/jquery.fancybox.js?v=2.1.5 HTTP/1.1" 200 48706
192.168.175.104 - - [31/Dec/2016:13:17:31 -0500] "GET / HTTP/1.1" 200 9990
201.245.192.253 - - [31/Dec/2016:13:17:32 -0500] "GET /galeria/nivo-slider/demo/undefined HTTP/1.1" 404 1314
181.132.162.210 - - [31/Dec/2016:13:18:09 -0500] "GET /galeria/nivo-slider/demo/demo.html HTTP/1.1" 304 -
181.132.162.210 - - [31/Dec/2016:13:18:09 -0500] "GET /galeria/nivo-slider/demo/images/pieza%20webtinguas.jpg HTTP/1.1" 304 -
152.200.8.193 - - [31/Dec/2016:13:18:31 -0500] "GET /BLA/resoluciones/RESOLUCIONES%202007/RES%202007%20801%20AL%20900/RESOLUCION%200827%20DE%202007.pdf HTTP/1.1" 200 222252
186.83.248.184 - - [31/Dec/2016:13:18:51 -0500] "GET /BLA/resoluciones/AUTOS%202015/0306.pdf HTTP/1.1" 200 565948
186.83.248.184 - - [31/Dec/2016:13:18:52 -0500] "GET /favicon.ico HTTP/1.1" 200 7782
192.168.175.104 - - [31/Dec/2016:13:18:58 -0500] "GET / HTTP/1.0" 200 9990
40.77.167.15 - - [31/Dec/2016:13:18:21 -0500] "GET /BLA/boletinlegal/ HTTP/1.1" 200 53073
201.245.192.253 - - [31/Dec/2016:13:19:23 -0500] "GET /galeria/nivo-slider/demo/undefined HTTP/1.1" 404 1314
192.168.175.104 - - [31/Dec/2016:13:19:37 -0500] "GET / HTTP/1.1" 200 9990
66.249.66.175 - - [31/Dec/2016:13:20:21 -0500] "GET /BLA/resoluciones/AUTOS%202011/2365.pdf HTTP/1.1" 200 227649
69.162.124.232 - - [31/Dec/2016:13:20:22 -0500] "HEAD / HTTP/1.1" 200 -
66.249.66.175 - - [31/Dec/2016:13:20:31 -0500] "GET /portel_dama/libreria/php/2006/ECOSISTEMAS%20FINAL%20web_mz27/x%20restauracion/sitio/55_artic/xtras/13.pdf HTTP/1.1" 404 1018
185.154.13.6 - - [31/Dec/2016:13:21:11 -0500] "HEAD / HTTP/1.1" 200 -
178.159.43.212 - - [31/Dec/2016:13:21:11 -0500] "HEAD / HTTP/1.1" 200 -
201.245.192.253 - - [31/Dec/2016:13:21:14 -0500] "GET /galeria/nivo-slider/demo/undefined HTTP/1.1" 404 1314
191.109.223.122 - - [31/Dec/2016:13:21:38 -0500] "GET /BLA/resoluciones/AUTOS%202015/1436.pdf HTTP/1.1" 200 548217
191.109.223.122 - - [31/Dec/2016:13:21:39 -0500] "GET /BLA/resoluciones/AUTOS%202015/1436.pdf HTTP/1.1" 206 65536
191.109.223.122 - - [31/Dec/2016:13:21:39 -0500] "GET /BLA/resoluciones/AUTOS%202015/1436.pdf HTTP/1.1" 206 23929
191.109.223.122 - - [31/Dec/2016:13:21:40 -0500] "GET /BLA/resoluciones/AUTOS%202015/1436.pdf HTTP/1.1" 206 131072
191.109.223.122 - - [31/Dec/2016:13:21:40 -0500] "GET /favicon.ico HTTP/1.1" 200 7782
192.168.175.104 - - [31/Dec/2016:13:22:29 -0500] "GET / HTTP/1.1" 200 9990
201.245.192.253 - - [31/Dec/2016:13:23:04 -0500] "GET /galeria/nivo-slider/demo/undefined HTTP/1.1" 404 1314
157.55.39.160 - - [31/Dec/2016:13:23:50 -0500] "GET /www.ambientebogota.gov.co/web/intranet/inicio?p_p_state=maximized&p_p_mode=view&saveLastPath=0&_58_struts_action=%2Flogin%2Flogin&p_p_id=58&p_p_lifecycle=0&_58_redirect=%2Fgroup%2Fintranet%2Finicio HTTP/1.1" 404 1019
192.168.175.104 - - [31/Dec/2016:13:23:56 -0500] "GET / HTTP/1.0" 200 9990
192.168.175.104 - - [31/Dec/2016:13:24:35 -0500] "GET / HTTP/1.1" 200 9990
201.245.192.253 - - [31/Dec/2016:13:24:55 -0500] "GET /galeria/nivo-slider/demo/undefined HTTP/1.1" 404 1314
190.24.58.159 - - [31/Dec/2016:13:25:04 -0500] "GET /BLA/boletinlegal/js/jquery.scrollShow.js HTTP/1.1" 200 4586
190.24.58.159 - - [31/Dec/2016:13:25:04 -0500] "GET /galeria/galeria/jquery.fancybox.js?v=2.1.5 HTTP/1.1" 200 48706
190.24.58.159 - - [31/Dec/2016:13:25:04 -0500] "GET /galeria/galeria/jquery.fancybox.css?v=2.1.5 HTTP/1.1" 200 4895
190.24.58.159 - - [31/Dec/2016:13:25:04 -0500] "GET /galeria/carrusel/Carrusel/jquery.thumbnailScroller.css HTTP/1.1" 200 2066
190.24.58.159 - - [31/Dec/2016:13:25:05 -0500] "GET /galeria/carrusel/Carrusel/jquery-ui-1.8.13.custom.min.js HTTP/1.1" 200 10800
190.24.58.159 - - [31/Dec/2016:13:25:05 -0500] "GET /galeria/carrusel/Carrusel/jquery.thumbnailScroller.js HTTP/1.1" 200 8157
69.162.124.232 - - [31/Dec/2016:13:25:22 -0500] "HEAD / HTTP/1.1" 200 -
191.95.251.93 - - [31/Dec/2016:13:26:01 -0500] "-" 408 -
190.158.208.180 - - [31/Dec/2016:13:26:13 -0500] "GET /galeria/galeria/jquery.fancybox.css?v=2.1.5 HTTP/1.1" 200 4895
190.158.208.180 - - [31/Dec/2016:13:26:13 -0500] "GET /BLA/boletinlegal/js/jquery.scrollShow.js HTTP/1.1" 200 4586
190.158.208.180 - - [31/Dec/2016:13:26:13 -0500] "GET /galeria/galeria/jquery.fancybox.js?v=2.1.5 HTTP/1.1" 200 48706
190.158.208.180 - - [31/Dec/2016:13:26:18 -0500] "GET /galeria/galeria/jquery.fancybox.js?v=2.1.5 HTTP/1.1" 304 -
190.158.208.180 - - [31/Dec/2016:13:26:18 -0500] "GET /BLA/boletinlegal/js/jquery.scrollShow.js HTTP/1.1" 304 -
190.158.208.180 - - [31/Dec/2016:13:26:18 -0500] "GET /galeria/galeria/jquery.fancybox.css?v=2.1.5 HTTP/1.1" 304 -
180.76.15.155 - - [31/Dec/2016:13:26:28 -0500] "GET / HTTP/1.1" 200 9990
201.245.192.253 - - [31/Dec/2016:13:26:45 -0500] "GET /galeria/nivo-slider/demo/undefined HTTP/1.1" 404 1314
180.76.15.142 - - [31/Dec/2016:13:26:58 -0500] "GET / HTTP/1.1" 200 9990
192.168.175.104 - - [31/Dec/2016:13:27:27 -0500] "GET / HTTP/1.1" 200 9990
201.245.192.253 - - [31/Dec/2016:13:28:36 -0500] "GET /galeria/nivo-slider/demo/undefined HTTP/1.1" 404 1314
192.168.175.104 - - [31/Dec/2016:13:28:54 -0500] "GET / HTTP/1.0" 200 9990
186.86.55.72 - - [31/Dec/2016:13:29:03 -0500] "GET /galeria/galeria/fotos/GuaymaralTorca1G.jpg HTTP/1.1" 200 539636
192.168.175.104 - - [31/Dec/2016:13:29:33 -0500] "GET / HTTP/1.1" 200 9990
186.86.55.72 - - [31/Dec/2016:13:30:08 -0500] "GET /galeria/galeria/fotos/mirador4G.jpg HTTP/1.1" 200 159827
181.174.89.252 - - [31/Dec/2016:13:30:22 -0500] "-" 408 -
69.162.124.232 - - [31/Dec/2016:13:30:22 -0500] "HEAD / HTTP/1.1" 200 -
201.245.192.253 - - [31/Dec/2016:13:30:27 -0500] "GET /galeria/nivo-slider/demo/undefined HTTP/1.1" 404 1314
80.82.64.109 - - [31/Dec/2016:13:30:33 -0500] "GET /unguessable.php HTTP/1.1" 404 1015
181.174.89.252 - - [31/Dec/2016:13:30:35 -0500] "-" 408 -
167.0.81.194 - - [31/Dec/2016:13:31:31 -0500] "GET /galeria/galeria/jquery.fancybox.css?v=2.1.5 HTTP/1.1" 200 4895
167.0.81.194 - - [31/Dec/2016:13:31:31 -0500] "GET /BLA/boletinlegal/js/jquery.scrollShow.js HTTP/1.1" 200 4586
167.0.81.194 - - [31/Dec/2016:13:31:31 -0500] "GET /galeria/galeria/jquery.fancybox.js?v=2.1.5 HTTP/1.1" 200 48706
167.0.81.194 - - [31/Dec/2016:13:31:46 -0500] "GET /galeria/galeria/jquery.fancybox.css?v=2.1.5 HTTP/1.1" 304 -
167.0.81.194 - - [31/Dec/2016:13:31:46 -0500] "GET /BLA/boletinlegal/js/jquery.scrollShow.js HTTP/1.1" 304 -
167.0.81.194 - - [31/Dec/2016:13:31:46 -0500] "GET /galeria/galeria/jquery.fancybox.js?v=2.1.5 HTTP/1.1" 304 -
201.245.192.253 - - [31/Dec/2016:13:32:17 -0500] "GET /galeria/nivo-slider/demo/undefined HTTP/1.1" 404 1314
192.168.175.104 - - [31/Dec/2016:13:32:25 -0500] "GET / HTTP/1.1" 200 9990
66.249.66.181 - - [31/Dec/2016:13:33:47 -0500] "GET / HTTP/1.1" 200 9990
192.168.175.104 - - [31/Dec/2016:13:33:51 -0500] "GET / HTTP/1.0" 200 9990
73.196.72.122 - - [31/Dec/2016:13:34:05 -0500] "GET /BLA/resoluciones/RESOLUCIONES%202016/2228.pdf HTTP/1.1" 200 340571
201.245.192.253 - - [31/Dec/2016:13:34:08 -0500] "GET /galeria/nivo-slider/demo/undefined HTTP/1.1" 404 1314
192.168.175.104 - - [31/Dec/2016:13:34:31 -0500] "GET / HTTP/1.1" 200 9990
69.162.124.232 - - [31/Dec/2016:13:35:22 -0500] "HEAD / HTTP/1.1" 200 -
201.245.192.253 - - [31/Dec/2016:13:35:58 -0500] "GET /galeria/nivo-slider/demo/undefined HTTP/1.1" 404 1314
181.54.234.25 - - [31/Dec/2016:13:35:59 -0500] "GET /galeria/carrusel/Carrusel/jquery.thumbnailScroller.css HTTP/1.1" 200 2066
181.54.234.25 - - [31/Dec/2016:13:35:59 -0500] "GET /galeria/galeria/jquery.fancybox.css?v=2.1.5 HTTP/1.1" 200 4895
181.54.234.25 - - [31/Dec/2016:13:35:59 -0500] "GET /BLA/boletinlegal/js/jquery.scrollShow.js HTTP/1.1" 200 4586
181.54.234.25 - - [31/Dec/2016:13:35:59 -0500] "GET /galeria/galeria/jquery.fancybox.js?v=2.1.5 HTTP/1.1" 200 48706
181.54.234.25 - - [31/Dec/2016:13:35:59 -0500] "GET /galeria/carrusel/Carrusel/jquery-ui-1.8.13.custom.min.js HTTP/1.1" 200 10800
181.54.234.25 - - [31/Dec/2016:13:35:59 -0500] "GET /galeria/carrusel/Carrusel/jquery.thumbnailScroller.js HTTP/1.1" 200 8157
181.54.234.25 - - [31/Dec/2016:13:36:00 -0500] "GET /galeria/nivo-slider/demo/demo.html HTTP/1.1" 200 3366
181.54.234.25 - - [31/Dec/2016:13:36:00 -0500] "GET /galeria/nivo-slider/themes/default/default.css HTTP/1.1" 200 1569
181.54.234.25 - - [31/Dec/2016:13:36:00 -0500] "GET /galeria/nivo-slider/nivo-slider.css HTTP/1.1" 200 1507
181.54.234.25 - - [31/Dec/2016:13:36:00 -0500] "GET /galeria/nivo-slider/themes/orman/orman.css HTTP/1.1" 200 2152
181.54.234.25 - - [31/Dec/2016:13:36:00 -0500] "GET /galeria/nivo-slider/themes/pascal/pascal.css HTTP/1.1" 200 2258
181.54.234.25 - - [31/Dec/2016:13:36:00 -0500] "GET /galeria/nivo-slider/demo/style.css HTTP/1.1" 200 2222
181.54.234.25 - - [31/Dec/2016:13:36:00 -0500] "GET /galeria/nivo-slider/demo/images/banner%20encuesta%20sda2-web3.jpg HTTP/1.1" 200 111668
181.54.234.25 - - [31/Dec/2016:13:36:00 -0500] "GET /galeria/nivo-slider/demo/scripts/jquery-1.7.1.min.js HTTP/1.1" 200 93868
181.54.234.25 - - [31/Dec/2016:13:36:00 -0500] "GET /galeria/nivo-slider/demo/images/pieza%20webtinguas.jpg HTTP/1.1" 200 175651
181.54.234.25 - - [31/Dec/2016:13:36:00 -0500] "GET /galeria/nivo-slider/demo/images/bannerinvitaci%C3%B3nacaminatasecologicas2.jpg HTTP/1.1" 200 513253
181.54.234.25 - - [31/Dec/2016:13:36:00 -0500] "GET /galeria/nivo-slider/jquery.nivo.slider.pack.js HTTP/1.1" 200 11561
181.54.234.25 - - [31/Dec/2016:13:36:00 -0500] "GET /galeria/nivo-slider/demo/images/bannersilvicultura.jpg HTTP/1.1" 200 173023
181.54.234.25 - - [31/Dec/2016:13:36:00 -0500] "GET /galeria/nivo-slider/demo/images/BANNERARBOLES.jpg HTTP/1.1" 200 227630
181.54.234.25 - - [31/Dec/2016:13:36:01 -0500] "GET /galeria/nivo-slider/themes/default/loading.gif HTTP/1.1" 200 1737
181.54.234.25 - - [31/Dec/2016:13:36:02 -0500] "GET /galeria/nivo-slider/demo/images/4Simple_Slider.png HTTP/1.1" 200 11722
181.54.234.25 - - [31/Dec/2016:13:36:06 -0500] "GET /galeria/nivo-slider/demo/images/ACOPIADORESYGESTORES.jpg HTTP/1.1" 200 118791
181.54.234.25 - - [31/Dec/2016:13:36:06 -0500] "GET /galeria/nivo-slider/demo/images/bannergestionambiental2.jpg HTTP/1.1" 200 245647
181.54.234.25 - - [31/Dec/2016:13:36:06 -0500] "GET /galeria/nivo-slider/demo/images/vegetal.jpg HTTP/1.1" 200 216080
181.54.234.25 - - [31/Dec/2016:13:36:06 -0500] "GET /galeria/nivo-slider/demo/images/Ruta-vertimientos-01.jpg HTTP/1.1" 200 130151
181.54.234.25 - - [31/Dec/2016:13:36:07 -0500] "GET /galeria/nivo-slider/demo/images/bolsas-06.jpg HTTP/1.1" 200 210950
181.54.234.25 - - [31/Dec/2016:13:36:20 -0500] "GET /galeria/nivo-slider/themes/default/arrows.png HTTP/1.1" 200 824
181.54.234.25 - - [31/Dec/2016:13:36:20 -0500] "GET /galeria/nivo-slider/themes/default/bullets.png HTTP/1.1" 200 1281
181.54.234.25 - - [31/Dec/2016:13:36:36 -0500] "GET /galeria/galeria/jquery.fancybox.css?v=2.1.5 HTTP/1.1" 304 -
181.54.234.25 - - [31/Dec/2016:13:36:36 -0500] "GET /BLA/boletinlegal/js/jquery.scrollShow.js HTTP/1.1" 304 -
181.54.234.25 - - [31/Dec/2016:13:36:36 -0500] "GET /galeria/galeria/jquery.fancybox.js?v=2.1.5 HTTP/1.1" 304 -
66.249.66.178 - - [31/Dec/2016:13:36:40 -0500] "GET /BLA/resoluciones/AUTOS%202007/3734.pdf HTTP/1.1" 200 326225
192.168.175.104 - - [31/Dec/2016:13:37:23 -0500] "GET / HTTP/1.1" 200 9990
201.245.192.253 - - [31/Dec/2016:13:37:49 -0500] "GET /galeria/nivo-slider/demo/undefined HTTP/1.1" 404 1314
192.168.175.104 - - [31/Dec/2016:13:38:50 -0500] "GET / HTTP/1.0" 200 9990
192.168.175.104 - - [31/Dec/2016:13:39:29 -0500] "GET / HTTP/1.1" 200 9990
201.245.192.253 - - [31/Dec/2016:13:39:40 -0500] "GET /galeria/nivo-slider/demo/undefined HTTP/1.1" 404 1314
69.162.124.232 - - [31/Dec/2016:13:40:22 -0500] "HEAD / HTTP/1.1" 200 -
201.245.192.253 - - [31/Dec/2016:13:41:30 -0500] "GET /galeria/nivo-slider/demo/undefined HTTP/1.1" 404 1314
192.168.175.104 - - [31/Dec/2016:13:42:21 -0500] "GET / HTTP/1.1" 200 9990
201.245.192.253 - - [31/Dec/2016:13:43:21 -0500] "GET /galeria/nivo-slider/demo/undefined HTTP/1.1" 404 1314
66.249.66.178 - - [31/Dec/2016:13:43:25 -0500] "GET /BLA/resoluciones/AUTOS%202014/1737.pdf HTTP/1.1" 304 -
186.29.180.117 - - [31/Dec/2016:13:43:43 -0500] "GET /BLA/boletinlegal/js/jquery.scrollShow.js HTTP/1.1" 200 4586
186.29.180.117 - - [31/Dec/2016:13:43:43 -0500] "GET /galeria/galeria/jquery.fancybox.js?v=2.1.5 HTTP/1.1" 200 48706
186.29.180.117 - - [31/Dec/2016:13:43:43 -0500] "GET /galeria/galeria/jquery.fancybox.css?v=2.1.5 HTTP/1.1" 200 4895
192.168.175.104 - - [31/Dec/2016:13:43:47 -0500] "GET / HTTP/1.0" 200 9990
186.29.180.117 - - [31/Dec/2016:13:43:55 -0500] "GET /BLA/boletinlegal/js/jquery.scrollShow.js HTTP/1.1" 304 -
186.29.180.117 - - [31/Dec/2016:13:43:55 -0500] "GET /galeria/galeria/jquery.fancybox.js?v=2.1.5 HTTP/1.1" 304 -
186.29.180.117 - - [31/Dec/2016:13:43:55 -0500] "GET /galeria/galeria/jquery.fancybox.css?v=2.1.5 HTTP/1.1" 304 -
66.249.66.181 - - [31/Dec/2016:13:44:22 -0500] "GET /BLA/resoluciones/RESOLUCIONES%202007/RES%202007%203601%20AL%203700/RESOLUCION%203657%20DE%202007.pdf HTTP/1.1" 304 -
192.168.175.104 - - [31/Dec/2016:13:44:27 -0500] "GET / HTTP/1.1" 200 9990
40.77.167.15 - - [31/Dec/2016:13:44:43 -0500] "GET /catalogoisis/ HTTP/1.1" 200 8575
201.245.192.253 - - [31/Dec/2016:13:45:12 -0500] "GET /galeria/nivo-slider/demo/undefined HTTP/1.1" 404 1314
69.162.124.232 - - [31/Dec/2016:13:45:22 -0500] "HEAD / HTTP/1.1" 200 -
190.147.17.213 - - [31/Dec/2016:13:45:24 -0500] "GET /galeria/carrusel/Carrusel/jquery.thumbnailScroller.css HTTP/1.1" 200 2066
190.147.17.213 - - [31/Dec/2016:13:45:24 -0500] "GET /galeria/galeria/jquery.fancybox.css?v=2.1.5 HTTP/1.1" 200 4895
190.147.17.213 - - [31/Dec/2016:13:45:24 -0500] "GET /BLA/boletinlegal/js/jquery.scrollShow.js HTTP/1.1" 200 4586
190.147.17.213 - - [31/Dec/2016:13:45:24 -0500] "GET /galeria/galeria/jquery.fancybox.js?v=2.1.5 HTTP/1.1" 200 48706
190.147.17.213 - - [31/Dec/2016:13:45:24 -0500] "GET /galeria/carrusel/Carrusel/jquery-ui-1.8.13.custom.min.js HTTP/1.1" 200 10800
190.147.17.213 - - [31/Dec/2016:13:45:24 -0500] "GET /galeria/carrusel/Carrusel/jquery.thumbnailScroller.js HTTP/1.1" 200 8157
190.147.17.213 - - [31/Dec/2016:13:45:25 -0500] "GET /galeria/nivo-slider/demo/demo.html HTTP/1.1" 200 3366
190.147.17.213 - - [31/Dec/2016:13:45:28 -0500] "GET /galeria/nivo-slider/themes/orman/orman.css HTTP/1.1" 200 2152
190.147.17.213 - - [31/Dec/2016:13:45:28 -0500] "GET /galeria/nivo-slider/themes/default/default.css HTTP/1.1" 200 1569
190.147.17.213 - - [31/Dec/2016:13:45:28 -0500] "GET /galeria/nivo-slider/themes/pascal/pascal.css HTTP/1.1" 200 2258
190.147.17.213 - - [31/Dec/2016:13:45:28 -0500] "GET /galeria/nivo-slider/nivo-slider.css HTTP/1.1" 200 1507
190.147.17.213 - - [31/Dec/2016:13:45:28 -0500] "GET /galeria/nivo-slider/demo/style.css HTTP/1.1" 200 2222
190.147.17.213 - - [31/Dec/2016:13:45:28 -0500] "GET /galeria/nivo-slider/demo/scripts/jquery-1.7.1.min.js HTTP/1.1" 200 93868
190.147.17.213 - - [31/Dec/2016:13:45:28 -0500] "GET /galeria/nivo-slider/demo/images/banner%20encuesta%20sda2-web3.jpg HTTP/1.1" 200 111668
190.147.17.213 - - [31/Dec/2016:13:45:28 -0500] "GET /galeria/nivo-slider/jquery.nivo.slider.pack.js HTTP/1.1" 200 11561
190.147.17.213 - - [31/Dec/2016:13:45:28 -0500] "GET /galeria/nivo-slider/demo/images/pieza%20webtinguas.jpg HTTP/1.1" 200 175651
190.147.17.213 - - [31/Dec/2016:13:45:28 -0500] "GET /galeria/nivo-slider/demo/images/bannerinvitaci%C3%B3nacaminatasecologicas2.jpg HTTP/1.1" 200 513253
190.147.17.213 - - [31/Dec/2016:13:45:28 -0500] "GET /galeria/nivo-slider/demo/images/bannersilvicultura.jpg HTTP/1.1" 200 173023
190.147.17.213 - - [31/Dec/2016:13:45:28 -0500] "GET /galeria/nivo-slider/themes/default/loading.gif HTTP/1.1" 200 1737
190.147.17.213 - - [31/Dec/2016:13:45:29 -0500] "GET /galeria/nivo-slider/demo/images/4Simple_Slider.png HTTP/1.1" 200 11722
190.147.17.213 - - [31/Dec/2016:13:45:29 -0500] "GET /galeria/nivo-slider/demo/images/BANNERARBOLES.jpg HTTP/1.1" 200 227630
190.147.17.213 - - [31/Dec/2016:13:45:29 -0500] "GET /galeria/nivo-slider/demo/images/ACOPIADORESYGESTORES.jpg HTTP/1.1" 200 118791
190.147.17.213 - - [31/Dec/2016:13:45:30 -0500] "GET /galeria/nivo-slider/demo/images/bannergestionambiental2.jpg HTTP/1.1" 200 245647
190.147.17.213 - - [31/Dec/2016:13:45:30 -0500] "GET /galeria/nivo-slider/demo/images/vegetal.jpg HTTP/1.1" 200 216080
190.147.17.213 - - [31/Dec/2016:13:45:30 -0500] "GET /galeria/nivo-slider/demo/images/Ruta-vertimientos-01.jpg HTTP/1.1" 200 130151
190.147.17.213 - - [31/Dec/2016:13:45:31 -0500] "GET /galeria/nivo-slider/demo/images/bolsas-06.jpg HTTP/1.1" 200 210950
190.147.17.213 - - [31/Dec/2016:13:45:36 -0500] "GET /galeria/nivo-slider/themes/default/arrows.png HTTP/1.1" 200 824
190.147.17.213 - - [31/Dec/2016:13:45:36 -0500] "GET /galeria/nivo-slider/themes/default/bullets.png HTTP/1.1" 200 1281
207.46.13.188 - - [31/Dec/2016:13:45:55 -0500] "GET /www.bogota.gov.co/sdqs HTTP/1.1" 404 1019
66.249.66.181 - - [31/Dec/2016:13:46:18 -0500] "GET /BLA/resoluciones/RESOLUCIONES%202007/RES%202007%203401%20AL%203500/RESOLUCION%203417%20DE%202007.pdf HTTP/1.1" 304 -
201.245.192.253 - - [31/Dec/2016:13:47:02 -0500] "GET /galeria/nivo-slider/demo/undefined HTTP/1.1" 404 1314
66.249.66.175 - - [31/Dec/2016:13:47:16 -0500] "GET /BLA/resoluciones/AUTOS%202012/2238.pdf HTTP/1.1" 200 2045397
192.168.175.104 - - [31/Dec/2016:13:47:19 -0500] "GET / HTTP/1.1" 200 9990
157.55.39.160 - - [31/Dec/2016:13:47:50 -0500] "GET /www.bogota.gov.co/sdqs HTTP/1.1" 404 1019
77.88.47.11 - - [31/Dec/2016:13:48:13 -0500] "GET /robots.txt HTTP/1.1" 404 1019
77.88.47.11 - - [31/Dec/2016:13:48:17 -0500] "GET /mail/Mail/mime.php HTTP/1.1" 404 1019
190.147.17.213 - - [31/Dec/2016:13:48:26 -0500] "GET /videos/galeria-cronicas/1V3wnplaylist.htm? HTTP/1.1" 200 4013
190.147.17.213 - - [31/Dec/2016:13:48:27 -0500] "GET /videos/galeria-cronicas/skin/blue.monday/jplayer.blue.monday.css HTTP/1.1" 200 12518
190.147.17.213 - - [31/Dec/2016:13:48:27 -0500] "GET /videos/galeria-cronicas/js/jplayer.playlist.min.js HTTP/1.1" 200 8608
190.147.17.213 - - [31/Dec/2016:13:48:27 -0500] "GET /videos/galeria-cronicas/js/jquery.jplayer.min.js HTTP/1.1" 200 43668
190.147.17.213 - - [31/Dec/2016:13:48:29 -0500] "GET /videos/galeria-cronicas/skin/blue.monday/jplayer.blue.monday.video.play.png HTTP/1.1" 200 14424
190.147.17.213 - - [31/Dec/2016:13:48:29 -0500] "GET /videos/galeria-cronicas/skin/blue.monday/jplayer.blue.monday.jpg HTTP/1.1" 200 23189
190.147.17.213 - - [31/Dec/2016:13:48:31 -0500] "GET /videos/galeria-cronicas/skin/blue.monday/jplayer.blue.monday.seeking.gif HTTP/1.1" 200 3284
192.168.175.104 - - [31/Dec/2016:13:48:45 -0500] "GET / HTTP/1.0" 200 9990
190.147.17.213 - - [31/Dec/2016:13:48:46 -0500] "GET /videos/galeria-cronicas/1videos/parche.mp4video.mp4 HTTP/1.1" 206 2821840
190.147.17.213 - - [31/Dec/2016:13:48:49 -0500] "GET /videos/galeria-cronicas/1videos/parche.mp4video.mp4 HTTP/1.1" 206 36560
201.245.192.253 - - [31/Dec/2016:13:48:53 -0500] "GET /galeria/nivo-slider/demo/undefined HTTP/1.1" 404 1314
190.147.17.213 - - [31/Dec/2016:13:48:53 -0500] "GET /videos/galeria-cronicas/1videos/parche.mp4video.mp4 HTTP/1.1" 206 2789072
190.147.17.213 - - [31/Dec/2016:13:48:53 -0500] "GET /galeria/galeria/jquery.fancybox.css?v=2.1.5 HTTP/1.1" 304 -
190.147.17.213 - - [31/Dec/2016:13:48:53 -0500] "GET /BLA/boletinlegal/js/jquery.scrollShow.js HTTP/1.1" 304 -
190.147.17.213 - - [31/Dec/2016:13:48:53 -0500] "GET /galeria/galeria/jquery.fancybox.js?v=2.1.5 HTTP/1.1" 304 -
195.142.92.245 - - [31/Dec/2016:13:49:19 -0500] "POST /xmlrpc.php HTTP/1.1" 301 334
195.142.92.245 - - [31/Dec/2016:13:49:21 -0500] "GET /wp-login.php HTTP/1.1" 301 336
195.142.92.245 - - [31/Dec/2016:13:49:22 -0500] "POST /wp-login.php HTTP/1.1" 301 336
192.168.175.104 - - [31/Dec/2016:13:49:25 -0500] "GET / HTTP/1.1" 200 9990
66.249.66.175 - - [31/Dec/2016:13:50:09 -0500] "GET /BLA/resoluciones/AUTOS%202007/0423.pdf HTTP/1.1" 200 63043
69.162.124.232 - - [31/Dec/2016:13:50:22 -0500] "HEAD / HTTP/1.1" 200 -
179.32.238.59 - - [31/Dec/2016:13:50:35 -0500] "GET /galeria/galeria/fotos/Humedal-Tibanica1G.jpg HTTP/1.1" 200 541579
201.245.192.253 - - [31/Dec/2016:13:50:43 -0500] "GET /galeria/nivo-slider/demo/undefined HTTP/1.1" 404 1314
179.32.238.59 - - [31/Dec/2016:13:51:01 -0500] "GET /galeria/galeria/fotos/Humedal-Tibanica4G.jpg HTTP/1.1" 200 442374
190.147.17.213 - - [31/Dec/2016:13:51:07 -0500] "GET /galeria/galeria/fotos/Humedal-la-conejera1P.jpg HTTP/1.1" 200 31504
190.147.17.213 - - [31/Dec/2016:13:51:07 -0500] "GET /galeria/galeria/fotos/Humedal-la-conejera2P.jpg HTTP/1.1" 200 31007
190.147.17.213 - - [31/Dec/2016:13:51:07 -0500] "GET /galeria/galeria/fotos/Humedal-la-conejera3P.jpg HTTP/1.1" 200 31355
190.147.17.213 - - [31/Dec/2016:13:51:07 -0500] "GET /galeria/galeria/fotos/Humedal-la-conejera4P.jpg HTTP/1.1" 200 33365
190.147.17.213 - - [31/Dec/2016:13:51:24 -0500] "GET /galeria/galeria/fotos/Jaboque1P.jpg HTTP/1.1" 200 29995
190.147.17.213 - - [31/Dec/2016:13:51:24 -0500] "GET /galeria/galeria/fotos/Jaboque2P.jpg HTTP/1.1" 200 31057
190.147.17.213 - - [31/Dec/2016:13:51:24 -0500] "GET /galeria/galeria/fotos/Jaboque3P.jpg HTTP/1.1" 200 35360
190.147.17.213 - - [31/Dec/2016:13:51:24 -0500] "GET /galeria/galeria/fotos/Jaboque4P.jpg HTTP/1.1" 200 27446
190.147.17.213 - - [31/Dec/2016:13:51:36 -0500] "GET /galeria/galeria/fotos/Humedal-techo1P.jpg HTTP/1.1" 200 33428
190.147.17.213 - - [31/Dec/2016:13:51:36 -0500] "GET /galeria/galeria/fotos/2Humedal-techo2P.jpg HTTP/1.1" 200 11998
190.147.17.213 - - [31/Dec/2016:13:51:36 -0500] "GET /galeria/galeria/fotos/Humedal-techo3P.jpg HTTP/1.1" 200 8516
190.147.17.213 - - [31/Dec/2016:13:51:36 -0500] "GET /galeria/galeria/fotos/Humedal-techo4P.jpg HTTP/1.1" 200 11324
37.106.176.84 - - [31/Dec/2016:13:51:55 -0500] "POST /xmlrpc.php HTTP/1.1" 301 334
37.106.176.84 - - [31/Dec/2016:13:51:57 -0500] "GET /wp-login.php HTTP/1.1" 301 336
37.106.176.84 - - [31/Dec/2016:13:51:59 -0500] "POST /wp-login.php HTTP/1.1" 301 336
66.249.66.181 - - [31/Dec/2016:13:52:04 -0500] "GET /mobile/BLA/resoluciones/AUTOS%202009/1922.pdf HTTP/1.1" 404 1018
192.168.175.104 - - [31/Dec/2016:13:52:17 -0500] "GET / HTTP/1.1" 200 9990
201.245.192.253 - - [31/Dec/2016:13:52:34 -0500] "GET /galeria/nivo-slider/demo/undefined HTTP/1.1" 404 1314
192.168.175.104 - - [31/Dec/2016:13:53:43 -0500] "GET / HTTP/1.0" 200 9990
37.47.210.54 - - [31/Dec/2016:13:53:45 -0500] "POST /xmlrpc.php HTTP/1.1" 301 334
37.47.210.54 - - [31/Dec/2016:13:53:46 -0500] "GET /wp-login.php HTTP/1.1" 301 336
37.47.210.54 - - [31/Dec/2016:13:53:47 -0500] "POST /wp-login.php HTTP/1.1" 301 336
186.113.113.219 - - [31/Dec/2016:13:54:01 -0500] "GET /galeria/galeria/fotos/Humedal-Santa-Mar%C3%ADa-del-Lago2G.jpg HTTP/1.1" 200 313606
192.168.175.104 - - [31/Dec/2016:13:54:22 -0500] "GET / HTTP/1.1" 200 9990
201.245.192.253 - - [31/Dec/2016:13:54:25 -0500] "GET /galeria/nivo-slider/demo/undefined HTTP/1.1" 404 1314
201.244.135.33 - - [31/Dec/2016:13:55:13 -0500] "GET /galeria/galeria/jquery.fancybox.css?v=2.1.5 HTTP/1.1" 200 4895
201.244.135.33 - - [31/Dec/2016:13:55:13 -0500] "GET /galeria/carrusel/Carrusel/jquery.thumbnailScroller.css HTTP/1.1" 200 2066
201.244.135.33 - - [31/Dec/2016:13:55:13 -0500] "GET /galeria/nivo-slider/demo/demo.html HTTP/1.1" 200 3366
201.244.135.33 - - [31/Dec/2016:13:55:14 -0500] "GET /galeria/nivo-slider/themes/default/default.css HTTP/1.1" 200 1569
201.244.135.33 - - [31/Dec/2016:13:55:14 -0500] "GET /galeria/nivo-slider/themes/pascal/pascal.css HTTP/1.1" 200 2258
201.244.135.33 - - [31/Dec/2016:13:55:14 -0500] "GET /galeria/nivo-slider/themes/orman/orman.css HTTP/1.1" 200 2152
201.244.135.33 - - [31/Dec/2016:13:55:14 -0500] "GET /galeria/nivo-slider/nivo-slider.css HTTP/1.1" 200 1507
201.244.135.33 - - [31/Dec/2016:13:55:14 -0500] "GET /galeria/nivo-slider/demo/images/banner%20encuesta%20sda2-web3.jpg HTTP/1.1" 200 111668
201.244.135.33 - - [31/Dec/2016:13:55:14 -0500] "GET /galeria/nivo-slider/demo/style.css HTTP/1.1" 200 2222
201.244.135.33 - - [31/Dec/2016:13:55:14 -0500] "GET /galeria/nivo-slider/demo/images/pieza%20webtinguas.jpg HTTP/1.1" 200 175651
201.244.135.33 - - [31/Dec/2016:13:55:14 -0500] "GET /galeria/nivo-slider/demo/images/bannerinvitaci%C3%B3nacaminatasecologicas2.jpg HTTP/1.1" 200 513253
201.244.135.33 - - [31/Dec/2016:13:55:14 -0500] "GET /galeria/nivo-slider/demo/images/bannersilvicultura.jpg HTTP/1.1" 200 173023
201.244.135.33 - - [31/Dec/2016:13:55:14 -0500] "GET /galeria/nivo-slider/demo/images/BANNERARBOLES.jpg HTTP/1.1" 200 227630
201.244.135.33 - - [31/Dec/2016:13:55:14 -0500] "GET /galeria/nivo-slider/demo/images/ACOPIADORESYGESTORES.jpg HTTP/1.1" 200 118791
5.39.218.201 - - [31/Dec/2016:13:55:16 -0500] "GET /82172316237 HTTP/1.1" 404 1018
201.244.135.33 - - [31/Dec/2016:13:55:19 -0500] "GET /galeria/nivo-slider/demo/images/bannergestionambiental2.jpg HTTP/1.1" 200 245647
201.244.135.33 - - [31/Dec/2016:13:55:19 -0500] "GET /galeria/nivo-slider/themes/default/loading.gif HTTP/1.1" 200 1737
201.244.135.33 - - [31/Dec/2016:13:55:19 -0500] "GET /galeria/nivo-slider/demo/images/4Simple_Slider.png HTTP/1.1" 200 11722
201.244.135.33 - - [31/Dec/2016:13:55:21 -0500] "GET /galeria/nivo-slider/demo/images/vegetal.jpg HTTP/1.1" 200 216080
69.162.124.232 - - [31/Dec/2016:13:55:22 -0500] "HEAD / HTTP/1.1" 200 -
201.244.135.33 - - [31/Dec/2016:13:55:25 -0500] "GET /galeria/nivo-slider/demo/images/Ruta-vertimientos-01.jpg HTTP/1.1" 200 130151
201.244.135.33 - - [31/Dec/2016:13:55:30 -0500] "GET /galeria/nivo-slider/demo/images/bolsas-06.jpg HTTP/1.1" 200 210950
201.244.135.33 - - [31/Dec/2016:13:55:34 -0500] "GET /galeria/nivo-slider/themes/default/bullets.png HTTP/1.1" 200 1281
201.244.135.33 - - [31/Dec/2016:13:55:40 -0500] "GET /galeria/nivo-slider/themes/default/arrows.png HTTP/1.1" 200 824
207.46.13.188 - - [31/Dec/2016:13:55:56 -0500] "GET /SIG/ HTTP/1.1" 200 4514
190.143.27.37 - - [31/Dec/2016:13:56:08 -0500] "GET /galeria/galeria/fotos/Entrenube2G.jpg HTTP/1.1" 200 111422
190.143.27.37 - - [31/Dec/2016:13:56:10 -0500] "GET /galeria/galeria/fotos/Entrenube3G.jpg HTTP/1.1" 200 138221
157.55.39.160 - - [31/Dec/2016:13:56:12 -0500] "GET /SIG/dlf/styles.css HTTP/1.1" 200 3045
201.245.192.253 - - [31/Dec/2016:13:56:15 -0500] "GET /galeria/nivo-slider/demo/undefined HTTP/1.1" 404 1314
220.181.51.93 - - [31/Dec/2016:13:56:25 -0500] "GET /BLA/resoluciones/AUTOS%202011/1724.pdf HTTP/1.1" 200 147159
52.3.127.144 - - [31/Dec/2016:13:56:37 -0500] "GET /robots.txt HTTP/1.1" 404 1018
192.168.175.104 - - [31/Dec/2016:13:57:15 -0500] "GET / HTTP/1.1" 200 9990
201.245.192.253 - - [31/Dec/2016:13:58:06 -0500] "GET /galeria/nivo-slider/demo/undefined HTTP/1.1" 404 1314
192.168.175.104 - - [31/Dec/2016:13:58:42 -0500] "GET / HTTP/1.0" 200 9990
66.249.66.178 - - [31/Dec/2016:13:58:49 -0500] "GET /BLA/resoluciones/AUTOS%202015/4232.pdf HTTP/1.1" 200 565258
192.168.175.104 - - [31/Dec/2016:13:59:20 -0500] "GET / HTTP/1.1" 200 9990
179.51.96.3 - - [31/Dec/2016:13:59:20 -0500] "GET /galeria/galeria/fotos/Entrenube2G.jpg HTTP/1.1" 200 111422
179.51.96.3 - - [31/Dec/2016:13:59:43 -0500] "GET /galeria/galeria/fotos/Entrenube3G.jpg HTTP/1.1" 200 138221
179.51.96.3 - - [31/Dec/2016:13:59:46 -0500] "GET /galeria/galeria/fotos/Entrenube4G.jpg HTTP/1.1" 200 171047
66.249.88.7 - - [31/Dec/2016:13:59:52 -0500] "GET /BLA/boletinlegal/js/jquery.scrollShow.js HTTP/1.1" 200 4586
66.249.88.1 - - [31/Dec/2016:13:59:52 -0500] "GET /galeria/galeria/jquery.fancybox.js?v=2.1.5 HTTP/1.1" 200 48706
66.249.88.4 - - [31/Dec/2016:13:59:52 -0500] "GET /galeria/galeria/jquery.fancybox.css?v=2.1.5 HTTP/1.1" 200 4895
66.249.88.7 - - [31/Dec/2016:13:59:57 -0500] "GET /galeria/galeria/jquery.fancybox.css?v=2.1.5 HTTP/1.1" 304 -
66.249.88.4 - - [31/Dec/2016:13:59:57 -0500] "GET /BLA/boletinlegal/js/jquery.scrollShow.js HTTP/1.1" 304 -
201.245.192.253 - - [31/Dec/2016:13:59:57 -0500] "GET /galeria/nivo-slider/demo/undefined HTTP/1.1" 404 1314
66.249.88.7 - - [31/Dec/2016:13:59:57 -0500] "GET /galeria/galeria/jquery.fancybox.js?v=2.1.5 HTTP/1.1" 304 -
179.51.96.3 - - [31/Dec/2016:14:00:07 -0500] "GET /galeria/galeria/fotos/Entrenube1G.jpg HTTP/1.1" 200 98766
69.162.124.232 - - [31/Dec/2016:14:00:22 -0500] "HEAD / HTTP/1.1" 200 -
201.245.192.253 - - [31/Dec/2016:14:01:47 -0500] "GET /galeria/nivo-slider/demo/undefined HTTP/1.1" 404 1314
192.168.175.104 - - [31/Dec/2016:14:02:13 -0500] "GET / HTTP/1.1" 200 9990
192.168.175.104 - - [31/Dec/2016:14:02:36 -0500] "GET / HTTP/1.0" 200 9990
66.249.66.187 - - [31/Dec/2016:14:02:40 -0500] "GET / HTTP/1.1" 200 9990
66.249.66.183 - - [31/Dec/2016:14:03:38 -0500] "GET / HTTP/1.1" 200 9990
201.245.192.253 - - [31/Dec/2016:14:03:38 -0500] "GET /galeria/nivo-slider/demo/undefined HTTP/1.1" 404 1314
192.168.175.104 - - [31/Dec/2016:14:04:17 -0500] "GET / HTTP/1.1" 200 9990
69.162.124.232 - - [31/Dec/2016:14:05:22 -0500] "HEAD / HTTP/1.1" 200 -
201.245.192.253 - - [31/Dec/2016:14:05:29 -0500] "GET /galeria/nivo-slider/demo/undefined HTTP/1.1" 404 1314
