186.113.10.143 - - [18/Jan/2017:02:11:57 -0500] "GET /galeria/nivo-slider/demo/images/bannerautoliquidaciones.jpg HTTP/1.1" 304 -
52.3.127.144 - - [18/Jan/2017:02:12:01 -0500] "GET /transparencia/directorioservidores/agosto2015.xlsx HTTP/1.1" 200 34256
163.172.66.116 - - [18/Jan/2017:02:12:25 -0500] "GET /BLA/resoluciones/RESOLUCIONES%202005/RES%202005%20501-550/00000548.tif HTTP/1.1" 200 143270
66.249.66.178 - - [18/Jan/2017:02:12:29 -0500] "GET /BLA/resoluciones/AUTOS%202015/5639.pdf HTTP/1.1" 200 506744
163.172.66.37 - - [18/Jan/2017:02:13:02 -0500] "GET /BLA/resoluciones/RESOLUCIONES%202006/RES%202006%202151-2200/00002198.tif HTTP/1.1" 200 411122
66.249.66.181 - - [18/Jan/2017:02:13:05 -0500] "GET /BLA/resoluciones/AUTOS%202015/3219.pdf HTTP/1.1" 200 654719
66.249.66.187 - - [18/Jan/2017:02:13:11 -0500] "GET /dama/libreria/pdf/SAS/DX%20salud.pdf HTTP/1.1" 404 1019
66.249.66.175 - - [18/Jan/2017:02:13:42 -0500] "GET /BLA/resoluciones/AUTOS%202014/4128.pdf HTTP/1.1" 200 521526
192.168.175.104 - - [18/Jan/2017:02:13:47 -0500] "GET / HTTP/1.1" 200 9990
66.249.66.175 - - [18/Jan/2017:02:14:53 -0500] "GET /galeria/galeria/fotos/Jaboque1P.jpg HTTP/1.1" 304 -
69.162.124.233 - - [18/Jan/2017:02:15:58 -0500] "HEAD / HTTP/1.1" 200 -
66.249.66.178 - - [18/Jan/2017:02:16:06 -0500] "GET /BLA/resoluciones/AUTOS%202011/6629.pdf HTTP/1.1" 200 408027
163.172.66.81 - - [18/Jan/2017:02:16:19 -0500] "GET /BLA/resoluciones/RESOLUCIONES%202005/RES%202005%201201-1250/00001206.tif HTTP/1.1" 200 135856
40.77.169.100 - - [18/Jan/2017:02:16:30 -0500] "GET / HTTP/1.1" 200 9990
192.168.175.104 - - [18/Jan/2017:02:16:33 -0500] "GET / HTTP/1.1" 200 9990
192.168.175.104 - - [18/Jan/2017:02:16:35 -0500] "GET / HTTP/1.0" 200 9990
127.0.0.1 - - [18/Jan/2017:02:17:42 -0500] "POST /plugins/update-check/1.1/ HTTP/1.0" 404 1021
127.0.0.1 - - [18/Jan/2017:02:17:42 -0500] "POST /themes/update-check/1.1/ HTTP/1.0" 404 1021
127.0.0.1 - - [18/Jan/2017:02:17:42 -0500] "POST /core/version-check/1.7/?version=4.2.2&php=5.5.15&locale=es_ES&mysql=5.6.20&local_package=&blogs=1&users=600&multisite_enabled=0 HTTP/1.0" 404 1021
127.0.0.1 - - [18/Jan/2017:02:17:42 -0500] "POST /themes/update-check/1.1/ HTTP/1.0" 404 1021
127.0.0.1 - - [18/Jan/2017:02:17:42 -0500] "POST /plugins/update-check/1.1/ HTTP/1.0" 404 1021
189.148.52.208 - - [18/Jan/2017:02:17:58 -0500] "GET /galeria/galeria/jquery.fancybox.css?v=2.1.5 HTTP/1.1" 200 4895
189.148.52.208 - - [18/Jan/2017:02:17:58 -0500] "GET /BLA/boletinlegal/js/jquery.scrollShow.js HTTP/1.1" 200 4586
189.148.52.208 - - [18/Jan/2017:02:17:58 -0500] "GET /galeria/galeria/jquery.fancybox.js?v=2.1.5 HTTP/1.1" 200 48706
107.167.108.183 - - [18/Jan/2017:02:18:02 -0500] "GET /galeria/galeria/fotos/Humedal-la-conejera3G.jpg HTTP/1.1" 200 373974
107.167.108.183 - - [18/Jan/2017:02:18:02 -0500] "GET /galeria/galeria/fotos/Humedal-Vaca2G.jpg HTTP/1.1" 200 279730
189.148.52.208 - - [18/Jan/2017:02:18:09 -0500] "GET /BLA/boletinlegal/js/jquery.scrollShow.js HTTP/1.1" 304 -
189.148.52.208 - - [18/Jan/2017:02:18:09 -0500] "GET /galeria/galeria/jquery.fancybox.js?v=2.1.5 HTTP/1.1" 304 -
189.148.52.208 - - [18/Jan/2017:02:18:09 -0500] "GET /galeria/galeria/jquery.fancybox.css?v=2.1.5 HTTP/1.1" 304 -
192.168.175.104 - - [18/Jan/2017:02:18:45 -0500] "GET / HTTP/1.1" 200 9990
66.249.66.181 - - [18/Jan/2017:02:19:07 -0500] "GET /BLA/resoluciones/RESOLUCIONES%202010/7104.pdf HTTP/1.1" 304 -
66.249.66.175 - - [18/Jan/2017:02:19:43 -0500] "GET /BLA/resoluciones/AUTOS%202014/3301.pdf HTTP/1.1" 200 653627
69.162.124.233 - - [18/Jan/2017:02:20:57 -0500] "HEAD / HTTP/1.1" 200 -
187.19.168.63 - - [18/Jan/2017:02:21:22 -0500] "GET /webdav/x32.php HTTP/1.1" 404 1018
66.249.66.175 - - [18/Jan/2017:02:21:31 -0500] "GET /BLA/resoluciones/RESOLUCIONES%202007/RES%202007%201401%20AL%201500/RESOLUCION%201410%20DE%202007.pdf HTTP/1.1" 304 -
192.168.175.104 - - [18/Jan/2017:02:21:31 -0500] "GET / HTTP/1.1" 200 9990
192.168.175.104 - - [18/Jan/2017:02:21:33 -0500] "GET / HTTP/1.0" 200 9990
163.172.66.81 - - [18/Jan/2017:02:21:38 -0500] "GET /BLA/resoluciones/RESOLUCIONES%202004/RES%202004%202151-2200/00002175.tif HTTP/1.1" 200 168136
187.19.168.63 - - [18/Jan/2017:02:21:54 -0500] "GET /webdav/x32.php HTTP/1.1" 404 1018
66.249.66.175 - - [18/Jan/2017:02:22:07 -0500] "GET /BLA/resoluciones/AUTOS%202015/5316.pdf HTTP/1.1" 304 -
190.233.151.229 - - [18/Jan/2017:02:22:42 -0500] "GET /galeria/galeria/jquery.fancybox.css?v=2.1.5 HTTP/1.1" 200 4895
190.233.151.229 - - [18/Jan/2017:02:22:42 -0500] "GET /BLA/boletinlegal/js/jquery.scrollShow.js HTTP/1.1" 200 4586
190.233.151.229 - - [18/Jan/2017:02:22:42 -0500] "GET /galeria/galeria/jquery.fancybox.js?v=2.1.5 HTTP/1.1" 200 48706
163.172.66.123 - - [18/Jan/2017:02:22:42 -0500] "GET /BLA/resoluciones/RESOLUCIONES%202005/RES%202005%20601-650/00000639.tif HTTP/1.1" 200 182474
66.249.66.175 - - [18/Jan/2017:02:22:43 -0500] "GET /BLA/resoluciones/AUTOS%202015/2449.pdf HTTP/1.1" 304 -
190.233.151.229 - - [18/Jan/2017:02:23:07 -0500] "GET /galeria/galeria/jquery.fancybox.css?v=2.1.5 HTTP/1.1" 304 -
190.233.151.229 - - [18/Jan/2017:02:23:07 -0500] "GET /BLA/boletinlegal/js/jquery.scrollShow.js HTTP/1.1" 304 -
190.233.151.229 - - [18/Jan/2017:02:23:07 -0500] "GET /galeria/galeria/jquery.fancybox.js?v=2.1.5 HTTP/1.1" 304 -
192.168.175.104 - - [18/Jan/2017:02:23:42 -0500] "GET / HTTP/1.1" 200 9990
66.249.66.175 - - [18/Jan/2017:02:23:56 -0500] "GET /BLA/resoluciones/RESOLUCIONES%202011/3849.pdf HTTP/1.1" 200 294271
66.249.66.187 - - [18/Jan/2017:02:24:32 -0500] "GET /BLA/boletinlegal/Directivas/2011/Directiva%20No.%201%20del%205%20de%20Abril%20de%202011.pdf HTTP/1.1" 200 971292
187.187.202.17 - - [18/Jan/2017:02:25:15 -0500] "GET /BLA/boletinlegal/js/jquery.scrollShow.js HTTP/1.1" 200 4586
187.187.202.17 - - [18/Jan/2017:02:25:16 -0500] "GET /galeria/galeria/jquery.fancybox.css?v=2.1.5 HTTP/1.1" 200 4895
187.187.202.17 - - [18/Jan/2017:02:25:16 -0500] "GET /galeria/galeria/jquery.fancybox.js?v=2.1.5 HTTP/1.1" 200 48706
187.187.202.17 - - [18/Jan/2017:02:25:29 -0500] "GET /galeria/galeria/jquery.fancybox.css?v=2.1.5 HTTP/1.1" 304 -
187.187.202.17 - - [18/Jan/2017:02:25:29 -0500] "GET /BLA/boletinlegal/js/jquery.scrollShow.js HTTP/1.1" 304 -
187.187.202.17 - - [18/Jan/2017:02:25:29 -0500] "GET /galeria/galeria/jquery.fancybox.js?v=2.1.5 HTTP/1.1" 304 -
193.124.131.168 - - [18/Jan/2017:02:25:32 -0500] "HEAD / HTTP/1.1" 200 -
163.172.65.52 - - [18/Jan/2017:02:25:40 -0500] "GET /BLA/resoluciones/RESOLUCIONES%202006/RES%202006%201701-1751/00001728.tif HTTP/1.1" 200 164834
163.172.66.9 - - [18/Jan/2017:02:25:41 -0500] "GET /BLA/resoluciones/RESOLUCIONES%202003/RES%202003%20201-250/2003RES234.tif HTTP/1.1" 200 240576
66.249.66.178 - - [18/Jan/2017:02:25:45 -0500] "GET /galeria/galeria/fotos/Jaboque3P.jpg HTTP/1.1" 304 -
69.162.124.233 - - [18/Jan/2017:02:25:57 -0500] "HEAD / HTTP/1.1" 200 -
180.76.15.149 - - [18/Jan/2017:02:26:11 -0500] "GET / HTTP/1.1" 200 9990
66.249.66.178 - - [18/Jan/2017:02:26:20 -0500] "GET /BLA/resoluciones/AUTOS%202015/0157.pdf HTTP/1.1" 200 318877
192.168.175.104 - - [18/Jan/2017:02:26:30 -0500] "GET / HTTP/1.1" 200 9990
192.168.175.104 - - [18/Jan/2017:02:26:32 -0500] "GET / HTTP/1.0" 200 9990
180.76.15.23 - - [18/Jan/2017:02:26:42 -0500] "GET / HTTP/1.1" 200 9990
52.207.224.143 - - [18/Jan/2017:02:26:53 -0500] "GET /robots.txt HTTP/1.1" 404 1018
163.172.66.133 - - [18/Jan/2017:02:26:55 -0500] "GET /BLA/resoluciones/RESOLUCIONES%202004/RES%202004%20601-650/00000641.tif HTTP/1.1" 200 156106
66.249.66.175 - - [18/Jan/2017:02:26:56 -0500] "GET /BLA/resoluciones/RESOLUCIONES%202007/RES%202007%202901%20AL%203000/RESOLUCION%202936%20DE%202007.pdf HTTP/1.1" 200 786325
190.131.194.135 - - [18/Jan/2017:02:27:02 -0500] "GET /galeria/nivo-slider/demo/images/banner-anticorupcion2016.jpg HTTP/1.1" 304 -
66.249.66.175 - - [18/Jan/2017:02:27:35 -0500] "GET /BLA/resoluciones/Autos%202008/2525.pdf HTTP/1.1" 200 81043
169.56.71.41 - - [18/Jan/2017:02:27:50 -0500] "GET / HTTP/1.1" 302 298
192.168.175.104 - - [18/Jan/2017:02:28:40 -0500] "GET / HTTP/1.1" 200 9990
69.162.124.232 - - [18/Jan/2017:02:28:56 -0500] "HEAD / HTTP/1.1" 200 -
66.249.66.175 - - [18/Jan/2017:02:29:21 -0500] "GET /BLA/resoluciones/Notificaciones/AUTOS%202014/6093.doc HTTP/1.1" 200 154624
66.249.66.178 - - [18/Jan/2017:02:29:57 -0500] "GET /BLA/resoluciones/RESOLUCIONES%202009/3355.pdf HTTP/1.1" 200 540709
66.249.66.178 - - [18/Jan/2017:02:30:20 -0500] "GET /BLA/resoluciones/AUTOS%202013/2813.pdf HTTP/1.1" 200 259542
69.162.124.233 - - [18/Jan/2017:02:30:57 -0500] "HEAD / HTTP/1.1" 200 -
192.168.175.104 - - [18/Jan/2017:02:31:27 -0500] "GET / HTTP/1.1" 200 9990
192.168.175.104 - - [18/Jan/2017:02:31:29 -0500] "GET / HTTP/1.0" 200 9990
204.15.96.67 - - [18/Jan/2017:02:31:33 -0500] "GET /galeria/nivo-slider/demo/images/bannergestionambiental2.jpg HTTP/1.1" 304 -
66.249.66.180 - - [18/Jan/2017:02:31:45 -0500] "GET / HTTP/1.1" 200 9990
66.249.66.175 - - [18/Jan/2017:02:31:46 -0500] "GET /BLA/resoluciones/Autos%202008/0393.pdf HTTP/1.1" 200 80304
52.207.224.143 - - [18/Jan/2017:02:32:08 -0500] "GET /robots.txt HTTP/1.1" 404 1018
66.249.66.131 - - [18/Jan/2017:02:32:09 -0500] "GET /Anexos%20estudio%20Organizacional%20SDA/ANEXO%20No.%201-%20NORMAS%20LEGALES%20DE%20ESTRUCTURA%20Y%20PLANTA/Decreto%20109%20de%202009%20-%20Modifica%20la%20estructura%20de%20la%20SDA.jsp_files/compedit.jpg HTTP/1.1" 200 6688
66.249.66.181 - - [18/Jan/2017:02:32:21 -0500] "GET / HTTP/1.1" 200 9990
52.207.224.143 - - [18/Jan/2017:02:32:34 -0500] "GET /BLA/boletinlegal/Circulares/2012/Circular%20No.%208%20del%2021%20de%20Agosto%20de%202012.pdf HTTP/1.1" 200 963197
66.249.66.178 - - [18/Jan/2017:02:32:51 -0500] "GET /BLA/resoluciones/AUTOS%202012/1884.pdf HTTP/1.1" 304 -
192.168.175.104 - - [18/Jan/2017:02:33:39 -0500] "GET / HTTP/1.1" 200 9990
66.249.66.175 - - [18/Jan/2017:02:33:40 -0500] "GET /BLA/resoluciones/Autos%202008/0401.pdf HTTP/1.1" 200 113228
69.162.124.233 - - [18/Jan/2017:02:35:57 -0500] "HEAD / HTTP/1.1" 200 -
192.168.175.104 - - [18/Jan/2017:02:36:25 -0500] "GET / HTTP/1.1" 200 9990
192.168.175.104 - - [18/Jan/2017:02:36:27 -0500] "GET / HTTP/1.0" 200 9990
66.249.66.181 - - [18/Jan/2017:02:37:10 -0500] "GET /BLA/resoluciones/AUTOS%202015/3408.pdf HTTP/1.1" 200 1013670
186.154.38.76 - - [18/Jan/2017:02:37:12 -0500] "GET /galeria/nivo-slider/demo/demo.html HTTP/1.1" 304 -
186.154.38.76 - - [18/Jan/2017:02:37:13 -0500] "GET /galeria/nivo-slider/demo/images/bannerwebincendiosforestales.jpg HTTP/1.1" 304 -
66.249.66.178 - - [18/Jan/2017:02:37:46 -0500] "GET /BLA/resoluciones/AUTOS%202014/3289.pdf HTTP/1.1" 200 488294
52.207.224.143 - - [18/Jan/2017:02:38:04 -0500] "GET /robots.txt HTTP/1.1" 404 1018
66.249.66.175 - - [18/Jan/2017:02:38:23 -0500] "GET /BLA/resoluciones/AUTOS%202014/4239.pdf HTTP/1.1" 200 466809
69.162.124.232 - - [18/Jan/2017:02:38:33 -0500] "HEAD / HTTP/1.1" 200 -
192.168.175.104 - - [18/Jan/2017:02:38:38 -0500] "GET / HTTP/1.1" 200 9990
152.61.128.50 - - [18/Jan/2017:02:38:52 -0500] "HEAD / HTTP/1.1" 200 -
66.249.66.181 - - [18/Jan/2017:02:38:59 -0500] "GET /BLA/resoluciones/AUTOS%202014/3371.pdf HTTP/1.1" 200 512570
152.61.128.50 - - [18/Jan/2017:02:38:53 -0500] "GET /arcgis/services/Calidad_del_Agua_WQI/MapServer/WMSServer?request=GetCapabilities&service=WMS HTTP/1.1" 503 1020
152.61.128.50 - - [18/Jan/2017:02:39:14 -0500] "GET /arcgis/services/Calidad_del_Agua_WQI/MapServer/WMSServer?SERVICE=WMS&REQUEST=GetCapabilities HTTP/1.1" 503 1020
152.61.128.50 - - [18/Jan/2017:02:39:14 -0500] "GET /arcgis/services/Calidad_del_Agua_WQI/MapServer/WMSServer?WMTVER=1.0.0&REQUEST=capabilities HTTP/1.1" 503 1020
66.249.66.178 - - [18/Jan/2017:02:39:35 -0500] "GET /BLA/resoluciones/AUTOS%202014/5058.pdf HTTP/1.1" 200 552684
66.249.66.178 - - [18/Jan/2017:02:39:38 -0500] "GET /BLA/resoluciones/AUTOS%202007/3425.pdf HTTP/1.1" 200 164243
66.249.66.175 - - [18/Jan/2017:02:40:11 -0500] "GET /BLA/resoluciones/AUTOS%202014/3813.pdf HTTP/1.1" 200 577148
163.172.65.121 - - [18/Jan/2017:02:40:12 -0500] "GET /BLA/resoluciones/AUTOS%202006/AUTOS%202006%201701%20-%201800/00001760.tif HTTP/1.1" 200 132370
52.207.224.143 - - [18/Jan/2017:02:40:55 -0500] "GET /robots.txt HTTP/1.1" 404 1018
69.162.124.233 - - [18/Jan/2017:02:40:57 -0500] "HEAD / HTTP/1.1" 200 -
192.168.175.104 - - [18/Jan/2017:02:41:23 -0500] "GET / HTTP/1.1" 200 9990
66.249.66.175 - - [18/Jan/2017:02:41:23 -0500] "GET /BLA/resoluciones/AUTOS%202014/1619.pdf HTTP/1.1" 200 502621
192.168.175.104 - - [18/Jan/2017:02:41:25 -0500] "GET / HTTP/1.0" 200 9990
66.249.66.175 - - [18/Jan/2017:02:41:28 -0500] "GET /BLA/resoluciones/AUTOS%202011/0843.pdf HTTP/1.1" 200 162215
52.207.224.143 - - [18/Jan/2017:02:41:57 -0500] "GET /BLA/boletinlegal/Directivas/2011/Directiva%20No.%209%20del%2023%20de%20Septiembre%20de%202011.pdf HTTP/1.1" 200 326687
66.249.66.181 - - [18/Jan/2017:02:41:59 -0500] "GET /BLA/resoluciones/AUTOS%202015/2713.pdf HTTP/1.1" 200 670187
66.249.66.175 - - [18/Jan/2017:02:42:38 -0500] "GET /BLA/resoluciones/AUTOS%202014/5421.pdf HTTP/1.1" 200 305408
66.249.66.178 - - [18/Jan/2017:02:42:49 -0500] "GET /BLA/resoluciones/Autos%202008/3044.pdf HTTP/1.1" 200 68199
66.249.66.175 - - [18/Jan/2017:02:43:05 -0500] "GET /BLA/resoluciones/RESOLUCIONES%202010/6236.pdf HTTP/1.1" 200 494837
66.249.66.175 - - [18/Jan/2017:02:43:11 -0500] "GET /BLA/resoluciones/AUTOS%202015/0901.pdf HTTP/1.1" 200 499663
163.172.66.78 - - [18/Jan/2017:02:43:18 -0500] "GET /BLA/resoluciones/RESOLUCIONES%202006/RES%202006%201951-2000/00001969.tif HTTP/1.1" 200 215696
66.249.66.175 - - [18/Jan/2017:02:43:21 -0500] "GET /resoluciones/RESOLUCIONES%202010/0073.pdf HTTP/1.1" 404 1018
66.249.66.175 - - [18/Jan/2017:02:43:25 -0500] "GET /BLA/resoluciones/AUTOS%202011/2137.pdf HTTP/1.1" 200 120772
66.249.66.175 - - [18/Jan/2017:02:43:28 -0500] "GET /BLA/resoluciones/Autos%202008/2106.pdf HTTP/1.1" 200 132107
69.162.124.232 - - [18/Jan/2017:02:43:33 -0500] "HEAD / HTTP/1.1" 200 -
192.168.175.104 - - [18/Jan/2017:02:43:35 -0500] "GET / HTTP/1.1" 200 9990
66.249.66.181 - - [18/Jan/2017:02:43:48 -0500] "GET /BLA/resoluciones/AUTOS%202015/5566.pdf HTTP/1.1" 200 529529
157.55.39.131 - - [18/Jan/2017:02:43:59 -0500] "GET /BLA/boletinlegal/js/jquery.scrollShow.js HTTP/1.1" 200 4586
207.46.13.21 - - [18/Jan/2017:02:44:04 -0500] "GET /robots.txt HTTP/1.1" 404 1018
207.46.13.21 - - [18/Jan/2017:02:44:04 -0500] "GET /robots.txt HTTP/1.1" 404 1018
195.133.147.89 - - [18/Jan/2017:02:45:18 -0500] "HEAD / HTTP/1.1" 200 -
69.162.124.233 - - [18/Jan/2017:02:45:57 -0500] "HEAD / HTTP/1.1" 200 -
66.249.66.175 - - [18/Jan/2017:02:46:16 -0500] "GET /BLA/resoluciones/AUTOS%202007/2307.pdf HTTP/1.1" 200 136965
192.168.175.104 - - [18/Jan/2017:02:46:20 -0500] "GET / HTTP/1.1" 200 9990
192.168.175.104 - - [18/Jan/2017:02:46:23 -0500] "GET / HTTP/1.0" 200 9990
66.249.66.175 - - [18/Jan/2017:02:46:48 -0500] "GET /BLA/resoluciones/AUTOS%202014/5280.pdf HTTP/1.1" 200 596404
66.249.66.175 - - [18/Jan/2017:02:47:10 -0500] "GET /POT-2013/SEGUIMIENTO/Microsoft%20Word%20-%20seguimiento_evaluacion%20POT%20Oct%2029.doc.pdf HTTP/1.1" 200 791863
66.249.66.175 - - [18/Jan/2017:02:47:24 -0500] "GET /BLA/resoluciones/AUTOS%202014/2477.pdf HTTP/1.1" 200 780773
163.172.66.95 - - [18/Jan/2017:02:47:37 -0500] "GET /BLA/resoluciones/RESOLUCIONES%202004/RES%202004%201251-1300/00001293.tif HTTP/1.1" 200 86742
66.249.66.175 - - [18/Jan/2017:02:48:00 -0500] "GET /BLA/resoluciones/AUTOS%202015/2803.pdf HTTP/1.1" 200 594470
192.168.175.104 - - [18/Jan/2017:02:48:34 -0500] "GET / HTTP/1.1" 200 9990
66.249.66.175 - - [18/Jan/2017:02:48:37 -0500] "GET /BLA/resoluciones/AUTOS%202014/3970.pdf HTTP/1.1" 200 629743
181.128.199.126 - - [18/Jan/2017:02:48:42 -0500] "GET /BLA/boletinlegal/js/jquery.scrollShow.js HTTP/1.1" 200 4586
181.128.199.126 - - [18/Jan/2017:02:48:42 -0500] "GET /galeria/galeria/jquery.fancybox.js?v=2.1.5 HTTP/1.1" 200 48706
181.128.199.126 - - [18/Jan/2017:02:48:42 -0500] "GET /galeria/galeria/jquery.fancybox.css?v=2.1.5 HTTP/1.1" 200 4895
181.128.199.126 - - [18/Jan/2017:02:48:50 -0500] "GET /BLA/boletinlegal/js/jquery.scrollShow.js HTTP/1.1" 304 -
181.128.199.126 - - [18/Jan/2017:02:48:50 -0500] "GET /galeria/galeria/jquery.fancybox.js?v=2.1.5 HTTP/1.1" 304 -
181.128.199.126 - - [18/Jan/2017:02:48:50 -0500] "GET /galeria/galeria/jquery.fancybox.css?v=2.1.5 HTTP/1.1" 304 -
163.172.66.3 - - [18/Jan/2017:02:48:51 -0500] "GET /BLA/resoluciones/RESOLUCIONES%202006/RES%202006%20301-350/00000330.tif HTTP/1.1" 200 250842
217.72.230.120 - - [18/Jan/2017:02:49:05 -0500] "GET /BLA/resoluciones/AUTOS%202015/0911.pdf HTTP/1.1" 200 509153
66.249.66.175 - - [18/Jan/2017:02:49:16 -0500] "GET /BLA/resoluciones/RESOLUCIONES%202013/1811.pdf HTTP/1.1" 200 516390
66.249.66.178 - - [18/Jan/2017:02:49:31 -0500] "GET /BLA/resoluciones/Autos%202008/2229.pdf HTTP/1.1" 200 113908
66.249.66.181 - - [18/Jan/2017:02:49:49 -0500] "GET /BLA/resoluciones/AUTOS%202015/6190.pdf HTTP/1.1" 200 500770
66.249.66.190 - - [18/Jan/2017:02:50:15 -0500] "GET /robots.txt HTTP/1.1" 404 1015
66.249.66.187 - - [18/Jan/2017:02:50:19 -0500] "GET /phpold/AjaxPhpCode/PDFs/Ajax_Chat_and_JSON.pdf HTTP/1.1" 404 1015
66.249.66.175 - - [18/Jan/2017:02:50:26 -0500] "GET /BLA/resoluciones/AUTOS%202015/5338.pdf HTTP/1.1" 200 893691
66.249.66.175 - - [18/Jan/2017:02:50:34 -0500] "GET /BLA/resoluciones/Autos%202008/1950.pdf HTTP/1.1" 200 97482
66.249.66.178 - - [18/Jan/2017:02:50:41 -0500] "GET /BLA/resoluciones/AUTOS%202011/1862.pdf HTTP/1.1" 200 94623
69.162.124.233 - - [18/Jan/2017:02:50:57 -0500] "HEAD / HTTP/1.1" 200 -
66.249.66.175 - - [18/Jan/2017:02:51:08 -0500] "GET /BLA/resoluciones/AUTOS%202011/0826.pdf HTTP/1.1" 200 161395
192.168.175.104 - - [18/Jan/2017:02:51:18 -0500] "GET / HTTP/1.1" 200 9990
192.168.175.104 - - [18/Jan/2017:02:51:21 -0500] "GET / HTTP/1.0" 200 9990
163.172.66.95 - - [18/Jan/2017:02:51:40 -0500] "GET /BLA/resoluciones/RESOLUCIONES%202006/RES%202006%201901-1950/00001947.tif HTTP/1.1" 200 312412
66.249.66.175 - - [18/Jan/2017:02:51:51 -0500] "GET /BLA/resoluciones/AUTOS%202014/4751.pdf HTTP/1.1" 200 587267
66.249.66.178 - - [18/Jan/2017:02:51:58 -0500] "GET /BLA/resoluciones/AUTOS%202007/1625.pdf HTTP/1.1" 200 153536
180.76.15.163 - - [18/Jan/2017:02:52:17 -0500] "GET /Anexos%20estudio%20Organizacional%20SDA/ANEXO%20No.%203-%20CONTRATACI%C3%93N%20%20OPS%C2%B4s%202008-2012/CONTRATOS%20SDA%202009%20POR%20DEPENDENCIA%20(1).xls HTTP/1.1" 200 461824
66.249.66.175 - - [18/Jan/2017:02:52:33 -0500] "GET /BLA/resoluciones/AUTOS%202014/4838.pdf HTTP/1.1" 200 541562
66.249.66.175 - - [18/Jan/2017:02:53:11 -0500] "GET /BLA/resoluciones/AUTOS%202014/4297.pdf HTTP/1.1" 200 374467
192.168.175.104 - - [18/Jan/2017:02:53:32 -0500] "GET / HTTP/1.1" 200 9990
66.249.66.178 - - [18/Jan/2017:02:53:34 -0500] "GET /BLA/resoluciones/Autos%202008/2975.pdf HTTP/1.1" 200 195089
163.172.65.36 - - [18/Jan/2017:02:53:54 -0500] "GET /SIG/index.php?dir=Gesti%F3n+de+Recursos+F%EDsicos%2FGesti%F3n+de+Recursos+F%EDsicos%2F HTTP/1.1" 200 7767
69.162.124.232 - - [18/Jan/2017:02:53:55 -0500] "HEAD / HTTP/1.1" 200 -
66.249.66.175 - - [18/Jan/2017:02:54:20 -0500] "GET /BLA/resoluciones/AUTOS%202007/1982.pdf HTTP/1.1" 200 89393
66.249.66.175 - - [18/Jan/2017:02:55:18 -0500] "GET /resoluciones/RESOLUCIONES%202008/3449.pdf HTTP/1.1" 404 1018
66.249.66.187 - - [18/Jan/2017:02:55:21 -0500] "GET /POT-2013/Cartografia/11_Areas_Actividad_Extractiva_2013_V1.pdf HTTP/1.1" 200 3984327
66.249.66.178 - - [18/Jan/2017:02:55:44 -0500] "GET /BLA/resoluciones/AUTOS%202014/6103.pdf HTTP/1.1" 200 432088
69.162.124.233 - - [18/Jan/2017:02:55:57 -0500] "HEAD / HTTP/1.1" 200 -
66.249.66.175 - - [18/Jan/2017:02:55:59 -0500] "GET /BLA/resoluciones/AUTOS%202014/5108.pdf HTTP/1.1" 200 563932
163.172.66.139 - - [18/Jan/2017:02:56:10 -0500] "GET /BLA/resoluciones/RESOLUCIONES%202006/RES%202006%20351-400/00000380.tif HTTP/1.1" 200 157620
192.168.175.104 - - [18/Jan/2017:02:56:17 -0500] "GET / HTTP/1.1" 200 9990
192.168.175.104 - - [18/Jan/2017:02:56:19 -0500] "GET / HTTP/1.0" 200 9990
66.249.66.175 - - [18/Jan/2017:02:58:14 -0500] "GET /BLA/resoluciones/RESOLUCIONES%202008/0607.pdf HTTP/1.1" 200 275382
66.249.66.175 - - [18/Jan/2017:02:58:24 -0500] "GET /BLA/resoluciones/AUTOS%202011/2011.pdf HTTP/1.1" 200 84743
192.168.175.104 - - [18/Jan/2017:02:58:30 -0500] "GET / HTTP/1.1" 200 9990
66.249.66.175 - - [18/Jan/2017:02:58:32 -0500] "GET /galeria/galeria/fotos/3GuaymaralTorcaG3.jpg HTTP/1.1" 304 -
66.249.66.171 - - [18/Jan/2017:02:59:00 -0500] "GET /robots.txt HTTP/1.1" 404 1018
66.249.66.171 - - [18/Jan/2017:02:59:00 -0500] "GET /portel_dama/libreria/php/2006/ECOSISTEMAS%20FINAL%20web_mz27/x%20restauracion/sitio/22_proye/xtras_in/3a.pdf HTTP/1.1" 404 1018
66.249.66.175 - - [18/Jan/2017:02:59:27 -0500] "GET /BLA/resoluciones/AUTOS%202014/6574.pdf HTTP/1.1" 200 2338570
66.249.66.175 - - [18/Jan/2017:02:59:39 -0500] "GET /BLA/resoluciones/AUTOS%202008/1972.pdf HTTP/1.1" 200 90468
66.249.66.175 - - [18/Jan/2017:02:59:55 -0500] "GET /BLA/resoluciones/Autos%202008/0038.pdf HTTP/1.1" 200 82149
66.249.66.178 - - [18/Jan/2017:03:00:03 -0500] "GET /BLA/resoluciones/Notificaciones/AUTOS%202014/0799.doc HTTP/1.1" 304 -
40.77.167.17 - - [18/Jan/2017:03:00:27 -0500] "GET /SIG/Control%20y%20mejora/126PE01-PR05.pdf HTTP/1.1" 200 70644
163.172.64.251 - - [18/Jan/2017:03:00:48 -0500] "GET /BLA/resoluciones/index.php?dir=RESOLUCIONES%202006/RES%202006%20%202901-2950/&sort=name&order=desc HTTP/1.1" 200 12405
69.162.124.233 - - [18/Jan/2017:03:00:57 -0500] "HEAD / HTTP/1.1" 200 -
66.249.66.181 - - [18/Jan/2017:03:01:14 -0500] "GET /BLA/resoluciones/AUTOS%202011/1507.pdf HTTP/1.1" 200 170372
192.168.175.104 - - [18/Jan/2017:03:01:15 -0500] "GET / HTTP/1.1" 200 9990
192.168.175.104 - - [18/Jan/2017:03:01:17 -0500] "GET / HTTP/1.0" 200 9990
66.249.66.178 - - [18/Jan/2017:03:01:27 -0500] "GET /BLA/resoluciones/AUTOS%202011/2078.pdf HTTP/1.1" 200 164280
66.249.66.175 - - [18/Jan/2017:03:01:36 -0500] "GET /BLA/resoluciones/Autos%202008/1963.pdf HTTP/1.1" 200 96814
66.249.66.175 - - [18/Jan/2017:03:01:51 -0500] "GET /BLA/resoluciones/RESOLUCIONES%202014/0508.pdf HTTP/1.1" 200 535413
62.210.185.3 - - [18/Jan/2017:03:02:32 -0500] "GET /wp-admin/ HTTP/1.1" 404 1018
163.172.64.254 - - [18/Jan/2017:03:02:56 -0500] "GET /BLA/resoluciones/AUTOS%202006/AUTOS%202006%20801-900/00000869.tif HTTP/1.1" 200 43234
52.207.224.143 - - [18/Jan/2017:03:03:15 -0500] "GET /robots.txt HTTP/1.1" 404 1019
192.168.175.104 - - [18/Jan/2017:03:03:28 -0500] "GET / HTTP/1.1" 200 9990
66.249.66.181 - - [18/Jan/2017:03:04:52 -0500] "GET /BLA/resoluciones/AUTOS%202012/1584.pdf HTTP/1.1" 200 2145898
66.249.66.178 - - [18/Jan/2017:03:05:28 -0500] "GET /BLA/resoluciones/AUTOS%202014/5375.pdf HTTP/1.1" 200 422772
69.162.124.233 - - [18/Jan/2017:03:05:56 -0500] "HEAD / HTTP/1.1" 200 -
192.168.175.104 - - [18/Jan/2017:03:06:13 -0500] "GET / HTTP/1.1" 200 9990
192.168.175.104 - - [18/Jan/2017:03:06:16 -0500] "GET / HTTP/1.0" 200 9990
66.249.66.175 - - [18/Jan/2017:03:06:19 -0500] "GET /resoluciones/RESOLUCIONES%202007/RES%202007%20201%20AL%20300/RESOLUCION%200202%20DE%202007.pdf HTTP/1.1" 404 1018
66.249.66.181 - - [18/Jan/2017:03:06:33 -0500] "GET /BLA/resoluciones/AUTOS%202007/0361.pdf HTTP/1.1" 200 195516
66.249.66.178 - - [18/Jan/2017:03:06:35 -0500] "GET /BLA/resoluciones/Autos%202008/2134.pdf HTTP/1.1" 200 97826
66.249.66.175 - - [18/Jan/2017:03:06:46 -0500] "GET /BLA/resoluciones/AUTOS%202013/2833.pdf HTTP/1.1" 200 275379
66.249.66.175 - - [18/Jan/2017:03:06:49 -0500] "GET /BLA/resoluciones/AUTOS%202007/0327.pdf HTTP/1.1" 200 50933
66.249.66.178 - - [18/Jan/2017:03:07:16 -0500] "GET /BLA/resoluciones/RESOLUCIONES%202008/1459.pdf HTTP/1.1" 200 299034
66.249.66.175 - - [18/Jan/2017:03:07:35 -0500] "GET /BLA/resoluciones/AUTOS%202011/1511.pdf HTTP/1.1" 200 265651
66.249.66.175 - - [18/Jan/2017:03:07:52 -0500] "GET /BLA/resoluciones/RESOLUCIONES%202009/8912.pdf HTTP/1.1" 200 252721
62.210.185.3 - - [18/Jan/2017:03:08:08 -0500] "GET /test/wp-admin/ HTTP/1.1" 404 1018
192.168.175.104 - - [18/Jan/2017:03:08:26 -0500] "GET / HTTP/1.1" 200 9990
66.249.66.175 - - [18/Jan/2017:03:08:28 -0500] "GET /BLA/resoluciones/AUTOS%202011/1324.pdf HTTP/1.1" 200 237465
39.48.17.114 - - [18/Jan/2017:03:08:34 -0500] "POST /xmlrpc.php HTTP/1.1" 301 334
39.48.17.114 - - [18/Jan/2017:03:08:37 -0500] "GET /wp-login.php HTTP/1.1" 301 336
39.48.17.114 - - [18/Jan/2017:03:08:39 -0500] "POST /wp-login.php HTTP/1.1" 301 336
69.162.124.232 - - [18/Jan/2017:03:09:04 -0500] "HEAD / HTTP/1.1" 200 -
66.249.66.181 - - [18/Jan/2017:03:09:05 -0500] "GET /BLA/resoluciones/RESOLUCIONES%202011/4268.pdf HTTP/1.1" 200 478094
66.249.66.178 - - [18/Jan/2017:03:09:41 -0500] "GET /BLA/resoluciones/RESOLUCIONES%202013/1744.pdf HTTP/1.1" 200 520810
66.249.66.175 - - [18/Jan/2017:03:09:44 -0500] "GET /BLA/resoluciones/Autos%202008/2896.pdf HTTP/1.1" 200 80495
52.207.224.143 - - [18/Jan/2017:03:09:48 -0500] "GET /robots.txt HTTP/1.1" 404 1018
66.249.66.175 - - [18/Jan/2017:03:10:10 -0500] "GET /resoluciones/RESOLUCIONES%202008/1916.pdf HTTP/1.1" 404 1018
66.249.66.175 - - [18/Jan/2017:03:10:17 -0500] "GET /BLA/resoluciones/RESOLUCIONES%202007/RES%202007%204001%20AL%204100/RESOLUCION%204022%20DE%202007.pdf HTTP/1.1" 200 570093
66.249.66.175 - - [18/Jan/2017:03:10:53 -0500] "GET /BLA/resoluciones/RESOLUCIONES%202013/1638.pdf HTTP/1.1" 200 571089
69.162.124.233 - - [18/Jan/2017:03:10:57 -0500] "HEAD / HTTP/1.1" 200 -
192.168.175.104 - - [18/Jan/2017:03:11:11 -0500] "GET / HTTP/1.1" 200 9990
192.168.175.104 - - [18/Jan/2017:03:11:13 -0500] "GET / HTTP/1.0" 200 9990
66.249.66.175 - - [18/Jan/2017:03:11:19 -0500] "GET /BLA/resoluciones/AUTOS%202011/1963.pdf HTTP/1.1" 200 243133
66.249.66.175 - - [18/Jan/2017:03:11:32 -0500] "GET /BLA/resoluciones/AUTOS%202015/6694.pdf HTTP/1.1" 200 470020
69.162.124.232 - - [18/Jan/2017:03:11:41 -0500] "HEAD / HTTP/1.1" 200 -
163.172.65.18 - - [18/Jan/2017:03:12:03 -0500] "GET /BLA/resoluciones/RESOLUCIONES%202002/RES%202002%20601-650/00000625.tif HTTP/1.1" 200 48770
66.249.66.175 - - [18/Jan/2017:03:12:05 -0500] "GET /BLA/resoluciones/AUTOS%202014/0151.pdf HTTP/1.1" 200 652492
66.249.66.175 - - [18/Jan/2017:03:12:41 -0500] "GET /BLA/resoluciones/AUTOS%202014/6361.pdf HTTP/1.1" 200 510313
186.87.10.236 - - [18/Jan/2017:03:12:47 -0500] "GET /BLA/resoluciones/RESOLUCIONES%202011/0701.pdf HTTP/1.1" 200 78614
88.7.249.95 - - [18/Jan/2017:03:12:52 -0500] "POST /xmlrpc.php HTTP/1.1" 301 334
88.7.249.95 - - [18/Jan/2017:03:12:54 -0500] "GET /wp-login.php HTTP/1.1" 301 336
88.7.249.95 - - [18/Jan/2017:03:12:56 -0500] "POST /wp-login.php HTTP/1.1" 301 336
66.249.66.144 - - [18/Jan/2017:03:13:04 -0500] "GET /robots.txt HTTP/1.1" 404 1017
66.249.66.144 - - [18/Jan/2017:03:13:04 -0500] "GET /.well-known/apple-app-site-association HTTP/1.1" 404 1017
66.249.66.148 - - [18/Jan/2017:03:13:06 -0500] "GET /.well-known/apple-app-site-association HTTP/1.1" 404 1017
66.249.66.144 - - [18/Jan/2017:03:13:24 -0500] "GET /apple-app-site-association HTTP/1.1" 404 1017
192.168.175.104 - - [18/Jan/2017:03:13:24 -0500] "GET / HTTP/1.1" 200 9990
207.46.13.21 - - [18/Jan/2017:03:13:46 -0500] "GET / HTTP/1.1" 200 9990
66.249.66.175 - - [18/Jan/2017:03:15:06 -0500] "GET /BLA/resoluciones/index.php?dir=RESOLUCIONES+2016%2F HTTP/1.1" 200 44412
95.28.180.251 - - [18/Jan/2017:03:15:23 -0500] "GET /BLA/boletinlegal/js/jquery.scrollShow.js HTTP/1.1" 200 4586
95.28.180.251 - - [18/Jan/2017:03:15:24 -0500] "GET /galeria/galeria/jquery.fancybox.js?v=2.1.5 HTTP/1.1" 200 48706
95.28.180.251 - - [18/Jan/2017:03:15:26 -0500] "GET /galeria/galeria/jquery.fancybox.css?v=2.1.5 HTTP/1.1" 200 4895
66.249.66.178 - - [18/Jan/2017:03:15:42 -0500] "GET /BLA/resoluciones/AUTOS%202014/7213.pdf HTTP/1.1" 200 548821
69.162.124.233 - - [18/Jan/2017:03:15:56 -0500] "HEAD / HTTP/1.1" 200 -
192.168.175.104 - - [18/Jan/2017:03:16:09 -0500] "GET / HTTP/1.1" 200 9990
192.168.175.104 - - [18/Jan/2017:03:16:12 -0500] "GET / HTTP/1.0" 200 9990
69.162.124.232 - - [18/Jan/2017:03:16:41 -0500] "HEAD / HTTP/1.1" 200 -
66.249.66.178 - - [18/Jan/2017:03:16:54 -0500] "GET /BLA/resoluciones/AUTOS%202014/1671.pdf HTTP/1.1" 200 599384
112.199.118.130 - - [18/Jan/2017:03:17:11 -0500] "POST /xmlrpc.php HTTP/1.1" 301 334
112.199.118.130 - - [18/Jan/2017:03:17:13 -0500] "GET /wp-login.php HTTP/1.1" 301 336
112.199.118.130 - - [18/Jan/2017:03:17:15 -0500] "POST /wp-login.php HTTP/1.1" 301 336
66.249.66.175 - - [18/Jan/2017:03:17:30 -0500] "GET /BLA/resoluciones/AUTOS%202015/7134.pdf HTTP/1.1" 200 194522
66.249.66.175 - - [18/Jan/2017:03:18:06 -0500] "GET /BLA/resoluciones/AUTOS%202015/5582.pdf HTTP/1.1" 200 536719
163.172.66.55 - - [18/Jan/2017:03:18:10 -0500] "GET /BLA/resoluciones/AUTOS%202006/AUTOS%202006%20201-300/00000291.tif HTTP/1.1" 200 59714
62.210.185.3 - - [18/Jan/2017:03:18:10 -0500] "GET /wordpress/wp-admin/ HTTP/1.1" 404 1018
66.249.66.178 - - [18/Jan/2017:03:18:12 -0500] "GET /BLA/resoluciones/RESOLUCIONES%202007/RES%202007%20101%20AL%20200/RESOLUCION%200110%20%20DE%202007.pdf HTTP/1.1" 200 1605474
192.168.175.104 - - [18/Jan/2017:03:18:22 -0500] "GET / HTTP/1.1" 200 9990
66.249.66.178 - - [18/Jan/2017:03:18:42 -0500] "GET /BLA/resoluciones/RESOLUCIONES%202016/2228.pdf HTTP/1.1" 200 340571
14.200.223.241 - - [18/Jan/2017:03:19:03 -0500] "GET /BLA/boletinlegal/js/jquery.scrollShow.js HTTP/1.1" 200 4586
14.200.223.241 - - [18/Jan/2017:03:19:03 -0500] "GET /galeria/galeria/jquery.fancybox.js?v=2.1.5 HTTP/1.1" 200 48706
14.200.223.241 - - [18/Jan/2017:03:19:03 -0500] "GET /galeria/galeria/jquery.fancybox.css?v=2.1.5 HTTP/1.1" 200 4895
66.249.66.175 - - [18/Jan/2017:03:19:12 -0500] "GET /BLA/resoluciones/AUTOS%202014/3548.pdf HTTP/1.1" 200 259517
14.200.223.241 - - [18/Jan/2017:03:19:13 -0500] "GET /galeria/galeria/jquery.fancybox.css?v=2.1.5 HTTP/1.1" 200 4895
14.200.223.241 - - [18/Jan/2017:03:19:13 -0500] "GET /BLA/boletinlegal/js/jquery.scrollShow.js HTTP/1.1" 200 4586
14.200.223.241 - - [18/Jan/2017:03:19:13 -0500] "GET /galeria/galeria/jquery.fancybox.js?v=2.1.5 HTTP/1.1" 200 48706
66.249.66.175 - - [18/Jan/2017:03:19:19 -0500] "GET /BLA/resoluciones/AUTOS%202015/7034.pdf HTTP/1.1" 200 574659
65.55.210.174 - - [18/Jan/2017:03:19:41 -0500] "GET /galeria/galeria/jquery.fancybox.css?v=2.1.5 HTTP/1.1" 200 4895
66.249.66.178 - - [18/Jan/2017:03:19:55 -0500] "GET /BLA/resoluciones/AUTOS%202014/1996.pdf HTTP/1.1" 200 593127
66.249.66.174 - - [18/Jan/2017:03:20:11 -0500] "GET /portel_dama/libreria/pdf/ecosistemas/restauracion/sitio/22_proye/xtras_in/3a.pdf HTTP/1.1" 404 1018
66.249.66.175 - - [18/Jan/2017:03:20:31 -0500] "GET /resoluciones/RESOLUCIONES%202009/1330.pdf HTTP/1.1" 404 1018
66.249.66.175 - - [18/Jan/2017:03:20:32 -0500] "GET /BLA/resoluciones/AUTOS%202014/2177.pdf HTTP/1.1" 200 695662
66.249.66.175 - - [18/Jan/2017:03:20:37 -0500] "GET /BLA/resoluciones/Autos%202008/0729.pdf HTTP/1.1" 200 93723
69.162.124.233 - - [18/Jan/2017:03:20:56 -0500] "HEAD / HTTP/1.1" 200 -
66.249.66.178 - - [18/Jan/2017:03:21:07 -0500] "GET /BLA/resoluciones/AUTOS%202014/3122.pdf HTTP/1.1" 200 567280
192.168.175.104 - - [18/Jan/2017:03:21:08 -0500] "GET / HTTP/1.1" 200 9990
192.168.175.104 - - [18/Jan/2017:03:21:10 -0500] "GET / HTTP/1.0" 200 9990
66.249.66.178 - - [18/Jan/2017:03:21:43 -0500] "GET /BLA/resoluciones/Notificaciones/AUTOS%202016/00120.doc HTTP/1.1" 200 192528
194.87.234.246 - - [18/Jan/2017:03:21:43 -0500] "HEAD / HTTP/1.1" 200 -
195.133.147.6 - - [18/Jan/2017:03:21:44 -0500] "HEAD / HTTP/1.1" 200 -
66.249.66.178 - - [18/Jan/2017:03:22:19 -0500] "GET /BLA/resoluciones/AUTOS%202015/1400.pdf HTTP/1.1" 200 779628
180.76.15.135 - - [18/Jan/2017:03:22:20 -0500] "GET /StormSDA/lib/?C=M;O=A HTTP/1.1" 200 6379
66.249.66.178 - - [18/Jan/2017:03:22:55 -0500] "GET /BLA/resoluciones/AUTOS%202015/7180.pdf HTTP/1.1" 200 256412
66.249.66.178 - - [18/Jan/2017:03:22:57 -0500] "GET /BLA/resoluciones/AUTOS%202007/2467.pdf HTTP/1.1" 200 94058
66.249.66.152 - - [18/Jan/2017:03:23:04 -0500] "GET /.well-known/assetlinks.json HTTP/1.1" 404 1017
192.168.175.104 - - [18/Jan/2017:03:23:20 -0500] "GET / HTTP/1.1" 200 9990
163.172.66.107 - - [18/Jan/2017:03:23:30 -0500] "GET /BLA/resoluciones/RESOLUCIONES%202005/RES%202005%202601-2650/00002612.tif HTTP/1.1" 200 207864
69.162.124.232 - - [18/Jan/2017:03:23:31 -0500] "HEAD / HTTP/1.1" 200 -
219.94.163.62 - - [18/Jan/2017:03:23:45 -0500] "GET /wp-admin/ HTTP/1.1" 404 1018
163.172.66.158 - - [18/Jan/2017:03:24:01 -0500] "GET /BLA/resoluciones/RESOLUCIONES%202004/RES%202004%201951-2000/00001962.tif HTTP/1.1" 200 47286
66.249.66.175 - - [18/Jan/2017:03:24:08 -0500] "GET /BLA/resoluciones/AUTOS%202015/5154.pdf HTTP/1.1" 200 704597
66.249.66.178 - - [18/Jan/2017:03:24:36 -0500] "GET /BLA/resoluciones/RESOLUCIONES%202007/RES%202007%203301%20AL%203400/RESOLUCION%203309%20DE%202007.pdf HTTP/1.1" 200 750576
66.249.66.175 - - [18/Jan/2017:03:24:44 -0500] "GET /BLA/resoluciones/RESOLUCIONES%202009/8103.pdf HTTP/1.1" 200 492141
195.133.48.150 - - [18/Jan/2017:03:24:46 -0500] "HEAD / HTTP/1.1" 200 -
69.162.124.233 - - [18/Jan/2017:03:25:56 -0500] "HEAD / HTTP/1.1" 200 -
192.168.175.104 - - [18/Jan/2017:03:26:05 -0500] "GET / HTTP/1.1" 200 9990
66.249.66.178 - - [18/Jan/2017:03:26:07 -0500] "GET /portel_dama/libreria/php/2006/ECOSISTEMAS%20FINAL%20web_mz27/x%20restauracion/sitio/22_proye/xtras_in/cni_3.pdf HTTP/1.1" 404 1018
192.168.175.104 - - [18/Jan/2017:03:26:09 -0500] "GET / HTTP/1.0" 200 9990
66.249.66.178 - - [18/Jan/2017:03:26:32 -0500] "GET /BLA/resoluciones/AUTOS%202015/0286.pdf HTTP/1.1" 200 450784
163.172.65.40 - - [18/Jan/2017:03:27:03 -0500] "GET /BLA/resoluciones/AUTOS%202006/AUTOS%202006%202801%20-%202900/00002803.tif HTTP/1.1" 200 91144
66.249.66.181 - - [18/Jan/2017:03:27:08 -0500] "GET /BLA/resoluciones/AUTOS%202014/6793.pdf HTTP/1.1" 200 524534
177.252.129.248 - - [18/Jan/2017:03:27:18 -0500] "GET /BLA/boletinlegal/js/jquery.scrollShow.js HTTP/1.1" 200 4586
177.252.129.248 - - [18/Jan/2017:03:27:18 -0500] "GET /galeria/galeria/jquery.fancybox.js?v=2.1.5 HTTP/1.1" 200 48706
177.252.129.248 - - [18/Jan/2017:03:27:22 -0500] "GET /galeria/galeria/jquery.fancybox.css?v=2.1.5 HTTP/1.1" 200 4895
200.13.152.28 - - [18/Jan/2017:03:27:44 -0500] "GET /galeria/galeria/jquery.fancybox.css?v=2.1.5 HTTP/1.1" 200 4895
200.13.152.28 - - [18/Jan/2017:03:27:44 -0500] "GET /BLA/boletinlegal/js/jquery.scrollShow.js HTTP/1.1" 200 4586
200.13.152.28 - - [18/Jan/2017:03:27:44 -0500] "GET /galeria/galeria/jquery.fancybox.js?v=2.1.5 HTTP/1.1" 200 48706
91.220.158.80 - - [18/Jan/2017:03:27:51 -0500] "GET /galeria/galeria/jquery.fancybox.css?v=2.1.5 HTTP/1.1" 200 4895
91.220.158.80 - - [18/Jan/2017:03:27:51 -0500] "GET /BLA/boletinlegal/js/jquery.scrollShow.js HTTP/1.1" 200 4586
91.220.158.80 - - [18/Jan/2017:03:27:51 -0500] "GET /galeria/galeria/jquery.fancybox.js?v=2.1.5 HTTP/1.1" 200 48706
62.210.185.3 - - [18/Jan/2017:03:27:52 -0500] "GET /blog/wp-admin/ HTTP/1.1" 404 1018
200.13.152.28 - - [18/Jan/2017:03:27:55 -0500] "GET /BLA/boletinlegal/js/jquery.scrollShow.js HTTP/1.1" 304 -
200.13.152.28 - - [18/Jan/2017:03:27:55 -0500] "GET /galeria/galeria/jquery.fancybox.js?v=2.1.5 HTTP/1.1" 304 -
200.13.152.28 - - [18/Jan/2017:03:27:55 -0500] "GET /galeria/galeria/jquery.fancybox.css?v=2.1.5 HTTP/1.1" 304 -
91.220.158.80 - - [18/Jan/2017:03:28:15 -0500] "GET /galeria/galeria/jquery.fancybox.css?v=2.1.5 HTTP/1.1" 304 -
91.220.158.80 - - [18/Jan/2017:03:28:15 -0500] "GET /BLA/boletinlegal/js/jquery.scrollShow.js HTTP/1.1" 304 -
91.220.158.80 - - [18/Jan/2017:03:28:15 -0500] "GET /galeria/galeria/jquery.fancybox.js?v=2.1.5 HTTP/1.1" 304 -
192.168.175.104 - - [18/Jan/2017:03:28:18 -0500] "GET / HTTP/1.1" 200 9990
69.162.124.232 - - [18/Jan/2017:03:28:31 -0500] "HEAD / HTTP/1.1" 200 -
152.201.155.8 - - [18/Jan/2017:03:28:31 -0500] "GET /galeria/galeria/jquery.fancybox.css?v=2.1.5 HTTP/1.1" 200 4895
152.201.155.8 - - [18/Jan/2017:03:28:31 -0500] "GET /galeria/galeria/jquery.fancybox.js?v=2.1.5 HTTP/1.1" 200 48706
152.201.155.8 - - [18/Jan/2017:03:28:31 -0500] "GET /BLA/boletinlegal/js/jquery.scrollShow.js HTTP/1.1" 200 4586
66.249.66.181 - - [18/Jan/2017:03:28:56 -0500] "GET /BLA/resoluciones/RESOLUCIONES%202007/RES%202007%203301%20AL%203400/RESOLUCION%203386%20DE%202007.pdf HTTP/1.1" 304 -
66.249.66.175 - - [18/Jan/2017:03:29:11 -0500] "GET /BLA/resoluciones/Autos%202008/2080.pdf HTTP/1.1" 200 98515
152.201.155.8 - - [18/Jan/2017:03:29:32 -0500] "GET /galeria/galeria/jquery.fancybox.css?v=2.1.5 HTTP/1.1" 304 -
152.201.155.8 - - [18/Jan/2017:03:29:32 -0500] "GET /BLA/boletinlegal/js/jquery.scrollShow.js HTTP/1.1" 304 -
152.201.155.8 - - [18/Jan/2017:03:29:32 -0500] "GET /galeria/galeria/jquery.fancybox.js?v=2.1.5 HTTP/1.1" 304 -
66.249.66.175 - - [18/Jan/2017:03:29:33 -0500] "GET /BLA/resoluciones/AUTOS%202007/3665.pdf HTTP/1.1" 304 -
66.249.66.175 - - [18/Jan/2017:03:29:52 -0500] "GET /resoluciones/RESOLUCIONES%202008/2736.pdf HTTP/1.1" 404 1018
66.249.66.175 - - [18/Jan/2017:03:30:45 -0500] "GET /BLA/resoluciones/RESOLUCIONES%202008/4081.pdf HTTP/1.1" 304 -
69.162.124.233 - - [18/Jan/2017:03:30:56 -0500] "HEAD / HTTP/1.1" 200 -
192.168.175.104 - - [18/Jan/2017:03:31:03 -0500] "GET / HTTP/1.1" 200 9990
192.168.175.104 - - [18/Jan/2017:03:31:07 -0500] "GET / HTTP/1.0" 200 9990
180.76.15.31 - - [18/Jan/2017:03:31:53 -0500] "GET / HTTP/1.1" 200 9990
180.76.15.146 - - [18/Jan/2017:03:32:38 -0500] "GET / HTTP/1.1" 200 9990
66.249.66.180 - - [18/Jan/2017:03:33:08 -0500] "GET /robots.txt HTTP/1.1" 404 1019
66.249.66.177 - - [18/Jan/2017:03:33:08 -0500] "GET /portel_dama/libreria/php/2006/ECOSISTEMAS%20FINAL%20web_mz27/restauracion/sitio/22_proye/xtras_in/3a.pdf HTTP/1.1" 404 1019
219.94.163.62 - - [18/Jan/2017:03:33:14 -0500] "GET /test/wp-admin/ HTTP/1.1" 404 1018
192.168.175.104 - - [18/Jan/2017:03:33:17 -0500] "GET / HTTP/1.1" 200 9990
66.249.66.171 - - [18/Jan/2017:03:33:27 -0500] "GET /portel_dama/libreria/php/2006/ECOSISTEMAS%20FINAL%20web_mz27/restauracion/sitio/22_proye/xtras_in/2a.pdf HTTP/1.1" 404 1018
66.249.66.175 - - [18/Jan/2017:03:33:33 -0500] "GET /resoluciones/RESOLUCIONES%202009/1267.pdf HTTP/1.1" 404 1018
52.207.224.143 - - [18/Jan/2017:03:33:37 -0500] "GET /robots.txt HTTP/1.1" 404 1018
66.249.66.175 - - [18/Jan/2017:03:33:45 -0500] "GET /BLA/resoluciones/Autos%202008/1582.pdf HTTP/1.1" 200 79714
181.56.227.162 - - [18/Jan/2017:03:33:51 -0500] "GET /galeria/galeria/jquery.fancybox.css?v=2.1.5 HTTP/1.1" 200 4895
181.56.227.162 - - [18/Jan/2017:03:33:51 -0500] "GET /BLA/boletinlegal/js/jquery.scrollShow.js HTTP/1.1" 200 4586
181.56.227.162 - - [18/Jan/2017:03:33:51 -0500] "GET /galeria/galeria/jquery.fancybox.js?v=2.1.5 HTTP/1.1" 200 48706
181.56.227.162 - - [18/Jan/2017:03:34:02 -0500] "GET /galeria/galeria/jquery.fancybox.css?v=2.1.5 HTTP/1.1" 304 -
181.56.227.162 - - [18/Jan/2017:03:34:02 -0500] "GET /BLA/boletinlegal/js/jquery.scrollShow.js HTTP/1.1" 304 -
181.56.227.162 - - [18/Jan/2017:03:34:02 -0500] "GET /galeria/galeria/jquery.fancybox.js?v=2.1.5 HTTP/1.1" 304 -
163.172.66.21 - - [18/Jan/2017:03:34:21 -0500] "GET /BLA/resoluciones/RESOLUCIONES%202004/RES%202004%20501-550/00000503.tif HTTP/1.1" 200 81106
66.249.66.181 - - [18/Jan/2017:03:34:22 -0500] "GET /BLA/resoluciones/RESOLUCIONES%202014/0933.pdf HTTP/1.1" 200 527407
163.172.65.28 - - [18/Jan/2017:03:34:46 -0500] "GET /autoliquidacion/index.php?dir=Grupo%20Forestal%20-%20Silvicultura/&sort=date&order=desc HTTP/1.1" 200 3989
66.249.66.175 - - [18/Jan/2017:03:35:34 -0500] "GET /BLA/resoluciones/Autos%202008/0520.pdf HTTP/1.1" 200 62699
69.162.124.233 - - [18/Jan/2017:03:35:56 -0500] "HEAD / HTTP/1.1" 200 -
192.168.175.104 - - [18/Jan/2017:03:36:01 -0500] "GET / HTTP/1.1" 200 9990
192.168.175.104 - - [18/Jan/2017:03:36:06 -0500] "GET / HTTP/1.0" 200 9990
66.249.66.178 - - [18/Jan/2017:03:36:10 -0500] "GET /BLA/resoluciones/RESOLUCIONES%202009/7844.pdf HTTP/1.1" 200 549497
163.172.65.184 - - [18/Jan/2017:03:36:35 -0500] "GET /BLA/resoluciones/RESOLUCIONES%202006/RES%202006%202351-2400/00002360.tif HTTP/1.1" 200 35978
62.210.185.3 - - [18/Jan/2017:03:36:36 -0500] "GET /wp/wp-admin/ HTTP/1.1" 404 1018
66.249.66.178 - - [18/Jan/2017:03:36:43 -0500] "GET /resoluciones/RESOLUCIONES%202010/0128.pdf HTTP/1.1" 404 1018
66.249.66.175 - - [18/Jan/2017:03:36:43 -0500] "GET /BLA/resoluciones/RESOLUCIONES%202010/4911.pdf HTTP/1.1" 200 763451
181.137.69.53 - - [18/Jan/2017:03:37:33 -0500] "GET /BLA/resoluciones/RESOLUCIONES%202007/RES%202007%201601%20AL%201725/RESOLUCION%201619%20%20DE%202007.pdf HTTP/1.1" 200 900678
66.249.66.175 - - [18/Jan/2017:03:37:58 -0500] "GET /BLA/resoluciones/AUTOS%202009/0139.pdf HTTP/1.1" 200 848385
192.168.175.104 - - [18/Jan/2017:03:38:15 -0500] "GET / HTTP/1.1" 200 9990
66.249.66.132 - - [18/Jan/2017:03:38:35 -0500] "GET / HTTP/1.1" 301 324
66.249.66.175 - - [18/Jan/2017:03:38:45 -0500] "GET /BLA/resoluciones/RESOLUCIONES%202011/0299.pdf HTTP/1.1" 200 80163
186.113.10.143 - - [18/Jan/2017:03:39:07 -0500] "GET /galeria/nivo-slider/demo/images/bannerwebnavidadenloshumedales.jpg HTTP/1.1" 304 -
189.234.155.219 - - [18/Jan/2017:03:39:10 -0500] "GET /videos/CRRFFS.mp4 HTTP/1.1" 206 1
66.249.66.170 - - [18/Jan/2017:03:39:11 -0500] "GET / HTTP/1.1" 200 9990
66.249.66.175 - - [18/Jan/2017:03:39:39 -0500] "GET /BLA/resoluciones/Autos%202008/1313.pdf HTTP/1.1" 200 315430
163.172.65.6 - - [18/Jan/2017:03:39:46 -0500] "GET /BLA/resoluciones/RESOLUCIONES%202003/RES%202003%201751-1800/20031780.tif HTTP/1.1" 200 43310
66.249.66.175 - - [18/Jan/2017:03:39:59 -0500] "GET /BLA/resoluciones/Autos%202008/1866.pdf HTTP/1.1" 200 174423
163.172.64.223 - - [18/Jan/2017:03:40:06 -0500] "GET /BLA/resoluciones/RESOLUCIONES%202003/RES%202003%202151-2189/20032180.tif HTTP/1.1" 200 59250
66.249.66.175 - - [18/Jan/2017:03:40:23 -0500] "GET /BLA/resoluciones/AUTOS%202014/4672.pdf HTTP/1.1" 200 524671
66.249.66.175 - - [18/Jan/2017:03:40:32 -0500] "GET /BLA/resoluciones/RESOLUCIONES%202008/2978.pdf HTTP/1.1" 200 258258
69.162.124.233 - - [18/Jan/2017:03:40:57 -0500] "HEAD / HTTP/1.1" 200 -
192.168.175.104 - - [18/Jan/2017:03:40:59 -0500] "GET / HTTP/1.1" 200 9990
192.168.175.104 - - [18/Jan/2017:03:41:04 -0500] "GET / HTTP/1.0" 200 9990
66.249.66.175 - - [18/Jan/2017:03:41:35 -0500] "GET /BLA/resoluciones/AUTOS%202015/3575.pdf HTTP/1.1" 200 509498
66.249.66.171 - - [18/Jan/2017:03:41:43 -0500] "GET /portel_dama/libreria/php/2006/restauracion/22_proye/xtras_in/3a.pdf HTTP/1.1" 404 1018
195.133.48.121 - - [18/Jan/2017:03:41:48 -0500] "HEAD / HTTP/1.1" 200 -
66.249.66.178 - - [18/Jan/2017:03:41:53 -0500] "GET /BLA/resoluciones/AUTOS%202011/1252.pdf HTTP/1.1" 200 161783
69.162.124.232 - - [18/Jan/2017:03:42:06 -0500] "HEAD / HTTP/1.1" 200 -
66.249.66.178 - - [18/Jan/2017:03:42:11 -0500] "GET /BLA/resoluciones/AUTOS%202014/4266.pdf HTTP/1.1" 200 504119
66.249.66.175 - - [18/Jan/2017:03:42:35 -0500] "GET /BLA/resoluciones/Autos%202008/3017.pdf HTTP/1.1" 200 176163
219.94.163.62 - - [18/Jan/2017:03:42:36 -0500] "GET /wordpress/wp-admin/ HTTP/1.1" 404 1018
66.249.66.175 - - [18/Jan/2017:03:42:47 -0500] "GET /BLA/resoluciones/AUTOS%202014/7304.pdf HTTP/1.1" 200 626660
192.168.175.104 - - [18/Jan/2017:03:43:13 -0500] "GET / HTTP/1.1" 200 9990
66.249.66.175 - - [18/Jan/2017:03:43:23 -0500] "GET /BLA/resoluciones/AUTOS%202015/1713.pdf HTTP/1.1" 200 872689
66.249.66.184 - - [18/Jan/2017:03:43:35 -0500] "GET /dama/libreria/pdf/varios2006/IGA2004.pdf HTTP/1.1" 404 1019
66.249.66.181 - - [18/Jan/2017:03:43:51 -0500] "GET /BLA/resoluciones/Autos%202008/0230.pdf HTTP/1.1" 200 160846
66.249.66.178 - - [18/Jan/2017:03:43:59 -0500] "GET /BLA/resoluciones/AUTOS%202014/3143.pdf HTTP/1.1" 200 557765
190.243.46.193 - - [18/Jan/2017:03:44:00 -0500] "GET /ecodirectorio/files/res/downloads/download_0051.pdf HTTP/1.1" 200 196190
66.249.66.175 - - [18/Jan/2017:03:44:34 -0500] "GET /BLA/resoluciones/RESOLUCIONES%202010/5415.pdf HTTP/1.1" 200 255066
66.249.66.175 - - [18/Jan/2017:03:44:36 -0500] "GET /BLA/resoluciones/AUTOS%202014/4082.pdf HTTP/1.1" 200 509825
66.249.66.178 - - [18/Jan/2017:03:44:44 -0500] "GET /BLA/resoluciones/RESOLUCIONES%202010/5317.pdf HTTP/1.1" 200 333171
66.249.66.175 - - [18/Jan/2017:03:45:12 -0500] "GET /BLA/resoluciones/AUTOS%202015/4232.pdf HTTP/1.1" 200 565258
62.210.185.3 - - [18/Jan/2017:03:45:36 -0500] "GET /old/wp-admin/ HTTP/1.1" 404 1018
66.249.66.175 - - [18/Jan/2017:03:45:48 -0500] "GET /BLA/resoluciones/AUTOS%202014/2408.pdf HTTP/1.1" 200 708041
69.162.124.233 - - [18/Jan/2017:03:45:56 -0500] "HEAD / HTTP/1.1" 200 -
192.168.175.104 - - [18/Jan/2017:03:45:57 -0500] "GET / HTTP/1.1" 200 9990
192.168.175.104 - - [18/Jan/2017:03:46:02 -0500] "GET / HTTP/1.0" 200 9990
66.249.66.175 - - [18/Jan/2017:03:46:24 -0500] "GET /BLA/resoluciones/AUTOS%202014/6295.pdf HTTP/1.1" 200 704890
163.172.65.123 - - [18/Jan/2017:03:46:25 -0500] "GET /BLA/resoluciones/RESOLUCIONES%202006/RES%202006%201251-1300/00001267.tif HTTP/1.1" 200 111326
66.249.66.175 - - [18/Jan/2017:03:46:43 -0500] "GET /BLA/resoluciones/AUTOS%202015/6457.pdf HTTP/1.1" 200 504484
186.29.181.211 - - [18/Jan/2017:03:47:58 -0500] "GET /BLA/boletinlegal/js/jquery.scrollShow.js HTTP/1.1" 200 4586
186.29.181.211 - - [18/Jan/2017:03:47:58 -0500] "GET /galeria/galeria/jquery.fancybox.js?v=2.1.5 HTTP/1.1" 200 48706
186.29.181.211 - - [18/Jan/2017:03:47:59 -0500] "GET /galeria/galeria/jquery.fancybox.css?v=2.1.5 HTTP/1.1" 200 4895
192.168.175.104 - - [18/Jan/2017:03:48:10 -0500] "GET / HTTP/1.1" 200 9990
66.249.66.178 - - [18/Jan/2017:03:48:12 -0500] "GET /BLA/resoluciones/AUTOS%202014/5192.pdf HTTP/1.1" 200 560704
69.162.124.232 - - [18/Jan/2017:03:48:21 -0500] "HEAD / HTTP/1.1" 200 -
186.29.181.211 - - [18/Jan/2017:03:48:30 -0500] "GET /galeria/galeria/jquery.fancybox.js?v=2.1.5 HTTP/1.1" 304 -
186.29.181.211 - - [18/Jan/2017:03:48:30 -0500] "GET /galeria/galeria/jquery.fancybox.css?v=2.1.5 HTTP/1.1" 304 -
186.29.181.211 - - [18/Jan/2017:03:48:30 -0500] "GET /BLA/boletinlegal/js/jquery.scrollShow.js HTTP/1.1" 304 -
66.249.66.181 - - [18/Jan/2017:03:48:48 -0500] "GET /BLA/resoluciones/AUTOS%202014/5442.pdf HTTP/1.1" 200 568092
66.249.66.178 - - [18/Jan/2017:03:49:25 -0500] "GET /BLA/resoluciones/AUTOS%202014/4530.pdf HTTP/1.1" 200 529377
163.172.66.14 - - [18/Jan/2017:03:49:55 -0500] "GET /BLA/resoluciones/RESOLUCIONES%202006/RES%202006%202101-2150/00002149.tif HTTP/1.1" 200 147350
66.249.66.178 - - [18/Jan/2017:03:50:01 -0500] "GET /BLA/resoluciones/RESOLUCIONES%202007/RES%202007%203801%20AL%203900/RESOLUCION%203882%20DE%202007.pdf HTTP/1.1" 200 1080520
66.249.66.175 - - [18/Jan/2017:03:50:37 -0500] "GET /BLA/resoluciones/RESOLUCIONES%202008/1724.pdf HTTP/1.1" 200 30826
192.168.175.104 - - [18/Jan/2017:03:50:55 -0500] "GET / HTTP/1.1" 200 9990
69.162.124.233 - - [18/Jan/2017:03:50:57 -0500] "HEAD / HTTP/1.1" 200 -
192.168.175.104 - - [18/Jan/2017:03:51:00 -0500] "GET / HTTP/1.0" 200 9990
66.249.66.175 - - [18/Jan/2017:03:51:49 -0500] "GET /BLA/resoluciones/AUTOS%202015/0328.pdf HTTP/1.1" 200 314951
219.94.163.62 - - [18/Jan/2017:03:51:51 -0500] "GET /blog/wp-admin/ HTTP/1.1" 404 1018
163.172.65.49 - - [18/Jan/2017:03:51:54 -0500] "GET /BLA/resoluciones/AUTOS%202006/AUTOS%202006%20101-200/00000184.tif HTTP/1.1" 200 67616
66.249.66.175 - - [18/Jan/2017:03:52:25 -0500] "GET /BLA/resoluciones/AUTOS%202014/4851.pdf HTTP/1.1" 200 520334
66.249.66.178 - - [18/Jan/2017:03:53:01 -0500] "GET /BLA/resoluciones/RESOLUCIONES%202016/1516.pdf HTTP/1.1" 200 774811
192.168.175.104 - - [18/Jan/2017:03:53:08 -0500] "GET / HTTP/1.1" 200 9990
66.249.66.175 - - [18/Jan/2017:03:53:10 -0500] "GET /BLA/resoluciones/Autos%202008/1932.pdf HTTP/1.1" 200 128560
66.249.66.178 - - [18/Jan/2017:03:53:37 -0500] "GET /BLA/resoluciones/AUTOS%202014/0520.pdf HTTP/1.1" 200 801612
189.142.181.95 - - [18/Jan/2017:03:53:41 -0500] "GET /galeria/galeria/jquery.fancybox.css?v=2.1.5 HTTP/1.1" 200 4895
189.142.181.95 - - [18/Jan/2017:03:53:41 -0500] "GET /BLA/boletinlegal/js/jquery.scrollShow.js HTTP/1.1" 200 4586
189.142.181.95 - - [18/Jan/2017:03:53:41 -0500] "GET /galeria/galeria/jquery.fancybox.js?v=2.1.5 HTTP/1.1" 200 48706
189.142.181.95 - - [18/Jan/2017:03:54:02 -0500] "GET /galeria/galeria/jquery.fancybox.css?v=2.1.5 HTTP/1.1" 304 -
189.142.181.95 - - [18/Jan/2017:03:54:02 -0500] "GET /BLA/boletinlegal/js/jquery.scrollShow.js HTTP/1.1" 304 -
189.142.181.95 - - [18/Jan/2017:03:54:02 -0500] "GET /galeria/galeria/jquery.fancybox.js?v=2.1.5 HTTP/1.1" 304 -
66.249.66.175 - - [18/Jan/2017:03:54:13 -0500] "GET /BLA/resoluciones/AUTOS%202014/1821.pdf HTTP/1.1" 200 664065
66.249.66.178 - - [18/Jan/2017:03:54:48 -0500] "GET /BLA/resoluciones/Autos%202008/0734.pdf HTTP/1.1" 200 271267
66.249.66.175 - - [18/Jan/2017:03:55:26 -0500] "GET /BLA/resoluciones/AUTOS%202014/4540.pdf HTTP/1.1" 200 555133
163.172.65.125 - - [18/Jan/2017:03:55:46 -0500] "GET /BLA/resoluciones/AUTOS%202006/AUTOS%202006%202601%20-%202700/00002687.tif HTTP/1.1" 200 53468
163.172.65.47 - - [18/Jan/2017:03:55:50 -0500] "GET /BLA/resoluciones/RESOLUCIONES%202004/RES%202004%201851-1900/00001894.tif HTTP/1.1" 200 166414
192.168.175.104 - - [18/Jan/2017:03:55:53 -0500] "GET / HTTP/1.1" 200 9990
69.162.124.233 - - [18/Jan/2017:03:55:56 -0500] "HEAD / HTTP/1.1" 200 -
192.168.175.104 - - [18/Jan/2017:03:55:58 -0500] "GET / HTTP/1.0" 200 9990
66.249.66.175 - - [18/Jan/2017:03:56:02 -0500] "GET /BLA/resoluciones/AUTOS%202014/0918.pdf HTTP/1.1" 200 660827
163.172.66.168 - - [18/Jan/2017:03:56:10 -0500] "GET /BLA/resoluciones/AUTOS%202006/AUTOS%202006%201101-1200/00001140.tif HTTP/1.1" 200 85776
66.249.66.175 - - [18/Jan/2017:03:56:38 -0500] "GET /BLA/resoluciones/AUTOS%202014/4436.pdf HTTP/1.1" 200 462626
66.249.66.175 - - [18/Jan/2017:03:57:14 -0500] "GET /BLA/resoluciones/AUTOS%202007/1585.pdf HTTP/1.1" 200 29643
66.249.66.178 - - [18/Jan/2017:03:57:33 -0500] "GET /BLA/resoluciones/AUTOS%202013/3571.pdf HTTP/1.1" 200 395773
