201.245.192.253 - - [03/Feb/2017:03:16:44 -0500] "GET /galeria/nivo-slider/demo/undefined HTTP/1.1" 404 1314
66.249.64.55 - - [03/Feb/2017:03:16:55 -0500] "GET /resoluciones/RESOLUCIONES%202009/0192.pdf HTTP/1.1" 404 1018
192.168.175.104 - - [03/Feb/2017:03:17:01 -0500] "GET / HTTP/1.1" 200 9990
66.249.64.43 - - [03/Feb/2017:03:17:50 -0500] "GET /PruebasSTORM/StormSDA_pruebas/user.jpg HTTP/1.1" 200 1726
207.46.13.6 - - [03/Feb/2017:03:18:05 -0500] "GET /dama/libreria/php/decide.php?patron=03.19 HTTP/1.1" 404 1015
201.245.192.253 - - [03/Feb/2017:03:18:14 -0500] "GET /galeria/nivo-slider/demo/undefined HTTP/1.1" 404 1314
163.172.65.118 - - [03/Feb/2017:03:18:26 -0500] "GET /BLA/resoluciones/RESOLUCIONES%202004/RES%202004%20401-450/00000421.tif HTTP/1.1" 200 214208
192.168.175.104 - - [03/Feb/2017:03:18:27 -0500] "GET / HTTP/1.0" 200 9990
163.172.64.241 - - [03/Feb/2017:03:18:42 -0500] "GET /BLA/resoluciones/RESOLUCIONES%202004/RES%202004%201601-1650/00001609.tif HTTP/1.1" 200 25098
66.249.64.55 - - [03/Feb/2017:03:19:00 -0500] "GET /POT-2013/SEGUIMIENTO/Microsoft%20Word%20-%20seguimiento_evaluacion%20POT%20Oct%2029.doc.pdf HTTP/1.1" 200 791863
66.249.64.44 - - [03/Feb/2017:03:19:02 -0500] "GET /portel_dama/libreria/php/2006/restauracion/22_proye/xtras_in/3a.pdf HTTP/1.1" 404 1018
201.245.192.253 - - [03/Feb/2017:03:19:14 -0500] "GET /galeria/nivo-slider/demo/undefined HTTP/1.1" 404 1314
192.168.175.104 - - [03/Feb/2017:03:20:13 -0500] "GET / HTTP/1.1" 200 9990
69.162.124.233 - - [03/Feb/2017:03:20:18 -0500] "HEAD / HTTP/1.1" 200 -
163.172.64.182 - - [03/Feb/2017:03:20:19 -0500] "GET /BLA/resoluciones/RESOLUCIONES%202006/RES%202006%201751-1800/00001787.tif HTTP/1.1" 200 134748
66.249.64.53 - - [03/Feb/2017:03:20:27 -0500] "GET /BLA/resoluciones/RESOLUCIONES%202011/2645.pdf HTTP/1.1" 200 278564
180.76.15.26 - - [03/Feb/2017:03:20:36 -0500] "GET / HTTP/1.1" 200 9990
163.172.66.136 - - [03/Feb/2017:03:20:41 -0500] "GET /BLA/resoluciones/RESOLUCIONES%202004/RES%202004%201401-1450/00001402.tif HTTP/1.1" 200 224874
66.249.64.51 - - [03/Feb/2017:03:20:43 -0500] "GET /BLA/resoluciones/RESOLUCIONES%202011/3906.pdf HTTP/1.1" 200 534505
201.245.192.253 - - [03/Feb/2017:03:20:45 -0500] "GET /galeria/nivo-slider/demo/undefined HTTP/1.1" 404 1314
66.249.64.51 - - [03/Feb/2017:03:20:53 -0500] "GET /BLA/resoluciones/AUTOS%202014/3799.pdf HTTP/1.1" 200 554493
180.76.15.34 - - [03/Feb/2017:03:21:07 -0500] "GET / HTTP/1.1" 200 9990
201.245.192.253 - - [03/Feb/2017:03:21:45 -0500] "GET /galeria/nivo-slider/demo/undefined HTTP/1.1" 404 1314
192.168.175.104 - - [03/Feb/2017:03:21:59 -0500] "GET / HTTP/1.1" 200 9990
66.249.64.51 - - [03/Feb/2017:03:22:03 -0500] "GET /resoluciones/RESOLUCIONES%202009/0584.pdf HTTP/1.1" 404 1018
163.172.65.241 - - [03/Feb/2017:03:22:04 -0500] "GET /BLA/resoluciones/index.php?dir=RESOLUCIONES+2006%2FRES+2006+801-850%2F HTTP/1.1" 200 12230
66.249.64.43 - - [03/Feb/2017:03:22:33 -0500] "GET /Anexos%20estudio%20Organizacional%20SDA/dlf/pdf.gif HTTP/1.1" 200 272
186.82.184.246 - - [03/Feb/2017:03:23:02 -0500] "GET /galeria/galeria/jquery.fancybox.css?v=2.1.5 HTTP/1.1" 200 4895
186.82.184.246 - - [03/Feb/2017:03:23:02 -0500] "GET /galeria/galeria/jquery.fancybox.js?v=2.1.5 HTTP/1.1" 200 48706
186.82.184.246 - - [03/Feb/2017:03:23:02 -0500] "GET /BLA/boletinlegal/js/jquery.scrollShow.js HTTP/1.1" 200 4586
186.82.184.246 - - [03/Feb/2017:03:23:04 -0500] "GET /BLA/boletinlegal/js/jquery.scrollShow.js HTTP/1.1" 304 -
186.82.184.246 - - [03/Feb/2017:03:23:04 -0500] "GET /galeria/galeria/jquery.fancybox.js?v=2.1.5 HTTP/1.1" 304 -
186.82.184.246 - - [03/Feb/2017:03:23:04 -0500] "GET /galeria/galeria/jquery.fancybox.css?v=2.1.5 HTTP/1.1" 304 -
201.245.192.253 - - [03/Feb/2017:03:23:16 -0500] "GET /galeria/nivo-slider/demo/undefined HTTP/1.1" 404 1314
192.168.175.104 - - [03/Feb/2017:03:23:25 -0500] "GET / HTTP/1.0" 200 9990
66.249.64.53 - - [03/Feb/2017:03:23:44 -0500] "GET /BLA/resoluciones/RESOLUCIONES%202007/RES%202007%20101%20AL%20200/RESOLUCION%200110%20%20DE%202007.pdf HTTP/1.1" 200 1605474
66.249.64.53 - - [03/Feb/2017:03:23:59 -0500] "GET /BLA/resoluciones/RESOLUCIONES%202011/2352.pdf HTTP/1.1" 200 537734
201.245.192.253 - - [03/Feb/2017:03:24:16 -0500] "GET /galeria/nivo-slider/demo/undefined HTTP/1.1" 404 1314
66.249.64.53 - - [03/Feb/2017:03:24:51 -0500] "GET /BLA/resoluciones/RESOLUCIONES%202007/RES%202007%202201%20AL%202300/RESOLUCION%202237%20DE%202007.pdf HTTP/1.1" 200 509414
163.172.66.161 - - [03/Feb/2017:03:24:57 -0500] "GET /BLA/resoluciones/RESOLUCIONES%202006/RES%202006%201251-1300/00001251.tif HTTP/1.1" 200 126644
66.249.64.55 - - [03/Feb/2017:03:25:06 -0500] "GET /BLA/resoluciones/AUTOS%202007/0415.pdf HTTP/1.1" 200 59347
192.168.175.104 - - [03/Feb/2017:03:25:11 -0500] "GET / HTTP/1.1" 200 9990
69.162.124.233 - - [03/Feb/2017:03:25:18 -0500] "HEAD / HTTP/1.1" 200 -
181.49.73.157 - - [03/Feb/2017:03:25:41 -0500] "GET /BLA/boletinlegal/style.css HTTP/1.1" 200 9406
181.49.73.157 - - [03/Feb/2017:03:25:41 -0500] "GET /BLA/boletinlegal/js/jquery.js HTTP/1.1" 200 57254
181.49.73.157 - - [03/Feb/2017:03:25:41 -0500] "GET /BLA/boletinlegal/js/jquery.scrollShow.js HTTP/1.1" 200 4586
181.49.73.157 - - [03/Feb/2017:03:25:41 -0500] "GET /BLA/boletinlegal/styles2.css HTTP/1.1" 200 1838
181.49.73.157 - - [03/Feb/2017:03:25:42 -0500] "GET /BLA/boletinlegal/js/jquery.scrollTo-min.js HTTP/1.1" 200 1150
181.49.73.157 - - [03/Feb/2017:03:25:42 -0500] "GET /BLA/boletinlegal/images/cabezote%20BLEGAL.jpg HTTP/1.1" 200 118164
181.49.73.157 - - [03/Feb/2017:03:25:42 -0500] "GET /BLA/boletinlegal/images/subscribe-icon-big.png HTTP/1.1" 200 47702
181.49.73.157 - - [03/Feb/2017:03:25:42 -0500] "GET /BLA/boletinlegal/images/historia.png HTTP/1.1" 200 52775
181.49.73.157 - - [03/Feb/2017:03:25:42 -0500] "GET /BLA/boletinlegal/images/registro-usuarios.png HTTP/1.1" 200 8106
181.49.73.157 - - [03/Feb/2017:03:25:43 -0500] "GET /BLA/boletinlegal/images/arr_l.jpg HTTP/1.1" 200 1979
181.49.73.157 - - [03/Feb/2017:03:25:43 -0500] "GET /BLA/boletinlegal/images/screen_1.png HTTP/1.1" 200 202547
181.49.73.157 - - [03/Feb/2017:03:25:43 -0500] "GET /BLA/boletinlegal/images/launch.jpg HTTP/1.1" 200 14577
201.245.192.253 - - [03/Feb/2017:03:25:46 -0500] "GET /galeria/nivo-slider/demo/undefined HTTP/1.1" 404 1314
181.49.73.157 - - [03/Feb/2017:03:25:47 -0500] "GET /BLA/boletinlegal/images/body_bg.jpg HTTP/1.1" 200 1601
181.49.73.157 - - [03/Feb/2017:03:25:47 -0500] "GET /BLA/boletinlegal/images/menu_lft.gif HTTP/1.1" 200 1713
181.49.73.157 - - [03/Feb/2017:03:25:47 -0500] "GET /BLA/boletinlegal/images/menu_bg.jpg HTTP/1.1" 200 620
181.49.73.157 - - [03/Feb/2017:03:25:47 -0500] "GET /BLA/boletinlegal/images/menu_rght.gif HTTP/1.1" 200 1627
181.49.73.157 - - [03/Feb/2017:03:25:47 -0500] "GET /BLA/boletinlegal/images/bg_top.jpg HTTP/1.1" 200 522
181.49.73.157 - - [03/Feb/2017:03:25:47 -0500] "GET /BLA/boletinlegal/images/hover.jpg HTTP/1.1" 200 640
181.49.73.157 - - [03/Feb/2017:03:25:47 -0500] "GET /BLA/boletinlegal/images/text.jpg HTTP/1.1" 200 568
181.49.73.157 - - [03/Feb/2017:03:25:48 -0500] "GET /BLA/boletinlegal/images/screen_3.png HTTP/1.1" 200 210620
181.49.73.157 - - [03/Feb/2017:03:25:48 -0500] "GET /BLA/boletinlegal/images/screen_2.png HTTP/1.1" 200 362502
181.49.73.157 - - [03/Feb/2017:03:25:48 -0500] "GET /BLA/boletinlegal/images/screen_5.png HTTP/1.1" 200 368876
181.49.73.157 - - [03/Feb/2017:03:25:48 -0500] "GET /BLA/boletinlegal/images/footer_bg.jpg HTTP/1.1" 200 586
181.49.73.157 - - [03/Feb/2017:03:25:48 -0500] "GET /BLA/boletinlegal/images/arr_r.jpg HTTP/1.1" 200 1998
181.49.73.157 - - [03/Feb/2017:03:25:55 -0500] "GET /BLA/boletinlegal/images/pdf.gif HTTP/1.1" 200 567
181.49.73.157 - - [03/Feb/2017:03:25:55 -0500] "GET /BLA/boletinlegal/images/background.gif HTTP/1.1" 200 -
181.49.73.157 - - [03/Feb/2017:03:26:27 -0500] "GET /BLA/boletinlegal/actos.php HTTP/1.1" 200 8698
181.49.73.157 - - [03/Feb/2017:03:26:27 -0500] "GET /BLA/boletinlegal/js/ajax_actos.js HTTP/1.1" 200 1322
181.49.73.157 - - [03/Feb/2017:03:26:27 -0500] "GET /BLA/boletinlegal/niceforms.js HTTP/1.1" 200 22876
181.49.73.157 - - [03/Feb/2017:03:26:27 -0500] "GET /BLA/boletinlegal/js/popup.js HTTP/1.1" 200 1270
181.49.73.157 - - [03/Feb/2017:03:26:27 -0500] "GET /BLA/boletinlegal/js/lib.js HTTP/1.1" 200 6474
181.49.73.157 - - [03/Feb/2017:03:26:27 -0500] "GET /BLA/boletinlegal/niceforms-default.css HTTP/1.1" 200 6694
181.49.73.157 - - [03/Feb/2017:03:26:28 -0500] "GET /BLA/boletinlegal/js/jquery1.js HTTP/1.1" 200 29846
181.49.73.157 - - [03/Feb/2017:03:26:29 -0500] "GET /BLA/boletinlegal/images/abajo.png HTTP/1.1" 200 96676
181.49.73.157 - - [03/Feb/2017:03:26:29 -0500] "GET /BLA/boletinlegal/images/tel.png HTTP/1.1" 200 14477
181.49.73.157 - - [03/Feb/2017:03:26:29 -0500] "GET /BLA/boletinlegal/images/green-yellow-blue-pink-th.png HTTP/1.1" 200 7394
181.49.73.157 - - [03/Feb/2017:03:26:29 -0500] "GET /BLA/boletinlegal/images/icono-email.png HTTP/1.1" 200 5544
181.49.73.157 - - [03/Feb/2017:03:25:41 -0500] "GET /BLA/boletinlegal/ HTTP/1.1" 200 40907
181.49.73.157 - - [03/Feb/2017:03:26:32 -0500] "GET /BLA/boletinlegal/images/footer_bg_l.jpg HTTP/1.1" 200 776
181.49.73.157 - - [03/Feb/2017:03:26:32 -0500] "GET /BLA/boletinlegal/img/0.png HTTP/1.1" 200 110
181.49.73.157 - - [03/Feb/2017:03:26:32 -0500] "GET /BLA/boletinlegal/img/select-left.png HTTP/1.1" 200 263
181.49.73.157 - - [03/Feb/2017:03:26:32 -0500] "GET /BLA/boletinlegal/img/select-right.png HTTP/1.1" 200 44019
181.49.73.157 - - [03/Feb/2017:03:26:32 -0500] "GET /BLA/boletinlegal/img/button.png HTTP/1.1" 200 43241
181.49.73.157 - - [03/Feb/2017:03:26:32 -0500] "GET /BLA/boletinlegal/img/button-right.png HTTP/1.1" 200 57878
181.49.73.157 - - [03/Feb/2017:03:26:32 -0500] "GET /BLA/boletinlegal/img/button-left.png HTTP/1.1" 200 57071
181.49.73.157 - - [03/Feb/2017:03:26:33 -0500] "GET /favicon.ico HTTP/1.1" 200 7782
66.249.64.51 - - [03/Feb/2017:03:26:33 -0500] "GET /BLA/resoluciones/RESOLUCIONES%202011/3348.pdf HTTP/1.1" 200 371039
201.245.192.253 - - [03/Feb/2017:03:26:47 -0500] "GET /galeria/nivo-slider/demo/undefined HTTP/1.1" 404 1314
66.249.64.51 - - [03/Feb/2017:03:26:56 -0500] "GET /BLA/resoluciones/AUTOS%202015/3352.pdf HTTP/1.1" 200 494476
192.168.175.104 - - [03/Feb/2017:03:26:56 -0500] "GET / HTTP/1.1" 200 9990
66.249.64.53 - - [03/Feb/2017:03:27:10 -0500] "GET /BLA/resoluciones/RESOLUCIONES%202007/RES%202007%20101%20AL%20200/RESOLUCION%200110%20%20DE%202007.pdf HTTP/1.1" 200 1605474
66.249.64.59 - - [03/Feb/2017:03:27:16 -0500] "GET /Anexos%20estudio%20Organizacional%20SDA/ANEXO%20No.%201-%20NORMAS%20LEGALES%20DE%20ESTRUCTURA%20Y%20PLANTA/Decreto%20308%20de%202001%20-%20Modifica%20estructura%20del%20DAMA.jsp_files/play.png HTTP/1.1" 200 1218
66.249.64.53 - - [03/Feb/2017:03:27:40 -0500] "GET /BLA/resoluciones/RESOLUCIONES%202011/2220.pdf HTTP/1.1" 200 548468
66.249.64.51 - - [03/Feb/2017:03:27:53 -0500] "GET /BLA/resoluciones/RESOLUCIONES%202011/2628.pdf HTTP/1.1" 200 747443
201.245.192.253 - - [03/Feb/2017:03:28:17 -0500] "GET /galeria/nivo-slider/demo/undefined HTTP/1.1" 404 1314
192.168.175.104 - - [03/Feb/2017:03:28:23 -0500] "GET / HTTP/1.0" 200 9990
40.77.167.27 - - [03/Feb/2017:03:28:23 -0500] "GET /BLA/boletinlegal/js/jquery.js HTTP/1.1" 200 57254
40.77.167.27 - - [03/Feb/2017:03:28:25 -0500] "GET /BLA/boletinlegal/js/jquery.scrollShow.js HTTP/1.1" 200 4586
40.77.167.27 - - [03/Feb/2017:03:28:25 -0500] "GET /BLA/boletinlegal/js/jquery.scrollTo-min.js HTTP/1.1" 200 1150
201.245.192.253 - - [03/Feb/2017:03:29:18 -0500] "GET /galeria/nivo-slider/demo/undefined HTTP/1.1" 404 1314
66.249.64.55 - - [03/Feb/2017:03:29:22 -0500] "GET /BLA/resoluciones/RESOLUCIONES%202007/RES%202007%20201%20AL%20300/RESOLUCION%200295%20DE%202007.pdf HTTP/1.1" 200 464176
66.249.64.51 - - [03/Feb/2017:03:29:25 -0500] "GET /BLA/resoluciones/RESOLUCIONES%202011/6323.pdf HTTP/1.1" 200 303578
66.249.64.51 - - [03/Feb/2017:03:29:27 -0500] "GET /BLA/resoluciones/RESOLUCIONES%202011/5019.pdf HTTP/1.1" 200 781030
66.249.64.55 - - [03/Feb/2017:03:29:33 -0500] "GET /portel_dama/libreria/php/2006/ECOSISTEMAS%20FINAL%20web_mz27/x%20restauracion/sitio/22_proye/xtras_in/cni_3.pdf HTTP/1.1" 404 1018
66.249.64.53 - - [03/Feb/2017:03:29:48 -0500] "GET /BLA/resoluciones/RESOLUCIONES%202011/6757.pdf HTTP/1.1" 200 497898
192.168.175.104 - - [03/Feb/2017:03:30:09 -0500] "GET / HTTP/1.1" 200 9990
69.162.124.233 - - [03/Feb/2017:03:30:18 -0500] "HEAD / HTTP/1.1" 200 -
180.76.15.140 - - [03/Feb/2017:03:30:26 -0500] "GET / HTTP/1.1" 301 324
66.249.64.55 - - [03/Feb/2017:03:30:33 -0500] "GET /BLA/resoluciones/AUTOS%202009/0643.pdf HTTP/1.1" 200 106751
66.249.64.53 - - [03/Feb/2017:03:30:39 -0500] "GET /BLA/resoluciones/Autos%202008/3352.pdf HTTP/1.1" 200 71966
201.245.192.253 - - [03/Feb/2017:03:30:48 -0500] "GET /galeria/nivo-slider/demo/undefined HTTP/1.1" 404 1314
66.249.64.51 - - [03/Feb/2017:03:31:15 -0500] "GET /BLA/resoluciones/RESOLUCIONES%202011/2543.pdf HTTP/1.1" 200 725646
66.249.64.51 - - [03/Feb/2017:03:31:41 -0500] "GET /resoluciones/RESOLUCIONES%202008/3449.pdf HTTP/1.1" 404 1018
201.245.192.253 - - [03/Feb/2017:03:31:48 -0500] "GET /galeria/nivo-slider/demo/undefined HTTP/1.1" 404 1314
192.168.175.104 - - [03/Feb/2017:03:31:54 -0500] "GET / HTTP/1.1" 200 9990
66.249.64.53 - - [03/Feb/2017:03:31:59 -0500] "GET /PORTAL_SIAC/swf/videos/SDA.jpg HTTP/1.1" 200 7806
163.172.65.239 - - [03/Feb/2017:03:32:01 -0500] "GET /BLA/resoluciones/AUTOS%202006/AUTOS%202006%201201-1300/00001285.tif HTTP/1.1" 200 57080
66.249.64.41 - - [03/Feb/2017:03:32:58 -0500] "GET /phylum/Phylum3/pyl3_3.htm HTTP/1.1" 404 1019
201.245.192.253 - - [03/Feb/2017:03:33:19 -0500] "GET /galeria/nivo-slider/demo/undefined HTTP/1.1" 404 1314
192.168.175.104 - - [03/Feb/2017:03:33:21 -0500] "GET / HTTP/1.0" 200 9990
66.249.64.51 - - [03/Feb/2017:03:33:36 -0500] "GET /BLA/resoluciones/RESOLUCIONES%202007/RES%202007%201501%20AL%201600/RESOLUCION%201562%20DE%202007.pdf HTTP/1.1" 200 221241
66.249.64.51 - - [03/Feb/2017:03:33:40 -0500] "GET /BLA/resoluciones/RESOLUCIONES%202011/1496.pdf HTTP/1.1" 200 269549
66.249.64.51 - - [03/Feb/2017:03:33:50 -0500] "GET /BLA/resoluciones/RESOLUCIONES%202011/4296.pdf HTTP/1.1" 200 2180459
66.249.64.51 - - [03/Feb/2017:03:33:59 -0500] "GET /BLA/resoluciones/RESOLUCIONES%202011/2353.pdf HTTP/1.1" 200 523143
66.249.64.51 - - [03/Feb/2017:03:34:01 -0500] "GET /resoluciones/RESOLUCIONES%202009/1330.pdf HTTP/1.1" 404 1018
66.249.64.53 - - [03/Feb/2017:03:34:13 -0500] "GET /BLA/resoluciones/RESOLUCIONES%202011/1781.pdf HTTP/1.1" 200 434726
201.245.192.253 - - [03/Feb/2017:03:34:19 -0500] "GET /galeria/nivo-slider/demo/undefined HTTP/1.1" 404 1314
66.249.64.51 - - [03/Feb/2017:03:34:20 -0500] "GET /resoluciones/RESOLUCIONES%202008/2736.pdf HTTP/1.1" 404 1018
66.249.64.55 - - [03/Feb/2017:03:34:56 -0500] "GET /BLA/resoluciones/RESOLUCIONES%202011/2125.pdf HTTP/1.1" 200 553996
192.168.175.104 - - [03/Feb/2017:03:35:08 -0500] "GET / HTTP/1.1" 200 9990
69.162.124.233 - - [03/Feb/2017:03:35:18 -0500] "HEAD / HTTP/1.1" 200 -
66.249.64.44 - - [03/Feb/2017:03:35:22 -0500] "GET /portel_dama/libreria/php/2006/ECOSISTEMAS%20FINAL%20web_mz27/restauracion/sitio/22_proye/xtras_in/2a.pdf HTTP/1.1" 404 1018
66.249.64.51 - - [03/Feb/2017:03:35:25 -0500] "GET /BLA/resoluciones/RESOLUCIONES%202011/1565.pdf HTTP/1.1" 200 385376
66.249.64.53 - - [03/Feb/2017:03:35:35 -0500] "GET /BLA/resoluciones/RESOLUCIONES%202011/2188.pdf HTTP/1.1" 200 759697
201.245.192.253 - - [03/Feb/2017:03:35:50 -0500] "GET /galeria/nivo-slider/demo/undefined HTTP/1.1" 404 1314
66.249.64.51 - - [03/Feb/2017:03:35:58 -0500] "GET /BLA/resoluciones/RESOLUCIONES%202011/2614.pdf HTTP/1.1" 200 761436
66.249.64.53 - - [03/Feb/2017:03:36:06 -0500] "GET /BLA/resoluciones/AUTOS%202015/2337.pdf HTTP/1.1" 200 764324
163.172.65.23 - - [03/Feb/2017:03:36:15 -0500] "GET /BLA/resoluciones/RESOLUCIONES%202005/RES%202005%203001-3050/00003027.tif HTTP/1.1" 200 90378
66.249.64.51 - - [03/Feb/2017:03:36:42 -0500] "GET /PORTAL_SIAC/swf/videos/Tomamos.jpg HTTP/1.1" 200 41626
201.245.192.253 - - [03/Feb/2017:03:36:50 -0500] "GET /galeria/nivo-slider/demo/undefined HTTP/1.1" 404 1314
192.168.175.104 - - [03/Feb/2017:03:36:53 -0500] "GET / HTTP/1.1" 200 9990
66.249.64.51 - - [03/Feb/2017:03:37:46 -0500] "GET /BLA/resoluciones/RESOLUCIONES%202011/2352.pdf HTTP/1.1" 200 537734
66.249.64.94 - - [03/Feb/2017:03:37:48 -0500] "GET /robots.txt HTTP/1.1" 404 1034
66.249.64.90 - - [03/Feb/2017:03:37:54 -0500] "GET /.well-known/assetlinks.json HTTP/1.1" 404 1034
66.249.64.51 - - [03/Feb/2017:03:37:59 -0500] "GET /BLA/resoluciones/RESOLUCIONES%202011/5454.pdf HTTP/1.1" 200 580734
163.172.66.114 - - [03/Feb/2017:03:38:15 -0500] "GET /BLA/resoluciones/RESOLUCIONES%202003/RES%202003%20751-800/779.tif HTTP/1.1" 200 217948
192.168.175.104 - - [03/Feb/2017:03:38:19 -0500] "GET / HTTP/1.0" 200 9990
201.245.192.253 - - [03/Feb/2017:03:38:21 -0500] "GET /galeria/nivo-slider/demo/undefined HTTP/1.1" 404 1314
66.249.64.51 - - [03/Feb/2017:03:38:26 -0500] "GET /BLA/resoluciones/RESOLUCIONES%202011/1635.pdf HTTP/1.1" 200 423452
190.243.92.47 - - [03/Feb/2017:03:38:33 -0500] "GET /BLA/boletinlegal/js/jquery.scrollShow.js HTTP/1.1" 200 4586
190.243.92.47 - - [03/Feb/2017:03:38:34 -0500] "GET /galeria/galeria/jquery.fancybox.js?v=2.1.5 HTTP/1.1" 200 48706
190.243.92.47 - - [03/Feb/2017:03:38:34 -0500] "GET /galeria/galeria/jquery.fancybox.css?v=2.1.5 HTTP/1.1" 200 4895
190.243.92.47 - - [03/Feb/2017:03:38:34 -0500] "GET /galeria/carrusel/Carrusel/jquery.thumbnailScroller.css HTTP/1.1" 200 2066
190.243.92.47 - - [03/Feb/2017:03:38:35 -0500] "GET /galeria/carrusel/Carrusel/jquery-ui-1.8.13.custom.min.js HTTP/1.1" 200 10800
190.243.92.47 - - [03/Feb/2017:03:38:35 -0500] "GET /galeria/carrusel/Carrusel/jquery.thumbnailScroller.js HTTP/1.1" 200 8157
190.243.92.47 - - [03/Feb/2017:03:38:35 -0500] "GET /galeria/nivo-slider/demo/demo.html HTTP/1.1" 200 3403
190.243.92.47 - - [03/Feb/2017:03:38:35 -0500] "GET /galeria/nivo-slider/themes/default/default.css HTTP/1.1" 200 1569
190.243.92.47 - - [03/Feb/2017:03:38:35 -0500] "GET /galeria/nivo-slider/themes/orman/orman.css HTTP/1.1" 200 2152
190.243.92.47 - - [03/Feb/2017:03:38:35 -0500] "GET /galeria/nivo-slider/themes/pascal/pascal.css HTTP/1.1" 200 2258
190.243.92.47 - - [03/Feb/2017:03:38:35 -0500] "GET /galeria/nivo-slider/nivo-slider.css HTTP/1.1" 200 1507
190.243.92.47 - - [03/Feb/2017:03:38:35 -0500] "GET /galeria/nivo-slider/demo/style.css HTTP/1.1" 200 2222
190.243.92.47 - - [03/Feb/2017:03:38:35 -0500] "GET /galeria/nivo-slider/demo/scripts/jquery-1.7.1.min.js HTTP/1.1" 200 93868
190.243.92.47 - - [03/Feb/2017:03:38:36 -0500] "GET /galeria/nivo-slider/jquery.nivo.slider.pack.js HTTP/1.1" 200 11561
190.243.92.47 - - [03/Feb/2017:03:38:36 -0500] "GET /galeria/nivo-slider/demo/images/Bannerdiadeloshumedales2.jpg HTTP/1.1" 200 96153
190.243.92.47 - - [03/Feb/2017:03:38:36 -0500] "GET /galeria/nivo-slider/demo/images/banner%20caminatasecologicas.jpg HTTP/1.1" 200 293160
190.243.92.47 - - [03/Feb/2017:03:38:36 -0500] "GET /galeria/nivo-slider/demo/images/banner%20DIA%20SIN%20CARRO.jpg HTTP/1.1" 200 170112
190.243.92.47 - - [03/Feb/2017:03:38:36 -0500] "GET /galeria/nivo-slider/demo/images/pieza%20webtinguas.jpg HTTP/1.1" 200 175651
190.243.92.47 - - [03/Feb/2017:03:38:36 -0500] "GET /galeria/nivo-slider/themes/default/loading.gif HTTP/1.1" 200 1737
190.243.92.47 - - [03/Feb/2017:03:38:36 -0500] "GET /galeria/nivo-slider/demo/images/4Simple_Slider.png HTTP/1.1" 200 11722
190.243.92.47 - - [03/Feb/2017:03:38:36 -0500] "GET /galeria/nivo-slider/demo/images/BANNERARBOLES.jpg HTTP/1.1" 200 227630
190.243.92.47 - - [03/Feb/2017:03:38:36 -0500] "GET /galeria/nivo-slider/demo/images/ACOPIADORESYGESTORES.jpg HTTP/1.1" 200 118791
190.243.92.47 - - [03/Feb/2017:03:38:36 -0500] "GET /galeria/nivo-slider/demo/images/bannergestionambiental2.jpg HTTP/1.1" 200 245647
190.243.92.47 - - [03/Feb/2017:03:38:36 -0500] "GET /galeria/nivo-slider/demo/images/vegetal.jpg HTTP/1.1" 200 216080
190.243.92.47 - - [03/Feb/2017:03:38:37 -0500] "GET /galeria/nivo-slider/demo/images/Ruta-vertimientos-01.jpg HTTP/1.1" 200 130151
190.243.92.47 - - [03/Feb/2017:03:38:37 -0500] "GET /galeria/nivo-slider/demo/images/bolsas-06.jpg HTTP/1.1" 200 210950
190.243.92.47 - - [03/Feb/2017:03:38:39 -0500] "GET /galeria/nivo-slider/themes/default/bullets.png HTTP/1.1" 200 1281
190.243.92.47 - - [03/Feb/2017:03:38:43 -0500] "GET /galeria/nivo-slider/themes/default/arrows.png HTTP/1.1" 200 824
66.249.64.43 - - [03/Feb/2017:03:39:01 -0500] "GET / HTTP/1.1" 200 9990
201.245.192.253 - - [03/Feb/2017:03:39:21 -0500] "GET /galeria/nivo-slider/demo/undefined HTTP/1.1" 404 1314
66.249.64.51 - - [03/Feb/2017:03:39:22 -0500] "GET /BLA/resoluciones/AUTOS%202007/3425.pdf HTTP/1.1" 200 164243
190.243.92.47 - - [03/Feb/2017:03:39:32 -0500] "GET /galeria/galeria/jquery.fancybox.css?v=2.1.5 HTTP/1.1" 304 -
190.243.92.47 - - [03/Feb/2017:03:39:32 -0500] "GET /BLA/boletinlegal/js/jquery.scrollShow.js HTTP/1.1" 304 -
190.243.92.47 - - [03/Feb/2017:03:39:32 -0500] "GET /galeria/galeria/jquery.fancybox.js?v=2.1.5 HTTP/1.1" 304 -
66.249.64.51 - - [03/Feb/2017:03:39:34 -0500] "GET /BLA/resoluciones/RESOLUCIONES%202011/3500.pdf HTTP/1.1" 200 445209
192.168.175.104 - - [03/Feb/2017:03:40:05 -0500] "GET / HTTP/1.1" 200 9990
66.249.64.63 - - [03/Feb/2017:03:40:13 -0500] "GET / HTTP/1.1" 200 9990
69.162.124.233 - - [03/Feb/2017:03:40:18 -0500] "HEAD / HTTP/1.1" 200 -
66.249.64.51 - - [03/Feb/2017:03:40:31 -0500] "GET /BLA/resoluciones/AUTOS%202007/0125.pdf HTTP/1.1" 200 45915
201.245.192.253 - - [03/Feb/2017:03:40:51 -0500] "GET /galeria/nivo-slider/demo/undefined HTTP/1.1" 404 1314
66.249.64.61 - - [03/Feb/2017:03:41:25 -0500] "GET /galeria/nivo-slider/demo/images/bolsas-06.jpg HTTP/1.1" 200 210950
192.168.175.104 - - [03/Feb/2017:03:41:51 -0500] "GET / HTTP/1.1" 200 9990
201.245.192.253 - - [03/Feb/2017:03:41:52 -0500] "GET /galeria/nivo-slider/demo/undefined HTTP/1.1" 404 1314
66.249.64.53 - - [03/Feb/2017:03:42:13 -0500] "GET /BLA/resoluciones/RESOLUCIONES%202011/2522.pdf HTTP/1.1" 200 721817
66.249.64.55 - - [03/Feb/2017:03:42:15 -0500] "GET /BLA/resoluciones/RESOLUCIONES%202011/3246.pdf HTTP/1.1" 200 426227
66.249.64.53 - - [03/Feb/2017:03:42:18 -0500] "GET /BLA/resoluciones/RESOLUCIONES%202011/3471.pdf HTTP/1.1" 200 535192
66.249.64.51 - - [03/Feb/2017:03:42:31 -0500] "GET /BLA/resoluciones/RESOLUCIONES%202011/2211.pdf HTTP/1.1" 200 575910
163.172.64.177 - - [03/Feb/2017:03:42:35 -0500] "GET /BLA/resoluciones/RESOLUCIONES%202003/RES%202003%20901-950/901.tif HTTP/1.1" 200 299148
66.249.64.53 - - [03/Feb/2017:03:42:49 -0500] "GET /BLA/resoluciones/RESOLUCIONES%202011/3771.pdf HTTP/1.1" 200 355884
66.249.64.53 - - [03/Feb/2017:03:42:50 -0500] "GET /BLA/resoluciones/RESOLUCIONES%202007/RES%202007%203701%20AL%203800/RESOLUCION%203800%20DE%202007.pdf HTTP/1.1" 200 486730
66.249.64.94 - - [03/Feb/2017:03:43:03 -0500] "GET /apple-app-site-association HTTP/1.1" 404 1034
192.168.175.104 - - [03/Feb/2017:03:43:17 -0500] "GET / HTTP/1.0" 200 9990
201.245.192.253 - - [03/Feb/2017:03:43:22 -0500] "GET /galeria/nivo-slider/demo/undefined HTTP/1.1" 404 1314
66.249.64.51 - - [03/Feb/2017:03:43:40 -0500] "GET /BLA/resoluciones/RESOLUCIONES%202011/3649.pdf HTTP/1.1" 200 586159
66.249.64.55 - - [03/Feb/2017:03:43:59 -0500] "GET /BLA/resoluciones/RESOLUCIONES%202011/5289.pdf HTTP/1.1" 200 400394
66.249.64.51 - - [03/Feb/2017:03:44:15 -0500] "GET /BLA/resoluciones/RESOLUCIONES%202011/2218.pdf HTTP/1.1" 200 462791
201.245.192.253 - - [03/Feb/2017:03:44:23 -0500] "GET /galeria/nivo-slider/demo/undefined HTTP/1.1" 404 1314
163.172.66.93 - - [03/Feb/2017:03:44:29 -0500] "GET /BLA/resoluciones/RESOLUCIONES%202006/RES%202006%20%202901-2950/00002927.tif HTTP/1.1" 200 121670
66.249.64.51 - - [03/Feb/2017:03:44:43 -0500] "GET /BLA/resoluciones/RESOLUCIONES%202011/2893.pdf HTTP/1.1" 200 645772
66.249.64.51 - - [03/Feb/2017:03:44:44 -0500] "GET /BLA/resoluciones/RESOLUCIONES%202011/4399.pdf HTTP/1.1" 200 447177
66.249.64.53 - - [03/Feb/2017:03:44:56 -0500] "GET /BLA/resoluciones/RESOLUCIONES%202011/2348.pdf HTTP/1.1" 200 528724
192.168.175.104 - - [03/Feb/2017:03:45:04 -0500] "GET / HTTP/1.1" 200 9990
40.77.167.44 - - [03/Feb/2017:03:45:16 -0500] "GET /galeria/galeria/jquery.fancybox.js?v=2.1.5 HTTP/1.1" 200 48706
66.249.64.51 - - [03/Feb/2017:03:45:17 -0500] "GET /BLA/resoluciones/RESOLUCIONES%202011/5576.pdf HTTP/1.1" 200 456847
69.162.124.233 - - [03/Feb/2017:03:45:18 -0500] "HEAD / HTTP/1.1" 200 -
66.249.64.51 - - [03/Feb/2017:03:45:19 -0500] "GET /BLA/resoluciones/RESOLUCIONES%202011/0944.pdf HTTP/1.1" 200 559446
163.172.66.177 - - [03/Feb/2017:03:45:30 -0500] "GET /BLA/resoluciones/RESOLUCIONES%202006/RES%202006%201551-1600/00001557.tif HTTP/1.1" 200 176154
201.245.192.253 - - [03/Feb/2017:03:45:53 -0500] "GET /galeria/nivo-slider/demo/undefined HTTP/1.1" 404 1314
186.85.32.4 - - [03/Feb/2017:03:46:17 -0500] "GET /BLA/boletinlegal/js/jquery.scrollShow.js HTTP/1.1" 200 4586
186.85.32.4 - - [03/Feb/2017:03:46:17 -0500] "GET /galeria/galeria/jquery.fancybox.js?v=2.1.5 HTTP/1.1" 200 48706
186.85.32.4 - - [03/Feb/2017:03:46:17 -0500] "GET /galeria/galeria/jquery.fancybox.css?v=2.1.5 HTTP/1.1" 200 4895
186.85.32.4 - - [03/Feb/2017:03:46:18 -0500] "GET /galeria/carrusel/Carrusel/jquery.thumbnailScroller.css HTTP/1.1" 200 2066
186.85.32.4 - - [03/Feb/2017:03:46:18 -0500] "GET /galeria/carrusel/Carrusel/jquery-ui-1.8.13.custom.min.js HTTP/1.1" 200 10800
186.85.32.4 - - [03/Feb/2017:03:46:20 -0500] "GET /galeria/carrusel/Carrusel/jquery.thumbnailScroller.js HTTP/1.1" 200 8157
66.249.64.51 - - [03/Feb/2017:03:46:24 -0500] "GET /BLA/resoluciones/RESOLUCIONES%202011/6781.pdf HTTP/1.1" 200 705004
66.249.64.51 - - [03/Feb/2017:03:46:32 -0500] "GET /BLA/resoluciones/Autos%202008/0368.pdf HTTP/1.1" 200 151967
163.172.64.183 - - [03/Feb/2017:03:46:34 -0500] "GET /BLA/resoluciones/index.php?dir=RESOLUCIONES%202002/RES%202002%20251-300/&sort=size&order=asc HTTP/1.1" 200 12034
66.249.64.53 - - [03/Feb/2017:03:46:37 -0500] "GET /BLA/resoluciones/AUTOS%202014/3548.pdf HTTP/1.1" 200 259517
66.249.64.53 - - [03/Feb/2017:03:46:38 -0500] "GET /BLA/resoluciones/RESOLUCIONES%202011/2619.pdf HTTP/1.1" 200 747986
186.85.32.4 - - [03/Feb/2017:03:46:46 -0500] "GET /galeria/nivo-slider/demo/demo.html HTTP/1.1" 200 3403
186.85.32.4 - - [03/Feb/2017:03:46:47 -0500] "GET /galeria/nivo-slider/themes/pascal/pascal.css HTTP/1.1" 200 2258
186.85.32.4 - - [03/Feb/2017:03:46:47 -0500] "GET /galeria/nivo-slider/themes/default/default.css HTTP/1.1" 200 1569
186.85.32.4 - - [03/Feb/2017:03:46:47 -0500] "GET /galeria/nivo-slider/themes/orman/orman.css HTTP/1.1" 200 2152
186.85.32.4 - - [03/Feb/2017:03:46:47 -0500] "GET /galeria/nivo-slider/nivo-slider.css HTTP/1.1" 200 1507
186.85.32.4 - - [03/Feb/2017:03:46:47 -0500] "GET /galeria/nivo-slider/demo/scripts/jquery-1.7.1.min.js HTTP/1.1" 200 93868
186.85.32.4 - - [03/Feb/2017:03:46:47 -0500] "GET /galeria/nivo-slider/demo/style.css HTTP/1.1" 200 2222
186.85.32.4 - - [03/Feb/2017:03:46:47 -0500] "GET /galeria/nivo-slider/jquery.nivo.slider.pack.js HTTP/1.1" 200 11561
186.85.32.4 - - [03/Feb/2017:03:46:47 -0500] "GET /galeria/nivo-slider/demo/images/banner%20DIA%20SIN%20CARRO.jpg HTTP/1.1" 200 170112
186.85.32.4 - - [03/Feb/2017:03:46:47 -0500] "GET /galeria/nivo-slider/demo/images/Bannerdiadeloshumedales2.jpg HTTP/1.1" 200 96153
186.85.32.4 - - [03/Feb/2017:03:46:47 -0500] "GET /galeria/nivo-slider/demo/images/banner%20caminatasecologicas.jpg HTTP/1.1" 200 293160
66.249.64.51 - - [03/Feb/2017:03:46:47 -0500] "GET /BLA/resoluciones/RESOLUCIONES%202011/4248.pdf HTTP/1.1" 200 439980
186.85.32.4 - - [03/Feb/2017:03:46:48 -0500] "GET /galeria/nivo-slider/themes/default/loading.gif HTTP/1.1" 200 1737
186.85.32.4 - - [03/Feb/2017:03:46:48 -0500] "GET /galeria/nivo-slider/demo/images/4Simple_Slider.png HTTP/1.1" 200 11722
186.85.32.4 - - [03/Feb/2017:03:46:48 -0500] "GET /galeria/nivo-slider/demo/images/pieza%20webtinguas.jpg HTTP/1.1" 200 175651
66.249.64.53 - - [03/Feb/2017:03:46:48 -0500] "GET /BLA/resoluciones/RESOLUCIONES%202011/2231.pdf HTTP/1.1" 200 546448
192.168.175.104 - - [03/Feb/2017:03:46:48 -0500] "GET / HTTP/1.1" 200 9990
186.85.32.4 - - [03/Feb/2017:03:46:49 -0500] "GET /galeria/nivo-slider/demo/images/BANNERARBOLES.jpg HTTP/1.1" 200 227630
66.249.64.51 - - [03/Feb/2017:03:46:50 -0500] "GET /BLA/resoluciones/Autos%202008/2857.pdf HTTP/1.1" 200 78767
186.85.32.4 - - [03/Feb/2017:03:46:50 -0500] "GET /galeria/nivo-slider/demo/images/ACOPIADORESYGESTORES.jpg HTTP/1.1" 200 118791
186.85.32.4 - - [03/Feb/2017:03:46:50 -0500] "GET /galeria/nivo-slider/demo/images/bannergestionambiental2.jpg HTTP/1.1" 200 245647
186.85.32.4 - - [03/Feb/2017:03:46:50 -0500] "GET /galeria/nivo-slider/demo/images/vegetal.jpg HTTP/1.1" 200 216080
66.249.64.55 - - [03/Feb/2017:03:46:51 -0500] "GET /BLA/resoluciones/RESOLUCIONES%202011/2580.pdf HTTP/1.1" 200 760745
186.85.32.4 - - [03/Feb/2017:03:46:51 -0500] "GET /galeria/nivo-slider/demo/images/Ruta-vertimientos-01.jpg HTTP/1.1" 200 130151
186.85.32.4 - - [03/Feb/2017:03:46:52 -0500] "GET /galeria/nivo-slider/demo/images/bolsas-06.jpg HTTP/1.1" 200 210950
201.245.192.253 - - [03/Feb/2017:03:46:54 -0500] "GET /galeria/nivo-slider/demo/undefined HTTP/1.1" 404 1314
186.85.32.4 - - [03/Feb/2017:03:46:54 -0500] "GET /galeria/nivo-slider/themes/default/bullets.png HTTP/1.1" 200 1281
186.85.32.4 - - [03/Feb/2017:03:46:56 -0500] "GET /galeria/nivo-slider/themes/default/arrows.png HTTP/1.1" 200 824
66.249.64.53 - - [03/Feb/2017:03:47:00 -0500] "GET /BLA/resoluciones/RESOLUCIONES%202007/RES%202007%203701%20AL%203800/RESOLUCION%203729%20DE%202007.pdf HTTP/1.1" 200 504390
66.249.64.53 - - [03/Feb/2017:03:47:01 -0500] "GET /POT-2013/ HTTP/1.1" 200 2679
66.249.64.51 - - [03/Feb/2017:03:47:02 -0500] "GET /POT-2013/dlf/styles.css HTTP/1.1" 200 3045
66.249.64.51 - - [03/Feb/2017:03:47:04 -0500] "GET /BLA/resoluciones/RESOLUCIONES%202011/0366.pdf HTTP/1.1" 200 499859
66.249.64.51 - - [03/Feb/2017:03:47:06 -0500] "GET /BLA/resoluciones/RESOLUCIONES%202011/4487.pdf HTTP/1.1" 200 481112
66.249.64.53 - - [03/Feb/2017:03:47:09 -0500] "GET /BLA/resoluciones/RESOLUCIONES%202011/4265.pdf HTTP/1.1" 200 554590
66.249.64.51 - - [03/Feb/2017:03:47:16 -0500] "GET /BLA/resoluciones/RESOLUCIONES%202011/1156.pdf HTTP/1.1" 200 461558
66.249.64.55 - - [03/Feb/2017:03:47:27 -0500] "GET /BLA/resoluciones/RESOLUCIONES%202011/1642.pdf HTTP/1.1" 200 464083
66.249.64.53 - - [03/Feb/2017:03:48:01 -0500] "GET /BLA/resoluciones/RESOLUCIONES%202011/2206.pdf HTTP/1.1" 200 752082
66.249.64.86 - - [03/Feb/2017:03:48:03 -0500] "GET /.well-known/apple-app-site-association HTTP/1.1" 404 1034
192.168.175.104 - - [03/Feb/2017:03:48:16 -0500] "GET / HTTP/1.0" 200 9990
66.249.64.53 - - [03/Feb/2017:03:48:19 -0500] "GET /BLA/resoluciones/RESOLUCIONES%202011/6474.pdf HTTP/1.1" 200 546166
66.249.64.53 - - [03/Feb/2017:03:48:20 -0500] "GET /BLA/resoluciones/RESOLUCIONES%202011/2616.pdf HTTP/1.1" 200 749848
201.245.192.253 - - [03/Feb/2017:03:48:24 -0500] "GET /galeria/nivo-slider/demo/undefined HTTP/1.1" 404 1314
66.249.64.53 - - [03/Feb/2017:03:48:36 -0500] "GET /BLA/resoluciones/RESOLUCIONES%202011/4211.pdf HTTP/1.1" 200 434140
66.249.64.51 - - [03/Feb/2017:03:48:48 -0500] "GET /BLA/resoluciones/RESOLUCIONES%202011/0365.pdf HTTP/1.1" 200 494639
66.249.64.53 - - [03/Feb/2017:03:48:49 -0500] "GET /sig/Manual%20de%20Procesos%20y%20Procedimientos/126PM04%20Evaluaci%C3%B3n%20Control%20y%20Seguimiento/126PM04-PR17%20Atenci%C3%B3n%20solicitud%20Salvoconducto%20Flora.pdf HTTP/1.1" 404 1018
66.249.64.51 - - [03/Feb/2017:03:49:01 -0500] "GET /BLA/resoluciones/Autos%202008/0334.pdf HTTP/1.1" 200 44769
66.249.64.51 - - [03/Feb/2017:03:49:05 -0500] "GET /BLA/resoluciones/RESOLUCIONES%202011/1681.pdf HTTP/1.1" 200 501140
163.172.66.147 - - [03/Feb/2017:03:49:05 -0500] "GET /BLA/resoluciones/RESOLUCIONES%202002/RES%202002%20701-750/00000747.tif HTTP/1.1" 200 40662
66.249.64.53 - - [03/Feb/2017:03:49:06 -0500] "GET /BLA/resoluciones/RESOLUCIONES%202011/1162.pdf HTTP/1.1" 200 504271
66.249.64.51 - - [03/Feb/2017:03:49:20 -0500] "GET /BLA/resoluciones/RESOLUCIONES%202011/5018.pdf HTTP/1.1" 200 376090
201.245.192.253 - - [03/Feb/2017:03:49:24 -0500] "GET /galeria/nivo-slider/demo/undefined HTTP/1.1" 404 1314
66.249.64.51 - - [03/Feb/2017:03:49:24 -0500] "GET /BLA/resoluciones/RESOLUCIONES%202011/2618.pdf HTTP/1.1" 200 746359
66.249.64.53 - - [03/Feb/2017:03:49:48 -0500] "GET /BLA/resoluciones/AUTOS%202013/2833.pdf HTTP/1.1" 200 275379
66.249.64.51 - - [03/Feb/2017:03:49:58 -0500] "GET /BLA/resoluciones/RESOLUCIONES%202011/2347.pdf HTTP/1.1" 200 531974
192.168.175.104 - - [03/Feb/2017:03:50:02 -0500] "GET / HTTP/1.1" 200 9990
66.249.64.51 - - [03/Feb/2017:03:50:03 -0500] "GET /BLA/resoluciones/RESOLUCIONES%202011/5584.pdf HTTP/1.1" 200 423230
42.236.10.78 - - [03/Feb/2017:03:50:09 -0500] "GET / HTTP/1.1" 200 9990
69.162.124.233 - - [03/Feb/2017:03:50:18 -0500] "HEAD / HTTP/1.1" 200 -
66.249.64.51 - - [03/Feb/2017:03:50:19 -0500] "GET /BLA/resoluciones/RESOLUCIONES%202011/2979.pdf HTTP/1.1" 200 733550
66.249.64.51 - - [03/Feb/2017:03:50:32 -0500] "GET /BLA/resoluciones/RESOLUCIONES%202011/5046.pdf HTTP/1.1" 200 479907
66.249.64.53 - - [03/Feb/2017:03:50:33 -0500] "GET /BLA/resoluciones/RESOLUCIONES%202011/5593.pdf HTTP/1.1" 200 505892
66.249.64.53 - - [03/Feb/2017:03:50:43 -0500] "GET /BLA/resoluciones/RESOLUCIONES%202011/3242.pdf HTTP/1.1" 200 520783
66.249.64.53 - - [03/Feb/2017:03:50:47 -0500] "GET /BLA/resoluciones/RESOLUCIONES%202011/6783.pdf HTTP/1.1" 200 388068
66.249.64.53 - - [03/Feb/2017:03:50:52 -0500] "GET /galeria/nivo-slider/demo/images/dia-sin-carro-2016.jpg HTTP/1.1" 200 104115
201.245.192.253 - - [03/Feb/2017:03:50:55 -0500] "GET /galeria/nivo-slider/demo/undefined HTTP/1.1" 404 1314
66.249.64.51 - - [03/Feb/2017:03:51:04 -0500] "GET /BLA/resoluciones/RESOLUCIONES%202011/3684.pdf HTTP/1.1" 200 338005
186.113.10.143 - - [03/Feb/2017:03:51:09 -0500] "GET /galeria/nivo-slider/demo/images/banner%20web%20condecoraci%C3%B3n%20Augusto%20Angel-01-min.jpg HTTP/1.1" 304 -
66.249.64.51 - - [03/Feb/2017:03:51:21 -0500] "GET /BLA/resoluciones/RESOLUCIONES%202011/0587.pdf HTTP/1.1" 200 413936
186.80.23.77 - - [03/Feb/2017:03:51:38 -0500] "GET /BLA/boletinlegal/js/jquery.scrollShow.js HTTP/1.1" 200 4586
186.80.23.77 - - [03/Feb/2017:03:51:38 -0500] "GET /galeria/galeria/jquery.fancybox.js?v=2.1.5 HTTP/1.1" 200 48706
186.80.23.77 - - [03/Feb/2017:03:51:39 -0500] "GET /galeria/galeria/jquery.fancybox.css?v=2.1.5 HTTP/1.1" 200 4895
66.249.64.51 - - [03/Feb/2017:03:51:39 -0500] "GET /Autoliquidacion/dlf/styles.css HTTP/1.1" 200 3045
186.80.23.77 - - [03/Feb/2017:03:51:39 -0500] "GET /galeria/carrusel/Carrusel/jquery.thumbnailScroller.css HTTP/1.1" 200 2066
186.80.23.77 - - [03/Feb/2017:03:51:39 -0500] "GET /galeria/carrusel/Carrusel/jquery-ui-1.8.13.custom.min.js HTTP/1.1" 200 10800
186.80.23.77 - - [03/Feb/2017:03:51:41 -0500] "GET /galeria/carrusel/Carrusel/jquery.thumbnailScroller.js HTTP/1.1" 200 8157
192.168.175.104 - - [03/Feb/2017:03:51:46 -0500] "GET / HTTP/1.1" 200 9990
163.172.65.209 - - [03/Feb/2017:03:51:54 -0500] "GET /BLA/resoluciones/RESOLUCIONES%202006/RES%202006%201051-1100/00001093.tif HTTP/1.1" 200 219174
201.245.192.253 - - [03/Feb/2017:03:51:55 -0500] "GET /galeria/nivo-slider/demo/undefined HTTP/1.1" 404 1314
66.249.64.55 - - [03/Feb/2017:03:52:08 -0500] "GET /BLA/resoluciones/RESOLUCIONES%202011/0943.pdf HTTP/1.1" 200 557054
186.80.23.77 - - [03/Feb/2017:03:52:13 -0500] "GET /galeria/nivo-slider/demo/demo.html HTTP/1.1" 200 3403
186.80.23.77 - - [03/Feb/2017:03:52:13 -0500] "GET /galeria/nivo-slider/themes/default/default.css HTTP/1.1" 200 1569
186.80.23.77 - - [03/Feb/2017:03:52:13 -0500] "GET /galeria/nivo-slider/themes/pascal/pascal.css HTTP/1.1" 200 2258
186.80.23.77 - - [03/Feb/2017:03:52:13 -0500] "GET /galeria/nivo-slider/nivo-slider.css HTTP/1.1" 200 1507
186.80.23.77 - - [03/Feb/2017:03:52:13 -0500] "GET /galeria/nivo-slider/demo/style.css HTTP/1.1" 200 2222
186.80.23.77 - - [03/Feb/2017:03:52:13 -0500] "GET /galeria/nivo-slider/themes/orman/orman.css HTTP/1.1" 200 2152
186.80.23.77 - - [03/Feb/2017:03:52:14 -0500] "GET /galeria/nivo-slider/jquery.nivo.slider.pack.js HTTP/1.1" 200 11561
186.80.23.77 - - [03/Feb/2017:03:52:14 -0500] "GET /galeria/nivo-slider/demo/images/Bannerdiadeloshumedales2.jpg HTTP/1.1" 200 96153
186.80.23.77 - - [03/Feb/2017:03:52:14 -0500] "GET /galeria/nivo-slider/demo/scripts/jquery-1.7.1.min.js HTTP/1.1" 200 93868
186.80.23.77 - - [03/Feb/2017:03:52:14 -0500] "GET /galeria/nivo-slider/demo/images/banner%20DIA%20SIN%20CARRO.jpg HTTP/1.1" 200 170112
186.80.23.77 - - [03/Feb/2017:03:52:14 -0500] "GET /galeria/nivo-slider/demo/images/banner%20caminatasecologicas.jpg HTTP/1.1" 200 293160
186.80.23.77 - - [03/Feb/2017:03:52:14 -0500] "GET /galeria/nivo-slider/demo/images/pieza%20webtinguas.jpg HTTP/1.1" 200 175651
186.80.23.77 - - [03/Feb/2017:03:52:14 -0500] "GET /galeria/nivo-slider/themes/default/loading.gif HTTP/1.1" 200 1737
186.80.23.77 - - [03/Feb/2017:03:52:14 -0500] "GET /galeria/nivo-slider/demo/images/4Simple_Slider.png HTTP/1.1" 200 11722
186.80.23.77 - - [03/Feb/2017:03:52:14 -0500] "GET /galeria/nivo-slider/demo/images/BANNERARBOLES.jpg HTTP/1.1" 200 227630
186.80.23.77 - - [03/Feb/2017:03:52:15 -0500] "GET /galeria/nivo-slider/demo/images/ACOPIADORESYGESTORES.jpg HTTP/1.1" 200 118791
186.80.23.77 - - [03/Feb/2017:03:52:15 -0500] "GET /galeria/nivo-slider/demo/images/bannergestionambiental2.jpg HTTP/1.1" 200 245647
186.80.23.77 - - [03/Feb/2017:03:52:15 -0500] "GET /galeria/nivo-slider/demo/images/vegetal.jpg HTTP/1.1" 200 216080
186.80.23.77 - - [03/Feb/2017:03:52:16 -0500] "GET /galeria/nivo-slider/demo/images/Ruta-vertimientos-01.jpg HTTP/1.1" 200 130151
186.80.23.77 - - [03/Feb/2017:03:52:16 -0500] "GET /galeria/nivo-slider/demo/images/bolsas-06.jpg HTTP/1.1" 200 210950
163.172.64.217 - - [03/Feb/2017:03:52:17 -0500] "GET /BLA/resoluciones/RESOLUCIONES%202006/RES%202006%201551-1600/00001566.tif HTTP/1.1" 200 188520
186.80.23.77 - - [03/Feb/2017:03:52:19 -0500] "GET /galeria/nivo-slider/themes/default/arrows.png HTTP/1.1" 200 824
186.80.23.77 - - [03/Feb/2017:03:52:19 -0500] "GET /galeria/nivo-slider/themes/default/bullets.png HTTP/1.1" 200 1281
186.80.23.77 - - [03/Feb/2017:03:52:45 -0500] "GET /BLA/boletinlegal/js/jquery.scrollShow.js HTTP/1.1" 304 -
186.80.23.77 - - [03/Feb/2017:03:52:45 -0500] "GET /galeria/galeria/jquery.fancybox.js?v=2.1.5 HTTP/1.1" 304 -
186.80.23.77 - - [03/Feb/2017:03:52:45 -0500] "GET /galeria/galeria/jquery.fancybox.css?v=2.1.5 HTTP/1.1" 304 -
66.249.64.53 - - [03/Feb/2017:03:52:59 -0500] "GET /BLA/resoluciones/RESOLUCIONES%202011/4343.pdf HTTP/1.1" 200 346733
66.249.64.53 - - [03/Feb/2017:03:53:04 -0500] "GET /BLA/resoluciones/RESOLUCIONES%202011/2022.pdf HTTP/1.1" 200 429503
66.249.64.51 - - [03/Feb/2017:03:53:14 -0500] "GET /BLA/resoluciones/RESOLUCIONES%202011/1961.pdf HTTP/1.1" 200 412869
192.168.175.104 - - [03/Feb/2017:03:53:14 -0500] "GET / HTTP/1.0" 200 9990
66.249.64.51 - - [03/Feb/2017:03:53:22 -0500] "GET /BLA/resoluciones/RESOLUCIONES%202011/6046.pdf HTTP/1.1" 200 495779
201.245.192.253 - - [03/Feb/2017:03:53:26 -0500] "GET /galeria/nivo-slider/demo/undefined HTTP/1.1" 404 1314
66.249.64.51 - - [03/Feb/2017:03:53:30 -0500] "GET /BLA/resoluciones/AUTOS%202010/4021.pdf HTTP/1.1" 200 484091
201.245.192.253 - - [03/Feb/2017:03:54:26 -0500] "GET /galeria/nivo-slider/demo/undefined HTTP/1.1" 404 1314
157.55.39.152 - - [03/Feb/2017:03:54:32 -0500] "GET /SIG/Gesti%C3%B3n%20Ambiental/126PM03-PR06.pdf HTTP/1.1" 200 572888
186.80.23.77 - - [03/Feb/2017:03:54:34 -0500] "GET /galeria/galeria/jquery.fancybox.js?v=2.1.5 HTTP/1.1" 304 -
186.80.23.77 - - [03/Feb/2017:03:54:34 -0500] "GET /galeria/galeria/jquery.fancybox.css?v=2.1.5 HTTP/1.1" 304 -
186.80.23.77 - - [03/Feb/2017:03:54:34 -0500] "GET /BLA/boletinlegal/js/jquery.scrollShow.js HTTP/1.1" 304 -
157.55.39.152 - - [03/Feb/2017:03:54:36 -0500] "GET /SIG/Gesti%C3%B3n%20de%20Recursos%20F%C3%ADsicos/126PA04-PR25.pdf HTTP/1.1" 200 59222
66.249.64.53 - - [03/Feb/2017:03:54:36 -0500] "GET /BLA/resoluciones/AUTOS%202007/0448.pdf HTTP/1.1" 200 164473
35.156.240.173 - - [03/Feb/2017:03:54:39 -0500] "HEAD /BLA/resoluciones/RESOLUCIONES%202014/0127.pdf HTTP/1.1" 200 -
192.168.175.104 - - [03/Feb/2017:03:54:59 -0500] "GET / HTTP/1.1" 200 9990
163.172.64.249 - - [03/Feb/2017:03:55:04 -0500] "GET /BLA/resoluciones/RESOLUCIONES%202004/RES%202004%20751-800/00000791.tif HTTP/1.1" 200 194328
66.249.64.53 - - [03/Feb/2017:03:55:11 -0500] "GET /BLA/resoluciones/RESOLUCIONES%202011/1100.pdf HTTP/1.1" 200 385021
69.162.124.233 - - [03/Feb/2017:03:55:18 -0500] "HEAD / HTTP/1.1" 200 -
66.249.64.53 - - [03/Feb/2017:03:55:36 -0500] "GET /galeria/nivo-slider/demo/images/banner%20web%20semana%20eco%20peque%C3%B1o.jpg HTTP/1.1" 200 77068
66.249.64.51 - - [03/Feb/2017:03:55:55 -0500] "GET /BLA/resoluciones/AUTOS%202012/0153.pdf HTTP/1.1" 304 -
201.245.192.253 - - [03/Feb/2017:03:55:57 -0500] "GET /galeria/nivo-slider/demo/undefined HTTP/1.1" 404 1314
192.168.175.104 - - [03/Feb/2017:03:56:44 -0500] "GET / HTTP/1.1" 200 9990
201.245.192.253 - - [03/Feb/2017:03:56:57 -0500] "GET /galeria/nivo-slider/demo/undefined HTTP/1.1" 404 1314
66.249.64.53 - - [03/Feb/2017:03:56:59 -0500] "GET /BLA/resoluciones/RESOLUCIONES%202011/4371.pdf HTTP/1.1" 200 423349
66.249.64.51 - - [03/Feb/2017:03:57:00 -0500] "GET /BLA/resoluciones/RESOLUCIONES%202011/7724.pdf HTTP/1.1" 200 192056
66.249.64.51 - - [03/Feb/2017:03:57:15 -0500] "GET /BLA/resoluciones/RESOLUCIONES%202011/2212.pdf HTTP/1.1" 200 533540
192.168.175.104 - - [03/Feb/2017:03:58:12 -0500] "GET / HTTP/1.0" 200 9990
201.245.192.253 - - [03/Feb/2017:03:58:28 -0500] "GET /galeria/nivo-slider/demo/undefined HTTP/1.1" 404 1314
201.245.192.253 - - [03/Feb/2017:03:59:28 -0500] "GET /galeria/nivo-slider/demo/undefined HTTP/1.1" 404 1314
66.249.64.51 - - [03/Feb/2017:03:59:33 -0500] "GET /BLA/resoluciones/AUTOS%202011/6088.pdf HTTP/1.1" 200 292160
192.168.175.104 - - [03/Feb/2017:03:59:57 -0500] "GET / HTTP/1.1" 200 9990
69.162.124.233 - - [03/Feb/2017:04:00:18 -0500] "HEAD / HTTP/1.1" 200 -
66.249.64.37 - - [03/Feb/2017:04:00:21 -0500] "GET /galeria/nivo-slider/themes/pascal/bullets.png HTTP/1.1" 200 3306
66.249.64.8 - - [03/Feb/2017:04:00:35 -0500] "GET /robots.txt HTTP/1.1" 404 1021
66.249.89.9 - - [03/Feb/2017:04:00:35 -0500] "GET /apple-app-site-association HTTP/1.1" 404 1021
66.249.64.51 - - [03/Feb/2017:04:00:45 -0500] "GET /BLA/resoluciones/AUTOS%202014/5658.pdf HTTP/1.1" 200 1278100
201.245.192.253 - - [03/Feb/2017:04:00:58 -0500] "GET /galeria/nivo-slider/demo/undefined HTTP/1.1" 404 1314
66.249.64.51 - - [03/Feb/2017:04:01:09 -0500] "GET /BLA/resoluciones/RESOLUCIONES%202011/6790.pdf HTTP/1.1" 200 572267
192.168.175.104 - - [03/Feb/2017:04:01:42 -0500] "GET / HTTP/1.1" 200 9990
201.245.192.253 - - [03/Feb/2017:04:01:59 -0500] "GET /galeria/nivo-slider/demo/undefined HTTP/1.1" 404 1314
66.249.64.42 - - [03/Feb/2017:04:02:52 -0500] "GET /robots.txt HTTP/1.1" 404 1017
66.249.89.22 - - [03/Feb/2017:04:02:52 -0500] "GET /apple-app-site-association HTTP/1.1" 404 1017
66.249.64.51 - - [03/Feb/2017:04:03:07 -0500] "GET /BLA/resoluciones/RESOLUCIONES%202011/2346.pdf HTTP/1.1" 200 537135
192.168.175.104 - - [03/Feb/2017:04:03:10 -0500] "GET / HTTP/1.0" 200 9990
201.245.192.253 - - [03/Feb/2017:04:03:29 -0500] "GET /galeria/nivo-slider/demo/undefined HTTP/1.1" 404 1314
66.249.64.51 - - [03/Feb/2017:04:04:12 -0500] "GET /BLA/resoluciones/Autos%202008/1513.pdf HTTP/1.1" 200 149399
157.55.39.229 - - [03/Feb/2017:04:04:24 -0500] "GET /SIG/index.php?dir=Gesti\xc3\x83\xc2\xb3n%20Talento%20Humano/Gesti\xc3\x83\xc2\xb3n%20Talento%20Humano/&sort=date&order=asc HTTP/1.1" 200 4846
201.245.192.253 - - [03/Feb/2017:04:04:30 -0500] "GET /galeria/nivo-slider/demo/undefined HTTP/1.1" 404 1314
192.168.175.104 - - [03/Feb/2017:04:04:55 -0500] "GET / HTTP/1.1" 200 9990
66.249.64.55 - - [03/Feb/2017:04:05:05 -0500] "GET /BLA/boletinlegal/images/screen_1.png HTTP/1.1" 304 -
66.249.64.53 - - [03/Feb/2017:04:05:07 -0500] "GET /BLA/resoluciones/RESOLUCIONES%202011/1438.pdf HTTP/1.1" 200 512091
69.162.124.233 - - [03/Feb/2017:04:05:18 -0500] "HEAD / HTTP/1.1" 200 -
201.245.192.253 - - [03/Feb/2017:04:06:00 -0500] "GET /galeria/nivo-slider/demo/undefined HTTP/1.1" 404 1314
163.172.65.200 - - [03/Feb/2017:04:06:25 -0500] "GET /BLA/resoluciones/RESOLUCIONES%202002/RES%202002%201601-1650/20021617.tif HTTP/1.1" 200 132174
192.168.175.104 - - [03/Feb/2017:04:06:40 -0500] "GET / HTTP/1.1" 200 9990
66.249.64.53 - - [03/Feb/2017:04:06:47 -0500] "GET /BLA/resoluciones/RESOLUCIONES%202014/0167.pdf HTTP/1.1" 200 9230709
201.245.192.253 - - [03/Feb/2017:04:07:00 -0500] "GET /galeria/nivo-slider/demo/undefined HTTP/1.1" 404 1314
66.249.64.53 - - [03/Feb/2017:04:07:13 -0500] "GET /BLA/resoluciones/RESOLUCIONES%202011/5090.pdf HTTP/1.1" 200 448575
66.249.64.59 - - [03/Feb/2017:04:07:59 -0500] "GET /BLA/resoluciones/RESOLUCIONES%202011/2651.pdf HTTP/1.1" 200 750588
66.249.64.57 - - [03/Feb/2017:04:08:01 -0500] "GET /BLA/resoluciones/AUTOS%202013/0160.pdf HTTP/1.1" 200 1830014
66.249.64.51 - - [03/Feb/2017:04:08:05 -0500] "GET /BLA/resoluciones/RESOLUCIONES%202011/1934.pdf HTTP/1.1" 200 348285
192.168.175.104 - - [03/Feb/2017:04:08:08 -0500] "GET / HTTP/1.0" 200 9990
163.172.65.112 - - [03/Feb/2017:04:08:19 -0500] "GET /BLA/resoluciones/RESOLUCIONES%202004/RES%202004%20401-450/00000415.tif HTTP/1.1" 200 160264
201.245.192.253 - - [03/Feb/2017:04:08:31 -0500] "GET /galeria/nivo-slider/demo/undefined HTTP/1.1" 404 1314
66.249.64.55 - - [03/Feb/2017:04:09:12 -0500] "GET /BLA/resoluciones/AUTOS%202013/2058.pdf HTTP/1.1" 200 1867532
201.245.192.253 - - [03/Feb/2017:04:09:31 -0500] "GET /galeria/nivo-slider/demo/undefined HTTP/1.1" 404 1314
24.103.89.58 - - [03/Feb/2017:04:09:36 -0500] "GET /wp-login.php HTTP/1.1" 404 1018
24.103.89.58 - - [03/Feb/2017:04:09:36 -0500] "GET / HTTP/1.1" 200 9990
66.249.64.53 - - [03/Feb/2017:04:09:45 -0500] "GET /BLA/resoluciones/Autos%202008/0651.pdf HTTP/1.1" 200 266976
66.249.64.53 - - [03/Feb/2017:04:09:50 -0500] "GET /galeria/nivo-slider/demo/images/ECO-YOGA-FESTIVAL.jpg HTTP/1.1" 200 130307
192.168.175.104 - - [03/Feb/2017:04:09:54 -0500] "GET / HTTP/1.1" 200 9990
175.158.201.25 - - [03/Feb/2017:04:10:12 -0500] "GET /wp-login.php HTTP/1.1" 404 1018
69.162.124.233 - - [03/Feb/2017:04:10:18 -0500] "HEAD / HTTP/1.1" 200 -
66.249.64.51 - - [03/Feb/2017:04:10:25 -0500] "GET /BLA/resoluciones/AUTOS%202011/5643.pdf HTTP/1.1" 200 2557529
66.249.64.53 - - [03/Feb/2017:04:10:44 -0500] "GET /BLA/resoluciones/RESOLUCIONES%202011/1119.pdf HTTP/1.1" 200 345603
201.245.192.253 - - [03/Feb/2017:04:11:02 -0500] "GET /galeria/nivo-slider/demo/undefined HTTP/1.1" 404 1314
163.172.66.83 - - [03/Feb/2017:04:11:06 -0500] "GET /BLA/resoluciones/AUTOS%202006/AUTOS%202006%201801-%201900/00001844.tif HTTP/1.1" 200 154316
163.172.66.149 - - [03/Feb/2017:04:11:16 -0500] "GET /BLA/resoluciones/RESOLUCIONES%202002/RES%202002%201251-1301/20021251.tif HTTP/1.1" 200 103982
192.168.175.104 - - [03/Feb/2017:04:11:40 -0500] "GET / HTTP/1.1" 200 9990
201.245.192.253 - - [03/Feb/2017:04:12:02 -0500] "GET /galeria/nivo-slider/demo/undefined HTTP/1.1" 404 1314
163.172.66.56 - - [03/Feb/2017:04:12:12 -0500] "GET /BLA/resoluciones/RESOLUCIONES%202002/RES%202002%20401-450/00000444.tif HTTP/1.1" 200 158776
66.249.64.51 - - [03/Feb/2017:04:12:50 -0500] "GET /BLA/resoluciones/RESOLUCIONES%202011/2617.pdf HTTP/1.1" 200 747443
66.249.64.53 - - [03/Feb/2017:04:12:54 -0500] "GET /BLA/resoluciones/RESOLUCIONES%202007/RES%202007%203701%20AL%203800/RESOLUCION%203773%20DE%202007.pdf HTTP/1.1" 200 28468
192.168.175.104 - - [03/Feb/2017:04:13:06 -0500] "GET / HTTP/1.0" 200 9990
163.172.65.45 - - [03/Feb/2017:04:13:32 -0500] "GET /BLA/resoluciones/RESOLUCIONES%202002/RES%202002%201201-1250/20021207.tif HTTP/1.1" 200 138162
201.245.192.253 - - [03/Feb/2017:04:13:33 -0500] "GET /galeria/nivo-slider/demo/undefined HTTP/1.1" 404 1314
181.55.251.54 - - [03/Feb/2017:04:13:57 -0500] "GET /BLA/boletinlegal/js/jquery.scrollShow.js HTTP/1.1" 200 4586
181.55.251.54 - - [03/Feb/2017:04:13:57 -0500] "GET /galeria/galeria/jquery.fancybox.css?v=2.1.5 HTTP/1.1" 200 4895
181.55.251.54 - - [03/Feb/2017:04:13:57 -0500] "GET /galeria/carrusel/Carrusel/jquery.thumbnailScroller.css HTTP/1.1" 200 2066
181.55.251.54 - - [03/Feb/2017:04:13:57 -0500] "GET /galeria/galeria/jquery.fancybox.js?v=2.1.5 HTTP/1.1" 200 48706
181.55.251.54 - - [03/Feb/2017:04:13:57 -0500] "GET /galeria/carrusel/Carrusel/jquery-ui-1.8.13.custom.min.js HTTP/1.1" 200 10800
181.55.251.54 - - [03/Feb/2017:04:13:58 -0500] "GET /galeria/carrusel/Carrusel/jquery.thumbnailScroller.js HTTP/1.1" 200 8157
181.55.251.54 - - [03/Feb/2017:04:13:58 -0500] "GET /galeria/nivo-slider/demo/demo.html HTTP/1.1" 200 3403
181.55.251.54 - - [03/Feb/2017:04:13:58 -0500] "GET /galeria/nivo-slider/themes/default/default.css HTTP/1.1" 200 1569
181.55.251.54 - - [03/Feb/2017:04:13:58 -0500] "GET /galeria/nivo-slider/themes/orman/orman.css HTTP/1.1" 200 2152
181.55.251.54 - - [03/Feb/2017:04:13:58 -0500] "GET /galeria/nivo-slider/themes/pascal/pascal.css HTTP/1.1" 200 2258
181.55.251.54 - - [03/Feb/2017:04:13:58 -0500] "GET /galeria/nivo-slider/nivo-slider.css HTTP/1.1" 200 1507
181.55.251.54 - - [03/Feb/2017:04:13:58 -0500] "GET /galeria/nivo-slider/demo/images/Bannerdiadeloshumedales2.jpg HTTP/1.1" 200 96153
181.55.251.54 - - [03/Feb/2017:04:13:58 -0500] "GET /galeria/nivo-slider/demo/style.css HTTP/1.1" 200 2222
181.55.251.54 - - [03/Feb/2017:04:13:58 -0500] "GET /galeria/nivo-slider/demo/scripts/jquery-1.7.1.min.js HTTP/1.1" 200 93868
