109.171.137.211 - - [27/Feb/2017:02:29:11 -0500] "GET /images/SDA.jpg HTTP/1.1" 200 48976
109.171.137.211 - - [27/Feb/2017:02:29:11 -0500] "GET /images/INTRANET.jpg HTTP/1.1" 200 37297
109.171.137.211 - - [27/Feb/2017:02:29:11 -0500] "GET /images/RMCAB.jpg HTTP/1.1" 200 49926
109.171.137.211 - - [27/Feb/2017:02:29:11 -0500] "GET /images/FOREST.jpg HTTP/1.1" 200 33277
109.171.137.211 - - [27/Feb/2017:02:29:11 -0500] "GET /images/BLA.jpg HTTP/1.1" 200 34672
109.171.137.211 - - [27/Feb/2017:02:29:11 -0500] "GET /images/LINEA.jpg HTTP/1.1" 200 33035
109.171.137.211 - - [27/Feb/2017:02:29:11 -0500] "GET /images/NINOS.jpg HTTP/1.1" 200 44828
109.171.137.211 - - [27/Feb/2017:02:29:11 -0500] "GET /images/INTERNET.jpg HTTP/1.1" 200 34880
109.171.137.211 - - [27/Feb/2017:02:29:12 -0500] "GET /images/FORMATOS.jpg HTTP/1.1" 200 41585
109.171.137.211 - - [27/Feb/2017:02:29:12 -0500] "GET /images/CATALOGO.jpg HTTP/1.1" 200 35661
109.171.137.211 - - [27/Feb/2017:02:29:12 -0500] "GET /images/CORREO.jpg HTTP/1.1" 200 39337
109.171.137.211 - - [27/Feb/2017:02:29:12 -0500] "GET /images/SDQS.jpg HTTP/1.1" 200 47976
66.249.75.55 - - [27/Feb/2017:02:29:14 -0500] "GET /PORTAL_SIAC/swf/Residuos/textiles/textiles.swf HTTP/1.1" 200 400852
109.171.137.211 - - [27/Feb/2017:02:29:16 -0500] "GET /favicon.ico HTTP/1.1" 200 7782
66.249.75.55 - - [27/Feb/2017:02:29:23 -0500] "GET /PORTAL_SIAC/swf/Residuos/textiles/files/info.xml?rnd=162a75bf-2661-4d15-a1ce-18f0b4590622 HTTP/1.1" 200 72848
66.249.75.55 - - [27/Feb/2017:02:29:26 -0500] "GET /PORTAL_SIAC/swf/Residuos/textiles/files/search/searchtext.xml HTTP/1.1" 200 210604
66.249.75.38 - - [27/Feb/2017:02:29:29 -0500] "GET /BLA/resoluciones/RESOLUCIONES%202010/6560.pdf HTTP/1.1" 200 169222
201.245.192.253 - - [27/Feb/2017:02:29:56 -0500] "POST /forms/lservlet;jsessionid=ac16012b30d65c4ee2ead734471a9978ecb3ce836978.e3iSbxaKaheRe3mKbxqTc30Lby1ynknvrkLOlQzNp65In0 HTTP/1.1" 200 2
192.168.175.104 - - [27/Feb/2017:02:30:05 -0500] "GET / HTTP/1.1" 200 9990
109.171.137.211 - - [27/Feb/2017:02:30:56 -0500] "GET /www.ambientebogota.gov.co/ HTTP/1.1" 404 1155
192.168.175.104 - - [27/Feb/2017:02:31:02 -0500] "GET / HTTP/1.0" 200 9990
187.142.167.40 - - [27/Feb/2017:02:31:08 -0500] "GET /galeria/galeria/jquery.fancybox.css?v=2.1.5 HTTP/1.1" 304 -
187.142.167.40 - - [27/Feb/2017:02:31:08 -0500] "GET /BLA/boletinlegal/js/jquery.scrollShow.js HTTP/1.1" 304 -
187.142.167.40 - - [27/Feb/2017:02:31:08 -0500] "GET /galeria/galeria/jquery.fancybox.js?v=2.1.5 HTTP/1.1" 304 -
201.245.192.253 - - [27/Feb/2017:02:31:56 -0500] "POST /forms/lservlet;jsessionid=ac16012b30d65c4ee2ead734471a9978ecb3ce836978.e3iSbxaKaheRe3mKbxqTc30Lby1ynknvrkLOlQzNp65In0 HTTP/1.1" 200 2
69.162.124.233 - - [27/Feb/2017:02:32:24 -0500] "HEAD / HTTP/1.1" 200 -
152.201.155.64 - - [27/Feb/2017:02:33:15 -0500] "GET /galeria/galeria/jquery.fancybox.css?v=2.1.5 HTTP/1.1" 200 4895
152.201.155.64 - - [27/Feb/2017:02:33:15 -0500] "GET /BLA/boletinlegal/js/jquery.scrollShow.js HTTP/1.1" 200 4586
152.201.155.64 - - [27/Feb/2017:02:33:15 -0500] "GET /galeria/galeria/jquery.fancybox.js?v=2.1.5 HTTP/1.1" 200 48706
66.249.75.44 - - [27/Feb/2017:02:33:24 -0500] "GET /BLA/resoluciones/AUTOS%202014/2105.pdf HTTP/1.1" 200 224209
192.168.175.104 - - [27/Feb/2017:02:33:48 -0500] "GET / HTTP/1.1" 200 9990
186.29.145.197 - - [27/Feb/2017:02:33:51 -0500] "GET /galeria/galeria/fotos/Huemdal-el-Tunjo1P.jpg HTTP/1.1" 200 24430
186.29.145.197 - - [27/Feb/2017:02:33:51 -0500] "GET /galeria/galeria/fotos/Humedal-Tibanica2P.jpg HTTP/1.1" 200 29568
186.29.145.197 - - [27/Feb/2017:02:33:51 -0500] "GET /galeria/galeria/fotos/Huemdal-el-Tunjo3P.jpg HTTP/1.1" 200 20644
186.29.145.197 - - [27/Feb/2017:02:33:51 -0500] "GET /galeria/galeria/fotos/Huemdal-el-Tunjo4P.jpg HTTP/1.1" 200 18710
201.245.192.253 - - [27/Feb/2017:02:33:56 -0500] "POST /forms/lservlet;jsessionid=ac16012b30d65c4ee2ead734471a9978ecb3ce836978.e3iSbxaKaheRe3mKbxqTc30Lby1ynknvrkLOlQzNp65In0 HTTP/1.1" 200 2
186.155.18.117 - - [27/Feb/2017:02:34:59 -0500] "GET /galeria/galeria/jquery.fancybox.css?v=2.1.5 HTTP/1.1" 200 4895
186.155.18.117 - - [27/Feb/2017:02:34:59 -0500] "GET /galeria/galeria/jquery.fancybox.js?v=2.1.5 HTTP/1.1" 200 48706
186.155.18.117 - - [27/Feb/2017:02:34:59 -0500] "GET /BLA/boletinlegal/js/jquery.scrollShow.js HTTP/1.1" 200 4586
192.168.175.104 - - [27/Feb/2017:02:35:03 -0500] "GET / HTTP/1.1" 200 9990
186.155.18.117 - - [27/Feb/2017:02:35:04 -0500] "GET /BLA/boletinlegal/js/jquery.scrollShow.js HTTP/1.1" 304 -
186.155.18.117 - - [27/Feb/2017:02:35:04 -0500] "GET /galeria/galeria/jquery.fancybox.js?v=2.1.5 HTTP/1.1" 304 -
186.155.18.117 - - [27/Feb/2017:02:35:04 -0500] "GET /galeria/galeria/jquery.fancybox.css?v=2.1.5 HTTP/1.1" 304 -
66.249.75.44 - - [27/Feb/2017:02:35:22 -0500] "GET /BLA/resoluciones/RESOLUCIONES%202011/0216.pdf HTTP/1.1" 304 -
201.245.192.253 - - [27/Feb/2017:02:35:56 -0500] "POST /forms/lservlet;jsessionid=ac16012b30d65c4ee2ead734471a9978ecb3ce836978.e3iSbxaKaheRe3mKbxqTc30Lby1ynknvrkLOlQzNp65In0 HTTP/1.1" 200 2
192.168.175.104 - - [27/Feb/2017:02:36:00 -0500] "GET / HTTP/1.0" 200 9990
180.76.15.30 - - [27/Feb/2017:02:37:13 -0500] "GET /BLA/resoluciones/AUTOS%202013/1673.pdf HTTP/1.1" 200 262113
66.249.75.41 - - [27/Feb/2017:02:37:20 -0500] "GET /BLA/resoluciones/RESOLUCIONES%202011/5939.pdf HTTP/1.1" 200 545771
69.162.124.233 - - [27/Feb/2017:02:37:24 -0500] "HEAD / HTTP/1.1" 200 -
201.245.192.253 - - [27/Feb/2017:02:37:57 -0500] "POST /forms/lservlet;jsessionid=ac16012b30d65c4ee2ead734471a9978ecb3ce836978.e3iSbxaKaheRe3mKbxqTc30Lby1ynknvrkLOlQzNp65In0 HTTP/1.1" 200 2
66.249.75.38 - - [27/Feb/2017:02:38:19 -0500] "GET /BLA/resoluciones/Notificaciones/AUTOS%202013/2656.doc HTTP/1.1" 200 228352
66.249.75.38 - - [27/Feb/2017:02:38:25 -0500] "GET /Autoliquidacion/index.php?dir=Solicitud%20de%20expedici%F3n%20de%20certificados%20de%20estado%20de%20conservaci%F3n%20ambiental%20(CECA)/&sort=name&order=desc HTTP/1.1" 200 2714
192.168.175.104 - - [27/Feb/2017:02:38:47 -0500] "GET / HTTP/1.1" 200 9990
66.249.75.38 - - [27/Feb/2017:02:39:18 -0500] "GET /BLA/resoluciones/RESOLUCIONES%202010/3887.pdf HTTP/1.1" 304 -
201.245.192.253 - - [27/Feb/2017:02:39:57 -0500] "POST /forms/lservlet;jsessionid=ac16012b30d65c4ee2ead734471a9978ecb3ce836978.e3iSbxaKaheRe3mKbxqTc30Lby1ynknvrkLOlQzNp65In0 HTTP/1.1" 200 2
192.168.175.104 - - [27/Feb/2017:02:40:01 -0500] "GET / HTTP/1.1" 200 9990
66.249.75.61 - - [27/Feb/2017:02:40:16 -0500] "GET /POT-2013/Cartografia/36_Est_Funcional_servicios_Est_Socioeconomica_Espacial%20Area%20.pdf HTTP/1.1" 200 2689602
192.168.175.104 - - [27/Feb/2017:02:40:58 -0500] "GET / HTTP/1.0" 200 9990
201.245.192.253 - - [27/Feb/2017:02:41:57 -0500] "POST /forms/lservlet;jsessionid=ac16012b30d65c4ee2ead734471a9978ecb3ce836978.e3iSbxaKaheRe3mKbxqTc30Lby1ynknvrkLOlQzNp65In0 HTTP/1.1" 200 2
66.249.75.38 - - [27/Feb/2017:02:42:14 -0500] "GET /BLA/resoluciones/RESOLUCIONES%202009/6290.pdf HTTP/1.1" 200 430463
69.162.124.233 - - [27/Feb/2017:02:42:24 -0500] "HEAD / HTTP/1.1" 200 -
66.249.75.38 - - [27/Feb/2017:02:43:13 -0500] "GET /BLA/resoluciones/RESOLUCIONES%202011/4788.pdf HTTP/1.1" 200 616614
192.168.175.104 - - [27/Feb/2017:02:43:46 -0500] "GET / HTTP/1.1" 200 9990
201.245.192.253 - - [27/Feb/2017:02:43:57 -0500] "POST /forms/lservlet;jsessionid=ac16012b30d65c4ee2ead734471a9978ecb3ce836978.e3iSbxaKaheRe3mKbxqTc30Lby1ynknvrkLOlQzNp65In0 HTTP/1.1" 200 2
40.77.167.111 - - [27/Feb/2017:02:44:20 -0500] "GET /PORTAL_SIAC/swf/ HTTP/1.1" 200 6173
40.77.167.116 - - [27/Feb/2017:02:44:35 -0500] "GET /icons/blank.gif HTTP/1.1" 200 148
40.77.167.111 - - [27/Feb/2017:02:44:40 -0500] "GET /icons/unknown.gif HTTP/1.1" 200 245
207.46.13.75 - - [27/Feb/2017:02:44:46 -0500] "GET /icons/back.gif HTTP/1.1" 200 216
207.46.13.75 - - [27/Feb/2017:02:44:46 -0500] "GET /icons/folder.gif HTTP/1.1" 200 225
192.168.175.104 - - [27/Feb/2017:02:44:59 -0500] "GET / HTTP/1.1" 200 9990
131.253.27.48 - - [27/Feb/2017:02:45:07 -0500] "GET /videos/galeria-cronicas/skin/blue.monday/jplayer.blue.monday.css HTTP/1.1" 200 12518
131.253.27.48 - - [27/Feb/2017:02:45:09 -0500] "GET /videos/galeria-cronicas/js/jquery.jplayer.min.js HTTP/1.1" 200 43668
131.253.27.48 - - [27/Feb/2017:02:45:09 -0500] "GET /videos/galeria-cronicas/js/jplayer.playlist.min.js HTTP/1.1" 200 8608
131.253.27.48 - - [27/Feb/2017:02:45:10 -0500] "GET /videos/galeria-cronicas/skin/blue.monday/jplayer.blue.monday.video.play.png HTTP/1.1" 200 14424
131.253.27.48 - - [27/Feb/2017:02:45:10 -0500] "GET /videos/galeria-cronicas/skin/blue.monday/jplayer.blue.monday.jpg HTTP/1.1" 200 23189
131.253.27.48 - - [27/Feb/2017:02:45:12 -0500] "GET /videos/galeria-cronicas/js/Jplayer.swf HTTP/1.1" 200 13674
192.168.175.104 - - [27/Feb/2017:02:45:56 -0500] "GET / HTTP/1.0" 200 9990
201.245.192.253 - - [27/Feb/2017:02:45:58 -0500] "POST /forms/lservlet;jsessionid=ac16012b30d65c4ee2ead734471a9978ecb3ce836978.e3iSbxaKaheRe3mKbxqTc30Lby1ynknvrkLOlQzNp65In0 HTTP/1.1" 200 2
66.249.75.38 - - [27/Feb/2017:02:46:09 -0500] "GET /BLA/resoluciones/AUTOS%202007/0413.pdf HTTP/1.1" 200 78131
52.3.127.144 - - [27/Feb/2017:02:46:21 -0500] "GET /robots.txt HTTP/1.1" 404 1018
66.249.75.38 - - [27/Feb/2017:02:47:08 -0500] "GET /BLA/resoluciones/AUTOS%202011/0018.pdf HTTP/1.1" 200 183429
69.162.124.233 - - [27/Feb/2017:02:47:24 -0500] "HEAD / HTTP/1.1" 200 -
201.245.192.253 - - [27/Feb/2017:02:47:58 -0500] "POST /forms/lservlet;jsessionid=ac16012b30d65c4ee2ead734471a9978ecb3ce836978.e3iSbxaKaheRe3mKbxqTc30Lby1ynknvrkLOlQzNp65In0 HTTP/1.1" 200 2
66.249.75.38 - - [27/Feb/2017:02:48:07 -0500] "GET /BLA/resoluciones/AUTOS%202011/3604.pdf HTTP/1.1" 200 134087
192.168.175.104 - - [27/Feb/2017:02:48:43 -0500] "GET / HTTP/1.1" 200 9990
66.249.75.38 - - [27/Feb/2017:02:49:06 -0500] "GET /BLA/resoluciones/RESOLUCIONES%202007/RES%202007%20601%20AL%20700/RESOLUCION%200653%20DE%202007.pdf HTTP/1.1" 200 341749
192.168.175.104 - - [27/Feb/2017:02:49:57 -0500] "GET / HTTP/1.1" 200 9990
201.245.192.253 - - [27/Feb/2017:02:49:58 -0500] "POST /forms/lservlet;jsessionid=ac16012b30d65c4ee2ead734471a9978ecb3ce836978.e3iSbxaKaheRe3mKbxqTc30Lby1ynknvrkLOlQzNp65In0 HTTP/1.1" 200 2
66.249.75.44 - - [27/Feb/2017:02:50:05 -0500] "GET /BLA/resoluciones/RESOLUCIONES%202007/RES%202007%20601%20AL%20700/RESOLUCION%200616%20DE%202007.pdf HTTP/1.1" 304 -
192.168.175.104 - - [27/Feb/2017:02:50:53 -0500] "GET / HTTP/1.0" 200 9990
66.249.75.38 - - [27/Feb/2017:02:51:04 -0500] "GET /BLA/resoluciones/RESOLUCIONES%202009/2650.pdf HTTP/1.1" 304 -
201.245.192.253 - - [27/Feb/2017:02:51:58 -0500] "POST /forms/lservlet;jsessionid=ac16012b30d65c4ee2ead734471a9978ecb3ce836978.e3iSbxaKaheRe3mKbxqTc30Lby1ynknvrkLOlQzNp65In0 HTTP/1.1" 200 2
66.249.75.38 - - [27/Feb/2017:02:52:03 -0500] "GET /BLA/resoluciones/AUTOS%202010/5392.pdf HTTP/1.1" 200 1930025
69.162.124.233 - - [27/Feb/2017:02:52:24 -0500] "HEAD / HTTP/1.1" 200 -
66.249.75.59 - - [27/Feb/2017:02:52:42 -0500] "GET /BLA/boletinlegal/Directivas/2013/Directiva%20No.%203%20del%2016%20de%20julio%20de%202013.pdf HTTP/1.1" 200 127414
66.249.75.38 - - [27/Feb/2017:02:52:46 -0500] "GET /BLA/resoluciones/RESOLUCIONES%202014/0442.pdf HTTP/1.1" 304 -
180.76.15.26 - - [27/Feb/2017:02:52:49 -0500] "GET /robots.txt HTTP/1.1" 404 1015
180.76.15.149 - - [27/Feb/2017:02:52:49 -0500] "GET /robots.txt HTTP/1.1" 404 1015
66.249.75.38 - - [27/Feb/2017:02:53:01 -0500] "GET /BLA/resoluciones/RESOLUCIONES%202009/3646.pdf HTTP/1.1" 200 1112485
192.168.175.104 - - [27/Feb/2017:02:53:41 -0500] "GET / HTTP/1.1" 200 9990
201.245.192.253 - - [27/Feb/2017:02:53:59 -0500] "POST /forms/lservlet;jsessionid=ac16012b30d65c4ee2ead734471a9978ecb3ce836978.e3iSbxaKaheRe3mKbxqTc30Lby1ynknvrkLOlQzNp65In0 HTTP/1.1" 200 2
186.29.174.227 - - [27/Feb/2017:02:54:05 -0500] "GET /menu/css/demo.css HTTP/1.1" 404 1342
186.29.174.227 - - [27/Feb/2017:02:54:05 -0500] "GET /menu/css/style.css HTTP/1.1" 404 1342
186.29.174.227 - - [27/Feb/2017:02:54:05 -0500] "GET /menu/css/demo.css HTTP/1.1" 404 1342
186.29.174.227 - - [27/Feb/2017:02:54:05 -0500] "GET /menu/css/style.css HTTP/1.1" 404 1342
186.29.174.227 - - [27/Feb/2017:02:54:05 -0500] "GET /menu/js/jquery.easing.1.3.js HTTP/1.1" 404 1342
186.29.174.227 - - [27/Feb/2017:02:54:05 -0500] "GET /menu/js/jquery.mousewheel.js HTTP/1.1" 404 1342
186.29.174.227 - - [27/Feb/2017:02:54:05 -0500] "GET /menu/js/jquery.vaccordion.js HTTP/1.1" 404 1342
186.29.174.227 - - [27/Feb/2017:02:54:05 -0500] "GET /menu/js/jquery.easing.1.3.js HTTP/1.1" 404 1342
186.29.174.227 - - [27/Feb/2017:02:54:05 -0500] "GET /menu/js/jquery.mousewheel.js HTTP/1.1" 404 1342
186.29.174.227 - - [27/Feb/2017:02:54:05 -0500] "GET /menu/js/jquery.vaccordion.js HTTP/1.1" 404 1342
192.168.175.104 - - [27/Feb/2017:02:54:55 -0500] "GET / HTTP/1.1" 200 9990
190.84.27.67 - - [27/Feb/2017:02:54:57 -0500] "GET /galeria/galeria/jquery.fancybox.css?v=2.1.5 HTTP/1.1" 200 4895
190.84.27.67 - - [27/Feb/2017:02:54:57 -0500] "GET /BLA/boletinlegal/js/jquery.scrollShow.js HTTP/1.1" 200 4586
190.84.27.67 - - [27/Feb/2017:02:54:57 -0500] "GET /galeria/galeria/jquery.fancybox.js?v=2.1.5 HTTP/1.1" 200 48706
66.249.75.41 - - [27/Feb/2017:02:54:59 -0500] "GET /BLA/resoluciones/RESOLUCIONES%202008/4564.pdf HTTP/1.1" 304 -
190.84.27.67 - - [27/Feb/2017:02:55:02 -0500] "GET /BLA/boletinlegal/js/jquery.scrollShow.js HTTP/1.1" 304 -
190.84.27.67 - - [27/Feb/2017:02:55:02 -0500] "GET /galeria/galeria/jquery.fancybox.js?v=2.1.5 HTTP/1.1" 304 -
190.84.27.67 - - [27/Feb/2017:02:55:02 -0500] "GET /galeria/galeria/jquery.fancybox.css?v=2.1.5 HTTP/1.1" 304 -
186.29.174.227 - - [27/Feb/2017:02:55:15 -0500] "GET /segae/index.html? HTTP/1.1" 200 6705
180.76.15.12 - - [27/Feb/2017:02:55:36 -0500] "GET /js/bootstrap.min.js HTTP/1.1" 200 28538
192.168.175.104 - - [27/Feb/2017:02:55:52 -0500] "GET / HTTP/1.0" 200 9990
201.245.192.253 - - [27/Feb/2017:02:55:59 -0500] "POST /forms/lservlet;jsessionid=ac16012b30d65c4ee2ead734471a9978ecb3ce836978.e3iSbxaKaheRe3mKbxqTc30Lby1ynknvrkLOlQzNp65In0 HTTP/1.1" 200 2
186.29.174.227 - - [27/Feb/2017:02:56:11 -0500] "GET /galeria/nivo-slider/demo/demo.html HTTP/1.1" 304 -
186.29.174.227 - - [27/Feb/2017:02:56:11 -0500] "GET /galeria/nivo-slider/demo/images/banner%20aceite%20vegetal%20usado.jpg HTTP/1.1" 304 -
95.85.7.112 - - [27/Feb/2017:02:56:16 -0500] "GET /robots.txt HTTP/1.0" 301 334
95.85.7.112 - - [27/Feb/2017:02:56:16 -0500] "GET /carta-de-bogota-america-en-defensa-del-agua-la-tierra-y-la-vida/ HTTP/1.0" 301 388
186.0.70.137 - - [27/Feb/2017:02:56:30 -0500] "GET /galeria/galeria/jquery.fancybox.css?v=2.1.5 HTTP/1.1" 200 4895
186.0.70.137 - - [27/Feb/2017:02:56:30 -0500] "GET /BLA/boletinlegal/js/jquery.scrollShow.js HTTP/1.1" 200 4586
186.0.70.137 - - [27/Feb/2017:02:56:30 -0500] "GET /galeria/galeria/jquery.fancybox.js?v=2.1.5 HTTP/1.1" 200 48706
186.0.70.137 - - [27/Feb/2017:02:56:33 -0500] "GET /BLA/boletinlegal/js/jquery.scrollShow.js HTTP/1.1" 304 -
186.0.70.137 - - [27/Feb/2017:02:56:33 -0500] "GET /galeria/galeria/jquery.fancybox.js?v=2.1.5 HTTP/1.1" 304 -
186.0.70.137 - - [27/Feb/2017:02:56:33 -0500] "GET /galeria/galeria/jquery.fancybox.css?v=2.1.5 HTTP/1.1" 304 -
186.29.174.227 - - [27/Feb/2017:02:56:45 -0500] "GET /galeria/galeria/jquery.fancybox.css?v=2.1.5 HTTP/1.1" 304 -
186.29.174.227 - - [27/Feb/2017:02:56:45 -0500] "GET /galeria/galeria/jquery.fancybox.js?v=2.1.5 HTTP/1.1" 304 -
186.29.174.227 - - [27/Feb/2017:02:56:45 -0500] "GET /BLA/boletinlegal/js/jquery.scrollShow.js HTTP/1.1" 304 -
69.162.124.233 - - [27/Feb/2017:02:57:24 -0500] "HEAD / HTTP/1.1" 200 -
52.3.127.144 - - [27/Feb/2017:02:57:29 -0500] "GET /robots.txt HTTP/1.1" 404 1018
66.249.75.61 - - [27/Feb/2017:02:57:44 -0500] "GET /BLA/boletinlegal/Directivas/2011/Directiva%20No.%206%20del%208%20de%20Septiembre%20de%202011.pdf HTTP/1.1" 200 996625
52.3.127.144 - - [27/Feb/2017:02:57:49 -0500] "GET /BLA/boletinlegal/Circulares/2011/Circular%20No.%206%20del%2023%20de%20Septiembre%20de%202011.pdf HTTP/1.1" 200 252800
201.245.192.253 - - [27/Feb/2017:02:57:59 -0500] "POST /forms/lservlet;jsessionid=ac16012b30d65c4ee2ead734471a9978ecb3ce836978.e3iSbxaKaheRe3mKbxqTc30Lby1ynknvrkLOlQzNp65In0 HTTP/1.1" 200 2
192.168.175.104 - - [27/Feb/2017:02:58:39 -0500] "GET / HTTP/1.1" 200 9990
192.168.175.104 - - [27/Feb/2017:02:59:53 -0500] "GET / HTTP/1.1" 200 9990
201.245.192.253 - - [27/Feb/2017:02:59:59 -0500] "POST /forms/lservlet;jsessionid=ac16012b30d65c4ee2ead734471a9978ecb3ce836978.e3iSbxaKaheRe3mKbxqTc30Lby1ynknvrkLOlQzNp65In0 HTTP/1.1" 200 2
192.168.175.104 - - [27/Feb/2017:03:00:50 -0500] "GET / HTTP/1.0" 200 9990
51.255.65.58 - - [27/Feb/2017:03:01:38 -0500] "GET /BLA/resoluciones/AUTOS%202006/AUTOS%202006%202901%20-%203000/00002987.tif HTTP/1.1" 200 59732
163.172.66.136 - - [27/Feb/2017:03:01:56 -0500] "GET /BLA/resoluciones/RESOLUCIONES%202006/RES%202006%20751-800/00000788.tif HTTP/1.1" 200 36104
201.245.192.253 - - [27/Feb/2017:03:01:59 -0500] "POST /forms/lservlet;jsessionid=ac16012b30d65c4ee2ead734471a9978ecb3ce836978.e3iSbxaKaheRe3mKbxqTc30Lby1ynknvrkLOlQzNp65In0 HTTP/1.1" 200 2
69.162.124.233 - - [27/Feb/2017:03:02:24 -0500] "HEAD / HTTP/1.1" 200 -
163.172.66.163 - - [27/Feb/2017:03:02:30 -0500] "GET /BLA/resoluciones/RESOLUCIONES%202005/RES%202005%202351-2400/00002369.tif HTTP/1.1" 200 201116
192.168.175.104 - - [27/Feb/2017:03:03:37 -0500] "GET / HTTP/1.1" 200 9990
66.249.75.57 - - [27/Feb/2017:03:03:43 -0500] "GET /BLA/boletinlegal/Directivas/2015/Directiva%20No.%2001%20del%2014%20de%20Enero%20de%202015.pdf HTTP/1.1" 200 1416322
163.172.66.92 - - [27/Feb/2017:03:03:46 -0500] "GET /BLA/resoluciones/RESOLUCIONES%202002/RES%202002%201001-1050/2002RES1040.tif HTTP/1.1" 200 636732
163.172.66.163 - - [27/Feb/2017:03:03:49 -0500] "GET /BLA/resoluciones/RESOLUCIONES%202002/RES%202002%201801-1850/20021815.tif HTTP/1.1" 200 204958
201.245.192.253 - - [27/Feb/2017:03:04:00 -0500] "POST /forms/lservlet;jsessionid=ac16012b30d65c4ee2ead734471a9978ecb3ce836978.e3iSbxaKaheRe3mKbxqTc30Lby1ynknvrkLOlQzNp65In0 HTTP/1.1" 200 2
192.168.175.104 - - [27/Feb/2017:03:04:51 -0500] "GET / HTTP/1.1" 200 9990
161.132.216.40 - - [27/Feb/2017:03:04:53 -0500] "PUT /webdav/Fr0stboot.php HTTP/1.1" 405 938
192.168.175.104 - - [27/Feb/2017:03:05:51 -0500] "GET / HTTP/1.0" 200 9990
51.255.65.54 - - [27/Feb/2017:03:05:58 -0500] "GET /BLA/resoluciones/RESOLUCIONES%202002/RES%202002%20501-550/00000521.tif HTTP/1.1" 200 139892
201.245.192.253 - - [27/Feb/2017:03:06:00 -0500] "POST /forms/lservlet;jsessionid=ac16012b30d65c4ee2ead734471a9978ecb3ce836978.e3iSbxaKaheRe3mKbxqTc30Lby1ynknvrkLOlQzNp65In0 HTTP/1.1" 200 2
69.162.124.233 - - [27/Feb/2017:03:07:24 -0500] "HEAD / HTTP/1.1" 200 -
201.245.192.253 - - [27/Feb/2017:03:08:00 -0500] "POST /forms/lservlet;jsessionid=ac16012b30d65c4ee2ead734471a9978ecb3ce836978.e3iSbxaKaheRe3mKbxqTc30Lby1ynknvrkLOlQzNp65In0 HTTP/1.1" 200 2
163.172.64.192 - - [27/Feb/2017:03:08:09 -0500] "GET /BLA/resoluciones/RESOLUCIONES%202006/RES%202006%201551-1600/00001561.tif HTTP/1.1" 200 141682
66.249.75.38 - - [27/Feb/2017:03:08:13 -0500] "GET /Autoliquidacion/index.php?dir=Cobro%20Evaluacion%20Certificaci%F3n%20Para%20La%20Deducci%F3n%20Por%20Inversi%F3n%20En%20Medio%20Ambiente/&sort=name&order=desc HTTP/1.1" 200 2773
192.168.175.104 - - [27/Feb/2017:03:08:36 -0500] "GET / HTTP/1.1" 200 9990
66.249.75.41 - - [27/Feb/2017:03:08:43 -0500] "GET /BLA/resoluciones/AUTOS%202007/1064.pdf HTTP/1.1" 200 672481
40.77.167.116 - - [27/Feb/2017:03:09:08 -0500] "GET /... HTTP/1.1" 403 1007
66.249.75.44 - - [27/Feb/2017:03:09:42 -0500] "GET /BLA/resoluciones/RESOLUCIONES%202007/RES%202007%201901%20AL%202000/RESOLUCION%201901%20DE%202007.pdf HTTP/1.1" 200 233488
192.168.175.104 - - [27/Feb/2017:03:09:48 -0500] "GET / HTTP/1.1" 200 9990
201.245.192.253 - - [27/Feb/2017:03:10:00 -0500] "POST /forms/lservlet;jsessionid=ac16012b30d65c4ee2ead734471a9978ecb3ce836978.e3iSbxaKaheRe3mKbxqTc30Lby1ynknvrkLOlQzNp65In0 HTTP/1.1" 200 2
66.249.75.61 - - [27/Feb/2017:03:10:41 -0500] "GET /ecodirectorio/files/res/downloads/download_0193.pdf HTTP/1.1" 200 158124
192.168.175.104 - - [27/Feb/2017:03:10:48 -0500] "GET / HTTP/1.0" 200 9990
66.249.75.61 - - [27/Feb/2017:03:11:40 -0500] "GET /ecodirectorio/files/res/downloads/download_0133.pdf HTTP/1.1" 200 180438
201.245.192.253 - - [27/Feb/2017:03:12:01 -0500] "POST /forms/lservlet;jsessionid=ac16012b30d65c4ee2ead734471a9978ecb3ce836978.e3iSbxaKaheRe3mKbxqTc30Lby1ynknvrkLOlQzNp65In0 HTTP/1.1" 200 2
69.162.124.233 - - [27/Feb/2017:03:12:24 -0500] "HEAD / HTTP/1.1" 200 -
66.249.75.38 - - [27/Feb/2017:03:13:27 -0500] "GET /Autoliquidacion/index.php?dir=TR%C1MITES%20VERTIMIENTOS/&sort=date&order=asc HTTP/1.1" 200 1989
192.168.175.104 - - [27/Feb/2017:03:13:34 -0500] "GET / HTTP/1.1" 200 9990
66.249.75.44 - - [27/Feb/2017:03:13:37 -0500] "GET /BLA/resoluciones/RESOLUCIONES%202013/2363.pdf HTTP/1.1" 200 1935883
201.245.192.253 - - [27/Feb/2017:03:14:01 -0500] "POST /forms/lservlet;jsessionid=ac16012b30d65c4ee2ead734471a9978ecb3ce836978.e3iSbxaKaheRe3mKbxqTc30Lby1ynknvrkLOlQzNp65In0 HTTP/1.1" 200 2
66.249.75.57 - - [27/Feb/2017:03:14:36 -0500] "GET /ecodirectorio/files/res/downloads/download_0137.pdf HTTP/1.1" 200 144228
192.168.175.104 - - [27/Feb/2017:03:14:47 -0500] "GET / HTTP/1.1" 200 9990
207.46.13.75 - - [27/Feb/2017:03:15:05 -0500] "GET /SIG/ECS/126PM04-PR27.pdf HTTP/1.1" 200 2416175
66.249.75.38 - - [27/Feb/2017:03:15:35 -0500] "GET /BLA/resoluciones/AUTOS%202007/0809.pdf HTTP/1.1" 200 90807
192.168.175.104 - - [27/Feb/2017:03:15:47 -0500] "GET / HTTP/1.0" 200 9990
95.85.7.112 - - [27/Feb/2017:03:15:57 -0500] "GET /agenda-ingles/ HTTP/1.0" 301 338
201.245.192.253 - - [27/Feb/2017:03:16:01 -0500] "POST /forms/lservlet;jsessionid=ac16012b30d65c4ee2ead734471a9978ecb3ce836978.e3iSbxaKaheRe3mKbxqTc30Lby1ynknvrkLOlQzNp65In0 HTTP/1.1" 200 2
51.255.65.93 - - [27/Feb/2017:03:16:17 -0500] "GET /BLA/resoluciones/RESOLUCIONES%202005/RES%202005%20801-850/00000826.tif HTTP/1.1" 200 277210
66.249.75.44 - - [27/Feb/2017:03:16:34 -0500] "GET /BLA/resoluciones/RESOLUCIONES%202009/3899.pdf HTTP/1.1" 200 185320
164.132.161.82 - - [27/Feb/2017:03:16:51 -0500] "GET /BLA/resoluciones/AUTOS%202006/AUTOS%202006%201201-1300/00001216.tif HTTP/1.1" 200 42854
5.39.218.201 - - [27/Feb/2017:03:16:54 -0500] "GET /82172316237 HTTP/1.1" 404 1018
69.162.124.233 - - [27/Feb/2017:03:17:24 -0500] "HEAD / HTTP/1.1" 200 -
125.209.235.185 - - [27/Feb/2017:03:17:32 -0500] "GET /robots.txt HTTP/1.1" 404 1098
125.209.235.172 - - [27/Feb/2017:03:17:33 -0500] "GET /galeria/carrusel/Carrusel/jquery.thumbnailScroller.css HTTP/1.1" 200 2066
125.209.235.172 - - [27/Feb/2017:03:17:34 -0500] "GET /galeria/galeria/jquery.fancybox.css?v=2.1.5 HTTP/1.1" 200 4895
201.245.192.253 - - [27/Feb/2017:03:18:01 -0500] "POST /forms/lservlet;jsessionid=ac16012b30d65c4ee2ead734471a9978ecb3ce836978.e3iSbxaKaheRe3mKbxqTc30Lby1ynknvrkLOlQzNp65In0 HTTP/1.1" 200 2
66.249.75.44 - - [27/Feb/2017:03:18:32 -0500] "GET /BLA/resoluciones/AUTOS%202011/6788.pdf HTTP/1.1" 200 125952
192.168.175.104 - - [27/Feb/2017:03:18:32 -0500] "GET / HTTP/1.1" 200 9990
163.172.66.14 - - [27/Feb/2017:03:18:50 -0500] "GET /autoliquidacion/index.php?dir=Solicitudes+relacionadas+con+calidad+del+aire+auditiva+y+visual%2FEvaluaci%F3n+de+permisos+de+emisi%F3n+para+fuentes+fijas%2F HTTP/1.1" 200 3663
194.87.234.246 - - [27/Feb/2017:03:19:21 -0500] "HEAD / HTTP/1.1" 200 -
195.133.147.6 - - [27/Feb/2017:03:19:22 -0500] "HEAD / HTTP/1.1" 200 -
66.249.75.38 - - [27/Feb/2017:03:19:30 -0500] "GET /BLA/resoluciones/RESOLUCIONES%202007/RES%202007%203001%20AL%203100/RESOLUCION%203044%20%20DE%202007.pdf HTTP/1.1" 304 -
192.168.175.104 - - [27/Feb/2017:03:19:46 -0500] "GET / HTTP/1.1" 200 9990
201.245.192.253 - - [27/Feb/2017:03:20:01 -0500] "POST /forms/lservlet;jsessionid=ac16012b30d65c4ee2ead734471a9978ecb3ce836978.e3iSbxaKaheRe3mKbxqTc30Lby1ynknvrkLOlQzNp65In0 HTTP/1.1" 200 2
207.46.13.207 - - [27/Feb/2017:03:20:08 -0500] "GET /robots.txt HTTP/1.1" 404 1019
66.249.75.38 - - [27/Feb/2017:03:20:29 -0500] "GET /BLA/resoluciones/RESOLUCIONES%202013/1135.pdf HTTP/1.1" 304 -
192.168.175.104 - - [27/Feb/2017:03:20:46 -0500] "GET / HTTP/1.0" 200 9990
131.253.26.252 - - [27/Feb/2017:03:21:05 -0500] "GET /BLA/boletinlegal/js/jquery.scrollShow.js HTTP/1.1" 200 4586
131.253.24.135 - - [27/Feb/2017:03:21:05 -0500] "GET /galeria/galeria/jquery.fancybox.js?v=2.1.5 HTTP/1.1" 200 48706
131.253.26.252 - - [27/Feb/2017:03:21:05 -0500] "GET /galeria/galeria/jquery.fancybox.css?v=2.1.5 HTTP/1.1" 200 4895
66.249.75.38 - - [27/Feb/2017:03:21:28 -0500] "GET /BLA/resoluciones/AUTOS%202007/0699.pdf HTTP/1.1" 200 75079
157.55.39.97 - - [27/Feb/2017:03:21:38 -0500] "GET /POT-2013/memoria%20justificativa/ANEXO_5.pdf HTTP/1.1" 200 23205
66.249.75.38 - - [27/Feb/2017:03:22:01 -0500] "GET /BLA/resoluciones/RESOLUCIONES%202011/2136.pdf HTTP/1.1" 200 783772
201.245.192.253 - - [27/Feb/2017:03:22:02 -0500] "POST /forms/lservlet;jsessionid=ac16012b30d65c4ee2ead734471a9978ecb3ce836978.e3iSbxaKaheRe3mKbxqTc30Lby1ynknvrkLOlQzNp65In0 HTTP/1.1" 200 2
69.162.124.233 - - [27/Feb/2017:03:22:24 -0500] "HEAD / HTTP/1.1" 200 -
66.249.75.44 - - [27/Feb/2017:03:22:47 -0500] "GET /BLA/resoluciones/RESOLUCIONES%202013/1021.pdf HTTP/1.1" 200 7625667
74.208.180.162 - - [27/Feb/2017:03:23:25 -0500] "GET /wp-admin/ HTTP/1.1" 404 1018
192.168.175.104 - - [27/Feb/2017:03:23:30 -0500] "GET / HTTP/1.1" 200 9990
66.249.75.44 - - [27/Feb/2017:03:23:33 -0500] "GET /BLA/resoluciones/RESOLUCIONES%202008/4478.pdf HTTP/1.1" 304 -
66.249.75.38 - - [27/Feb/2017:03:23:35 -0500] "GET /Autoliquidacion/index.php?dir=TR%C1MITES%20AGUAS%20SUPERFICIALES/&sort=size&order=asc HTTP/1.1" 200 2647
201.245.192.253 - - [27/Feb/2017:03:24:02 -0500] "POST /forms/lservlet;jsessionid=ac16012b30d65c4ee2ead734471a9978ecb3ce836978.e3iSbxaKaheRe3mKbxqTc30Lby1ynknvrkLOlQzNp65In0 HTTP/1.1" 200 2
66.249.75.55 - - [27/Feb/2017:03:24:19 -0500] "GET /galeria/nivo-slider/demo/images/ HTTP/1.1" 200 213041
192.168.175.104 - - [27/Feb/2017:03:24:44 -0500] "GET / HTTP/1.1" 200 9990
192.168.175.104 - - [27/Feb/2017:03:25:43 -0500] "GET / HTTP/1.0" 200 9990
201.245.192.253 - - [27/Feb/2017:03:26:02 -0500] "POST /forms/lservlet;jsessionid=ac16012b30d65c4ee2ead734471a9978ecb3ce836978.e3iSbxaKaheRe3mKbxqTc30Lby1ynknvrkLOlQzNp65In0 HTTP/1.1" 200 2
66.249.75.55 - - [27/Feb/2017:03:26:11 -0500] "GET /galeria/nivo-slider/demo/images/Convocatoria-CTPD-curvas-01.png HTTP/1.1" 200 565805
66.249.75.55 - - [27/Feb/2017:03:26:19 -0500] "GET /galeria/nivo-slider/demo/images/jbb3.jpg HTTP/1.1" 200 280309
66.249.75.55 - - [27/Feb/2017:03:26:28 -0500] "GET /galeria/nivo-slider/demo/images/palma1.jpg HTTP/1.1" 200 56988
66.249.75.55 - - [27/Feb/2017:03:26:38 -0500] "GET /galeria/nivo-slider/demo/images/7feb-5.jpg HTTP/1.1" 200 96948
186.29.174.227 - - [27/Feb/2017:03:26:44 -0500] "GET /isolucionsda/IdentificaUsuario.asp?Pagina1=FrameSetGeneral.asp& HTTP/1.1" 200 1250
186.29.174.227 - - [27/Feb/2017:03:26:44 -0500] "GET /favicon.ico HTTP/1.1" 200 7782
66.249.75.55 - - [27/Feb/2017:03:26:47 -0500] "GET /galeria/nivo-slider/demo/images/canto5.jpg HTTP/1.1" 200 110894
66.249.75.55 - - [27/Feb/2017:03:26:56 -0500] "GET /galeria/nivo-slider/demo/images/burro3.jpg HTTP/1.1" 200 127481
66.249.75.55 - - [27/Feb/2017:03:27:06 -0500] "GET /galeria/nivo-slider/demo/images/EduAmb3.jpg HTTP/1.1" 200 772069
66.249.75.38 - - [27/Feb/2017:03:27:09 -0500] "GET /galeria/bibloteca/mycontentflow.css HTTP/1.1" 200 3110
66.249.75.38 - - [27/Feb/2017:03:27:10 -0500] "GET /galeria/bibloteca/contentflow.css HTTP/1.1" 200 3201
66.249.75.38 - - [27/Feb/2017:03:27:11 -0500] "GET /galeria/bibloteca/ContentFlowAddOn_white.css HTTP/1.1" 200 3355
180.76.15.162 - - [27/Feb/2017:03:27:13 -0500] "GET /BLA/resoluciones/RESOLUCIONES%202013/1657.pdf HTTP/1.1" 200 722455
66.249.75.55 - - [27/Feb/2017:03:27:15 -0500] "GET /galeria/nivo-slider/demo/images/coplima.jpg HTTP/1.1" 200 85663
69.162.124.233 - - [27/Feb/2017:03:27:24 -0500] "HEAD / HTTP/1.1" 200 -
66.249.75.55 - - [27/Feb/2017:03:27:25 -0500] "GET /galeria/nivo-slider/demo/images/mujeres.jpg HTTP/1.1" 200 152133
66.249.75.59 - - [27/Feb/2017:03:27:35 -0500] "GET /galeria/nivo-slider/demo/images/Canino2.jpg HTTP/1.1" 200 134613
186.83.30.29 - - [27/Feb/2017:03:27:44 -0500] "GET /galeria/galeria/jquery.fancybox.css?v=2.1.5 HTTP/1.1" 200 4895
186.83.30.29 - - [27/Feb/2017:03:27:44 -0500] "GET /BLA/boletinlegal/js/jquery.scrollShow.js HTTP/1.1" 200 4586
186.83.30.29 - - [27/Feb/2017:03:27:44 -0500] "GET /galeria/galeria/jquery.fancybox.js?v=2.1.5 HTTP/1.1" 200 48706
66.249.75.55 - - [27/Feb/2017:03:27:44 -0500] "GET /galeria/nivo-slider/demo/images/Madera03.jpg HTTP/1.1" 200 121177
66.249.75.55 - - [27/Feb/2017:03:27:53 -0500] "GET /galeria/nivo-slider/demo/images/quebrada.jpg HTTP/1.1" 200 357857
201.245.192.253 - - [27/Feb/2017:03:28:02 -0500] "POST /forms/lservlet;jsessionid=ac16012b30d65c4ee2ead734471a9978ecb3ce836978.e3iSbxaKaheRe3mKbxqTc30Lby1ynknvrkLOlQzNp65In0 HTTP/1.1" 200 2
186.83.30.29 - - [27/Feb/2017:03:28:03 -0500] "GET /galeria/galeria/jquery.fancybox.js?v=2.1.5 HTTP/1.1" 304 -
186.83.30.29 - - [27/Feb/2017:03:28:03 -0500] "GET /galeria/galeria/jquery.fancybox.css?v=2.1.5 HTTP/1.1" 304 -
186.83.30.29 - - [27/Feb/2017:03:28:03 -0500] "GET /BLA/boletinlegal/js/jquery.scrollShow.js HTTP/1.1" 304 -
66.249.75.55 - - [27/Feb/2017:03:28:03 -0500] "GET /galeria/nivo-slider/demo/images/Llantas3.jpg HTTP/1.1" 200 85268
66.249.75.38 - - [27/Feb/2017:03:28:09 -0500] "GET /BLA/resoluciones/RESOLUCIONES%202007/RES%202007%201401%20AL%201500/RESOLUCION%201401%20DE%202007.pdf HTTP/1.1" 304 -
66.249.75.55 - - [27/Feb/2017:03:28:12 -0500] "GET /galeria/nivo-slider/demo/images/galeria3.jpg HTTP/1.1" 200 37531
66.249.75.55 - - [27/Feb/2017:03:28:22 -0500] "GET /galeria/nivo-slider/demo/images/galeria2.jpg HTTP/1.1" 200 66335
192.168.175.104 - - [27/Feb/2017:03:28:28 -0500] "GET / HTTP/1.1" 200 9990
66.249.75.55 - - [27/Feb/2017:03:28:31 -0500] "GET /galeria/nivo-slider/demo/images/NotiNala.jpg HTTP/1.1" 200 142809
66.249.75.57 - - [27/Feb/2017:03:28:39 -0500] "GET /BLA/boletinlegal/Directivas/2011/Directiva%20No.%207%20del%2015%20de%20Septiembre%20de%202011.pdf HTTP/1.1" 200 268084
66.249.75.57 - - [27/Feb/2017:03:28:41 -0500] "GET /galeria/nivo-slider/demo/images/ecolecta.jpg HTTP/1.1" 200 263140
66.249.75.55 - - [27/Feb/2017:03:28:51 -0500] "GET /galeria/nivo-slider/demo/images/pevmovil1.jpg HTTP/1.1" 200 102549
104.199.233.72 - - [27/Feb/2017:03:28:59 -0500] "-" 408 -
66.249.75.55 - - [27/Feb/2017:03:29:00 -0500] "GET /galeria/nivo-slider/demo/images/siembra03.jpg HTTP/1.1" 200 63247
66.249.75.55 - - [27/Feb/2017:03:29:09 -0500] "GET /galeria/nivo-slider/demo/images/Fotoweb01.jpg HTTP/1.1" 200 117433
66.249.75.55 - - [27/Feb/2017:03:29:18 -0500] "GET /galeria/nivo-slider/demo/images/conCarro5.jpg HTTP/1.1" 200 76636
163.172.65.55 - - [27/Feb/2017:03:29:20 -0500] "GET /BLA/resoluciones/RESOLUCIONES%202002/RES%202002%201601-1650/20021605.tif HTTP/1.1" 200 262916
66.249.75.55 - - [27/Feb/2017:03:29:28 -0500] "GET /galeria/nivo-slider/demo/images/Apagon101.jpg HTTP/1.1" 200 111134
66.249.75.55 - - [27/Feb/2017:03:29:37 -0500] "GET /galeria/nivo-slider/demo/images/lechuza13.jpg HTTP/1.1" 200 174422
66.249.75.38 - - [27/Feb/2017:03:29:41 -0500] "GET / HTTP/1.1" 200 9990
192.168.175.104 - - [27/Feb/2017:03:29:41 -0500] "GET / HTTP/1.1" 200 9990
66.249.75.55 - - [27/Feb/2017:03:29:47 -0500] "GET /galeria/nivo-slider/demo/images/ApagonNov8.jpg HTTP/1.1" 200 35260
66.249.75.55 - - [27/Feb/2017:03:29:56 -0500] "GET /galeria/nivo-slider/demo/images/ecolecta2016.jpg HTTP/1.1" 200 147170
201.245.192.253 - - [27/Feb/2017:03:30:03 -0500] "POST /forms/lservlet;jsessionid=ac16012b30d65c4ee2ead734471a9978ecb3ce836978.e3iSbxaKaheRe3mKbxqTc30Lby1ynknvrkLOlQzNp65In0 HTTP/1.1" 200 2
66.249.75.55 - - [27/Feb/2017:03:30:06 -0500] "GET /galeria/nivo-slider/demo/images/todosxelagua6.jpg HTTP/1.1" 200 97817
66.249.75.55 - - [27/Feb/2017:03:30:15 -0500] "GET /galeria/nivo-slider/demo/images/astromirador3.jpg HTTP/1.1" 200 130324
66.249.75.55 - - [27/Feb/2017:03:30:25 -0500] "GET /galeria/nivo-slider/demo/images/todosxelagua28.jpg HTTP/1.1" 200 105566
66.249.75.62 - - [27/Feb/2017:03:30:27 -0500] "GET / HTTP/1.1" 200 9990
66.249.75.59 - - [27/Feb/2017:03:30:34 -0500] "GET /galeria/nivo-slider/demo/images/banner-aceite3.jpg HTTP/1.1" 200 88347
192.168.175.104 - - [27/Feb/2017:03:30:41 -0500] "GET / HTTP/1.0" 200 9990
66.249.75.55 - - [27/Feb/2017:03:30:44 -0500] "GET /galeria/nivo-slider/demo/images/ramostemplete3.jpg HTTP/1.1" 200 325601
66.249.75.55 - - [27/Feb/2017:03:30:53 -0500] "GET /galeria/nivo-slider/demo/images/MANTENIMIENTO2.jpg HTTP/1.1" 200 91909
66.249.75.55 - - [27/Feb/2017:03:31:03 -0500] "GET /galeria/nivo-slider/demo/images/EncuentroAgua1.jpg HTTP/1.1" 200 274179
40.77.167.111 - - [27/Feb/2017:03:31:09 -0500] "GET /BLA/boletinlegal/normativa.php HTTP/1.1" 200 8086
163.172.64.185 - - [27/Feb/2017:03:31:11 -0500] "GET /BLA/resoluciones/RESOLUCIONES%202003/RES%202003%201301-1350/20031315.tif HTTP/1.1" 200 119796
66.249.75.55 - - [27/Feb/2017:03:31:12 -0500] "GET /galeria/nivo-slider/demo/images/BANNERCGLU2016.jpg HTTP/1.1" 200 81627
66.249.75.7 - - [27/Feb/2017:03:31:13 -0500] "GET / HTTP/1.1" 301 324
66.249.75.55 - - [27/Feb/2017:03:31:22 -0500] "GET /galeria/nivo-slider/demo/images/Limpieza-fucha.jpg HTTP/1.1" 200 58066
66.249.75.55 - - [27/Feb/2017:03:31:22 -0500] "GET /robots.txt HTTP/1.1" 404 1019
66.249.75.55 - - [27/Feb/2017:03:31:31 -0500] "GET /galeria/nivo-slider/demo/images/PEV-SubaSlider.png HTTP/1.1" 200 495249
180.76.15.15 - - [27/Feb/2017:03:31:36 -0500] "GET / HTTP/1.1" 200 9990
66.249.75.57 - - [27/Feb/2017:03:31:41 -0500] "GET /galeria/nivo-slider/demo/images/todosxelagua44.jpg HTTP/1.1" 200 125941
66.249.75.55 - - [27/Feb/2017:03:31:50 -0500] "GET /galeria/nivo-slider/demo/images/acuerdo-navidad.jpg HTTP/1.1" 200 104479
66.249.75.55 - - [27/Feb/2017:03:32:00 -0500] "GET /galeria/nivo-slider/demo/images/adqusici%C3%B3n.jpg HTTP/1.1" 200 187798
201.245.192.253 - - [27/Feb/2017:03:32:03 -0500] "POST /forms/lservlet;jsessionid=ac16012b30d65c4ee2ead734471a9978ecb3ce836978.e3iSbxaKaheRe3mKbxqTc30Lby1ynknvrkLOlQzNp65In0 HTTP/1.1" 200 2
66.249.75.55 - - [27/Feb/2017:03:32:09 -0500] "GET /galeria/nivo-slider/demo/images/Banner-Bio-expo.jpg HTTP/1.1" 200 279197
66.249.75.55 - - [27/Feb/2017:03:32:18 -0500] "GET /galeria/nivo-slider/demo/images/bannerpread2017.jpg HTTP/1.1" 200 124333
180.76.15.155 - - [27/Feb/2017:03:32:20 -0500] "GET / HTTP/1.1" 200 9990
69.162.124.233 - - [27/Feb/2017:03:32:24 -0500] "HEAD / HTTP/1.1" 200 -
66.249.75.55 - - [27/Feb/2017:03:32:28 -0500] "GET /galeria/nivo-slider/demo/images/JornadaAdopcion.jpg HTTP/1.1" 200 153033
66.249.75.55 - - [27/Feb/2017:03:32:37 -0500] "GET /galeria/nivo-slider/demo/images/Embajada-Ecuador.jpg HTTP/1.1" 200 74527
66.249.75.55 - - [27/Feb/2017:03:32:47 -0500] "GET /galeria/nivo-slider/demo/images/caminata-ecologica.jpg HTTP/1.1" 200 192926
66.249.75.55 - - [27/Feb/2017:03:32:56 -0500] "GET /galeria/nivo-slider/demo/images/bannersilvicultura.jpg HTTP/1.1" 200 173023
66.249.75.55 - - [27/Feb/2017:03:33:06 -0500] "GET /galeria/nivo-slider/demo/images/SEMANAAMBIENTAL2016.jpg HTTP/1.1" 200 153335
66.249.75.55 - - [27/Feb/2017:03:33:15 -0500] "GET /galeria/nivo-slider/demo/images/bannerlumina2017web.jpg HTTP/1.1" 200 198918
66.249.75.55 - - [27/Feb/2017:03:33:25 -0500] "GET /galeria/nivo-slider/demo/images/ACOPIADORESYGESTORES.jpg HTTP/1.1" 200 118791
192.168.175.104 - - [27/Feb/2017:03:33:27 -0500] "GET / HTTP/1.1" 200 9990
66.249.75.38 - - [27/Feb/2017:03:33:31 -0500] "GET /BLA/resoluciones/RESOLUCIONES%202011/1806.pdf HTTP/1.1" 304 -
66.249.75.55 - - [27/Feb/2017:03:33:34 -0500] "GET /galeria/nivo-slider/demo/images/portada-fiesta_bogota.jpg HTTP/1.1" 200 201583
74.208.180.162 - - [27/Feb/2017:03:33:41 -0500] "GET /test/wp-admin/ HTTP/1.1" 404 1018
66.249.75.55 - - [27/Feb/2017:03:33:44 -0500] "GET /galeria/nivo-slider/demo/images/Banner-informativo3V2.jpg HTTP/1.1" 200 203177
66.249.75.57 - - [27/Feb/2017:03:33:53 -0500] "GET /BLA/boletinlegal/Directivas/2011/Directiva%20No.%209%20del%2023%20de%20Septiembre%20de%202011.pdf HTTP/1.1" 200 326687
66.249.75.55 - - [27/Feb/2017:03:33:54 -0500] "GET /galeria/nivo-slider/demo/images/Programacion-navidena.jpg HTTP/1.1" 200 316038
66.249.75.55 - - [27/Feb/2017:03:34:03 -0500] "GET /galeria/nivo-slider/demo/images/encuentros_ciudadanos.jpg HTTP/1.1" 200 128337
201.245.192.253 - - [27/Feb/2017:03:34:03 -0500] "POST /forms/lservlet;jsessionid=ac16012b30d65c4ee2ead734471a9978ecb3ce836978.e3iSbxaKaheRe3mKbxqTc30Lby1ynknvrkLOlQzNp65In0 HTTP/1.1" 200 2
66.249.75.38 - - [27/Feb/2017:03:34:17 -0500] "GET /BLA/resoluciones/RESOLUCIONES%202007/RES%202007%203401%20AL%203500/RESOLUCION%203424%20DE%202007.pdf HTTP/1.1" 200 58049
192.168.175.104 - - [27/Feb/2017:03:34:40 -0500] "GET / HTTP/1.1" 200 9990
164.132.161.71 - - [27/Feb/2017:03:35:25 -0500] "GET /BLA/resoluciones/index.php?dir=RESOLUCIONES%202016/&sort=date&order=asc HTTP/1.1" 200 67040
192.168.175.104 - - [27/Feb/2017:03:35:39 -0500] "GET / HTTP/1.0" 200 9990
201.245.192.253 - - [27/Feb/2017:03:36:03 -0500] "POST /forms/lservlet;jsessionid=ac16012b30d65c4ee2ead734471a9978ecb3ce836978.e3iSbxaKaheRe3mKbxqTc30Lby1ynknvrkLOlQzNp65In0 HTTP/1.1" 200 2
66.249.75.38 - - [27/Feb/2017:03:37:20 -0500] "GET /portalsiaccapacitaciones/Listas%20de%20Asistencia%202016/LISTA%20DE%20ASISTENCIA%20MESA%20PIGA%2020%20DE%20MAYO.pdf HTTP/1.1" 200 241478
69.162.124.233 - - [27/Feb/2017:03:37:24 -0500] "HEAD / HTTP/1.1" 200 -
186.29.174.227 - - [27/Feb/2017:03:37:30 -0500] "GET /isolucionsda/FrameSetGeneral.asp?Pagina=ListadoMaestroDocumentos3.asp HTTP/1.1" 200 146
186.29.174.227 - - [27/Feb/2017:03:37:30 -0500] "GET /favicon.ico HTTP/1.1" 200 7782
201.245.192.253 - - [27/Feb/2017:03:38:04 -0500] "POST /forms/lservlet;jsessionid=ac16012b30d65c4ee2ead734471a9978ecb3ce836978.e3iSbxaKaheRe3mKbxqTc30Lby1ynknvrkLOlQzNp65In0 HTTP/1.1" 200 2
192.168.175.104 - - [27/Feb/2017:03:38:24 -0500] "GET / HTTP/1.1" 200 9990
66.249.75.38 - - [27/Feb/2017:03:39:08 -0500] "GET /Autoliquidacion/index.php?dir=Solicitud%20de%20expedici%F3n%20de%20certificados%20de%20estado%20de%20conservaci%F3n%20ambiental%20(CECA)/&sort=size&order=asc HTTP/1.1" 200 2715
192.168.175.104 - - [27/Feb/2017:03:39:38 -0500] "GET / HTTP/1.1" 200 9990
66.249.75.41 - - [27/Feb/2017:03:39:38 -0500] "GET /BLA/resoluciones/RESOLUCIONES%202007/RES%202007%203701%20AL%203800/RESOLUCION%203713%20DE%202007.pdf HTTP/1.1" 200 880815
201.245.192.253 - - [27/Feb/2017:03:40:04 -0500] "POST /forms/lservlet;jsessionid=ac16012b30d65c4ee2ead734471a9978ecb3ce836978.e3iSbxaKaheRe3mKbxqTc30Lby1ynknvrkLOlQzNp65In0 HTTP/1.1" 200 2
66.249.75.41 - - [27/Feb/2017:03:40:24 -0500] "GET /BLA/resoluciones/AUTOS%202007/0975.pdf HTTP/1.1" 200 48906
192.168.175.104 - - [27/Feb/2017:03:40:37 -0500] "GET / HTTP/1.0" 200 9990
66.249.75.55 - - [27/Feb/2017:03:41:02 -0500] "GET /galeria/nivo-slider/demo/images/Banner-AgendaSmarcity.jpg HTTP/1.1" 200 38498
186.29.174.227 - - [27/Feb/2017:03:41:10 -0500] "GET /isolucionsda/FrameSetGeneral.asp?Pagina=ListadoMaestroDocumentos3.asp HTTP/1.1" 200 146
66.249.75.38 - - [27/Feb/2017:03:41:10 -0500] "GET /BLA/resoluciones/AUTOS%202007/0518.pdf HTTP/1.1" 200 173791
42.236.99.86 - - [27/Feb/2017:03:41:13 -0500] "GET / HTTP/1.1" 200 9990
42.236.10.102 - - [27/Feb/2017:03:41:14 -0500] "GET /robots.txt HTTP/1.1" 404 1173
163.172.65.198 - - [27/Feb/2017:03:41:30 -0500] "GET /BLA/resoluciones/AUTOS%202006/AUTOS%202006%20301-400/00000354.tif HTTP/1.1" 200 115256
186.29.174.227 - - [27/Feb/2017:03:41:45 -0500] "GET /isolucionsda/FrameSetGeneral.asp?Pagina=ListadoMaestroDocumentos3.asp HTTP/1.1" 200 146
163.172.66.111 - - [27/Feb/2017:03:41:49 -0500] "GET /BLA/resoluciones/RESOLUCIONES%202005/RES%202005%202051-2100/00002093.tif HTTP/1.1" 200 110742
201.245.192.253 - - [27/Feb/2017:03:42:04 -0500] "POST /forms/lservlet;jsessionid=ac16012b30d65c4ee2ead734471a9978ecb3ce836978.e3iSbxaKaheRe3mKbxqTc30Lby1ynknvrkLOlQzNp65In0 HTTP/1.1" 200 2
69.162.124.233 - - [27/Feb/2017:03:42:24 -0500] "HEAD / HTTP/1.1" 200 -
66.249.75.41 - - [27/Feb/2017:03:42:42 -0500] "GET /BLA/resoluciones/AUTOS%202012/2337.pdf HTTP/1.1" 200 2397291
192.168.175.104 - - [27/Feb/2017:03:43:22 -0500] "GET / HTTP/1.1" 200 9990
74.208.180.162 - - [27/Feb/2017:03:43:45 -0500] "GET /wordpress/wp-admin/ HTTP/1.1" 404 1018
201.245.192.253 - - [27/Feb/2017:03:44:04 -0500] "POST /forms/lservlet;jsessionid=ac16012b30d65c4ee2ead734471a9978ecb3ce836978.e3iSbxaKaheRe3mKbxqTc30Lby1ynknvrkLOlQzNp65In0 HTTP/1.1" 200 2
66.249.75.57 - - [27/Feb/2017:03:44:19 -0500] "GET /BLA/boletinlegal/Circulares/2013/Circular%20No.%202%20del%2022%20de%20enero%20de%202013.pdf HTTP/1.1" 200 85466
192.168.175.104 - - [27/Feb/2017:03:44:35 -0500] "GET / HTTP/1.1" 200 9990
163.172.66.13 - - [27/Feb/2017:03:45:34 -0500] "GET /BLA/resoluciones/RESOLUCIONES%202005/RES%202005%202101-2150/00002116.tif HTTP/1.1" 200 121504
192.168.175.104 - - [27/Feb/2017:03:45:36 -0500] "GET / HTTP/1.0" 200 9990
201.245.192.253 - - [27/Feb/2017:03:46:04 -0500] "POST /forms/lservlet;jsessionid=ac16012b30d65c4ee2ead734471a9978ecb3ce836978.e3iSbxaKaheRe3mKbxqTc30Lby1ynknvrkLOlQzNp65In0 HTTP/1.1" 200 2
163.172.65.183 - - [27/Feb/2017:03:46:45 -0500] "GET /BLA/resoluciones/AUTOS%202006/AUTOS%202006%202301%20-%202400/00002335.tif HTTP/1.1" 200 60368
163.172.66.39 - - [27/Feb/2017:03:47:06 -0500] "GET /BLA/resoluciones/RESOLUCIONES%202002/RES%202002%201601-1650/20021630.tif HTTP/1.1" 200 145366
66.249.75.38 - - [27/Feb/2017:03:47:18 -0500] "GET /BLA/resoluciones/RESOLUCIONES%202010/7578.pdf HTTP/1.1" 200 918848
69.162.124.233 - - [27/Feb/2017:03:47:24 -0500] "HEAD / HTTP/1.1" 200 -
163.172.66.112 - - [27/Feb/2017:03:48:00 -0500] "GET /BLA/resoluciones/RESOLUCIONES%202002/RES%202002%20551-600/00000567.tif HTTP/1.1" 200 448986
66.249.75.41 - - [27/Feb/2017:03:48:04 -0500] "GET /BLA/resoluciones/RESOLUCIONES%202009/8659.pdf HTTP/1.1" 200 127111
201.245.192.253 - - [27/Feb/2017:03:48:05 -0500] "POST /forms/lservlet;jsessionid=ac16012b30d65c4ee2ead734471a9978ecb3ce836978.e3iSbxaKaheRe3mKbxqTc30Lby1ynknvrkLOlQzNp65In0 HTTP/1.1" 200 2
163.172.66.51 - - [27/Feb/2017:03:48:12 -0500] "GET /BLA/resoluciones/RESOLUCIONES%202002/RES%202002%201001-1050/2002RES1033.tif HTTP/1.1" 200 64042
192.168.175.104 - - [27/Feb/2017:03:48:20 -0500] "GET / HTTP/1.1" 200 9990
161.132.216.40 - - [27/Feb/2017:03:48:52 -0500] "PUT /webdav/Fr0stboot.php HTTP/1.1" 405 938
192.168.175.104 - - [27/Feb/2017:03:49:33 -0500] "GET / HTTP/1.1" 200 9990
66.249.75.57 - - [27/Feb/2017:03:49:46 -0500] "GET /BLA/boletinlegal/Circulares/2014/Circular%20No.%202%20del%2021%20de%20septiembre%20de%202014.pdf HTTP/1.1" 200 143376
201.245.192.253 - - [27/Feb/2017:03:50:05 -0500] "POST /forms/lservlet;jsessionid=ac16012b30d65c4ee2ead734471a9978ecb3ce836978.e3iSbxaKaheRe3mKbxqTc30Lby1ynknvrkLOlQzNp65In0 HTTP/1.1" 200 2
223.132.239.211 - - [27/Feb/2017:03:50:26 -0500] "POST /xmlrpc.php HTTP/1.1" 301 334
223.132.239.211 - - [27/Feb/2017:03:50:28 -0500] "GET /wp-login.php HTTP/1.1" 301 336
223.132.239.211 - - [27/Feb/2017:03:50:30 -0500] "POST /wp-login.php HTTP/1.1" 301 336
192.168.175.104 - - [27/Feb/2017:03:50:34 -0500] "GET / HTTP/1.0" 200 9990
163.172.66.4 - - [27/Feb/2017:03:50:51 -0500] "GET /BLA/resoluciones/RESOLUCIONES%202003/RES%202003%20601-650/647.tif HTTP/1.1" 200 73152
77.88.47.5 - - [27/Feb/2017:03:51:18 -0500] "GET /robots.txt HTTP/1.1" 404 1015
77.88.47.40 - - [27/Feb/2017:03:51:18 -0500] "GET /robots.txt HTTP/1.1" 404 1019
141.8.143.153 - - [27/Feb/2017:03:51:18 -0500] "GET /robots.txt HTTP/1.1" 404 1015
5.255.250.43 - - [27/Feb/2017:03:51:19 -0500] "GET /robots.txt HTTP/1.1" 404 1019
77.88.47.81 - - [27/Feb/2017:03:51:22 -0500] "GET / HTTP/1.1" 200 9990
141.8.143.167 - - [27/Feb/2017:03:51:22 -0500] "GET / HTTP/1.1" 200 9990
77.88.47.81 - - [27/Feb/2017:03:51:22 -0500] "GET / HTTP/1.1" 200 9990
141.8.143.167 - - [27/Feb/2017:03:51:23 -0500] "GET / HTTP/1.1" 200 9990
201.245.192.253 - - [27/Feb/2017:03:52:05 -0500] "POST /forms/lservlet;jsessionid=ac16012b30d65c4ee2ead734471a9978ecb3ce836978.e3iSbxaKaheRe3mKbxqTc30Lby1ynknvrkLOlQzNp65In0 HTTP/1.1" 200 2
69.162.124.233 - - [27/Feb/2017:03:52:24 -0500] "HEAD / HTTP/1.1" 200 -
66.249.75.59 - - [27/Feb/2017:03:52:39 -0500] "GET / HTTP/1.1" 200 9990
164.132.161.3 - - [27/Feb/2017:03:52:42 -0500] "GET /BLA/resoluciones/RESOLUCIONES%202006/RES%202006%202751-2800/00002771.tif HTTP/1.1" 200 76866
192.168.175.104 - - [27/Feb/2017:03:53:18 -0500] "GET / HTTP/1.1" 200 9990
5.39.218.201 - - [27/Feb/2017:03:53:38 -0500] "GET /82172316237 HTTP/1.1" 404 1018
163.172.66.81 - - [27/Feb/2017:03:53:55 -0500] "GET /BLA/resoluciones/RESOLUCIONES%202003/RES%202003%20401-450/401.tif HTTP/1.1" 200 192120
40.77.167.73 - - [27/Feb/2017:03:53:55 -0500] "GET /galeria/galeria/jquery.fancybox.js?v=2.1.5 HTTP/1.1" 200 48706
74.208.180.162 - - [27/Feb/2017:03:53:56 -0500] "GET /blog/wp-admin/ HTTP/1.1" 404 1018
201.245.192.253 - - [27/Feb/2017:03:54:05 -0500] "POST /forms/lservlet;jsessionid=ac16012b30d65c4ee2ead734471a9978ecb3ce836978.e3iSbxaKaheRe3mKbxqTc30Lby1ynknvrkLOlQzNp65In0 HTTP/1.1" 200 2
66.249.75.47 - - [27/Feb/2017:03:54:26 -0500] "GET /sipse/ HTTP/1.1" 302 -
192.168.175.104 - - [27/Feb/2017:03:54:31 -0500] "GET / HTTP/1.1" 200 9990
66.249.75.49 - - [27/Feb/2017:03:54:35 -0500] "GET /sipse/faces/autenticacion.xhtml HTTP/1.1" 200 10994
66.249.75.44 - - [27/Feb/2017:03:54:50 -0500] "GET /sipse/faces/index.xhtml HTTP/1.1" 200 758
192.168.175.104 - - [27/Feb/2017:03:55:31 -0500] "GET / HTTP/1.0" 200 9990
164.132.161.34 - - [27/Feb/2017:03:55:51 -0500] "GET /BLA/resoluciones/RESOLUCIONES%202002/RES%202002%201851-1900/20021864.tif HTTP/1.1" 200 93456
186.147.227.117 - - [27/Feb/2017:03:55:53 -0500] "GET /galeria/galeria/jquery.fancybox.css?v=2.1.5 HTTP/1.1" 200 4895
186.147.227.117 - - [27/Feb/2017:03:55:54 -0500] "GET /BLA/boletinlegal/js/jquery.scrollShow.js HTTP/1.1" 200 4586
186.147.227.117 - - [27/Feb/2017:03:55:54 -0500] "GET /galeria/galeria/jquery.fancybox.js?v=2.1.5 HTTP/1.1" 200 48706
201.245.192.253 - - [27/Feb/2017:03:56:06 -0500] "POST /forms/lservlet;jsessionid=ac16012b30d65c4ee2ead734471a9978ecb3ce836978.e3iSbxaKaheRe3mKbxqTc30Lby1ynknvrkLOlQzNp65In0 HTTP/1.1" 200 2
180.76.15.11 - - [27/Feb/2017:03:57:14 -0500] "GET /BLA/resoluciones/RESOLUCIONES%202009/2535.pdf HTTP/1.1" 200 471986
69.162.124.233 - - [27/Feb/2017:03:57:24 -0500] "HEAD / HTTP/1.1" 200 -
186.147.227.117 - - [27/Feb/2017:03:58:02 -0500] "GET /galeria/galeria/jquery.fancybox.css?v=2.1.5 HTTP/1.1" 304 -
186.147.227.117 - - [27/Feb/2017:03:58:02 -0500] "GET /BLA/boletinlegal/js/jquery.scrollShow.js HTTP/1.1" 304 -
186.147.227.117 - - [27/Feb/2017:03:58:03 -0500] "GET /galeria/galeria/jquery.fancybox.js?v=2.1.5 HTTP/1.1" 304 -
201.245.192.253 - - [27/Feb/2017:03:58:06 -0500] "POST /forms/lservlet;jsessionid=ac16012b30d65c4ee2ead734471a9978ecb3ce836978.e3iSbxaKaheRe3mKbxqTc30Lby1ynknvrkLOlQzNp65In0 HTTP/1.1" 200 2
216.244.66.245 - - [27/Feb/2017:03:58:16 -0500] "GET /robots.txt HTTP/1.1" 404 1019
192.168.175.104 - - [27/Feb/2017:03:58:17 -0500] "GET / HTTP/1.1" 200 9990
66.249.75.57 - - [27/Feb/2017:03:58:38 -0500] "GET /galeria/nivo-slider/demo/images/Banner-Lanzamiento-PDA.jpg HTTP/1.1" 200 66775
66.249.75.38 - - [27/Feb/2017:03:58:47 -0500] "GET /BLA/resoluciones/RESOLUCIONES%202011/4788.pdf HTTP/1.1" 200 616614
192.168.175.104 - - [27/Feb/2017:03:59:32 -0500] "GET / HTTP/1.1" 200 9990
201.245.192.253 - - [27/Feb/2017:04:00:06 -0500] "POST /forms/lservlet;jsessionid=ac16012b30d65c4ee2ead734471a9978ecb3ce836978.e3iSbxaKaheRe3mKbxqTc30Lby1ynknvrkLOlQzNp65In0 HTTP/1.1" 200 2
66.249.75.38 - - [27/Feb/2017:04:00:18 -0500] "GET /galeria/nivo-slider/demo/images/convocatoriasecretaria.jpg HTTP/1.1" 304 -
192.168.175.104 - - [27/Feb/2017:04:00:29 -0500] "GET / HTTP/1.0" 200 9990
66.249.75.44 - - [27/Feb/2017:04:01:05 -0500] "GET /BLA/resoluciones/AUTOS%202014/0702.pdf HTTP/1.1" 200 543561
66.249.75.44 - - [27/Feb/2017:04:01:51 -0500] "GET /BLA/resoluciones/AUTOS%202014/2865.pdf HTTP/1.1" 200 706227
190.25.24.12 - - [27/Feb/2017:04:01:53 -0500] "GET /BLA/boletinlegal/js/jquery.scrollShow.js HTTP/1.1" 200 4586
190.25.24.12 - - [27/Feb/2017:04:01:53 -0500] "GET /galeria/galeria/jquery.fancybox.css?v=2.1.5 HTTP/1.1" 200 4895
190.25.24.12 - - [27/Feb/2017:04:01:53 -0500] "GET /galeria/galeria/jquery.fancybox.js?v=2.1.5 HTTP/1.1" 200 48706
190.25.24.12 - - [27/Feb/2017:04:01:57 -0500] "GET /BLA/boletinlegal/js/jquery.scrollShow.js HTTP/1.1" 304 -
190.25.24.12 - - [27/Feb/2017:04:01:57 -0500] "GET /galeria/galeria/jquery.fancybox.js?v=2.1.5 HTTP/1.1" 304 -
190.25.24.12 - - [27/Feb/2017:04:01:57 -0500] "GET /galeria/galeria/jquery.fancybox.css?v=2.1.5 HTTP/1.1" 304 -
201.245.192.253 - - [27/Feb/2017:04:02:06 -0500] "POST /forms/lservlet;jsessionid=ac16012b30d65c4ee2ead734471a9978ecb3ce836978.e3iSbxaKaheRe3mKbxqTc30Lby1ynknvrkLOlQzNp65In0 HTTP/1.1" 200 2
190.25.24.12 - - [27/Feb/2017:04:02:15 -0500] "GET /galeria/galeria/jquery.fancybox.js?v=2.1.5 HTTP/1.1" 304 -
190.25.24.12 - - [27/Feb/2017:04:02:15 -0500] "GET /galeria/galeria/jquery.fancybox.css?v=2.1.5 HTTP/1.1" 304 -
190.25.24.12 - - [27/Feb/2017:04:02:15 -0500] "GET /BLA/boletinlegal/js/jquery.scrollShow.js HTTP/1.1" 304 -
69.162.124.233 - - [27/Feb/2017:04:02:24 -0500] "HEAD / HTTP/1.1" 200 -
180.76.15.32 - - [27/Feb/2017:04:02:34 -0500] "GET / HTTP/1.1" 200 9990
66.249.75.44 - - [27/Feb/2017:04:02:37 -0500] "GET /BLA/resoluciones/RESOLUCIONES%202007/RES%202007%201401%20AL%201500/RESOLUCION%201406%20DE%202007.pdf HTTP/1.1" 200 215936
66.249.75.61 - - [27/Feb/2017:04:03:03 -0500] "GET /www.ambientebogota.gov.co/ HTTP/1.1" 404 1019
192.168.175.104 - - [27/Feb/2017:04:03:14 -0500] "GET / HTTP/1.1" 200 9990
