163.172.65.107 - - [27/Feb/2017:04:03:56 -0500] "GET /BLA/resoluciones/AUTOS%202006/AUTOS%202006%202301%20-%202400/00002395.tif HTTP/1.1" 200 81828
201.245.192.253 - - [27/Feb/2017:04:04:06 -0500] "POST /forms/lservlet;jsessionid=ac16012b30d65c4ee2ead734471a9978ecb3ce836978.e3iSbxaKaheRe3mKbxqTc30Lby1ynknvrkLOlQzNp65In0 HTTP/1.1" 200 2
66.249.75.38 - - [27/Feb/2017:04:04:09 -0500] "GET /BLA/resoluciones/RESOLUCIONES%202009/5776.pdf HTTP/1.1" 200 1006847
192.168.175.104 - - [27/Feb/2017:04:04:27 -0500] "GET / HTTP/1.1" 200 9990
192.168.175.104 - - [27/Feb/2017:04:05:27 -0500] "GET / HTTP/1.0" 200 9990
66.249.75.41 - - [27/Feb/2017:04:05:41 -0500] "GET /BLA/resoluciones/AUTOS%202010/1884.pdf HTTP/1.1" 200 145379
201.245.192.253 - - [27/Feb/2017:04:06:07 -0500] "POST /forms/lservlet;jsessionid=ac16012b30d65c4ee2ead734471a9978ecb3ce836978.e3iSbxaKaheRe3mKbxqTc30Lby1ynknvrkLOlQzNp65In0 HTTP/1.1" 200 2
216.244.66.245 - - [27/Feb/2017:04:06:56 -0500] "GET / HTTP/1.1" 200 9990
180.76.15.159 - - [27/Feb/2017:04:07:10 -0500] "GET /BLA/resoluciones/RESOLUCIONES%202013/2799.pdf HTTP/1.1" 200 352448
69.162.124.233 - - [27/Feb/2017:04:07:23 -0500] "HEAD / HTTP/1.1" 200 -
66.249.75.38 - - [27/Feb/2017:04:07:59 -0500] "GET /BLA/resoluciones/RESOLUCIONES%202007/RES%202007%202501%20AL%202600/RESOLUCION%202542%20DE%202007.pdf HTTP/1.1" 304 -
201.245.192.253 - - [27/Feb/2017:04:08:07 -0500] "POST /forms/lservlet;jsessionid=ac16012b30d65c4ee2ead734471a9978ecb3ce836978.e3iSbxaKaheRe3mKbxqTc30Lby1ynknvrkLOlQzNp65In0 HTTP/1.1" 200 2
192.168.175.104 - - [27/Feb/2017:04:08:13 -0500] "GET / HTTP/1.1" 200 9990
192.168.175.104 - - [27/Feb/2017:04:09:25 -0500] "GET / HTTP/1.1" 200 9990
66.249.75.38 - - [27/Feb/2017:04:09:30 -0500] "GET /BLA/resoluciones/AUTOS%202011/5951.pdf HTTP/1.1" 200 167717
204.79.180.243 - - [27/Feb/2017:04:10:03 -0500] "GET /SIG/Gestion%20Recursos%20Financieros/126PA02-PR28%20REGISTRO%20CONVENIOS%20Y%20CONTRATOS%20INTERADMINISTRATIVOS.pdf HTTP/1.1" 200 393134
201.245.192.253 - - [27/Feb/2017:04:10:07 -0500] "POST /forms/lservlet;jsessionid=ac16012b30d65c4ee2ead734471a9978ecb3ce836978.e3iSbxaKaheRe3mKbxqTc30Lby1ynknvrkLOlQzNp65In0 HTTP/1.1" 200 2
66.249.75.38 - - [27/Feb/2017:04:10:16 -0500] "GET /BLA/resoluciones/RESOLUCIONES%202012/0656.pdf HTTP/1.1" 200 447586
192.168.175.104 - - [27/Feb/2017:04:10:25 -0500] "GET / HTTP/1.0" 200 9990
45.34.162.198 - - [27/Feb/2017:04:09:53 -0500] "GET /bla/boletinlegal/index.php? HTTP/1.0" 200 53977
66.249.75.38 - - [27/Feb/2017:04:11:02 -0500] "GET /BLA/resoluciones/AUTOS%202013/2897.pdf HTTP/1.1" 200 561583
201.245.192.253 - - [27/Feb/2017:04:12:07 -0500] "POST /forms/lservlet;jsessionid=ac16012b30d65c4ee2ead734471a9978ecb3ce836978.e3iSbxaKaheRe3mKbxqTc30Lby1ynknvrkLOlQzNp65In0 HTTP/1.1" 200 2
69.162.124.233 - - [27/Feb/2017:04:12:23 -0500] "HEAD / HTTP/1.1" 200 -
186.29.174.227 - - [27/Feb/2017:04:12:25 -0500] "GET /menu/css/demo.css HTTP/1.1" 404 1342
186.29.174.227 - - [27/Feb/2017:04:12:25 -0500] "GET /menu/css/style.css HTTP/1.1" 404 1342
186.29.174.227 - - [27/Feb/2017:04:12:25 -0500] "GET /menu/js/jquery.easing.1.3.js HTTP/1.1" 404 1342
186.29.174.227 - - [27/Feb/2017:04:12:25 -0500] "GET /menu/js/jquery.mousewheel.js HTTP/1.1" 404 1342
186.29.174.227 - - [27/Feb/2017:04:12:25 -0500] "GET /menu/js/jquery.vaccordion.js HTTP/1.1" 404 1342
186.29.174.227 - - [27/Feb/2017:04:12:25 -0500] "GET /menu/css/style.css HTTP/1.1" 404 1342
186.29.174.227 - - [27/Feb/2017:04:12:25 -0500] "GET /menu/css/demo.css HTTP/1.1" 404 1342
186.29.174.227 - - [27/Feb/2017:04:12:25 -0500] "GET /menu/js/jquery.easing.1.3.js HTTP/1.1" 404 1342
186.29.174.227 - - [27/Feb/2017:04:12:25 -0500] "GET /menu/js/jquery.mousewheel.js HTTP/1.1" 404 1342
186.29.174.227 - - [27/Feb/2017:04:12:25 -0500] "GET /menu/js/jquery.vaccordion.js HTTP/1.1" 404 1342
163.172.65.108 - - [27/Feb/2017:04:12:56 -0500] "GET /BLA/resoluciones/RESOLUCIONES%202004/RES%202004%201951-2000/00001960.tif HTTP/1.1" 200 182298
192.168.175.104 - - [27/Feb/2017:04:13:11 -0500] "GET / HTTP/1.1" 200 9990
66.249.75.57 - - [27/Feb/2017:04:13:20 -0500] "GET /BLA/boletinlegal/Circulares/2010/Circular%2006%20de%208%20de%20septiembre%20de%202010.pdf HTTP/1.1" 304 -
66.249.75.44 - - [27/Feb/2017:04:13:48 -0500] "GET /Residuos/maderas/maderas.html HTTP/1.1" 200 1957
201.245.192.253 - - [27/Feb/2017:04:14:08 -0500] "POST /forms/lservlet;jsessionid=ac16012b30d65c4ee2ead734471a9978ecb3ce836978.e3iSbxaKaheRe3mKbxqTc30Lby1ynknvrkLOlQzNp65In0 HTTP/1.1" 200 2
74.208.180.162 - - [27/Feb/2017:04:14:13 -0500] "GET /old/wp-admin/ HTTP/1.1" 404 1018
192.168.175.104 - - [27/Feb/2017:04:14:23 -0500] "GET / HTTP/1.1" 200 9990
163.172.66.97 - - [27/Feb/2017:04:14:52 -0500] "GET /BLA/resoluciones/RESOLUCIONES%202003/RES%202003%201501-1550/20031515.tif HTTP/1.1" 200 96834
192.168.175.104 - - [27/Feb/2017:04:15:24 -0500] "GET / HTTP/1.0" 200 9990
201.245.192.253 - - [27/Feb/2017:04:16:08 -0500] "POST /forms/lservlet;jsessionid=ac16012b30d65c4ee2ead734471a9978ecb3ce836978.e3iSbxaKaheRe3mKbxqTc30Lby1ynknvrkLOlQzNp65In0 HTTP/1.1" 200 2
51.255.65.77 - - [27/Feb/2017:04:16:50 -0500] "GET /BLA/resoluciones/RESOLUCIONES%202002/RES%202002%201801-1850/20021832.tif HTTP/1.1" 200 112270
69.162.124.233 - - [27/Feb/2017:04:17:23 -0500] "HEAD / HTTP/1.1" 200 -
186.29.174.227 - - [27/Feb/2017:04:17:45 -0500] "GET /menu/css/demo.css HTTP/1.1" 404 1352
186.29.174.227 - - [27/Feb/2017:04:17:45 -0500] "GET /menu/css/style.css HTTP/1.1" 404 1352
186.29.174.227 - - [27/Feb/2017:04:17:45 -0500] "GET /menu/js/jquery.easing.1.3.js HTTP/1.1" 404 1352
186.29.174.227 - - [27/Feb/2017:04:17:45 -0500] "GET /menu/js/jquery.mousewheel.js HTTP/1.1" 404 1352
186.29.174.227 - - [27/Feb/2017:04:17:45 -0500] "GET /menu/js/jquery.vaccordion.js HTTP/1.1" 404 1352
186.29.174.227 - - [27/Feb/2017:04:17:45 -0500] "GET /menu/css/demo.css HTTP/1.1" 404 1352
186.29.174.227 - - [27/Feb/2017:04:17:45 -0500] "GET /menu/css/style.css HTTP/1.1" 404 1352
186.29.174.227 - - [27/Feb/2017:04:17:45 -0500] "GET /menu/js/jquery.easing.1.3.js HTTP/1.1" 404 1352
186.29.174.227 - - [27/Feb/2017:04:17:45 -0500] "GET /menu/js/jquery.mousewheel.js HTTP/1.1" 404 1352
186.29.174.227 - - [27/Feb/2017:04:17:45 -0500] "GET /menu/js/jquery.vaccordion.js HTTP/1.1" 404 1352
66.249.75.44 - - [27/Feb/2017:04:17:56 -0500] "GET /BLA/resoluciones/AUTOS%202011/5543.pdf HTTP/1.1" 200 277925
91.208.45.101 - - [27/Feb/2017:04:18:01 -0500] "GET /BLA/resoluciones/RESOLUCIONES%202008/4526.pdf HTTP/1.1" 200 253539
91.208.45.101 - - [27/Feb/2017:04:18:02 -0500] "GET /favicon.ico HTTP/1.1" 200 7782
201.245.192.253 - - [27/Feb/2017:04:18:08 -0500] "POST /forms/lservlet;jsessionid=ac16012b30d65c4ee2ead734471a9978ecb3ce836978.e3iSbxaKaheRe3mKbxqTc30Lby1ynknvrkLOlQzNp65In0 HTTP/1.1" 200 2
192.168.175.104 - - [27/Feb/2017:04:18:09 -0500] "GET / HTTP/1.1" 200 9990
195.53.155.30 - - [27/Feb/2017:04:18:11 -0500] "GET /BLA/boletinlegal/js/jquery.scrollShow.js HTTP/1.1" 200 4586
195.53.155.30 - - [27/Feb/2017:04:18:11 -0500] "GET /galeria/galeria/jquery.fancybox.js?v=2.1.5 HTTP/1.1" 200 48706
195.53.155.30 - - [27/Feb/2017:04:18:11 -0500] "GET /galeria/galeria/jquery.fancybox.css?v=2.1.5 HTTP/1.1" 200 4895
66.249.75.57 - - [27/Feb/2017:04:18:47 -0500] "GET /galeria/nivo-slider/demo/images/BANNERECOLECTARESIDUOS.jpg HTTP/1.1" 200 164602
163.172.66.24 - - [27/Feb/2017:04:18:50 -0500] "GET /BLA/resoluciones/RESOLUCIONES%202004/RES%202004%20301-350/00000339.tif HTTP/1.1" 200 200654
192.168.175.104 - - [27/Feb/2017:04:19:21 -0500] "GET / HTTP/1.1" 200 9990
66.249.75.41 - - [27/Feb/2017:04:19:52 -0500] "GET /Residuos/quimicos/quimicos.html HTTP/1.1" 200 1959
201.245.192.253 - - [27/Feb/2017:04:20:08 -0500] "POST /forms/lservlet;jsessionid=ac16012b30d65c4ee2ead734471a9978ecb3ce836978.e3iSbxaKaheRe3mKbxqTc30Lby1ynknvrkLOlQzNp65In0 HTTP/1.1" 200 2
66.249.75.38 - - [27/Feb/2017:04:20:14 -0500] "GET /BLA/resoluciones/RESOLUCIONES%202011/2409.pdf HTTP/1.1" 200 312318
192.168.175.104 - - [27/Feb/2017:04:20:21 -0500] "GET / HTTP/1.0" 200 9990
66.249.88.4 - - [27/Feb/2017:04:21:45 -0500] "GET /BLA/boletinlegal/js/jquery.scrollShow.js HTTP/1.1" 200 4586
66.249.88.1 - - [27/Feb/2017:04:21:45 -0500] "GET /galeria/galeria/jquery.fancybox.js?v=2.1.5 HTTP/1.1" 200 48706
66.249.88.1 - - [27/Feb/2017:04:21:46 -0500] "GET /galeria/galeria/jquery.fancybox.css?v=2.1.5 HTTP/1.1" 200 4895
164.132.161.46 - - [27/Feb/2017:04:21:51 -0500] "GET /BLA/resoluciones/RESOLUCIONES%202006/RES%202006%20251-300/00000267.tif HTTP/1.1" 200 400006
66.249.88.1 - - [27/Feb/2017:04:21:55 -0500] "GET /BLA/boletinlegal/js/jquery.scrollShow.js HTTP/1.1" 304 -
66.249.88.4 - - [27/Feb/2017:04:21:55 -0500] "GET /galeria/galeria/jquery.fancybox.js?v=2.1.5 HTTP/1.1" 304 -
66.249.88.4 - - [27/Feb/2017:04:21:55 -0500] "GET /galeria/galeria/jquery.fancybox.css?v=2.1.5 HTTP/1.1" 304 -
201.245.192.253 - - [27/Feb/2017:04:22:08 -0500] "POST /forms/lservlet;jsessionid=ac16012b30d65c4ee2ead734471a9978ecb3ce836978.e3iSbxaKaheRe3mKbxqTc30Lby1ynknvrkLOlQzNp65In0 HTTP/1.1" 200 2
69.162.124.233 - - [27/Feb/2017:04:22:23 -0500] "HEAD / HTTP/1.1" 200 -
190.242.80.121 - - [27/Feb/2017:04:22:42 -0500] "GET /galeria/galeria/jquery.fancybox.css?v=2.1.5 HTTP/1.1" 200 4895
190.242.80.121 - - [27/Feb/2017:04:22:42 -0500] "GET /galeria/carrusel/Carrusel/jquery.thumbnailScroller.css HTTP/1.1" 200 2066
190.242.80.121 - - [27/Feb/2017:04:22:42 -0500] "GET /BLA/boletinlegal/js/jquery.scrollShow.js HTTP/1.1" 200 4586
190.242.80.121 - - [27/Feb/2017:04:22:42 -0500] "GET /galeria/galeria/jquery.fancybox.js?v=2.1.5 HTTP/1.1" 200 48706
190.242.80.121 - - [27/Feb/2017:04:22:42 -0500] "GET /galeria/carrusel/Carrusel/jquery-ui-1.8.13.custom.min.js HTTP/1.1" 200 10800
190.242.80.121 - - [27/Feb/2017:04:22:42 -0500] "GET /galeria/carrusel/Carrusel/jquery.thumbnailScroller.js HTTP/1.1" 200 8157
190.242.80.121 - - [27/Feb/2017:04:22:45 -0500] "GET /galeria/nivo-slider/demo/demo.html HTTP/1.1" 200 3139
190.242.80.121 - - [27/Feb/2017:04:22:45 -0500] "GET /galeria/nivo-slider/themes/default/default.css HTTP/1.1" 200 1569
190.242.80.121 - - [27/Feb/2017:04:22:45 -0500] "GET /galeria/nivo-slider/themes/pascal/pascal.css HTTP/1.1" 200 2258
190.242.80.121 - - [27/Feb/2017:04:22:45 -0500] "GET /galeria/nivo-slider/themes/orman/orman.css HTTP/1.1" 200 2152
190.242.80.121 - - [27/Feb/2017:04:22:45 -0500] "GET /galeria/nivo-slider/nivo-slider.css HTTP/1.1" 200 1507
190.242.80.121 - - [27/Feb/2017:04:22:45 -0500] "GET /galeria/nivo-slider/demo/style.css HTTP/1.1" 200 2222
190.242.80.121 - - [27/Feb/2017:04:22:45 -0500] "GET /galeria/nivo-slider/demo/images/bannerlumina2017web.jpg HTTP/1.1" 200 198918
190.242.80.121 - - [27/Feb/2017:04:22:45 -0500] "GET /galeria/nivo-slider/demo/scripts/jquery-1.7.1.min.js HTTP/1.1" 200 93868
190.242.80.121 - - [27/Feb/2017:04:22:45 -0500] "GET /galeria/nivo-slider/jquery.nivo.slider.pack.js HTTP/1.1" 200 11561
190.242.80.121 - - [27/Feb/2017:04:22:46 -0500] "GET /galeria/nivo-slider/demo/images/bannerwebincendiosforestales.jpg HTTP/1.1" 200 177434
190.242.80.121 - - [27/Feb/2017:04:22:46 -0500] "GET /galeria/nivo-slider/demo/images/4Simple_Slider.png HTTP/1.1" 200 11722
190.242.80.121 - - [27/Feb/2017:04:22:46 -0500] "GET /galeria/nivo-slider/themes/default/loading.gif HTTP/1.1" 200 1737
192.168.175.104 - - [27/Feb/2017:04:23:07 -0500] "GET / HTTP/1.1" 200 9990
190.242.80.121 - - [27/Feb/2017:04:23:14 -0500] "GET /galeria/nivo-slider/demo/images/bannerpread2017.jpg HTTP/1.1" 200 124333
190.242.80.121 - - [27/Feb/2017:04:23:14 -0500] "GET /galeria/nivo-slider/demo/images/pieza%20webtinguas.jpg HTTP/1.1" 200 175651
190.242.80.121 - - [27/Feb/2017:04:23:15 -0500] "GET /galeria/nivo-slider/demo/images/BANNERARBOLES.jpg HTTP/1.1" 200 227630
190.242.80.121 - - [27/Feb/2017:04:23:15 -0500] "GET /galeria/nivo-slider/demo/images/banner%20aceite%20vegetal%20usado.jpg HTTP/1.1" 200 169350
190.242.80.121 - - [27/Feb/2017:04:23:17 -0500] "GET /galeria/nivo-slider/demo/images/Ruta-vertimientos-01.jpg HTTP/1.1" 200 130151
190.242.80.121 - - [27/Feb/2017:04:23:17 -0500] "GET /galeria/nivo-slider/demo/images/bolsas-06.jpg HTTP/1.1" 200 210950
190.242.80.121 - - [27/Feb/2017:04:23:21 -0500] "GET /galeria/nivo-slider/themes/default/bullets.png HTTP/1.1" 200 1281
190.242.80.121 - - [27/Feb/2017:04:23:23 -0500] "GET /galeria/nivo-slider/themes/default/arrows.png HTTP/1.1" 200 824
201.245.192.253 - - [27/Feb/2017:04:24:09 -0500] "POST /forms/lservlet;jsessionid=ac16012b30d65c4ee2ead734471a9978ecb3ce836978.e3iSbxaKaheRe3mKbxqTc30Lby1ynknvrkLOlQzNp65In0 HTTP/1.1" 200 2
51.255.65.9 - - [27/Feb/2017:04:24:14 -0500] "GET /BLA/resoluciones/RESOLUCIONES%202003/RES%202003%201801-1850/20031850.tif HTTP/1.1" 200 55860
192.168.175.104 - - [27/Feb/2017:04:24:19 -0500] "GET / HTTP/1.1" 200 9990
66.249.75.38 - - [27/Feb/2017:04:24:50 -0500] "GET /BLA/resoluciones/RESOLUCIONES%202014/0116.pdf HTTP/1.1" 304 -
51.255.65.4 - - [27/Feb/2017:04:24:54 -0500] "GET /BLA/resoluciones/RESOLUCIONES%202005/RES%202005%20251-300/00000267.tif HTTP/1.1" 200 124452
66.249.75.41 - - [27/Feb/2017:04:25:04 -0500] "GET /sipse/css/custom_css_sg.css HTTP/1.1" 200 9439
66.249.75.38 - - [27/Feb/2017:04:25:04 -0500] "GET /sipse/faces/javax.faces.resource/primefaces.css?ln=primefaces&v=4.0 HTTP/1.1" 200 53295
66.249.75.38 - - [27/Feb/2017:04:25:05 -0500] "GET /sipse/faces/javax.faces.resource/theme.css?ln=primefaces-sipse HTTP/1.1" 200 50058
66.249.75.41 - - [27/Feb/2017:04:25:07 -0500] "GET /sipse/faces/javax.faces.resource/layout/layout.css?ln=primefaces&v=4.0 HTTP/1.1" 200 542
66.249.75.38 - - [27/Feb/2017:04:25:09 -0500] "GET /sipse/css/custom_css_sg_prime_login.css HTTP/1.1" 200 425
192.168.175.104 - - [27/Feb/2017:04:25:19 -0500] "GET / HTTP/1.0" 200 9990
194.87.239.5 - - [27/Feb/2017:04:25:28 -0500] "HEAD / HTTP/1.1" 200 -
66.249.75.38 - - [27/Feb/2017:04:25:36 -0500] "GET /BLA/resoluciones/RESOLUCIONES%202011/1637.pdf HTTP/1.1" 200 296479
161.132.216.40 - - [27/Feb/2017:04:26:05 -0500] "PUT /webdav/Fr0stboot.php HTTP/1.1" 405 938
201.245.192.253 - - [27/Feb/2017:04:26:09 -0500] "POST /forms/lservlet;jsessionid=ac16012b30d65c4ee2ead734471a9978ecb3ce836978.e3iSbxaKaheRe3mKbxqTc30Lby1ynknvrkLOlQzNp65In0 HTTP/1.1" 200 2
180.76.15.18 - - [27/Feb/2017:04:26:42 -0500] "GET / HTTP/1.1" 200 9990
66.249.75.41 - - [27/Feb/2017:04:27:07 -0500] "GET /BLA/resoluciones/AUTOS%202014/6951.pdf HTTP/1.1" 200 273375
180.76.15.15 - - [27/Feb/2017:04:27:15 -0500] "GET / HTTP/1.1" 200 9990
69.162.124.233 - - [27/Feb/2017:04:27:23 -0500] "HEAD / HTTP/1.1" 200 -
66.249.75.44 - - [27/Feb/2017:04:27:53 -0500] "GET /BLA/resoluciones/AUTOS%202014/2376.pdf HTTP/1.1" 200 768674
192.168.175.104 - - [27/Feb/2017:04:28:05 -0500] "GET / HTTP/1.1" 200 9990
201.245.192.253 - - [27/Feb/2017:04:28:09 -0500] "POST /forms/lservlet;jsessionid=ac16012b30d65c4ee2ead734471a9978ecb3ce836978.e3iSbxaKaheRe3mKbxqTc30Lby1ynknvrkLOlQzNp65In0 HTTP/1.1" 200 2
66.249.75.61 - - [27/Feb/2017:04:28:39 -0500] "GET /ecodirectorio/files/res/downloads/download_0042.pdf HTTP/1.1" 200 310607
192.168.175.104 - - [27/Feb/2017:04:29:18 -0500] "GET / HTTP/1.1" 200 9990
201.245.192.253 - - [27/Feb/2017:04:30:09 -0500] "POST /forms/lservlet;jsessionid=ac16012b30d65c4ee2ead734471a9978ecb3ce836978.e3iSbxaKaheRe3mKbxqTc30Lby1ynknvrkLOlQzNp65In0 HTTP/1.1" 200 2
192.168.175.104 - - [27/Feb/2017:04:30:18 -0500] "GET / HTTP/1.0" 200 9990
201.245.192.253 - - [27/Feb/2017:04:32:10 -0500] "POST /forms/lservlet;jsessionid=ac16012b30d65c4ee2ead734471a9978ecb3ce836978.e3iSbxaKaheRe3mKbxqTc30Lby1ynknvrkLOlQzNp65In0 HTTP/1.1" 200 2
122.165.138.152 - - [27/Feb/2017:04:32:10 -0500] "POST /xmlrpc.php HTTP/1.1" 301 334
122.165.138.152 - - [27/Feb/2017:04:32:12 -0500] "GET /wp-login.php HTTP/1.1" 301 336
122.165.138.152 - - [27/Feb/2017:04:32:14 -0500] "POST /wp-login.php HTTP/1.1" 301 336
69.162.124.233 - - [27/Feb/2017:04:32:23 -0500] "HEAD / HTTP/1.1" 200 -
192.168.175.104 - - [27/Feb/2017:04:33:03 -0500] "GET / HTTP/1.1" 200 9990
201.245.192.253 - - [27/Feb/2017:04:34:10 -0500] "POST /forms/lservlet;jsessionid=ac16012b30d65c4ee2ead734471a9978ecb3ce836978.e3iSbxaKaheRe3mKbxqTc30Lby1ynknvrkLOlQzNp65In0 HTTP/1.1" 200 2
192.168.175.104 - - [27/Feb/2017:04:34:16 -0500] "GET / HTTP/1.1" 200 9990
192.168.175.104 - - [27/Feb/2017:04:35:16 -0500] "GET / HTTP/1.0" 200 9990
66.249.75.38 - - [27/Feb/2017:04:35:33 -0500] "GET /BLA/resoluciones/RESOLUCIONES%202009/6357.pdf HTTP/1.1" 200 590049
201.245.192.253 - - [27/Feb/2017:04:36:10 -0500] "POST /forms/lservlet;jsessionid=ac16012b30d65c4ee2ead734471a9978ecb3ce836978.e3iSbxaKaheRe3mKbxqTc30Lby1ynknvrkLOlQzNp65In0 HTTP/1.1" 200 2
66.249.75.38 - - [27/Feb/2017:04:36:19 -0500] "GET /BLA/resoluciones/RESOLUCIONES%202009/5621.pdf HTTP/1.1" 200 347956
66.249.75.41 - - [27/Feb/2017:04:37:05 -0500] "GET /BLA/resoluciones/RESOLUCIONES%202009/9825.pdf HTTP/1.1" 304 -
69.162.124.233 - - [27/Feb/2017:04:37:23 -0500] "HEAD / HTTP/1.1" 200 -
66.249.75.41 - - [27/Feb/2017:04:37:51 -0500] "GET /BLA/resoluciones/AUTOS%202007/1316.pdf HTTP/1.1" 200 59457
192.168.175.104 - - [27/Feb/2017:04:38:01 -0500] "GET / HTTP/1.1" 200 9990
181.150.153.199 - - [27/Feb/2017:04:38:07 -0500] "GET /BLA/boletinlegal/js/jquery.scrollShow.js HTTP/1.1" 200 4586
181.150.153.199 - - [27/Feb/2017:04:38:07 -0500] "GET /galeria/galeria/jquery.fancybox.js?v=2.1.5 HTTP/1.1" 200 48706
181.150.153.199 - - [27/Feb/2017:04:38:08 -0500] "GET /galeria/galeria/jquery.fancybox.css?v=2.1.5 HTTP/1.1" 200 4895
201.245.192.253 - - [27/Feb/2017:04:38:10 -0500] "POST /forms/lservlet;jsessionid=ac16012b30d65c4ee2ead734471a9978ecb3ce836978.e3iSbxaKaheRe3mKbxqTc30Lby1ynknvrkLOlQzNp65In0 HTTP/1.1" 200 2
178.159.43.212 - - [27/Feb/2017:04:38:24 -0500] "HEAD / HTTP/1.1" 200 -
66.249.75.38 - - [27/Feb/2017:04:38:37 -0500] "GET /BLA/resoluciones/RESOLUCIONES%202012/0855.pdf HTTP/1.1" 200 517408
181.150.153.199 - - [27/Feb/2017:04:38:43 -0500] "GET /galeria/galeria/jquery.fancybox.css?v=2.1.5 HTTP/1.1" 304 -
181.150.153.199 - - [27/Feb/2017:04:38:43 -0500] "GET /BLA/boletinlegal/js/jquery.scrollShow.js HTTP/1.1" 304 -
181.150.153.199 - - [27/Feb/2017:04:38:43 -0500] "GET /galeria/galeria/jquery.fancybox.js?v=2.1.5 HTTP/1.1" 304 -
136.243.131.220 - - [27/Feb/2017:04:39:11 -0500] "GET / HTTP/1.1" 200 9990
192.168.175.104 - - [27/Feb/2017:04:39:15 -0500] "GET / HTTP/1.1" 200 9990
66.249.75.41 - - [27/Feb/2017:04:39:23 -0500] "GET /BLA/resoluciones/RESOLUCIONES%202012/1443.pdf HTTP/1.1" 200 3597603
199.30.24.197 - - [27/Feb/2017:04:39:55 -0500] "GET /wp-content/uploads/2015/08/fotos1b.png HTTP/1.1" 301 362
199.30.24.197 - - [27/Feb/2017:04:39:55 -0500] "GET /wp-content/uploads/2015/08/banner2.png HTTP/1.1" 301 362
199.30.24.197 - - [27/Feb/2017:04:39:55 -0500] "GET /wp-content/uploads/2015/08/fotos2b.png HTTP/1.1" 301 362
199.30.24.197 - - [27/Feb/2017:04:39:55 -0500] "GET /wp-content/uploads/2015/08/fotos3b.png HTTP/1.1" 301 362
199.30.24.197 - - [27/Feb/2017:04:39:57 -0500] "GET /wp-content/uploads/2015/08/danos.png HTTP/1.1" 301 360
199.30.24.197 - - [27/Feb/2017:04:39:57 -0500] "GET /wp-content/uploads/2015/07/UNO.png HTTP/1.1" 301 358
199.30.24.197 - - [27/Feb/2017:04:39:57 -0500] "GET /wp-content/uploads/2015/07/DOS.png HTTP/1.1" 301 358
199.30.24.197 - - [27/Feb/2017:04:39:57 -0500] "GET /wp-content/uploads/2015/07/TERCER.png HTTP/1.1" 301 361
199.30.24.197 - - [27/Feb/2017:04:39:57 -0500] "GET /wp-content/uploads/2015/07/CUARTO.png HTTP/1.1" 301 361
162.210.196.129 - - [27/Feb/2017:04:40:04 -0500] "GET /robots.txt HTTP/1.1" 301 334
162.210.196.129 - - [27/Feb/2017:04:40:10 -0500] "GET / HTTP/1.1" 301 324
201.245.192.253 - - [27/Feb/2017:04:40:10 -0500] "POST /forms/lservlet;jsessionid=ac16012b30d65c4ee2ead734471a9978ecb3ce836978.e3iSbxaKaheRe3mKbxqTc30Lby1ynknvrkLOlQzNp65In0 HTTP/1.1" 200 2
192.168.175.104 - - [27/Feb/2017:04:40:15 -0500] "GET / HTTP/1.0" 200 9990
66.249.75.44 - - [27/Feb/2017:04:40:55 -0500] "GET /BLA/resoluciones/RESOLUCIONES%202013/0847.pdf HTTP/1.1" 304 -
163.172.65.245 - - [27/Feb/2017:04:41:16 -0500] "GET /BLA/resoluciones/RESOLUCIONES%202003/RES%202003%201451-1500/20031461.tif HTTP/1.1" 200 87654
66.249.75.44 - - [27/Feb/2017:04:41:41 -0500] "GET /BLA/resoluciones/AUTOS%202011/5274.pdf HTTP/1.1" 200 1149632
79.212.75.94 - - [27/Feb/2017:04:42:09 -0500] "GET / HTTP/1.1" 200 9990
79.212.75.94 - - [27/Feb/2017:04:42:09 -0500] "GET /css/bootstrap.min.css HTTP/1.1" 200 105939
79.212.75.94 - - [27/Feb/2017:04:42:09 -0500] "GET /css/style.css HTTP/1.1" 200 3610
79.212.75.94 - - [27/Feb/2017:04:42:11 -0500] "GET /js/jquery.js HTTP/1.1" 200 97120
79.212.75.94 - - [27/Feb/2017:04:42:11 -0500] "GET /images/SDA.jpg HTTP/1.1" 200 48976
79.212.75.94 - - [27/Feb/2017:04:42:11 -0500] "GET /js/bootstrap.min.js HTTP/1.1" 200 28538
201.245.192.253 - - [27/Feb/2017:04:42:11 -0500] "POST /forms/lservlet;jsessionid=ac16012b30d65c4ee2ead734471a9978ecb3ce836978.e3iSbxaKaheRe3mKbxqTc30Lby1ynknvrkLOlQzNp65In0 HTTP/1.1" 200 2
79.212.75.94 - - [27/Feb/2017:04:42:11 -0500] "GET /images/INTRANET.jpg HTTP/1.1" 200 37297
79.212.75.94 - - [27/Feb/2017:04:42:11 -0500] "GET /images/LINEA.jpg HTTP/1.1" 200 33035
79.212.75.94 - - [27/Feb/2017:04:42:11 -0500] "GET /images/INTERNET.jpg HTTP/1.1" 200 34880
79.212.75.94 - - [27/Feb/2017:04:42:11 -0500] "GET /images/NINOS.jpg HTTP/1.1" 200 44828
79.212.75.94 - - [27/Feb/2017:04:42:11 -0500] "GET /images/FOREST.jpg HTTP/1.1" 200 33277
79.212.75.94 - - [27/Feb/2017:04:42:11 -0500] "GET /images/RMCAB.jpg HTTP/1.1" 200 49926
79.212.75.94 - - [27/Feb/2017:04:42:11 -0500] "GET /images/BLA.jpg HTTP/1.1" 200 34672
79.212.75.94 - - [27/Feb/2017:04:42:11 -0500] "GET /images/SDQS.jpg HTTP/1.1" 200 47976
79.212.75.94 - - [27/Feb/2017:04:42:11 -0500] "GET /images/CORREO.jpg HTTP/1.1" 200 39337
79.212.75.94 - - [27/Feb/2017:04:42:12 -0500] "GET /images/CATALOGO.jpg HTTP/1.1" 200 35661
79.212.75.94 - - [27/Feb/2017:04:42:12 -0500] "GET /images/FORMATOS.jpg HTTP/1.1" 200 41585
79.212.75.94 - - [27/Feb/2017:04:42:13 -0500] "GET /favicon.ico HTTP/1.1" 200 7782
69.162.124.233 - - [27/Feb/2017:04:42:23 -0500] "HEAD / HTTP/1.1" 200 -
66.249.75.57 - - [27/Feb/2017:04:42:27 -0500] "GET /POT-2013/Cartografia/09_EEP.pdf HTTP/1.1" 200 3326963
186.29.174.227 - - [27/Feb/2017:04:42:40 -0500] "GET /galeria/nivo-slider/demo/images/bannerlumina2017web.jpg HTTP/1.1" 304 -
192.168.175.104 - - [27/Feb/2017:04:42:59 -0500] "GET / HTTP/1.1" 200 9990
52.3.127.144 - - [27/Feb/2017:04:43:09 -0500] "GET /robots.txt HTTP/1.1" 404 1018
66.249.75.38 - - [27/Feb/2017:04:43:13 -0500] "GET /BLA/resoluciones/AUTOS%202012/2952.pdf HTTP/1.1" 200 382203
66.249.75.44 - - [27/Feb/2017:04:43:58 -0500] "GET /BLA/resoluciones/RESOLUCIONES%202011/4864.pdf HTTP/1.1" 200 557007
201.245.192.253 - - [27/Feb/2017:04:44:11 -0500] "POST /forms/lservlet;jsessionid=ac16012b30d65c4ee2ead734471a9978ecb3ce836978.e3iSbxaKaheRe3mKbxqTc30Lby1ynknvrkLOlQzNp65In0 HTTP/1.1" 200 2
192.168.175.104 - - [27/Feb/2017:04:44:13 -0500] "GET / HTTP/1.1" 200 9990
66.249.75.55 - - [27/Feb/2017:04:44:56 -0500] "GET /galeria/nivo-slider/demo/images/convocatoriasecretaria.jpg HTTP/1.1" 200 129365
192.168.175.104 - - [27/Feb/2017:04:45:13 -0500] "GET / HTTP/1.0" 200 9990
201.245.192.253 - - [27/Feb/2017:04:46:11 -0500] "POST /forms/lservlet;jsessionid=ac16012b30d65c4ee2ead734471a9978ecb3ce836978.e3iSbxaKaheRe3mKbxqTc30Lby1ynknvrkLOlQzNp65In0 HTTP/1.1" 200 2
66.249.75.38 - - [27/Feb/2017:04:46:16 -0500] "GET /BLA/resoluciones/RESOLUCIONES%202007/RES%202007%203701%20AL%203800/RESOLUCION%203707%20DE%202007.pdf HTTP/1.1" 304 -
69.162.124.233 - - [27/Feb/2017:04:47:23 -0500] "HEAD / HTTP/1.1" 200 -
66.249.75.38 - - [27/Feb/2017:04:47:48 -0500] "GET /BLA/resoluciones/RESOLUCIONES%202008/1385.pdf HTTP/1.1" 200 408287
84.50.207.57 - - [27/Feb/2017:04:47:51 -0500] "GET /BLA/resoluciones/AUTOS%25202015/5733.pdf HTTP/1.1" 404 1018
192.168.175.104 - - [27/Feb/2017:04:47:56 -0500] "GET / HTTP/1.1" 200 9990
201.245.192.253 - - [27/Feb/2017:04:48:11 -0500] "POST /forms/lservlet;jsessionid=ac16012b30d65c4ee2ead734471a9978ecb3ce836978.e3iSbxaKaheRe3mKbxqTc30Lby1ynknvrkLOlQzNp65In0 HTTP/1.1" 200 2
192.168.175.104 - - [27/Feb/2017:04:49:11 -0500] "GET / HTTP/1.1" 200 9990
66.249.75.38 - - [27/Feb/2017:04:49:20 -0500] "GET /BLA/resoluciones/RESOLUCIONES%202008/0752.pdf HTTP/1.1" 304 -
192.168.175.104 - - [27/Feb/2017:04:50:10 -0500] "GET / HTTP/1.0" 200 9990
201.245.192.253 - - [27/Feb/2017:04:50:12 -0500] "POST /forms/lservlet;jsessionid=ac16012b30d65c4ee2ead734471a9978ecb3ce836978.e3iSbxaKaheRe3mKbxqTc30Lby1ynknvrkLOlQzNp65In0 HTTP/1.1" 200 2
207.46.13.250 - - [27/Feb/2017:04:51:58 -0500] "GET /robots.txt HTTP/1.1" 301 334
157.55.39.106 - - [27/Feb/2017:04:52:00 -0500] "GET / HTTP/1.1" 301 324
201.245.192.253 - - [27/Feb/2017:04:52:12 -0500] "POST /forms/lservlet;jsessionid=ac16012b30d65c4ee2ead734471a9978ecb3ce836978.e3iSbxaKaheRe3mKbxqTc30Lby1ynknvrkLOlQzNp65In0 HTTP/1.1" 200 2
66.102.8.201 - - [27/Feb/2017:04:52:13 -0500] "GET /galeria/galeria/fotos/Humedal-la-conejera4G.jpg HTTP/1.1" 200 371145
69.162.124.233 - - [27/Feb/2017:04:52:23 -0500] "HEAD / HTTP/1.1" 200 -
192.168.175.104 - - [27/Feb/2017:04:52:54 -0500] "GET / HTTP/1.1" 200 9990
66.102.8.203 - - [27/Feb/2017:04:52:58 -0500] "GET /galeria/galeria/fotos/Humedal-la-conejera1G.jpg HTTP/1.1" 200 340987
66.102.8.205 - - [27/Feb/2017:04:54:01 -0500] "GET /galeria/galeria/fotos/Humedal-la-conejera3G.jpg HTTP/1.1" 200 373974
192.168.175.104 - - [27/Feb/2017:04:54:09 -0500] "GET / HTTP/1.1" 200 9990
201.245.192.253 - - [27/Feb/2017:04:54:12 -0500] "POST /forms/lservlet;jsessionid=ac16012b30d65c4ee2ead734471a9978ecb3ce836978.e3iSbxaKaheRe3mKbxqTc30Lby1ynknvrkLOlQzNp65In0 HTTP/1.1" 200 2
164.132.161.97 - - [27/Feb/2017:04:55:08 -0500] "GET /BLA/resoluciones/RESOLUCIONES%202002/RES%202002%20401-450/00000401.tif HTTP/1.1" 200 56650
192.168.175.104 - - [27/Feb/2017:04:55:08 -0500] "GET / HTTP/1.0" 200 9990
201.245.192.253 - - [27/Feb/2017:04:56:12 -0500] "POST /forms/lservlet;jsessionid=ac16012b30d65c4ee2ead734471a9978ecb3ce836978.e3iSbxaKaheRe3mKbxqTc30Lby1ynknvrkLOlQzNp65In0 HTTP/1.1" 200 2
66.249.75.62 - - [27/Feb/2017:04:56:14 -0500] "GET / HTTP/1.1" 200 9990
66.249.75.7 - - [27/Feb/2017:04:57:00 -0500] "GET / HTTP/1.1" 301 324
69.162.124.233 - - [27/Feb/2017:04:57:23 -0500] "HEAD / HTTP/1.1" 200 -
141.8.143.170 - - [27/Feb/2017:04:57:40 -0500] "GET /StormSDA/?C=M;O=A HTTP/1.1" 200 4409
69.89.31.88 - - [27/Feb/2017:04:57:45 -0500] "-" 408 -
66.249.75.44 - - [27/Feb/2017:04:57:46 -0500] "GET / HTTP/1.1" 200 9990
192.168.175.104 - - [27/Feb/2017:04:57:52 -0500] "GET / HTTP/1.1" 200 9990
69.89.31.88 - - [27/Feb/2017:04:58:03 -0500] "-" 408 -
201.245.192.253 - - [27/Feb/2017:04:58:12 -0500] "POST /forms/lservlet;jsessionid=ac16012b30d65c4ee2ead734471a9978ecb3ce836978.e3iSbxaKaheRe3mKbxqTc30Lby1ynknvrkLOlQzNp65In0 HTTP/1.1" 200 2
69.89.31.88 - - [27/Feb/2017:04:58:21 -0500] "-" 408 -
141.8.143.234 - - [27/Feb/2017:04:58:23 -0500] "GET /videos/galeria-cronicas/skin/pink.flag/ HTTP/1.1" 200 1747
163.172.64.246 - - [27/Feb/2017:04:58:30 -0500] "GET /BLA/resoluciones/RESOLUCIONES%202005/RES%202005%202351-2400/00002394.tif HTTP/1.1" 200 115606
69.89.31.88 - - [27/Feb/2017:04:58:39 -0500] "-" 408 -
69.89.31.88 - - [27/Feb/2017:04:58:58 -0500] "-" 408 -
192.168.175.104 - - [27/Feb/2017:04:59:06 -0500] "GET / HTTP/1.1" 200 9990
69.89.31.88 - - [27/Feb/2017:04:59:17 -0500] "-" 408 -
69.89.31.88 - - [27/Feb/2017:04:59:35 -0500] "-" 408 -
69.89.31.88 - - [27/Feb/2017:04:59:53 -0500] "-" 408 -
66.249.75.57 - - [27/Feb/2017:05:00:04 -0500] "GET /Autoliquidacion/Grupo%20Forestal%20-%20Industria%20de%20la%20Madera/Formulario%20para%20la%20Relacion%20Salvoconductos_Remisiones_Facturas.pdf HTTP/1.1" 404 1019
192.168.175.104 - - [27/Feb/2017:05:00:06 -0500] "GET / HTTP/1.0" 200 9990
69.89.31.88 - - [27/Feb/2017:05:00:11 -0500] "-" 408 -
201.245.192.253 - - [27/Feb/2017:05:00:13 -0500] "POST /forms/lservlet;jsessionid=ac16012b30d65c4ee2ead734471a9978ecb3ce836978.e3iSbxaKaheRe3mKbxqTc30Lby1ynknvrkLOlQzNp65In0 HTTP/1.1" 200 2
69.89.31.88 - - [27/Feb/2017:05:00:29 -0500] "-" 408 -
69.89.31.88 - - [27/Feb/2017:05:00:49 -0500] "-" 408 -
69.89.31.88 - - [27/Feb/2017:05:01:07 -0500] "-" 408 -
69.89.31.88 - - [27/Feb/2017:05:01:27 -0500] "-" 408 -
66.249.75.55 - - [27/Feb/2017:05:01:36 -0500] "GET /Autoliquidacion/Grupo%20Forestal%20-%20Industria%20de%20la%20Madera/lista%20de%20chequeo%20solicitud%20salvoconducto.pdf HTTP/1.1" 200 28156
69.89.31.88 - - [27/Feb/2017:05:01:45 -0500] "-" 408 -
77.88.47.11 - - [27/Feb/2017:05:02:05 -0500] "GET /BLA/boletinlegal/normativa.php HTTP/1.1" 200 8086
207.46.13.75 - - [27/Feb/2017:05:02:08 -0500] "GET /BLA/boletinlegal/styles2.css HTTP/1.1" 200 1838
40.77.167.116 - - [27/Feb/2017:05:02:10 -0500] "GET /BLA/boletinlegal/style.css HTTP/1.1" 200 9406
201.245.192.253 - - [27/Feb/2017:05:02:13 -0500] "POST /forms/lservlet;jsessionid=ac16012b30d65c4ee2ead734471a9978ecb3ce836978.e3iSbxaKaheRe3mKbxqTc30Lby1ynknvrkLOlQzNp65In0 HTTP/1.1" 200 2
66.249.75.57 - - [27/Feb/2017:05:02:23 -0500] "GET /Autoliquidacion/Grupo%20Forestal%20-%20Industria%20de%20la%20Madera/Instructivo%20para%20la%20relacion%20de%20Salvoconductos%20Facturas%20Remisiones.pdf HTTP/1.1" 404 1019
69.162.124.233 - - [27/Feb/2017:05:02:23 -0500] "HEAD / HTTP/1.1" 200 -
66.249.75.57 - - [27/Feb/2017:05:02:41 -0500] "GET /Autoliquidacion/Grupo%20Forestal%20-%20Industria%20de%20la%20Madera/Instructivo%20para%20la%20relacion%20de%20Salvoconductos%20Facturas%20Remisiones.pdf HTTP/1.1" 404 1019
192.168.175.104 - - [27/Feb/2017:05:02:50 -0500] "GET / HTTP/1.1" 200 9990
66.249.75.38 - - [27/Feb/2017:05:03:07 -0500] "GET /BLA/resoluciones/RESOLUCIONES%202013/1828.pdf HTTP/1.1" 200 540218
54.92.150.86 - - [27/Feb/2017:05:03:12 -0500] "GET /BLA/boletinlegal/js/jquery.scrollShow.js HTTP/1.1" 200 4586
54.92.150.86 - - [27/Feb/2017:05:03:12 -0500] "GET /galeria/galeria/jquery.fancybox.js?v=2.1.5 HTTP/1.1" 200 48706
54.92.150.86 - - [27/Feb/2017:05:03:12 -0500] "GET /galeria/carrusel/Carrusel/jquery.thumbnailScroller.js HTTP/1.1" 200 8157
54.92.150.86 - - [27/Feb/2017:05:03:12 -0500] "GET /galeria/carrusel/Carrusel/jquery-ui-1.8.13.custom.min.js HTTP/1.1" 200 10800
54.92.150.86 - - [27/Feb/2017:05:03:13 -0500] "GET /galeria/nivo-slider/demo/demo.html HTTP/1.1" 200 3139
54.92.150.86 - - [27/Feb/2017:05:03:13 -0500] "GET /galeria/nivo-slider/demo/scripts/jquery-1.7.1.min.js HTTP/1.1" 200 93868
54.92.150.86 - - [27/Feb/2017:05:03:13 -0500] "GET /galeria/nivo-slider/jquery.nivo.slider.pack.js HTTP/1.1" 200 11561
66.249.75.38 - - [27/Feb/2017:05:03:53 -0500] "GET /BLA/resoluciones/RESOLUCIONES%202007/RES%202007%20401%20AL%20500/RESOLUCION%200429%20DE%202007.pdf HTTP/1.1" 200 1290049
192.168.175.104 - - [27/Feb/2017:05:04:04 -0500] "GET / HTTP/1.1" 200 9990
79.158.235.20 - - [27/Feb/2017:05:04:09 -0500] "GET /galeria/galeria/jquery.fancybox.css?v=2.1.5 HTTP/1.1" 200 4895
79.158.235.20 - - [27/Feb/2017:05:04:09 -0500] "GET /BLA/boletinlegal/js/jquery.scrollShow.js HTTP/1.1" 200 4586
79.158.235.20 - - [27/Feb/2017:05:04:09 -0500] "GET /galeria/galeria/jquery.fancybox.js?v=2.1.5 HTTP/1.1" 200 48706
201.245.192.253 - - [27/Feb/2017:05:04:13 -0500] "POST /forms/lservlet;jsessionid=ac16012b30d65c4ee2ead734471a9978ecb3ce836978.e3iSbxaKaheRe3mKbxqTc30Lby1ynknvrkLOlQzNp65In0 HTTP/1.1" 200 2
79.158.235.20 - - [27/Feb/2017:05:04:20 -0500] "GET /BLA/boletinlegal/js/jquery.scrollShow.js HTTP/1.1" 304 -
79.158.235.20 - - [27/Feb/2017:05:04:20 -0500] "GET /galeria/galeria/jquery.fancybox.js?v=2.1.5 HTTP/1.1" 304 -
79.158.235.20 - - [27/Feb/2017:05:04:20 -0500] "GET /galeria/galeria/jquery.fancybox.css?v=2.1.5 HTTP/1.1" 304 -
66.249.75.44 - - [27/Feb/2017:05:04:39 -0500] "GET /BLA/resoluciones/RESOLUCIONES%202008/1729.pdf HTTP/1.1" 304 -
66.249.75.57 - - [27/Feb/2017:05:04:40 -0500] "GET /Autoliquidacion/Grupo%20Forestal%20-%20Industria%20de%20la%20Madera/Instructivo%20para%20la%20relacion%20de%20Salvoconductos%20Facturas%20Remisiones.pdf HTTP/1.1" 404 1019
192.168.175.104 - - [27/Feb/2017:05:05:04 -0500] "GET / HTTP/1.0" 200 9990
66.249.75.55 - - [27/Feb/2017:05:05:08 -0500] "GET /galeria/nivo-slider/demo/images/Banner-ParticipacionPYB.jpg HTTP/1.1" 200 154035
66.249.75.41 - - [27/Feb/2017:05:05:25 -0500] "GET /BLA/resoluciones/Notificaciones/AUTOS%202015/5405.doc HTTP/1.1" 200 174592
77.88.47.11 - - [27/Feb/2017:05:05:52 -0500] "GET /StormSDA/forms/?C=N;O=D HTTP/1.1" 200 3475
40.77.167.111 - - [27/Feb/2017:05:06:01 -0500] "GET /BLA/boletinlegal/niceforms-default.css HTTP/1.1" 200 6694
40.77.167.111 - - [27/Feb/2017:05:06:02 -0500] "GET /BLA/boletinlegal/niceforms.js HTTP/1.1" 200 22876
40.77.167.111 - - [27/Feb/2017:05:06:02 -0500] "GET /BLA/boletinlegal/js/ajax_normativa.js HTTP/1.1" 200 1154
66.249.75.38 - - [27/Feb/2017:05:06:12 -0500] "GET /BLA/resoluciones/AUTOS%202008/3018.pdf HTTP/1.1" 304 -
201.245.192.253 - - [27/Feb/2017:05:06:13 -0500] "POST /forms/lservlet;jsessionid=ac16012b30d65c4ee2ead734471a9978ecb3ce836978.e3iSbxaKaheRe3mKbxqTc30Lby1ynknvrkLOlQzNp65In0 HTTP/1.1" 200 2
52.3.127.144 - - [27/Feb/2017:05:06:29 -0500] "GET /robots.txt HTTP/1.1" 404 1018
77.88.47.11 - - [27/Feb/2017:05:06:38 -0500] "GET /videos/galeria-cronicas/videos-opel/?C=N;O=D HTTP/1.1" 200 2355
66.249.75.44 - - [27/Feb/2017:05:06:57 -0500] "GET /BLA/resoluciones/RESOLUCIONES%202008/1121.pdf HTTP/1.1" 200 128076
69.162.124.233 - - [27/Feb/2017:05:07:23 -0500] "HEAD / HTTP/1.1" 200 -
163.172.66.75 - - [27/Feb/2017:05:07:34 -0500] "GET /BLA/resoluciones/RESOLUCIONES%202006/RES%202006%20901-950/00000908.tif HTTP/1.1" 200 220518
66.249.75.38 - - [27/Feb/2017:05:07:43 -0500] "GET /BLA/resoluciones/RESOLUCIONES%202007/RES%202007%20101%20AL%20200/RESOLUCION%200127%20%20DE%202007.pdf HTTP/1.1" 304 -
51.255.65.92 - - [27/Feb/2017:05:07:43 -0500] "GET /BLA/resoluciones/RESOLUCIONES%202003/RES%202003%20401-450/429.tif HTTP/1.1" 200 115240
192.168.175.104 - - [27/Feb/2017:05:07:48 -0500] "GET / HTTP/1.1" 200 9990
77.88.47.11 - - [27/Feb/2017:05:07:51 -0500] "GET /galeria/juegos/ear/EARI.swf HTTP/1.1" 200 526915
77.88.47.11 - - [27/Feb/2017:05:07:55 -0500] "GET /StormSDA/nsjars/?C=N;O=D HTTP/1.1" 200 5602
201.245.192.253 - - [27/Feb/2017:05:08:14 -0500] "POST /forms/lservlet;jsessionid=ac16012b30d65c4ee2ead734471a9978ecb3ce836978.e3iSbxaKaheRe3mKbxqTc30Lby1ynknvrkLOlQzNp65In0 HTTP/1.1" 200 2
66.249.75.38 - - [27/Feb/2017:05:08:29 -0500] "GET /BLA/resoluciones/AUTOS%202014/3420.pdf HTTP/1.1" 200 527644
195.41.18.21 - - [27/Feb/2017:05:08:59 -0500] "GET /BLA/boletinlegal/js/jquery.scrollShow.js HTTP/1.1" 200 4586
195.41.18.21 - - [27/Feb/2017:05:08:59 -0500] "GET /galeria/galeria/jquery.fancybox.css?v=2.1.5 HTTP/1.1" 200 4895
195.41.18.21 - - [27/Feb/2017:05:08:59 -0500] "GET /galeria/galeria/jquery.fancybox.js?v=2.1.5 HTTP/1.1" 200 48706
192.168.175.104 - - [27/Feb/2017:05:09:03 -0500] "GET / HTTP/1.1" 200 9990
66.249.75.20 - - [27/Feb/2017:05:09:15 -0500] "GET /ince1/res2.htm HTTP/1.1" 404 1015
204.79.180.191 - - [27/Feb/2017:05:09:34 -0500] "GET /Anexos%20estudio%20Organizacional%20SDA/ANEXO%20No.%203-%20CONTRATACI%C3%93N%20%20OPS%C2%B4s%202008-2012/CONTRATOS%20SDA%202010%20POR%20DEPENDENCIA%20(1).xls HTTP/1.1" 200 549888
66.249.75.38 - - [27/Feb/2017:05:10:01 -0500] "GET /BLA/resoluciones/AUTOS%202007/1057.pdf HTTP/1.1" 200 61747
192.168.175.104 - - [27/Feb/2017:05:10:02 -0500] "GET / HTTP/1.0" 200 9990
201.245.192.253 - - [27/Feb/2017:05:10:14 -0500] "POST /forms/lservlet;jsessionid=ac16012b30d65c4ee2ead734471a9978ecb3ce836978.e3iSbxaKaheRe3mKbxqTc30Lby1ynknvrkLOlQzNp65In0 HTTP/1.1" 200 2
164.132.161.94 - - [27/Feb/2017:05:10:26 -0500] "GET /BLA/resoluciones/RESOLUCIONES%202006/RES%202006%20%202951-3000/00002982.tif HTTP/1.1" 200 37364
66.249.75.44 - - [27/Feb/2017:05:10:47 -0500] "GET /BLA/resoluciones/AUTOS%202007/3166.pdf HTTP/1.1" 200 86684
66.249.75.44 - - [27/Feb/2017:05:11:33 -0500] "GET /BLA/resoluciones/AUTOS%202007/0149.pdf HTTP/1.1" 200 190196
123.126.113.85 - - [27/Feb/2017:05:11:34 -0500] "GET /resoluciones/RESOLUCIONES%202009/0026.pdf HTTP/1.1" 404 1018
52.3.127.144 - - [27/Feb/2017:05:11:38 -0500] "GET /robots.txt HTTP/1.1" 404 1018
123.126.113.85 - - [27/Feb/2017:05:11:46 -0500] "GET / HTTP/1.1" 304 -
123.126.113.85 - - [27/Feb/2017:05:11:56 -0500] "GET /resoluciones/RESOLUCIONES%202009/0065.pdf HTTP/1.1" 404 1018
123.126.113.85 - - [27/Feb/2017:05:12:06 -0500] "GET /BLA/resoluciones/AUTOS%202008/0520.pdf HTTP/1.1" 304 -
201.245.192.253 - - [27/Feb/2017:05:12:14 -0500] "POST /forms/lservlet;jsessionid=ac16012b30d65c4ee2ead734471a9978ecb3ce836978.e3iSbxaKaheRe3mKbxqTc30Lby1ynknvrkLOlQzNp65In0 HTTP/1.1" 200 2
66.249.75.59 - - [27/Feb/2017:05:12:19 -0500] "GET /Autoliquidacion/Grupo%20Forestal%20-%20Industria%20de%20la%20Madera/Solicitud%20Salvoconducto%20Movilizacion%20Flora.pdf HTTP/1.1" 200 54956
69.162.124.233 - - [27/Feb/2017:05:12:23 -0500] "HEAD / HTTP/1.1" 200 -
77.88.47.11 - - [27/Feb/2017:05:12:41 -0500] "GET /PruebasSTORM/silvicultura2Pruebas/?C=M;O=A HTTP/1.1" 200 1235
192.168.175.104 - - [27/Feb/2017:05:12:47 -0500] "GET / HTTP/1.1" 200 9990
66.249.75.38 - - [27/Feb/2017:05:13:05 -0500] "GET /BLA/resoluciones/RESOLUCIONES%202009/4778.pdf HTTP/1.1" 200 327646
66.249.75.57 - - [27/Feb/2017:05:13:51 -0500] "GET /Anexos%20estudio%20Organizacional%20SDA/index.php?dir=ANEXO+No.+1-+NORMAS+LEGALES+DE+ESTRUCTURA+Y+PLANTA%2FDecreto+561+de+2006+-+Establece+estructura+de+la+SDA.jsp_files%2F HTTP/1.1" 200 10435
192.168.175.104 - - [27/Feb/2017:05:14:01 -0500] "GET / HTTP/1.1" 200 9990
201.245.192.253 - - [27/Feb/2017:05:14:14 -0500] "POST /forms/lservlet;jsessionid=ac16012b30d65c4ee2ead734471a9978ecb3ce836978.e3iSbxaKaheRe3mKbxqTc30Lby1ynknvrkLOlQzNp65In0 HTTP/1.1" 200 2
77.88.47.11 - - [27/Feb/2017:05:14:25 -0500] "GET /videos/ambiente-ciudad/ HTTP/1.1" 200 2475
66.249.75.38 - - [27/Feb/2017:05:14:37 -0500] "GET /BLA/resoluciones/RESOLUCIONES%202007/RES%202007%20101%20AL%20200/RESOLUCION%200158%20DE%202007.pdf HTTP/1.1" 200 22403
77.88.47.11 - - [27/Feb/2017:05:14:47 -0500] "GET /galeria/nivo-slider/demo/ HTTP/1.1" 200 2952
77.88.47.11 - - [27/Feb/2017:05:14:58 -0500] "GET /videos/galeria-cronicas/1videos/?C=N;O=D HTTP/1.1" 200 3859
192.168.175.104 - - [27/Feb/2017:05:15:00 -0500] "GET / HTTP/1.0" 200 9990
163.172.66.144 - - [27/Feb/2017:05:15:04 -0500] "GET /BLA/resoluciones/RESOLUCIONES%202002/RES%202002%201801-1850/20021835.tif HTTP/1.1" 200 241392
37.187.157.108 - - [27/Feb/2017:05:15:19 -0500] "HEAD /BLA/resoluciones/RESOLUCIONES%202009/1938.pdf HTTP/1.1" 200 -
66.249.75.41 - - [27/Feb/2017:05:15:23 -0500] "GET /BLA/resoluciones/RESOLUCIONES%202009/8434.pdf HTTP/1.1" 200 559694
201.245.192.253 - - [27/Feb/2017:05:16:15 -0500] "POST /forms/lservlet;jsessionid=ac16012b30d65c4ee2ead734471a9978ecb3ce836978.e3iSbxaKaheRe3mKbxqTc30Lby1ynknvrkLOlQzNp65In0 HTTP/1.1" 200 2
181.49.78.248 - - [27/Feb/2017:05:16:20 -0500] "GET /BLA/boletinlegal/js/jquery.scrollShow.js HTTP/1.1" 200 4586
181.49.78.248 - - [27/Feb/2017:05:16:20 -0500] "GET /galeria/galeria/jquery.fancybox.js?v=2.1.5 HTTP/1.1" 200 48706
181.49.78.248 - - [27/Feb/2017:05:16:20 -0500] "GET /galeria/galeria/jquery.fancybox.css?v=2.1.5 HTTP/1.1" 200 4895
77.88.47.11 - - [27/Feb/2017:05:16:36 -0500] "GET /StormSDA/userFiles%20-%20Copy%2019-07-2012/user_files/93/ HTTP/1.1" 200 877
147.75.127.243 - - [27/Feb/2017:05:16:36 -0500] "GET /galeria/galeria/jquery.fancybox.css?v=2.1.5 HTTP/1.1" 200 4895
147.75.127.243 - - [27/Feb/2017:05:16:36 -0500] "GET /galeria/galeria/jquery.fancybox.js?v=2.1.5 HTTP/1.1" 200 48706
147.75.127.243 - - [27/Feb/2017:05:16:36 -0500] "GET /BLA/boletinlegal/js/jquery.scrollShow.js HTTP/1.1" 200 4586
147.75.127.243 - - [27/Feb/2017:05:16:43 -0500] "GET /BLA/boletinlegal/js/jquery.scrollShow.js HTTP/1.1" 304 -
147.75.127.243 - - [27/Feb/2017:05:16:43 -0500] "GET /galeria/galeria/jquery.fancybox.css?v=2.1.5 HTTP/1.1" 304 -
147.75.127.243 - - [27/Feb/2017:05:16:43 -0500] "GET /galeria/galeria/jquery.fancybox.js?v=2.1.5 HTTP/1.1" 304 -
163.172.66.110 - - [27/Feb/2017:05:17:22 -0500] "GET /BLA/resoluciones/AUTOS%202006/AUTOS%202006%201-100/00000036.tif HTTP/1.1" 200 94498
69.162.124.233 - - [27/Feb/2017:05:17:23 -0500] "HEAD / HTTP/1.1" 200 -
192.168.175.104 - - [27/Feb/2017:05:17:46 -0500] "GET / HTTP/1.1" 200 9990
201.245.192.253 - - [27/Feb/2017:05:18:15 -0500] "POST /forms/lservlet;jsessionid=ac16012b30d65c4ee2ead734471a9978ecb3ce836978.e3iSbxaKaheRe3mKbxqTc30Lby1ynknvrkLOlQzNp65In0 HTTP/1.1" 200 2
77.88.47.11 - - [27/Feb/2017:05:18:20 -0500] "GET /videos/ambiente-ciudad/skin/pink.flag/ HTTP/1.1" 200 1744
66.249.75.38 - - [27/Feb/2017:05:18:27 -0500] "GET /BLA/resoluciones/RESOLUCIONES%202013/1358.pdf HTTP/1.1" 200 3248067
192.168.175.104 - - [27/Feb/2017:05:19:00 -0500] "GET / HTTP/1.1" 200 9990
186.144.106.196 - - [27/Feb/2017:05:19:27 -0500] "GET /BLA/boletinlegal/js/jquery.scrollShow.js HTTP/1.1" 200 4586
186.144.106.196 - - [27/Feb/2017:05:19:27 -0500] "GET /galeria/galeria/jquery.fancybox.js?v=2.1.5 HTTP/1.1" 200 48706
186.144.106.196 - - [27/Feb/2017:05:19:27 -0500] "GET /galeria/galeria/jquery.fancybox.css?v=2.1.5 HTTP/1.1" 200 4895
186.144.106.196 - - [27/Feb/2017:05:19:33 -0500] "GET /BLA/boletinlegal/js/jquery.scrollShow.js HTTP/1.1" 304 -
186.144.106.196 - - [27/Feb/2017:05:19:33 -0500] "GET /galeria/galeria/jquery.fancybox.js?v=2.1.5 HTTP/1.1" 304 -
186.144.106.196 - - [27/Feb/2017:05:19:33 -0500] "GET /galeria/galeria/jquery.fancybox.css?v=2.1.5 HTTP/1.1" 304 -
77.88.47.11 - - [27/Feb/2017:05:19:42 -0500] "GET /PruebasSTORM/StormSDA_pruebas/stormWeb/img/ HTTP/1.1" 200 2988
192.168.175.104 - - [27/Feb/2017:05:19:58 -0500] "GET / HTTP/1.0" 200 9990
201.245.192.253 - - [27/Feb/2017:05:20:15 -0500] "POST /forms/lservlet;jsessionid=ac16012b30d65c4ee2ead734471a9978ecb3ce836978.e3iSbxaKaheRe3mKbxqTc30Lby1ynknvrkLOlQzNp65In0 HTTP/1.1" 200 2
77.88.47.11 - - [27/Feb/2017:05:20:28 -0500] "GET /StormSDA/nsjars/?C=M;O=A HTTP/1.1" 200 5602
180.76.15.6 - - [27/Feb/2017:05:20:59 -0500] "GET / HTTP/1.1" 200 9990
180.76.15.15 - - [27/Feb/2017:05:21:16 -0500] "GET / HTTP/1.1" 200 9990
201.245.192.253 - - [27/Feb/2017:05:22:15 -0500] "POST /forms/lservlet;jsessionid=ac16012b30d65c4ee2ead734471a9978ecb3ce836978.e3iSbxaKaheRe3mKbxqTc30Lby1ynknvrkLOlQzNp65In0 HTTP/1.1" 200 2
161.132.216.40 - - [27/Feb/2017:05:22:19 -0500] "PUT /webdav/Fr0stboot.php HTTP/1.1" 405 938
69.162.124.233 - - [27/Feb/2017:05:22:23 -0500] "HEAD / HTTP/1.1" 200 -
192.168.175.104 - - [27/Feb/2017:05:22:44 -0500] "GET / HTTP/1.1" 200 9990
66.249.75.10 - - [27/Feb/2017:05:23:02 -0500] "GET / HTTP/1.1" 301 324
66.249.75.61 - - [27/Feb/2017:05:23:48 -0500] "GET / HTTP/1.1" 200 9990
192.168.175.104 - - [27/Feb/2017:05:23:57 -0500] "GET / HTTP/1.1" 200 9990
201.245.192.253 - - [27/Feb/2017:05:24:15 -0500] "POST /forms/lservlet;jsessionid=ac16012b30d65c4ee2ead734471a9978ecb3ce836978.e3iSbxaKaheRe3mKbxqTc30Lby1ynknvrkLOlQzNp65In0 HTTP/1.1" 200 2
192.168.175.104 - - [27/Feb/2017:05:24:56 -0500] "GET / HTTP/1.0" 200 9990
77.88.47.11 - - [27/Feb/2017:05:25:54 -0500] "GET /galeria/nivo-slider/themes/orman/ HTTP/1.1" 200 2091
201.245.192.253 - - [27/Feb/2017:05:26:16 -0500] "POST /forms/lservlet;jsessionid=ac16012b30d65c4ee2ead734471a9978ecb3ce836978.e3iSbxaKaheRe3mKbxqTc30Lby1ynknvrkLOlQzNp65In0 HTTP/1.1" 200 2
40.77.167.73 - - [27/Feb/2017:05:26:32 -0500] "GET /robots.txt HTTP/1.1" 404 1018
40.77.167.73 - - [27/Feb/2017:05:26:32 -0500] "GET /robots.txt HTTP/1.1" 404 1018
40.77.167.73 - - [27/Feb/2017:05:26:32 -0500] "GET /robots.txt HTTP/1.1" 404 1018
163.47.149.149 - - [27/Feb/2017:05:27:03 -0500] "POST /xmlrpc.php HTTP/1.1" 301 334
163.47.149.149 - - [27/Feb/2017:05:27:07 -0500] "GET /wp-login.php HTTP/1.1" 301 336
163.47.149.149 - - [27/Feb/2017:05:27:09 -0500] "POST /wp-login.php HTTP/1.1" 301 336
69.162.124.233 - - [27/Feb/2017:05:27:23 -0500] "HEAD / HTTP/1.1" 200 -
192.168.175.104 - - [27/Feb/2017:05:27:43 -0500] "GET / HTTP/1.1" 200 9990
66.249.75.59 - - [27/Feb/2017:05:27:45 -0500] "GET /Anexos%20estudio%20Organizacional%20SDA/ANEXO%20No.%201-%20NORMAS%20LEGALES%20DE%20ESTRUCTURA%20Y%20PLANTA/Decreto%20561%20de%202006%20-%20Establece%20estructura%20de%20la%20SDA.jsp_files/FFFFFFbr.gif HTTP/1.1" 200 84
201.245.192.253 - - [27/Feb/2017:05:28:16 -0500] "POST /forms/lservlet;jsessionid=ac16012b30d65c4ee2ead734471a9978ecb3ce836978.e3iSbxaKaheRe3mKbxqTc30Lby1ynknvrkLOlQzNp65In0 HTTP/1.1" 200 2
192.168.175.104 - - [27/Feb/2017:05:28:55 -0500] "GET / HTTP/1.1" 200 9990
66.249.75.57 - - [27/Feb/2017:05:29:25 -0500] "GET /images/BLA.jpg HTTP/1.1" 304 -
192.168.175.104 - - [27/Feb/2017:05:29:54 -0500] "GET / HTTP/1.0" 200 9990
66.249.75.38 - - [27/Feb/2017:05:29:56 -0500] "GET /BLA/resoluciones/AUTOS%202016/1699.pdf HTTP/1.1" 200 284275
201.245.192.253 - - [27/Feb/2017:05:30:16 -0500] "POST /forms/lservlet;jsessionid=ac16012b30d65c4ee2ead734471a9978ecb3ce836978.e3iSbxaKaheRe3mKbxqTc30Lby1ynknvrkLOlQzNp65In0 HTTP/1.1" 200 2
66.249.75.44 - - [27/Feb/2017:05:30:42 -0500] "GET /BLA/resoluciones/RESOLUCIONES%202009/7533.pdf HTTP/1.1" 200 536658
77.88.47.11 - - [27/Feb/2017:05:30:57 -0500] "GET /videos/arboles.swf HTTP/1.1" 200 925333
201.245.192.253 - - [27/Feb/2017:05:32:16 -0500] "POST /forms/lservlet;jsessionid=ac16012b30d65c4ee2ead734471a9978ecb3ce836978.e3iSbxaKaheRe3mKbxqTc30Lby1ynknvrkLOlQzNp65In0 HTTP/1.1" 200 2
69.162.124.233 - - [27/Feb/2017:05:32:23 -0500] "HEAD / HTTP/1.1" 200 -
192.168.175.104 - - [27/Feb/2017:05:32:41 -0500] "GET / HTTP/1.1" 200 9990
77.88.47.11 - - [27/Feb/2017:05:32:52 -0500] "GET /videos/galeria-cronicas/skin/ HTTP/1.1" 200 1446
66.249.75.41 - - [27/Feb/2017:05:33:00 -0500] "GET /BLA/resoluciones/RESOLUCIONES%202011/4654.pdf HTTP/1.1" 200 575628
163.172.64.248 - - [27/Feb/2017:05:33:35 -0500] "GET /BLA/resoluciones/RESOLUCIONES%202002/RES%202002%20501-550/00000516.tif HTTP/1.1" 200 203804
66.249.75.57 - - [27/Feb/2017:05:33:46 -0500] "GET /ecodirectorio/files/res/downloads/download_0031.pdf HTTP/1.1" 304 -
192.168.175.104 - - [27/Feb/2017:05:33:53 -0500] "GET / HTTP/1.1" 200 9990
40.77.167.111 - - [27/Feb/2017:05:34:00 -0500] "GET /POT-2013/memoria%20justificativa/ANEXO_1.pdf HTTP/1.1" 200 3808179
201.245.192.253 - - [27/Feb/2017:05:34:17 -0500] "POST /forms/lservlet;jsessionid=ac16012b30d65c4ee2ead734471a9978ecb3ce836978.e3iSbxaKaheRe3mKbxqTc30Lby1ynknvrkLOlQzNp65In0 HTTP/1.1" 200 2
91.36.73.109 - - [27/Feb/2017:05:34:32 -0500] "GET /BLA/boletinlegal/js/jquery.scrollShow.js HTTP/1.1" 200 4586
192.168.175.104 - - [27/Feb/2017:05:34:52 -0500] "GET / HTTP/1.0" 200 9990
54.208.101.169 - - [27/Feb/2017:05:35:11 -0500] "GET /BLA/resoluciones/RESOLUCIONES%25202010/1770.pdf HTTP/1.1" 404 1018
164.132.161.70 - - [27/Feb/2017:05:35:12 -0500] "GET /BLA/resoluciones/RESOLUCIONES%202005/RES%202005%202901-2950/00002936.tif HTTP/1.1" 200 36312
91.36.73.109 - - [27/Feb/2017:05:34:23 -0500] "GET /BLA/boletinlegal/index.php? HTTP/1.1" 200 53977
66.249.75.38 - - [27/Feb/2017:05:36:03 -0500] "GET /BLA/resoluciones/RESOLUCIONES%202011/3270.pdf HTTP/1.1" 200 607667
201.245.192.253 - - [27/Feb/2017:05:36:17 -0500] "POST /forms/lservlet;jsessionid=ac16012b30d65c4ee2ead734471a9978ecb3ce836978.e3iSbxaKaheRe3mKbxqTc30Lby1ynknvrkLOlQzNp65In0 HTTP/1.1" 200 2
66.249.75.38 - - [27/Feb/2017:05:36:49 -0500] "GET /BLA/resoluciones/RESOLUCIONES%202014/1726.pdf HTTP/1.1" 200 217783
180.76.15.157 - - [27/Feb/2017:05:37:13 -0500] "GET /BLA/resoluciones/AUTOS%202007/2867.pdf HTTP/1.1" 200 122593
69.162.124.233 - - [27/Feb/2017:05:37:23 -0500] "HEAD / HTTP/1.1" 200 -
192.168.175.104 - - [27/Feb/2017:05:37:39 -0500] "GET / HTTP/1.1" 200 9990
201.245.192.253 - - [27/Feb/2017:05:38:17 -0500] "POST /forms/lservlet;jsessionid=ac16012b30d65c4ee2ead734471a9978ecb3ce836978.e3iSbxaKaheRe3mKbxqTc30Lby1ynknvrkLOlQzNp65In0 HTTP/1.1" 200 2
66.249.75.38 - - [27/Feb/2017:05:38:21 -0500] "GET /BLA/resoluciones/AUTOS%202014/5574.pdf HTTP/1.1" 304 -
192.168.175.104 - - [27/Feb/2017:05:38:51 -0500] "GET / HTTP/1.1" 200 9990
66.249.75.38 - - [27/Feb/2017:05:39:07 -0500] "GET /BLA/resoluciones/AUTOS%202011/2104.pdf HTTP/1.1" 200 253630
192.168.175.104 - - [27/Feb/2017:05:39:50 -0500] "GET / HTTP/1.0" 200 9990
66.249.75.41 - - [27/Feb/2017:05:39:53 -0500] "GET /BLA/resoluciones/RESOLUCIONES%202010/3391.pdf HTTP/1.1" 200 500375
201.245.192.253 - - [27/Feb/2017:05:40:17 -0500] "POST /forms/lservlet;jsessionid=ac16012b30d65c4ee2ead734471a9978ecb3ce836978.e3iSbxaKaheRe3mKbxqTc30Lby1ynknvrkLOlQzNp65In0 HTTP/1.1" 200 2
51.255.65.16 - - [27/Feb/2017:05:41:15 -0500] "GET /BLA/resoluciones/RESOLUCIONES%202003/RES%202003%201001-1050/1011.tif HTTP/1.1" 200 135932
177.252.132.213 - - [27/Feb/2017:05:41:34 -0500] "HEAD /reportes_sipse/sdg/ServletFirma?solicitud=582 HTTP/1.1" 200 -
177.252.132.213 - - [27/Feb/2017:05:41:35 -0500] "GET /reportes_sipse/sdg/ServletFirma?solicitud=582 HTTP/1.1" 200 -
177.252.132.213 - - [27/Feb/2017:05:41:36 -0500] "GET /reportes_sipse/sdg/ServletFirma?solicitud=582 HTTP/1.1" 200 -
177.252.132.213 - - [27/Feb/2017:05:41:39 -0500] "HEAD /reportes_sipse/sdg/ServletFirma?solicitud=19 HTTP/1.1" 200 -
177.252.132.213 - - [27/Feb/2017:05:41:39 -0500] "GET /reportes_sipse/sdg/ServletFirma?solicitud=19 HTTP/1.1" 200 -
163.172.66.179 - - [27/Feb/2017:05:41:40 -0500] "GET /BLA/resoluciones/AUTOS%202006/AUTOS%202006%201-100/00000012.tif HTTP/1.1" 200 141378
177.252.132.213 - - [27/Feb/2017:05:41:40 -0500] "GET /reportes_sipse/sdg/ServletFirma?solicitud=19 HTTP/1.1" 200 -
177.252.132.213 - - [27/Feb/2017:05:41:43 -0500] "HEAD /reportes_sipse/sdg/ServletFirma?solicitud=514 HTTP/1.1" 200 -
177.252.132.213 - - [27/Feb/2017:05:41:43 -0500] "GET /reportes_sipse/sdg/ServletFirma?solicitud=514 HTTP/1.1" 200 -
177.252.132.213 - - [27/Feb/2017:05:41:44 -0500] "GET /reportes_sipse/sdg/ServletFirma?solicitud=514 HTTP/1.1" 200 -
177.252.132.213 - - [27/Feb/2017:05:41:46 -0500] "HEAD /reportes_sipse/sdg/ServletFirma?solicitud=284 HTTP/1.1" 200 -
