191.102.121.149 - - [27/Feb/2017:01:00:28 -0500] "GET /galeria/galeria/jquery.fancybox.css?v=2.1.5 HTTP/1.1" 200 4895
191.102.121.149 - - [27/Feb/2017:01:00:28 -0500] "GET /galeria/galeria/jquery.fancybox.js?v=2.1.5 HTTP/1.1" 200 48706
191.102.121.149 - - [27/Feb/2017:01:00:31 -0500] "GET /galeria/galeria/jquery.fancybox.css?v=2.1.5 HTTP/1.1" 304 -
191.102.121.149 - - [27/Feb/2017:01:00:31 -0500] "GET /BLA/boletinlegal/js/jquery.scrollShow.js HTTP/1.1" 304 -
191.102.121.149 - - [27/Feb/2017:01:00:31 -0500] "GET /galeria/galeria/jquery.fancybox.js?v=2.1.5 HTTP/1.1" 304 -
192.168.175.104 - - [27/Feb/2017:01:00:42 -0500] "GET / HTTP/1.1" 200 9990
189.160.74.156 - - [27/Feb/2017:01:00:44 -0500] "GET /galeria/galeria/jquery.fancybox.css?v=2.1.5 HTTP/1.1" 304 -
189.160.74.156 - - [27/Feb/2017:01:00:44 -0500] "GET /BLA/boletinlegal/js/jquery.scrollShow.js HTTP/1.1" 304 -
189.160.74.156 - - [27/Feb/2017:01:00:44 -0500] "GET /galeria/galeria/jquery.fancybox.js?v=2.1.5 HTTP/1.1" 304 -
163.172.66.13 - - [27/Feb/2017:01:01:01 -0500] "GET /BLA/resoluciones/RESOLUCIONES%202005/RES%202005%20801-850/00000842.tif HTTP/1.1" 200 133142
40.77.169.101 - - [27/Feb/2017:01:01:16 -0500] "GET /dama/libreria/php/decide.php?patron=03.1305020113&numm=15 HTTP/1.1" 404 1019
192.168.175.104 - - [27/Feb/2017:01:01:34 -0500] "GET / HTTP/1.0" 200 9990
201.245.192.253 - - [27/Feb/2017:01:01:46 -0500] "POST /forms/lservlet;jsessionid=ac16012b30d65c4ee2ead734471a9978ecb3ce836978.e3iSbxaKaheRe3mKbxqTc30Lby1ynknvrkLOlQzNp65In0 HTTP/1.1" 200 2
201.245.192.253 - - [27/Feb/2017:01:03:46 -0500] "POST /forms/lservlet;jsessionid=ac16012b30d65c4ee2ead734471a9978ecb3ce836978.e3iSbxaKaheRe3mKbxqTc30Lby1ynknvrkLOlQzNp65In0 HTTP/1.1" 200 2
192.168.175.104 - - [27/Feb/2017:01:04:25 -0500] "GET / HTTP/1.1" 200 9990
186.29.132.19 - - [27/Feb/2017:01:04:27 -0500] "GET /galeria/galeria/jquery.fancybox.css?v=2.1.5 HTTP/1.1" 200 4895
186.29.132.19 - - [27/Feb/2017:01:04:27 -0500] "GET /galeria/galeria/jquery.fancybox.js?v=2.1.5 HTTP/1.1" 200 48706
186.29.132.19 - - [27/Feb/2017:01:04:27 -0500] "GET /BLA/boletinlegal/js/jquery.scrollShow.js HTTP/1.1" 200 4586
186.29.132.19 - - [27/Feb/2017:01:04:28 -0500] "GET /galeria/mapa2/humedal.html? HTTP/1.1" 200 11166
186.29.132.19 - - [27/Feb/2017:01:04:29 -0500] "GET /galeria/mapa2/3MapaBogot%C3%A1.jpg HTTP/1.1" 200 641419
186.29.132.19 - - [27/Feb/2017:01:04:29 -0500] "GET /galeria/mapa2/TORCA12.jpg HTTP/1.1" 200 24337
186.29.132.19 - - [27/Feb/2017:01:04:29 -0500] "GET /galeria/mapa2/Guaymaral12.jpg HTTP/1.1" 200 53686
186.29.132.19 - - [27/Feb/2017:01:04:29 -0500] "GET /galeria/mapa2/CONEJERA12.jpg HTTP/1.1" 200 21841
186.29.132.19 - - [27/Feb/2017:01:04:29 -0500] "GET /galeria/mapa2/CORDOBA12.jpg HTTP/1.1" 200 23380
186.29.132.19 - - [27/Feb/2017:01:04:29 -0500] "GET /galeria/mapa2/JUANAMARILLO12.jpg HTTP/1.1" 200 21131
186.29.132.19 - - [27/Feb/2017:01:04:30 -0500] "GET /galeria/mapa2/SANTAMARIA22.jpg HTTP/1.1" 200 22321
186.29.132.19 - - [27/Feb/2017:01:04:30 -0500] "GET /galeria/mapa2/JABOQUE12.jpg HTTP/1.1" 200 21815
186.29.132.19 - - [27/Feb/2017:01:04:30 -0500] "GET /galeria/mapa2/capellania12.jpg HTTP/1.1" 200 22811
186.29.132.19 - - [27/Feb/2017:01:04:30 -0500] "GET /galeria/mapa2/MEANDRO12.jpg HTTP/1.1" 200 22732
186.29.132.19 - - [27/Feb/2017:01:04:30 -0500] "GET /galeria/mapa2/TECHO12.jpg HTTP/1.1" 200 27716
186.29.132.19 - - [27/Feb/2017:01:04:30 -0500] "GET /galeria/mapa2/BURRO12.jpg HTTP/1.1" 200 24169
186.29.132.19 - - [27/Feb/2017:01:04:30 -0500] "GET /galeria/mapa2/VACA12.jpg HTTP/1.1" 200 22491
186.29.132.19 - - [27/Feb/2017:01:04:30 -0500] "GET /galeria/mapa2/TIBANICA12.jpg HTTP/1.1" 200 23039
186.29.132.19 - - [27/Feb/2017:01:04:30 -0500] "GET /galeria/mapa2/Aula-Soratama.jpg HTTP/1.1" 200 51270
186.29.132.19 - - [27/Feb/2017:01:04:30 -0500] "GET /galeria/mapa2/Aula-Nevados.jpg HTTP/1.1" 200 64761
186.29.132.19 - - [27/Feb/2017:01:04:30 -0500] "GET /galeria/mapa2/aulaSantaM.jpg HTTP/1.1" 200 69216
186.29.132.19 - - [27/Feb/2017:01:04:30 -0500] "GET /galeria/mapa2/Montana-Entrenubes.jpg HTTP/1.1" 200 42011
186.29.132.19 - - [27/Feb/2017:01:04:34 -0500] "GET /BLA/boletinlegal/js/jquery.scrollShow.js HTTP/1.1" 304 -
186.29.132.19 - - [27/Feb/2017:01:04:34 -0500] "GET /galeria/galeria/jquery.fancybox.js?v=2.1.5 HTTP/1.1" 304 -
186.29.132.19 - - [27/Feb/2017:01:04:34 -0500] "GET /galeria/galeria/jquery.fancybox.css?v=2.1.5 HTTP/1.1" 304 -
186.29.132.19 - - [27/Feb/2017:01:04:35 -0500] "GET /galeria/mapa2/humedal.html? HTTP/1.1" 304 -
186.29.132.19 - - [27/Feb/2017:01:04:35 -0500] "GET /galeria/mapa2/3MapaBogot%C3%A1.jpg HTTP/1.1" 304 -
186.29.132.19 - - [27/Feb/2017:01:04:35 -0500] "GET /galeria/mapa2/TORCA12.jpg HTTP/1.1" 304 -
186.29.132.19 - - [27/Feb/2017:01:04:35 -0500] "GET /galeria/mapa2/Guaymaral12.jpg HTTP/1.1" 304 -
186.29.132.19 - - [27/Feb/2017:01:04:35 -0500] "GET /galeria/mapa2/CONEJERA12.jpg HTTP/1.1" 304 -
186.29.132.19 - - [27/Feb/2017:01:04:35 -0500] "GET /galeria/mapa2/CORDOBA12.jpg HTTP/1.1" 304 -
186.29.132.19 - - [27/Feb/2017:01:04:35 -0500] "GET /galeria/mapa2/SANTAMARIA22.jpg HTTP/1.1" 304 -
186.29.132.19 - - [27/Feb/2017:01:04:35 -0500] "GET /galeria/mapa2/JUANAMARILLO12.jpg HTTP/1.1" 304 -
186.29.132.19 - - [27/Feb/2017:01:04:35 -0500] "GET /galeria/mapa2/JABOQUE12.jpg HTTP/1.1" 304 -
186.29.132.19 - - [27/Feb/2017:01:04:35 -0500] "GET /galeria/mapa2/capellania12.jpg HTTP/1.1" 304 -
186.29.132.19 - - [27/Feb/2017:01:04:35 -0500] "GET /galeria/mapa2/MEANDRO12.jpg HTTP/1.1" 304 -
186.29.132.19 - - [27/Feb/2017:01:04:35 -0500] "GET /galeria/mapa2/TECHO12.jpg HTTP/1.1" 304 -
186.29.132.19 - - [27/Feb/2017:01:04:35 -0500] "GET /galeria/mapa2/BURRO12.jpg HTTP/1.1" 304 -
186.29.132.19 - - [27/Feb/2017:01:04:35 -0500] "GET /galeria/mapa2/VACA12.jpg HTTP/1.1" 304 -
186.29.132.19 - - [27/Feb/2017:01:04:35 -0500] "GET /galeria/mapa2/Aula-Soratama.jpg HTTP/1.1" 304 -
186.29.132.19 - - [27/Feb/2017:01:04:35 -0500] "GET /galeria/mapa2/TIBANICA12.jpg HTTP/1.1" 304 -
186.29.132.19 - - [27/Feb/2017:01:04:35 -0500] "GET /galeria/mapa2/Aula-Nevados.jpg HTTP/1.1" 304 -
186.29.132.19 - - [27/Feb/2017:01:04:35 -0500] "GET /galeria/mapa2/Montana-Entrenubes.jpg HTTP/1.1" 304 -
186.29.132.19 - - [27/Feb/2017:01:04:35 -0500] "GET /galeria/mapa2/aulaSantaM.jpg HTTP/1.1" 304 -
207.46.13.75 - - [27/Feb/2017:01:04:38 -0500] "GET /POT-2013/index.php?dir=Articulado/&sort=date&order=desc HTTP/1.1" 200 1856
186.29.132.19 - - [27/Feb/2017:01:05:00 -0500] "GET /galeria/mapa2/3MapaBogot%C3%A1.jpg HTTP/1.1" 200 641419
192.168.175.104 - - [27/Feb/2017:01:05:40 -0500] "GET / HTTP/1.1" 200 9990
201.245.192.253 - - [27/Feb/2017:01:05:46 -0500] "POST /forms/lservlet;jsessionid=ac16012b30d65c4ee2ead734471a9978ecb3ce836978.e3iSbxaKaheRe3mKbxqTc30Lby1ynknvrkLOlQzNp65In0 HTTP/1.1" 200 2
64.74.215.1 - - [27/Feb/2017:01:06:15 -0500] "GET /BLA/boletinlegal/js/jquery.scrollShow.js HTTP/1.1" 200 4586
64.74.215.1 - - [27/Feb/2017:01:06:18 -0500] "GET /galeria/galeria/jquery.fancybox.js?v=2.1.5 HTTP/1.1" 200 48706
64.74.215.1 - - [27/Feb/2017:01:06:19 -0500] "GET /galeria/carrusel/Carrusel/jquery-ui-1.8.13.custom.min.js HTTP/1.1" 200 10800
64.74.215.1 - - [27/Feb/2017:01:06:19 -0500] "GET /galeria/carrusel/Carrusel/jquery.thumbnailScroller.js HTTP/1.1" 200 8157
64.74.215.1 - - [27/Feb/2017:01:06:23 -0500] "GET /galeria/nivo-slider/demo/demo.html HTTP/1.1" 200 3139
64.74.215.1 - - [27/Feb/2017:01:06:23 -0500] "GET /galeria/nivo-slider/demo/scripts/jquery-1.7.1.min.js HTTP/1.1" 200 93868
64.74.215.1 - - [27/Feb/2017:01:06:24 -0500] "GET /galeria/nivo-slider/jquery.nivo.slider.pack.js HTTP/1.1" 200 11561
191.109.233.112 - - [27/Feb/2017:01:06:31 -0500] "GET /galeria/galeria/jquery.fancybox.css?v=2.1.5 HTTP/1.1" 200 4895
186.147.61.65 - - [27/Feb/2017:01:06:31 -0500] "GET /BLA/resoluciones/RESOLUCIONES%202012/0659.pdf HTTP/1.1" 200 522987
186.147.61.65 - - [27/Feb/2017:01:06:32 -0500] "GET /favicon.ico HTTP/1.1" 200 7782
192.168.175.104 - - [27/Feb/2017:01:06:33 -0500] "GET / HTTP/1.0" 200 9990
191.109.233.112 - - [27/Feb/2017:01:06:33 -0500] "GET /galeria/galeria/jquery.fancybox.js?v=2.1.5 HTTP/1.1" 200 48706
191.109.233.112 - - [27/Feb/2017:01:06:35 -0500] "GET /BLA/boletinlegal/js/jquery.scrollShow.js HTTP/1.1" 200 4586
191.109.233.112 - - [27/Feb/2017:01:06:54 -0500] "GET /galeria/galeria/jquery.fancybox.css?v=2.1.5 HTTP/1.1" 304 -
191.109.233.112 - - [27/Feb/2017:01:06:54 -0500] "GET /BLA/boletinlegal/js/jquery.scrollShow.js HTTP/1.1" 304 -
191.109.233.112 - - [27/Feb/2017:01:06:54 -0500] "GET /galeria/galeria/jquery.fancybox.js?v=2.1.5 HTTP/1.1" 304 -
163.172.66.153 - - [27/Feb/2017:01:06:55 -0500] "GET /BLA/resoluciones/AUTOS%202006/AUTOS%202006%20401-500/00000403.tif HTTP/1.1" 200 103194
180.76.15.152 - - [27/Feb/2017:01:07:10 -0500] "GET /BLA/resoluciones/AUTOS%202014/1107.pdf HTTP/1.1" 200 360767
180.76.15.9 - - [27/Feb/2017:01:07:10 -0500] "GET /BLA/resoluciones/RESOLUCIONES%202008/3945.pdf HTTP/1.1" 200 630864
201.245.192.253 - - [27/Feb/2017:01:07:46 -0500] "POST /forms/lservlet;jsessionid=ac16012b30d65c4ee2ead734471a9978ecb3ce836978.e3iSbxaKaheRe3mKbxqTc30Lby1ynknvrkLOlQzNp65In0 HTTP/1.1" 200 2
66.249.75.57 - - [27/Feb/2017:01:08:04 -0500] "GET / HTTP/1.1" 200 9990
167.0.192.201 - - [27/Feb/2017:01:08:23 -0500] "GET /galeria/galeria/jquery.fancybox.css?v=2.1.5 HTTP/1.1" 200 4895
167.0.192.201 - - [27/Feb/2017:01:08:23 -0500] "GET /BLA/boletinlegal/js/jquery.scrollShow.js HTTP/1.1" 200 4586
167.0.192.201 - - [27/Feb/2017:01:08:23 -0500] "GET /galeria/galeria/jquery.fancybox.js?v=2.1.5 HTTP/1.1" 200 48706
167.0.192.201 - - [27/Feb/2017:01:08:26 -0500] "GET /BLA/boletinlegal/js/jquery.scrollShow.js HTTP/1.1" 304 -
167.0.192.201 - - [27/Feb/2017:01:08:26 -0500] "GET /galeria/galeria/jquery.fancybox.js?v=2.1.5 HTTP/1.1" 304 -
167.0.192.201 - - [27/Feb/2017:01:08:26 -0500] "GET /galeria/galeria/jquery.fancybox.css?v=2.1.5 HTTP/1.1" 304 -
192.168.175.104 - - [27/Feb/2017:01:09:23 -0500] "GET / HTTP/1.1" 200 9990
123.126.68.102 - - [27/Feb/2017:01:09:34 -0500] "GET /BLA/resoluciones/AUTOS%202011/6252.pdf HTTP/1.1" 200 181399
201.245.192.253 - - [27/Feb/2017:01:09:46 -0500] "POST /forms/lservlet;jsessionid=ac16012b30d65c4ee2ead734471a9978ecb3ce836978.e3iSbxaKaheRe3mKbxqTc30Lby1ynknvrkLOlQzNp65In0 HTTP/1.1" 200 2
192.168.175.104 - - [27/Feb/2017:01:10:38 -0500] "GET / HTTP/1.1" 200 9990
52.3.127.144 - - [27/Feb/2017:01:10:41 -0500] "GET /robots.txt HTTP/1.1" 404 1018
200.118.112.246 - - [27/Feb/2017:01:11:02 -0500] "GET /BLA/boletinlegal/js/jquery.scrollShow.js HTTP/1.1" 200 4586
200.118.112.246 - - [27/Feb/2017:01:11:02 -0500] "GET /galeria/galeria/jquery.fancybox.css?v=2.1.5 HTTP/1.1" 200 4895
200.118.112.246 - - [27/Feb/2017:01:11:02 -0500] "GET /galeria/galeria/jquery.fancybox.js?v=2.1.5 HTTP/1.1" 200 48706
200.118.112.246 - - [27/Feb/2017:01:11:06 -0500] "GET /galeria/galeria/jquery.fancybox.js?v=2.1.5 HTTP/1.1" 304 -
200.118.112.246 - - [27/Feb/2017:01:11:06 -0500] "GET /BLA/boletinlegal/js/jquery.scrollShow.js HTTP/1.1" 304 -
200.118.112.246 - - [27/Feb/2017:01:11:06 -0500] "GET /galeria/galeria/jquery.fancybox.css?v=2.1.5 HTTP/1.1" 304 -
201.141.150.132 - - [27/Feb/2017:01:11:07 -0500] "GET /galeria/galeria/jquery.fancybox.css?v=2.1.5 HTTP/1.1" 200 4895
201.141.150.132 - - [27/Feb/2017:01:11:07 -0500] "GET /galeria/galeria/jquery.fancybox.js?v=2.1.5 HTTP/1.1" 200 48706
201.141.150.132 - - [27/Feb/2017:01:11:07 -0500] "GET /BLA/boletinlegal/js/jquery.scrollShow.js HTTP/1.1" 200 4586
201.141.150.132 - - [27/Feb/2017:01:11:21 -0500] "GET /galeria/galeria/jquery.fancybox.css?v=2.1.5 HTTP/1.1" 304 -
201.141.150.132 - - [27/Feb/2017:01:11:21 -0500] "GET /BLA/boletinlegal/js/jquery.scrollShow.js HTTP/1.1" 304 -
201.141.150.132 - - [27/Feb/2017:01:11:21 -0500] "GET /galeria/galeria/jquery.fancybox.js?v=2.1.5 HTTP/1.1" 304 -
192.168.175.104 - - [27/Feb/2017:01:11:31 -0500] "GET / HTTP/1.0" 200 9990
163.172.65.208 - - [27/Feb/2017:01:11:46 -0500] "GET /BLA/resoluciones/RESOLUCIONES%202005/RES%202005%201901-1950/00001916.tif HTTP/1.1" 200 134328
201.245.192.253 - - [27/Feb/2017:01:11:47 -0500] "POST /forms/lservlet;jsessionid=ac16012b30d65c4ee2ead734471a9978ecb3ce836978.e3iSbxaKaheRe3mKbxqTc30Lby1ynknvrkLOlQzNp65In0 HTTP/1.1" 200 2
66.249.75.38 - - [27/Feb/2017:01:12:00 -0500] "GET /BLA/resoluciones/AUTOS%202013/2594.pdf HTTP/1.1" 200 710281
186.84.134.169 - - [27/Feb/2017:01:12:17 -0500] "GET /BLA/resoluciones/AUTOS%202013/0284.pdf HTTP/1.1" 200 1067531
52.3.127.144 - - [27/Feb/2017:01:12:26 -0500] "GET /BLA/boletinlegal/Directivas/2017/Directiva%20No.%2001%20del%2017%20de%20Enero%20de%202017.pdf HTTP/1.1" 200 2804310
181.50.81.180 - - [27/Feb/2017:01:12:33 -0500] "GET /galeria/galeria/jquery.fancybox.css?v=2.1.5 HTTP/1.1" 304 -
181.50.81.180 - - [27/Feb/2017:01:12:33 -0500] "GET /BLA/boletinlegal/js/jquery.scrollShow.js HTTP/1.1" 304 -
181.50.81.180 - - [27/Feb/2017:01:12:33 -0500] "GET /galeria/galeria/jquery.fancybox.js?v=2.1.5 HTTP/1.1" 304 -
190.254.123.98 - - [27/Feb/2017:01:12:48 -0500] "GET /galeria/galeria/fotos/Humedal-la-conejera4G.jpg HTTP/1.1" 200 371145
186.84.134.169 - - [27/Feb/2017:01:13:34 -0500] "GET /BLA/resoluciones/AUTOS%202013/0284.pdf HTTP/1.1" 200 1067531
164.132.161.84 - - [27/Feb/2017:01:13:39 -0500] "GET /BLA/resoluciones/RESOLUCIONES%202005/RES%202005%20%201601-1650/00001643.tif HTTP/1.1" 200 211178
201.245.192.253 - - [27/Feb/2017:01:13:47 -0500] "POST /forms/lservlet;jsessionid=ac16012b30d65c4ee2ead734471a9978ecb3ce836978.e3iSbxaKaheRe3mKbxqTc30Lby1ynknvrkLOlQzNp65In0 HTTP/1.1" 200 2
66.249.75.41 - - [27/Feb/2017:01:13:57 -0500] "GET /BLA/resoluciones/Notificaciones/AUTOS%202014/5711.doc HTTP/1.1" 200 155136
192.168.175.104 - - [27/Feb/2017:01:14:20 -0500] "GET / HTTP/1.1" 200 9990
186.84.134.169 - - [27/Feb/2017:01:14:24 -0500] "GET /BLA/resoluciones/AUTOS%202012/0526.pdf HTTP/1.1" 200 401404
66.249.75.38 - - [27/Feb/2017:01:14:56 -0500] "GET /BLA/resoluciones/RESOLUCIONES%202008/0778.pdf HTTP/1.1" 200 491879
192.168.175.104 - - [27/Feb/2017:01:15:35 -0500] "GET / HTTP/1.1" 200 9990
201.245.192.253 - - [27/Feb/2017:01:15:47 -0500] "POST /forms/lservlet;jsessionid=ac16012b30d65c4ee2ead734471a9978ecb3ce836978.e3iSbxaKaheRe3mKbxqTc30Lby1ynknvrkLOlQzNp65In0 HTTP/1.1" 200 2
187.189.168.208 - - [27/Feb/2017:01:15:47 -0500] "GET /galeria/galeria/jquery.fancybox.css?v=2.1.5 HTTP/1.1" 200 4895
187.189.168.208 - - [27/Feb/2017:01:15:48 -0500] "GET /galeria/galeria/jquery.fancybox.js?v=2.1.5 HTTP/1.1" 200 48706
187.189.168.208 - - [27/Feb/2017:01:15:48 -0500] "GET /BLA/boletinlegal/js/jquery.scrollShow.js HTTP/1.1" 200 4586
192.168.175.104 - - [27/Feb/2017:01:16:29 -0500] "GET / HTTP/1.0" 200 9990
66.249.75.38 - - [27/Feb/2017:01:16:54 -0500] "GET /BLA/resoluciones/RESOLUCIONES%202009/2137.pdf HTTP/1.1" 200 476767
187.189.168.208 - - [27/Feb/2017:01:15:54 -0500] "GET /videos/CRRFFS.mp4 HTTP/1.1" 200 286784363
187.189.168.208 - - [27/Feb/2017:01:17:07 -0500] "GET /galeria/galeria/jquery.fancybox.js?v=2.1.5 HTTP/1.1" 304 -
187.189.168.208 - - [27/Feb/2017:01:17:07 -0500] "GET /galeria/galeria/jquery.fancybox.css?v=2.1.5 HTTP/1.1" 304 -
187.189.168.208 - - [27/Feb/2017:01:17:07 -0500] "GET /BLA/boletinlegal/js/jquery.scrollShow.js HTTP/1.1" 304 -
187.189.168.208 - - [27/Feb/2017:01:17:09 -0500] "GET /videos/CRRFFS.mp4 HTTP/1.1" 206 1
180.76.15.30 - - [27/Feb/2017:01:17:11 -0500] "GET /BLA/resoluciones/AUTOS%202014/1908.pdf HTTP/1.1" 200 345781
163.172.64.239 - - [27/Feb/2017:01:17:31 -0500] "GET /BLA/resoluciones/RESOLUCIONES%202004/RES%202004%202351-2401/00002351.tif HTTP/1.1" 200 106580
201.245.192.253 - - [27/Feb/2017:01:17:47 -0500] "POST /forms/lservlet;jsessionid=ac16012b30d65c4ee2ead734471a9978ecb3ce836978.e3iSbxaKaheRe3mKbxqTc30Lby1ynknvrkLOlQzNp65In0 HTTP/1.1" 200 2
66.249.75.41 - - [27/Feb/2017:01:17:53 -0500] "GET /BLA/resoluciones/RESOLUCIONES%202007/RES%202007%203801%20AL%203900/RESOLUCION%203894%20DE%202007.pdf HTTP/1.1" 200 806373
181.60.40.88 - - [27/Feb/2017:01:18:45 -0500] "GET /BLA/resoluciones/AUTOS%202013/0459.pdf HTTP/1.1" 200 462365
181.60.40.88 - - [27/Feb/2017:01:18:46 -0500] "GET /favicon.ico HTTP/1.1" 200 7782
190.159.35.204 - - [27/Feb/2017:01:18:49 -0500] "GET /galeria/galeria/jquery.fancybox.css?v=2.1.5 HTTP/1.1" 200 4895
190.159.35.204 - - [27/Feb/2017:01:18:49 -0500] "GET /galeria/galeria/jquery.fancybox.js?v=2.1.5 HTTP/1.1" 200 48706
190.159.35.204 - - [27/Feb/2017:01:18:49 -0500] "GET /BLA/boletinlegal/js/jquery.scrollShow.js HTTP/1.1" 200 4586
190.159.35.204 - - [27/Feb/2017:01:19:13 -0500] "GET /BLA/boletinlegal/js/jquery.scrollShow.js HTTP/1.1" 304 -
190.159.35.204 - - [27/Feb/2017:01:19:13 -0500] "GET /galeria/galeria/jquery.fancybox.css?v=2.1.5 HTTP/1.1" 304 -
190.159.35.204 - - [27/Feb/2017:01:19:13 -0500] "GET /galeria/galeria/jquery.fancybox.js?v=2.1.5 HTTP/1.1" 304 -
192.168.175.104 - - [27/Feb/2017:01:19:18 -0500] "GET / HTTP/1.1" 200 9990
201.245.192.253 - - [27/Feb/2017:01:19:48 -0500] "POST /forms/lservlet;jsessionid=ac16012b30d65c4ee2ead734471a9978ecb3ce836978.e3iSbxaKaheRe3mKbxqTc30Lby1ynknvrkLOlQzNp65In0 HTTP/1.1" 200 2
163.172.65.2 - - [27/Feb/2017:01:19:49 -0500] "GET /BLA/resoluciones/RESOLUCIONES%202003/RES%202003%202051-2100/00002055.tif HTTP/1.1" 200 307626
190.249.36.46 - - [27/Feb/2017:01:20:06 -0500] "GET /PORTAL_SIAC/swf/Residuos/textiles/files/guia_textiles.pdf HTTP/1.1" 200 12356716
192.168.175.104 - - [27/Feb/2017:01:20:33 -0500] "GET / HTTP/1.1" 200 9990
192.168.175.104 - - [27/Feb/2017:01:21:26 -0500] "GET / HTTP/1.0" 200 9990
187.142.139.61 - - [27/Feb/2017:00:44:08 -0500] "GET /videos/CRRFFS.mp4 HTTP/1.1" 206 283379695
201.245.192.253 - - [27/Feb/2017:01:21:48 -0500] "POST /forms/lservlet;jsessionid=ac16012b30d65c4ee2ead734471a9978ecb3ce836978.e3iSbxaKaheRe3mKbxqTc30Lby1ynknvrkLOlQzNp65In0 HTTP/1.1" 200 2
181.60.40.88 - - [27/Feb/2017:01:22:12 -0500] "GET /BLA/resoluciones/AUTOS%202014/1885.pdf HTTP/1.1" 200 667477
69.162.124.233 - - [27/Feb/2017:01:22:25 -0500] "HEAD / HTTP/1.1" 200 -
216.244.66.245 - - [27/Feb/2017:01:22:45 -0500] "GET /robots.txt HTTP/1.1" 404 1015
187.189.168.208 - - [27/Feb/2017:01:17:10 -0500] "GET /videos/CRRFFS.mp4 HTTP/1.1" 206 261819835
51.255.65.37 - - [27/Feb/2017:01:23:42 -0500] "GET /BLA/resoluciones/index.php?dir=RESOLUCIONES%202002/RES%202002%201501-1550/&sort=size&order=asc HTTP/1.1" 200 12147
51.255.65.94 - - [27/Feb/2017:01:23:45 -0500] "GET /BLA/resoluciones/RESOLUCIONES%202004/RES%202004%201701-1750/00001729.tif HTTP/1.1" 200 116042
201.245.192.253 - - [27/Feb/2017:01:23:48 -0500] "POST /forms/lservlet;jsessionid=ac16012b30d65c4ee2ead734471a9978ecb3ce836978.e3iSbxaKaheRe3mKbxqTc30Lby1ynknvrkLOlQzNp65In0 HTTP/1.1" 200 2
192.168.175.104 - - [27/Feb/2017:01:24:17 -0500] "GET / HTTP/1.1" 200 9990
51.255.65.40 - - [27/Feb/2017:01:24:34 -0500] "GET /BLA/resoluciones/AUTOS%202006/AUTOS%202006%202701%20-%202800/00002713.tif HTTP/1.1" 200 78054
163.172.66.115 - - [27/Feb/2017:01:24:51 -0500] "GET /BLA/resoluciones/RESOLUCIONES%202002/RES%202002%201051-1100/00001089.tif HTTP/1.1" 200 153772
180.76.15.21 - - [27/Feb/2017:01:25:02 -0500] "GET / HTTP/1.1" 200 9990
180.76.15.33 - - [27/Feb/2017:01:25:27 -0500] "GET / HTTP/1.1" 200 9990
192.168.175.104 - - [27/Feb/2017:01:25:30 -0500] "GET / HTTP/1.1" 200 9990
186.154.34.204 - - [27/Feb/2017:01:25:37 -0500] "GET /galeria/galeria/jquery.fancybox.css?v=2.1.5 HTTP/1.1" 200 4895
186.154.34.204 - - [27/Feb/2017:01:25:37 -0500] "GET /BLA/boletinlegal/js/jquery.scrollShow.js HTTP/1.1" 200 4586
186.154.34.204 - - [27/Feb/2017:01:25:37 -0500] "GET /galeria/galeria/jquery.fancybox.js?v=2.1.5 HTTP/1.1" 200 48706
186.154.34.204 - - [27/Feb/2017:01:25:42 -0500] "GET /BLA/boletinlegal/js/jquery.scrollShow.js HTTP/1.1" 304 -
186.154.34.204 - - [27/Feb/2017:01:25:42 -0500] "GET /galeria/galeria/jquery.fancybox.js?v=2.1.5 HTTP/1.1" 304 -
186.154.34.204 - - [27/Feb/2017:01:25:42 -0500] "GET /galeria/galeria/jquery.fancybox.css?v=2.1.5 HTTP/1.1" 304 -
201.245.192.253 - - [27/Feb/2017:01:25:48 -0500] "POST /forms/lservlet;jsessionid=ac16012b30d65c4ee2ead734471a9978ecb3ce836978.e3iSbxaKaheRe3mKbxqTc30Lby1ynknvrkLOlQzNp65In0 HTTP/1.1" 200 2
192.168.175.104 - - [27/Feb/2017:01:26:24 -0500] "GET / HTTP/1.0" 200 9990
163.172.66.161 - - [27/Feb/2017:01:26:36 -0500] "GET /BLA/resoluciones/RESOLUCIONES%202005/RES%202005%201301-1350/00001305.tif HTTP/1.1" 200 111900
195.211.193.156 - - [27/Feb/2017:01:27:12 -0500] "GET /BLA/resoluciones/AUTOS%202015/4118.pdf HTTP/1.1" 200 746322
69.162.124.233 - - [27/Feb/2017:01:27:25 -0500] "HEAD / HTTP/1.1" 200 -
201.132.30.72 - - [27/Feb/2017:01:27:32 -0500] "GET /galeria/galeria/jquery.fancybox.css?v=2.1.5 HTTP/1.1" 200 4895
201.132.30.72 - - [27/Feb/2017:01:27:32 -0500] "GET /BLA/boletinlegal/js/jquery.scrollShow.js HTTP/1.1" 200 4586
201.132.30.72 - - [27/Feb/2017:01:27:32 -0500] "GET /galeria/galeria/jquery.fancybox.js?v=2.1.5 HTTP/1.1" 200 48706
190.242.76.63 - - [27/Feb/2017:01:27:35 -0500] "GET /BLA/resoluciones/AUTOS%202013/1167.pdf HTTP/1.1" 200 583509
201.132.30.72 - - [27/Feb/2017:01:27:40 -0500] "GET /galeria/galeria/jquery.fancybox.css?v=2.1.5 HTTP/1.1" 304 -
201.132.30.72 - - [27/Feb/2017:01:27:40 -0500] "GET /BLA/boletinlegal/js/jquery.scrollShow.js HTTP/1.1" 304 -
201.132.30.72 - - [27/Feb/2017:01:27:40 -0500] "GET /galeria/galeria/jquery.fancybox.js?v=2.1.5 HTTP/1.1" 304 -
201.245.192.253 - - [27/Feb/2017:01:27:48 -0500] "POST /forms/lservlet;jsessionid=ac16012b30d65c4ee2ead734471a9978ecb3ce836978.e3iSbxaKaheRe3mKbxqTc30Lby1ynknvrkLOlQzNp65In0 HTTP/1.1" 200 2
190.232.3.134 - - [27/Feb/2017:01:27:52 -0500] "-" 408 -
163.172.65.246 - - [27/Feb/2017:01:28:03 -0500] "GET /BLA/resoluciones/RESOLUCIONES%202003/RES%202003%20251-300/272.tif HTTP/1.1" 200 114616
66.249.75.38 - - [27/Feb/2017:01:28:49 -0500] "GET /BLA/boletinlegal/js/jquery.scrollShow.js HTTP/1.1" 200 4586
66.249.75.38 - - [27/Feb/2017:01:28:50 -0500] "GET /galeria/galeria/jquery.fancybox.js?v=2.1.5 HTTP/1.1" 200 48706
66.249.75.38 - - [27/Feb/2017:01:28:52 -0500] "GET /galeria/galeria/jquery.fancybox.css?v=2.1.5 HTTP/1.1" 200 4895
66.249.75.38 - - [27/Feb/2017:01:28:55 -0500] "GET /galeria/galeria/jquery.fancybox.js?v=2.1.5 HTTP/1.1" 200 48706
66.249.75.38 - - [27/Feb/2017:01:29:01 -0500] "GET /galeria/galeria/jquery.fancybox.css?v=2.1.5 HTTP/1.1" 200 4895
192.168.175.104 - - [27/Feb/2017:01:29:16 -0500] "GET / HTTP/1.1" 200 9990
163.172.66.100 - - [27/Feb/2017:01:29:30 -0500] "GET /BLA/resoluciones/RESOLUCIONES%202005/RES%202005%20401-450/00000427.tif HTTP/1.1" 200 133120
163.172.66.50 - - [27/Feb/2017:01:29:37 -0500] "GET /BLA/resoluciones/RESOLUCIONES%202004/RES%202004%201301-1350/00001327.tif HTTP/1.1" 200 89918
201.245.192.253 - - [27/Feb/2017:01:29:49 -0500] "POST /forms/lservlet;jsessionid=ac16012b30d65c4ee2ead734471a9978ecb3ce836978.e3iSbxaKaheRe3mKbxqTc30Lby1ynknvrkLOlQzNp65In0 HTTP/1.1" 200 2
192.168.175.104 - - [27/Feb/2017:01:30:29 -0500] "GET / HTTP/1.1" 200 9990
66.249.75.38 - - [27/Feb/2017:01:30:38 -0500] "GET /BLA/resoluciones/AUTOS%202011/3045.pdf HTTP/1.1" 304 -
192.168.175.104 - - [27/Feb/2017:01:31:22 -0500] "GET / HTTP/1.0" 200 9990
66.249.75.38 - - [27/Feb/2017:01:31:37 -0500] "GET /BLA/resoluciones/RESOLUCIONES%202014/0442.pdf HTTP/1.1" 304 -
201.245.192.253 - - [27/Feb/2017:01:31:49 -0500] "POST /forms/lservlet;jsessionid=ac16012b30d65c4ee2ead734471a9978ecb3ce836978.e3iSbxaKaheRe3mKbxqTc30Lby1ynknvrkLOlQzNp65In0 HTTP/1.1" 200 2
69.162.124.233 - - [27/Feb/2017:01:32:25 -0500] "HEAD / HTTP/1.1" 200 -
66.249.75.38 - - [27/Feb/2017:01:32:35 -0500] "GET /BLA/resoluciones/RESOLUCIONES%202009/7295.pdf HTTP/1.1" 200 356834
186.155.13.2 - - [27/Feb/2017:01:33:22 -0500] "GET /BLA/boletinlegal/js/jquery.scrollShow.js HTTP/1.1" 200 4586
186.155.13.2 - - [27/Feb/2017:01:33:22 -0500] "GET /galeria/galeria/jquery.fancybox.css?v=2.1.5 HTTP/1.1" 200 4895
186.155.13.2 - - [27/Feb/2017:01:33:26 -0500] "GET /galeria/galeria/jquery.fancybox.js?v=2.1.5 HTTP/1.1" 200 48706
66.249.75.41 - - [27/Feb/2017:01:33:34 -0500] "GET /BLA/resoluciones/RESOLUCIONES%202008/3460.pdf HTTP/1.1" 200 238501
66.249.75.57 - - [27/Feb/2017:01:33:40 -0500] "GET /BLA/boletinlegal/Circulares/2011/Circular%20No.%206%20del%2023%20de%20Septiembre%20de%202011.pdf HTTP/1.1" 200 252800
201.245.192.253 - - [27/Feb/2017:01:33:49 -0500] "POST /forms/lservlet;jsessionid=ac16012b30d65c4ee2ead734471a9978ecb3ce836978.e3iSbxaKaheRe3mKbxqTc30Lby1ynknvrkLOlQzNp65In0 HTTP/1.1" 200 2
163.172.66.106 - - [27/Feb/2017:01:33:52 -0500] "GET /BLA/resoluciones/index.php?dir=RESOLUCIONES+2002%2FRES+2002+1901-1950%2F HTTP/1.1" 200 12149
192.168.175.104 - - [27/Feb/2017:01:34:14 -0500] "GET / HTTP/1.1" 200 9990
163.172.64.250 - - [27/Feb/2017:01:34:18 -0500] "GET /BLA/resoluciones/RESOLUCIONES%202005/RES%202005%202151-2200/00002195.tif HTTP/1.1" 200 206518
66.249.75.38 - - [27/Feb/2017:01:34:33 -0500] "GET /BLA/resoluciones/RESOLUCIONES%202008/5686.pdf HTTP/1.1" 200 199210
186.29.145.197 - - [27/Feb/2017:01:35:23 -0500] "GET /galeria/galeria/jquery.fancybox.css?v=2.1.5 HTTP/1.1" 200 4895
186.29.145.197 - - [27/Feb/2017:01:35:23 -0500] "GET /galeria/galeria/jquery.fancybox.js?v=2.1.5 HTTP/1.1" 200 48706
186.29.145.197 - - [27/Feb/2017:01:35:24 -0500] "GET /galeria/galeria/fotos/MeandrodelSay1P.jpg HTTP/1.1" 200 27908
186.29.145.197 - - [27/Feb/2017:01:35:24 -0500] "GET /galeria/galeria/fotos/MeandrodelSay2P.jpg HTTP/1.1" 200 30394
186.29.145.197 - - [27/Feb/2017:01:35:24 -0500] "GET /galeria/galeria/fotos/MeandrodelSay3P.jpg HTTP/1.1" 200 32353
186.29.145.197 - - [27/Feb/2017:01:35:24 -0500] "GET /galeria/galeria/fotos/MeandrodelSay4P.jpg HTTP/1.1" 200 32545
192.168.175.104 - - [27/Feb/2017:01:35:27 -0500] "GET / HTTP/1.1" 200 9990
66.249.75.38 - - [27/Feb/2017:01:35:32 -0500] "GET /BLA/resoluciones/AUTOS%202009/2045.pdf HTTP/1.1" 200 422569
201.245.192.253 - - [27/Feb/2017:01:35:49 -0500] "POST /forms/lservlet;jsessionid=ac16012b30d65c4ee2ead734471a9978ecb3ce836978.e3iSbxaKaheRe3mKbxqTc30Lby1ynknvrkLOlQzNp65In0 HTTP/1.1" 200 2
164.132.161.55 - - [27/Feb/2017:01:36:07 -0500] "GET /BLA/resoluciones/RESOLUCIONES%202003/RES%202003%20251-300/264.tif HTTP/1.1" 200 243156
192.168.175.104 - - [27/Feb/2017:01:36:20 -0500] "GET / HTTP/1.0" 200 9990
69.162.124.233 - - [27/Feb/2017:01:37:25 -0500] "HEAD / HTTP/1.1" 200 -
66.249.75.59 - - [27/Feb/2017:01:37:30 -0500] "GET /ecodirectorio/files/res/downloads/download_0190.pdf HTTP/1.1" 200 160986
201.245.192.253 - - [27/Feb/2017:01:37:50 -0500] "POST /forms/lservlet;jsessionid=ac16012b30d65c4ee2ead734471a9978ecb3ce836978.e3iSbxaKaheRe3mKbxqTc30Lby1ynknvrkLOlQzNp65In0 HTTP/1.1" 200 2
66.249.75.41 - - [27/Feb/2017:01:38:29 -0500] "GET /BLA/resoluciones/RESOLUCIONES%202011/2968.pdf HTTP/1.1" 200 504352
51.255.65.56 - - [27/Feb/2017:01:38:52 -0500] "GET /BLA/resoluciones/RESOLUCIONES%202006/RES%202006%202551-2600/00002586.tif HTTP/1.1" 200 267354
192.168.175.104 - - [27/Feb/2017:01:39:11 -0500] "GET / HTTP/1.1" 200 9990
5.39.218.201 - - [27/Feb/2017:01:39:15 -0500] "GET /82172316237 HTTP/1.1" 404 1018
66.249.75.41 - - [27/Feb/2017:01:39:27 -0500] "GET /BLA/resoluciones/RESOLUCIONES%202011/6141.pdf HTTP/1.1" 200 471313
201.245.192.253 - - [27/Feb/2017:01:39:50 -0500] "POST /forms/lservlet;jsessionid=ac16012b30d65c4ee2ead734471a9978ecb3ce836978.e3iSbxaKaheRe3mKbxqTc30Lby1ynknvrkLOlQzNp65In0 HTTP/1.1" 200 2
192.168.175.104 - - [27/Feb/2017:01:40:24 -0500] "GET / HTTP/1.1" 200 9990
66.249.75.38 - - [27/Feb/2017:01:40:26 -0500] "GET /BLA/resoluciones/RESOLUCIONES%202011/1670.pdf HTTP/1.1" 200 80349
190.211.112.108 - - [27/Feb/2017:01:40:54 -0500] "GET /galeria/galeria/jquery.fancybox.css?v=2.1.5 HTTP/1.1" 200 4895
190.211.112.108 - - [27/Feb/2017:01:40:54 -0500] "GET /BLA/boletinlegal/js/jquery.scrollShow.js HTTP/1.1" 200 4586
190.211.112.108 - - [27/Feb/2017:01:40:54 -0500] "GET /galeria/galeria/jquery.fancybox.js?v=2.1.5 HTTP/1.1" 200 48706
192.168.175.104 - - [27/Feb/2017:01:41:18 -0500] "GET / HTTP/1.0" 200 9990
161.132.216.40 - - [27/Feb/2017:01:41:24 -0500] "PUT /webdav/Fr0stboot.php HTTP/1.1" 405 938
201.245.192.253 - - [27/Feb/2017:01:41:50 -0500] "POST /forms/lservlet;jsessionid=ac16012b30d65c4ee2ead734471a9978ecb3ce836978.e3iSbxaKaheRe3mKbxqTc30Lby1ynknvrkLOlQzNp65In0 HTTP/1.1" 200 2
66.249.75.44 - - [27/Feb/2017:01:42:24 -0500] "GET /BLA/resoluciones/RESOLUCIONES%202007/RES%202007%20601%20AL%20700/RESOLUCION%200670%20DE%202007.pdf HTTP/1.1" 304 -
69.162.124.233 - - [27/Feb/2017:01:42:25 -0500] "HEAD / HTTP/1.1" 200 -
52.3.127.144 - - [27/Feb/2017:01:42:35 -0500] "GET /robots.txt HTTP/1.1" 404 1018
216.244.66.245 - - [27/Feb/2017:01:43:01 -0500] "GET /BLA/boletinlegal/conceptos.php HTTP/1.1" 200 7207
66.249.75.38 - - [27/Feb/2017:01:43:23 -0500] "GET /BLA/resoluciones/RESOLUCIONES%202016/0956.pdf HTTP/1.1" 304 -
81.223.254.34 - - [27/Feb/2017:01:43:34 -0500] "GET /robots.txt HTTP/1.0" 404 1019
66.249.75.57 - - [27/Feb/2017:01:43:35 -0500] "GET /BLA/boletinlegal/Circulares/2010/Circular%2005%20de%208%20de%20septiembre%20de%202010.pdf HTTP/1.1" 200 2146608
40.77.167.73 - - [27/Feb/2017:01:43:46 -0500] "GET /videos/galeria-cronicas/Semanaplaylist.htm? HTTP/1.1" 200 4020
201.245.192.253 - - [27/Feb/2017:01:43:51 -0500] "POST /forms/lservlet;jsessionid=ac16012b30d65c4ee2ead734471a9978ecb3ce836978.e3iSbxaKaheRe3mKbxqTc30Lby1ynknvrkLOlQzNp65In0 HTTP/1.1" 200 2
192.168.175.104 - - [27/Feb/2017:01:44:09 -0500] "GET / HTTP/1.1" 200 9990
66.249.75.38 - - [27/Feb/2017:01:44:22 -0500] "GET /BLA/resoluciones/AUTOS%202013/3512.pdf HTTP/1.1" 200 469521
192.168.175.104 - - [27/Feb/2017:01:45:22 -0500] "GET / HTTP/1.1" 200 9990
201.245.192.253 - - [27/Feb/2017:01:45:51 -0500] "POST /forms/lservlet;jsessionid=ac16012b30d65c4ee2ead734471a9978ecb3ce836978.e3iSbxaKaheRe3mKbxqTc30Lby1ynknvrkLOlQzNp65In0 HTTP/1.1" 200 2
192.168.175.104 - - [27/Feb/2017:01:46:17 -0500] "GET / HTTP/1.0" 200 9990
180.76.15.29 - - [27/Feb/2017:01:47:14 -0500] "GET /BLA/resoluciones/RESOLUCIONES%202011/0900.pdf HTTP/1.1" 200 522477
163.172.66.114 - - [27/Feb/2017:01:47:23 -0500] "GET /BLA/resoluciones/RESOLUCIONES%202005/00001074.tif HTTP/1.1" 200 200118
69.162.124.233 - - [27/Feb/2017:01:47:25 -0500] "HEAD / HTTP/1.1" 200 -
195.133.48.121 - - [27/Feb/2017:01:47:26 -0500] "HEAD / HTTP/1.1" 200 -
195.133.48.150 - - [27/Feb/2017:01:47:27 -0500] "HEAD / HTTP/1.1" 200 -
176.194.52.243 - - [27/Feb/2017:01:47:34 -0500] "GET /BLA/boletinlegal/js/jquery.scrollShow.js HTTP/1.1" 200 4586
176.194.52.243 - - [27/Feb/2017:01:47:34 -0500] "GET /galeria/galeria/jquery.fancybox.css?v=2.1.5 HTTP/1.1" 200 4895
176.194.52.243 - - [27/Feb/2017:01:47:34 -0500] "GET /galeria/galeria/jquery.fancybox.js?v=2.1.5 HTTP/1.1" 200 48706
194.87.238.17 - - [27/Feb/2017:01:47:39 -0500] "HEAD / HTTP/1.1" 200 -
201.245.192.253 - - [27/Feb/2017:01:47:51 -0500] "POST /forms/lservlet;jsessionid=ac16012b30d65c4ee2ead734471a9978ecb3ce836978.e3iSbxaKaheRe3mKbxqTc30Lby1ynknvrkLOlQzNp65In0 HTTP/1.1" 200 2
181.142.212.253 - - [27/Feb/2017:01:48:25 -0500] "GET /galeria/galeria/jquery.fancybox.css?v=2.1.5 HTTP/1.1" 200 4895
181.142.212.253 - - [27/Feb/2017:01:48:25 -0500] "GET /BLA/boletinlegal/js/jquery.scrollShow.js HTTP/1.1" 200 4586
181.142.212.253 - - [27/Feb/2017:01:48:25 -0500] "GET /galeria/galeria/jquery.fancybox.js?v=2.1.5 HTTP/1.1" 200 48706
49.193.50.169 - - [27/Feb/2017:01:49:06 -0500] "POST /xmlrpc.php HTTP/1.1" 301 334
192.168.175.104 - - [27/Feb/2017:01:49:07 -0500] "GET / HTTP/1.1" 200 9990
49.193.50.169 - - [27/Feb/2017:01:49:10 -0500] "GET /wp-login.php HTTP/1.1" 301 336
49.193.50.169 - - [27/Feb/2017:01:49:12 -0500] "POST /wp-login.php HTTP/1.1" 301 336
190.9.205.160 - - [27/Feb/2017:01:49:41 -0500] "GET /BLA/boletinlegal/js/jquery.scrollShow.js HTTP/1.1" 200 4586
190.9.205.160 - - [27/Feb/2017:01:49:41 -0500] "GET /galeria/galeria/jquery.fancybox.css?v=2.1.5 HTTP/1.1" 200 4895
190.9.205.160 - - [27/Feb/2017:01:49:41 -0500] "GET /galeria/galeria/jquery.fancybox.js?v=2.1.5 HTTP/1.1" 200 48706
190.9.205.160 - - [27/Feb/2017:01:49:48 -0500] "GET /BLA/boletinlegal/js/jquery.scrollShow.js HTTP/1.1" 304 -
190.9.205.160 - - [27/Feb/2017:01:49:48 -0500] "GET /galeria/galeria/jquery.fancybox.css?v=2.1.5 HTTP/1.1" 304 -
190.9.205.160 - - [27/Feb/2017:01:49:48 -0500] "GET /galeria/galeria/jquery.fancybox.js?v=2.1.5 HTTP/1.1" 304 -
201.245.192.253 - - [27/Feb/2017:01:49:51 -0500] "POST /forms/lservlet;jsessionid=ac16012b30d65c4ee2ead734471a9978ecb3ce836978.e3iSbxaKaheRe3mKbxqTc30Lby1ynknvrkLOlQzNp65In0 HTTP/1.1" 200 2
192.168.175.104 - - [27/Feb/2017:01:50:21 -0500] "GET / HTTP/1.1" 200 9990
66.249.69.17 - - [27/Feb/2017:01:51:14 -0500] "GET /robots.txt HTTP/1.1" 302 312
192.168.175.104 - - [27/Feb/2017:01:51:16 -0500] "GET / HTTP/1.0" 200 9990
201.245.192.253 - - [27/Feb/2017:01:51:51 -0500] "POST /forms/lservlet;jsessionid=ac16012b30d65c4ee2ead734471a9978ecb3ce836978.e3iSbxaKaheRe3mKbxqTc30Lby1ynknvrkLOlQzNp65In0 HTTP/1.1" 200 2
69.162.124.233 - - [27/Feb/2017:01:52:25 -0500] "HEAD / HTTP/1.1" 200 -
66.249.75.4 - - [27/Feb/2017:01:53:12 -0500] "GET / HTTP/1.1" 200 9990
51.255.65.49 - - [27/Feb/2017:01:53:12 -0500] "GET /BLA/resoluciones/RESOLUCIONES%202002/RES%202002%20351-400/00000382.tif HTTP/1.1" 200 58652
66.249.75.61 - - [27/Feb/2017:01:53:31 -0500] "GET /BLA/boletinlegal/Circulares/2011/Circular%20No.%202%20del%2031%20de%20Mayo%20de%202011.pdf HTTP/1.1" 200 496778
104.199.233.72 - - [27/Feb/2017:01:53:32 -0500] "-" 408 -
201.245.192.253 - - [27/Feb/2017:01:53:52 -0500] "POST /forms/lservlet;jsessionid=ac16012b30d65c4ee2ead734471a9978ecb3ce836978.e3iSbxaKaheRe3mKbxqTc30Lby1ynknvrkLOlQzNp65In0 HTTP/1.1" 200 2
192.168.175.104 - - [27/Feb/2017:01:54:05 -0500] "GET / HTTP/1.1" 200 9990
66.249.75.38 - - [27/Feb/2017:01:55:09 -0500] "GET / HTTP/1.1" 200 9990
192.168.175.104 - - [27/Feb/2017:01:55:19 -0500] "GET / HTTP/1.1" 200 9990
201.245.192.253 - - [27/Feb/2017:01:55:52 -0500] "POST /forms/lservlet;jsessionid=ac16012b30d65c4ee2ead734471a9978ecb3ce836978.e3iSbxaKaheRe3mKbxqTc30Lby1ynknvrkLOlQzNp65In0 HTTP/1.1" 200 2
66.249.75.10 - - [27/Feb/2017:01:56:08 -0500] "GET / HTTP/1.1" 301 324
192.168.175.104 - - [27/Feb/2017:01:56:17 -0500] "GET / HTTP/1.0" 200 9990
163.172.66.80 - - [27/Feb/2017:01:56:21 -0500] "GET /BLA/resoluciones/RESOLUCIONES%202006/RES%202006%20151-200/00000166.tif HTTP/1.1" 200 139914
66.249.75.57 - - [27/Feb/2017:01:57:07 -0500] "GET / HTTP/1.1" 200 9990
180.76.15.27 - - [27/Feb/2017:01:57:12 -0500] "GET /BLA/resoluciones/RESOLUCIONES%202007/RES%202007%201201%20AL%201300/RESOLUCION%201278%20DE%202007.pdf HTTP/1.1" 200 1162666
69.162.124.233 - - [27/Feb/2017:01:57:25 -0500] "HEAD / HTTP/1.1" 200 -
216.244.66.237 - - [27/Feb/2017:01:57:35 -0500] "GET /robots.txt HTTP/1.1" 302 312
201.245.192.253 - - [27/Feb/2017:01:57:52 -0500] "POST /forms/lservlet;jsessionid=ac16012b30d65c4ee2ead734471a9978ecb3ce836978.e3iSbxaKaheRe3mKbxqTc30Lby1ynknvrkLOlQzNp65In0 HTTP/1.1" 200 2
66.249.75.44 - - [27/Feb/2017:01:58:06 -0500] "GET /BLA/resoluciones/RESOLUCIONES%202007/RES%202007%201901%20AL%202000/RESOLUCION%201982%20DE%202007.pdf HTTP/1.1" 200 1064608
163.172.66.138 - - [27/Feb/2017:01:58:11 -0500] "GET /BLA/resoluciones/RESOLUCIONES%202004/RES%202004%201101-1150/00001106.tif HTTP/1.1" 200 117010
66.249.75.59 - - [27/Feb/2017:01:58:24 -0500] "GET /BLA/boletinlegal/Circulares/2012/Circular%20No.%2010%20del%2026%20de%20Enero%20de%202012.pdf HTTP/1.1" 404 1019
192.168.175.104 - - [27/Feb/2017:01:59:03 -0500] "GET / HTTP/1.1" 200 9990
201.245.192.253 - - [27/Feb/2017:01:59:52 -0500] "POST /forms/lservlet;jsessionid=ac16012b30d65c4ee2ead734471a9978ecb3ce836978.e3iSbxaKaheRe3mKbxqTc30Lby1ynknvrkLOlQzNp65In0 HTTP/1.1" 200 2
66.249.75.41 - - [27/Feb/2017:02:00:03 -0500] "GET /BLA/resoluciones/RESOLUCIONES%202010/3779.pdf HTTP/1.1" 200 451805
192.168.175.104 - - [27/Feb/2017:02:00:17 -0500] "GET / HTTP/1.1" 200 9990
59.96.176.135 - - [27/Feb/2017:02:01:01 -0500] "GET /wp-login.php HTTP/1.1" 404 1019
59.96.176.135 - - [27/Feb/2017:02:01:02 -0500] "GET / HTTP/1.1" 200 9990
192.168.175.104 - - [27/Feb/2017:02:01:15 -0500] "GET / HTTP/1.0" 200 9990
201.245.192.253 - - [27/Feb/2017:02:01:53 -0500] "POST /forms/lservlet;jsessionid=ac16012b30d65c4ee2ead734471a9978ecb3ce836978.e3iSbxaKaheRe3mKbxqTc30Lby1ynknvrkLOlQzNp65In0 HTTP/1.1" 200 2
66.249.75.38 - - [27/Feb/2017:02:02:01 -0500] "GET /BLA/resoluciones/RESOLUCIONES%202008/0545.pdf HTTP/1.1" 304 -
69.162.124.233 - - [27/Feb/2017:02:02:25 -0500] "HEAD / HTTP/1.1" 200 -
173.51.222.123 - - [27/Feb/2017:02:02:42 -0500] "GET / HTTP/1.0" 200 9990
66.249.75.38 - - [27/Feb/2017:02:03:00 -0500] "GET /BLA/resoluciones/RESOLUCIONES%202007/RES%202007%202201%20AL%202300/RESOLUCION%202238%20DE%202007.pdf HTTP/1.1" 304 -
201.245.192.253 - - [27/Feb/2017:02:03:53 -0500] "POST /forms/lservlet;jsessionid=ac16012b30d65c4ee2ead734471a9978ecb3ce836978.e3iSbxaKaheRe3mKbxqTc30Lby1ynknvrkLOlQzNp65In0 HTTP/1.1" 200 2
66.249.75.41 - - [27/Feb/2017:02:03:59 -0500] "GET /BLA/resoluciones/RESOLUCIONES%202011/0185.pdf HTTP/1.1" 304 -
192.168.175.104 - - [27/Feb/2017:02:04:01 -0500] "GET / HTTP/1.1" 200 9990
66.249.75.59 - - [27/Feb/2017:02:04:07 -0500] "GET /BLA/boletinlegal/registro/assets/css/contact.css HTTP/1.1" 200 3025
66.249.75.55 - - [27/Feb/2017:02:04:08 -0500] "GET /BLA/boletinlegal/registro/assets/css/lay.css HTTP/1.1" 200 588
186.29.174.227 - - [27/Feb/2017:02:04:31 -0500] "GET /isolucionsda/?Usuario=SDA&Clave=SDA2 HTTP/1.1" 302 140
186.29.174.227 - - [27/Feb/2017:02:04:31 -0500] "GET /isolucionsda/ControlDeInicio.asp HTTP/1.1" 200 739
66.249.75.41 - - [27/Feb/2017:02:04:58 -0500] "GET /BLA/resoluciones/AUTOS%202014/4530.pdf HTTP/1.1" 200 529377
192.168.175.104 - - [27/Feb/2017:02:05:15 -0500] "GET / HTTP/1.1" 200 9990
201.245.192.253 - - [27/Feb/2017:02:05:53 -0500] "POST /forms/lservlet;jsessionid=ac16012b30d65c4ee2ead734471a9978ecb3ce836978.e3iSbxaKaheRe3mKbxqTc30Lby1ynknvrkLOlQzNp65In0 HTTP/1.1" 200 2
66.249.75.41 - - [27/Feb/2017:02:05:56 -0500] "GET /BLA/resoluciones/AUTOS%202014/2494.pdf HTTP/1.1" 200 703523
192.168.175.104 - - [27/Feb/2017:02:06:12 -0500] "GET / HTTP/1.0" 200 9990
189.216.151.254 - - [27/Feb/2017:02:06:44 -0500] "GET /galeria/galeria/fotos/JornadaG.jpg HTTP/1.1" 200 50761
180.76.15.152 - - [27/Feb/2017:02:07:13 -0500] "GET /BLA/resoluciones/RESOLUCIONES%202008/4044.pdf HTTP/1.1" 200 547247
69.162.124.233 - - [27/Feb/2017:02:07:25 -0500] "HEAD / HTTP/1.1" 200 -
201.245.192.253 - - [27/Feb/2017:02:07:53 -0500] "POST /forms/lservlet;jsessionid=ac16012b30d65c4ee2ead734471a9978ecb3ce836978.e3iSbxaKaheRe3mKbxqTc30Lby1ynknvrkLOlQzNp65In0 HTTP/1.1" 200 2
66.249.75.44 - - [27/Feb/2017:02:07:54 -0500] "GET /BLA/resoluciones/RESOLUCIONES%202013/0161.pdf HTTP/1.1" 200 885370
201.233.110.197 - - [27/Feb/2017:02:08:46 -0500] "GET /galeria/galeria/jquery.fancybox.css?v=2.1.5 HTTP/1.1" 200 4895
201.233.110.197 - - [27/Feb/2017:02:08:46 -0500] "GET /galeria/galeria/jquery.fancybox.js?v=2.1.5 HTTP/1.1" 200 48706
201.233.110.197 - - [27/Feb/2017:02:08:46 -0500] "GET /BLA/boletinlegal/js/jquery.scrollShow.js HTTP/1.1" 200 4586
201.233.110.197 - - [27/Feb/2017:02:08:49 -0500] "GET /BLA/boletinlegal/js/jquery.scrollShow.js HTTP/1.1" 304 -
201.233.110.197 - - [27/Feb/2017:02:08:49 -0500] "GET /galeria/galeria/jquery.fancybox.js?v=2.1.5 HTTP/1.1" 304 -
201.233.110.197 - - [27/Feb/2017:02:08:49 -0500] "GET /galeria/galeria/jquery.fancybox.css?v=2.1.5 HTTP/1.1" 304 -
66.249.75.38 - - [27/Feb/2017:02:08:53 -0500] "GET /BLA/resoluciones/RESOLUCIONES%202007/RES%202007%204101%20AL%204200/RESOLUCION%204141%20DE%202007.pdf HTTP/1.1" 304 -
192.168.175.104 - - [27/Feb/2017:02:08:58 -0500] "GET / HTTP/1.1" 200 9990
66.102.6.148 - - [27/Feb/2017:02:09:21 -0500] "GET /BLA/boletinlegal/js/jquery.scrollShow.js HTTP/1.1" 200 4586
66.102.6.148 - - [27/Feb/2017:02:09:21 -0500] "GET /galeria/galeria/jquery.fancybox.js?v=2.1.5 HTTP/1.1" 200 48706
66.102.6.148 - - [27/Feb/2017:02:09:21 -0500] "GET /galeria/galeria/jquery.fancybox.css?v=2.1.5 HTTP/1.1" 200 4895
66.102.6.150 - - [27/Feb/2017:02:09:25 -0500] "GET /galeria/galeria/jquery.fancybox.css?v=2.1.5 HTTP/1.1" 304 -
66.102.6.149 - - [27/Feb/2017:02:09:25 -0500] "GET /galeria/galeria/jquery.fancybox.js?v=2.1.5 HTTP/1.1" 304 -
66.102.6.150 - - [27/Feb/2017:02:09:25 -0500] "GET /BLA/boletinlegal/js/jquery.scrollShow.js HTTP/1.1" 304 -
66.249.75.20 - - [27/Feb/2017:02:09:52 -0500] "GET /robots.txt HTTP/1.1" 404 1015
201.245.192.253 - - [27/Feb/2017:02:09:53 -0500] "POST /forms/lservlet;jsessionid=ac16012b30d65c4ee2ead734471a9978ecb3ce836978.e3iSbxaKaheRe3mKbxqTc30Lby1ynknvrkLOlQzNp65In0 HTTP/1.1" 200 2
66.249.75.17 - - [27/Feb/2017:02:09:53 -0500] "GET /POT-2013/Cartografia/15_Sistema%20de%20Movilidad%20_Secciones%20Viales_Circuitos_movilida.pdf HTTP/1.1" 200 4830571
192.168.175.104 - - [27/Feb/2017:02:10:13 -0500] "GET / HTTP/1.1" 200 9990
66.249.75.41 - - [27/Feb/2017:02:10:51 -0500] "GET /BLA/resoluciones/RESOLUCIONES%202009/6837.pdf HTTP/1.1" 200 767202
192.168.175.104 - - [27/Feb/2017:02:11:10 -0500] "GET / HTTP/1.0" 200 9990
40.77.167.116 - - [27/Feb/2017:02:11:44 -0500] "GET /BLA/boletinlegal/norma_menu.php HTTP/1.1" 200 6318
66.249.75.41 - - [27/Feb/2017:02:11:50 -0500] "GET /BLA/resoluciones/AUTOS%202011/3742.pdf HTTP/1.1" 200 265391
201.245.192.253 - - [27/Feb/2017:02:11:54 -0500] "POST /forms/lservlet;jsessionid=ac16012b30d65c4ee2ead734471a9978ecb3ce836978.e3iSbxaKaheRe3mKbxqTc30Lby1ynknvrkLOlQzNp65In0 HTTP/1.1" 200 2
69.162.124.233 - - [27/Feb/2017:02:12:24 -0500] "HEAD / HTTP/1.1" 200 -
66.249.75.41 - - [27/Feb/2017:02:12:48 -0500] "GET /BLA/resoluciones/RESOLUCIONES%202009/0732.pdf HTTP/1.1" 200 292249
66.249.75.38 - - [27/Feb/2017:02:13:12 -0500] "GET /Autoliquidacion/index.php?dir=Solicitud%20de%20Clasificaci%F3n%20de%20Impacto%20Ambiental/&sort=name&order=desc HTTP/1.1" 200 2878
201.245.192.253 - - [27/Feb/2017:02:13:54 -0500] "POST /forms/lservlet;jsessionid=ac16012b30d65c4ee2ead734471a9978ecb3ce836978.e3iSbxaKaheRe3mKbxqTc30Lby1ynknvrkLOlQzNp65In0 HTTP/1.1" 200 2
192.168.175.104 - - [27/Feb/2017:02:13:56 -0500] "GET / HTTP/1.1" 200 9990
192.168.175.104 - - [27/Feb/2017:02:15:11 -0500] "GET / HTTP/1.1" 200 9990
207.46.13.243 - - [27/Feb/2017:02:15:19 -0500] "GET /robots.txt HTTP/1.1" 404 1015
40.77.167.111 - - [27/Feb/2017:02:15:36 -0500] "GET / HTTP/1.1" 200 9990
201.245.192.253 - - [27/Feb/2017:02:15:54 -0500] "POST /forms/lservlet;jsessionid=ac16012b30d65c4ee2ead734471a9978ecb3ce836978.e3iSbxaKaheRe3mKbxqTc30Lby1ynknvrkLOlQzNp65In0 HTTP/1.1" 200 2
192.168.175.104 - - [27/Feb/2017:02:16:08 -0500] "GET / HTTP/1.0" 200 9990
189.232.178.197 - - [27/Feb/2017:02:17:22 -0500] "GET /galeria/galeria/jquery.fancybox.css?v=2.1.5 HTTP/1.1" 200 4895
189.232.178.197 - - [27/Feb/2017:02:17:22 -0500] "GET /BLA/boletinlegal/js/jquery.scrollShow.js HTTP/1.1" 200 4586
189.232.178.197 - - [27/Feb/2017:02:17:22 -0500] "GET /galeria/galeria/jquery.fancybox.js?v=2.1.5 HTTP/1.1" 200 48706
69.162.124.233 - - [27/Feb/2017:02:17:24 -0500] "HEAD / HTTP/1.1" 200 -
66.249.75.38 - - [27/Feb/2017:02:17:47 -0500] "GET /BLA/resoluciones/RESOLUCIONES%202014/2452.pdf HTTP/1.1" 200 299986
201.245.192.253 - - [27/Feb/2017:02:17:54 -0500] "POST /forms/lservlet;jsessionid=ac16012b30d65c4ee2ead734471a9978ecb3ce836978.e3iSbxaKaheRe3mKbxqTc30Lby1ynknvrkLOlQzNp65In0 HTTP/1.1" 200 2
66.249.75.57 - - [27/Feb/2017:02:18:08 -0500] "GET /robots.txt HTTP/1.1" 404 1019
66.249.75.61 - - [27/Feb/2017:02:18:08 -0500] "GET /BLA/boletinlegal/Circulares/2015/Circular%20No.%202%20del%201%20de%20julio%20de%202015.pdf HTTP/1.1" 200 752890
127.0.0.1 - - [27/Feb/2017:02:18:20 -0500] "POST /plugins/update-check/1.1/ HTTP/1.0" 404 1021
127.0.0.1 - - [27/Feb/2017:02:18:20 -0500] "POST /themes/update-check/1.1/ HTTP/1.0" 404 1021
127.0.0.1 - - [27/Feb/2017:02:18:20 -0500] "POST /core/version-check/1.7/?version=4.2.2&php=5.5.15&locale=es_ES&mysql=5.6.20&local_package=&blogs=1&users=615&multisite_enabled=0 HTTP/1.0" 404 1021
127.0.0.1 - - [27/Feb/2017:02:18:20 -0500] "POST /themes/update-check/1.1/ HTTP/1.0" 404 1021
127.0.0.1 - - [27/Feb/2017:02:18:21 -0500] "POST /plugins/update-check/1.1/ HTTP/1.0" 404 1021
66.249.75.44 - - [27/Feb/2017:02:18:42 -0500] "GET /BLA/resoluciones/RESOLUCIONES%202007/RES%202007%20601%20AL%20700/RESOLUCION%200682%20DE%202007.pdf HTTP/1.1" 304 -
192.168.175.104 - - [27/Feb/2017:02:18:54 -0500] "GET / HTTP/1.1" 200 9990
201.245.192.253 - - [27/Feb/2017:02:19:55 -0500] "POST /forms/lservlet;jsessionid=ac16012b30d65c4ee2ead734471a9978ecb3ce836978.e3iSbxaKaheRe3mKbxqTc30Lby1ynknvrkLOlQzNp65In0 HTTP/1.1" 200 2
192.168.175.104 - - [27/Feb/2017:02:20:08 -0500] "GET / HTTP/1.1" 200 9990
190.130.96.43 - - [27/Feb/2017:02:20:16 -0500] "GET /galeria/galeria/jquery.fancybox.css?v=2.1.5 HTTP/1.1" 200 4895
190.130.96.43 - - [27/Feb/2017:02:20:16 -0500] "GET /BLA/boletinlegal/js/jquery.scrollShow.js HTTP/1.1" 200 4586
190.130.96.43 - - [27/Feb/2017:02:20:16 -0500] "GET /galeria/galeria/jquery.fancybox.js?v=2.1.5 HTTP/1.1" 200 48706
190.130.96.43 - - [27/Feb/2017:02:20:23 -0500] "GET /BLA/boletinlegal/js/jquery.scrollShow.js HTTP/1.1" 304 -
190.130.96.43 - - [27/Feb/2017:02:20:23 -0500] "GET /galeria/galeria/jquery.fancybox.js?v=2.1.5 HTTP/1.1" 304 -
190.130.96.43 - - [27/Feb/2017:02:20:23 -0500] "GET /galeria/galeria/jquery.fancybox.css?v=2.1.5 HTTP/1.1" 304 -
192.168.175.104 - - [27/Feb/2017:02:21:06 -0500] "GET / HTTP/1.0" 200 9990
201.245.192.253 - - [27/Feb/2017:02:21:55 -0500] "POST /forms/lservlet;jsessionid=ac16012b30d65c4ee2ead734471a9978ecb3ce836978.e3iSbxaKaheRe3mKbxqTc30Lby1ynknvrkLOlQzNp65In0 HTTP/1.1" 200 2
193.124.131.168 - - [27/Feb/2017:02:22:19 -0500] "HEAD / HTTP/1.1" 200 -
69.162.124.233 - - [27/Feb/2017:02:22:24 -0500] "HEAD / HTTP/1.1" 200 -
40.77.169.100 - - [27/Feb/2017:02:23:03 -0500] "GET / HTTP/1.1" 200 9990
66.249.75.57 - - [27/Feb/2017:02:23:27 -0500] "GET /BLA/boletinlegal/Circulares/2011/Circular%20No.%202%20del%2026%20de%20Mayo%20de%202011.pdf HTTP/1.1" 200 644194
157.55.39.97 - - [27/Feb/2017:02:23:40 -0500] "GET /BLA/boletinlegal/Circulares/2013/Circular%20No.%208%20del%201%20de%20Noviembre%20de%202013.pdf HTTP/1.1" 200 385156
192.168.175.104 - - [27/Feb/2017:02:23:52 -0500] "GET / HTTP/1.1" 200 9990
201.245.192.253 - - [27/Feb/2017:02:23:55 -0500] "POST /forms/lservlet;jsessionid=ac16012b30d65c4ee2ead734471a9978ecb3ce836978.e3iSbxaKaheRe3mKbxqTc30Lby1ynknvrkLOlQzNp65In0 HTTP/1.1" 200 2
195.133.147.89 - - [27/Feb/2017:02:24:01 -0500] "HEAD / HTTP/1.1" 200 -
64.74.215.1 - - [27/Feb/2017:02:24:45 -0500] "GET /BLA/boletinlegal/js/jquery.scrollShow.js HTTP/1.1" 200 4586
64.74.215.1 - - [27/Feb/2017:02:24:48 -0500] "GET /galeria/galeria/jquery.fancybox.js?v=2.1.5 HTTP/1.1" 200 48706
64.74.215.1 - - [27/Feb/2017:02:24:49 -0500] "GET /galeria/carrusel/Carrusel/jquery-ui-1.8.13.custom.min.js HTTP/1.1" 200 10800
64.74.215.1 - - [27/Feb/2017:02:24:49 -0500] "GET /galeria/carrusel/Carrusel/jquery.thumbnailScroller.js HTTP/1.1" 200 8157
64.74.215.1 - - [27/Feb/2017:02:24:53 -0500] "GET /galeria/nivo-slider/demo/demo.html HTTP/1.1" 200 3139
64.74.215.1 - - [27/Feb/2017:02:24:53 -0500] "GET /galeria/nivo-slider/demo/scripts/jquery-1.7.1.min.js HTTP/1.1" 200 93868
64.74.215.1 - - [27/Feb/2017:02:24:54 -0500] "GET /galeria/nivo-slider/jquery.nivo.slider.pack.js HTTP/1.1" 200 11561
183.82.221.161 - - [27/Feb/2017:02:24:56 -0500] "POST /xmlrpc.php HTTP/1.1" 301 334
183.82.221.161 - - [27/Feb/2017:02:24:59 -0500] "GET /wp-login.php HTTP/1.1" 301 336
183.82.221.161 - - [27/Feb/2017:02:25:01 -0500] "POST /wp-login.php HTTP/1.1" 301 336
192.168.175.104 - - [27/Feb/2017:02:25:07 -0500] "GET / HTTP/1.1" 200 9990
180.76.15.11 - - [27/Feb/2017:02:25:22 -0500] "GET / HTTP/1.1" 200 9990
180.76.15.143 - - [27/Feb/2017:02:25:53 -0500] "GET / HTTP/1.1" 200 9990
201.245.192.253 - - [27/Feb/2017:02:25:55 -0500] "POST /forms/lservlet;jsessionid=ac16012b30d65c4ee2ead734471a9978ecb3ce836978.e3iSbxaKaheRe3mKbxqTc30Lby1ynknvrkLOlQzNp65In0 HTTP/1.1" 200 2
192.168.175.104 - - [27/Feb/2017:02:26:04 -0500] "GET / HTTP/1.0" 200 9990
66.249.75.61 - - [27/Feb/2017:02:26:32 -0500] "GET / HTTP/1.1" 200 9990
69.162.124.233 - - [27/Feb/2017:02:27:24 -0500] "HEAD / HTTP/1.1" 200 -
161.132.216.40 - - [27/Feb/2017:02:27:28 -0500] "PUT /webdav/Fr0stboot.php HTTP/1.1" 405 938
201.245.192.253 - - [27/Feb/2017:02:27:56 -0500] "POST /forms/lservlet;jsessionid=ac16012b30d65c4ee2ead734471a9978ecb3ce836978.e3iSbxaKaheRe3mKbxqTc30Lby1ynknvrkLOlQzNp65In0 HTTP/1.1" 200 2
66.249.75.61 - - [27/Feb/2017:02:28:30 -0500] "GET /ecodirectorio/files/res/downloads/download_0159.pdf HTTP/1.1" 200 255594
66.249.75.59 - - [27/Feb/2017:02:28:36 -0500] "GET /BLA/boletinlegal/Circulares/2012/Circular%20No.%209%20del%2021%20de%20Agosto%20de%202012.pdf HTTP/1.1" 200 1402289
192.168.175.104 - - [27/Feb/2017:02:28:50 -0500] "GET / HTTP/1.1" 200 9990
109.171.137.211 - - [27/Feb/2017:02:28:59 -0500] "GET /BLA/boletinlegal/js/jquery.scrollShow.js HTTP/1.1" 200 4586
109.171.137.211 - - [27/Feb/2017:02:28:59 -0500] "GET /galeria/galeria/jquery.fancybox.css?v=2.1.5 HTTP/1.1" 200 4895
109.171.137.211 - - [27/Feb/2017:02:28:59 -0500] "GET /galeria/galeria/jquery.fancybox.js?v=2.1.5 HTTP/1.1" 200 48706
109.171.137.211 - - [27/Feb/2017:02:29:05 -0500] "GET /BLA/boletinlegal/js/jquery.scrollShow.js HTTP/1.1" 200 4586
109.171.137.211 - - [27/Feb/2017:02:29:05 -0500] "GET /galeria/galeria/jquery.fancybox.js?v=2.1.5 HTTP/1.1" 200 48706
109.171.137.211 - - [27/Feb/2017:02:29:05 -0500] "GET /galeria/galeria/jquery.fancybox.css?v=2.1.5 HTTP/1.1" 200 4895
109.171.137.211 - - [27/Feb/2017:02:29:06 -0500] "GET / HTTP/1.1" 200 9990
109.171.137.211 - - [27/Feb/2017:02:29:06 -0500] "GET /css/style.css HTTP/1.1" 200 3610
109.171.137.211 - - [27/Feb/2017:02:29:07 -0500] "GET /js/bootstrap.min.js HTTP/1.1" 200 28538
109.171.137.211 - - [27/Feb/2017:02:29:06 -0500] "GET /js/jquery.js HTTP/1.1" 200 97120
109.171.137.211 - - [27/Feb/2017:02:29:07 -0500] "GET /css/bootstrap.min.css HTTP/1.1" 200 105939
