66.249.64.82 - - [10/Mar/2017:02:45:19 -0500] "GET /BLA/resoluciones/RESOLUCIONES%202010/5866.pdf HTTP/1.1" 200 136348
136.243.36.97 - - [10/Mar/2017:02:45:21 -0500] "GET /BLA/resoluciones/index.php?dir=RESOLUCIONES%202004/RES%202004%20801-850/&sort=name&order=asc HTTP/1.1" 200 12048
136.243.36.97 - - [10/Mar/2017:02:45:29 -0500] "GET /BLA/resoluciones/index.php?dir=RESOLUCIONES%202004/RES%202004%20801-850/&sort=size&order=desc HTTP/1.1" 200 12047
186.82.213.251 - - [10/Mar/2017:02:45:31 -0500] "GET /BLA/boletinlegal/js/jquery.scrollShow.js HTTP/1.1" 200 4586
186.82.213.251 - - [10/Mar/2017:02:45:32 -0500] "GET /galeria/galeria/jquery.fancybox.js?v=2.1.5 HTTP/1.1" 200 48706
186.82.213.251 - - [10/Mar/2017:02:45:32 -0500] "GET /galeria/galeria/jquery.fancybox.css?v=2.1.5 HTTP/1.1" 200 4895
66.249.64.87 - - [10/Mar/2017:02:45:35 -0500] "GET /BLA/resoluciones/RESOLUCIONES%202010/7267.pdf HTTP/1.1" 200 295465
201.245.192.253 - - [10/Mar/2017:02:45:35 -0500] "POST /forms/lservlet;jsessionid=ac16012b30d65f63ef0482f348f3823f89823f1504b3.e3iSbxaKaheRe34Mc3qKbx4Ra3r0n6jAmljGr5XDqQLvpAe HTTP/1.1" 200 2
201.245.192.253 - - [10/Mar/2017:02:45:35 -0500] "POST /forms/lservlet;jsessionid=ac16012b30d6f9faa41b7d094d2da3958c938924b9e1.e3iSbxaKaheRe34Mc3qKbx4Ra3r0n6jAmljGr5XDqQLvpAe HTTP/1.1" 200 2
186.82.213.251 - - [10/Mar/2017:02:45:38 -0500] "GET /BLA/boletinlegal/js/jquery.scrollShow.js HTTP/1.1" 304 -
186.82.213.251 - - [10/Mar/2017:02:45:38 -0500] "GET /galeria/galeria/jquery.fancybox.js?v=2.1.5 HTTP/1.1" 304 -
186.82.213.251 - - [10/Mar/2017:02:45:38 -0500] "GET /galeria/galeria/jquery.fancybox.css?v=2.1.5 HTTP/1.1" 304 -
136.243.36.97 - - [10/Mar/2017:02:45:38 -0500] "GET /BLA/resoluciones/index.php?dir=RESOLUCIONES%202004/RES%202004%20851-900/&sort=date&order=desc HTTP/1.1" 200 12039
136.243.36.97 - - [10/Mar/2017:02:45:53 -0500] "GET /BLA/resoluciones/index.php?dir=RESOLUCIONES%202004/RES%202004%20851-900/&sort=name&order=asc HTTP/1.1" 200 12040
66.249.64.87 - - [10/Mar/2017:02:45:56 -0500] "GET /BLA/resoluciones/AUTOS%202012/0389.pdf HTTP/1.1" 200 181722
136.243.36.97 - - [10/Mar/2017:02:46:03 -0500] "GET /BLA/resoluciones/index.php?dir=RESOLUCIONES%202004/RES%202004%20851-900/&sort=size&order=desc HTTP/1.1" 200 12039
136.243.36.97 - - [10/Mar/2017:02:46:22 -0500] "GET /BLA/resoluciones/index.php?dir=RESOLUCIONES%202004/RES%202004%20901-950/&sort=date&order=desc HTTP/1.1" 200 12048
66.249.64.82 - - [10/Mar/2017:02:46:30 -0500] "GET /BLA/resoluciones/RESOLUCIONES%202010/4463.pdf HTTP/1.1" 200 541974
136.243.36.97 - - [10/Mar/2017:02:46:37 -0500] "GET /BLA/resoluciones/index.php?dir=RESOLUCIONES%202004/RES%202004%20901-950/&sort=name&order=asc HTTP/1.1" 200 12049
192.168.175.104 - - [10/Mar/2017:02:46:41 -0500] "GET / HTTP/1.1" 200 9990
192.168.175.104 - - [10/Mar/2017:02:46:42 -0500] "GET / HTTP/1.1" 200 9990
136.243.36.97 - - [10/Mar/2017:02:46:47 -0500] "GET /BLA/resoluciones/index.php?dir=RESOLUCIONES%202004/RES%202004%20901-950/&sort=size&order=desc HTTP/1.1" 200 12048
136.243.36.97 - - [10/Mar/2017:02:46:53 -0500] "GET /BLA/resoluciones/index.php?dir=RESOLUCIONES%202004/RES%202004%20951-1000/&sort=date&order=desc HTTP/1.1" 200 12100
192.168.175.104 - - [10/Mar/2017:02:46:59 -0500] "GET / HTTP/1.0" 200 9990
136.243.36.97 - - [10/Mar/2017:02:47:05 -0500] "GET /BLA/resoluciones/index.php?dir=RESOLUCIONES%202004/RES%202004%20951-1000/&sort=name&order=asc HTTP/1.1" 200 12101
136.243.36.97 - - [10/Mar/2017:02:47:11 -0500] "GET /BLA/resoluciones/index.php?dir=RESOLUCIONES%202004/RES%202004%20951-1000/&sort=size&order=desc HTTP/1.1" 200 12100
136.243.36.97 - - [10/Mar/2017:02:47:21 -0500] "GET /BLA/resoluciones/index.php?dir=RESOLUCIONES%202005/ANEXO%20RES%202643-2005/&sort=date&order=desc HTTP/1.1" 200 2445
136.243.36.97 - - [10/Mar/2017:02:47:28 -0500] "GET /BLA/resoluciones/index.php?dir=RESOLUCIONES%202005/ANEXO%20RES%202643-2005/&sort=name&order=asc HTTP/1.1" 200 2446
136.243.36.97 - - [10/Mar/2017:02:47:34 -0500] "GET /BLA/resoluciones/index.php?dir=RESOLUCIONES%202005/ANEXO%20RES%202643-2005/&sort=size&order=desc HTTP/1.1" 200 2445
201.245.192.253 - - [10/Mar/2017:02:47:35 -0500] "POST /forms/lservlet;jsessionid=ac16012b30d65f63ef0482f348f3823f89823f1504b3.e3iSbxaKaheRe34Mc3qKbx4Ra3r0n6jAmljGr5XDqQLvpAe HTTP/1.1" 200 2
201.245.192.253 - - [10/Mar/2017:02:47:35 -0500] "POST /forms/lservlet;jsessionid=ac16012b30d6f9faa41b7d094d2da3958c938924b9e1.e3iSbxaKaheRe34Mc3qKbx4Ra3r0n6jAmljGr5XDqQLvpAe HTTP/1.1" 200 2
66.249.64.87 - - [10/Mar/2017:02:47:39 -0500] "GET /BLA/resoluciones/Autos%202008/1667.pdf HTTP/1.1" 200 146696
136.243.36.97 - - [10/Mar/2017:02:47:46 -0500] "GET /BLA/resoluciones/index.php?dir=RESOLUCIONES%202005/RES%202005%201-50/&sort=date&order=desc HTTP/1.1" 200 12562
136.243.36.97 - - [10/Mar/2017:02:47:51 -0500] "GET /BLA/resoluciones/index.php?dir=RESOLUCIONES%202005/RES%202005%201-50/&sort=name&order=asc HTTP/1.1" 200 12563
136.243.36.97 - - [10/Mar/2017:02:47:57 -0500] "GET /BLA/resoluciones/index.php?dir=RESOLUCIONES%202005/RES%202005%201-50/&sort=size&order=desc HTTP/1.1" 200 12562
136.243.36.97 - - [10/Mar/2017:02:48:04 -0500] "GET /BLA/resoluciones/index.php?dir=RESOLUCIONES%202005/RES%202005%201-50/RES%202005%201-50/&sort=date&order=asc HTTP/1.1" 200 2511
136.243.36.97 - - [10/Mar/2017:02:48:09 -0500] "GET /BLA/resoluciones/index.php?dir=RESOLUCIONES%202005/RES%202005%201-50/RES%202005%201-50/&sort=name&order=desc HTTP/1.1" 200 2510
66.249.64.87 - - [10/Mar/2017:02:48:16 -0500] "GET /BLA/resoluciones/RESOLUCIONES%202010/7428.pdf HTTP/1.1" 200 3146083
136.243.36.97 - - [10/Mar/2017:02:48:22 -0500] "GET /BLA/resoluciones/index.php?dir=RESOLUCIONES%202005/RES%202005%201-50/RES%202005%201-50/&sort=size&order=asc HTTP/1.1" 200 2511
136.243.36.97 - - [10/Mar/2017:02:48:31 -0500] "GET /BLA/resoluciones/index.php?dir=RESOLUCIONES%202005/RES%202005%201-50/RES%202005%20101-150/&sort=date&order=asc HTTP/1.1" 200 13168
136.243.36.97 - - [10/Mar/2017:02:48:41 -0500] "GET /robots.txt HTTP/1.1" 404 1018
136.243.36.97 - - [10/Mar/2017:02:48:41 -0500] "GET /BLA/resoluciones/index.php?dir=RESOLUCIONES%202005/RES%202005%201-50/RES%202005%20101-150/&sort=name&order=desc HTTP/1.1" 200 13167
136.243.36.97 - - [10/Mar/2017:02:48:47 -0500] "GET /BLA/resoluciones/index.php?dir=RESOLUCIONES%202005/RES%202005%201-50/RES%202005%20101-150/&sort=size&order=asc HTTP/1.1" 200 13168
66.249.64.91 - - [10/Mar/2017:02:48:49 -0500] "GET /BLA/resoluciones/RESOLUCIONES%202010/7240.pdf HTTP/1.1" 200 403879
136.243.36.97 - - [10/Mar/2017:02:48:57 -0500] "GET /BLA/resoluciones/index.php?dir=RESOLUCIONES%202005/RES%202005%201001-1050/&sort=date&order=desc HTTP/1.1" 200 12363
66.249.64.87 - - [10/Mar/2017:02:49:02 -0500] "GET /BLA/resoluciones/AUTOS%202011/4766.pdf HTTP/1.1" 200 262315
136.243.36.97 - - [10/Mar/2017:02:49:03 -0500] "GET /BLA/resoluciones/index.php?dir=RESOLUCIONES%202005/RES%202005%201001-1050/&sort=name&order=asc HTTP/1.1" 200 12364
66.249.64.87 - - [10/Mar/2017:02:49:04 -0500] "GET /BLA/resoluciones/RESOLUCIONES%202015/2555.pdf HTTP/1.1" 200 763624
136.243.36.97 - - [10/Mar/2017:02:49:08 -0500] "GET /BLA/resoluciones/index.php?dir=RESOLUCIONES%202005/RES%202005%201001-1050/&sort=size&order=desc HTTP/1.1" 200 12363
136.243.36.97 - - [10/Mar/2017:02:49:15 -0500] "GET /BLA/resoluciones/index.php?dir=RESOLUCIONES%202005/RES%202005%201051-1100/&sort=date&order=desc HTTP/1.1" 200 3975
136.243.36.97 - - [10/Mar/2017:02:49:23 -0500] "GET /BLA/resoluciones/index.php?dir=RESOLUCIONES%202005/RES%202005%201051-1100/&sort=name&order=asc HTTP/1.1" 200 3976
69.162.124.233 - - [10/Mar/2017:02:49:28 -0500] "HEAD / HTTP/1.1" 200 -
136.243.36.97 - - [10/Mar/2017:02:49:31 -0500] "GET /BLA/resoluciones/index.php?dir=RESOLUCIONES%202005/RES%202005%201051-1100/&sort=size&order=desc HTTP/1.1" 200 3975
201.245.192.253 - - [10/Mar/2017:02:49:35 -0500] "POST /forms/lservlet;jsessionid=ac16012b30d65f63ef0482f348f3823f89823f1504b3.e3iSbxaKaheRe34Mc3qKbx4Ra3r0n6jAmljGr5XDqQLvpAe HTTP/1.1" 200 2
201.245.192.253 - - [10/Mar/2017:02:49:36 -0500] "POST /forms/lservlet;jsessionid=ac16012b30d6f9faa41b7d094d2da3958c938924b9e1.e3iSbxaKaheRe34Mc3qKbx4Ra3r0n6jAmljGr5XDqQLvpAe HTTP/1.1" 200 2
136.243.36.97 - - [10/Mar/2017:02:49:36 -0500] "GET /BLA/resoluciones/index.php?dir=RESOLUCIONES%202005/RES%202005%201101-1150/&sort=date&order=desc HTTP/1.1" 200 12362
136.243.36.97 - - [10/Mar/2017:02:49:42 -0500] "GET /BLA/resoluciones/index.php?dir=RESOLUCIONES%202005/RES%202005%201101-1150/&sort=name&order=asc HTTP/1.1" 200 12363
136.243.36.97 - - [10/Mar/2017:02:49:46 -0500] "GET /BLA/resoluciones/index.php?dir=RESOLUCIONES%202005/RES%202005%201101-1150/&sort=size&order=desc HTTP/1.1" 200 12362
136.243.36.97 - - [10/Mar/2017:02:49:52 -0500] "GET /BLA/resoluciones/index.php?dir=RESOLUCIONES%202005/RES%202005%201151-1200/&sort=date&order=desc HTTP/1.1" 200 12361
66.249.64.87 - - [10/Mar/2017:02:49:53 -0500] "GET /BLA/resoluciones/RESOLUCIONES%202010/7620.pdf HTTP/1.1" 200 200907
136.243.36.97 - - [10/Mar/2017:02:49:59 -0500] "GET /BLA/resoluciones/index.php?dir=RESOLUCIONES%202005/RES%202005%201151-1200/&sort=name&order=asc HTTP/1.1" 200 12362
66.249.64.130 - - [10/Mar/2017:02:50:00 -0500] "GET / HTTP/1.1" 200 9990
136.243.36.97 - - [10/Mar/2017:02:50:04 -0500] "GET /BLA/resoluciones/index.php?dir=RESOLUCIONES%202005/RES%202005%201151-1200/&sort=size&order=desc HTTP/1.1" 200 12361
66.249.64.82 - - [10/Mar/2017:02:50:09 -0500] "GET /BLA/resoluciones/RESOLUCIONES%202010/7678.pdf HTTP/1.1" 200 398098
136.243.36.97 - - [10/Mar/2017:02:50:10 -0500] "GET /BLA/resoluciones/index.php?dir=RESOLUCIONES%202005/RES%202005%201201-1250/&sort=date&order=desc HTTP/1.1" 200 12368
136.243.36.97 - - [10/Mar/2017:02:50:17 -0500] "GET /BLA/resoluciones/index.php?dir=RESOLUCIONES%202005/RES%202005%201201-1250/&sort=name&order=asc HTTP/1.1" 200 12369
136.243.36.97 - - [10/Mar/2017:02:50:23 -0500] "GET /BLA/resoluciones/index.php?dir=RESOLUCIONES%202005/RES%202005%201201-1250/&sort=size&order=desc HTTP/1.1" 200 12368
136.243.36.97 - - [10/Mar/2017:02:50:28 -0500] "GET /BLA/resoluciones/index.php?dir=RESOLUCIONES%202005/RES%202005%201251-1300/&sort=date&order=desc HTTP/1.1" 200 12361
136.243.36.97 - - [10/Mar/2017:02:50:35 -0500] "GET /BLA/resoluciones/index.php?dir=RESOLUCIONES%202005/RES%202005%201251-1300/&sort=name&order=asc HTTP/1.1" 200 12362
136.243.36.97 - - [10/Mar/2017:02:50:40 -0500] "GET /BLA/resoluciones/index.php?dir=RESOLUCIONES%202005/RES%202005%201251-1300/&sort=size&order=desc HTTP/1.1" 200 12361
66.249.64.82 - - [10/Mar/2017:02:50:42 -0500] "GET /BLA/resoluciones/RESOLUCIONES%202010/7341.pdf HTTP/1.1" 200 247470
136.243.36.97 - - [10/Mar/2017:02:50:45 -0500] "GET /BLA/resoluciones/index.php?dir=RESOLUCIONES%202005/RES%202005%201301-1350/&sort=date&order=desc HTTP/1.1" 200 12343
136.243.36.97 - - [10/Mar/2017:02:50:57 -0500] "GET /BLA/resoluciones/index.php?dir=RESOLUCIONES%202005/RES%202005%201301-1350/&sort=name&order=asc HTTP/1.1" 200 12344
66.249.64.91 - - [10/Mar/2017:02:51:07 -0500] "GET /BLA/resoluciones/RESOLUCIONES%202011/5977.pdf HTTP/1.1" 200 289299
66.249.64.87 - - [10/Mar/2017:02:51:15 -0500] "GET /BLA/resoluciones/AUTOS%202014/4223.pdf HTTP/1.1" 200 312740
66.249.64.82 - - [10/Mar/2017:02:51:30 -0500] "GET /BLA/resoluciones/AUTOS%202010/6399.pdf HTTP/1.1" 200 181375
201.245.192.253 - - [10/Mar/2017:02:51:36 -0500] "POST /forms/lservlet;jsessionid=ac16012b30d65f63ef0482f348f3823f89823f1504b3.e3iSbxaKaheRe34Mc3qKbx4Ra3r0n6jAmljGr5XDqQLvpAe HTTP/1.1" 200 2
201.245.192.253 - - [10/Mar/2017:02:51:36 -0500] "POST /forms/lservlet;jsessionid=ac16012b30d6f9faa41b7d094d2da3958c938924b9e1.e3iSbxaKaheRe34Mc3qKbx4Ra3r0n6jAmljGr5XDqQLvpAe HTTP/1.1" 200 2
192.168.175.104 - - [10/Mar/2017:02:51:40 -0500] "GET / HTTP/1.1" 200 9990
192.168.175.104 - - [10/Mar/2017:02:51:40 -0500] "GET / HTTP/1.1" 200 9990
136.243.36.97 - - [10/Mar/2017:02:51:43 -0500] "GET /BLA/resoluciones/index.php?dir=RESOLUCIONES%202005/RES%202005%201301-1350/&sort=size&order=desc HTTP/1.1" 200 12343
66.249.64.82 - - [10/Mar/2017:02:51:46 -0500] "GET /BLA/resoluciones/AUTOS%202010/3902.pdf HTTP/1.1" 200 147460
136.243.36.97 - - [10/Mar/2017:02:51:57 -0500] "GET /BLA/resoluciones/index.php?dir=RESOLUCIONES%202005/RES%202005%201351-1400/&sort=date&order=desc HTTP/1.1" 200 12355
192.168.175.104 - - [10/Mar/2017:02:51:57 -0500] "GET / HTTP/1.0" 200 9990
136.243.36.97 - - [10/Mar/2017:02:52:02 -0500] "GET /BLA/resoluciones/index.php?dir=RESOLUCIONES%202005/RES%202005%201351-1400/&sort=name&order=asc HTTP/1.1" 200 12356
136.243.36.97 - - [10/Mar/2017:02:52:09 -0500] "GET /BLA/resoluciones/index.php?dir=RESOLUCIONES%202005/RES%202005%201351-1400/&sort=size&order=desc HTTP/1.1" 200 12355
136.243.36.97 - - [10/Mar/2017:02:52:15 -0500] "GET /BLA/resoluciones/index.php?dir=RESOLUCIONES%202005/RES%202005%201401-1450/&sort=date&order=desc HTTP/1.1" 200 12364
136.243.36.97 - - [10/Mar/2017:02:52:21 -0500] "GET /BLA/resoluciones/index.php?dir=RESOLUCIONES%202005/RES%202005%201401-1450/&sort=name&order=asc HTTP/1.1" 200 12365
136.243.36.97 - - [10/Mar/2017:02:52:31 -0500] "GET /BLA/resoluciones/index.php?dir=RESOLUCIONES%202005/RES%202005%201401-1450/&sort=size&order=desc HTTP/1.1" 200 12364
163.172.65.57 - - [10/Mar/2017:02:52:37 -0500] "GET /BLA/resoluciones/RESOLUCIONES%202004/RES%202004%201451-1500/00001481.tif HTTP/1.1" 200 110454
136.243.36.97 - - [10/Mar/2017:02:52:40 -0500] "GET /BLA/resoluciones/index.php?dir=RESOLUCIONES%202005/RES%202005%201451-1500/&sort=date&order=desc HTTP/1.1" 200 12367
136.243.36.97 - - [10/Mar/2017:02:52:45 -0500] "GET /BLA/resoluciones/index.php?dir=RESOLUCIONES%202005/RES%202005%201451-1500/&sort=name&order=asc HTTP/1.1" 200 12368
136.243.36.97 - - [10/Mar/2017:02:52:50 -0500] "GET /BLA/resoluciones/index.php?dir=RESOLUCIONES%202005/RES%202005%201451-1500/&sort=size&order=desc HTTP/1.1" 200 12367
66.249.64.87 - - [10/Mar/2017:02:52:51 -0500] "GET /BLA/resoluciones/Autos%202008/2767.pdf HTTP/1.1" 200 111315
136.243.36.97 - - [10/Mar/2017:02:53:00 -0500] "GET /BLA/resoluciones/index.php?dir=RESOLUCIONES%202005/RES%202005%201501-1550/&sort=date&order=desc HTTP/1.1" 200 12364
136.243.36.97 - - [10/Mar/2017:02:53:09 -0500] "GET /BLA/resoluciones/index.php?dir=RESOLUCIONES%202005/RES%202005%201501-1550/&sort=name&order=asc HTTP/1.1" 200 12365
136.243.36.97 - - [10/Mar/2017:02:53:16 -0500] "GET /BLA/resoluciones/index.php?dir=RESOLUCIONES%202005/RES%202005%201501-1550/&sort=size&order=desc HTTP/1.1" 200 12364
68.180.228.180 - - [10/Mar/2017:02:53:17 -0500] "GET /AFLUENTESYEFUENTES/ HTTP/1.1" 304 -
136.243.36.97 - - [10/Mar/2017:02:53:23 -0500] "GET /BLA/resoluciones/index.php?dir=RESOLUCIONES%202005/RES%202005%20151-200/&sort=date&order=desc HTTP/1.1" 200 12229
136.243.36.97 - - [10/Mar/2017:02:53:28 -0500] "GET /BLA/resoluciones/index.php?dir=RESOLUCIONES%202005/RES%202005%20151-200/&sort=name&order=asc HTTP/1.1" 200 12230
136.243.36.97 - - [10/Mar/2017:02:53:34 -0500] "GET /BLA/resoluciones/index.php?dir=RESOLUCIONES%202005/RES%202005%20151-200/&sort=size&order=desc HTTP/1.1" 200 12229
201.245.192.253 - - [10/Mar/2017:02:53:36 -0500] "POST /forms/lservlet;jsessionid=ac16012b30d65f63ef0482f348f3823f89823f1504b3.e3iSbxaKaheRe34Mc3qKbx4Ra3r0n6jAmljGr5XDqQLvpAe HTTP/1.1" 200 2
201.245.192.253 - - [10/Mar/2017:02:53:36 -0500] "POST /forms/lservlet;jsessionid=ac16012b30d6f9faa41b7d094d2da3958c938924b9e1.e3iSbxaKaheRe34Mc3qKbx4Ra3r0n6jAmljGr5XDqQLvpAe HTTP/1.1" 200 2
136.243.36.97 - - [10/Mar/2017:02:53:39 -0500] "GET /BLA/resoluciones/index.php?dir=RESOLUCIONES%202005/RES%202005%201551-1600/&sort=date&order=desc HTTP/1.1" 200 12363
66.249.64.82 - - [10/Mar/2017:02:53:42 -0500] "GET /BLA/resoluciones/RESOLUCIONES%202007/RES%202007%201301%20AL%201400/RESOLUCION%201353%20DE%202007.pdf HTTP/1.1" 200 26664
136.243.36.97 - - [10/Mar/2017:02:53:47 -0500] "GET /BLA/resoluciones/index.php?dir=RESOLUCIONES%202005/RES%202005%201551-1600/&sort=name&order=asc HTTP/1.1" 200 12364
136.243.36.97 - - [10/Mar/2017:02:53:53 -0500] "GET /BLA/resoluciones/index.php?dir=RESOLUCIONES%202005/RES%202005%201551-1600/&sort=size&order=desc HTTP/1.1" 200 12363
51.255.65.76 - - [10/Mar/2017:02:53:56 -0500] "GET /BLA/resoluciones/RESOLUCIONES%202004/RES%202004%202201-2250/00002243.tif HTTP/1.1" 200 146052
136.243.36.97 - - [10/Mar/2017:02:54:02 -0500] "GET /BLA/resoluciones/index.php?dir=RESOLUCIONES%202005/RES%202005%201601-1650/&sort=date&order=desc HTTP/1.1" 200 9017
136.243.36.97 - - [10/Mar/2017:02:54:08 -0500] "GET /BLA/resoluciones/index.php?dir=RESOLUCIONES%202005/RES%202005%201601-1650/&sort=name&order=asc HTTP/1.1" 200 9018
136.243.36.97 - - [10/Mar/2017:02:54:14 -0500] "GET /BLA/resoluciones/index.php?dir=RESOLUCIONES%202005/RES%202005%201601-1650/&sort=size&order=desc HTTP/1.1" 200 9017
66.249.64.82 - - [10/Mar/2017:02:54:19 -0500] "GET /BLA/resoluciones/RESOLUCIONES%202007/RES%202007%204001%20AL%204100/RESOLUCION%204045%20DE%202007.pdf HTTP/1.1" 200 311220
136.243.36.97 - - [10/Mar/2017:02:54:19 -0500] "GET /BLA/resoluciones/index.php?dir=RESOLUCIONES%202005/RES%202005%201651-1700/&sort=date&order=desc HTTP/1.1" 200 9017
66.249.64.82 - - [10/Mar/2017:02:54:21 -0500] "GET /BLA/resoluciones/Autos%202008/2483.pdf HTTP/1.1" 200 397105
136.243.36.97 - - [10/Mar/2017:02:54:27 -0500] "GET /BLA/resoluciones/index.php?dir=RESOLUCIONES%202005/RES%202005%201651-1700/&sort=name&order=asc HTTP/1.1" 200 9018
69.162.124.233 - - [10/Mar/2017:02:54:28 -0500] "HEAD / HTTP/1.1" 200 -
66.249.64.82 - - [10/Mar/2017:02:54:31 -0500] "GET /BLA/resoluciones/RESOLUCIONES%202010/0620.pdf HTTP/1.1" 200 525794
136.243.36.97 - - [10/Mar/2017:02:54:37 -0500] "GET /BLA/resoluciones/index.php?dir=RESOLUCIONES%202005/RES%202005%201651-1700/&sort=size&order=desc HTTP/1.1" 200 9017
136.243.36.97 - - [10/Mar/2017:02:54:45 -0500] "GET /BLA/resoluciones/index.php?dir=RESOLUCIONES%202005/RES%202005%201701-1750/&sort=date&order=desc HTTP/1.1" 200 9017
66.249.64.82 - - [10/Mar/2017:02:54:49 -0500] "GET /BLA/resoluciones/AUTOS%202008/2153.pdf HTTP/1.1" 200 299198
136.243.36.97 - - [10/Mar/2017:02:54:51 -0500] "GET /BLA/resoluciones/index.php?dir=RESOLUCIONES%202005/RES%202005%201701-1750/&sort=name&order=asc HTTP/1.1" 200 9018
66.249.64.82 - - [10/Mar/2017:02:55:08 -0500] "GET /BLA/resoluciones/Autos%202008/0215.pdf HTTP/1.1" 200 101794
136.243.36.97 - - [10/Mar/2017:02:55:17 -0500] "GET /BLA/resoluciones/index.php?dir=RESOLUCIONES%202005/RES%202005%201701-1750/&sort=size&order=desc HTTP/1.1" 200 9017
66.249.64.82 - - [10/Mar/2017:02:55:20 -0500] "GET /BLA/resoluciones/RESOLUCIONES%202007/RES%202007%201401%20AL%201500/RESOLUCION%201455%20DE%202007.pdf HTTP/1.1" 200 315144
136.243.36.97 - - [10/Mar/2017:02:55:23 -0500] "GET /BLA/resoluciones/index.php?dir=RESOLUCIONES%202005/RES%202005%201751-1800/&sort=date&order=desc HTTP/1.1" 200 12367
136.243.36.97 - - [10/Mar/2017:02:55:33 -0500] "GET /BLA/resoluciones/index.php?dir=RESOLUCIONES%202005/RES%202005%201751-1800/&sort=name&order=asc HTTP/1.1" 200 12368
201.245.192.253 - - [10/Mar/2017:02:55:36 -0500] "POST /forms/lservlet;jsessionid=ac16012b30d65f63ef0482f348f3823f89823f1504b3.e3iSbxaKaheRe34Mc3qKbx4Ra3r0n6jAmljGr5XDqQLvpAe HTTP/1.1" 200 2
201.245.192.253 - - [10/Mar/2017:02:55:36 -0500] "POST /forms/lservlet;jsessionid=ac16012b30d6f9faa41b7d094d2da3958c938924b9e1.e3iSbxaKaheRe34Mc3qKbx4Ra3r0n6jAmljGr5XDqQLvpAe HTTP/1.1" 200 2
66.249.64.82 - - [10/Mar/2017:02:55:40 -0500] "GET /BLA/resoluciones/RESOLUCIONES%202009/8017.pdf HTTP/1.1" 200 655596
136.243.36.97 - - [10/Mar/2017:02:55:40 -0500] "GET /BLA/resoluciones/index.php?dir=RESOLUCIONES%202005/RES%202005%201751-1800/&sort=size&order=desc HTTP/1.1" 200 12367
189.143.234.213 - - [10/Mar/2017:02:55:45 -0500] "GET /galeria/galeria/jquery.fancybox.js?v=2.1.5 HTTP/1.1" 200 48706
189.143.234.213 - - [10/Mar/2017:02:55:45 -0500] "GET /BLA/boletinlegal/js/jquery.scrollShow.js HTTP/1.1" 200 4586
189.143.234.213 - - [10/Mar/2017:02:55:45 -0500] "GET /galeria/galeria/jquery.fancybox.css?v=2.1.5 HTTP/1.1" 200 4895
66.249.64.82 - - [10/Mar/2017:02:55:46 -0500] "GET /BLA/resoluciones/RESOLUCIONES%202013/0025.pdf HTTP/1.1" 304 -
189.143.234.213 - - [10/Mar/2017:02:55:53 -0500] "GET /BLA/boletinlegal/js/jquery.scrollShow.js HTTP/1.1" 304 -
189.143.234.213 - - [10/Mar/2017:02:55:53 -0500] "GET /galeria/galeria/jquery.fancybox.js?v=2.1.5 HTTP/1.1" 304 -
189.143.234.213 - - [10/Mar/2017:02:55:53 -0500] "GET /galeria/galeria/jquery.fancybox.css?v=2.1.5 HTTP/1.1" 304 -
136.243.36.97 - - [10/Mar/2017:02:55:56 -0500] "GET /BLA/resoluciones/index.php?dir=RESOLUCIONES%202005/RES%202005%201801-1850/&sort=date&order=desc HTTP/1.1" 200 12361
136.243.36.97 - - [10/Mar/2017:02:56:02 -0500] "GET /BLA/resoluciones/index.php?dir=RESOLUCIONES%202005/RES%202005%201801-1850/&sort=name&order=asc HTTP/1.1" 200 12362
66.249.64.82 - - [10/Mar/2017:02:56:02 -0500] "GET /BLA/resoluciones/RESOLUCIONES%202010/5903.pdf HTTP/1.1" 200 268283
66.249.64.87 - - [10/Mar/2017:02:56:15 -0500] "GET /BLA/resoluciones/RESOLUCIONES%202010/1925.pdf HTTP/1.1" 200 585373
136.243.36.97 - - [10/Mar/2017:02:56:16 -0500] "GET /BLA/resoluciones/index.php?dir=RESOLUCIONES%202005/RES%202005%201801-1850/&sort=size&order=desc HTTP/1.1" 200 12361
66.249.64.87 - - [10/Mar/2017:02:56:18 -0500] "GET /BLA/resoluciones/AUTOS%202007/3626.pdf HTTP/1.1" 200 288629
136.243.36.97 - - [10/Mar/2017:02:56:22 -0500] "GET /BLA/resoluciones/index.php?dir=RESOLUCIONES%202005/RES%202005%201851-1900/&sort=date&order=desc HTTP/1.1" 200 12355
136.243.36.97 - - [10/Mar/2017:02:56:30 -0500] "GET /BLA/resoluciones/index.php?dir=RESOLUCIONES%202005/RES%202005%201851-1900/&sort=name&order=asc HTTP/1.1" 200 12356
192.168.175.104 - - [10/Mar/2017:02:56:37 -0500] "GET / HTTP/1.1" 200 9990
192.168.175.104 - - [10/Mar/2017:02:56:38 -0500] "GET / HTTP/1.1" 200 9990
136.243.36.97 - - [10/Mar/2017:02:56:42 -0500] "GET /BLA/resoluciones/index.php?dir=RESOLUCIONES%202005/RES%202005%201851-1900/&sort=size&order=desc HTTP/1.1" 200 12355
136.243.36.97 - - [10/Mar/2017:02:56:48 -0500] "GET /BLA/resoluciones/index.php?dir=RESOLUCIONES%202005/RES%202005%201901-1950/&sort=date&order=desc HTTP/1.1" 200 12363
136.243.36.97 - - [10/Mar/2017:02:56:55 -0500] "GET /BLA/resoluciones/index.php?dir=RESOLUCIONES%202005/RES%202005%201901-1950/&sort=name&order=asc HTTP/1.1" 200 12364
192.168.175.104 - - [10/Mar/2017:02:56:55 -0500] "GET / HTTP/1.0" 200 9990
136.243.36.97 - - [10/Mar/2017:02:57:00 -0500] "GET /BLA/resoluciones/index.php?dir=RESOLUCIONES%202005/RES%202005%201901-1950/&sort=size&order=desc HTTP/1.1" 200 12363
136.243.36.97 - - [10/Mar/2017:02:57:06 -0500] "GET /BLA/resoluciones/index.php?dir=RESOLUCIONES%202005/RES%202005%201951-2000/&sort=date&order=desc HTTP/1.1" 200 12358
136.243.36.97 - - [10/Mar/2017:02:57:15 -0500] "GET /BLA/resoluciones/index.php?dir=RESOLUCIONES%202005/RES%202005%201951-2000/&sort=name&order=asc HTTP/1.1" 200 12359
136.243.36.97 - - [10/Mar/2017:02:57:22 -0500] "GET /BLA/resoluciones/index.php?dir=RESOLUCIONES%202005/RES%202005%201951-2000/&sort=size&order=desc HTTP/1.1" 200 12358
136.243.36.97 - - [10/Mar/2017:02:57:29 -0500] "GET /BLA/resoluciones/index.php?dir=RESOLUCIONES%202005/RES%202005%202001-2050/&sort=date&order=desc HTTP/1.1" 200 12357
136.243.36.97 - - [10/Mar/2017:02:57:35 -0500] "GET /BLA/resoluciones/index.php?dir=RESOLUCIONES%202005/RES%202005%202001-2050/&sort=name&order=asc HTTP/1.1" 200 12358
201.245.192.253 - - [10/Mar/2017:02:57:36 -0500] "POST /forms/lservlet;jsessionid=ac16012b30d65f63ef0482f348f3823f89823f1504b3.e3iSbxaKaheRe34Mc3qKbx4Ra3r0n6jAmljGr5XDqQLvpAe HTTP/1.1" 200 2
201.245.192.253 - - [10/Mar/2017:02:57:36 -0500] "POST /forms/lservlet;jsessionid=ac16012b30d6f9faa41b7d094d2da3958c938924b9e1.e3iSbxaKaheRe34Mc3qKbx4Ra3r0n6jAmljGr5XDqQLvpAe HTTP/1.1" 200 2
104.197.241.64 - - [10/Mar/2017:02:57:43 -0500] "GET /robots.txt HTTP/1.1" 404 1018
136.243.36.97 - - [10/Mar/2017:02:57:53 -0500] "GET /BLA/resoluciones/index.php?dir=RESOLUCIONES%202005/RES%202005%202001-2050/&sort=size&order=desc HTTP/1.1" 200 12357
136.243.36.97 - - [10/Mar/2017:02:57:58 -0500] "GET /BLA/resoluciones/index.php?dir=RESOLUCIONES%202005/RES%202005%20201-250/&sort=date&order=desc HTTP/1.1" 200 12247
66.249.64.87 - - [10/Mar/2017:02:58:03 -0500] "GET /BLA/resoluciones/Autos%202008/0596.pdf HTTP/1.1" 200 150996
136.243.36.97 - - [10/Mar/2017:02:58:03 -0500] "GET /BLA/resoluciones/index.php?dir=RESOLUCIONES%202005/RES%202005%20201-250/&sort=name&order=asc HTTP/1.1" 200 12248
136.243.36.97 - - [10/Mar/2017:02:58:10 -0500] "GET /BLA/resoluciones/index.php?dir=RESOLUCIONES%202005/RES%202005%20201-250/&sort=size&order=desc HTTP/1.1" 200 12247
164.132.161.35 - - [10/Mar/2017:02:58:13 -0500] "GET /BLA/resoluciones/RESOLUCIONES%202004/RES%202004%2001-%2050/00000006.tif HTTP/1.1" 200 31896
136.243.36.97 - - [10/Mar/2017:02:58:15 -0500] "GET /BLA/resoluciones/index.php?dir=RESOLUCIONES%202005/RES%202005%202051-2100/&sort=date&order=desc HTTP/1.1" 200 12351
136.243.36.97 - - [10/Mar/2017:02:58:20 -0500] "GET /BLA/resoluciones/index.php?dir=RESOLUCIONES%202005/RES%202005%202051-2100/&sort=name&order=asc HTTP/1.1" 200 12352
136.243.36.97 - - [10/Mar/2017:02:58:26 -0500] "GET /BLA/resoluciones/index.php?dir=RESOLUCIONES%202005/RES%202005%202051-2100/&sort=size&order=desc HTTP/1.1" 200 12351
136.243.36.97 - - [10/Mar/2017:02:58:30 -0500] "GET /BLA/resoluciones/index.php?dir=RESOLUCIONES%202005/RES%202005%202101-2150/&sort=date&order=desc HTTP/1.1" 200 12345
51.255.65.25 - - [10/Mar/2017:02:58:46 -0500] "GET /BLA/resoluciones/RESOLUCIONES%202006/RES%202006%201801-1850/00001802.tif HTTP/1.1" 200 193292
66.249.64.87 - - [10/Mar/2017:02:59:09 -0500] "GET /BLA/resoluciones/AUTOS%202014/3506.pdf HTTP/1.1" 200 681590
164.132.161.6 - - [10/Mar/2017:02:59:18 -0500] "GET /BLA/resoluciones/RESOLUCIONES%202003/RES%202003%20701-750/746.tif HTTP/1.1" 200 67684
136.243.36.97 - - [10/Mar/2017:02:59:23 -0500] "GET /robots.txt HTTP/1.1" 404 1018
136.243.36.97 - - [10/Mar/2017:02:59:23 -0500] "GET /BLA/resoluciones/index.php?dir=RESOLUCIONES%202005/RES%202005%202101-2150/&sort=name&order=asc HTTP/1.1" 200 12346
69.162.124.233 - - [10/Mar/2017:02:59:28 -0500] "HEAD / HTTP/1.1" 200 -
136.243.36.97 - - [10/Mar/2017:02:59:30 -0500] "GET /BLA/resoluciones/index.php?dir=RESOLUCIONES%202005/RES%202005%202101-2150/&sort=size&order=desc HTTP/1.1" 200 12345
201.245.192.253 - - [10/Mar/2017:02:59:37 -0500] "POST /forms/lservlet;jsessionid=ac16012b30d65f63ef0482f348f3823f89823f1504b3.e3iSbxaKaheRe34Mc3qKbx4Ra3r0n6jAmljGr5XDqQLvpAe HTTP/1.1" 200 2
201.245.192.253 - - [10/Mar/2017:02:59:37 -0500] "POST /forms/lservlet;jsessionid=ac16012b30d6f9faa41b7d094d2da3958c938924b9e1.e3iSbxaKaheRe34Mc3qKbx4Ra3r0n6jAmljGr5XDqQLvpAe HTTP/1.1" 200 2
136.243.36.97 - - [10/Mar/2017:02:59:37 -0500] "GET /BLA/resoluciones/index.php?dir=RESOLUCIONES%202005/RES%202005%202151-2200/&sort=date&order=desc HTTP/1.1" 200 16990
136.243.36.97 - - [10/Mar/2017:02:59:42 -0500] "GET /BLA/resoluciones/index.php?dir=RESOLUCIONES%202005/RES%202005%202151-2200/&sort=name&order=asc HTTP/1.1" 200 12146
66.249.64.87 - - [10/Mar/2017:02:59:44 -0500] "GET /BLA/resoluciones/AUTOS%202013/3335.pdf HTTP/1.1" 200 572188
136.243.36.97 - - [10/Mar/2017:02:59:48 -0500] "GET /BLA/resoluciones/index.php?dir=RESOLUCIONES%202005/RES%202005%202151-2200/&sort=size&order=desc HTTP/1.1" 200 12454
136.243.36.97 - - [10/Mar/2017:02:59:54 -0500] "GET /BLA/resoluciones/index.php?dir=RESOLUCIONES%202005/RES%202005%202201-2250/&sort=date&order=desc HTTP/1.1" 200 12362
66.249.64.91 - - [10/Mar/2017:02:59:55 -0500] "GET /BLA/resoluciones/AUTOS%202007/2199.pdf HTTP/1.1" 200 132956
136.243.36.97 - - [10/Mar/2017:02:59:59 -0500] "GET /BLA/resoluciones/index.php?dir=RESOLUCIONES%202005/RES%202005%202201-2250/&sort=name&order=asc HTTP/1.1" 200 12363
163.172.66.63 - - [10/Mar/2017:03:00:07 -0500] "GET /BLA/resoluciones/RESOLUCIONES%202003/RES%202003%201051-1100/1095.tif HTTP/1.1" 200 176704
66.249.64.87 - - [10/Mar/2017:03:00:17 -0500] "GET /BLA/resoluciones/AUTOS%202014/3954.pdf HTTP/1.1" 200 412307
66.249.64.82 - - [10/Mar/2017:03:00:46 -0500] "GET /BLA/resoluciones/AUTOS%202014/2740.pdf HTTP/1.1" 200 709985
66.249.64.91 - - [10/Mar/2017:03:01:11 -0500] "GET /BLA/resoluciones/AUTOS%202007/0163.pdf HTTP/1.1" 200 48436
192.168.175.104 - - [10/Mar/2017:03:01:35 -0500] "GET / HTTP/1.1" 200 9990
192.168.175.104 - - [10/Mar/2017:03:01:36 -0500] "GET / HTTP/1.1" 200 9990
201.245.192.253 - - [10/Mar/2017:03:01:37 -0500] "POST /forms/lservlet;jsessionid=ac16012b30d65f63ef0482f348f3823f89823f1504b3.e3iSbxaKaheRe34Mc3qKbx4Ra3r0n6jAmljGr5XDqQLvpAe HTTP/1.1" 200 2
201.245.192.253 - - [10/Mar/2017:03:01:37 -0500] "POST /forms/lservlet;jsessionid=ac16012b30d6f9faa41b7d094d2da3958c938924b9e1.e3iSbxaKaheRe34Mc3qKbx4Ra3r0n6jAmljGr5XDqQLvpAe HTTP/1.1" 200 2
192.168.175.104 - - [10/Mar/2017:03:01:53 -0500] "GET / HTTP/1.0" 200 9990
66.249.64.87 - - [10/Mar/2017:03:01:58 -0500] "GET /BLA/resoluciones/RESOLUCIONES%202010/4186.pdf HTTP/1.1" 200 400988
190.25.32.154 - - [10/Mar/2017:03:03:13 -0500] "GET /galeria/galeria/jquery.fancybox.css?v=2.1.5 HTTP/1.1" 200 4895
190.25.32.154 - - [10/Mar/2017:03:03:13 -0500] "GET /galeria/galeria/jquery.fancybox.js?v=2.1.5 HTTP/1.1" 200 48706
190.25.32.154 - - [10/Mar/2017:03:03:13 -0500] "GET /BLA/boletinlegal/js/jquery.scrollShow.js HTTP/1.1" 200 4586
66.249.64.91 - - [10/Mar/2017:03:03:19 -0500] "GET /BLA/resoluciones/AUTOS%202007/2580.pdf HTTP/1.1" 200 60365
201.245.192.253 - - [10/Mar/2017:03:03:37 -0500] "POST /forms/lservlet;jsessionid=ac16012b30d65f63ef0482f348f3823f89823f1504b3.e3iSbxaKaheRe34Mc3qKbx4Ra3r0n6jAmljGr5XDqQLvpAe HTTP/1.1" 200 2
201.245.192.253 - - [10/Mar/2017:03:03:37 -0500] "POST /forms/lservlet;jsessionid=ac16012b30d6f9faa41b7d094d2da3958c938924b9e1.e3iSbxaKaheRe34Mc3qKbx4Ra3r0n6jAmljGr5XDqQLvpAe HTTP/1.1" 200 2
136.243.36.97 - - [10/Mar/2017:03:03:38 -0500] "GET /robots.txt HTTP/1.1" 404 1018
136.243.36.97 - - [10/Mar/2017:03:03:38 -0500] "GET /BLA/resoluciones/index.php?dir=RESOLUCIONES%202005/RES%202005%202201-2250/&sort=size&order=desc HTTP/1.1" 200 12362
163.172.66.35 - - [10/Mar/2017:03:04:17 -0500] "GET /BLA/resoluciones/RESOLUCIONES%202006/RES%202006%20551-600/00000585.tif HTTP/1.1" 200 188736
66.249.64.87 - - [10/Mar/2017:03:04:23 -0500] "GET /BLA/resoluciones/AUTOS%202007/3432.pdf HTTP/1.1" 200 256036
66.249.64.87 - - [10/Mar/2017:03:04:25 -0500] "GET /BLA/resoluciones/RESOLUCIONES%202010/4724.pdf HTTP/1.1" 200 327419
69.162.124.233 - - [10/Mar/2017:03:04:28 -0500] "HEAD / HTTP/1.1" 200 -
66.249.64.82 - - [10/Mar/2017:03:04:44 -0500] "GET /galeria/galeria/fotos/3humedal-Burro3P.jpg HTTP/1.1" 304 -
136.243.36.97 - - [10/Mar/2017:03:05:10 -0500] "GET /BLA/resoluciones/index.php?dir=RESOLUCIONES%202005/RES%202005%202251-2300/&sort=date&order=desc HTTP/1.1" 200 12352
201.245.192.253 - - [10/Mar/2017:03:05:37 -0500] "POST /forms/lservlet;jsessionid=ac16012b30d65f63ef0482f348f3823f89823f1504b3.e3iSbxaKaheRe34Mc3qKbx4Ra3r0n6jAmljGr5XDqQLvpAe HTTP/1.1" 200 2
201.245.192.253 - - [10/Mar/2017:03:05:37 -0500] "POST /forms/lservlet;jsessionid=ac16012b30d6f9faa41b7d094d2da3958c938924b9e1.e3iSbxaKaheRe34Mc3qKbx4Ra3r0n6jAmljGr5XDqQLvpAe HTTP/1.1" 200 2
188.227.17.175 - - [10/Mar/2017:03:05:59 -0500] "HEAD / HTTP/1.1" 200 -
66.249.64.87 - - [10/Mar/2017:03:06:15 -0500] "GET /BLA/resoluciones/RESOLUCIONES%202008/0026.pdf HTTP/1.1" 200 843258
192.168.175.104 - - [10/Mar/2017:03:06:33 -0500] "GET / HTTP/1.1" 200 9990
192.168.175.104 - - [10/Mar/2017:03:06:34 -0500] "GET / HTTP/1.1" 200 9990
181.49.70.82 - - [10/Mar/2017:03:06:47 -0500] "GET /BLA/resoluciones/RESOLUCIONES%202009/4173.pdf HTTP/1.1" 200 513765
181.49.70.82 - - [10/Mar/2017:03:06:47 -0500] "GET /favicon.ico HTTP/1.1" 200 7782
192.168.175.104 - - [10/Mar/2017:03:06:50 -0500] "GET / HTTP/1.0" 200 9990
128.72.3.89 - - [10/Mar/2017:03:07:17 -0500] "GET /galeria/galeria/jquery.fancybox.js?v=2.1.5 HTTP/1.1" 200 48706
128.72.3.89 - - [10/Mar/2017:03:07:17 -0500] "GET /galeria/galeria/jquery.fancybox.css?v=2.1.5 HTTP/1.1" 200 4895
128.72.3.89 - - [10/Mar/2017:03:07:17 -0500] "GET /galeria/galeria/fotos/Huemdal-el-Tunjo1P.jpg HTTP/1.1" 200 24430
128.72.3.89 - - [10/Mar/2017:03:07:17 -0500] "GET /galeria/galeria/fotos/Huemdal-el-Tunjo4P.jpg HTTP/1.1" 200 18710
128.72.3.89 - - [10/Mar/2017:03:07:17 -0500] "GET /galeria/galeria/fotos/Huemdal-el-Tunjo3P.jpg HTTP/1.1" 200 20644
176.195.125.224 - - [10/Mar/2017:03:07:18 -0500] "GET /BLA/boletinlegal/js/jquery.scrollShow.js HTTP/1.1" 200 4586
176.195.125.224 - - [10/Mar/2017:03:07:18 -0500] "GET /galeria/galeria/jquery.fancybox.js?v=2.1.5 HTTP/1.1" 200 48706
176.195.125.224 - - [10/Mar/2017:03:07:18 -0500] "GET /galeria/galeria/jquery.fancybox.css?v=2.1.5 HTTP/1.1" 200 4895
128.72.3.89 - - [10/Mar/2017:03:07:20 -0500] "GET /galeria/galeria/fotos/Humedal-Tibanica2P.jpg HTTP/1.1" 200 29568
186.31.213.187 - - [10/Mar/2017:03:07:21 -0500] "GET /galeria/galeria/jquery.fancybox.js?v=2.1.5 HTTP/1.1" 200 48706
186.31.213.187 - - [10/Mar/2017:03:07:21 -0500] "GET /galeria/galeria/jquery.fancybox.css?v=2.1.5 HTTP/1.1" 200 4895
136.243.36.97 - - [10/Mar/2017:03:07:24 -0500] "GET /robots.txt HTTP/1.1" 404 1018
136.243.36.97 - - [10/Mar/2017:03:07:24 -0500] "GET /BLA/resoluciones/index.php?dir=RESOLUCIONES%202005/RES%202005%202251-2300/&sort=name&order=asc HTTP/1.1" 200 12353
201.245.192.253 - - [10/Mar/2017:03:07:38 -0500] "POST /forms/lservlet;jsessionid=ac16012b30d65f63ef0482f348f3823f89823f1504b3.e3iSbxaKaheRe34Mc3qKbx4Ra3r0n6jAmljGr5XDqQLvpAe HTTP/1.1" 200 2
201.245.192.253 - - [10/Mar/2017:03:07:38 -0500] "POST /forms/lservlet;jsessionid=ac16012b30d6f9faa41b7d094d2da3958c938924b9e1.e3iSbxaKaheRe34Mc3qKbx4Ra3r0n6jAmljGr5XDqQLvpAe HTTP/1.1" 200 2
188.227.75.192 - - [10/Mar/2017:03:07:57 -0500] "HEAD / HTTP/1.1" 200 -
136.243.36.97 - - [10/Mar/2017:03:07:58 -0500] "GET /BLA/resoluciones/index.php?dir=RESOLUCIONES%202005/RES%202005%202251-2300/&sort=size&order=desc HTTP/1.1" 200 12352
136.243.36.97 - - [10/Mar/2017:03:08:04 -0500] "GET /BLA/resoluciones/index.php?dir=RESOLUCIONES%202005/RES%202005%202301-2350/&sort=date&order=desc HTTP/1.1" 200 12368
136.243.36.97 - - [10/Mar/2017:03:08:08 -0500] "GET /BLA/resoluciones/index.php?dir=RESOLUCIONES%202005/RES%202005%202301-2350/&sort=name&order=asc HTTP/1.1" 200 12369
136.243.36.97 - - [10/Mar/2017:03:08:14 -0500] "GET /BLA/resoluciones/index.php?dir=RESOLUCIONES%202005/RES%202005%202301-2350/&sort=size&order=desc HTTP/1.1" 200 12368
66.249.64.87 - - [10/Mar/2017:03:08:14 -0500] "GET /BLA/resoluciones/AUTOS%202007/0312.pdf HTTP/1.1" 200 51168
136.243.36.97 - - [10/Mar/2017:03:08:19 -0500] "GET /BLA/resoluciones/index.php?dir=RESOLUCIONES%202005/RES%202005%202351-2400/&sort=date&order=desc HTTP/1.1" 200 12365
181.249.174.145 - - [10/Mar/2017:03:08:22 -0500] "GET /BLA/boletinlegal/js/jquery.scrollShow.js HTTP/1.1" 200 4586
181.249.174.145 - - [10/Mar/2017:03:08:22 -0500] "GET /galeria/galeria/jquery.fancybox.js?v=2.1.5 HTTP/1.1" 200 48706
181.249.174.145 - - [10/Mar/2017:03:08:23 -0500] "GET /galeria/galeria/jquery.fancybox.css?v=2.1.5 HTTP/1.1" 200 4895
136.243.36.97 - - [10/Mar/2017:03:08:23 -0500] "GET /BLA/resoluciones/index.php?dir=RESOLUCIONES%202005/RES%202005%202351-2400/&sort=name&order=asc HTTP/1.1" 200 12366
181.249.174.145 - - [10/Mar/2017:03:08:29 -0500] "GET /BLA/boletinlegal/js/jquery.scrollShow.js HTTP/1.1" 304 -
181.249.174.145 - - [10/Mar/2017:03:08:29 -0500] "GET /galeria/galeria/jquery.fancybox.js?v=2.1.5 HTTP/1.1" 304 -
181.249.174.145 - - [10/Mar/2017:03:08:29 -0500] "GET /galeria/galeria/jquery.fancybox.css?v=2.1.5 HTTP/1.1" 304 -
163.172.65.181 - - [10/Mar/2017:03:08:34 -0500] "GET /BLA/resoluciones/RESOLUCIONES%202002/RES%202002%201101-1150/00001125.tif HTTP/1.1" 200 292496
136.243.36.97 - - [10/Mar/2017:03:08:34 -0500] "GET /BLA/resoluciones/index.php?dir=RESOLUCIONES%202005/RES%202005%202351-2400/&sort=size&order=desc HTTP/1.1" 200 12365
136.243.36.97 - - [10/Mar/2017:03:08:39 -0500] "GET /BLA/resoluciones/index.php?dir=RESOLUCIONES%202005/RES%202005%202401-2450/&sort=date&order=desc HTTP/1.1" 200 12360
136.243.36.97 - - [10/Mar/2017:03:08:42 -0500] "GET /BLA/resoluciones/index.php?dir=RESOLUCIONES%202005/RES%202005%202401-2450/&sort=name&order=asc HTTP/1.1" 200 12361
186.31.213.187 - - [10/Mar/2017:03:08:55 -0500] "GET /galeria/galeria/fotos/Humedal-Santa-Mar%C3%ADa-del-Lago1P.jpg HTTP/1.1" 200 26912
69.162.124.233 - - [10/Mar/2017:03:09:28 -0500] "HEAD / HTTP/1.1" 200 -
207.46.13.29 - - [10/Mar/2017:03:09:36 -0500] "GET /pot-2013/index.php?dir=expediente HTTP/1.1" 200 1903
201.245.192.253 - - [10/Mar/2017:03:09:38 -0500] "POST /forms/lservlet;jsessionid=ac16012b30d65f63ef0482f348f3823f89823f1504b3.e3iSbxaKaheRe34Mc3qKbx4Ra3r0n6jAmljGr5XDqQLvpAe HTTP/1.1" 200 2
201.245.192.253 - - [10/Mar/2017:03:09:38 -0500] "POST /forms/lservlet;jsessionid=ac16012b30d6f9faa41b7d094d2da3958c938924b9e1.e3iSbxaKaheRe34Mc3qKbx4Ra3r0n6jAmljGr5XDqQLvpAe HTTP/1.1" 200 2
136.243.36.97 - - [10/Mar/2017:03:09:48 -0500] "GET /BLA/resoluciones/index.php?dir=RESOLUCIONES%202005/RES%202005%202401-2450/&sort=size&order=desc HTTP/1.1" 200 12360
66.249.64.91 - - [10/Mar/2017:03:10:08 -0500] "GET /BLA/resoluciones/RESOLUCIONES%202016/1146.pdf HTTP/1.1" 304 -
66.249.64.87 - - [10/Mar/2017:03:10:19 -0500] "GET /BLA/resoluciones/RESOLUCIONES%202010/5984.pdf HTTP/1.1" 200 190974
136.243.36.97 - - [10/Mar/2017:03:10:26 -0500] "GET /BLA/resoluciones/index.php?dir=RESOLUCIONES%202005/RES%202005%202451-2500/&sort=date&order=desc HTTP/1.1" 200 12369
136.243.36.97 - - [10/Mar/2017:03:10:33 -0500] "GET /BLA/resoluciones/index.php?dir=RESOLUCIONES%202005/RES%202005%202451-2500/&sort=name&order=asc HTTP/1.1" 200 12370
136.243.36.97 - - [10/Mar/2017:03:10:37 -0500] "GET /BLA/resoluciones/index.php?dir=RESOLUCIONES%202005/RES%202005%202451-2500/&sort=size&order=desc HTTP/1.1" 200 12369
136.243.36.97 - - [10/Mar/2017:03:10:43 -0500] "GET /BLA/resoluciones/index.php?dir=RESOLUCIONES%202005/RES%202005%202501-2550/&sort=date&order=desc HTTP/1.1" 200 12364
66.249.64.82 - - [10/Mar/2017:03:10:48 -0500] "GET /BLA/resoluciones/RESOLUCIONES%202007/RES%202007%203801%20AL%203900/RESOLUCION%203815%20DE%202007.pdf HTTP/1.1" 200 122362
136.243.36.97 - - [10/Mar/2017:03:10:48 -0500] "GET /BLA/resoluciones/index.php?dir=RESOLUCIONES%202005/RES%202005%202501-2550/&sort=name&order=asc HTTP/1.1" 200 12365
136.243.36.97 - - [10/Mar/2017:03:10:52 -0500] "GET /BLA/resoluciones/index.php?dir=RESOLUCIONES%202005/RES%202005%202501-2550/&sort=size&order=desc HTTP/1.1" 200 12364
186.31.213.187 - - [10/Mar/2017:03:10:54 -0500] "GET /galeria/galeria/fotos/Humedal-Santa-Mar%C3%ADa-del-Lago2P.jpg HTTP/1.1" 200 37138
186.31.213.187 - - [10/Mar/2017:03:10:54 -0500] "GET /galeria/galeria/fotos/Humedal-Santa-Mar%C3%ADa-del-Lago3P.jpg HTTP/1.1" 200 30161
186.31.213.187 - - [10/Mar/2017:03:10:54 -0500] "GET /galeria/galeria/fotos/Humedal-Santa-Mar%C3%ADa-del-Lago4P.jpg HTTP/1.1" 200 33121
136.243.36.97 - - [10/Mar/2017:03:10:57 -0500] "GET /BLA/resoluciones/index.php?dir=RESOLUCIONES%202005/RES%202005%20251-300/&sort=date&order=desc HTTP/1.1" 200 12253
136.243.36.97 - - [10/Mar/2017:03:11:01 -0500] "GET /BLA/resoluciones/index.php?dir=RESOLUCIONES%202005/RES%202005%20251-300/&sort=name&order=asc HTTP/1.1" 200 12254
136.243.36.97 - - [10/Mar/2017:03:11:08 -0500] "GET /BLA/resoluciones/index.php?dir=RESOLUCIONES%202005/RES%202005%20251-300/&sort=size&order=desc HTTP/1.1" 200 12253
136.243.36.97 - - [10/Mar/2017:03:11:14 -0500] "GET /BLA/resoluciones/index.php?dir=RESOLUCIONES%202005/RES%202005%202551-2600/&sort=date&order=desc HTTP/1.1" 200 12366
136.243.36.97 - - [10/Mar/2017:03:11:19 -0500] "GET /BLA/resoluciones/index.php?dir=RESOLUCIONES%202005/RES%202005%202551-2600/&sort=name&order=asc HTTP/1.1" 200 12367
136.243.36.97 - - [10/Mar/2017:03:11:26 -0500] "GET /BLA/resoluciones/index.php?dir=RESOLUCIONES%202005/RES%202005%202551-2600/&sort=size&order=desc HTTP/1.1" 200 12366
192.168.175.104 - - [10/Mar/2017:03:11:30 -0500] "GET / HTTP/1.1" 200 9990
136.243.36.97 - - [10/Mar/2017:03:11:31 -0500] "GET /BLA/resoluciones/index.php?dir=RESOLUCIONES%202005/RES%202005%202601-2650/&sort=date&order=desc HTTP/1.1" 200 12160
192.168.175.104 - - [10/Mar/2017:03:11:32 -0500] "GET / HTTP/1.1" 200 9990
136.243.36.97 - - [10/Mar/2017:03:11:37 -0500] "GET /BLA/resoluciones/index.php?dir=RESOLUCIONES%202005/RES%202005%202601-2650/&sort=name&order=asc HTTP/1.1" 200 12161
201.245.192.253 - - [10/Mar/2017:03:11:39 -0500] "POST /forms/lservlet;jsessionid=ac16012b30d6f9faa41b7d094d2da3958c938924b9e1.e3iSbxaKaheRe34Mc3qKbx4Ra3r0n6jAmljGr5XDqQLvpAe HTTP/1.1" 200 2
201.245.192.253 - - [10/Mar/2017:03:11:39 -0500] "POST /forms/lservlet;jsessionid=ac16012b30d65f63ef0482f348f3823f89823f1504b3.e3iSbxaKaheRe34Mc3qKbx4Ra3r0n6jAmljGr5XDqQLvpAe HTTP/1.1" 200 2
136.243.36.97 - - [10/Mar/2017:03:11:42 -0500] "GET /BLA/resoluciones/index.php?dir=RESOLUCIONES%202005/RES%202005%202601-2650/&sort=size&order=desc HTTP/1.1" 200 12160
136.243.36.97 - - [10/Mar/2017:03:11:47 -0500] "GET /BLA/resoluciones/index.php?dir=RESOLUCIONES%202005/RES%202005%202651-2700/&sort=date&order=desc HTTP/1.1" 200 12368
192.168.175.104 - - [10/Mar/2017:03:11:49 -0500] "GET / HTTP/1.0" 200 9990
136.243.36.97 - - [10/Mar/2017:03:11:52 -0500] "GET /BLA/resoluciones/index.php?dir=RESOLUCIONES%202005/RES%202005%202651-2700/&sort=name&order=asc HTTP/1.1" 200 12369
136.243.36.97 - - [10/Mar/2017:03:11:57 -0500] "GET /BLA/resoluciones/index.php?dir=RESOLUCIONES%202005/RES%202005%202651-2700/&sort=size&order=desc HTTP/1.1" 200 12368
5.200.52.225 - - [10/Mar/2017:03:12:00 -0500] "HEAD / HTTP/1.1" 200 -
136.243.36.97 - - [10/Mar/2017:03:12:02 -0500] "GET /BLA/resoluciones/index.php?dir=RESOLUCIONES%202005/RES%202005%202701%20-2750/&sort=date&order=desc HTTP/1.1" 200 12403
136.243.36.97 - - [10/Mar/2017:03:12:07 -0500] "GET /BLA/resoluciones/index.php?dir=RESOLUCIONES%202005/RES%202005%202701%20-2750/&sort=name&order=asc HTTP/1.1" 200 12404
136.243.36.97 - - [10/Mar/2017:03:12:12 -0500] "GET /BLA/resoluciones/index.php?dir=RESOLUCIONES%202005/RES%202005%202701%20-2750/&sort=size&order=desc HTTP/1.1" 200 12403
136.243.36.97 - - [10/Mar/2017:03:12:17 -0500] "GET /BLA/resoluciones/index.php?dir=RESOLUCIONES%202005/RES%202005%202751-2800/&sort=date&order=desc HTTP/1.1" 200 12344
136.243.36.97 - - [10/Mar/2017:03:12:23 -0500] "GET /BLA/resoluciones/index.php?dir=RESOLUCIONES%202005/RES%202005%202751-2800/&sort=name&order=asc HTTP/1.1" 200 12345
136.243.36.97 - - [10/Mar/2017:03:12:30 -0500] "GET /BLA/resoluciones/index.php?dir=RESOLUCIONES%202005/RES%202005%202751-2800/&sort=size&order=desc HTTP/1.1" 200 12344
136.243.36.97 - - [10/Mar/2017:03:12:36 -0500] "GET /BLA/resoluciones/index.php?dir=RESOLUCIONES%202005/RES%202005%202801-2850/&sort=date&order=desc HTTP/1.1" 200 11938
136.243.36.97 - - [10/Mar/2017:03:12:42 -0500] "GET /BLA/resoluciones/index.php?dir=RESOLUCIONES%202005/RES%202005%202801-2850/&sort=name&order=asc HTTP/1.1" 200 11939
136.243.36.97 - - [10/Mar/2017:03:13:16 -0500] "GET /BLA/resoluciones/index.php?dir=RESOLUCIONES%202005/RES%202005%202801-2850/&sort=size&order=desc HTTP/1.1" 200 11938
136.243.36.97 - - [10/Mar/2017:03:13:29 -0500] "GET /BLA/resoluciones/index.php?dir=RESOLUCIONES%202005/RES%202005%202851-2900/&sort=date&order=desc HTTP/1.1" 200 12155
136.243.36.97 - - [10/Mar/2017:03:13:39 -0500] "GET /BLA/resoluciones/index.php?dir=RESOLUCIONES%202005/RES%202005%202851-2900/&sort=name&order=asc HTTP/1.1" 200 12156
201.245.192.253 - - [10/Mar/2017:03:13:39 -0500] "POST /forms/lservlet;jsessionid=ac16012b30d6f9faa41b7d094d2da3958c938924b9e1.e3iSbxaKaheRe34Mc3qKbx4Ra3r0n6jAmljGr5XDqQLvpAe HTTP/1.1" 200 2
201.245.192.253 - - [10/Mar/2017:03:13:39 -0500] "POST /forms/lservlet;jsessionid=ac16012b30d65f63ef0482f348f3823f89823f1504b3.e3iSbxaKaheRe34Mc3qKbx4Ra3r0n6jAmljGr5XDqQLvpAe HTTP/1.1" 200 2
136.243.36.97 - - [10/Mar/2017:03:13:47 -0500] "GET /BLA/resoluciones/index.php?dir=RESOLUCIONES%202005/RES%202005%202851-2900/&sort=size&order=desc HTTP/1.1" 200 12155
136.243.36.97 - - [10/Mar/2017:03:13:58 -0500] "GET /BLA/resoluciones/index.php?dir=RESOLUCIONES%202005/RES%202005%202901-2950/&sort=date&order=desc HTTP/1.1" 200 12330
136.243.36.97 - - [10/Mar/2017:03:14:12 -0500] "GET /BLA/resoluciones/index.php?dir=RESOLUCIONES%202005/RES%202005%202901-2950/&sort=name&order=asc HTTP/1.1" 200 12331
69.162.124.233 - - [10/Mar/2017:03:14:28 -0500] "HEAD / HTTP/1.1" 200 -
66.249.64.82 - - [10/Mar/2017:03:14:32 -0500] "GET /BLA/resoluciones/AUTOS%202010/3183.pdf HTTP/1.1" 200 1189150
136.243.36.97 - - [10/Mar/2017:03:14:32 -0500] "GET /BLA/resoluciones/index.php?dir=RESOLUCIONES%202005/RES%202005%202901-2950/&sort=size&order=desc HTTP/1.1" 200 12330
136.243.36.97 - - [10/Mar/2017:03:14:44 -0500] "GET /BLA/resoluciones/index.php?dir=RESOLUCIONES%202005/RES%202005%202951-3000/&sort=date&order=desc HTTP/1.1" 200 11936
66.249.64.87 - - [10/Mar/2017:03:15:09 -0500] "GET /BLA/resoluciones/Autos%202008/0713.pdf HTTP/1.1" 200 69292
136.243.36.97 - - [10/Mar/2017:03:15:12 -0500] "GET /BLA/resoluciones/index.php?dir=RESOLUCIONES%202005/RES%202005%202951-3000/&sort=name&order=asc HTTP/1.1" 200 11937
66.249.64.82 - - [10/Mar/2017:03:15:15 -0500] "GET /BLA/resoluciones/RESOLUCIONES%202007/RES%202007%20401%20AL%20500/RESOLUCION%200499%20DE%202007.pdf HTTP/1.1" 200 347013
66.249.64.82 - - [10/Mar/2017:03:15:29 -0500] "GET /BLA/resoluciones/RESOLUCIONES%202010/7680.pdf HTTP/1.1" 200 63799
66.249.64.82 - - [10/Mar/2017:03:15:31 -0500] "GET /BLA/resoluciones/RESOLUCIONES%202010/7835.pdf HTTP/1.1" 200 39258
210.125.184.85 - - [10/Mar/2017:03:15:32 -0500] "GET /galeria/galeria/jquery.fancybox.css?v=2.1.5 HTTP/1.1" 304 -
210.125.184.85 - - [10/Mar/2017:03:15:32 -0500] "GET /BLA/boletinlegal/js/jquery.scrollShow.js HTTP/1.1" 304 -
210.125.184.85 - - [10/Mar/2017:03:15:32 -0500] "GET /galeria/galeria/jquery.fancybox.js?v=2.1.5 HTTP/1.1" 304 -
201.245.192.253 - - [10/Mar/2017:03:15:39 -0500] "POST /forms/lservlet;jsessionid=ac16012b30d6f9faa41b7d094d2da3958c938924b9e1.e3iSbxaKaheRe34Mc3qKbx4Ra3r0n6jAmljGr5XDqQLvpAe HTTP/1.1" 200 2
201.245.192.253 - - [10/Mar/2017:03:15:39 -0500] "POST /forms/lservlet;jsessionid=ac16012b30d65f63ef0482f348f3823f89823f1504b3.e3iSbxaKaheRe34Mc3qKbx4Ra3r0n6jAmljGr5XDqQLvpAe HTTP/1.1" 200 2
136.243.36.97 - - [10/Mar/2017:03:15:43 -0500] "GET /BLA/resoluciones/index.php?dir=RESOLUCIONES%202005/RES%202005%202951-3000/&sort=size&order=desc HTTP/1.1" 200 11936
136.243.36.97 - - [10/Mar/2017:03:15:52 -0500] "GET /BLA/resoluciones/index.php?dir=RESOLUCIONES%202005/RES%202005%203001-3050/&sort=date&order=desc HTTP/1.1" 200 12363
157.55.39.187 - - [10/Mar/2017:03:15:54 -0500] "GET /galeria/galeria/jquery.fancybox.js?v=2.1.5 HTTP/1.1" 200 48706
40.77.167.24 - - [10/Mar/2017:03:15:57 -0500] "GET /Autoliquidacion/dlf/styles.css HTTP/1.1" 200 3045
136.243.36.97 - - [10/Mar/2017:03:16:00 -0500] "GET /BLA/resoluciones/index.php?dir=RESOLUCIONES%202005/RES%202005%203001-3050/&sort=name&order=asc HTTP/1.1" 200 12364
136.243.36.97 - - [10/Mar/2017:03:16:05 -0500] "GET /BLA/resoluciones/index.php?dir=RESOLUCIONES%202005/RES%202005%203001-3050/&sort=size&order=desc HTTP/1.1" 200 12363
66.249.64.82 - - [10/Mar/2017:03:16:09 -0500] "GET /BLA/resoluciones/Autos%202008/1718.pdf HTTP/1.1" 200 95367
136.243.36.97 - - [10/Mar/2017:03:16:11 -0500] "GET /BLA/resoluciones/index.php?dir=RESOLUCIONES%202005/RES%202005%20301-351/&sort=date&order=desc HTTP/1.1" 200 12251
136.243.36.97 - - [10/Mar/2017:03:16:18 -0500] "GET /BLA/resoluciones/index.php?dir=RESOLUCIONES%202005/RES%202005%20301-351/&sort=name&order=asc HTTP/1.1" 200 12252
136.243.36.97 - - [10/Mar/2017:03:16:23 -0500] "GET /BLA/resoluciones/index.php?dir=RESOLUCIONES%202005/RES%202005%20301-351/&sort=size&order=desc HTTP/1.1" 200 12251
192.168.175.104 - - [10/Mar/2017:03:16:29 -0500] "GET / HTTP/1.1" 200 9990
192.168.175.104 - - [10/Mar/2017:03:16:30 -0500] "GET / HTTP/1.1" 200 9990
136.243.36.97 - - [10/Mar/2017:03:16:30 -0500] "GET /BLA/resoluciones/index.php?dir=RESOLUCIONES%202005/RES%202005%203051-3100/&sort=date&order=desc HTTP/1.1" 200 12359
136.243.36.97 - - [10/Mar/2017:03:16:35 -0500] "GET /BLA/resoluciones/index.php?dir=RESOLUCIONES%202005/RES%202005%203051-3100/&sort=name&order=asc HTTP/1.1" 200 12360
136.243.36.97 - - [10/Mar/2017:03:16:40 -0500] "GET /BLA/resoluciones/index.php?dir=RESOLUCIONES%202005/RES%202005%203051-3100/&sort=size&order=desc HTTP/1.1" 200 12359
192.168.175.104 - - [10/Mar/2017:03:16:47 -0500] "GET / HTTP/1.0" 200 9990
136.243.36.97 - - [10/Mar/2017:03:16:48 -0500] "GET /BLA/resoluciones/index.php?dir=RESOLUCIONES%202005/RES%202005%203101-3150/&sort=date&order=desc HTTP/1.1" 200 12366
136.243.36.97 - - [10/Mar/2017:03:16:53 -0500] "GET /BLA/resoluciones/index.php?dir=RESOLUCIONES%202005/RES%202005%203101-3150/&sort=name&order=asc HTTP/1.1" 200 12367
157.55.39.187 - - [10/Mar/2017:03:16:57 -0500] "GET /robots.txt HTTP/1.1" 404 1018
157.55.39.187 - - [10/Mar/2017:03:16:57 -0500] "GET /robots.txt HTTP/1.1" 404 1018
157.55.39.187 - - [10/Mar/2017:03:16:58 -0500] "GET /galeria/galeria/jquery.fancybox.js?v=2.1.5 HTTP/1.1" 200 48706
136.243.36.97 - - [10/Mar/2017:03:17:00 -0500] "GET /BLA/resoluciones/index.php?dir=RESOLUCIONES%202005/RES%202005%203101-3150/&sort=size&order=desc HTTP/1.1" 200 12366
136.243.36.97 - - [10/Mar/2017:03:17:05 -0500] "GET /BLA/resoluciones/index.php?dir=RESOLUCIONES%202005/RES%202005%203151-3180/&sort=date&order=desc HTTP/1.1" 200 8262
220.181.108.152 - - [10/Mar/2017:03:17:09 -0500] "GET /BLA/resoluciones/AUTOS%202013/1004.pdf HTTP/1.1" 200 2299143
136.243.36.97 - - [10/Mar/2017:03:17:11 -0500] "GET /BLA/resoluciones/index.php?dir=RESOLUCIONES%202005/RES%202005%203151-3180/&sort=name&order=asc HTTP/1.1" 200 8263
207.46.13.155 - - [10/Mar/2017:03:17:16 -0500] "GET /galeria/galeria/jquery.fancybox.css?v=2.1.5 HTTP/1.1" 200 4895
