136.243.36.97 - - [10/Mar/2017:03:17:17 -0500] "GET /BLA/resoluciones/index.php?dir=RESOLUCIONES%202005/RES%202005%203151-3180/&sort=size&order=desc HTTP/1.1" 200 8262
136.243.36.97 - - [10/Mar/2017:03:17:22 -0500] "GET /BLA/resoluciones/index.php?dir=RESOLUCIONES%202005/RES%202005%20351-400/&sort=date&order=desc HTTP/1.1" 200 12242
51.255.65.18 - - [10/Mar/2017:03:17:25 -0500] "GET / HTTP/1.1" 200 9990
136.243.36.97 - - [10/Mar/2017:03:17:28 -0500] "GET /robots.txt HTTP/1.1" 404 1018
136.243.36.97 - - [10/Mar/2017:03:17:28 -0500] "GET /BLA/resoluciones/index.php?dir=RESOLUCIONES%202005/RES%202005%20351-400/&sort=name&order=asc HTTP/1.1" 200 12243
161.10.24.113 - - [10/Mar/2017:03:17:30 -0500] "GET / HTTP/1.1" 200 9990
161.10.24.113 - - [10/Mar/2017:03:17:30 -0500] "GET /css/style.css HTTP/1.1" 200 3610
191.111.152.147 - - [10/Mar/2017:03:17:30 -0500] "GET /css/bootstrap.min.css HTTP/1.1" 200 105939
191.111.173.225 - - [10/Mar/2017:03:17:30 -0500] "GET /js/jquery.js HTTP/1.1" 200 97120
161.10.24.113 - - [10/Mar/2017:03:17:30 -0500] "GET /js/bootstrap.min.js HTTP/1.1" 200 28538
161.10.24.113 - - [10/Mar/2017:03:17:30 -0500] "GET /images/SDA.jpg HTTP/1.1" 200 48976
161.10.24.113 - - [10/Mar/2017:03:17:30 -0500] "GET /images/INTRANET.jpg HTTP/1.1" 200 37297
191.111.152.147 - - [10/Mar/2017:03:17:30 -0500] "GET /images/INTERNET.jpg HTTP/1.1" 200 34880
191.111.173.225 - - [10/Mar/2017:03:17:30 -0500] "GET /images/LINEA.jpg HTTP/1.1" 200 33035
191.111.152.147 - - [10/Mar/2017:03:17:30 -0500] "GET /images/NINOS.jpg HTTP/1.1" 200 44828
191.111.173.225 - - [10/Mar/2017:03:17:30 -0500] "GET /images/FOREST.jpg HTTP/1.1" 200 33277
191.111.152.147 - - [10/Mar/2017:03:17:30 -0500] "GET /images/RMCAB.jpg HTTP/1.1" 200 49926
161.10.24.113 - - [10/Mar/2017:03:17:30 -0500] "GET /images/BLA.jpg HTTP/1.1" 200 34672
161.10.24.113 - - [10/Mar/2017:03:17:30 -0500] "GET /images/SDQS.jpg HTTP/1.1" 200 47976
191.111.173.225 - - [10/Mar/2017:03:17:30 -0500] "GET /images/CORREO.jpg HTTP/1.1" 200 39337
191.111.152.147 - - [10/Mar/2017:03:17:30 -0500] "GET /images/FORMATOS.jpg HTTP/1.1" 200 41585
161.10.24.113 - - [10/Mar/2017:03:17:30 -0500] "GET /images/CATALOGO.jpg HTTP/1.1" 200 35661
191.111.152.147 - - [10/Mar/2017:03:17:31 -0500] "GET /favicon.ico HTTP/1.1" 200 7782
136.243.36.97 - - [10/Mar/2017:03:17:34 -0500] "GET /BLA/resoluciones/index.php?dir=RESOLUCIONES%202005/RES%202005%20351-400/&sort=size&order=desc HTTP/1.1" 200 12242
136.243.36.97 - - [10/Mar/2017:03:17:38 -0500] "GET /BLA/resoluciones/index.php?dir=RESOLUCIONES%202005/RES%202005%20401-450/&sort=date&order=desc HTTP/1.1" 200 12253
201.245.192.253 - - [10/Mar/2017:03:17:39 -0500] "POST /forms/lservlet;jsessionid=ac16012b30d65f63ef0482f348f3823f89823f1504b3.e3iSbxaKaheRe34Mc3qKbx4Ra3r0n6jAmljGr5XDqQLvpAe HTTP/1.1" 200 2
201.245.192.253 - - [10/Mar/2017:03:17:39 -0500] "POST /forms/lservlet;jsessionid=ac16012b30d6f9faa41b7d094d2da3958c938924b9e1.e3iSbxaKaheRe34Mc3qKbx4Ra3r0n6jAmljGr5XDqQLvpAe HTTP/1.1" 200 2
136.243.36.97 - - [10/Mar/2017:03:17:44 -0500] "GET /BLA/resoluciones/index.php?dir=RESOLUCIONES%202005/RES%202005%20401-450/&sort=name&order=asc HTTP/1.1" 200 12254
136.243.36.97 - - [10/Mar/2017:03:17:50 -0500] "GET /BLA/resoluciones/index.php?dir=RESOLUCIONES%202005/RES%202005%20401-450/&sort=size&order=desc HTTP/1.1" 200 12253
136.243.36.97 - - [10/Mar/2017:03:17:59 -0500] "GET /BLA/resoluciones/index.php?dir=RESOLUCIONES%202005/RES%202005%20451-500/&sort=date&order=desc HTTP/1.1" 200 12243
88.198.56.196 - - [10/Mar/2017:03:18:09 -0500] "GET / HTTP/1.1" 200 9990
201.245.226.39 - - [10/Mar/2017:03:18:10 -0500] "GET /BLA/boletinlegal/js/jquery.scrollShow.js HTTP/1.1" 200 4586
201.245.226.39 - - [10/Mar/2017:03:18:10 -0500] "GET /galeria/galeria/jquery.fancybox.css?v=2.1.5 HTTP/1.1" 200 4895
201.245.226.39 - - [10/Mar/2017:03:18:10 -0500] "GET /galeria/galeria/jquery.fancybox.js?v=2.1.5 HTTP/1.1" 200 48706
201.245.226.39 - - [10/Mar/2017:03:18:13 -0500] "GET /galeria/galeria/jquery.fancybox.css?v=2.1.5 HTTP/1.1" 304 -
201.245.226.39 - - [10/Mar/2017:03:18:13 -0500] "GET /BLA/boletinlegal/js/jquery.scrollShow.js HTTP/1.1" 304 -
201.245.226.39 - - [10/Mar/2017:03:18:13 -0500] "GET /galeria/galeria/jquery.fancybox.js?v=2.1.5 HTTP/1.1" 304 -
136.243.36.97 - - [10/Mar/2017:03:18:14 -0500] "GET /BLA/resoluciones/index.php?dir=RESOLUCIONES%202005/RES%202005%20451-500/&sort=name&order=asc HTTP/1.1" 200 12244
66.249.64.87 - - [10/Mar/2017:03:18:16 -0500] "GET /BLA/resoluciones/AUTOS%202014/0984.pdf HTTP/1.1" 200 286283
136.243.36.97 - - [10/Mar/2017:03:18:21 -0500] "GET /BLA/resoluciones/index.php?dir=RESOLUCIONES%202005/RES%202005%20451-500/&sort=size&order=desc HTTP/1.1" 200 12243
201.245.226.39 - - [10/Mar/2017:03:18:24 -0500] "GET /silvicultura/12.pdf HTTP/1.1" 404 1308
201.245.226.39 - - [10/Mar/2017:03:18:24 -0500] "GET /favicon.ico HTTP/1.1" 200 7782
136.243.36.97 - - [10/Mar/2017:03:18:25 -0500] "GET /BLA/resoluciones/index.php?dir=RESOLUCIONES%202005/RES%202005%20501-550/&sort=date&order=desc HTTP/1.1" 200 12243
201.245.226.39 - - [10/Mar/2017:03:18:28 -0500] "GET /silvicultura/13.pdf HTTP/1.1" 404 1308
136.243.36.97 - - [10/Mar/2017:03:18:30 -0500] "GET /BLA/resoluciones/index.php?dir=RESOLUCIONES%202005/RES%202005%20501-550/&sort=name&order=asc HTTP/1.1" 200 12244
136.243.36.97 - - [10/Mar/2017:03:18:36 -0500] "GET /BLA/resoluciones/index.php?dir=RESOLUCIONES%202005/RES%202005%20501-550/&sort=size&order=desc HTTP/1.1" 200 12243
136.243.36.97 - - [10/Mar/2017:03:18:41 -0500] "GET /BLA/resoluciones/index.php?dir=RESOLUCIONES%202005/RES%202005%2051-100/&sort=date&order=desc HTTP/1.1" 200 12191
136.243.36.97 - - [10/Mar/2017:03:18:48 -0500] "GET /BLA/resoluciones/index.php?dir=RESOLUCIONES%202005/RES%202005%2051-100/&sort=name&order=asc HTTP/1.1" 200 12192
136.243.36.97 - - [10/Mar/2017:03:18:56 -0500] "GET /BLA/resoluciones/index.php?dir=RESOLUCIONES%202005/RES%202005%2051-100/&sort=size&order=desc HTTP/1.1" 200 12191
136.243.36.97 - - [10/Mar/2017:03:19:05 -0500] "GET /BLA/resoluciones/index.php?dir=RESOLUCIONES%202005/RES%202005%20551-600/&sort=date&order=desc HTTP/1.1" 200 12248
136.243.36.97 - - [10/Mar/2017:03:19:19 -0500] "GET /BLA/resoluciones/index.php?dir=RESOLUCIONES%202005/RES%202005%20551-600/&sort=name&order=asc HTTP/1.1" 200 12249
136.243.36.97 - - [10/Mar/2017:03:19:26 -0500] "GET /BLA/resoluciones/index.php?dir=RESOLUCIONES%202005/RES%202005%20551-600/&sort=size&order=desc HTTP/1.1" 200 12248
69.162.124.233 - - [10/Mar/2017:03:19:28 -0500] "HEAD / HTTP/1.1" 200 -
136.243.36.97 - - [10/Mar/2017:03:19:31 -0500] "GET /BLA/resoluciones/index.php?dir=RESOLUCIONES%202005/RES%202005%20601-650/&sort=date&order=desc HTTP/1.1" 200 12245
136.243.36.97 - - [10/Mar/2017:03:19:37 -0500] "GET /BLA/resoluciones/index.php?dir=RESOLUCIONES%202005/RES%202005%20601-650/&sort=name&order=asc HTTP/1.1" 200 12246
201.245.192.253 - - [10/Mar/2017:03:19:40 -0500] "POST /forms/lservlet;jsessionid=ac16012b30d65f63ef0482f348f3823f89823f1504b3.e3iSbxaKaheRe34Mc3qKbx4Ra3r0n6jAmljGr5XDqQLvpAe HTTP/1.1" 200 2
66.249.64.82 - - [10/Mar/2017:03:19:40 -0500] "GET /BLA/resoluciones/index.php?dir=RESOLUCIONES%202000/&sort=name&order=desc HTTP/1.1" 200 13661
201.245.192.253 - - [10/Mar/2017:03:19:42 -0500] "POST /forms/lservlet;jsessionid=ac16012b30d6f9faa41b7d094d2da3958c938924b9e1.e3iSbxaKaheRe34Mc3qKbx4Ra3r0n6jAmljGr5XDqQLvpAe HTTP/1.1" 200 2
136.243.36.97 - - [10/Mar/2017:03:19:43 -0500] "GET /BLA/resoluciones/index.php?dir=RESOLUCIONES%202005/RES%202005%20601-650/&sort=size&order=desc HTTP/1.1" 200 12245
136.243.36.97 - - [10/Mar/2017:03:19:47 -0500] "GET /BLA/resoluciones/index.php?dir=RESOLUCIONES%202005/RES%202005%20651-700/&sort=date&order=desc HTTP/1.1" 200 12231
136.243.36.97 - - [10/Mar/2017:03:19:57 -0500] "GET /BLA/resoluciones/index.php?dir=RESOLUCIONES%202005/RES%202005%20651-700/&sort=name&order=asc HTTP/1.1" 200 12232
136.243.36.97 - - [10/Mar/2017:03:20:05 -0500] "GET /BLA/resoluciones/index.php?dir=RESOLUCIONES%202005/RES%202005%20651-700/&sort=size&order=desc HTTP/1.1" 200 12231
136.243.36.97 - - [10/Mar/2017:03:20:14 -0500] "GET /BLA/resoluciones/index.php?dir=RESOLUCIONES%202005/RES%202005%20701-750/&sort=date&order=desc HTTP/1.1" 200 12246
136.243.36.97 - - [10/Mar/2017:03:20:24 -0500] "GET /BLA/resoluciones/index.php?dir=RESOLUCIONES%202005/RES%202005%20701-750/&sort=name&order=asc HTTP/1.1" 200 12247
136.243.36.97 - - [10/Mar/2017:03:20:32 -0500] "GET /BLA/resoluciones/index.php?dir=RESOLUCIONES%202005/RES%202005%20701-750/&sort=size&order=desc HTTP/1.1" 200 12246
136.243.36.97 - - [10/Mar/2017:03:20:39 -0500] "GET /BLA/resoluciones/index.php?dir=RESOLUCIONES%202005/RES%202005%20751-800/&sort=date&order=desc HTTP/1.1" 200 12253
136.243.36.97 - - [10/Mar/2017:03:20:45 -0500] "GET /BLA/resoluciones/index.php?dir=RESOLUCIONES%202005/RES%202005%20751-800/&sort=name&order=asc HTTP/1.1" 200 12254
136.243.36.97 - - [10/Mar/2017:03:20:50 -0500] "GET /BLA/resoluciones/index.php?dir=RESOLUCIONES%202005/RES%202005%20751-800/&sort=size&order=desc HTTP/1.1" 200 12253
136.243.36.97 - - [10/Mar/2017:03:20:55 -0500] "GET /BLA/resoluciones/index.php?dir=RESOLUCIONES%202005/RES%202005%20801-850/&sort=date&order=desc HTTP/1.1" 200 12245
136.243.36.97 - - [10/Mar/2017:03:21:03 -0500] "GET /BLA/resoluciones/index.php?dir=RESOLUCIONES%202005/RES%202005%20801-850/&sort=name&order=asc HTTP/1.1" 200 12246
136.243.36.97 - - [10/Mar/2017:03:21:08 -0500] "GET /BLA/resoluciones/index.php?dir=RESOLUCIONES%202005/RES%202005%20801-850/&sort=size&order=desc HTTP/1.1" 200 12245
136.243.36.97 - - [10/Mar/2017:03:21:13 -0500] "GET /BLA/resoluciones/index.php?dir=RESOLUCIONES%202005/RES%202005%20851-900/&sort=date&order=desc HTTP/1.1" 200 12241
192.168.175.104 - - [10/Mar/2017:03:21:27 -0500] "GET / HTTP/1.1" 200 9990
136.243.36.97 - - [10/Mar/2017:03:21:28 -0500] "GET /BLA/resoluciones/index.php?dir=RESOLUCIONES%202005/RES%202005%20851-900/&sort=name&order=asc HTTP/1.1" 200 12242
192.168.175.104 - - [10/Mar/2017:03:21:28 -0500] "GET / HTTP/1.1" 200 9990
201.245.192.253 - - [10/Mar/2017:03:21:40 -0500] "POST /forms/lservlet;jsessionid=ac16012b30d65f63ef0482f348f3823f89823f1504b3.e3iSbxaKaheRe34Mc3qKbx4Ra3r0n6jAmljGr5XDqQLvpAe HTTP/1.1" 200 2
136.243.36.97 - - [10/Mar/2017:03:21:41 -0500] "GET /BLA/resoluciones/index.php?dir=RESOLUCIONES%202005/RES%202005%20851-900/&sort=size&order=desc HTTP/1.1" 200 12241
201.245.192.253 - - [10/Mar/2017:03:21:43 -0500] "POST /forms/lservlet;jsessionid=ac16012b30d6f9faa41b7d094d2da3958c938924b9e1.e3iSbxaKaheRe34Mc3qKbx4Ra3r0n6jAmljGr5XDqQLvpAe HTTP/1.1" 200 2
192.168.175.104 - - [10/Mar/2017:03:21:45 -0500] "GET / HTTP/1.0" 200 9990
136.243.36.97 - - [10/Mar/2017:03:21:47 -0500] "GET /BLA/resoluciones/index.php?dir=RESOLUCIONES%202005/RES%202005%20901-950/&sort=date&order=desc HTTP/1.1" 200 12244
136.243.36.97 - - [10/Mar/2017:03:21:52 -0500] "GET /BLA/resoluciones/index.php?dir=RESOLUCIONES%202005/RES%202005%20901-950/&sort=name&order=asc HTTP/1.1" 200 12245
136.243.36.97 - - [10/Mar/2017:03:21:58 -0500] "GET /BLA/resoluciones/index.php?dir=RESOLUCIONES%202005/RES%202005%20901-950/&sort=size&order=desc HTTP/1.1" 200 12244
136.243.36.97 - - [10/Mar/2017:03:22:03 -0500] "GET /BLA/resoluciones/index.php?dir=RESOLUCIONES%202005/RES%202005%20951-1000/&sort=date&order=desc HTTP/1.1" 200 12303
66.249.64.87 - - [10/Mar/2017:03:22:08 -0500] "GET /BLA/resoluciones/Autos%202008/1341.pdf HTTP/1.1" 200 198730
136.243.36.97 - - [10/Mar/2017:03:22:09 -0500] "GET /BLA/resoluciones/index.php?dir=RESOLUCIONES%202005/RES%202005%20951-1000/&sort=name&order=asc HTTP/1.1" 200 12304
136.243.36.97 - - [10/Mar/2017:03:22:15 -0500] "GET /BLA/resoluciones/index.php?dir=RESOLUCIONES%202005/RES%202005%20951-1000/&sort=size&order=desc HTTP/1.1" 200 12303
136.243.36.97 - - [10/Mar/2017:03:22:20 -0500] "GET /BLA/resoluciones/index.php?dir=RESOLUCIONES%202006/RES%202006%201-50/&sort=date&order=desc HTTP/1.1" 200 11866
136.243.36.97 - - [10/Mar/2017:03:22:34 -0500] "GET /BLA/resoluciones/index.php?dir=RESOLUCIONES%202006/RES%202006%201-50/&sort=name&order=asc HTTP/1.1" 200 11867
136.243.36.97 - - [10/Mar/2017:03:22:43 -0500] "GET /BLA/resoluciones/index.php?dir=RESOLUCIONES%202006/RES%202006%201-50/&sort=size&order=desc HTTP/1.1" 200 11866
164.132.161.49 - - [10/Mar/2017:03:22:52 -0500] "GET /BLA/resoluciones/RESOLUCIONES%202004/RES%202004%201801-1850/00001846.tif HTTP/1.1" 200 158634
136.243.36.97 - - [10/Mar/2017:03:22:53 -0500] "GET /BLA/resoluciones/index.php?dir=RESOLUCIONES%202006/RES%202006%201001-1050/&sort=date&order=desc HTTP/1.1" 200 12340
136.243.36.97 - - [10/Mar/2017:03:22:59 -0500] "GET /BLA/resoluciones/index.php?dir=RESOLUCIONES%202006/RES%202006%201001-1050/&sort=name&order=asc HTTP/1.1" 200 12341
136.243.36.97 - - [10/Mar/2017:03:23:05 -0500] "GET /BLA/resoluciones/index.php?dir=RESOLUCIONES%202006/RES%202006%201001-1050/&sort=size&order=desc HTTP/1.1" 200 12340
136.243.36.97 - - [10/Mar/2017:03:23:12 -0500] "GET /BLA/resoluciones/index.php?dir=RESOLUCIONES%202006/RES%202006%20101-150/&sort=date&order=desc HTTP/1.1" 200 12240
136.243.36.97 - - [10/Mar/2017:03:23:17 -0500] "GET /BLA/resoluciones/index.php?dir=RESOLUCIONES%202006/RES%202006%20101-150/&sort=name&order=asc HTTP/1.1" 200 12241
136.243.36.97 - - [10/Mar/2017:03:23:23 -0500] "GET /BLA/resoluciones/index.php?dir=RESOLUCIONES%202006/RES%202006%20101-150/&sort=size&order=desc HTTP/1.1" 200 12240
136.243.36.97 - - [10/Mar/2017:03:23:27 -0500] "GET /BLA/resoluciones/index.php?dir=RESOLUCIONES%202006/RES%202006%201051-1100/&sort=date&order=desc HTTP/1.1" 200 12368
136.243.36.97 - - [10/Mar/2017:03:23:32 -0500] "GET /BLA/resoluciones/index.php?dir=RESOLUCIONES%202006/RES%202006%201051-1100/&sort=name&order=asc HTTP/1.1" 200 12369
136.243.36.97 - - [10/Mar/2017:03:23:39 -0500] "GET /BLA/resoluciones/index.php?dir=RESOLUCIONES%202006/RES%202006%201051-1100/&sort=size&order=desc HTTP/1.1" 200 12368
201.245.192.253 - - [10/Mar/2017:03:23:40 -0500] "POST /forms/lservlet;jsessionid=ac16012b30d65f63ef0482f348f3823f89823f1504b3.e3iSbxaKaheRe34Mc3qKbx4Ra3r0n6jAmljGr5XDqQLvpAe HTTP/1.1" 200 2
201.245.192.253 - - [10/Mar/2017:03:23:43 -0500] "POST /forms/lservlet;jsessionid=ac16012b30d6f9faa41b7d094d2da3958c938924b9e1.e3iSbxaKaheRe34Mc3qKbx4Ra3r0n6jAmljGr5XDqQLvpAe HTTP/1.1" 200 2
136.243.36.97 - - [10/Mar/2017:03:23:44 -0500] "GET /BLA/resoluciones/index.php?dir=RESOLUCIONES%202006/RES%202006%201101-1150/&sort=date&order=desc HTTP/1.1" 200 12367
136.243.36.97 - - [10/Mar/2017:03:23:49 -0500] "GET /BLA/resoluciones/index.php?dir=RESOLUCIONES%202006/RES%202006%201101-1150/&sort=name&order=asc HTTP/1.1" 200 12368
66.249.64.82 - - [10/Mar/2017:03:23:50 -0500] "GET /BLA/resoluciones/RESOLUCIONES%202010/7618.pdf HTTP/1.1" 200 117979
136.243.36.97 - - [10/Mar/2017:03:23:54 -0500] "GET /BLA/resoluciones/index.php?dir=RESOLUCIONES%202006/RES%202006%201101-1150/&sort=size&order=desc HTTP/1.1" 200 12367
136.243.36.97 - - [10/Mar/2017:03:24:00 -0500] "GET /BLA/resoluciones/index.php?dir=RESOLUCIONES%202006/RES%202006%201151-1200/&sort=date&order=desc HTTP/1.1" 200 12364
136.243.36.97 - - [10/Mar/2017:03:24:06 -0500] "GET /BLA/resoluciones/index.php?dir=RESOLUCIONES%202006/RES%202006%201151-1200/&sort=name&order=asc HTTP/1.1" 200 12365
66.249.64.82 - - [10/Mar/2017:03:24:10 -0500] "GET /BLA/resoluciones/RESOLUCIONES%202011/2330.pdf HTTP/1.1" 200 346030
136.243.36.97 - - [10/Mar/2017:03:24:13 -0500] "GET /BLA/resoluciones/index.php?dir=RESOLUCIONES%202006/RES%202006%201151-1200/&sort=size&order=desc HTTP/1.1" 200 12364
51.255.65.17 - - [10/Mar/2017:03:24:16 -0500] "GET /BLA/resoluciones/RESOLUCIONES%202006/RES%202006%202351-2400/00002374.tif HTTP/1.1" 200 209110
136.243.36.97 - - [10/Mar/2017:03:24:22 -0500] "GET /BLA/resoluciones/index.php?dir=RESOLUCIONES%202006/RES%202006%201201-1250/&sort=date&order=desc HTTP/1.1" 200 12345
104.197.241.64 - - [10/Mar/2017:03:24:23 -0500] "GET /robots.txt HTTP/1.1" 404 1018
136.243.36.97 - - [10/Mar/2017:03:24:27 -0500] "GET /BLA/resoluciones/index.php?dir=RESOLUCIONES%202006/RES%202006%201201-1250/&sort=name&order=asc HTTP/1.1" 200 12346
69.162.124.233 - - [10/Mar/2017:03:24:28 -0500] "HEAD / HTTP/1.1" 200 -
136.243.36.97 - - [10/Mar/2017:03:24:34 -0500] "GET /BLA/resoluciones/index.php?dir=RESOLUCIONES%202006/RES%202006%201201-1250/&sort=size&order=desc HTTP/1.1" 200 12345
136.243.36.97 - - [10/Mar/2017:03:24:40 -0500] "GET /BLA/resoluciones/index.php?dir=RESOLUCIONES%202006/RES%202006%201251-1300/&sort=date&order=desc HTTP/1.1" 200 12367
136.243.36.97 - - [10/Mar/2017:03:24:45 -0500] "GET /BLA/resoluciones/index.php?dir=RESOLUCIONES%202006/RES%202006%201251-1300/&sort=name&order=asc HTTP/1.1" 200 12368
136.243.36.97 - - [10/Mar/2017:03:24:51 -0500] "GET /BLA/resoluciones/index.php?dir=RESOLUCIONES%202006/RES%202006%201251-1300/&sort=size&order=desc HTTP/1.1" 200 12367
136.243.36.97 - - [10/Mar/2017:03:24:58 -0500] "GET /BLA/resoluciones/index.php?dir=RESOLUCIONES%202006/RES%202006%201301-1350/&sort=date&order=desc HTTP/1.1" 200 12364
186.29.216.24 - - [10/Mar/2017:03:25:00 -0500] "GET /galeria/nivo-slider/demo/demo.html HTTP/1.1" 200 3147
186.29.216.24 - - [10/Mar/2017:03:25:00 -0500] "GET /galeria/nivo-slider/demo/images/Bannersecretariadegobierno.jpg HTTP/1.1" 200 110589
186.29.216.24 - - [10/Mar/2017:03:25:00 -0500] "GET /galeria/nivo-slider/demo/images/banner%20aceite%20vegetal%20usado.jpg HTTP/1.1" 304 -
136.243.36.97 - - [10/Mar/2017:03:25:03 -0500] "GET /BLA/resoluciones/index.php?dir=RESOLUCIONES%202006/RES%202006%201301-1350/&sort=name&order=asc HTTP/1.1" 200 12365
136.243.36.97 - - [10/Mar/2017:03:25:11 -0500] "GET /BLA/resoluciones/index.php?dir=RESOLUCIONES%202006/RES%202006%201301-1350/&sort=size&order=desc HTTP/1.1" 200 12364
66.249.64.82 - - [10/Mar/2017:03:25:18 -0500] "GET /BLA/resoluciones/RESOLUCIONES%202009/5329.pdf HTTP/1.1" 200 1107385
136.243.36.97 - - [10/Mar/2017:03:25:27 -0500] "GET /BLA/resoluciones/index.php?dir=RESOLUCIONES%202006/RES%202006%201351-1400/&sort=date&order=desc HTTP/1.1" 200 12366
136.243.36.97 - - [10/Mar/2017:03:25:36 -0500] "GET /BLA/resoluciones/index.php?dir=RESOLUCIONES%202006/RES%202006%201351-1400/&sort=name&order=asc HTTP/1.1" 200 12367
201.245.192.253 - - [10/Mar/2017:03:25:40 -0500] "POST /forms/lservlet;jsessionid=ac16012b30d65f63ef0482f348f3823f89823f1504b3.e3iSbxaKaheRe34Mc3qKbx4Ra3r0n6jAmljGr5XDqQLvpAe HTTP/1.1" 200 2
136.243.36.97 - - [10/Mar/2017:03:25:42 -0500] "GET /BLA/resoluciones/index.php?dir=RESOLUCIONES%202006/RES%202006%201351-1400/&sort=size&order=desc HTTP/1.1" 200 12366
201.245.192.253 - - [10/Mar/2017:03:25:43 -0500] "POST /forms/lservlet;jsessionid=ac16012b30d6f9faa41b7d094d2da3958c938924b9e1.e3iSbxaKaheRe34Mc3qKbx4Ra3r0n6jAmljGr5XDqQLvpAe HTTP/1.1" 200 2
136.243.36.97 - - [10/Mar/2017:03:25:49 -0500] "GET /BLA/resoluciones/index.php?dir=RESOLUCIONES%202006/RES%202006%201401-1450/&sort=date&order=desc HTTP/1.1" 200 12366
163.172.66.10 - - [10/Mar/2017:03:25:51 -0500] "GET /BLA/resoluciones/RESOLUCIONES%202004/RES%202004%202051-2100/00002093.tif HTTP/1.1" 200 146038
136.243.36.97 - - [10/Mar/2017:03:25:54 -0500] "GET /BLA/resoluciones/index.php?dir=RESOLUCIONES%202006/RES%202006%201401-1450/&sort=name&order=asc HTTP/1.1" 200 12367
136.243.36.97 - - [10/Mar/2017:03:26:00 -0500] "GET /BLA/resoluciones/index.php?dir=RESOLUCIONES%202006/RES%202006%201401-1450/&sort=size&order=desc HTTP/1.1" 200 12366
136.243.36.97 - - [10/Mar/2017:03:26:06 -0500] "GET /BLA/resoluciones/index.php?dir=RESOLUCIONES%202006/RES%202006%201451-1500/&sort=date&order=desc HTTP/1.1" 200 12369
136.243.36.97 - - [10/Mar/2017:03:26:11 -0500] "GET /BLA/resoluciones/index.php?dir=RESOLUCIONES%202006/RES%202006%201451-1500/&sort=name&order=asc HTTP/1.1" 200 12370
136.243.36.97 - - [10/Mar/2017:03:26:17 -0500] "GET /BLA/resoluciones/index.php?dir=RESOLUCIONES%202006/RES%202006%201451-1500/&sort=size&order=desc HTTP/1.1" 200 12369
136.243.36.97 - - [10/Mar/2017:03:26:23 -0500] "GET /BLA/resoluciones/index.php?dir=RESOLUCIONES%202006/RES%202006%201501-1550/&sort=date&order=desc HTTP/1.1" 200 12369
192.168.175.104 - - [10/Mar/2017:03:26:25 -0500] "GET / HTTP/1.1" 200 9990
192.168.175.104 - - [10/Mar/2017:03:26:26 -0500] "GET / HTTP/1.1" 200 9990
136.243.36.97 - - [10/Mar/2017:03:26:28 -0500] "GET /BLA/resoluciones/index.php?dir=RESOLUCIONES%202006/RES%202006%201501-1550/&sort=name&order=asc HTTP/1.1" 200 12370
136.243.36.97 - - [10/Mar/2017:03:26:33 -0500] "GET /BLA/resoluciones/index.php?dir=RESOLUCIONES%202006/RES%202006%201501-1550/&sort=size&order=desc HTTP/1.1" 200 12369
66.249.64.87 - - [10/Mar/2017:03:26:39 -0500] "GET /BLA/resoluciones/RESOLUCIONES%202010/7696.pdf HTTP/1.1" 200 215598
136.243.36.97 - - [10/Mar/2017:03:26:39 -0500] "GET /BLA/resoluciones/index.php?dir=RESOLUCIONES%202006/RES%202006%20151-200/&sort=date&order=desc HTTP/1.1" 200 12237
192.168.175.104 - - [10/Mar/2017:03:26:44 -0500] "GET / HTTP/1.0" 200 9990
136.243.36.97 - - [10/Mar/2017:03:26:45 -0500] "GET /BLA/resoluciones/index.php?dir=RESOLUCIONES%202006/RES%202006%20151-200/&sort=name&order=asc HTTP/1.1" 200 12238
136.243.36.97 - - [10/Mar/2017:03:26:54 -0500] "GET /BLA/resoluciones/index.php?dir=RESOLUCIONES%202006/RES%202006%20151-200/&sort=size&order=desc HTTP/1.1" 200 12237
136.243.36.97 - - [10/Mar/2017:03:27:03 -0500] "GET /BLA/resoluciones/index.php?dir=RESOLUCIONES%202006/RES%202006%201551-1600/&sort=date&order=desc HTTP/1.1" 200 12368
136.243.36.97 - - [10/Mar/2017:03:27:09 -0500] "GET /BLA/resoluciones/index.php?dir=RESOLUCIONES%202006/RES%202006%201551-1600/&sort=name&order=asc HTTP/1.1" 200 12369
136.243.36.97 - - [10/Mar/2017:03:27:14 -0500] "GET /BLA/resoluciones/index.php?dir=RESOLUCIONES%202006/RES%202006%201551-1600/&sort=size&order=desc HTTP/1.1" 200 12368
136.243.36.97 - - [10/Mar/2017:03:27:22 -0500] "GET /BLA/resoluciones/index.php?dir=RESOLUCIONES%202006/RES%202006%201601-1650/&sort=date&order=desc HTTP/1.1" 200 12365
136.243.36.97 - - [10/Mar/2017:03:27:28 -0500] "GET /BLA/resoluciones/index.php?dir=RESOLUCIONES%202006/RES%202006%201601-1650/&sort=name&order=asc HTTP/1.1" 200 12366
136.243.36.97 - - [10/Mar/2017:03:27:35 -0500] "GET /robots.txt HTTP/1.1" 404 1018
136.243.36.97 - - [10/Mar/2017:03:27:35 -0500] "GET /BLA/resoluciones/index.php?dir=RESOLUCIONES%202006/RES%202006%201601-1650/&sort=size&order=desc HTTP/1.1" 200 12365
201.245.192.253 - - [10/Mar/2017:03:27:40 -0500] "POST /forms/lservlet;jsessionid=ac16012b30d65f63ef0482f348f3823f89823f1504b3.e3iSbxaKaheRe34Mc3qKbx4Ra3r0n6jAmljGr5XDqQLvpAe HTTP/1.1" 200 2
136.243.36.97 - - [10/Mar/2017:03:27:42 -0500] "GET /BLA/resoluciones/index.php?dir=RESOLUCIONES%202006/RES%202006%201651-1700/&sort=date&order=desc HTTP/1.1" 200 12353
201.245.192.253 - - [10/Mar/2017:03:27:43 -0500] "POST /forms/lservlet;jsessionid=ac16012b30d6f9faa41b7d094d2da3958c938924b9e1.e3iSbxaKaheRe34Mc3qKbx4Ra3r0n6jAmljGr5XDqQLvpAe HTTP/1.1" 200 2
136.243.36.97 - - [10/Mar/2017:03:27:52 -0500] "GET /BLA/resoluciones/index.php?dir=RESOLUCIONES%202006/RES%202006%201651-1700/&sort=name&order=asc HTTP/1.1" 200 12354
136.243.36.97 - - [10/Mar/2017:03:28:06 -0500] "GET /BLA/resoluciones/index.php?dir=RESOLUCIONES%202006/RES%202006%201651-1700/&sort=size&order=desc HTTP/1.1" 200 12353
136.243.36.97 - - [10/Mar/2017:03:28:13 -0500] "GET /BLA/resoluciones/index.php?dir=RESOLUCIONES%202006/RES%202006%201701-1751/&sort=date&order=desc HTTP/1.1" 200 12368
136.243.36.97 - - [10/Mar/2017:03:28:18 -0500] "GET /BLA/resoluciones/index.php?dir=RESOLUCIONES%202006/RES%202006%201701-1751/&sort=name&order=asc HTTP/1.1" 200 12369
136.243.36.97 - - [10/Mar/2017:03:28:24 -0500] "GET /BLA/resoluciones/index.php?dir=RESOLUCIONES%202006/RES%202006%201701-1751/&sort=size&order=desc HTTP/1.1" 200 12368
136.243.36.97 - - [10/Mar/2017:03:28:28 -0500] "GET /BLA/resoluciones/index.php?dir=RESOLUCIONES%202006/RES%202006%201751-1800/&sort=date&order=desc HTTP/1.1" 200 12367
136.243.36.97 - - [10/Mar/2017:03:28:36 -0500] "GET /BLA/resoluciones/index.php?dir=RESOLUCIONES%202006/RES%202006%201751-1800/&sort=name&order=asc HTTP/1.1" 200 12368
136.243.36.97 - - [10/Mar/2017:03:28:41 -0500] "GET /BLA/resoluciones/index.php?dir=RESOLUCIONES%202006/RES%202006%201751-1800/&sort=size&order=desc HTTP/1.1" 200 12367
136.243.36.97 - - [10/Mar/2017:03:28:46 -0500] "GET /BLA/resoluciones/index.php?dir=RESOLUCIONES%202006/RES%202006%201801-1850/&sort=date&order=desc HTTP/1.1" 200 12356
136.243.36.97 - - [10/Mar/2017:03:28:53 -0500] "GET /BLA/resoluciones/index.php?dir=RESOLUCIONES%202006/RES%202006%201801-1850/&sort=name&order=asc HTTP/1.1" 200 12357
136.243.36.97 - - [10/Mar/2017:03:28:57 -0500] "GET /BLA/resoluciones/index.php?dir=RESOLUCIONES%202006/RES%202006%201801-1850/&sort=size&order=desc HTTP/1.1" 200 12356
66.249.64.91 - - [10/Mar/2017:03:29:00 -0500] "GET /BLA/resoluciones/RESOLUCIONES%202010/7657.pdf HTTP/1.1" 200 399413
136.243.36.97 - - [10/Mar/2017:03:29:02 -0500] "GET /BLA/resoluciones/index.php?dir=RESOLUCIONES%202006/RES%202006%201851-1900/&sort=date&order=desc HTTP/1.1" 200 12363
136.243.36.97 - - [10/Mar/2017:03:29:07 -0500] "GET /BLA/resoluciones/index.php?dir=RESOLUCIONES%202006/RES%202006%201851-1900/&sort=name&order=asc HTTP/1.1" 200 12364
136.243.36.97 - - [10/Mar/2017:03:29:11 -0500] "GET /BLA/resoluciones/index.php?dir=RESOLUCIONES%202006/RES%202006%201851-1900/&sort=size&order=desc HTTP/1.1" 200 12363
136.243.36.97 - - [10/Mar/2017:03:29:18 -0500] "GET /BLA/resoluciones/index.php?dir=RESOLUCIONES%202006/RES%202006%201901-1950/&sort=date&order=desc HTTP/1.1" 200 12359
136.243.36.97 - - [10/Mar/2017:03:29:23 -0500] "GET /BLA/resoluciones/index.php?dir=RESOLUCIONES%202006/RES%202006%201901-1950/&sort=name&order=asc HTTP/1.1" 200 12360
69.162.124.233 - - [10/Mar/2017:03:29:28 -0500] "HEAD / HTTP/1.1" 200 -
136.243.36.97 - - [10/Mar/2017:03:29:32 -0500] "GET /BLA/resoluciones/index.php?dir=RESOLUCIONES%202006/RES%202006%201901-1950/&sort=size&order=desc HTTP/1.1" 200 12359
136.243.36.97 - - [10/Mar/2017:03:29:39 -0500] "GET /BLA/resoluciones/index.php?dir=RESOLUCIONES%202006/RES%202006%201951-2000/&sort=date&order=desc HTTP/1.1" 200 12348
201.245.192.253 - - [10/Mar/2017:03:29:41 -0500] "POST /forms/lservlet;jsessionid=ac16012b30d65f63ef0482f348f3823f89823f1504b3.e3iSbxaKaheRe34Mc3qKbx4Ra3r0n6jAmljGr5XDqQLvpAe HTTP/1.1" 200 2
201.245.192.253 - - [10/Mar/2017:03:29:43 -0500] "POST /forms/lservlet;jsessionid=ac16012b30d6f9faa41b7d094d2da3958c938924b9e1.e3iSbxaKaheRe34Mc3qKbx4Ra3r0n6jAmljGr5XDqQLvpAe HTTP/1.1" 200 2
136.243.36.97 - - [10/Mar/2017:03:29:45 -0500] "GET /BLA/resoluciones/index.php?dir=RESOLUCIONES%202006/RES%202006%201951-2000/&sort=name&order=asc HTTP/1.1" 200 12349
136.243.36.97 - - [10/Mar/2017:03:29:52 -0500] "GET /BLA/resoluciones/index.php?dir=RESOLUCIONES%202006/RES%202006%201951-2000/&sort=size&order=desc HTTP/1.1" 200 12348
66.249.64.82 - - [10/Mar/2017:03:29:53 -0500] "GET /BLA/resoluciones/RESOLUCIONES%202010/5510.pdf HTTP/1.1" 200 2823167
66.249.64.91 - - [10/Mar/2017:03:29:56 -0500] "GET /BLA/resoluciones/AUTOS%202013/0279.pdf HTTP/1.1" 200 2136337
136.243.36.97 - - [10/Mar/2017:03:29:58 -0500] "GET /BLA/resoluciones/index.php?dir=RESOLUCIONES%202006/RES%202006%202001-2050/&sort=date&order=desc HTTP/1.1" 200 12362
136.243.36.97 - - [10/Mar/2017:03:30:05 -0500] "GET /BLA/resoluciones/index.php?dir=RESOLUCIONES%202006/RES%202006%202001-2050/&sort=name&order=asc HTTP/1.1" 200 12363
136.243.36.97 - - [10/Mar/2017:03:30:10 -0500] "GET /BLA/resoluciones/index.php?dir=RESOLUCIONES%202006/RES%202006%202001-2050/&sort=size&order=desc HTTP/1.1" 200 12362
136.243.36.97 - - [10/Mar/2017:03:30:17 -0500] "GET /BLA/resoluciones/index.php?dir=RESOLUCIONES%202006/RES%202006%20201-250/&sort=date&order=desc HTTP/1.1" 200 12237
192.168.175.104 - - [10/Mar/2017:03:31:23 -0500] "GET / HTTP/1.1" 200 9990
192.168.175.104 - - [10/Mar/2017:03:31:24 -0500] "GET / HTTP/1.1" 200 9990
104.197.241.64 - - [10/Mar/2017:03:31:39 -0500] "GET /robots.txt HTTP/1.1" 404 1018
201.245.192.253 - - [10/Mar/2017:03:31:41 -0500] "POST /forms/lservlet;jsessionid=ac16012b30d65f63ef0482f348f3823f89823f1504b3.e3iSbxaKaheRe34Mc3qKbx4Ra3r0n6jAmljGr5XDqQLvpAe HTTP/1.1" 200 2
192.168.175.104 - - [10/Mar/2017:03:31:42 -0500] "GET / HTTP/1.0" 200 9990
201.245.192.253 - - [10/Mar/2017:03:31:44 -0500] "POST /forms/lservlet;jsessionid=ac16012b30d6f9faa41b7d094d2da3958c938924b9e1.e3iSbxaKaheRe34Mc3qKbx4Ra3r0n6jAmljGr5XDqQLvpAe HTTP/1.1" 200 2
104.197.241.64 - - [10/Mar/2017:03:31:51 -0500] "GET /galeria/galeria/fotos/diaSC7.jpg HTTP/1.1" 200 138801
5.39.218.201 - - [10/Mar/2017:03:32:23 -0500] "GET /82172316237 HTTP/1.1" 404 1018
207.46.13.155 - - [10/Mar/2017:03:32:35 -0500] "GET /galeria/galeria/jquery.fancybox.css?v=2.1.5 HTTP/1.1" 200 4895
180.76.15.145 - - [10/Mar/2017:03:32:44 -0500] "GET / HTTP/1.1" 200 9990
51.255.65.91 - - [10/Mar/2017:03:32:45 -0500] "GET /BLA/resoluciones/RESOLUCIONES%202006/RES%202006%201051-1100/00001066.tif HTTP/1.1" 200 228844
66.249.64.87 - - [10/Mar/2017:03:32:51 -0500] "GET /galeria/galeria/fotos/4humedal-Burro4P.jpg HTTP/1.1" 304 -
180.76.15.28 - - [10/Mar/2017:03:33:32 -0500] "GET / HTTP/1.1" 200 9990
163.172.65.4 - - [10/Mar/2017:03:33:37 -0500] "GET /BLA/resoluciones/RESOLUCIONES%202003/RES%202003%20201-250/2003RES214.tif HTTP/1.1" 200 146608
201.245.192.253 - - [10/Mar/2017:03:33:41 -0500] "POST /forms/lservlet;jsessionid=ac16012b30d65f63ef0482f348f3823f89823f1504b3.e3iSbxaKaheRe34Mc3qKbx4Ra3r0n6jAmljGr5XDqQLvpAe HTTP/1.1" 200 2
201.245.192.253 - - [10/Mar/2017:03:33:44 -0500] "POST /forms/lservlet;jsessionid=ac16012b30d6f9faa41b7d094d2da3958c938924b9e1.e3iSbxaKaheRe34Mc3qKbx4Ra3r0n6jAmljGr5XDqQLvpAe HTTP/1.1" 200 2
69.162.124.233 - - [10/Mar/2017:03:34:28 -0500] "HEAD / HTTP/1.1" 200 -
201.245.192.253 - - [10/Mar/2017:03:35:41 -0500] "POST /forms/lservlet;jsessionid=ac16012b30d65f63ef0482f348f3823f89823f1504b3.e3iSbxaKaheRe34Mc3qKbx4Ra3r0n6jAmljGr5XDqQLvpAe HTTP/1.1" 200 2
66.249.64.82 - - [10/Mar/2017:03:35:44 -0500] "GET /BLA/resoluciones/RESOLUCIONES%202012/1527.pdf HTTP/1.1" 200 1154359
201.245.192.253 - - [10/Mar/2017:03:35:44 -0500] "POST /forms/lservlet;jsessionid=ac16012b30d6f9faa41b7d094d2da3958c938924b9e1.e3iSbxaKaheRe34Mc3qKbx4Ra3r0n6jAmljGr5XDqQLvpAe HTTP/1.1" 200 2
207.46.13.33 - - [10/Mar/2017:03:36:20 -0500] "GET /www.ambientebogota.gov.co/web/web-ninos/inicio HTTP/1.1" 404 1019
192.168.175.104 - - [10/Mar/2017:03:36:21 -0500] "GET / HTTP/1.1" 200 9990
192.168.175.104 - - [10/Mar/2017:03:36:22 -0500] "GET / HTTP/1.1" 200 9990
66.249.64.82 - - [10/Mar/2017:03:36:38 -0500] "GET /BLA/resoluciones/RESOLUCIONES%202009/3350.pdf HTTP/1.1" 200 555689
192.168.175.104 - - [10/Mar/2017:03:36:41 -0500] "GET / HTTP/1.0" 200 9990
161.18.89.217 - - [10/Mar/2017:03:36:43 -0500] "GET /galeria/galeria/jquery.fancybox.css?v=2.1.5 HTTP/1.1" 200 4895
161.18.89.217 - - [10/Mar/2017:03:36:43 -0500] "GET /galeria/galeria/jquery.fancybox.js?v=2.1.5 HTTP/1.1" 200 48706
161.18.89.217 - - [10/Mar/2017:03:36:43 -0500] "GET /BLA/boletinlegal/js/jquery.scrollShow.js HTTP/1.1" 200 4586
161.18.89.217 - - [10/Mar/2017:03:36:47 -0500] "GET /BLA/boletinlegal/js/jquery.scrollShow.js HTTP/1.1" 304 -
161.18.89.217 - - [10/Mar/2017:03:36:47 -0500] "GET /galeria/galeria/jquery.fancybox.js?v=2.1.5 HTTP/1.1" 304 -
161.18.89.217 - - [10/Mar/2017:03:36:47 -0500] "GET /galeria/galeria/jquery.fancybox.css?v=2.1.5 HTTP/1.1" 304 -
136.243.36.97 - - [10/Mar/2017:03:37:32 -0500] "GET /robots.txt HTTP/1.1" 404 1018
136.243.36.97 - - [10/Mar/2017:03:37:32 -0500] "GET /BLA/resoluciones/index.php?dir=RESOLUCIONES%202006/RES%202006%20201-250/&sort=name&order=asc HTTP/1.1" 200 12238
136.243.36.97 - - [10/Mar/2017:03:37:40 -0500] "GET /BLA/resoluciones/index.php?dir=RESOLUCIONES%202006/RES%202006%20201-250/&sort=size&order=desc HTTP/1.1" 200 12237
201.245.192.253 - - [10/Mar/2017:03:37:42 -0500] "POST /forms/lservlet;jsessionid=ac16012b30d65f63ef0482f348f3823f89823f1504b3.e3iSbxaKaheRe34Mc3qKbx4Ra3r0n6jAmljGr5XDqQLvpAe HTTP/1.1" 200 2
201.245.192.253 - - [10/Mar/2017:03:37:44 -0500] "POST /forms/lservlet;jsessionid=ac16012b30d6f9faa41b7d094d2da3958c938924b9e1.e3iSbxaKaheRe34Mc3qKbx4Ra3r0n6jAmljGr5XDqQLvpAe HTTP/1.1" 200 2
136.243.36.97 - - [10/Mar/2017:03:37:47 -0500] "GET /BLA/resoluciones/index.php?dir=RESOLUCIONES%202006/RES%202006%202051-2100/&sort=date&order=desc HTTP/1.1" 200 12362
136.243.36.97 - - [10/Mar/2017:03:37:53 -0500] "GET /BLA/resoluciones/index.php?dir=RESOLUCIONES%202006/RES%202006%202051-2100/&sort=name&order=asc HTTP/1.1" 200 12363
136.243.36.97 - - [10/Mar/2017:03:37:59 -0500] "GET /BLA/resoluciones/index.php?dir=RESOLUCIONES%202006/RES%202006%202051-2100/&sort=size&order=desc HTTP/1.1" 200 12362
95.17.245.71 - - [10/Mar/2017:03:38:02 -0500] "GET /BLA/resoluciones/RESOLUCIONES%202010/6285.pdf HTTP/1.1" 200 3274420
95.17.245.71 - - [10/Mar/2017:03:38:03 -0500] "GET /favicon.ico HTTP/1.1" 200 7782
136.243.36.97 - - [10/Mar/2017:03:38:05 -0500] "GET /BLA/resoluciones/index.php?dir=RESOLUCIONES%202006/RES%202006%202101-2150/&sort=date&order=desc HTTP/1.1" 200 12368
136.243.36.97 - - [10/Mar/2017:03:38:13 -0500] "GET /BLA/resoluciones/index.php?dir=RESOLUCIONES%202006/RES%202006%202101-2150/&sort=name&order=asc HTTP/1.1" 200 12369
136.243.36.97 - - [10/Mar/2017:03:38:19 -0500] "GET /BLA/resoluciones/index.php?dir=RESOLUCIONES%202006/RES%202006%202101-2150/&sort=size&order=desc HTTP/1.1" 200 12368
136.243.36.97 - - [10/Mar/2017:03:38:25 -0500] "GET /BLA/resoluciones/index.php?dir=RESOLUCIONES%202006/RES%202006%202151-2200/&sort=date&order=desc HTTP/1.1" 200 12367
136.243.36.97 - - [10/Mar/2017:03:38:38 -0500] "GET /BLA/resoluciones/index.php?dir=RESOLUCIONES%202006/RES%202006%202151-2200/&sort=name&order=asc HTTP/1.1" 200 12368
136.243.36.97 - - [10/Mar/2017:03:38:43 -0500] "GET /BLA/resoluciones/index.php?dir=RESOLUCIONES%202006/RES%202006%202151-2200/&sort=size&order=desc HTTP/1.1" 200 12367
136.243.36.97 - - [10/Mar/2017:03:38:50 -0500] "GET /BLA/resoluciones/index.php?dir=RESOLUCIONES%202006/RES%202006%202201-2250/&sort=date&order=desc HTTP/1.1" 200 12365
136.243.36.97 - - [10/Mar/2017:03:38:56 -0500] "GET /BLA/resoluciones/index.php?dir=RESOLUCIONES%202006/RES%202006%202201-2250/&sort=name&order=asc HTTP/1.1" 200 12366
136.243.36.97 - - [10/Mar/2017:03:39:03 -0500] "GET /BLA/resoluciones/index.php?dir=RESOLUCIONES%202006/RES%202006%202201-2250/&sort=size&order=desc HTTP/1.1" 200 12365
136.243.36.97 - - [10/Mar/2017:03:39:08 -0500] "GET /BLA/resoluciones/index.php?dir=RESOLUCIONES%202006/RES%202006%202251-2300/&sort=date&order=desc HTTP/1.1" 200 12360
136.243.36.97 - - [10/Mar/2017:03:39:13 -0500] "GET /BLA/resoluciones/index.php?dir=RESOLUCIONES%202006/RES%202006%202251-2300/&sort=name&order=asc HTTP/1.1" 200 12361
136.243.36.97 - - [10/Mar/2017:03:39:18 -0500] "GET /BLA/resoluciones/index.php?dir=RESOLUCIONES%202006/RES%202006%202251-2300/&sort=size&order=desc HTTP/1.1" 200 12360
136.243.36.97 - - [10/Mar/2017:03:39:24 -0500] "GET /BLA/resoluciones/index.php?dir=RESOLUCIONES%202006/RES%202006%202301-2350/&sort=date&order=desc HTTP/1.1" 200 12363
69.162.124.233 - - [10/Mar/2017:03:39:28 -0500] "HEAD / HTTP/1.1" 200 -
136.243.36.97 - - [10/Mar/2017:03:39:30 -0500] "GET /BLA/resoluciones/index.php?dir=RESOLUCIONES%202006/RES%202006%202301-2350/&sort=name&order=asc HTTP/1.1" 200 12364
136.243.36.97 - - [10/Mar/2017:03:39:35 -0500] "GET /BLA/resoluciones/index.php?dir=RESOLUCIONES%202006/RES%202006%202301-2350/&sort=size&order=desc HTTP/1.1" 200 12363
136.243.36.97 - - [10/Mar/2017:03:39:41 -0500] "GET /BLA/resoluciones/index.php?dir=RESOLUCIONES%202006/RES%202006%202351-2400/&sort=date&order=desc HTTP/1.1" 200 12356
201.245.192.253 - - [10/Mar/2017:03:39:42 -0500] "POST /forms/lservlet;jsessionid=ac16012b30d65f63ef0482f348f3823f89823f1504b3.e3iSbxaKaheRe34Mc3qKbx4Ra3r0n6jAmljGr5XDqQLvpAe HTTP/1.1" 200 2
201.245.192.253 - - [10/Mar/2017:03:39:45 -0500] "POST /forms/lservlet;jsessionid=ac16012b30d6f9faa41b7d094d2da3958c938924b9e1.e3iSbxaKaheRe34Mc3qKbx4Ra3r0n6jAmljGr5XDqQLvpAe HTTP/1.1" 200 2
136.243.36.97 - - [10/Mar/2017:03:39:50 -0500] "GET /BLA/resoluciones/index.php?dir=RESOLUCIONES%202006/RES%202006%202351-2400/&sort=name&order=asc HTTP/1.1" 200 12357
136.243.36.97 - - [10/Mar/2017:03:39:58 -0500] "GET /BLA/resoluciones/index.php?dir=RESOLUCIONES%202006/RES%202006%202351-2400/&sort=size&order=desc HTTP/1.1" 200 12356
66.249.64.91 - - [10/Mar/2017:03:39:59 -0500] "GET /BLA/resoluciones/AUTOS%202010/0101.pdf HTTP/1.1" 200 395976
136.243.36.97 - - [10/Mar/2017:03:40:05 -0500] "GET /BLA/resoluciones/index.php?dir=RESOLUCIONES%202006/RES%202006%202401-2450/&sort=date&order=desc HTTP/1.1" 200 12369
136.243.36.97 - - [10/Mar/2017:03:40:13 -0500] "GET /BLA/resoluciones/index.php?dir=RESOLUCIONES%202006/RES%202006%202401-2450/&sort=name&order=asc HTTP/1.1" 200 12370
136.243.36.97 - - [10/Mar/2017:03:40:20 -0500] "GET /BLA/resoluciones/index.php?dir=RESOLUCIONES%202006/RES%202006%202401-2450/&sort=size&order=desc HTTP/1.1" 200 12369
136.243.36.97 - - [10/Mar/2017:03:40:27 -0500] "GET /BLA/resoluciones/index.php?dir=RESOLUCIONES%202006/RES%202006%202451-2500/&sort=date&order=desc HTTP/1.1" 200 12153
163.172.65.47 - - [10/Mar/2017:03:40:29 -0500] "GET /BLA/resoluciones/RESOLUCIONES%202003/RES%202003%20901-950/911.tif HTTP/1.1" 200 147108
136.243.36.97 - - [10/Mar/2017:03:40:32 -0500] "GET /BLA/resoluciones/index.php?dir=RESOLUCIONES%202006/RES%202006%202451-2500/&sort=name&order=asc HTTP/1.1" 200 12154
136.243.36.97 - - [10/Mar/2017:03:40:38 -0500] "GET /BLA/resoluciones/index.php?dir=RESOLUCIONES%202006/RES%202006%202451-2500/&sort=size&order=desc HTTP/1.1" 200 12153
136.243.36.97 - - [10/Mar/2017:03:40:44 -0500] "GET /BLA/resoluciones/index.php?dir=RESOLUCIONES%202006/RES%202006%202501-2550/&sort=date&order=desc HTTP/1.1" 200 12357
136.243.36.97 - - [10/Mar/2017:03:40:49 -0500] "GET /BLA/resoluciones/index.php?dir=RESOLUCIONES%202006/RES%202006%202501-2550/&sort=name&order=asc HTTP/1.1" 200 12358
136.243.36.97 - - [10/Mar/2017:03:40:55 -0500] "GET /BLA/resoluciones/index.php?dir=RESOLUCIONES%202006/RES%202006%202501-2550/&sort=size&order=desc HTTP/1.1" 200 12357
136.243.36.97 - - [10/Mar/2017:03:41:03 -0500] "GET /BLA/resoluciones/index.php?dir=RESOLUCIONES%202006/RES%202006%20251-300/&sort=date&order=desc HTTP/1.1" 200 12235
136.243.36.97 - - [10/Mar/2017:03:41:08 -0500] "GET /BLA/resoluciones/index.php?dir=RESOLUCIONES%202006/RES%202006%20251-300/&sort=name&order=asc HTTP/1.1" 200 12236
136.243.36.97 - - [10/Mar/2017:03:41:14 -0500] "GET /BLA/resoluciones/index.php?dir=RESOLUCIONES%202006/RES%202006%20251-300/&sort=size&order=desc HTTP/1.1" 200 12235
66.249.64.87 - - [10/Mar/2017:03:41:17 -0500] "GET /BLA/resoluciones/AUTOS%202009/3237.pdf HTTP/1.1" 200 191202
192.168.175.104 - - [10/Mar/2017:03:41:19 -0500] "GET / HTTP/1.1" 200 9990
136.243.36.97 - - [10/Mar/2017:03:41:19 -0500] "GET /BLA/resoluciones/index.php?dir=RESOLUCIONES%202006/RES%202006%202551-2600/&sort=date&order=desc HTTP/1.1" 200 12353
192.168.175.104 - - [10/Mar/2017:03:41:20 -0500] "GET / HTTP/1.1" 200 9990
136.243.36.97 - - [10/Mar/2017:03:41:27 -0500] "GET /BLA/resoluciones/index.php?dir=RESOLUCIONES%202006/RES%202006%202551-2600/&sort=name&order=asc HTTP/1.1" 200 12354
136.243.36.97 - - [10/Mar/2017:03:41:34 -0500] "GET /BLA/resoluciones/index.php?dir=RESOLUCIONES%202006/RES%202006%202551-2600/&sort=size&order=desc HTTP/1.1" 200 12353
136.243.36.97 - - [10/Mar/2017:03:41:39 -0500] "GET /BLA/resoluciones/index.php?dir=RESOLUCIONES%202006/RES%202006%202601-2650/&sort=date&order=desc HTTP/1.1" 200 11938
192.168.175.104 - - [10/Mar/2017:03:41:39 -0500] "GET / HTTP/1.0" 200 9990
201.245.192.253 - - [10/Mar/2017:03:41:42 -0500] "POST /forms/lservlet;jsessionid=ac16012b30d65f63ef0482f348f3823f89823f1504b3.e3iSbxaKaheRe34Mc3qKbx4Ra3r0n6jAmljGr5XDqQLvpAe HTTP/1.1" 200 2
136.243.36.97 - - [10/Mar/2017:03:41:43 -0500] "GET /BLA/resoluciones/index.php?dir=RESOLUCIONES%202006/RES%202006%202601-2650/&sort=name&order=asc HTTP/1.1" 200 11939
201.245.192.253 - - [10/Mar/2017:03:41:45 -0500] "POST /forms/lservlet;jsessionid=ac16012b30d6f9faa41b7d094d2da3958c938924b9e1.e3iSbxaKaheRe34Mc3qKbx4Ra3r0n6jAmljGr5XDqQLvpAe HTTP/1.1" 200 2
136.243.36.97 - - [10/Mar/2017:03:41:50 -0500] "GET /BLA/resoluciones/index.php?dir=RESOLUCIONES%202006/RES%202006%202601-2650/&sort=size&order=desc HTTP/1.1" 200 11938
136.243.36.97 - - [10/Mar/2017:03:41:56 -0500] "GET /BLA/resoluciones/index.php?dir=RESOLUCIONES%202006/RES%202006%202651-2700/&sort=date&order=desc HTTP/1.1" 200 12364
136.243.36.97 - - [10/Mar/2017:03:42:02 -0500] "GET /BLA/resoluciones/index.php?dir=RESOLUCIONES%202006/RES%202006%202651-2700/&sort=name&order=asc HTTP/1.1" 200 12365
136.243.36.97 - - [10/Mar/2017:03:42:07 -0500] "GET /BLA/resoluciones/index.php?dir=RESOLUCIONES%202006/RES%202006%202651-2700/&sort=size&order=desc HTTP/1.1" 200 12364
66.249.64.82 - - [10/Mar/2017:03:42:13 -0500] "GET /galeria/galeria/fotos/3humedal-Burro3G.jpg HTTP/1.1" 304 -
136.243.36.97 - - [10/Mar/2017:03:42:13 -0500] "GET /BLA/resoluciones/index.php?dir=RESOLUCIONES%202006/RES%202006%202701-2750/&sort=date&order=desc HTTP/1.1" 200 12366
136.243.36.97 - - [10/Mar/2017:03:42:24 -0500] "GET /BLA/resoluciones/index.php?dir=RESOLUCIONES%202006/RES%202006%202701-2750/&sort=name&order=asc HTTP/1.1" 200 12367
136.243.36.97 - - [10/Mar/2017:03:42:49 -0500] "GET /BLA/resoluciones/index.php?dir=RESOLUCIONES%202006/RES%202006%202701-2750/&sort=size&order=desc HTTP/1.1" 200 12366
136.243.36.97 - - [10/Mar/2017:03:43:07 -0500] "GET /BLA/resoluciones/index.php?dir=RESOLUCIONES%202006/RES%202006%202751-2800/&sort=date&order=desc HTTP/1.1" 200 12357
136.243.36.97 - - [10/Mar/2017:03:43:14 -0500] "GET /BLA/resoluciones/index.php?dir=RESOLUCIONES%202006/RES%202006%202751-2800/&sort=name&order=asc HTTP/1.1" 200 12358
136.243.36.97 - - [10/Mar/2017:03:43:26 -0500] "GET /BLA/resoluciones/index.php?dir=RESOLUCIONES%202006/RES%202006%202751-2800/&sort=size&order=desc HTTP/1.1" 200 12357
136.243.36.97 - - [10/Mar/2017:03:43:36 -0500] "GET /BLA/resoluciones/index.php?dir=RESOLUCIONES%202006/RES%202006%202801-2850/&sort=date&order=desc HTTP/1.1" 200 9017
201.245.192.253 - - [10/Mar/2017:03:43:42 -0500] "POST /forms/lservlet;jsessionid=ac16012b30d65f63ef0482f348f3823f89823f1504b3.e3iSbxaKaheRe34Mc3qKbx4Ra3r0n6jAmljGr5XDqQLvpAe HTTP/1.1" 200 2
201.245.192.253 - - [10/Mar/2017:03:43:45 -0500] "POST /forms/lservlet;jsessionid=ac16012b30d6f9faa41b7d094d2da3958c938924b9e1.e3iSbxaKaheRe34Mc3qKbx4Ra3r0n6jAmljGr5XDqQLvpAe HTTP/1.1" 200 2
207.46.13.22 - - [10/Mar/2017:03:43:53 -0500] "GET /BLA/boletinlegal/js/jquery.scrollShow.js HTTP/1.1" 200 4586
136.243.36.97 - - [10/Mar/2017:03:44:05 -0500] "GET /BLA/resoluciones/index.php?dir=RESOLUCIONES%202006/RES%202006%202801-2850/&sort=name&order=asc HTTP/1.1" 200 9018
157.55.39.187 - - [10/Mar/2017:03:44:06 -0500] "GET /robots.txt HTTP/1.1" 404 1018
157.55.39.187 - - [10/Mar/2017:03:44:06 -0500] "GET /robots.txt HTTP/1.1" 404 1018
157.55.39.187 - - [10/Mar/2017:03:44:06 -0500] "GET /galeria/galeria/jquery.fancybox.js?v=2.1.5 HTTP/1.1" 200 48706
69.162.124.233 - - [10/Mar/2017:03:44:28 -0500] "HEAD / HTTP/1.1" 200 -
136.243.36.97 - - [10/Mar/2017:03:44:29 -0500] "GET /BLA/resoluciones/index.php?dir=RESOLUCIONES%202006/RES%202006%202801-2850/&sort=size&order=desc HTTP/1.1" 200 9017
136.243.36.97 - - [10/Mar/2017:03:44:49 -0500] "GET /BLA/resoluciones/index.php?dir=RESOLUCIONES%202006/RES%202006%202851-2900/&sort=date&order=desc HTTP/1.1" 200 9017
136.243.36.97 - - [10/Mar/2017:03:44:57 -0500] "GET /BLA/resoluciones/index.php?dir=RESOLUCIONES%202006/RES%202006%202851-2900/&sort=name&order=asc HTTP/1.1" 200 9018
136.243.36.97 - - [10/Mar/2017:03:45:03 -0500] "GET /BLA/resoluciones/index.php?dir=RESOLUCIONES%202006/RES%202006%202851-2900/&sort=size&order=desc HTTP/1.1" 200 9017
136.243.36.97 - - [10/Mar/2017:03:45:09 -0500] "GET /BLA/resoluciones/index.php?dir=RESOLUCIONES%202006/RES%202006%202901-2950/&sort=date&order=desc HTTP/1.1" 200 9017
136.243.36.97 - - [10/Mar/2017:03:45:13 -0500] "GET /BLA/resoluciones/index.php?dir=RESOLUCIONES%202006/RES%202006%202901-2950/&sort=name&order=asc HTTP/1.1" 200 9018
136.243.36.97 - - [10/Mar/2017:03:45:17 -0500] "GET /BLA/resoluciones/index.php?dir=RESOLUCIONES%202006/RES%202006%202901-2950/&sort=size&order=desc HTTP/1.1" 200 9017
66.249.64.82 - - [10/Mar/2017:03:45:21 -0500] "GET /BLA/resoluciones/RESOLUCIONES%202007/RES%202007%204001%20AL%204100/RESOLUCION%204013%20DE%202007.pdf HTTP/1.1" 200 167382
136.243.36.97 - - [10/Mar/2017:03:45:24 -0500] "GET /BLA/resoluciones/index.php?dir=RESOLUCIONES%202006/RES%202006%202951-3000/&sort=date&order=desc HTTP/1.1" 200 9017
136.243.36.97 - - [10/Mar/2017:03:45:28 -0500] "GET /BLA/resoluciones/index.php?dir=RESOLUCIONES%202006/RES%202006%202951-3000/&sort=name&order=asc HTTP/1.1" 200 9018
136.243.36.97 - - [10/Mar/2017:03:45:34 -0500] "GET /BLA/resoluciones/index.php?dir=RESOLUCIONES%202006/RES%202006%202951-3000/&sort=size&order=desc HTTP/1.1" 200 9017
136.243.36.97 - - [10/Mar/2017:03:45:40 -0500] "GET /BLA/resoluciones/index.php?dir=RESOLUCIONES%202006/RES%202006%203001-3054/&sort=date&order=desc HTTP/1.1" 200 9017
201.245.192.253 - - [10/Mar/2017:03:45:42 -0500] "POST /forms/lservlet;jsessionid=ac16012b30d65f63ef0482f348f3823f89823f1504b3.e3iSbxaKaheRe34Mc3qKbx4Ra3r0n6jAmljGr5XDqQLvpAe HTTP/1.1" 200 2
201.245.192.253 - - [10/Mar/2017:03:45:45 -0500] "POST /forms/lservlet;jsessionid=ac16012b30d6f9faa41b7d094d2da3958c938924b9e1.e3iSbxaKaheRe34Mc3qKbx4Ra3r0n6jAmljGr5XDqQLvpAe HTTP/1.1" 200 2
66.249.64.87 - - [10/Mar/2017:03:45:48 -0500] "GET /BLA/resoluciones/RESOLUCIONES%202014/0504.pdf HTTP/1.1" 304 -
136.243.36.97 - - [10/Mar/2017:03:45:50 -0500] "GET /BLA/resoluciones/index.php?dir=RESOLUCIONES%202006/RES%202006%203001-3054/&sort=name&order=asc HTTP/1.1" 200 9018
136.243.36.97 - - [10/Mar/2017:03:45:55 -0500] "GET /BLA/resoluciones/index.php?dir=RESOLUCIONES%202006/RES%202006%203001-3054/&sort=size&order=desc HTTP/1.1" 200 9017
136.243.36.97 - - [10/Mar/2017:03:46:01 -0500] "GET /BLA/resoluciones/index.php?dir=RESOLUCIONES%202006/RES%202006%20301-350/&sort=date&order=desc HTTP/1.1" 200 12248
136.243.36.97 - - [10/Mar/2017:03:46:07 -0500] "GET /BLA/resoluciones/index.php?dir=RESOLUCIONES%202006/RES%202006%20301-350/&sort=name&order=asc HTTP/1.1" 200 12249
136.243.36.97 - - [10/Mar/2017:03:46:14 -0500] "GET /BLA/resoluciones/index.php?dir=RESOLUCIONES%202006/RES%202006%20301-350/&sort=size&order=desc HTTP/1.1" 200 12248
192.168.175.104 - - [10/Mar/2017:03:46:17 -0500] "GET / HTTP/1.1" 200 9990
192.168.175.104 - - [10/Mar/2017:03:46:18 -0500] "GET / HTTP/1.1" 200 9990
136.243.36.97 - - [10/Mar/2017:03:46:21 -0500] "GET /BLA/resoluciones/index.php?dir=RESOLUCIONES%202006/RES%202006%20351-400/&sort=date&order=desc HTTP/1.1" 200 12233
66.249.64.87 - - [10/Mar/2017:03:46:27 -0500] "GET /BLA/resoluciones/RESOLUCIONES%202007/RES%202007%201401%20AL%201500/RESOLUCION%201444%20DE%202007.pdf HTTP/1.1" 200 220271
136.243.36.97 - - [10/Mar/2017:03:46:27 -0500] "GET /BLA/resoluciones/index.php?dir=RESOLUCIONES%202006/RES%202006%20351-400/&sort=name&order=asc HTTP/1.1" 200 12234
136.243.36.97 - - [10/Mar/2017:03:46:34 -0500] "GET /BLA/resoluciones/index.php?dir=RESOLUCIONES%202006/RES%202006%20351-400/&sort=size&order=desc HTTP/1.1" 200 12233
192.168.175.104 - - [10/Mar/2017:03:46:37 -0500] "GET / HTTP/1.0" 200 9990
136.243.36.97 - - [10/Mar/2017:03:46:40 -0500] "GET /BLA/resoluciones/index.php?dir=RESOLUCIONES%202006/RES%202006%20401-450/&sort=date&order=desc HTTP/1.1" 200 12244
136.243.36.97 - - [10/Mar/2017:03:46:46 -0500] "GET /BLA/resoluciones/index.php?dir=RESOLUCIONES%202006/RES%202006%20401-450/&sort=name&order=asc HTTP/1.1" 200 12245
136.243.36.97 - - [10/Mar/2017:03:46:52 -0500] "GET /BLA/resoluciones/index.php?dir=RESOLUCIONES%202006/RES%202006%20401-450/&sort=size&order=desc HTTP/1.1" 200 12244
62.138.2.243 - - [10/Mar/2017:03:46:55 -0500] "GET /robots.txt HTTP/1.1" 404 1015
62.138.2.243 - - [10/Mar/2017:03:46:58 -0500] "GET /PruebasSTORM/StormSDA_pruebas/?C=D;O=A HTTP/1.1" 200 3555
136.243.36.97 - - [10/Mar/2017:03:46:59 -0500] "GET /BLA/resoluciones/index.php?dir=RESOLUCIONES%202006/RES%202006%20451-500/&sort=date&order=desc HTTP/1.1" 200 12243
62.138.2.243 - - [10/Mar/2017:03:47:00 -0500] "GET /PruebasSTORM/StormSDA_pruebas/?C=M;O=A HTTP/1.1" 200 3555
62.138.2.243 - - [10/Mar/2017:03:47:02 -0500] "GET /PruebasSTORM/StormSDA_pruebas/?C=N;O=A HTTP/1.1" 200 3555
62.138.2.243 - - [10/Mar/2017:03:47:04 -0500] "GET /PruebasSTORM/StormSDA_pruebas/?C=S;O=A HTTP/1.1" 200 3555
136.243.36.97 - - [10/Mar/2017:03:47:04 -0500] "GET /BLA/resoluciones/index.php?dir=RESOLUCIONES%202006/RES%202006%20451-500/&sort=name&order=asc HTTP/1.1" 200 12244
66.249.64.87 - - [10/Mar/2017:03:47:05 -0500] "GET /BLA/resoluciones/RESOLUCIONES%202009/9747.pdf HTTP/1.1" 200 346301
62.138.2.243 - - [10/Mar/2017:03:47:07 -0500] "GET /PruebasSTORM/StormSDA_pruebas/forms/ HTTP/1.1" 200 3534
62.138.2.243 - - [10/Mar/2017:03:47:09 -0500] "GET /PruebasSTORM/StormSDA_pruebas/lib/ HTTP/1.1" 200 6441
136.243.36.97 - - [10/Mar/2017:03:47:09 -0500] "GET /BLA/resoluciones/index.php?dir=RESOLUCIONES%202006/RES%202006%20451-500/&sort=size&order=desc HTTP/1.1" 200 12243
62.138.2.243 - - [10/Mar/2017:03:47:12 -0500] "GET /PruebasSTORM/StormSDA_pruebas/nsjars/ HTTP/1.1" 200 4112
136.243.36.97 - - [10/Mar/2017:03:47:14 -0500] "GET /BLA/resoluciones/index.php?dir=RESOLUCIONES%202006/RES%202006%20501-550/&sort=date&order=desc HTTP/1.1" 200 12240
62.138.2.243 - - [10/Mar/2017:03:47:14 -0500] "GET /PruebasSTORM/StormSDA_pruebas/storm/ HTTP/1.1" 200 5619
62.138.2.243 - - [10/Mar/2017:03:47:16 -0500] "GET /PruebasSTORM/StormSDA_pruebas/stormWeb/ HTTP/1.1" 200 1471
