199.30.24.216 - - [16/Mar/2017:04:11:12 -0500] "GET /BLA/boletinlegal/images/cabezote%20BLEGAL.jpg HTTP/1.1" 200 118164
199.30.24.216 - - [16/Mar/2017:04:11:13 -0500] "GET /BLA/boletinlegal/images/footer_bg.jpg HTTP/1.1" 200 586
199.30.24.216 - - [16/Mar/2017:04:11:13 -0500] "GET /BLA/boletinlegal/images/nuevo.gif HTTP/1.1" 200 26475
199.30.24.216 - - [16/Mar/2017:04:11:13 -0500] "GET /BLA/boletinlegal/carousel.swf HTTP/1.1" 200 63487
136.243.36.97 - - [16/Mar/2017:04:11:19 -0500] "GET /BLA/resoluciones/index.php?dir=Notificaciones/AUTOS%202014/&sort=size&order=asc HTTP/1.1" 200 305918
136.243.36.97 - - [16/Mar/2017:04:11:24 -0500] "GET /BLA/resoluciones/index.php?dir=Notificaciones/AUTOS%202015/&sort=date&order=asc HTTP/1.1" 200 99363
136.243.36.97 - - [16/Mar/2017:04:11:31 -0500] "GET /BLA/resoluciones/index.php?dir=Notificaciones/AUTOS%202015/&sort=name&order=desc HTTP/1.1" 200 99362
136.243.36.97 - - [16/Mar/2017:04:11:37 -0500] "GET /BLA/resoluciones/index.php?dir=Notificaciones/AUTOS%202015/&sort=size&order=asc HTTP/1.1" 200 99363
66.249.64.155 - - [16/Mar/2017:04:11:42 -0500] "GET /BLA/resoluciones/AUTOS%202008/0111.pdf HTTP/1.1" 200 164534
136.243.36.97 - - [16/Mar/2017:04:11:44 -0500] "GET /BLA/resoluciones/index.php?dir=Notificaciones/AUTOS%202016/&sort=date&order=asc HTTP/1.1" 200 14334
136.243.36.97 - - [16/Mar/2017:04:11:51 -0500] "GET /BLA/resoluciones/index.php?dir=Notificaciones/AUTOS%202016/&sort=name&order=desc HTTP/1.1" 200 14333
136.243.36.97 - - [16/Mar/2017:04:12:01 -0500] "GET /BLA/resoluciones/index.php?dir=Notificaciones/AUTOS%202016/&sort=size&order=asc HTTP/1.1" 200 14334
136.243.36.97 - - [16/Mar/2017:04:12:06 -0500] "GET /BLA/resoluciones/index.php?dir=Notificaciones/REGISTROS%202013/&sort=date&order=asc HTTP/1.1" 200 2053
192.168.175.104 - - [16/Mar/2017:04:12:10 -0500] "GET / HTTP/1.1" 200 9990
136.243.36.97 - - [16/Mar/2017:04:12:12 -0500] "GET /BLA/resoluciones/index.php?dir=Notificaciones/REGISTROS%202013/&sort=name&order=desc HTTP/1.1" 200 2052
136.243.36.97 - - [16/Mar/2017:04:12:19 -0500] "GET /BLA/resoluciones/index.php?dir=Notificaciones/REGISTROS%202013/&sort=size&order=asc HTTP/1.1" 200 2053
192.168.175.104 - - [16/Mar/2017:04:12:20 -0500] "GET / HTTP/1.0" 200 9990
66.249.64.151 - - [16/Mar/2017:04:12:24 -0500] "GET /BLA/resoluciones/AUTOS%202011/7747.pdf HTTP/1.1" 200 237338
136.243.36.97 - - [16/Mar/2017:04:12:24 -0500] "GET /BLA/resoluciones/index.php?dir=Notificaciones/REGISTROS%202014/&sort=date&order=asc HTTP/1.1" 200 15754
136.243.36.97 - - [16/Mar/2017:04:12:29 -0500] "GET /BLA/resoluciones/index.php?dir=Notificaciones/REGISTROS%202014/&sort=name&order=desc HTTP/1.1" 200 15753
136.243.36.97 - - [16/Mar/2017:04:12:35 -0500] "GET /BLA/resoluciones/index.php?dir=Notificaciones/REGISTROS%202014/&sort=size&order=asc HTTP/1.1" 200 15754
136.243.36.97 - - [16/Mar/2017:04:12:40 -0500] "GET /BLA/resoluciones/index.php?dir=Notificaciones/REGISTROS%202015/&sort=date&order=asc HTTP/1.1" 200 19557
136.243.36.97 - - [16/Mar/2017:04:12:44 -0500] "GET /BLA/resoluciones/index.php?dir=Notificaciones/REGISTROS%202015/&sort=name&order=desc HTTP/1.1" 200 19556
136.243.36.97 - - [16/Mar/2017:04:12:51 -0500] "GET /BLA/resoluciones/index.php?dir=Notificaciones/REGISTROS%202015/&sort=size&order=asc HTTP/1.1" 200 19557
136.243.36.97 - - [16/Mar/2017:04:12:55 -0500] "GET /BLA/resoluciones/index.php?dir=Notificaciones/REGISTROS%202016/&sort=date&order=asc HTTP/1.1" 200 2056
136.243.36.97 - - [16/Mar/2017:04:12:59 -0500] "GET /BLA/resoluciones/index.php?dir=Notificaciones/REGISTROS%202016/&sort=name&order=desc HTTP/1.1" 200 2055
136.243.36.97 - - [16/Mar/2017:04:13:04 -0500] "GET /BLA/resoluciones/index.php?dir=Notificaciones/REGISTROS%202016/&sort=size&order=asc HTTP/1.1" 200 2056
66.249.64.151 - - [16/Mar/2017:04:13:07 -0500] "GET /BLA/resoluciones/AUTOS%202011/6753.pdf HTTP/1.1" 200 293935
51.255.65.79 - - [16/Mar/2017:04:13:08 -0500] "GET /BLA/resoluciones/RESOLUCIONES%202004/RES%202004%20401-450/00000435.tif HTTP/1.1" 200 96500
136.243.36.97 - - [16/Mar/2017:04:13:10 -0500] "GET /BLA/resoluciones/index.php?dir=Notificaciones/RESOLUCIONES%202012/&sort=date&order=asc HTTP/1.1" 200 2077
136.243.36.97 - - [16/Mar/2017:04:13:16 -0500] "GET /BLA/resoluciones/index.php?dir=Notificaciones/RESOLUCIONES%202012/&sort=name&order=desc HTTP/1.1" 200 2076
136.243.36.97 - - [16/Mar/2017:04:13:21 -0500] "GET /BLA/resoluciones/index.php?dir=Notificaciones/RESOLUCIONES%202012/&sort=size&order=asc HTTP/1.1" 200 2077
136.243.36.97 - - [16/Mar/2017:04:13:27 -0500] "GET /BLA/resoluciones/index.php?dir=Notificaciones/RESOLUCIONES%202013/&sort=date&order=asc HTTP/1.1" 200 2632
136.243.36.97 - - [16/Mar/2017:04:13:35 -0500] "GET /BLA/resoluciones/index.php?dir=Notificaciones/RESOLUCIONES%202013/&sort=name&order=desc HTTP/1.1" 200 2631
136.243.36.97 - - [16/Mar/2017:04:13:42 -0500] "GET /BLA/resoluciones/index.php?dir=Notificaciones/RESOLUCIONES%202013/&sort=size&order=asc HTTP/1.1" 200 2632
136.243.36.97 - - [16/Mar/2017:04:13:46 -0500] "GET /BLA/resoluciones/index.php?dir=Notificaciones/RESOLUCIONES%202014/&sort=date&order=asc HTTP/1.1" 200 13747
66.249.64.146 - - [16/Mar/2017:04:13:49 -0500] "GET /BLA/resoluciones/AUTOS%202010/5574.pdf HTTP/1.1" 200 631601
186.154.35.244 - - [16/Mar/2017:04:13:51 -0500] "GET /galeria/galeria/jquery.fancybox.css?v=2.1.5 HTTP/1.1" 200 4895
186.154.35.244 - - [16/Mar/2017:04:13:51 -0500] "GET /BLA/boletinlegal/js/jquery.scrollShow.js HTTP/1.1" 200 4586
186.154.35.244 - - [16/Mar/2017:04:13:51 -0500] "GET /galeria/galeria/jquery.fancybox.js?v=2.1.5 HTTP/1.1" 200 48706
136.243.36.97 - - [16/Mar/2017:04:13:51 -0500] "GET /BLA/resoluciones/index.php?dir=Notificaciones/RESOLUCIONES%202014/&sort=name&order=desc HTTP/1.1" 200 13746
186.154.35.244 - - [16/Mar/2017:04:13:56 -0500] "GET /BLA/boletinlegal/js/jquery.scrollShow.js HTTP/1.1" 304 -
186.154.35.244 - - [16/Mar/2017:04:13:56 -0500] "GET /galeria/galeria/jquery.fancybox.js?v=2.1.5 HTTP/1.1" 304 -
186.154.35.244 - - [16/Mar/2017:04:13:56 -0500] "GET /galeria/galeria/jquery.fancybox.css?v=2.1.5 HTTP/1.1" 304 -
136.243.36.97 - - [16/Mar/2017:04:13:58 -0500] "GET /BLA/resoluciones/index.php?dir=Notificaciones/RESOLUCIONES%202014/&sort=size&order=asc HTTP/1.1" 200 13747
192.168.175.104 - - [16/Mar/2017:04:14:01 -0500] "GET / HTTP/1.1" 200 9990
136.243.36.97 - - [16/Mar/2017:04:14:03 -0500] "GET /BLA/resoluciones/index.php?dir=Notificaciones/RESOLUCIONES%202015/&sort=date&order=asc HTTP/1.1" 200 14018
161.18.83.231 - - [16/Mar/2017:04:14:04 -0500] "GET /BLA/boletinlegal/jurisprudencia/analisis/CUADRO%20ANALISIS%20SENTENCIA%20C-554%20DE%202007.doc HTTP/1.1" 200 35328
136.243.36.97 - - [16/Mar/2017:04:14:10 -0500] "GET /BLA/resoluciones/index.php?dir=Notificaciones/RESOLUCIONES%202015/&sort=name&order=desc HTTP/1.1" 200 14017
69.162.124.233 - - [16/Mar/2017:04:14:13 -0500] "HEAD / HTTP/1.1" 200 -
136.243.36.97 - - [16/Mar/2017:04:14:17 -0500] "GET /BLA/resoluciones/index.php?dir=Notificaciones/RESOLUCIONES%202015/&sort=size&order=asc HTTP/1.1" 200 14018
136.243.36.97 - - [16/Mar/2017:04:14:23 -0500] "GET /BLA/resoluciones/index.php?dir=Notificaciones/RESOLUCIONES%202016/&sort=date&order=asc HTTP/1.1" 200 11675
136.243.36.97 - - [16/Mar/2017:04:14:31 -0500] "GET /BLA/resoluciones/index.php?dir=Notificaciones/RESOLUCIONES%202016/&sort=name&order=desc HTTP/1.1" 200 11674
136.243.36.97 - - [16/Mar/2017:04:14:39 -0500] "GET /BLA/resoluciones/index.php?dir=Notificaciones/RESOLUCIONES%202016/&sort=size&order=asc HTTP/1.1" 200 11675
136.243.36.97 - - [16/Mar/2017:04:14:43 -0500] "GET /BLA/resoluciones/index.php?dir=RESOLUCIONES%202000/&sort=date&order=desc HTTP/1.1" 200 13661
136.243.36.97 - - [16/Mar/2017:04:14:47 -0500] "GET /BLA/resoluciones/index.php?dir=RESOLUCIONES%202000/&sort=name&order=asc HTTP/1.1" 200 13662
136.243.36.97 - - [16/Mar/2017:04:14:53 -0500] "GET /BLA/resoluciones/index.php?dir=RESOLUCIONES%202000/&sort=size&order=desc HTTP/1.1" 200 13661
136.243.36.97 - - [16/Mar/2017:04:14:57 -0500] "GET /BLA/resoluciones/index.php?dir=RESOLUCIONES%202001/&sort=date&order=desc HTTP/1.1" 200 8130
136.243.36.97 - - [16/Mar/2017:04:15:02 -0500] "GET /BLA/resoluciones/index.php?dir=RESOLUCIONES%202001/&sort=name&order=asc HTTP/1.1" 200 8131
136.243.36.97 - - [16/Mar/2017:04:15:07 -0500] "GET /BLA/resoluciones/index.php?dir=RESOLUCIONES%202001/&sort=size&order=desc HTTP/1.1" 200 8130
136.243.36.97 - - [16/Mar/2017:04:15:12 -0500] "GET /BLA/resoluciones/index.php?dir=RESOLUCIONES%202002/&sort=date&order=desc HTTP/1.1" 200 11294
66.249.64.151 - - [16/Mar/2017:04:15:14 -0500] "GET /BLA/resoluciones/AUTOS%202011/0201.pdf HTTP/1.1" 200 170799
136.243.36.97 - - [16/Mar/2017:04:15:18 -0500] "GET /BLA/resoluciones/index.php?dir=RESOLUCIONES%202002/&sort=name&order=asc HTTP/1.1" 200 11295
136.243.36.97 - - [16/Mar/2017:04:15:22 -0500] "GET /BLA/resoluciones/index.php?dir=RESOLUCIONES%202002/&sort=size&order=desc HTTP/1.1" 200 11294
136.243.36.97 - - [16/Mar/2017:04:15:28 -0500] "GET /BLA/resoluciones/index.php?dir=RESOLUCIONES%202002/ANEXOS/&sort=date&order=asc HTTP/1.1" 200 2240
136.243.36.97 - - [16/Mar/2017:04:15:33 -0500] "GET /BLA/resoluciones/index.php?dir=RESOLUCIONES%202002/ANEXOS/&sort=name&order=desc HTTP/1.1" 200 2239
136.243.36.97 - - [16/Mar/2017:04:15:38 -0500] "GET /BLA/resoluciones/index.php?dir=RESOLUCIONES%202002/ANEXOS/&sort=size&order=asc HTTP/1.1" 200 2240
136.243.36.97 - - [16/Mar/2017:04:15:43 -0500] "GET /BLA/resoluciones/index.php?dir=RESOLUCIONES%202002/RES%202002%2001-50/&sort=date&order=asc HTTP/1.1" 200 12045
180.76.15.19 - - [16/Mar/2017:04:15:46 -0500] "GET /BLA/resoluciones/RESOLUCIONES%202009/1857.pdf HTTP/1.1" 200 3968144
46.229.164.100 - - [16/Mar/2017:04:15:46 -0500] "GET /robots.txt HTTP/1.1" 404 1019
136.243.36.97 - - [16/Mar/2017:04:15:48 -0500] "GET /BLA/resoluciones/index.php?dir=RESOLUCIONES%202002/RES%202002%2001-50/&sort=name&order=desc HTTP/1.1" 200 12044
136.243.36.97 - - [16/Mar/2017:04:15:53 -0500] "GET /BLA/resoluciones/index.php?dir=RESOLUCIONES%202002/RES%202002%2001-50/&sort=size&order=asc HTTP/1.1" 200 12045
190.158.46.20 - - [16/Mar/2017:04:15:57 -0500] "GET /galeria/galeria/jquery.fancybox.css?v=2.1.5 HTTP/1.1" 200 4895
190.158.46.20 - - [16/Mar/2017:04:15:57 -0500] "GET /BLA/boletinlegal/js/jquery.scrollShow.js HTTP/1.1" 200 4586
190.158.46.20 - - [16/Mar/2017:04:15:57 -0500] "GET /galeria/galeria/jquery.fancybox.js?v=2.1.5 HTTP/1.1" 200 48706
136.243.36.97 - - [16/Mar/2017:04:15:59 -0500] "GET /BLA/resoluciones/index.php?dir=RESOLUCIONES%202002/RES%202002%201001-1050/&sort=date&order=asc HTTP/1.1" 200 12610
136.243.36.97 - - [16/Mar/2017:04:16:04 -0500] "GET /BLA/resoluciones/index.php?dir=RESOLUCIONES%202002/RES%202002%201001-1050/&sort=name&order=desc HTTP/1.1" 200 12609
190.158.46.20 - - [16/Mar/2017:04:16:05 -0500] "GET /galeria/galeria/jquery.fancybox.css?v=2.1.5 HTTP/1.1" 304 -
190.158.46.20 - - [16/Mar/2017:04:16:05 -0500] "GET /BLA/boletinlegal/js/jquery.scrollShow.js HTTP/1.1" 304 -
190.158.46.20 - - [16/Mar/2017:04:16:05 -0500] "GET /galeria/galeria/jquery.fancybox.js?v=2.1.5 HTTP/1.1" 304 -
136.243.36.97 - - [16/Mar/2017:04:16:10 -0500] "GET /BLA/resoluciones/index.php?dir=RESOLUCIONES%202002/RES%202002%201001-1050/&sort=size&order=asc HTTP/1.1" 200 12610
161.18.83.231 - - [16/Mar/2017:04:16:13 -0500] "GET /BLA/boletinlegal/jurisprudencia/analisis/CUADRO%20ANALISIS%20SENTENCIA%20C-554%20DE%202007.doc HTTP/1.1" 206 1
161.18.83.231 - - [16/Mar/2017:04:16:13 -0500] "GET /BLA/boletinlegal/jurisprudencia/analisis/CUADRO%20ANALISIS%20SENTENCIA%20C-554%20DE%202007.doc HTTP/1.1" 206 18944
136.243.36.97 - - [16/Mar/2017:04:16:14 -0500] "GET /BLA/resoluciones/index.php?dir=RESOLUCIONES%202002/RES%202002%20101-150/&sort=date&order=asc HTTP/1.1" 200 12339
136.243.36.97 - - [16/Mar/2017:04:16:18 -0500] "GET /BLA/resoluciones/index.php?dir=RESOLUCIONES%202002/RES%202002%20101-150/&sort=name&order=desc HTTP/1.1" 200 12338
136.243.36.97 - - [16/Mar/2017:04:16:22 -0500] "GET /BLA/resoluciones/index.php?dir=RESOLUCIONES%202002/RES%202002%20101-150/&sort=size&order=asc HTTP/1.1" 200 12339
35.163.83.33 - - [16/Mar/2017:04:15:22 -0500] "GET /BLA/boletinlegal/index.php HTTP/1.1" 200 53977
136.243.36.97 - - [16/Mar/2017:04:16:26 -0500] "GET /BLA/resoluciones/index.php?dir=RESOLUCIONES%202002/RES%202002%201051-1100/&sort=date&order=asc HTTP/1.1" 200 12143
136.243.36.97 - - [16/Mar/2017:04:16:31 -0500] "GET /BLA/resoluciones/index.php?dir=RESOLUCIONES%202002/RES%202002%201051-1100/&sort=name&order=desc HTTP/1.1" 200 12142
136.243.36.97 - - [16/Mar/2017:04:16:37 -0500] "GET /BLA/resoluciones/index.php?dir=RESOLUCIONES%202002/RES%202002%201051-1100/&sort=size&order=asc HTTP/1.1" 200 12143
66.249.64.146 - - [16/Mar/2017:04:16:39 -0500] "GET /BLA/resoluciones/AUTOS%202008/0982.pdf HTTP/1.1" 200 128729
152.170.82.53 - - [16/Mar/2017:04:16:40 -0500] "GET /galeria/galeria/jquery.fancybox.css?v=2.1.5 HTTP/1.1" 200 4895
152.170.82.53 - - [16/Mar/2017:04:16:40 -0500] "GET /galeria/galeria/jquery.fancybox.js?v=2.1.5 HTTP/1.1" 200 48706
152.170.82.53 - - [16/Mar/2017:04:16:40 -0500] "GET /BLA/boletinlegal/js/jquery.scrollShow.js HTTP/1.1" 200 4586
136.243.36.97 - - [16/Mar/2017:04:16:41 -0500] "GET /BLA/resoluciones/index.php?dir=RESOLUCIONES%202002/RES%202002%201101-1150/&sort=date&order=asc HTTP/1.1" 200 12347
136.243.36.97 - - [16/Mar/2017:04:16:47 -0500] "GET /BLA/resoluciones/index.php?dir=RESOLUCIONES%202002/RES%202002%201101-1150/&sort=name&order=desc HTTP/1.1" 200 12346
108.60.201.116 - - [16/Mar/2017:04:16:48 -0500] "-" 408 -
136.243.36.97 - - [16/Mar/2017:04:16:53 -0500] "GET /BLA/resoluciones/index.php?dir=RESOLUCIONES%202002/RES%202002%201101-1150/&sort=size&order=asc HTTP/1.1" 200 12347
136.243.36.97 - - [16/Mar/2017:04:17:01 -0500] "GET /BLA/resoluciones/index.php?dir=RESOLUCIONES%202002/RES%202002%201151-1200/&sort=date&order=asc HTTP/1.1" 200 12144
152.170.82.53 - - [16/Mar/2017:04:17:03 -0500] "GET /galeria/galeria/jquery.fancybox.css?v=2.1.5 HTTP/1.1" 304 -
152.170.82.53 - - [16/Mar/2017:04:17:03 -0500] "GET /BLA/boletinlegal/js/jquery.scrollShow.js HTTP/1.1" 304 -
152.170.82.53 - - [16/Mar/2017:04:17:03 -0500] "GET /galeria/galeria/jquery.fancybox.js?v=2.1.5 HTTP/1.1" 304 -
108.60.201.116 - - [16/Mar/2017:04:17:06 -0500] "-" 408 -
136.243.36.97 - - [16/Mar/2017:04:17:07 -0500] "GET /BLA/resoluciones/index.php?dir=RESOLUCIONES%202002/RES%202002%201151-1200/&sort=name&order=desc HTTP/1.1" 200 12143
192.168.175.104 - - [16/Mar/2017:04:17:07 -0500] "GET / HTTP/1.1" 200 9990
136.243.36.97 - - [16/Mar/2017:04:17:11 -0500] "GET /BLA/resoluciones/index.php?dir=RESOLUCIONES%202002/RES%202002%201151-1200/&sort=size&order=asc HTTP/1.1" 200 12144
192.168.175.104 - - [16/Mar/2017:04:17:18 -0500] "GET / HTTP/1.0" 200 9990
136.243.36.97 - - [16/Mar/2017:04:17:19 -0500] "GET /BLA/resoluciones/index.php?dir=RESOLUCIONES%202002/RES%202002%201201-1250/&sort=date&order=asc HTTP/1.1" 200 12151
66.249.64.146 - - [16/Mar/2017:04:17:22 -0500] "GET /BLA/resoluciones/AUTOS%202010/2283.pdf HTTP/1.1" 200 159643
108.60.201.116 - - [16/Mar/2017:04:17:24 -0500] "-" 408 -
136.243.36.97 - - [16/Mar/2017:04:17:25 -0500] "GET /BLA/resoluciones/index.php?dir=RESOLUCIONES%202002/RES%202002%201201-1250/&sort=name&order=desc HTTP/1.1" 200 12150
136.243.36.97 - - [16/Mar/2017:04:17:33 -0500] "GET /BLA/resoluciones/index.php?dir=RESOLUCIONES%202002/RES%202002%201201-1250/&sort=size&order=asc HTTP/1.1" 200 12151
136.243.36.97 - - [16/Mar/2017:04:17:38 -0500] "GET /robots.txt HTTP/1.1" 404 1018
136.243.36.97 - - [16/Mar/2017:04:17:38 -0500] "GET /BLA/resoluciones/index.php?dir=RESOLUCIONES%202002/RES%202002%201251-1301/&sort=date&order=asc HTTP/1.1" 200 12148
108.60.201.116 - - [16/Mar/2017:04:17:43 -0500] "-" 408 -
136.243.36.97 - - [16/Mar/2017:04:17:44 -0500] "GET /BLA/resoluciones/index.php?dir=RESOLUCIONES%202002/RES%202002%201251-1301/&sort=name&order=desc HTTP/1.1" 200 12147
136.243.36.97 - - [16/Mar/2017:04:17:48 -0500] "GET /BLA/resoluciones/index.php?dir=RESOLUCIONES%202002/RES%202002%201251-1301/&sort=size&order=asc HTTP/1.1" 200 12148
136.243.36.97 - - [16/Mar/2017:04:17:53 -0500] "GET /BLA/resoluciones/index.php?dir=RESOLUCIONES%202002/RES%202002%201301-1350/&sort=date&order=asc HTTP/1.1" 200 12142
136.243.36.97 - - [16/Mar/2017:04:17:57 -0500] "GET /BLA/resoluciones/index.php?dir=RESOLUCIONES%202002/RES%202002%201301-1350/&sort=name&order=desc HTTP/1.1" 200 12141
108.60.201.116 - - [16/Mar/2017:04:18:01 -0500] "-" 408 -
136.243.36.97 - - [16/Mar/2017:04:18:01 -0500] "GET /BLA/resoluciones/index.php?dir=RESOLUCIONES%202002/RES%202002%201301-1350/&sort=size&order=asc HTTP/1.1" 200 12142
66.249.64.146 - - [16/Mar/2017:04:18:04 -0500] "GET /BLA/resoluciones/AUTOS%202011/7672.pdf HTTP/1.1" 200 212814
136.243.36.97 - - [16/Mar/2017:04:18:06 -0500] "GET /BLA/resoluciones/index.php?dir=RESOLUCIONES%202002/RES%202002%201351-1400/&sort=date&order=asc HTTP/1.1" 200 12141
136.243.36.97 - - [16/Mar/2017:04:18:12 -0500] "GET /BLA/resoluciones/index.php?dir=RESOLUCIONES%202002/RES%202002%201351-1400/&sort=name&order=desc HTTP/1.1" 200 12140
108.60.201.116 - - [16/Mar/2017:04:18:20 -0500] "-" 408 -
136.243.36.97 - - [16/Mar/2017:04:18:20 -0500] "GET /BLA/resoluciones/index.php?dir=RESOLUCIONES%202002/RES%202002%201351-1400/&sort=size&order=asc HTTP/1.1" 200 12141
136.243.36.97 - - [16/Mar/2017:04:18:26 -0500] "GET /BLA/resoluciones/index.php?dir=RESOLUCIONES%202002/RES%202002%201401-1450/&sort=date&order=asc HTTP/1.1" 200 12162
108.60.201.116 - - [16/Mar/2017:04:18:38 -0500] "-" 408 -
136.243.36.97 - - [16/Mar/2017:04:18:41 -0500] "GET /BLA/resoluciones/index.php?dir=RESOLUCIONES%202002/RES%202002%201401-1450/&sort=name&order=desc HTTP/1.1" 200 12161
136.243.36.97 - - [16/Mar/2017:04:18:46 -0500] "GET /BLA/resoluciones/index.php?dir=RESOLUCIONES%202002/RES%202002%201401-1450/&sort=size&order=asc HTTP/1.1" 200 12162
136.243.36.97 - - [16/Mar/2017:04:18:51 -0500] "GET /BLA/resoluciones/index.php?dir=RESOLUCIONES%202002/RES%202002%201451-1500/&sort=date&order=asc HTTP/1.1" 200 12146
108.60.201.116 - - [16/Mar/2017:04:18:57 -0500] "-" 408 -
136.243.36.97 - - [16/Mar/2017:04:18:57 -0500] "GET /BLA/resoluciones/index.php?dir=RESOLUCIONES%202002/RES%202002%201451-1500/&sort=name&order=desc HTTP/1.1" 200 12145
181.61.157.163 - - [16/Mar/2017:04:18:57 -0500] "GET /galeria/galeria/jquery.fancybox.css?v=2.1.5 HTTP/1.1" 304 -
181.61.157.163 - - [16/Mar/2017:04:18:57 -0500] "GET /BLA/boletinlegal/js/jquery.scrollShow.js HTTP/1.1" 304 -
181.61.157.163 - - [16/Mar/2017:04:18:57 -0500] "GET /galeria/galeria/jquery.fancybox.js?v=2.1.5 HTTP/1.1" 304 -
192.168.175.104 - - [16/Mar/2017:04:19:00 -0500] "GET / HTTP/1.1" 200 9990
66.102.8.141 - - [16/Mar/2017:04:19:00 -0500] "GET /galeria/galeria/fotos/juan-amarillo4G.jpg HTTP/1.1" 200 202445
136.243.36.97 - - [16/Mar/2017:04:19:04 -0500] "GET /BLA/resoluciones/index.php?dir=RESOLUCIONES%202002/RES%202002%201451-1500/&sort=size&order=asc HTTP/1.1" 200 12146
66.249.88.4 - - [16/Mar/2017:04:19:04 -0500] "GET /galeria/galeria/fotos/juan-amarillo4G.jpg HTTP/1.1" 200 202445
136.243.36.97 - - [16/Mar/2017:04:19:08 -0500] "GET /BLA/resoluciones/index.php?dir=RESOLUCIONES%202002/RES%202002%201501-1550/&sort=date&order=asc HTTP/1.1" 200 12147
69.162.124.233 - - [16/Mar/2017:04:19:13 -0500] "HEAD / HTTP/1.1" 200 -
136.243.36.97 - - [16/Mar/2017:04:19:13 -0500] "GET /BLA/resoluciones/index.php?dir=RESOLUCIONES%202002/RES%202002%201501-1550/&sort=name&order=desc HTTP/1.1" 200 12146
66.249.88.4 - - [16/Mar/2017:04:19:14 -0500] "GET /galeria/galeria/fotos/juan-amarillo2G.jpg HTTP/1.1" 200 341507
108.60.201.116 - - [16/Mar/2017:04:19:15 -0500] "-" 408 -
136.243.36.97 - - [16/Mar/2017:04:19:18 -0500] "GET /BLA/resoluciones/index.php?dir=RESOLUCIONES%202002/RES%202002%201501-1550/&sort=size&order=asc HTTP/1.1" 200 12147
66.249.88.4 - - [16/Mar/2017:04:19:18 -0500] "GET /galeria/galeria/fotos/juan-amarillo1G.jpg HTTP/1.1" 200 407260
136.243.36.97 - - [16/Mar/2017:04:19:25 -0500] "GET /BLA/resoluciones/index.php?dir=RESOLUCIONES%202002/RES%202002%20151-200/&sort=date&order=asc HTTP/1.1" 200 12329
66.249.64.155 - - [16/Mar/2017:04:19:29 -0500] "GET /BLA/resoluciones/RESOLUCIONES%202009/6992.pdf HTTP/1.1" 200 883013
136.243.36.97 - - [16/Mar/2017:04:19:30 -0500] "GET /BLA/resoluciones/index.php?dir=RESOLUCIONES%202002/RES%202002%20151-200/&sort=name&order=desc HTTP/1.1" 200 12328
108.60.201.116 - - [16/Mar/2017:04:19:33 -0500] "-" 408 -
136.243.36.97 - - [16/Mar/2017:04:19:37 -0500] "GET /BLA/resoluciones/index.php?dir=RESOLUCIONES%202002/RES%202002%20151-200/&sort=size&order=asc HTTP/1.1" 200 12329
136.243.36.97 - - [16/Mar/2017:04:19:42 -0500] "GET /BLA/resoluciones/index.php?dir=RESOLUCIONES%202002/RES%202002%201551-1600/&sort=date&order=asc HTTP/1.1" 200 12155
136.243.36.97 - - [16/Mar/2017:04:19:48 -0500] "GET /BLA/resoluciones/index.php?dir=RESOLUCIONES%202002/RES%202002%201551-1600/&sort=name&order=desc HTTP/1.1" 200 12154
108.60.201.116 - - [16/Mar/2017:04:19:52 -0500] "-" 408 -
136.243.36.97 - - [16/Mar/2017:04:19:55 -0500] "GET /BLA/resoluciones/index.php?dir=RESOLUCIONES%202002/RES%202002%201551-1600/&sort=size&order=asc HTTP/1.1" 200 12155
136.243.36.97 - - [16/Mar/2017:04:20:03 -0500] "GET /BLA/resoluciones/index.php?dir=RESOLUCIONES%202002/RES%202002%201601-1650/&sort=date&order=asc HTTP/1.1" 200 12158
136.243.36.97 - - [16/Mar/2017:04:20:06 -0500] "GET /BLA/resoluciones/index.php?dir=RESOLUCIONES%202002/RES%202002%201601-1650/&sort=name&order=desc HTTP/1.1" 200 12157
108.60.201.116 - - [16/Mar/2017:04:20:11 -0500] "-" 408 -
136.243.36.97 - - [16/Mar/2017:04:20:11 -0500] "GET /BLA/resoluciones/index.php?dir=RESOLUCIONES%202002/RES%202002%201601-1650/&sort=size&order=asc HTTP/1.1" 200 12158
66.249.64.146 - - [16/Mar/2017:04:20:12 -0500] "GET /BLA/resoluciones/AUTOS%202009/0331.pdf HTTP/1.1" 200 126614
136.243.36.97 - - [16/Mar/2017:04:20:16 -0500] "GET /BLA/resoluciones/index.php?dir=RESOLUCIONES%202002/RES%202002%201651-1700/&sort=date&order=asc HTTP/1.1" 200 12155
136.243.36.97 - - [16/Mar/2017:04:20:24 -0500] "GET /BLA/resoluciones/index.php?dir=RESOLUCIONES%202002/RES%202002%201651-1700/&sort=name&order=desc HTTP/1.1" 200 12154
108.60.201.116 - - [16/Mar/2017:04:20:30 -0500] "-" 408 -
136.243.36.97 - - [16/Mar/2017:04:20:30 -0500] "GET /BLA/resoluciones/index.php?dir=RESOLUCIONES%202002/RES%202002%201651-1700/&sort=size&order=asc HTTP/1.1" 200 12155
136.243.36.97 - - [16/Mar/2017:04:20:35 -0500] "GET /BLA/resoluciones/index.php?dir=RESOLUCIONES%202002/RES%202002%201701-1750/&sort=date&order=asc HTTP/1.1" 200 12141
136.243.36.97 - - [16/Mar/2017:04:20:41 -0500] "GET /BLA/resoluciones/index.php?dir=RESOLUCIONES%202002/RES%202002%201701-1750/&sort=name&order=desc HTTP/1.1" 200 12140
108.60.201.116 - - [16/Mar/2017:04:20:49 -0500] "-" 408 -
136.243.36.97 - - [16/Mar/2017:04:20:50 -0500] "GET /BLA/resoluciones/index.php?dir=RESOLUCIONES%202002/RES%202002%201701-1750/&sort=size&order=asc HTTP/1.1" 200 12141
136.243.36.97 - - [16/Mar/2017:04:20:54 -0500] "GET /BLA/resoluciones/index.php?dir=RESOLUCIONES%202002/RES%202002%201751-1800/&sort=date&order=asc HTTP/1.1" 200 12156
180.76.15.135 - - [16/Mar/2017:04:21:02 -0500] "GET / HTTP/1.1" 200 9990
186.154.35.251 - - [16/Mar/2017:04:21:07 -0500] "GET /galeria/nivo-slider/demo/demo.html HTTP/1.1" 304 -
186.154.35.251 - - [16/Mar/2017:04:21:07 -0500] "GET /galeria/nivo-slider/demo/images/bannerrendiciondecuentasalcaldia.jpg HTTP/1.1" 304 -
186.154.35.251 - - [16/Mar/2017:04:21:07 -0500] "GET /galeria/nivo-slider/demo/images/banner%20car.jpg HTTP/1.1" 304 -
186.154.35.251 - - [16/Mar/2017:04:21:07 -0500] "GET /galeria/nivo-slider/demo/images/bannercantoalagua.jpg HTTP/1.1" 304 -
136.243.36.97 - - [16/Mar/2017:04:21:10 -0500] "GET /BLA/resoluciones/index.php?dir=RESOLUCIONES%202002/RES%202002%201751-1800/&sort=name&order=desc HTTP/1.1" 200 12155
136.243.36.97 - - [16/Mar/2017:04:21:15 -0500] "GET /BLA/resoluciones/index.php?dir=RESOLUCIONES%202002/RES%202002%201751-1800/&sort=size&order=asc HTTP/1.1" 200 12156
180.76.15.138 - - [16/Mar/2017:04:21:21 -0500] "GET / HTTP/1.1" 200 9990
186.154.35.251 - - [16/Mar/2017:04:21:22 -0500] "GET /browserconfig.xml HTTP/1.1" 404 1019
136.243.36.97 - - [16/Mar/2017:04:21:24 -0500] "GET /BLA/resoluciones/index.php?dir=RESOLUCIONES%202002/RES%202002%201801-1850/&sort=date&order=asc HTTP/1.1" 200 12158
136.243.36.97 - - [16/Mar/2017:04:21:29 -0500] "GET /BLA/resoluciones/index.php?dir=RESOLUCIONES%202002/RES%202002%201801-1850/&sort=name&order=desc HTTP/1.1" 200 12157
186.154.35.251 - - [16/Mar/2017:04:21:35 -0500] "GET /browserconfig.xml HTTP/1.1" 404 1019
136.243.36.97 - - [16/Mar/2017:04:21:36 -0500] "GET /BLA/resoluciones/index.php?dir=RESOLUCIONES%202002/RES%202002%201801-1850/&sort=size&order=asc HTTP/1.1" 200 12158
66.249.64.151 - - [16/Mar/2017:04:21:37 -0500] "GET /BLA/resoluciones/AUTOS%202015/1266.pdf HTTP/1.1" 200 325833
136.243.36.97 - - [16/Mar/2017:04:21:41 -0500] "GET /BLA/resoluciones/index.php?dir=RESOLUCIONES%202002/RES%202002%201851-1900/&sort=date&order=asc HTTP/1.1" 200 12150
136.243.36.97 - - [16/Mar/2017:04:21:47 -0500] "GET /BLA/resoluciones/index.php?dir=RESOLUCIONES%202002/RES%202002%201851-1900/&sort=name&order=desc HTTP/1.1" 200 12149
136.243.36.97 - - [16/Mar/2017:04:21:54 -0500] "GET /BLA/resoluciones/index.php?dir=RESOLUCIONES%202002/RES%202002%201851-1900/&sort=size&order=asc HTTP/1.1" 200 12150
136.243.36.97 - - [16/Mar/2017:04:22:00 -0500] "GET /BLA/resoluciones/index.php?dir=RESOLUCIONES%202002/RES%202002%201901-1950/&sort=date&order=asc HTTP/1.1" 200 12149
136.243.36.97 - - [16/Mar/2017:04:22:06 -0500] "GET /BLA/resoluciones/index.php?dir=RESOLUCIONES%202002/RES%202002%201901-1950/&sort=name&order=desc HTTP/1.1" 200 12148
192.168.175.104 - - [16/Mar/2017:04:22:07 -0500] "GET / HTTP/1.1" 200 9990
136.243.36.97 - - [16/Mar/2017:04:22:12 -0500] "GET /BLA/resoluciones/index.php?dir=RESOLUCIONES%202002/RES%202002%201901-1950/&sort=size&order=asc HTTP/1.1" 200 12149
192.168.175.104 - - [16/Mar/2017:04:22:17 -0500] "GET / HTTP/1.0" 200 9990
136.243.36.97 - - [16/Mar/2017:04:22:19 -0500] "GET /BLA/resoluciones/index.php?dir=RESOLUCIONES%202002/RES%202002%201951-1971/&sort=date&order=asc HTTP/1.1" 200 6225
66.249.64.151 - - [16/Mar/2017:04:22:19 -0500] "GET /BLA/resoluciones/RESOLUCIONES%202007/RES%202007%204001%20AL%204100/RESOLUCION%204004%20DE%202007.pdf HTTP/1.1" 200 813978
136.243.36.97 - - [16/Mar/2017:04:22:24 -0500] "GET /BLA/resoluciones/index.php?dir=RESOLUCIONES%202002/RES%202002%201951-1971/&sort=name&order=desc HTTP/1.1" 200 6224
136.243.36.97 - - [16/Mar/2017:04:22:30 -0500] "GET /BLA/resoluciones/index.php?dir=RESOLUCIONES%202002/RES%202002%201951-1971/&sort=size&order=asc HTTP/1.1" 200 6225
136.243.36.97 - - [16/Mar/2017:04:22:35 -0500] "GET /BLA/resoluciones/index.php?dir=RESOLUCIONES%202002/RES%202002%20201-250/&sort=date&order=asc HTTP/1.1" 200 12325
136.243.36.97 - - [16/Mar/2017:04:22:42 -0500] "GET /BLA/resoluciones/index.php?dir=RESOLUCIONES%202002/RES%202002%20201-250/&sort=name&order=desc HTTP/1.1" 200 12324
136.243.36.97 - - [16/Mar/2017:04:22:47 -0500] "GET /BLA/resoluciones/index.php?dir=RESOLUCIONES%202002/RES%202002%20201-250/&sort=size&order=asc HTTP/1.1" 200 12325
136.243.36.97 - - [16/Mar/2017:04:22:54 -0500] "GET /BLA/resoluciones/index.php?dir=RESOLUCIONES%202002/RES%202002%20251-300/&sort=date&order=asc HTTP/1.1" 200 12034
136.243.36.97 - - [16/Mar/2017:04:23:03 -0500] "GET /BLA/resoluciones/index.php?dir=RESOLUCIONES%202002/RES%202002%20251-300/&sort=name&order=desc HTTP/1.1" 200 12033
136.243.36.97 - - [16/Mar/2017:04:23:12 -0500] "GET /BLA/resoluciones/index.php?dir=RESOLUCIONES%202002/RES%202002%20251-300/&sort=size&order=asc HTTP/1.1" 200 12034
136.243.36.97 - - [16/Mar/2017:04:23:22 -0500] "GET /BLA/resoluciones/index.php?dir=RESOLUCIONES%202002/RES%202002%20301-350/&sort=date&order=asc HTTP/1.1" 200 12034
136.243.36.97 - - [16/Mar/2017:04:23:29 -0500] "GET /BLA/resoluciones/index.php?dir=RESOLUCIONES%202002/RES%202002%20301-350/&sort=name&order=desc HTTP/1.1" 200 12033
136.243.36.97 - - [16/Mar/2017:04:23:36 -0500] "GET /BLA/resoluciones/index.php?dir=RESOLUCIONES%202002/RES%202002%20301-350/&sort=size&order=asc HTTP/1.1" 200 12034
136.243.36.97 - - [16/Mar/2017:04:23:44 -0500] "GET /BLA/resoluciones/index.php?dir=RESOLUCIONES%202002/RES%202002%20351-400/&sort=date&order=asc HTTP/1.1" 200 12209
136.243.36.97 - - [16/Mar/2017:04:23:49 -0500] "GET /BLA/resoluciones/index.php?dir=RESOLUCIONES%202002/RES%202002%20351-400/&sort=name&order=desc HTTP/1.1" 200 12208
136.243.36.97 - - [16/Mar/2017:04:23:55 -0500] "GET /BLA/resoluciones/index.php?dir=RESOLUCIONES%202002/RES%202002%20351-400/&sort=size&order=asc HTTP/1.1" 200 12209
192.168.175.104 - - [16/Mar/2017:04:23:59 -0500] "GET / HTTP/1.1" 200 9990
136.243.36.97 - - [16/Mar/2017:04:24:01 -0500] "GET /BLA/resoluciones/index.php?dir=RESOLUCIONES%202002/RES%202002%20401-450/&sort=date&order=asc HTTP/1.1" 200 12024
136.243.36.97 - - [16/Mar/2017:04:24:11 -0500] "GET /BLA/resoluciones/index.php?dir=RESOLUCIONES%202002/RES%202002%20401-450/&sort=name&order=desc HTTP/1.1" 200 12023
69.162.124.233 - - [16/Mar/2017:04:24:13 -0500] "HEAD / HTTP/1.1" 200 -
136.243.36.97 - - [16/Mar/2017:04:24:19 -0500] "GET /BLA/resoluciones/index.php?dir=RESOLUCIONES%202002/RES%202002%20401-450/&sort=size&order=asc HTTP/1.1" 200 12024
66.249.64.146 - - [16/Mar/2017:04:24:28 -0500] "GET /galeria/galeria/fotos/diaSC4.jpg HTTP/1.1" 304 -
136.243.36.97 - - [16/Mar/2017:04:24:28 -0500] "GET /BLA/resoluciones/index.php?dir=RESOLUCIONES%202002/RES%202002%20451-500/&sort=date&order=asc HTTP/1.1" 200 12051
136.243.36.97 - - [16/Mar/2017:04:24:40 -0500] "GET /BLA/resoluciones/index.php?dir=RESOLUCIONES%202002/RES%202002%20451-500/&sort=name&order=desc HTTP/1.1" 200 12050
136.243.36.97 - - [16/Mar/2017:04:24:49 -0500] "GET /BLA/resoluciones/index.php?dir=RESOLUCIONES%202002/RES%202002%20451-500/&sort=size&order=asc HTTP/1.1" 200 12051
66.249.64.151 - - [16/Mar/2017:04:25:10 -0500] "GET /BLA/resoluciones/RESOLUCIONES%202011/4864.pdf HTTP/1.1" 200 557007
136.243.36.97 - - [16/Mar/2017:04:25:13 -0500] "GET /BLA/resoluciones/index.php?dir=RESOLUCIONES%202002/RES%202002%20501-550/&sort=date&order=asc HTTP/1.1" 200 12029
136.243.36.97 - - [16/Mar/2017:04:25:36 -0500] "GET /BLA/resoluciones/index.php?dir=RESOLUCIONES%202002/RES%202002%20501-550/&sort=name&order=desc HTTP/1.1" 200 12028
136.243.36.97 - - [16/Mar/2017:04:25:43 -0500] "GET /BLA/resoluciones/index.php?dir=RESOLUCIONES%202002/RES%202002%20501-550/&sort=size&order=asc HTTP/1.1" 200 12029
136.243.36.97 - - [16/Mar/2017:04:25:48 -0500] "GET /BLA/resoluciones/index.php?dir=RESOLUCIONES%202002/RES%202002%2051-100/&sort=date&order=asc HTTP/1.1" 200 12120
66.249.64.155 - - [16/Mar/2017:04:25:52 -0500] "GET /BLA/resoluciones/AUTOS%202015/4647.pdf HTTP/1.1" 200 705011
136.243.36.97 - - [16/Mar/2017:04:25:57 -0500] "GET /BLA/resoluciones/index.php?dir=RESOLUCIONES%202002/RES%202002%2051-100/&sort=name&order=desc HTTP/1.1" 200 12119
180.76.15.19 - - [16/Mar/2017:04:26:01 -0500] "GET /BLA/resoluciones/RESOLUCIONES%202014/1359.pdf HTTP/1.1" 200 818911
136.243.36.97 - - [16/Mar/2017:04:26:09 -0500] "GET /BLA/resoluciones/index.php?dir=RESOLUCIONES%202002/RES%202002%2051-100/&sort=size&order=asc HTTP/1.1" 200 12120
136.243.36.97 - - [16/Mar/2017:04:26:14 -0500] "GET /BLA/resoluciones/index.php?dir=RESOLUCIONES%202002/RES%202002%20551-600/&sort=date&order=asc HTTP/1.1" 200 12228
136.243.36.97 - - [16/Mar/2017:04:26:21 -0500] "GET /BLA/resoluciones/index.php?dir=RESOLUCIONES%202002/RES%202002%20551-600/&sort=name&order=desc HTTP/1.1" 200 12227
136.243.36.97 - - [16/Mar/2017:04:26:29 -0500] "GET /BLA/resoluciones/index.php?dir=RESOLUCIONES%202002/RES%202002%20551-600/&sort=size&order=asc HTTP/1.1" 200 12228
136.243.36.97 - - [16/Mar/2017:04:26:33 -0500] "GET /BLA/resoluciones/index.php?dir=RESOLUCIONES%202002/RES%202002%20601-650/&sort=date&order=asc HTTP/1.1" 200 12037
66.249.64.146 - - [16/Mar/2017:04:26:35 -0500] "GET /BLA/resoluciones/AUTOS%202011/4002.pdf HTTP/1.1" 200 263049
136.243.36.97 - - [16/Mar/2017:04:26:39 -0500] "GET /BLA/resoluciones/index.php?dir=RESOLUCIONES%202002/RES%202002%20601-650/&sort=name&order=desc HTTP/1.1" 200 12036
181.49.74.23 - - [16/Mar/2017:04:26:42 -0500] "GET /BLA/resoluciones/RESOLUCIONES%202011/5794.pdf HTTP/1.1" 200 495227
181.49.74.23 - - [16/Mar/2017:04:26:43 -0500] "GET /favicon.ico HTTP/1.1" 200 7782
136.243.36.97 - - [16/Mar/2017:04:26:43 -0500] "GET /BLA/resoluciones/index.php?dir=RESOLUCIONES%202002/RES%202002%20601-650/&sort=size&order=asc HTTP/1.1" 200 12037
136.243.36.97 - - [16/Mar/2017:04:26:49 -0500] "GET /BLA/resoluciones/index.php?dir=RESOLUCIONES%202002/RES%202002%20651-700/&sort=date&order=asc HTTP/1.1" 200 12213
136.243.36.97 - - [16/Mar/2017:04:26:56 -0500] "GET /BLA/resoluciones/index.php?dir=RESOLUCIONES%202002/RES%202002%20651-700/&sort=name&order=desc HTTP/1.1" 200 12212
136.243.36.97 - - [16/Mar/2017:04:27:02 -0500] "GET /BLA/resoluciones/index.php?dir=RESOLUCIONES%202002/RES%202002%20651-700/&sort=size&order=asc HTTP/1.1" 200 12213
192.168.175.104 - - [16/Mar/2017:04:27:05 -0500] "GET / HTTP/1.1" 200 9990
136.243.36.97 - - [16/Mar/2017:04:27:08 -0500] "GET /BLA/resoluciones/index.php?dir=RESOLUCIONES%202002/RES%202002%20701-750/&sort=date&order=asc HTTP/1.1" 200 12223
192.168.175.104 - - [16/Mar/2017:04:27:15 -0500] "GET / HTTP/1.0" 200 9990
66.249.64.146 - - [16/Mar/2017:04:27:17 -0500] "GET /BLA/resoluciones/AUTOS%202015/4830.pdf HTTP/1.1" 200 576648
136.243.36.97 - - [16/Mar/2017:04:27:20 -0500] "GET /BLA/resoluciones/index.php?dir=RESOLUCIONES%202002/RES%202002%20701-750/&sort=name&order=desc HTTP/1.1" 200 12222
136.243.36.97 - - [16/Mar/2017:04:27:27 -0500] "GET /BLA/resoluciones/index.php?dir=RESOLUCIONES%202002/RES%202002%20701-750/&sort=size&order=asc HTTP/1.1" 200 12223
136.243.36.97 - - [16/Mar/2017:04:27:33 -0500] "GET /BLA/resoluciones/index.php?dir=RESOLUCIONES%202002/RES%202002%20751-800/&sort=date&order=asc HTTP/1.1" 200 12325
136.243.36.97 - - [16/Mar/2017:04:27:37 -0500] "GET /BLA/resoluciones/index.php?dir=RESOLUCIONES%202002/RES%202002%20751-800/&sort=name&order=desc HTTP/1.1" 200 12324
136.243.36.97 - - [16/Mar/2017:04:27:46 -0500] "GET /robots.txt HTTP/1.1" 404 1018
136.243.36.97 - - [16/Mar/2017:04:27:46 -0500] "GET /BLA/resoluciones/index.php?dir=RESOLUCIONES%202002/RES%202002%20751-800/&sort=size&order=asc HTTP/1.1" 200 12325
136.243.36.97 - - [16/Mar/2017:04:27:52 -0500] "GET /BLA/resoluciones/index.php?dir=RESOLUCIONES%202002/RES%202002%20801-850/&sort=date&order=asc HTTP/1.1" 200 12225
186.147.49.205 - - [16/Mar/2017:04:27:55 -0500] "GET /galeria/galeria/jquery.fancybox.css?v=2.1.5 HTTP/1.1" 200 4895
186.147.49.205 - - [16/Mar/2017:04:27:55 -0500] "GET /BLA/boletinlegal/js/jquery.scrollShow.js HTTP/1.1" 200 4586
186.147.49.205 - - [16/Mar/2017:04:27:55 -0500] "GET /galeria/galeria/jquery.fancybox.js?v=2.1.5 HTTP/1.1" 200 48706
136.243.36.97 - - [16/Mar/2017:04:27:56 -0500] "GET /BLA/resoluciones/index.php?dir=RESOLUCIONES%202002/RES%202002%20801-850/&sort=name&order=desc HTTP/1.1" 200 12224
136.243.36.97 - - [16/Mar/2017:04:28:00 -0500] "GET /BLA/resoluciones/index.php?dir=RESOLUCIONES%202002/RES%202002%20801-850/&sort=size&order=asc HTTP/1.1" 200 12225
186.147.49.205 - - [16/Mar/2017:04:28:01 -0500] "GET /BLA/boletinlegal/js/jquery.scrollShow.js HTTP/1.1" 304 -
186.147.49.205 - - [16/Mar/2017:04:28:01 -0500] "GET /galeria/galeria/jquery.fancybox.css?v=2.1.5 HTTP/1.1" 304 -
186.147.49.205 - - [16/Mar/2017:04:28:01 -0500] "GET /galeria/galeria/jquery.fancybox.js?v=2.1.5 HTTP/1.1" 304 -
136.243.36.97 - - [16/Mar/2017:04:28:04 -0500] "GET /BLA/resoluciones/index.php?dir=RESOLUCIONES%202002/RES%202002%20851-900/&sort=date&order=asc HTTP/1.1" 200 12222
136.243.36.97 - - [16/Mar/2017:04:28:13 -0500] "GET /BLA/resoluciones/index.php?dir=RESOLUCIONES%202002/RES%202002%20851-900/&sort=name&order=desc HTTP/1.1" 200 12221
136.243.36.97 - - [16/Mar/2017:04:28:22 -0500] "GET /BLA/resoluciones/index.php?dir=RESOLUCIONES%202002/RES%202002%20851-900/&sort=size&order=asc HTTP/1.1" 200 12222
136.243.36.97 - - [16/Mar/2017:04:28:30 -0500] "GET /BLA/resoluciones/index.php?dir=RESOLUCIONES%202002/RES%202002%20901-950/&sort=date&order=asc HTTP/1.1" 200 12227
136.243.36.97 - - [16/Mar/2017:04:28:35 -0500] "GET /BLA/resoluciones/index.php?dir=RESOLUCIONES%202002/RES%202002%20901-950/&sort=name&order=desc HTTP/1.1" 200 12226
181.49.85.21 - - [16/Mar/2017:04:28:37 -0500] "GET /BLA/resoluciones/Notificaciones/AUTOS%202014/6509.doc HTTP/1.1" 200 152576
136.243.36.97 - - [16/Mar/2017:04:28:42 -0500] "GET /BLA/resoluciones/index.php?dir=RESOLUCIONES%202002/RES%202002%20901-950/&sort=size&order=asc HTTP/1.1" 200 12227
181.49.85.21 - - [16/Mar/2017:04:28:43 -0500] "GET /BLA/resoluciones/Notificaciones/AUTOS%202014/6509.doc HTTP/1.1" 200 152576
136.243.36.97 - - [16/Mar/2017:04:28:55 -0500] "GET /BLA/resoluciones/index.php?dir=RESOLUCIONES%202002/RES%202002%20951-1000/&sort=date&order=asc HTTP/1.1" 200 12280
192.168.175.104 - - [16/Mar/2017:04:28:56 -0500] "GET / HTTP/1.1" 200 9990
190.172.59.74 - - [16/Mar/2017:04:28:59 -0500] "GET /galeria/galeria/fotos/mirador4G.jpg HTTP/1.1" 200 159827
136.243.36.97 - - [16/Mar/2017:04:29:03 -0500] "GET /BLA/resoluciones/index.php?dir=RESOLUCIONES%202002/RES%202002%20951-1000/&sort=name&order=desc HTTP/1.1" 200 12279
69.162.124.233 - - [16/Mar/2017:04:29:13 -0500] "HEAD / HTTP/1.1" 200 -
136.243.36.97 - - [16/Mar/2017:04:29:15 -0500] "GET /BLA/resoluciones/index.php?dir=RESOLUCIONES%202002/RES%202002%20951-1000/&sort=size&order=asc HTTP/1.1" 200 12280
136.243.36.97 - - [16/Mar/2017:04:29:20 -0500] "GET /BLA/resoluciones/index.php?dir=RESOLUCIONES%202003/&sort=date&order=desc HTTP/1.1" 200 12285
66.249.64.165 - - [16/Mar/2017:04:29:25 -0500] "GET / HTTP/1.1" 200 9990
136.243.36.97 - - [16/Mar/2017:04:29:29 -0500] "GET /BLA/resoluciones/index.php?dir=RESOLUCIONES%202003/&sort=name&order=asc HTTP/1.1" 200 12286
136.243.36.97 - - [16/Mar/2017:04:29:37 -0500] "GET /BLA/resoluciones/index.php?dir=RESOLUCIONES%202003/&sort=size&order=desc HTTP/1.1" 200 12285
136.243.36.97 - - [16/Mar/2017:04:29:43 -0500] "GET /BLA/resoluciones/index.php?dir=RESOLUCIONES%202003/ANEXOS%20RES%202048/&sort=date&order=asc HTTP/1.1" 200 7160
136.243.36.97 - - [16/Mar/2017:04:29:48 -0500] "GET /BLA/resoluciones/index.php?dir=RESOLUCIONES%202003/ANEXOS%20RES%202048/&sort=name&order=desc HTTP/1.1" 200 7159
181.49.85.21 - - [16/Mar/2017:04:29:53 -0500] "GET /BLA/resoluciones/Notificaciones/AUTOS%202014/6509.doc HTTP/1.1" 200 152576
136.243.36.97 - - [16/Mar/2017:04:29:53 -0500] "GET /BLA/resoluciones/index.php?dir=RESOLUCIONES%202003/ANEXOS%20RES%202048/&sort=size&order=asc HTTP/1.1" 200 7160
163.172.64.233 - - [16/Mar/2017:04:30:26 -0500] "GET /BLA/resoluciones/RESOLUCIONES%202006/RES%202006%202351-2400/00002375.tif HTTP/1.1" 200 464518
136.243.36.97 - - [16/Mar/2017:04:30:33 -0500] "GET /BLA/resoluciones/index.php?dir=RESOLUCIONES%202003/RES%202003%20001-050/&sort=date&order=asc HTTP/1.1" 200 12161
136.243.36.97 - - [16/Mar/2017:04:30:41 -0500] "GET /BLA/resoluciones/index.php?dir=RESOLUCIONES%202003/RES%202003%20001-050/&sort=name&order=desc HTTP/1.1" 200 12160
136.243.36.97 - - [16/Mar/2017:04:30:47 -0500] "GET /BLA/resoluciones/index.php?dir=RESOLUCIONES%202003/RES%202003%20001-050/&sort=size&order=asc HTTP/1.1" 200 12161
66.249.64.155 - - [16/Mar/2017:04:30:50 -0500] "GET /BLA/resoluciones/AUTOS%202009/2941.pdf HTTP/1.1" 200 177825
136.243.36.97 - - [16/Mar/2017:04:30:53 -0500] "GET /BLA/resoluciones/index.php?dir=RESOLUCIONES%202003/RES%202003%20051-100/&sort=date&order=asc HTTP/1.1" 200 11998
181.49.85.21 - - [16/Mar/2017:04:31:02 -0500] "GET /BLA/resoluciones/Notificaciones/AUTOS%202014/6509.doc HTTP/1.1" 200 152576
136.243.36.97 - - [16/Mar/2017:04:31:02 -0500] "GET /BLA/resoluciones/index.php?dir=RESOLUCIONES%202003/RES%202003%20051-100/&sort=name&order=desc HTTP/1.1" 200 11997
136.243.36.97 - - [16/Mar/2017:04:31:13 -0500] "GET /BLA/resoluciones/index.php?dir=RESOLUCIONES%202003/RES%202003%20051-100/&sort=size&order=asc HTTP/1.1" 200 11998
136.243.36.97 - - [16/Mar/2017:04:31:17 -0500] "GET /BLA/resoluciones/index.php?dir=RESOLUCIONES%202003/RES%202003%201001-1050/&sort=date&order=asc HTTP/1.1" 200 11566
136.243.36.97 - - [16/Mar/2017:04:31:27 -0500] "GET /BLA/resoluciones/index.php?dir=RESOLUCIONES%202003/RES%202003%201001-1050/&sort=name&order=desc HTTP/1.1" 200 11565
66.249.64.155 - - [16/Mar/2017:04:31:32 -0500] "GET /BLA/resoluciones/RESOLUCIONES%202007/RES%202007%203801%20AL%203900/RESOLUCION%203869%20DE%202007.pdf HTTP/1.1" 200 385895
131.253.27.200 - - [16/Mar/2017:04:31:34 -0500] "GET /galeria/nivo-slider/demo/demo.html HTTP/1.1" 200 3646
131.253.27.200 - - [16/Mar/2017:04:31:35 -0500] "GET /galeria/carrusel/Carrusel/jquery.thumbnailScroller.css HTTP/1.1" 200 2066
136.243.36.97 - - [16/Mar/2017:04:31:34 -0500] "GET /BLA/resoluciones/index.php?dir=RESOLUCIONES%202003/RES%202003%201001-1050/&sort=size&order=asc HTTP/1.1" 200 11566
131.253.27.200 - - [16/Mar/2017:04:31:35 -0500] "GET /galeria/nivo-slider/themes/default/default.css HTTP/1.1" 200 1569
131.253.27.200 - - [16/Mar/2017:04:31:35 -0500] "GET /galeria/nivo-slider/themes/pascal/pascal.css HTTP/1.1" 200 2258
131.253.27.200 - - [16/Mar/2017:04:31:35 -0500] "GET /galeria/nivo-slider/themes/orman/orman.css HTTP/1.1" 200 2152
131.253.27.200 - - [16/Mar/2017:04:31:35 -0500] "GET /galeria/nivo-slider/nivo-slider.css HTTP/1.1" 200 1507
131.253.27.200 - - [16/Mar/2017:04:31:35 -0500] "GET /galeria/nivo-slider/demo/style.css HTTP/1.1" 200 2222
131.253.27.200 - - [16/Mar/2017:04:31:35 -0500] "GET /galeria/nivo-slider/demo/scripts/jquery-1.7.1.min.js HTTP/1.1" 200 93868
131.253.27.200 - - [16/Mar/2017:04:31:36 -0500] "GET /galeria/nivo-slider/demo/images/bannerrendiciondecuentasalcaldia.jpg HTTP/1.1" 200 146405
131.253.27.200 - - [16/Mar/2017:04:31:36 -0500] "GET /galeria/nivo-slider/demo/images/banner%20car.jpg HTTP/1.1" 200 165620
131.253.27.200 - - [16/Mar/2017:04:31:38 -0500] "GET /galeria/nivo-slider/demo/images/bannercantoalagua.jpg HTTP/1.1" 200 144376
131.253.27.200 - - [16/Mar/2017:04:31:38 -0500] "GET /galeria/nivo-slider/demo/images/bannerlumina2017web.jpg HTTP/1.1" 200 198918
131.253.27.200 - - [16/Mar/2017:04:31:38 -0500] "GET /galeria/nivo-slider/demo/images/Bannersecretariadegobierno.jpg HTTP/1.1" 200 110589
131.253.27.200 - - [16/Mar/2017:04:31:39 -0500] "GET /galeria/nivo-slider/demo/images/bannerpread2017.jpg HTTP/1.1" 200 124333
131.253.27.200 - - [16/Mar/2017:04:31:40 -0500] "GET /galeria/nivo-slider/demo/images/pieza%20webtinguas.jpg HTTP/1.1" 200 175651
131.253.27.200 - - [16/Mar/2017:04:31:40 -0500] "GET /galeria/nivo-slider/demo/images/BANNERARBOLES.jpg HTTP/1.1" 200 227630
131.253.27.200 - - [16/Mar/2017:04:31:41 -0500] "GET /galeria/nivo-slider/demo/images/banner%20aceite%20vegetal%20usado.jpg HTTP/1.1" 200 169350
131.253.27.200 - - [16/Mar/2017:04:31:41 -0500] "GET /galeria/nivo-slider/demo/images/Ruta-vertimientos-01.jpg HTTP/1.1" 200 130151
131.253.27.200 - - [16/Mar/2017:04:31:42 -0500] "GET /galeria/nivo-slider/demo/images/bolsas-06.jpg HTTP/1.1" 200 210950
136.243.36.97 - - [16/Mar/2017:04:31:42 -0500] "GET /BLA/resoluciones/index.php?dir=RESOLUCIONES%202003/RES%202003%20101-150/&sort=date&order=asc HTTP/1.1" 200 12355
131.253.27.200 - - [16/Mar/2017:04:31:42 -0500] "GET /galeria/nivo-slider/demo/images/4Simple_Slider.png HTTP/1.1" 200 11722
131.253.27.200 - - [16/Mar/2017:04:31:43 -0500] "GET /galeria/nivo-slider/themes/default/loading.gif HTTP/1.1" 200 1737
136.243.36.97 - - [16/Mar/2017:04:31:49 -0500] "GET /BLA/resoluciones/index.php?dir=RESOLUCIONES%202003/RES%202003%20101-150/&sort=name&order=desc HTTP/1.1" 200 12354
136.243.36.97 - - [16/Mar/2017:04:31:56 -0500] "GET /BLA/resoluciones/index.php?dir=RESOLUCIONES%202003/RES%202003%20101-150/&sort=size&order=asc HTTP/1.1" 200 12355
192.168.175.104 - - [16/Mar/2017:04:32:03 -0500] "GET / HTTP/1.1" 200 9990
136.243.36.97 - - [16/Mar/2017:04:32:03 -0500] "GET /BLA/resoluciones/index.php?dir=RESOLUCIONES%202003/RES%202003%201051-1100/&sort=date&order=asc HTTP/1.1" 200 11571
136.243.36.97 - - [16/Mar/2017:04:32:08 -0500] "GET /BLA/resoluciones/index.php?dir=RESOLUCIONES%202003/RES%202003%201051-1100/&sort=name&order=desc HTTP/1.1" 200 11570
131.253.27.200 - - [16/Mar/2017:04:32:13 -0500] "GET /galeria/nivo-slider/jquery.nivo.slider.pack.js HTTP/1.1" 200 11561
136.243.36.97 - - [16/Mar/2017:04:32:13 -0500] "GET /BLA/resoluciones/index.php?dir=RESOLUCIONES%202003/RES%202003%201051-1100/&sort=size&order=asc HTTP/1.1" 200 11571
131.253.27.200 - - [16/Mar/2017:04:32:13 -0500] "GET /galeria/nivo-slider/themes/default/bullets.png HTTP/1.1" 200 1281
192.168.175.104 - - [16/Mar/2017:04:32:13 -0500] "GET / HTTP/1.0" 200 9990
66.249.64.187 - - [16/Mar/2017:04:32:15 -0500] "GET /robots.txt HTTP/1.1" 404 1015
66.249.64.130 - - [16/Mar/2017:04:32:15 -0500] "GET / HTTP/1.1" 200 9990
136.243.36.97 - - [16/Mar/2017:04:32:20 -0500] "GET /BLA/resoluciones/index.php?dir=RESOLUCIONES%202003/RES%202003%201101-1150/&sort=date&order=asc HTTP/1.1" 200 11572
136.243.36.97 - - [16/Mar/2017:04:32:26 -0500] "GET /BLA/resoluciones/index.php?dir=RESOLUCIONES%202003/RES%202003%201101-1150/&sort=name&order=desc HTTP/1.1" 200 11571
136.243.36.97 - - [16/Mar/2017:04:32:30 -0500] "GET /BLA/resoluciones/index.php?dir=RESOLUCIONES%202003/RES%202003%201101-1150/&sort=size&order=asc HTTP/1.1" 200 11572
136.243.36.97 - - [16/Mar/2017:04:32:34 -0500] "GET /BLA/resoluciones/index.php?dir=RESOLUCIONES%202003/RES%202003%201151-1200/&sort=date&order=asc HTTP/1.1" 200 11570
136.243.36.97 - - [16/Mar/2017:04:32:41 -0500] "GET /BLA/resoluciones/index.php?dir=RESOLUCIONES%202003/RES%202003%201151-1200/&sort=name&order=desc HTTP/1.1" 200 11569
136.243.36.97 - - [16/Mar/2017:04:32:47 -0500] "GET /BLA/resoluciones/index.php?dir=RESOLUCIONES%202003/RES%202003%201151-1200/&sort=size&order=asc HTTP/1.1" 200 11570
136.243.36.97 - - [16/Mar/2017:04:32:51 -0500] "GET /BLA/resoluciones/index.php?dir=RESOLUCIONES%202003/RES%202003%201201-1250/&sort=date&order=asc HTTP/1.1" 200 12626
66.249.64.146 - - [16/Mar/2017:04:32:57 -0500] "GET / HTTP/1.1" 200 9990
136.243.36.97 - - [16/Mar/2017:04:32:58 -0500] "GET /BLA/resoluciones/index.php?dir=RESOLUCIONES%202003/RES%202003%201201-1250/&sort=name&order=desc HTTP/1.1" 200 12625
136.243.36.97 - - [16/Mar/2017:04:33:06 -0500] "GET /BLA/resoluciones/index.php?dir=RESOLUCIONES%202003/RES%202003%201201-1250/&sort=size&order=asc HTTP/1.1" 200 12626
136.243.36.97 - - [16/Mar/2017:04:33:12 -0500] "GET /BLA/resoluciones/index.php?dir=RESOLUCIONES%202003/RES%202003%201251-1300/&sort=date&order=asc HTTP/1.1" 200 12202
136.243.36.97 - - [16/Mar/2017:04:33:18 -0500] "GET /BLA/resoluciones/index.php?dir=RESOLUCIONES%202003/RES%202003%201251-1300/&sort=name&order=desc HTTP/1.1" 200 12201
136.243.36.97 - - [16/Mar/2017:04:33:28 -0500] "GET /BLA/resoluciones/index.php?dir=RESOLUCIONES%202003/RES%202003%201251-1300/&sort=size&order=asc HTTP/1.1" 200 12202
186.145.98.69 - - [16/Mar/2017:04:33:34 -0500] "GET /galeria/galeria/jquery.fancybox.css?v=2.1.5 HTTP/1.1" 304 -
186.145.98.69 - - [16/Mar/2017:04:33:34 -0500] "GET /galeria/galeria/jquery.fancybox.js?v=2.1.5 HTTP/1.1" 304 -
186.145.98.69 - - [16/Mar/2017:04:33:34 -0500] "GET /BLA/boletinlegal/js/jquery.scrollShow.js HTTP/1.1" 304 -
136.243.36.97 - - [16/Mar/2017:04:33:34 -0500] "GET /BLA/resoluciones/index.php?dir=RESOLUCIONES%202003/RES%202003%201301-1350/&sort=date&order=asc HTTP/1.1" 200 12156
136.243.36.97 - - [16/Mar/2017:04:33:39 -0500] "GET /BLA/resoluciones/index.php?dir=RESOLUCIONES%202003/RES%202003%201301-1350/&sort=name&order=desc HTTP/1.1" 200 12155
136.243.36.97 - - [16/Mar/2017:04:33:46 -0500] "GET /BLA/resoluciones/index.php?dir=RESOLUCIONES%202003/RES%202003%201301-1350/&sort=size&order=asc HTTP/1.1" 200 12156
136.243.36.97 - - [16/Mar/2017:04:33:54 -0500] "GET /BLA/resoluciones/index.php?dir=RESOLUCIONES%202003/RES%202003%201351-1400/&sort=date&order=asc HTTP/1.1" 200 12157
192.168.175.104 - - [16/Mar/2017:04:33:56 -0500] "GET / HTTP/1.1" 200 9990
136.243.36.97 - - [16/Mar/2017:04:33:59 -0500] "GET /BLA/resoluciones/index.php?dir=RESOLUCIONES%202003/RES%202003%201351-1400/&sort=name&order=desc HTTP/1.1" 200 12156
136.243.36.97 - - [16/Mar/2017:04:34:05 -0500] "GET /BLA/resoluciones/index.php?dir=RESOLUCIONES%202003/RES%202003%201351-1400/&sort=size&order=asc HTTP/1.1" 200 12157
69.162.124.233 - - [16/Mar/2017:04:34:12 -0500] "HEAD / HTTP/1.1" 200 -
136.243.36.97 - - [16/Mar/2017:04:34:15 -0500] "GET /BLA/resoluciones/index.php?dir=RESOLUCIONES%202003/RES%202003%201401-1450/&sort=date&order=asc HTTP/1.1" 200 12156
136.243.36.97 - - [16/Mar/2017:04:34:20 -0500] "GET /BLA/resoluciones/index.php?dir=RESOLUCIONES%202003/RES%202003%201401-1450/&sort=name&order=desc HTTP/1.1" 200 12155
136.243.36.97 - - [16/Mar/2017:04:34:26 -0500] "GET /BLA/resoluciones/index.php?dir=RESOLUCIONES%202003/RES%202003%201401-1450/&sort=size&order=asc HTTP/1.1" 200 12156
136.243.36.97 - - [16/Mar/2017:04:34:32 -0500] "GET /BLA/resoluciones/index.php?dir=RESOLUCIONES%202003/RES%202003%201451-1500/&sort=date&order=asc HTTP/1.1" 200 12159
136.243.36.97 - - [16/Mar/2017:04:34:36 -0500] "GET /BLA/resoluciones/index.php?dir=RESOLUCIONES%202003/RES%202003%201451-1500/&sort=name&order=desc HTTP/1.1" 200 12158
136.243.36.97 - - [16/Mar/2017:04:34:40 -0500] "GET /BLA/resoluciones/index.php?dir=RESOLUCIONES%202003/RES%202003%201451-1500/&sort=size&order=asc HTTP/1.1" 200 12159
136.243.36.97 - - [16/Mar/2017:04:34:46 -0500] "GET /BLA/resoluciones/index.php?dir=RESOLUCIONES%202003/RES%202003%201501-1550/&sort=date&order=asc HTTP/1.1" 200 12137
