66.249.66.181 - - [23/Mar/2017:00:25:27 -0500] "GET /BLA/resoluciones/AUTOS%202013/0907.pdf HTTP/1.1" 200 562555
81.214.106.251 - - [23/Mar/2017:00:25:31 -0500] "POST /xmlrpc.php HTTP/1.1" 301 334
186.30.104.5 - - [23/Mar/2017:00:25:34 -0500] "GET /sipsesda/ HTTP/1.1" 200 1477
186.30.104.5 - - [23/Mar/2017:00:25:34 -0500] "GET /css/segobdis.css HTTP/1.1" 404 1168
186.30.104.5 - - [23/Mar/2017:00:25:34 -0500] "GET /sipsesda/faces/login.jspx HTTP/1.1" 200 7588
186.30.104.5 - - [23/Mar/2017:00:25:34 -0500] "GET /sipsesda/js/disable_browser_buttons.js;jsessionid=ac16012b22b8fb28b0247bce41738725d4cae866dddc.e34Lc3uRbN4Oc40Lb3r0 HTTP/1.1" 200 2767
186.30.104.5 - - [23/Mar/2017:00:25:34 -0500] "GET /sipsesda/adf/styles/cache/segobdis16-desktop-10_1_3_4_0-webkit.css;jsessionid=ac16012b22b8fb28b0247bce41738725d4cae866dddc.e34Lc3uRbN4Oc40Lb3r0 HTTP/1.1" 200 57326
186.30.104.5 - - [23/Mar/2017:00:25:34 -0500] "GET /sipsesda/js/funciones.js;jsessionid=ac16012b22b8fb28b0247bce41738725d4cae866dddc.e34Lc3uRbN4Oc40Lb3r0 HTTP/1.1" 200 36377
186.30.104.5 - - [23/Mar/2017:00:25:34 -0500] "GET /sipsesda/adf/images/t.gif;jsessionid=ac16012b22b8fb28b0247bce41738725d4cae866dddc.e34Lc3uRbN4Oc40Lb3r0 HTTP/1.1" 200 86
186.30.104.5 - - [23/Mar/2017:00:25:34 -0500] "GET /sipsesda/imagenes/encabezado.jpg;jsessionid=ac16012b22b8fb28b0247bce41738725d4cae866dddc.e34Lc3uRbN4Oc40Lb3r0 HTTP/1.1" 200 18018
81.214.106.251 - - [23/Mar/2017:00:25:34 -0500] "GET /wp-login.php HTTP/1.1" 301 336
186.30.104.5 - - [23/Mar/2017:00:25:34 -0500] "GET /sipsesda/adf/jsLibs/Common10_1_3_4_0.js;jsessionid=ac16012b22b8fb28b0247bce41738725d4cae866dddc.e34Lc3uRbN4Oc40Lb3r0 HTTP/1.1" 200 132959
81.214.106.251 - - [23/Mar/2017:00:25:36 -0500] "POST /wp-login.php HTTP/1.1" 301 336
189.191.56.80 - - [23/Mar/2017:00:25:39 -0500] "GET /galeria/galeria/jquery.fancybox.js?v=2.1.5 HTTP/1.1" 200 48706
189.191.56.80 - - [23/Mar/2017:00:25:39 -0500] "GET /BLA/boletinlegal/js/jquery.scrollShow.js HTTP/1.1" 200 4586
189.191.56.80 - - [23/Mar/2017:00:25:39 -0500] "GET /galeria/galeria/jquery.fancybox.css?v=2.1.5 HTTP/1.1" 200 4895
180.76.15.155 - - [23/Mar/2017:00:25:45 -0500] "GET / HTTP/1.1" 200 9990
186.30.104.5 - - [23/Mar/2017:00:25:48 -0500] "GET /kwsrmcab/ HTTP/1.1" 200 440
181.140.57.94 - - [23/Mar/2017:00:25:58 -0500] "GET /transparencia/directorioservidores/agosto2015.xlsx HTTP/1.1" 200 34256
189.191.56.80 - - [23/Mar/2017:00:25:59 -0500] "GET /BLA/boletinlegal/js/jquery.scrollShow.js HTTP/1.1" 200 4586
189.191.56.80 - - [23/Mar/2017:00:25:59 -0500] "GET /galeria/galeria/jquery.fancybox.js?v=2.1.5 HTTP/1.1" 200 48706
189.191.56.80 - - [23/Mar/2017:00:25:59 -0500] "GET /galeria/galeria/jquery.fancybox.css?v=2.1.5 HTTP/1.1" 200 4895
181.140.57.94 - - [23/Mar/2017:00:26:00 -0500] "GET /transparencia/directorioservidores/agosto2015.xlsx HTTP/1.1" 200 34256
66.249.66.175 - - [23/Mar/2017:00:26:07 -0500] "GET /BLA/resoluciones/AUTOS%202014/0322.pdf HTTP/1.1" 200 695525
69.162.124.233 - - [23/Mar/2017:00:26:08 -0500] "HEAD / HTTP/1.1" 200 -
180.76.15.17 - - [23/Mar/2017:00:26:08 -0500] "GET / HTTP/1.1" 200 9990
163.172.65.129 - - [23/Mar/2017:00:26:25 -0500] "GET /BLA/resoluciones/RESOLUCIONES%202002/RES%202002%201701-1750/20021732.tif HTTP/1.1" 200 70894
136.243.36.97 - - [23/Mar/2017:00:26:30 -0500] "GET /BLA/resoluciones/index.php?dir=RESOLUCIONES%202004/RES%202004%20851-900/&sort=size&order=desc HTTP/1.1" 200 12039
136.243.36.97 - - [23/Mar/2017:00:26:40 -0500] "GET /BLA/resoluciones/index.php?dir=RESOLUCIONES%202004/RES%202004%20901-950/&sort=date&order=desc HTTP/1.1" 200 12048
189.191.56.80 - - [23/Mar/2017:00:26:41 -0500] "GET /BLA/boletinlegal/norma_menu.php HTTP/1.1" 200 6318
189.191.56.80 - - [23/Mar/2017:00:26:42 -0500] "GET /BLA/boletinlegal/styles2.css HTTP/1.1" 200 1838
189.191.56.80 - - [23/Mar/2017:00:26:42 -0500] "GET /BLA/boletinlegal/js/ajax.js HTTP/1.1" 200 772
189.191.56.80 - - [23/Mar/2017:00:26:42 -0500] "GET /BLA/boletinlegal/style.css HTTP/1.1" 200 9406
189.191.56.80 - - [23/Mar/2017:00:26:42 -0500] "GET /BLA/boletinlegal/swfobject.js HTTP/1.1" 200 9763
189.191.56.80 - - [23/Mar/2017:00:26:42 -0500] "GET /BLA/boletinlegal/js/lib.js HTTP/1.1" 200 6474
189.191.56.80 - - [23/Mar/2017:00:26:42 -0500] "GET /BLA/boletinlegal/js/jquery1.js HTTP/1.1" 200 29846
189.191.56.80 - - [23/Mar/2017:00:26:42 -0500] "GET /BLA/boletinlegal/js/popup.js HTTP/1.1" 200 1270
189.191.56.80 - - [23/Mar/2017:00:26:43 -0500] "GET /BLA/boletinlegal/images/cabezote%20BLEGAL.jpg HTTP/1.1" 200 118164
189.191.56.80 - - [23/Mar/2017:00:26:43 -0500] "GET /BLA/boletinlegal/images/nuevo.gif HTTP/1.1" 200 26475
189.191.56.80 - - [23/Mar/2017:00:26:43 -0500] "GET /BLA/boletinlegal/images/subscribe-icon-big.png HTTP/1.1" 200 47702
189.191.56.80 - - [23/Mar/2017:00:26:43 -0500] "GET /BLA/boletinlegal/images/signo-mas.gif HTTP/1.1" 200 13689
189.191.56.80 - - [23/Mar/2017:00:26:43 -0500] "GET /BLA/boletinlegal/images/signo-menos.gif HTTP/1.1" 200 13454
189.191.56.80 - - [23/Mar/2017:00:26:43 -0500] "GET /BLA/boletinlegal/images/historia.png HTTP/1.1" 200 52775
189.191.56.80 - - [23/Mar/2017:00:26:43 -0500] "GET /BLA/boletinlegal/images/registro-usuarios.png HTTP/1.1" 200 8106
189.191.56.80 - - [23/Mar/2017:00:26:43 -0500] "GET /BLA/boletinlegal/images/body_bg.jpg HTTP/1.1" 200 1601
189.191.56.80 - - [23/Mar/2017:00:26:43 -0500] "GET /BLA/boletinlegal/images/img_3.jpg HTTP/1.1" 200 1841
189.191.56.80 - - [23/Mar/2017:00:26:43 -0500] "GET /BLA/boletinlegal/carousel.swf HTTP/1.1" 200 63487
189.191.56.80 - - [23/Mar/2017:00:26:43 -0500] "GET /BLA/boletinlegal/images/menu_lft.gif HTTP/1.1" 200 1713
189.191.56.80 - - [23/Mar/2017:00:26:43 -0500] "GET /BLA/boletinlegal/images/menu_rght.gif HTTP/1.1" 200 1627
189.191.56.80 - - [23/Mar/2017:00:26:43 -0500] "GET /BLA/boletinlegal/images/bg_top.jpg HTTP/1.1" 200 522
189.191.56.80 - - [23/Mar/2017:00:26:43 -0500] "GET /BLA/boletinlegal/images/menu_bg.jpg HTTP/1.1" 200 620
189.191.56.80 - - [23/Mar/2017:00:26:43 -0500] "GET /BLA/boletinlegal/images/hover.jpg HTTP/1.1" 200 640
189.191.56.80 - - [23/Mar/2017:00:26:43 -0500] "GET /BLA/boletinlegal/images/text.jpg HTTP/1.1" 200 568
189.191.56.80 - - [23/Mar/2017:00:26:43 -0500] "GET /BLA/boletinlegal/images/footer_bg.jpg HTTP/1.1" 200 586
189.191.56.80 - - [23/Mar/2017:00:26:43 -0500] "GET /BLA/boletinlegal/images/footer_bg_l.jpg HTTP/1.1" 200 776
189.191.56.80 - - [23/Mar/2017:00:26:43 -0500] "GET /BLA/boletinlegal/images/tel.png HTTP/1.1" 200 14477
189.191.56.80 - - [23/Mar/2017:00:26:44 -0500] "GET /BLA/boletinlegal/images/icono-email.png HTTP/1.1" 200 5544
66.249.66.178 - - [23/Mar/2017:00:26:47 -0500] "GET /BLA/resoluciones/AUTOS%202007/1230.pdf HTTP/1.1" 200 86306
189.191.56.80 - - [23/Mar/2017:00:26:49 -0500] "GET /BLA/boletinlegal/settings.xml HTTP/1.1" 200 2059
189.191.56.80 - - [23/Mar/2017:00:26:49 -0500] "GET /BLA/boletinlegal/images.xml HTTP/1.1" 200 3941
189.191.56.80 - - [23/Mar/2017:00:26:50 -0500] "GET /BLA/boletinlegal/images/pev.png HTTP/1.1" 200 404876
189.191.56.80 - - [23/Mar/2017:00:26:50 -0500] "GET /BLA/boletinlegal/images/emis.png HTTP/1.1" 200 448203
189.191.56.80 - - [23/Mar/2017:00:26:50 -0500] "GET /favicon.ico HTTP/1.1" 200 7782
189.191.56.80 - - [23/Mar/2017:00:26:50 -0500] "GET /BLA/boletinlegal/images/hidro.png HTTP/1.1" 200 517362
189.191.56.80 - - [23/Mar/2017:00:26:50 -0500] "GET /BLA/boletinlegal/images/rui.png HTTP/1.1" 200 469106
189.191.56.80 - - [23/Mar/2017:00:26:50 -0500] "GET /BLA/boletinlegal/images/flor.png HTTP/1.1" 200 587454
189.191.56.80 - - [23/Mar/2017:00:26:51 -0500] "GET /BLA/boletinlegal/images/faun.png HTTP/1.1" 200 613440
189.191.56.80 - - [23/Mar/2017:00:26:55 -0500] "GET /BLA/boletinlegal/images/silvi.png HTTP/1.1" 200 588511
189.191.56.80 - - [23/Mar/2017:00:26:55 -0500] "GET /BLA/boletinlegal/images/hume.png HTTP/1.1" 200 481651
189.191.56.80 - - [23/Mar/2017:00:26:55 -0500] "GET /BLA/boletinlegal/images/vert.png HTTP/1.1" 200 485866
189.191.56.80 - - [23/Mar/2017:00:26:55 -0500] "GET /BLA/boletinlegal/images/resi.png HTTP/1.1" 200 556571
189.191.56.80 - - [23/Mar/2017:00:26:58 -0500] "GET /BLA/boletinlegal/images/lice.png HTTP/1.1" 200 487297
189.191.56.80 - - [23/Mar/2017:00:26:58 -0500] "GET /BLA/boletinlegal/images/pma.png HTTP/1.1" 200 530205
189.191.56.80 - - [23/Mar/2017:00:26:59 -0500] "GET /BLA/boletinlegal/images/cons.png HTTP/1.1" 200 545034
189.191.56.80 - - [23/Mar/2017:00:27:00 -0500] "GET /BLA/boletinlegal/images/comp-estr.png HTTP/1.1" 200 644020
189.191.56.80 - - [23/Mar/2017:00:27:00 -0500] "GET /BLA/boletinlegal/images/bla.png HTTP/1.1" 200 113997
66.102.8.137 - - [23/Mar/2017:00:27:02 -0500] "GET /galeria/galeria/fotos/Humedal-Tibanica4G.jpg HTTP/1.1" 200 442374
136.243.36.97 - - [23/Mar/2017:00:27:08 -0500] "GET /BLA/resoluciones/index.php?dir=RESOLUCIONES%202004/RES%202004%20901-950/&sort=name&order=asc HTTP/1.1" 200 12049
189.191.56.80 - - [23/Mar/2017:00:27:14 -0500] "GET /galeria/carrusel/Carrusel/jquery.thumbnailScroller.css HTTP/1.1" 200 2066
189.191.56.80 - - [23/Mar/2017:00:27:14 -0500] "GET /galeria/carrusel/Carrusel/jquery.thumbnailScroller.js HTTP/1.1" 200 8157
189.191.56.80 - - [23/Mar/2017:00:27:14 -0500] "GET /galeria/carrusel/Carrusel/jquery-ui-1.8.13.custom.min.js HTTP/1.1" 200 10800
189.191.56.80 - - [23/Mar/2017:00:27:18 -0500] "GET /galeria/nivo-slider/demo/demo.html HTTP/1.1" 200 3538
189.191.56.80 - - [23/Mar/2017:00:27:20 -0500] "GET /galeria/nivo-slider/themes/default/default.css HTTP/1.1" 200 1569
189.191.56.80 - - [23/Mar/2017:00:27:20 -0500] "GET /galeria/nivo-slider/themes/pascal/pascal.css HTTP/1.1" 200 2258
189.191.56.80 - - [23/Mar/2017:00:27:20 -0500] "GET /galeria/nivo-slider/demo/scripts/jquery-1.7.1.min.js HTTP/1.1" 200 93868
189.191.56.80 - - [23/Mar/2017:00:27:20 -0500] "GET /galeria/nivo-slider/demo/style.css HTTP/1.1" 200 2222
189.191.56.80 - - [23/Mar/2017:00:27:20 -0500] "GET /galeria/nivo-slider/nivo-slider.css HTTP/1.1" 200 1507
189.191.56.80 - - [23/Mar/2017:00:27:20 -0500] "GET /galeria/nivo-slider/themes/orman/orman.css HTTP/1.1" 200 2152
189.191.56.80 - - [23/Mar/2017:00:27:20 -0500] "GET /galeria/nivo-slider/jquery.nivo.slider.pack.js HTTP/1.1" 200 11561
189.191.56.80 - - [23/Mar/2017:00:27:21 -0500] "GET /galeria/nivo-slider/demo/images/bannerrendiciondecuentasalcaldia2-01.jpg HTTP/1.1" 200 147275
189.191.56.80 - - [23/Mar/2017:00:27:21 -0500] "GET /galeria/nivo-slider/demo/images/BANNERCAMINATAS%20ECOLOGICAS%20MARZO.jpg HTTP/1.1" 200 266671
189.191.56.80 - - [23/Mar/2017:00:27:22 -0500] "GET /galeria/nivo-slider/demo/images/banner%20car.jpg HTTP/1.1" 200 165620
189.191.56.80 - - [23/Mar/2017:00:27:22 -0500] "GET /galeria/nivo-slider/demo/images/bannercantoalagua.jpg HTTP/1.1" 200 144376
189.191.56.80 - - [23/Mar/2017:00:27:22 -0500] "GET /galeria/nivo-slider/demo/images/bannerlumina2017web.jpg HTTP/1.1" 200 198918
189.191.56.80 - - [23/Mar/2017:00:27:22 -0500] "GET /galeria/nivo-slider/demo/images/banner%20aceite%20vegetal%20usado.jpg HTTP/1.1" 200 169350
189.191.56.80 - - [23/Mar/2017:00:27:23 -0500] "GET /galeria/nivo-slider/demo/images/Bannersecretariadegobierno.jpg HTTP/1.1" 200 110589
186.82.254.83 - - [23/Mar/2017:00:27:23 -0500] "GET /galeria/galeria/jquery.fancybox.css?v=2.1.5 HTTP/1.1" 200 4895
186.82.254.83 - - [23/Mar/2017:00:27:23 -0500] "GET /BLA/boletinlegal/js/jquery.scrollShow.js HTTP/1.1" 200 4586
186.82.254.83 - - [23/Mar/2017:00:27:23 -0500] "GET /galeria/galeria/jquery.fancybox.js?v=2.1.5 HTTP/1.1" 200 48706
189.191.56.80 - - [23/Mar/2017:00:27:24 -0500] "GET /galeria/nivo-slider/demo/images/BANNERARBOLES.jpg HTTP/1.1" 200 227630
136.243.36.97 - - [23/Mar/2017:00:27:24 -0500] "GET /BLA/resoluciones/index.php?dir=RESOLUCIONES%202004/RES%202004%20901-950/&sort=size&order=desc HTTP/1.1" 200 12048
189.191.56.80 - - [23/Mar/2017:00:27:24 -0500] "GET /galeria/nivo-slider/demo/images/Ruta-vertimientos-01.jpg HTTP/1.1" 200 130151
189.191.56.80 - - [23/Mar/2017:00:27:26 -0500] "GET /galeria/nivo-slider/demo/images/bolsas-06.jpg HTTP/1.1" 200 210950
189.191.56.80 - - [23/Mar/2017:00:27:26 -0500] "GET /galeria/nivo-slider/demo/images/4Simple_Slider.png HTTP/1.1" 200 11722
189.191.56.80 - - [23/Mar/2017:00:27:26 -0500] "GET /galeria/nivo-slider/themes/default/loading.gif HTTP/1.1" 200 1737
66.249.66.175 - - [23/Mar/2017:00:27:27 -0500] "GET /BLA/resoluciones/RESOLUCIONES%202010/0024.pdf HTTP/1.1" 200 380446
136.243.36.97 - - [23/Mar/2017:00:27:28 -0500] "GET /BLA/resoluciones/index.php?dir=RESOLUCIONES%202004/RES%202004%20951-1000/&sort=date&order=desc HTTP/1.1" 200 12100
189.191.56.80 - - [23/Mar/2017:00:27:32 -0500] "GET /galeria/nivo-slider/themes/default/arrows.png HTTP/1.1" 200 824
189.191.56.80 - - [23/Mar/2017:00:27:32 -0500] "GET /galeria/nivo-slider/themes/default/bullets.png HTTP/1.1" 200 1281
136.243.36.97 - - [23/Mar/2017:00:27:34 -0500] "GET /BLA/resoluciones/index.php?dir=RESOLUCIONES%202004/RES%202004%20951-1000/&sort=name&order=asc HTTP/1.1" 200 12101
164.132.161.85 - - [23/Mar/2017:00:27:39 -0500] "GET /BLA/resoluciones/RESOLUCIONES%202006/RES%202006%202751-2800/00002788.tif HTTP/1.1" 200 84784
186.83.86.14 - - [23/Mar/2017:00:27:41 -0500] "GET /galeria/galeria/fotos/Humedal-Tibanica4G.jpg HTTP/1.1" 200 442374
192.168.175.104 - - [23/Mar/2017:00:27:45 -0500] "GET / HTTP/1.0" 200 9990
136.243.36.97 - - [23/Mar/2017:00:27:52 -0500] "GET /BLA/resoluciones/index.php?dir=RESOLUCIONES%202004/RES%202004%20951-1000/&sort=size&order=desc HTTP/1.1" 200 12100
192.168.175.104 - - [23/Mar/2017:00:27:56 -0500] "GET / HTTP/1.1" 200 9990
68.180.228.180 - - [23/Mar/2017:00:28:01 -0500] "GET /Residuos/lavanderias/lavanderias.html HTTP/1.1" 304 -
136.243.36.97 - - [23/Mar/2017:00:28:11 -0500] "GET /BLA/resoluciones/index.php?dir=RESOLUCIONES%202005/ANEXO%20RES%202643-2005/&sort=date&order=desc HTTP/1.1" 200 2445
186.84.125.147 - - [23/Mar/2017:00:28:22 -0500] "GET /BLA/resoluciones/Notificaciones/AUTOS%202013/2227.doc HTTP/1.1" 200 259584
186.84.125.147 - - [23/Mar/2017:00:28:30 -0500] "GET /BLA/resoluciones/Notificaciones/AUTOS%202013/2227.doc HTTP/1.1" 200 259584
136.243.36.97 - - [23/Mar/2017:00:28:30 -0500] "GET /BLA/resoluciones/index.php?dir=RESOLUCIONES%202005/ANEXO%20RES%202643-2005/&sort=name&order=asc HTTP/1.1" 200 2446
192.168.175.104 - - [23/Mar/2017:00:28:33 -0500] "GET / HTTP/1.1" 200 9990
66.249.66.178 - - [23/Mar/2017:00:28:47 -0500] "GET /BLA/resoluciones/RESOLUCIONES%202008/1559.pdf HTTP/1.1" 304 -
136.243.36.97 - - [23/Mar/2017:00:29:05 -0500] "GET /robots.txt HTTP/1.1" 404 1018
136.243.36.97 - - [23/Mar/2017:00:29:05 -0500] "GET /BLA/resoluciones/index.php?dir=RESOLUCIONES%202005/ANEXO%20RES%202643-2005/&sort=size&order=desc HTTP/1.1" 200 2445
66.249.66.178 - - [23/Mar/2017:00:29:27 -0500] "GET /BLA/resoluciones/AUTOS%202010/5128.pdf HTTP/1.1" 200 330418
51.255.65.86 - - [23/Mar/2017:00:29:27 -0500] "GET /BLA/resoluciones/AUTOS%202006/AUTOS%202006%202501%20-%202600/00002578.tif HTTP/1.1" 200 228620
136.243.36.97 - - [23/Mar/2017:00:29:28 -0500] "GET /BLA/resoluciones/index.php?dir=RESOLUCIONES%202005/RES%202005%201-50/&sort=date&order=desc HTTP/1.1" 200 12562
136.243.36.97 - - [23/Mar/2017:00:29:36 -0500] "GET /BLA/resoluciones/index.php?dir=RESOLUCIONES%202005/RES%202005%201-50/&sort=name&order=asc HTTP/1.1" 200 12563
136.243.36.97 - - [23/Mar/2017:00:29:40 -0500] "GET /BLA/resoluciones/index.php?dir=RESOLUCIONES%202005/RES%202005%201-50/&sort=size&order=desc HTTP/1.1" 200 12562
181.54.228.206 - - [23/Mar/2017:00:29:41 -0500] "GET /galeria/galeria/fotos/Huemdal-Cordoba2G.jpg HTTP/1.1" 200 471832
136.243.36.97 - - [23/Mar/2017:00:29:53 -0500] "GET /BLA/resoluciones/index.php?dir=RESOLUCIONES%202005/RES%202005%201-50/RES%202005%201-50/&sort=date&order=asc HTTP/1.1" 200 2511
136.243.36.97 - - [23/Mar/2017:00:29:57 -0500] "GET /BLA/resoluciones/index.php?dir=RESOLUCIONES%202005/RES%202005%201-50/RES%202005%201-50/&sort=name&order=desc HTTP/1.1" 200 2510
136.243.36.97 - - [23/Mar/2017:00:30:04 -0500] "GET /BLA/resoluciones/index.php?dir=RESOLUCIONES%202005/RES%202005%201-50/RES%202005%201-50/&sort=size&order=asc HTTP/1.1" 200 2511
66.249.66.175 - - [23/Mar/2017:00:30:07 -0500] "GET /BLA/resoluciones/AUTOS%202014/3632.pdf HTTP/1.1" 304 -
136.243.36.97 - - [23/Mar/2017:00:30:11 -0500] "GET /BLA/resoluciones/index.php?dir=RESOLUCIONES%202005/RES%202005%201-50/RES%202005%20101-150/&sort=date&order=asc HTTP/1.1" 200 13168
69.162.124.233 - - [23/Mar/2017:00:31:08 -0500] "HEAD / HTTP/1.1" 200 -
66.249.66.175 - - [23/Mar/2017:00:31:27 -0500] "GET /BLA/resoluciones/RESOLUCIONES%202014/1373.pdf HTTP/1.1" 304 -
187.135.34.24 - - [23/Mar/2017:00:31:34 -0500] "GET /galeria/galeria/jquery.fancybox.css?v=2.1.5 HTTP/1.1" 200 4895
187.135.34.24 - - [23/Mar/2017:00:31:34 -0500] "GET /BLA/boletinlegal/js/jquery.scrollShow.js HTTP/1.1" 200 4586
187.135.34.24 - - [23/Mar/2017:00:31:34 -0500] "GET /galeria/galeria/jquery.fancybox.js?v=2.1.5 HTTP/1.1" 200 48706
163.172.65.20 - - [23/Mar/2017:00:31:54 -0500] "GET /BLA/resoluciones/index.php?dir=RESOLUCIONES%202007/RES%202007%204001%20AL%204100/&sort=size&order=desc HTTP/1.1" 200 26863
187.135.34.24 - - [23/Mar/2017:00:31:57 -0500] "GET /galeria/galeria/jquery.fancybox.css?v=2.1.5 HTTP/1.1" 304 -
187.135.34.24 - - [23/Mar/2017:00:31:57 -0500] "GET /BLA/boletinlegal/js/jquery.scrollShow.js HTTP/1.1" 304 -
187.135.34.24 - - [23/Mar/2017:00:31:57 -0500] "GET /galeria/galeria/jquery.fancybox.js?v=2.1.5 HTTP/1.1" 304 -
66.249.66.180 - - [23/Mar/2017:00:32:07 -0500] "GET /BLA/boletinlegal/Circulares/2010/Circular%2006%20de%208%20de%20septiembre%20de%202010.pdf HTTP/1.1" 200 4657752
51.255.65.43 - - [23/Mar/2017:00:32:28 -0500] "GET /BLA/resoluciones/RESOLUCIONES%202005/RES%202005%2051-100/00000078.tif HTTP/1.1" 200 161350
136.243.36.97 - - [23/Mar/2017:00:32:36 -0500] "GET /robots.txt HTTP/1.1" 404 1018
136.243.36.97 - - [23/Mar/2017:00:32:37 -0500] "GET /BLA/resoluciones/index.php?dir=RESOLUCIONES%202005/RES%202005%201-50/RES%202005%20101-150/&sort=name&order=desc HTTP/1.1" 200 13167
192.168.175.104 - - [23/Mar/2017:00:32:43 -0500] "GET / HTTP/1.0" 200 9990
186.28.185.16 - - [23/Mar/2017:00:32:43 -0500] "GET /galeria/galeria/jquery.fancybox.css?v=2.1.5 HTTP/1.1" 200 4895
186.28.185.16 - - [23/Mar/2017:00:32:43 -0500] "GET /BLA/boletinlegal/js/jquery.scrollShow.js HTTP/1.1" 200 4586
186.28.185.16 - - [23/Mar/2017:00:32:43 -0500] "GET /galeria/galeria/jquery.fancybox.js?v=2.1.5 HTTP/1.1" 200 48706
136.243.36.97 - - [23/Mar/2017:00:32:43 -0500] "GET /BLA/resoluciones/index.php?dir=RESOLUCIONES%202005/RES%202005%201-50/RES%202005%20101-150/&sort=size&order=asc HTTP/1.1" 200 13168
66.249.66.175 - - [23/Mar/2017:00:32:47 -0500] "GET /BLA/resoluciones/RESOLUCIONES%202013/2711.pdf HTTP/1.1" 200 618006
136.243.36.97 - - [23/Mar/2017:00:32:49 -0500] "GET /BLA/resoluciones/index.php?dir=RESOLUCIONES%202005/RES%202005%201001-1050/&sort=date&order=desc HTTP/1.1" 200 12363
192.168.175.104 - - [23/Mar/2017:00:32:54 -0500] "GET / HTTP/1.1" 200 9990
136.243.36.97 - - [23/Mar/2017:00:32:59 -0500] "GET /BLA/resoluciones/index.php?dir=RESOLUCIONES%202005/RES%202005%201001-1050/&sort=name&order=asc HTTP/1.1" 200 12364
189.241.250.84 - - [23/Mar/2017:00:33:12 -0500] "GET /BLA/boletinlegal/js/jquery.scrollShow.js HTTP/1.1" 200 4586
189.241.250.84 - - [23/Mar/2017:00:33:13 -0500] "GET /galeria/galeria/jquery.fancybox.js?v=2.1.5 HTTP/1.1" 200 48706
189.241.250.84 - - [23/Mar/2017:00:33:13 -0500] "GET /galeria/galeria/jquery.fancybox.css?v=2.1.5 HTTP/1.1" 200 4895
186.28.185.16 - - [23/Mar/2017:00:33:15 -0500] "GET /BLA/boletinlegal/js/jquery.scrollShow.js HTTP/1.1" 304 -
186.28.185.16 - - [23/Mar/2017:00:33:15 -0500] "GET /galeria/galeria/jquery.fancybox.css?v=2.1.5 HTTP/1.1" 304 -
186.28.185.16 - - [23/Mar/2017:00:33:15 -0500] "GET /galeria/galeria/jquery.fancybox.js?v=2.1.5 HTTP/1.1" 304 -
189.241.250.84 - - [23/Mar/2017:00:33:23 -0500] "GET /galeria/galeria/jquery.fancybox.css?v=2.1.5 HTTP/1.1" 304 -
189.241.250.84 - - [23/Mar/2017:00:33:23 -0500] "GET /BLA/boletinlegal/js/jquery.scrollShow.js HTTP/1.1" 304 -
189.241.250.84 - - [23/Mar/2017:00:33:23 -0500] "GET /galeria/galeria/jquery.fancybox.js?v=2.1.5 HTTP/1.1" 304 -
66.249.66.175 - - [23/Mar/2017:00:33:27 -0500] "GET /BLA/resoluciones/AUTOS%202008/0526.pdf HTTP/1.1" 200 95606
136.243.36.97 - - [23/Mar/2017:00:33:28 -0500] "GET /BLA/resoluciones/index.php?dir=RESOLUCIONES%202005/RES%202005%201001-1050/&sort=size&order=desc HTTP/1.1" 200 12363
192.168.175.104 - - [23/Mar/2017:00:33:31 -0500] "GET / HTTP/1.1" 200 9990
163.172.65.243 - - [23/Mar/2017:00:33:46 -0500] "GET /BLA/resoluciones/RESOLUCIONES%202003/RES%202003%201401-1450/20031415.tif HTTP/1.1" 200 219532
136.243.36.97 - - [23/Mar/2017:00:33:55 -0500] "GET /BLA/resoluciones/index.php?dir=RESOLUCIONES%202005/RES%202005%201051-1100/&sort=date&order=desc HTTP/1.1" 200 3975
136.243.36.97 - - [23/Mar/2017:00:34:09 -0500] "GET /BLA/resoluciones/index.php?dir=RESOLUCIONES%202005/RES%202005%201051-1100/&sort=name&order=asc HTTP/1.1" 200 3976
152.204.172.4 - - [23/Mar/2017:00:34:09 -0500] "GET /galeria/galeria/jquery.fancybox.css?v=2.1.5 HTTP/1.1" 200 4895
152.204.172.4 - - [23/Mar/2017:00:34:09 -0500] "GET /BLA/boletinlegal/js/jquery.scrollShow.js HTTP/1.1" 200 4586
152.204.172.4 - - [23/Mar/2017:00:34:09 -0500] "GET /galeria/galeria/jquery.fancybox.js?v=2.1.5 HTTP/1.1" 200 48706
152.204.172.4 - - [23/Mar/2017:00:34:18 -0500] "GET /galeria/galeria/jquery.fancybox.css?v=2.1.5 HTTP/1.1" 304 -
152.204.172.4 - - [23/Mar/2017:00:34:18 -0500] "GET /BLA/boletinlegal/js/jquery.scrollShow.js HTTP/1.1" 304 -
152.204.172.4 - - [23/Mar/2017:00:34:18 -0500] "GET /galeria/galeria/jquery.fancybox.js?v=2.1.5 HTTP/1.1" 304 -
207.46.13.149 - - [23/Mar/2017:00:34:35 -0500] "GET /robots.txt HTTP/1.1" 404 1015
40.77.167.130 - - [23/Mar/2017:00:34:34 -0500] "GET /POT-2013/Cartografia/04_Inundacion_V1_2013.pdf HTTP/1.1" 200 4942126
136.243.36.97 - - [23/Mar/2017:00:35:27 -0500] "GET /BLA/resoluciones/index.php?dir=RESOLUCIONES%202005/RES%202005%201051-1100/&sort=size&order=desc HTTP/1.1" 200 3975
66.249.66.181 - - [23/Mar/2017:00:35:27 -0500] "GET /BLA/resoluciones/RESOLUCIONES%202007/RES%202007%202101%20AL%202200/RESOLUCION%202116%20DE%202007.pdf HTTP/1.1" 200 1301074
136.243.36.97 - - [23/Mar/2017:00:35:49 -0500] "GET /BLA/resoluciones/index.php?dir=RESOLUCIONES%202005/RES%202005%201101-1150/&sort=date&order=desc HTTP/1.1" 200 12362
186.145.16.40 - - [23/Mar/2017:00:36:02 -0500] "-" 408 -
186.145.16.40 - - [23/Mar/2017:00:36:02 -0500] "-" 408 -
186.145.16.40 - - [23/Mar/2017:00:36:02 -0500] "-" 408 -
186.145.16.40 - - [23/Mar/2017:00:36:02 -0500] "-" 408 -
186.145.16.40 - - [23/Mar/2017:00:36:02 -0500] "-" 408 -
66.249.66.181 - - [23/Mar/2017:00:36:07 -0500] "GET /BLA/resoluciones/RESOLUCIONES%202010/7252.pdf HTTP/1.1" 200 717817
69.162.124.233 - - [23/Mar/2017:00:36:08 -0500] "HEAD / HTTP/1.1" 200 -
186.87.1.76 - - [23/Mar/2017:00:36:57 -0500] "GET /BLA/boletinlegal/js/jquery.scrollShow.js HTTP/1.1" 200 4586
186.87.1.76 - - [23/Mar/2017:00:36:57 -0500] "GET /galeria/galeria/jquery.fancybox.js?v=2.1.5 HTTP/1.1" 200 48706
186.87.1.76 - - [23/Mar/2017:00:36:57 -0500] "GET /galeria/galeria/jquery.fancybox.css?v=2.1.5 HTTP/1.1" 200 4895
186.87.1.76 - - [23/Mar/2017:00:37:16 -0500] "GET /BLA/boletinlegal/js/jquery.scrollShow.js HTTP/1.1" 200 4586
186.87.1.76 - - [23/Mar/2017:00:37:16 -0500] "GET /galeria/galeria/jquery.fancybox.js?v=2.1.5 HTTP/1.1" 200 48706
186.87.1.76 - - [23/Mar/2017:00:37:16 -0500] "GET /galeria/galeria/jquery.fancybox.css?v=2.1.5 HTTP/1.1" 200 4895
136.243.36.97 - - [23/Mar/2017:00:37:17 -0500] "GET /BLA/resoluciones/index.php?dir=RESOLUCIONES%202005/RES%202005%201101-1150/&sort=name&order=asc HTTP/1.1" 200 12363
187.195.57.230 - - [23/Mar/2017:00:37:23 -0500] "GET /BLA/boletinlegal/js/jquery.scrollShow.js HTTP/1.1" 200 4586
187.195.57.230 - - [23/Mar/2017:00:37:23 -0500] "GET /galeria/galeria/jquery.fancybox.css?v=2.1.5 HTTP/1.1" 200 4895
187.195.57.230 - - [23/Mar/2017:00:37:23 -0500] "GET /galeria/galeria/jquery.fancybox.js?v=2.1.5 HTTP/1.1" 200 48706
136.243.36.97 - - [23/Mar/2017:00:37:25 -0500] "GET /BLA/resoluciones/index.php?dir=RESOLUCIONES%202005/RES%202005%201101-1150/&sort=size&order=desc HTTP/1.1" 200 12362
136.243.36.97 - - [23/Mar/2017:00:37:30 -0500] "GET /BLA/resoluciones/index.php?dir=RESOLUCIONES%202005/RES%202005%201151-1200/&sort=date&order=desc HTTP/1.1" 200 12361
66.249.66.178 - - [23/Mar/2017:00:37:31 -0500] "GET /BLA/resoluciones/RESOLUCIONES%202010/5810.pdf HTTP/1.1" 200 304342
192.168.175.104 - - [23/Mar/2017:00:37:41 -0500] "GET / HTTP/1.0" 200 9990
187.195.57.230 - - [23/Mar/2017:00:37:49 -0500] "GET /galeria/galeria/jquery.fancybox.css?v=2.1.5 HTTP/1.1" 304 -
187.195.57.230 - - [23/Mar/2017:00:37:49 -0500] "GET /BLA/boletinlegal/js/jquery.scrollShow.js HTTP/1.1" 304 -
187.195.57.230 - - [23/Mar/2017:00:37:49 -0500] "GET /galeria/galeria/jquery.fancybox.js?v=2.1.5 HTTP/1.1" 304 -
136.243.36.97 - - [23/Mar/2017:00:37:50 -0500] "GET /BLA/resoluciones/index.php?dir=RESOLUCIONES%202005/RES%202005%201151-1200/&sort=name&order=asc HTTP/1.1" 200 12362
192.168.175.104 - - [23/Mar/2017:00:37:51 -0500] "GET / HTTP/1.1" 200 9990
207.46.13.253 - - [23/Mar/2017:00:38:11 -0500] "GET /robots.txt HTTP/1.1" 404 1015
157.55.39.184 - - [23/Mar/2017:00:38:11 -0500] "GET /BLA/boletinlegal/Circulares/2015/2015.php.2015.pdf HTTP/1.1" 200 379
207.46.13.253 - - [23/Mar/2017:00:38:11 -0500] "GET /robots.txt HTTP/1.1" 404 1015
136.243.36.97 - - [23/Mar/2017:00:38:17 -0500] "GET /BLA/resoluciones/index.php?dir=RESOLUCIONES%202005/RES%202005%201151-1200/&sort=size&order=desc HTTP/1.1" 200 12361
136.243.36.97 - - [23/Mar/2017:00:38:24 -0500] "GET /BLA/resoluciones/index.php?dir=RESOLUCIONES%202005/RES%202005%201201-1250/&sort=date&order=desc HTTP/1.1" 200 12368
192.168.175.104 - - [23/Mar/2017:00:38:29 -0500] "GET / HTTP/1.1" 200 9990
136.243.36.97 - - [23/Mar/2017:00:38:30 -0500] "GET /BLA/resoluciones/index.php?dir=RESOLUCIONES%202005/RES%202005%201201-1250/&sort=name&order=asc HTTP/1.1" 200 12369
157.55.39.140 - - [23/Mar/2017:00:38:37 -0500] "GET /Autoliquidacion/index.php?dir=Solicitud%20de%20Clasificaci\xc3\x83\xc2\xb3n%20de%20Impacto%20Ambiental/&sort=size&order=asc HTTP/1.1" 200 6680
66.249.66.175 - - [23/Mar/2017:00:38:47 -0500] "GET /BLA/resoluciones/AUTOS%202013/3376.pdf HTTP/1.1" 200 1339598
136.243.36.97 - - [23/Mar/2017:00:39:08 -0500] "GET /BLA/resoluciones/index.php?dir=RESOLUCIONES%202005/RES%202005%201201-1250/&sort=size&order=desc HTTP/1.1" 200 12368
66.249.66.178 - - [23/Mar/2017:00:39:27 -0500] "GET /BLA/resoluciones/AUTOS%202015/6417.pdf HTTP/1.1" 200 740812
83.233.207.74 - - [23/Mar/2017:00:39:48 -0500] "GET / HTTP/1.1" 301 324
136.243.36.97 - - [23/Mar/2017:00:40:06 -0500] "GET /BLA/resoluciones/index.php?dir=RESOLUCIONES%202005/RES%202005%201251-1300/&sort=date&order=desc HTTP/1.1" 200 12361
66.249.66.181 - - [23/Mar/2017:00:40:07 -0500] "GET /BLA/resoluciones/RESOLUCIONES%202010/1984.pdf HTTP/1.1" 200 339452
163.172.65.245 - - [23/Mar/2017:00:40:16 -0500] "GET /BLA/resoluciones/RESOLUCIONES%202003/RES%202003%202101-2150/20032107.tif HTTP/1.1" 200 96876
213.64.193.112 - - [23/Mar/2017:00:40:20 -0500] "GET /favicon.ico HTTP/1.1" 200 7782
136.243.36.97 - - [23/Mar/2017:00:40:28 -0500] "GET /BLA/resoluciones/index.php?dir=RESOLUCIONES%202005/RES%202005%201251-1300/&sort=name&order=asc HTTP/1.1" 200 12362
207.46.13.117 - - [23/Mar/2017:00:40:45 -0500] "GET /galeria/nivo-slider/demo/demo.html HTTP/1.1" 200 3538
136.243.36.97 - - [23/Mar/2017:00:40:46 -0500] "GET /BLA/resoluciones/index.php?dir=RESOLUCIONES%202005/RES%202005%201251-1300/&sort=size&order=desc HTTP/1.1" 200 12361
69.142.160.183 - - [23/Mar/2017:00:41:00 -0500] "HEAD /dama/libreria/pdf/PMA_alcaldia.pdf HTTP/1.1" 404 -
69.142.160.183 - - [23/Mar/2017:00:41:01 -0500] "GET /dama/libreria/pdf/PMA_alcaldia.pdf HTTP/1.1" 404 1225
69.162.124.233 - - [23/Mar/2017:00:41:08 -0500] "HEAD / HTTP/1.1" 200 -
136.243.36.97 - - [23/Mar/2017:00:41:14 -0500] "GET /BLA/resoluciones/index.php?dir=RESOLUCIONES%202005/RES%202005%201301-1350/&sort=date&order=desc HTTP/1.1" 200 12343
66.249.66.178 - - [23/Mar/2017:00:41:27 -0500] "GET /BLA/resoluciones/AUTOS%202013/3159.pdf HTTP/1.1" 200 1027442
186.85.94.186 - - [23/Mar/2017:00:41:56 -0500] "GET /sipse/ HTTP/1.1" 302 -
186.85.94.186 - - [23/Mar/2017:00:41:56 -0500] "GET /sipse/faces/autenticacion.xhtml HTTP/1.1" 200 10992
186.85.94.186 - - [23/Mar/2017:00:41:56 -0500] "GET /sipse/js/disable_browser_buttons.js HTTP/1.1" 304 -
186.85.94.186 - - [23/Mar/2017:00:41:56 -0500] "GET /sipse/js/funciones.js HTTP/1.1" 304 -
186.85.94.186 - - [23/Mar/2017:00:41:56 -0500] "GET /sipse/css/custom_css_sg.css HTTP/1.1" 304 -
186.85.94.186 - - [23/Mar/2017:00:41:56 -0500] "GET /sipse/css/custom_css_sg_prime_login.css HTTP/1.1" 304 -
186.85.94.186 - - [23/Mar/2017:00:41:56 -0500] "GET /sipse/faces/javax.faces.resource/theme.css?ln=primefaces-sipse HTTP/1.1" 304 -
186.85.94.186 - - [23/Mar/2017:00:41:56 -0500] "GET /sipse/faces/javax.faces.resource/primefaces.css?ln=primefaces&v=4.0 HTTP/1.1" 304 -
186.85.94.186 - - [23/Mar/2017:00:41:56 -0500] "GET /sipse/faces/javax.faces.resource/layout/layout.css?ln=primefaces&v=4.0 HTTP/1.1" 304 -
186.85.94.186 - - [23/Mar/2017:00:41:56 -0500] "GET /sipse/faces/javax.faces.resource/jquery/jquery.js?ln=primefaces&v=4.0 HTTP/1.1" 304 -
186.85.94.186 - - [23/Mar/2017:00:41:56 -0500] "GET /sipse/faces/javax.faces.resource/jquery/jquery-plugins.js?ln=primefaces&v=4.0 HTTP/1.1" 304 -
186.85.94.186 - - [23/Mar/2017:00:41:56 -0500] "GET /sipse/faces/javax.faces.resource/primefaces.js?ln=primefaces&v=4.0 HTTP/1.1" 304 -
186.85.94.186 - - [23/Mar/2017:00:41:56 -0500] "GET /sipse/faces/javax.faces.resource/layout/layout.js?ln=primefaces&v=4.0 HTTP/1.1" 304 -
186.85.94.186 - - [23/Mar/2017:00:41:56 -0500] "GET /sipse/css/imagen/logoSDG.png HTTP/1.1" 304 -
186.85.94.186 - - [23/Mar/2017:00:41:56 -0500] "GET /sipse/css/imagen/loginimg.png HTTP/1.1" 304 -
186.85.94.186 - - [23/Mar/2017:00:41:56 -0500] "GET /sipse/faces/javax.faces.resource/images/ui-icons_898989_256x240.png?ln=primefaces-aristo HTTP/1.1" 304 -
186.85.94.186 - - [23/Mar/2017:00:41:57 -0500] "GET /sipse/faces/index.xhtml HTTP/1.1" 200 758
186.85.94.186 - - [23/Mar/2017:00:41:57 -0500] "GET /sipse/faces/javax.faces.resource/theme.css?ln=primefaces-sipse HTTP/1.1" 304 -
186.85.94.186 - - [23/Mar/2017:00:41:58 -0500] "GET /sipse/ HTTP/1.1" 302 -
186.85.94.186 - - [23/Mar/2017:00:41:58 -0500] "GET /sipse/faces/autenticacion.xhtml HTTP/1.1" 200 10992
186.85.94.186 - - [23/Mar/2017:00:41:58 -0500] "GET /sipse/faces/javax.faces.resource/theme.css?ln=primefaces-sipse HTTP/1.1" 304 -
186.85.94.186 - - [23/Mar/2017:00:41:58 -0500] "GET /sipse/faces/javax.faces.resource/layout/layout.css?ln=primefaces&v=4.0 HTTP/1.1" 304 -
186.85.94.186 - - [23/Mar/2017:00:41:58 -0500] "GET /sipse/faces/javax.faces.resource/primefaces.css?ln=primefaces&v=4.0 HTTP/1.1" 304 -
186.85.94.186 - - [23/Mar/2017:00:41:58 -0500] "GET /sipse/faces/javax.faces.resource/jquery/jquery.js?ln=primefaces&v=4.0 HTTP/1.1" 304 -
186.85.94.186 - - [23/Mar/2017:00:41:58 -0500] "GET /sipse/faces/javax.faces.resource/jquery/jquery-plugins.js?ln=primefaces&v=4.0 HTTP/1.1" 304 -
186.85.94.186 - - [23/Mar/2017:00:41:58 -0500] "GET /sipse/faces/javax.faces.resource/primefaces.js?ln=primefaces&v=4.0 HTTP/1.1" 304 -
186.85.94.186 - - [23/Mar/2017:00:41:58 -0500] "GET /sipse/faces/javax.faces.resource/layout/layout.js?ln=primefaces&v=4.0 HTTP/1.1" 304 -
186.85.94.186 - - [23/Mar/2017:00:41:59 -0500] "GET /sipse/faces/javax.faces.resource/images/ui-icons_898989_256x240.png?ln=primefaces-aristo HTTP/1.1" 304 -
186.85.94.186 - - [23/Mar/2017:00:41:59 -0500] "GET /sipse/faces/index.xhtml HTTP/1.1" 200 758
186.85.94.186 - - [23/Mar/2017:00:41:59 -0500] "GET /sipse/faces/javax.faces.resource/theme.css?ln=primefaces-sipse HTTP/1.1" 304 -
186.85.94.186 - - [23/Mar/2017:00:41:59 -0500] "GET /sipse/faces/faces/autenticacion.xhtml HTTP/1.1" 200 10992
186.85.94.186 - - [23/Mar/2017:00:41:59 -0500] "GET /sipse/faces/javax.faces.resource/primefaces.js?ln=primefaces&v=4.0 HTTP/1.1" 304 -
186.85.94.186 - - [23/Mar/2017:00:41:59 -0500] "GET /sipse/faces/javax.faces.resource/jquery/jquery.js?ln=primefaces&v=4.0 HTTP/1.1" 304 -
186.85.94.186 - - [23/Mar/2017:00:41:59 -0500] "GET /sipse/faces/javax.faces.resource/primefaces.css?ln=primefaces&v=4.0 HTTP/1.1" 304 -
186.85.94.186 - - [23/Mar/2017:00:41:59 -0500] "GET /sipse/faces/javax.faces.resource/theme.css?ln=primefaces-sipse HTTP/1.1" 304 -
186.85.94.186 - - [23/Mar/2017:00:41:59 -0500] "GET /sipse/faces/javax.faces.resource/layout/layout.css?ln=primefaces&v=4.0 HTTP/1.1" 304 -
186.85.94.186 - - [23/Mar/2017:00:41:59 -0500] "GET /sipse/faces/javax.faces.resource/jquery/jquery-plugins.js?ln=primefaces&v=4.0 HTTP/1.1" 304 -
186.85.94.186 - - [23/Mar/2017:00:41:59 -0500] "GET /sipse/faces/javax.faces.resource/layout/layout.js?ln=primefaces&v=4.0 HTTP/1.1" 304 -
66.249.66.175 - - [23/Mar/2017:00:42:07 -0500] "GET /BLA/resoluciones/AUTOS%202009/1903.pdf HTTP/1.1" 200 421651
186.85.94.186 - - [23/Mar/2017:00:42:10 -0500] "POST /sipse/faces/autenticacion.xhtml HTTP/1.1" 200 17418
186.85.94.186 - - [23/Mar/2017:00:42:10 -0500] "GET /sipse/css/custom_css_sg_prime.css HTTP/1.1" 304 -
186.85.94.186 - - [23/Mar/2017:00:42:10 -0500] "GET /sipse/faces/javax.faces.resource/theme.css?ln=primefaces-sipse HTTP/1.1" 304 -
186.85.94.186 - - [23/Mar/2017:00:42:10 -0500] "GET /sipse/faces/javax.faces.resource/layout/layout.css?ln=primefaces&v=4.0 HTTP/1.1" 304 -
186.85.94.186 - - [23/Mar/2017:00:42:10 -0500] "GET /sipse/faces/javax.faces.resource/primefaces.css?ln=primefaces&v=4.0 HTTP/1.1" 304 -
186.85.94.186 - - [23/Mar/2017:00:42:10 -0500] "GET /sipse/js/jquery.min.js HTTP/1.1" 304 -
186.85.94.186 - - [23/Mar/2017:00:42:10 -0500] "GET /sipse/faces/javax.faces.resource/jquery/jquery.js?ln=primefaces&v=4.0 HTTP/1.1" 304 -
186.85.94.186 - - [23/Mar/2017:00:42:10 -0500] "GET /sipse/faces/javax.faces.resource/jquery/jquery-plugins.js?ln=primefaces&v=4.0 HTTP/1.1" 304 -
186.85.94.186 - - [23/Mar/2017:00:42:10 -0500] "GET /sipse/faces/javax.faces.resource/primefaces.js?ln=primefaces&v=4.0 HTTP/1.1" 304 -
186.85.94.186 - - [23/Mar/2017:00:42:10 -0500] "GET /sipse/faces/javax.faces.resource/layout/layout.js?ln=primefaces&v=4.0 HTTP/1.1" 304 -
186.85.94.186 - - [23/Mar/2017:00:42:10 -0500] "GET /sipse/imagenes/cargando.gif HTTP/1.1" 304 -
186.85.94.186 - - [23/Mar/2017:00:42:10 -0500] "GET /sipse/imagenes/logoAplicacion.jpg HTTP/1.1" 304 -
186.85.94.186 - - [23/Mar/2017:00:42:11 -0500] "GET /sipse/css/imagen/contrasena.png HTTP/1.1" 404 440
186.85.94.186 - - [23/Mar/2017:00:42:11 -0500] "GET /sipse/faces/javax.faces.resource/messages/messages.png?ln=primefaces&v=4.0 HTTP/1.1" 304 -
186.85.94.186 - - [23/Mar/2017:00:42:13 -0500] "GET /sipse/faces/javax.faces.resource/images/ui-bg_flat_0_2d5972_40x100.png?ln=primefaces-aristo HTTP/1.1" 304 -
186.85.94.186 - - [23/Mar/2017:00:42:13 -0500] "POST /sipse/faces/bienvenido.xhtml HTTP/1.1" 200 3358
163.172.65.209 - - [23/Mar/2017:00:42:14 -0500] "GET /BLA/resoluciones/RESOLUCIONES%202004/RES%202004%201551-1600/00001557.tif HTTP/1.1" 200 199844
186.85.94.186 - - [23/Mar/2017:00:42:14 -0500] "POST /sipse/faces/bienvenido.xhtml HTTP/1.1" 200 35099
186.85.94.186 - - [23/Mar/2017:00:42:15 -0500] "GET /sipse/faces/javax.faces.resource/primefaces.css?ln=primefaces&v=4.0 HTTP/1.1" 304 -
186.85.94.186 - - [23/Mar/2017:00:42:15 -0500] "GET /sipse/faces/javax.faces.resource/theme.css?ln=primefaces-sipse HTTP/1.1" 304 -
186.85.94.186 - - [23/Mar/2017:00:42:15 -0500] "GET /sipse/faces/javax.faces.resource/layout/layout.css?ln=primefaces&v=4.0 HTTP/1.1" 304 -
186.85.94.186 - - [23/Mar/2017:00:42:15 -0500] "GET /sipse/faces/javax.faces.resource/jquery/jquery.js?ln=primefaces&v=4.0 HTTP/1.1" 304 -
186.85.94.186 - - [23/Mar/2017:00:42:15 -0500] "GET /sipse/faces/javax.faces.resource/jquery/jquery-plugins.js?ln=primefaces&v=4.0 HTTP/1.1" 304 -
186.85.94.186 - - [23/Mar/2017:00:42:15 -0500] "GET /sipse/faces/javax.faces.resource/primefaces.js?ln=primefaces&v=4.0 HTTP/1.1" 304 -
186.85.94.186 - - [23/Mar/2017:00:42:15 -0500] "GET /sipse/faces/javax.faces.resource/layout/layout.js?ln=primefaces&v=4.0 HTTP/1.1" 304 -
186.85.94.186 - - [23/Mar/2017:00:42:15 -0500] "GET /sipse/css/imagen/contrasena.png HTTP/1.1" 404 440
186.85.94.186 - - [23/Mar/2017:00:42:15 -0500] "POST /sipse/faces/presentacion/financiero/solicitudProceso/listarSolicitudProceso.xhtml HTTP/1.1" 200 308
192.168.175.104 - - [23/Mar/2017:00:42:39 -0500] "GET / HTTP/1.0" 200 9990
163.172.66.181 - - [23/Mar/2017:00:42:41 -0500] "GET /BLA/resoluciones/AUTOS%202006/AUTOS%202006%201701%20-%201800/00001797.tif HTTP/1.1" 200 129138
66.249.66.178 - - [23/Mar/2017:00:42:47 -0500] "GET /BLA/resoluciones/AUTOS%202014/5602.pdf HTTP/1.1" 200 570096
192.168.175.104 - - [23/Mar/2017:00:42:50 -0500] "GET / HTTP/1.1" 200 9990
190.159.1.155 - - [23/Mar/2017:00:43:04 -0500] "GET /galeria/galeria/jquery.fancybox.css?v=2.1.5 HTTP/1.1" 200 4895
190.159.1.155 - - [23/Mar/2017:00:43:04 -0500] "GET /BLA/boletinlegal/js/jquery.scrollShow.js HTTP/1.1" 200 4586
190.159.1.155 - - [23/Mar/2017:00:43:04 -0500] "GET /galeria/galeria/jquery.fancybox.js?v=2.1.5 HTTP/1.1" 200 48706
190.159.1.155 - - [23/Mar/2017:00:43:10 -0500] "GET /galeria/galeria/jquery.fancybox.js?v=2.1.5 HTTP/1.1" 304 -
190.159.1.155 - - [23/Mar/2017:00:43:10 -0500] "GET /galeria/galeria/jquery.fancybox.css?v=2.1.5 HTTP/1.1" 304 -
190.159.1.155 - - [23/Mar/2017:00:43:10 -0500] "GET /BLA/boletinlegal/js/jquery.scrollShow.js HTTP/1.1" 304 -
185.20.6.14 - - [23/Mar/2017:00:43:13 -0500] "GET /dama/libreria/pdf/PMA_alcaldia.pdf HTTP/1.1" 404 1019
163.172.66.132 - - [23/Mar/2017:00:43:13 -0500] "GET /BLA/resoluciones/index.php?dir=RESOLUCIONES%202002/RES%202002%201701-1750/&sort=name&order=desc HTTP/1.1" 200 12140
66.249.66.175 - - [23/Mar/2017:00:43:19 -0500] "GET /BLA/resoluciones/RESOLUCIONES%202010/6746.pdf HTTP/1.1" 200 340713
163.172.66.171 - - [23/Mar/2017:00:43:20 -0500] "GET /BLA/resoluciones/AUTOS%202006/AUTOS%202006%202401%20-%202500/00002426.tif HTTP/1.1" 200 52936
136.243.36.97 - - [23/Mar/2017:00:43:22 -0500] "GET /robots.txt HTTP/1.1" 404 1018
136.243.36.97 - - [23/Mar/2017:00:43:23 -0500] "GET /BLA/resoluciones/index.php?dir=RESOLUCIONES%202005/RES%202005%201301-1350/&sort=name&order=asc HTTP/1.1" 200 12344
66.249.66.175 - - [23/Mar/2017:00:43:27 -0500] "GET /BLA/resoluciones/RESOLUCIONES%202008/0096.pdf HTTP/1.1" 200 285416
192.168.175.104 - - [23/Mar/2017:00:43:27 -0500] "GET / HTTP/1.1" 200 9990
136.243.36.97 - - [23/Mar/2017:00:43:33 -0500] "GET /BLA/resoluciones/index.php?dir=RESOLUCIONES%202005/RES%202005%201301-1350/&sort=size&order=desc HTTP/1.1" 200 12343
136.243.36.97 - - [23/Mar/2017:00:43:37 -0500] "GET /BLA/resoluciones/index.php?dir=RESOLUCIONES%202005/RES%202005%201351-1400/&sort=date&order=desc HTTP/1.1" 200 12355
66.249.66.181 - - [23/Mar/2017:00:44:07 -0500] "GET /BLA/resoluciones/RESOLUCIONES%202009/8239.pdf HTTP/1.1" 200 287715
136.243.36.97 - - [23/Mar/2017:00:44:10 -0500] "GET /BLA/resoluciones/index.php?dir=RESOLUCIONES%202005/RES%202005%201351-1400/&sort=name&order=asc HTTP/1.1" 200 12356
136.243.36.97 - - [23/Mar/2017:00:44:21 -0500] "GET /BLA/resoluciones/index.php?dir=RESOLUCIONES%202005/RES%202005%201351-1400/&sort=size&order=desc HTTP/1.1" 200 12355
66.249.66.178 - - [23/Mar/2017:00:44:47 -0500] "GET /BLA/resoluciones/AUTOS%202015/0336.pdf HTTP/1.1" 200 565895
79.212.95.200 - - [23/Mar/2017:00:44:47 -0500] "GET /BLA/boletinlegal/images/hover.jpg HTTP/1.1" 304 -
79.212.95.200 - - [23/Mar/2017:00:44:47 -0500] "GET /BLA/boletinlegal/images/text.jpg HTTP/1.1" 304 -
79.212.95.200 - - [23/Mar/2017:00:44:47 -0500] "GET /BLA/boletinlegal/images/footer_bg_l.jpg HTTP/1.1" 304 -
79.212.95.200 - - [23/Mar/2017:00:44:47 -0500] "GET /BLA/boletinlegal/images/bg_top.jpg HTTP/1.1" 304 -
79.212.95.200 - - [23/Mar/2017:00:44:47 -0500] "GET /BLA/boletinlegal/images/historia.png HTTP/1.1" 304 -
79.212.95.200 - - [23/Mar/2017:00:44:47 -0500] "GET /BLA/boletinlegal/images/subscribe-icon-big.png HTTP/1.1" 304 -
79.212.95.200 - - [23/Mar/2017:00:44:47 -0500] "GET /BLA/boletinlegal/images/cabezote%20BLEGAL.jpg HTTP/1.1" 304 -
79.212.95.200 - - [23/Mar/2017:00:44:47 -0500] "GET /BLA/boletinlegal/images/body_bg.jpg HTTP/1.1" 304 -
79.212.95.200 - - [23/Mar/2017:00:44:47 -0500] "GET /BLA/boletinlegal/style.css HTTP/1.1" 304 -
79.212.95.200 - - [23/Mar/2017:00:44:47 -0500] "GET /BLA/boletinlegal/images/menu_bg.jpg HTTP/1.1" 304 -
79.212.95.200 - - [23/Mar/2017:00:44:47 -0500] "GET /BLA/boletinlegal/images/menu_rght.gif HTTP/1.1" 304 -
79.212.95.200 - - [23/Mar/2017:00:44:47 -0500] "GET /BLA/boletinlegal/images/menu_lft.gif HTTP/1.1" 304 -
79.212.95.200 - - [23/Mar/2017:00:44:48 -0500] "GET /BLA/boletinlegal/images/footer_bg.jpg HTTP/1.1" 304 -
79.212.95.200 - - [23/Mar/2017:00:44:49 -0500] "GET /BLA/boletinlegal/images/icono-email.png HTTP/1.1" 304 -
79.212.95.200 - - [23/Mar/2017:00:44:49 -0500] "GET /BLA/boletinlegal/styles2.css HTTP/1.1" 304 -
79.212.95.200 - - [23/Mar/2017:00:44:49 -0500] "GET /BLA/boletinlegal/images/registro-usuarios.png HTTP/1.1" 304 -
79.212.95.200 - - [23/Mar/2017:00:44:49 -0500] "GET /BLA/boletinlegal/images/img_3.jpg HTTP/1.1" 304 -
79.212.95.200 - - [23/Mar/2017:00:44:49 -0500] "GET /BLA/boletinlegal/images/tel.png HTTP/1.1" 304 -
79.212.95.200 - - [23/Mar/2017:00:44:50 -0500] "GET /BLA/boletinlegal/js/popup.js HTTP/1.1" 304 -
79.212.95.200 - - [23/Mar/2017:00:44:50 -0500] "GET /BLA/boletinlegal/js/lib.js HTTP/1.1" 304 -
79.212.95.200 - - [23/Mar/2017:00:44:50 -0500] "GET /BLA/boletinlegal/js/jquery1.js HTTP/1.1" 304 -
136.243.36.97 - - [23/Mar/2017:00:44:50 -0500] "GET /BLA/resoluciones/index.php?dir=RESOLUCIONES%202005/RES%202005%201401-1450/&sort=date&order=desc HTTP/1.1" 200 12364
136.243.36.97 - - [23/Mar/2017:00:44:55 -0500] "GET /BLA/resoluciones/index.php?dir=RESOLUCIONES%202005/RES%202005%201401-1450/&sort=name&order=asc HTTP/1.1" 200 12365
136.243.36.97 - - [23/Mar/2017:00:45:06 -0500] "GET /BLA/resoluciones/index.php?dir=RESOLUCIONES%202005/RES%202005%201401-1450/&sort=size&order=desc HTTP/1.1" 200 12364
190.159.1.155 - - [23/Mar/2017:00:45:16 -0500] "GET /BLA/boletinlegal/js/jquery.scrollShow.js HTTP/1.1" 200 4586
190.159.1.155 - - [23/Mar/2017:00:45:16 -0500] "GET /galeria/galeria/jquery.fancybox.css?v=2.1.5 HTTP/1.1" 200 4895
190.159.1.155 - - [23/Mar/2017:00:45:16 -0500] "GET /galeria/galeria/jquery.fancybox.js?v=2.1.5 HTTP/1.1" 200 48706
66.249.66.178 - - [23/Mar/2017:00:45:27 -0500] "GET /BLA/resoluciones/RESOLUCIONES%202009/2046.pdf HTTP/1.1" 200 769770
190.159.1.155 - - [23/Mar/2017:00:45:34 -0500] "GET /galeria/galeria/jquery.fancybox.css?v=2.1.5 HTTP/1.1" 304 -
190.159.1.155 - - [23/Mar/2017:00:45:34 -0500] "GET /BLA/boletinlegal/js/jquery.scrollShow.js HTTP/1.1" 304 -
190.159.1.155 - - [23/Mar/2017:00:45:34 -0500] "GET /galeria/galeria/jquery.fancybox.js?v=2.1.5 HTTP/1.1" 304 -
190.13.4.127 - - [23/Mar/2017:00:45:43 -0500] "GET /galeria/galeria/jquery.fancybox.css?v=2.1.5 HTTP/1.1" 200 4895
190.13.4.127 - - [23/Mar/2017:00:45:43 -0500] "GET /BLA/boletinlegal/js/jquery.scrollShow.js HTTP/1.1" 200 4586
190.13.4.127 - - [23/Mar/2017:00:45:43 -0500] "GET /galeria/galeria/jquery.fancybox.js?v=2.1.5 HTTP/1.1" 200 48706
190.13.4.127 - - [23/Mar/2017:00:45:48 -0500] "GET /BLA/boletinlegal/js/jquery.scrollShow.js HTTP/1.1" 304 -
190.13.4.127 - - [23/Mar/2017:00:45:48 -0500] "GET /galeria/galeria/jquery.fancybox.js?v=2.1.5 HTTP/1.1" 304 -
190.13.4.127 - - [23/Mar/2017:00:45:48 -0500] "GET /galeria/galeria/jquery.fancybox.css?v=2.1.5 HTTP/1.1" 304 -
66.249.66.181 - - [23/Mar/2017:00:46:07 -0500] "GET /BLA/resoluciones/RESOLUCIONES%202009/4078.pdf HTTP/1.1" 200 440661
69.162.124.233 - - [23/Mar/2017:00:46:08 -0500] "HEAD / HTTP/1.1" 200 -
125.209.235.177 - - [23/Mar/2017:00:46:33 -0500] "GET /robots.txt HTTP/1.1" 404 1099
125.209.235.182 - - [23/Mar/2017:00:46:35 -0500] "GET /dama/libreria/pdf/PMA_alcaldia.pdf HTTP/1.1" 404 1099
51.255.65.28 - - [23/Mar/2017:00:46:45 -0500] "GET /BLA/resoluciones/RESOLUCIONES%202004/RES%202004%20151-200/00000192.tif HTTP/1.1" 200 124570
66.249.66.178 - - [23/Mar/2017:00:46:47 -0500] "GET /BLA/resoluciones/RESOLUCIONES%202014/0708.pdf HTTP/1.1" 200 837947
163.172.64.223 - - [23/Mar/2017:00:47:18 -0500] "GET /BLA/resoluciones/RESOLUCIONES%202004/RES%202004%20601-650/00000618.tif HTTP/1.1" 200 106264
190.181.192.233 - - [23/Mar/2017:00:47:20 -0500] "GET /BLA/boletinlegal/js/jquery.scrollShow.js HTTP/1.1" 200 4586
190.181.192.233 - - [23/Mar/2017:00:47:20 -0500] "GET /galeria/galeria/jquery.fancybox.css?v=2.1.5 HTTP/1.1" 200 4895
190.181.192.233 - - [23/Mar/2017:00:47:20 -0500] "GET /galeria/galeria/jquery.fancybox.js?v=2.1.5 HTTP/1.1" 200 48706
190.181.192.233 - - [23/Mar/2017:00:47:25 -0500] "GET /galeria/galeria/jquery.fancybox.css?v=2.1.5 HTTP/1.1" 304 -
190.181.192.233 - - [23/Mar/2017:00:47:25 -0500] "GET /BLA/boletinlegal/js/jquery.scrollShow.js HTTP/1.1" 304 -
190.181.192.233 - - [23/Mar/2017:00:47:25 -0500] "GET /galeria/galeria/jquery.fancybox.js?v=2.1.5 HTTP/1.1" 304 -
192.168.175.104 - - [23/Mar/2017:00:47:37 -0500] "GET / HTTP/1.0" 200 9990
136.243.36.97 - - [23/Mar/2017:00:47:46 -0500] "GET /robots.txt HTTP/1.1" 404 1018
136.243.36.97 - - [23/Mar/2017:00:47:46 -0500] "GET /BLA/resoluciones/index.php?dir=RESOLUCIONES%202005/RES%202005%201451-1500/&sort=date&order=desc HTTP/1.1" 200 12367
192.168.175.104 - - [23/Mar/2017:00:47:47 -0500] "GET / HTTP/1.1" 200 9990
191.158.2.253 - - [23/Mar/2017:00:47:50 -0500] "GET /galeria/galeria/fancybox_overlay.png HTTP/1.1" 200 1003
191.158.2.253 - - [23/Mar/2017:00:47:50 -0500] "GET /galeria/galeria/fotos/Soratama1G.jpg HTTP/1.1" 200 127762
191.158.2.253 - - [23/Mar/2017:00:47:50 -0500] "GET /galeria/galeria/fancybox_sprite@2x.png HTTP/1.1" 200 6553
191.158.2.253 - - [23/Mar/2017:00:47:50 -0500] "GET /galeria/galeria/fancybox_loading@2x.gif HTTP/1.1" 200 13984
191.158.2.253 - - [23/Mar/2017:00:47:50 -0500] "GET /galeria/galeria/fotos/Soratama2G.jpg HTTP/1.1" 200 167638
191.158.2.253 - - [23/Mar/2017:00:47:50 -0500] "GET /galeria/galeria/fotos/Soratama3G.jpg HTTP/1.1" 200 159434
191.158.2.253 - - [23/Mar/2017:00:47:50 -0500] "GET /galeria/galeria/fotos/Soratama4G.jpg HTTP/1.1" 200 167128
191.158.2.253 - - [23/Mar/2017:00:47:51 -0500] "GET /galeria/galeria/blank.gif HTTP/1.1" 200 43
136.243.36.97 - - [23/Mar/2017:00:48:08 -0500] "GET /BLA/resoluciones/index.php?dir=RESOLUCIONES%202005/RES%202005%201451-1500/&sort=name&order=asc HTTP/1.1" 200 12368
192.168.175.104 - - [23/Mar/2017:00:48:25 -0500] "GET / HTTP/1.1" 200 9990
136.243.36.97 - - [23/Mar/2017:00:48:29 -0500] "GET /BLA/resoluciones/index.php?dir=RESOLUCIONES%202005/RES%202005%201451-1500/&sort=size&order=desc HTTP/1.1" 200 12367
40.77.167.38 - - [23/Mar/2017:00:48:59 -0500] "GET /BLA/boletinlegal/Circulares/2012/Circular%20No.%2010%20del%2026%20de%20Enero%20de%202012.pdf HTTP/1.1" 404 1019
186.30.36.3 - - [23/Mar/2017:00:49:03 -0500] "GET /galeria/galeria/jquery.fancybox.css?v=2.1.5 HTTP/1.1" 200 4895
186.30.36.3 - - [23/Mar/2017:00:49:03 -0500] "GET /BLA/boletinlegal/js/jquery.scrollShow.js HTTP/1.1" 200 4586
186.30.36.3 - - [23/Mar/2017:00:49:03 -0500] "GET /galeria/galeria/jquery.fancybox.js?v=2.1.5 HTTP/1.1" 200 48706
161.18.143.223 - - [23/Mar/2017:00:49:27 -0500] "GET /galeria/galeria/jquery.fancybox.css?v=2.1.5 HTTP/1.1" 200 4895
161.18.143.223 - - [23/Mar/2017:00:49:27 -0500] "GET /BLA/boletinlegal/js/jquery.scrollShow.js HTTP/1.1" 200 4586
161.18.143.223 - - [23/Mar/2017:00:49:27 -0500] "GET /galeria/galeria/jquery.fancybox.js?v=2.1.5 HTTP/1.1" 200 48706
79.212.95.200 - - [23/Mar/2017:00:50:23 -0500] "GET /BLA/boletinlegal/images/hover.jpg HTTP/1.1" 304 -
79.212.95.200 - - [23/Mar/2017:00:50:23 -0500] "GET /BLA/boletinlegal/images/text.jpg HTTP/1.1" 304 -
79.212.95.200 - - [23/Mar/2017:00:50:23 -0500] "GET /BLA/boletinlegal/images/footer_bg_l.jpg HTTP/1.1" 304 -
79.212.95.200 - - [23/Mar/2017:00:50:23 -0500] "GET /BLA/boletinlegal/images/subscribe-icon-big.png HTTP/1.1" 304 -
79.212.95.200 - - [23/Mar/2017:00:50:23 -0500] "GET /BLA/boletinlegal/images/historia.png HTTP/1.1" 304 -
79.212.95.200 - - [23/Mar/2017:00:50:23 -0500] "GET /BLA/boletinlegal/images/bg_top.jpg HTTP/1.1" 304 -
79.212.95.200 - - [23/Mar/2017:00:50:23 -0500] "GET /BLA/boletinlegal/images/cabezote%20BLEGAL.jpg HTTP/1.1" 304 -
79.212.95.200 - - [23/Mar/2017:00:50:23 -0500] "GET /BLA/boletinlegal/images/body_bg.jpg HTTP/1.1" 304 -
79.212.95.200 - - [23/Mar/2017:00:50:23 -0500] "GET /BLA/boletinlegal/style.css HTTP/1.1" 304 -
79.212.95.200 - - [23/Mar/2017:00:50:23 -0500] "GET /BLA/boletinlegal/images/menu_rght.gif HTTP/1.1" 304 -
79.212.95.200 - - [23/Mar/2017:00:50:23 -0500] "GET /BLA/boletinlegal/images/menu_bg.jpg HTTP/1.1" 304 -
79.212.95.200 - - [23/Mar/2017:00:50:23 -0500] "GET /BLA/boletinlegal/images/footer_bg.jpg HTTP/1.1" 304 -
79.212.95.200 - - [23/Mar/2017:00:50:23 -0500] "GET /BLA/boletinlegal/images/menu_lft.gif HTTP/1.1" 304 -
79.212.95.200 - - [23/Mar/2017:00:50:24 -0500] "GET /BLA/boletinlegal/images/icono-email.png HTTP/1.1" 304 -
79.212.95.200 - - [23/Mar/2017:00:50:24 -0500] "GET /BLA/boletinlegal/styles2.css HTTP/1.1" 304 -
79.212.95.200 - - [23/Mar/2017:00:50:24 -0500] "GET /BLA/boletinlegal/images/registro-usuarios.png HTTP/1.1" 304 -
79.212.95.200 - - [23/Mar/2017:00:50:24 -0500] "GET /BLA/boletinlegal/images/img_3.jpg HTTP/1.1" 304 -
79.212.95.200 - - [23/Mar/2017:00:50:24 -0500] "GET /BLA/boletinlegal/images/tel.png HTTP/1.1" 304 -
79.212.95.200 - - [23/Mar/2017:00:50:26 -0500] "GET /BLA/boletinlegal/js/popup.js HTTP/1.1" 304 -
79.212.95.200 - - [23/Mar/2017:00:50:26 -0500] "GET /BLA/boletinlegal/js/lib.js HTTP/1.1" 304 -
79.212.95.200 - - [23/Mar/2017:00:50:26 -0500] "GET /BLA/boletinlegal/js/jquery1.js HTTP/1.1" 304 -
