201.245.192.253 - - [27/Apr/2017:06:17:58 -0500] "GET /galeria/nivo-slider/demo/undefined HTTP/1.1" 404 1314
148.251.136.43 - - [27/Apr/2017:06:18:28 -0500] "GET /robots.txt HTTP/1.1" 404 1018
148.251.136.43 - - [27/Apr/2017:06:18:28 -0500] "GET /BLA/resoluciones/index.php?dir=RESOLUCIONES+2005/RES+2005++1651-1700/ HTTP/1.1" 200 12423
69.162.124.233 - - [27/Apr/2017:06:18:59 -0500] "HEAD / HTTP/1.1" 200 -
201.245.192.253 - - [27/Apr/2017:06:19:12 -0500] "GET /galeria/nivo-slider/demo/undefined HTTP/1.1" 404 1314
148.251.136.43 - - [27/Apr/2017:06:19:24 -0500] "GET /BLA/resoluciones/index.php?dir=RESOLUCIONES+2005/RES+2005++1701-1750/ HTTP/1.1" 200 12210
201.245.192.253 - - [27/Apr/2017:06:19:28 -0500] "GET /galeria/nivo-slider/demo/undefined HTTP/1.1" 404 1314
66.249.65.175 - - [27/Apr/2017:06:19:29 -0500] "GET /Residuos/maderas/images/page48_thumbnail.jpg HTTP/1.1" 200 4574
217.182.132.77 - - [27/Apr/2017:06:19:31 -0500] "GET /BLA/resoluciones/RESOLUCIONES%202000/2000%20200-249.tif HTTP/1.1" 200 6293319
164.132.161.85 - - [27/Apr/2017:06:19:33 -0500] "GET /BLA/resoluciones/RESOLUCIONES%202002/RES%202002%20701-750/00000708.tif HTTP/1.1" 200 116412
148.251.136.43 - - [27/Apr/2017:06:20:16 -0500] "GET /BLA/resoluciones/index.php?dir=RESOLUCIONES+2005/RES+2005+1-50/ HTTP/1.1" 200 12563
181.49.233.94 - - [27/Apr/2017:06:20:17 -0500] "GET /galeria/galeria/jquery.fancybox.css?v=2.1.5 HTTP/1.1" 200 4895
181.49.233.94 - - [27/Apr/2017:06:20:17 -0500] "GET /galeria/galeria/jquery.fancybox.js?v=2.1.5 HTTP/1.1" 200 48706
181.49.233.94 - - [27/Apr/2017:06:20:17 -0500] "GET /BLA/boletinlegal/js/jquery.scrollShow.js HTTP/1.1" 200 4586
186.154.93.190 - - [27/Apr/2017:06:20:19 -0500] "GET /BLA/boletinlegal/js/jquery.scrollShow.js HTTP/1.1" 200 4586
186.154.93.190 - - [27/Apr/2017:06:20:20 -0500] "GET /galeria/galeria/jquery.fancybox.js?v=2.1.5 HTTP/1.1" 200 48706
186.154.93.190 - - [27/Apr/2017:06:20:20 -0500] "GET /galeria/galeria/jquery.fancybox.css?v=2.1.5 HTTP/1.1" 200 4895
191.78.74.118 - - [27/Apr/2017:06:20:24 -0500] "GET /BLA/boletinlegal/jurisprudencia/analisis/CUADRO%20ANALISIS%20SENTENCIA%20T-411%20DE%201992.doc HTTP/1.1" 200 41984
220.181.51.113 - - [27/Apr/2017:06:20:26 -0500] "GET /BLA/resoluciones/AUTOS%202015/4981.pdf HTTP/1.1" 200 445812
51.255.65.3 - - [27/Apr/2017:06:20:27 -0500] "GET /BLA/resoluciones/AUTOS%202006/AUTOS%202006%202101%20-%202200/00002129.tif HTTP/1.1" 200 57362
201.245.192.253 - - [27/Apr/2017:06:20:43 -0500] "GET /galeria/nivo-slider/demo/undefined HTTP/1.1" 404 1314
201.245.192.253 - - [27/Apr/2017:06:20:58 -0500] "GET /galeria/nivo-slider/demo/undefined HTTP/1.1" 404 1314
191.102.213.27 - - [27/Apr/2017:06:21:07 -0500] "GET /galeria/galeria/jquery.fancybox.css?v=2.1.5 HTTP/1.1" 200 4895
191.102.213.27 - - [27/Apr/2017:06:21:07 -0500] "GET /galeria/galeria/jquery.fancybox.js?v=2.1.5 HTTP/1.1" 200 48706
191.102.213.27 - - [27/Apr/2017:06:21:07 -0500] "GET /BLA/boletinlegal/js/jquery.scrollShow.js HTTP/1.1" 200 4586
148.251.136.43 - - [27/Apr/2017:06:21:30 -0500] "GET /BLA/resoluciones/index.php?dir=RESOLUCIONES+2005/RES+2005+1001-1050/ HTTP/1.1" 200 12364
186.43.88.75 - - [27/Apr/2017:06:21:32 -0500] "GET /BLA/boletinlegal/js/jquery.scrollShow.js HTTP/1.1" 200 4586
186.43.88.75 - - [27/Apr/2017:06:21:33 -0500] "GET /galeria/galeria/jquery.fancybox.js?v=2.1.5 HTTP/1.1" 200 48706
186.43.88.75 - - [27/Apr/2017:06:21:33 -0500] "GET /galeria/galeria/jquery.fancybox.css?v=2.1.5 HTTP/1.1" 200 4895
186.97.226.15 - - [27/Apr/2017:06:21:35 -0500] "GET /BLA/boletinlegal/js/jquery.scrollShow.js HTTP/1.1" 200 4586
186.97.226.15 - - [27/Apr/2017:06:21:35 -0500] "GET /galeria/galeria/jquery.fancybox.js?v=2.1.5 HTTP/1.1" 200 48706
186.97.226.15 - - [27/Apr/2017:06:21:35 -0500] "GET /galeria/galeria/jquery.fancybox.css?v=2.1.5 HTTP/1.1" 200 4895
186.97.226.15 - - [27/Apr/2017:06:21:39 -0500] "GET /galeria/galeria/jquery.fancybox.css?v=2.1.5 HTTP/1.1" 304 -
186.97.226.15 - - [27/Apr/2017:06:21:39 -0500] "GET /BLA/boletinlegal/js/jquery.scrollShow.js HTTP/1.1" 304 -
186.97.226.15 - - [27/Apr/2017:06:21:39 -0500] "GET /galeria/galeria/jquery.fancybox.js?v=2.1.5 HTTP/1.1" 304 -
186.43.88.75 - - [27/Apr/2017:06:21:39 -0500] "GET /BLA/boletinlegal/js/jquery.scrollShow.js HTTP/1.1" 304 -
186.43.88.75 - - [27/Apr/2017:06:21:39 -0500] "GET /galeria/galeria/jquery.fancybox.js?v=2.1.5 HTTP/1.1" 304 -
186.43.88.75 - - [27/Apr/2017:06:21:40 -0500] "GET /galeria/galeria/jquery.fancybox.css?v=2.1.5 HTTP/1.1" 304 -
192.168.175.104 - - [27/Apr/2017:06:21:45 -0500] "GET / HTTP/1.1" 200 9990
192.168.175.104 - - [27/Apr/2017:06:21:57 -0500] "GET / HTTP/1.0" 200 9990
201.245.192.253 - - [27/Apr/2017:06:22:13 -0500] "GET /galeria/nivo-slider/demo/undefined HTTP/1.1" 404 1314
200.87.88.150 - - [27/Apr/2017:06:22:22 -0500] "GET /galeria/galeria/jquery.fancybox.css?v=2.1.5 HTTP/1.1" 200 4895
200.87.88.150 - - [27/Apr/2017:06:22:22 -0500] "GET /BLA/boletinlegal/js/jquery.scrollShow.js HTTP/1.1" 200 4586
200.87.88.150 - - [27/Apr/2017:06:22:22 -0500] "GET /galeria/galeria/jquery.fancybox.js?v=2.1.5 HTTP/1.1" 200 48706
201.245.192.253 - - [27/Apr/2017:06:22:28 -0500] "GET /galeria/nivo-slider/demo/undefined HTTP/1.1" 404 1314
148.251.136.43 - - [27/Apr/2017:06:22:35 -0500] "GET /BLA/resoluciones/index.php?dir=RESOLUCIONES+2005/RES+2005+1051-1100/ HTTP/1.1" 200 3976
200.87.88.150 - - [27/Apr/2017:06:22:42 -0500] "GET /BLA/boletinlegal/js/jquery.scrollShow.js HTTP/1.1" 200 4586
200.87.88.150 - - [27/Apr/2017:06:22:42 -0500] "GET /galeria/galeria/jquery.fancybox.css?v=2.1.5 HTTP/1.1" 200 4895
200.87.88.150 - - [27/Apr/2017:06:22:42 -0500] "GET /galeria/galeria/jquery.fancybox.js?v=2.1.5 HTTP/1.1" 200 48706
192.168.175.104 - - [27/Apr/2017:06:22:42 -0500] "GET / HTTP/1.1" 200 9990
148.251.136.43 - - [27/Apr/2017:06:22:56 -0500] "GET /BLA/resoluciones/index.php?dir=RESOLUCIONES+2005/RES+2005+1101-1150/ HTTP/1.1" 200 12363
180.76.15.145 - - [27/Apr/2017:06:23:43 -0500] "GET / HTTP/1.1" 200 9990
201.245.192.253 - - [27/Apr/2017:06:23:44 -0500] "GET /galeria/nivo-slider/demo/undefined HTTP/1.1" 404 1314
148.251.136.43 - - [27/Apr/2017:06:23:56 -0500] "GET /BLA/resoluciones/index.php?dir=RESOLUCIONES+2005/RES+2005+1151-1200/ HTTP/1.1" 200 12362
201.245.192.253 - - [27/Apr/2017:06:23:58 -0500] "GET /galeria/nivo-slider/demo/undefined HTTP/1.1" 404 1314
69.162.124.233 - - [27/Apr/2017:06:23:59 -0500] "HEAD / HTTP/1.1" 200 -
180.76.15.14 - - [27/Apr/2017:06:24:07 -0500] "GET / HTTP/1.1" 200 9990
69.162.124.233 - - [27/Apr/2017:06:24:09 -0500] "HEAD / HTTP/1.1" 200 -
186.154.194.145 - - [27/Apr/2017:06:24:12 -0500] "GET /galeria/galeria/jquery.fancybox.css?v=2.1.5 HTTP/1.1" 200 4895
186.154.194.145 - - [27/Apr/2017:06:24:12 -0500] "GET /galeria/carrusel/Carrusel/jquery.thumbnailScroller.css HTTP/1.1" 200 2066
190.251.136.49 - - [27/Apr/2017:06:25:05 -0500] "GET /galeria/galeria/jquery.fancybox.css?v=2.1.5 HTTP/1.1" 200 4895
190.251.136.49 - - [27/Apr/2017:06:25:05 -0500] "GET /BLA/boletinlegal/js/jquery.scrollShow.js HTTP/1.1" 200 4586
190.251.136.49 - - [27/Apr/2017:06:25:05 -0500] "GET /galeria/galeria/jquery.fancybox.js?v=2.1.5 HTTP/1.1" 200 48706
66.249.65.178 - - [27/Apr/2017:06:25:07 -0500] "GET /Residuos/maderas/images/page57_thumbnail.jpg HTTP/1.1" 200 4989
201.245.192.253 - - [27/Apr/2017:06:25:14 -0500] "GET /galeria/nivo-slider/demo/undefined HTTP/1.1" 404 1314
201.245.192.253 - - [27/Apr/2017:06:25:28 -0500] "GET /galeria/nivo-slider/demo/undefined HTTP/1.1" 404 1314
115.216.37.106 - - [27/Apr/2017:06:25:50 -0500] "HEAD / HTTP/1.1" 200 -
115.216.37.106 - - [27/Apr/2017:06:25:50 -0500] "GET / HTTP/1.1" 200 9990
115.216.37.106 - - [27/Apr/2017:06:25:55 -0500] "HEAD /www.ambientebogota.gov.co HTTP/1.1" 404 -
115.216.37.106 - - [27/Apr/2017:06:26:06 -0500] "GET /www.ambientebogota.gov.co HTTP/1.1" 404 1018
115.216.37.106 - - [27/Apr/2017:06:26:07 -0500] "HEAD /www.ambientebogota.gov.co/web/intranet/inicio?p_p_state=maximized&p_p_mode=view&saveLastPath=0&_58_struts_action=%2Flogin%2Flogin&p_p_id=58&p_p_lifecycle=0&_58_redirect=%2Fgroup%2Fintranet%2Finicio HTTP/1.1" 404 -
148.251.136.43 - - [27/Apr/2017:06:26:13 -0500] "GET /robots.txt HTTP/1.1" 404 1018
148.251.136.43 - - [27/Apr/2017:06:26:13 -0500] "GET /BLA/resoluciones/index.php?dir=RESOLUCIONES+2005/RES+2005+1201-1250/ HTTP/1.1" 200 12369
115.216.37.106 - - [27/Apr/2017:06:26:17 -0500] "GET /www.ambientebogota.gov.co/web/intranet/inicio?p_p_state=maximized&p_p_mode=view&saveLastPath=0&_58_struts_action=%2Flogin%2Flogin&p_p_id=58&p_p_lifecycle=0&_58_redirect=%2Fgroup%2Fintranet%2Finicio HTTP/1.1" 404 1018
115.216.37.106 - - [27/Apr/2017:06:26:18 -0500] "HEAD / HTTP/1.1" 200 -
115.216.37.106 - - [27/Apr/2017:06:26:18 -0500] "GET / HTTP/1.1" 200 9990
115.216.37.106 - - [27/Apr/2017:06:26:20 -0500] "HEAD /www.ambientebogota.gov.co/web/web-ninos/inicio HTTP/1.1" 404 -
115.216.37.106 - - [27/Apr/2017:06:26:30 -0500] "GET /www.ambientebogota.gov.co/web/web-ninos/inicio HTTP/1.1" 404 1018
115.216.37.106 - - [27/Apr/2017:06:26:31 -0500] "HEAD /www.ambientebogota.gov.co:81/ HTTP/1.1" 403 -
115.216.37.106 - - [27/Apr/2017:06:26:41 -0500] "GET /www.ambientebogota.gov.co:81/ HTTP/1.1" 403 1020
115.216.37.106 - - [27/Apr/2017:06:26:42 -0500] "HEAD /www.ambientebogota.gov.co:81 HTTP/1.1" 403 -
192.168.175.104 - - [27/Apr/2017:06:26:43 -0500] "GET / HTTP/1.1" 200 9990
201.245.192.253 - - [27/Apr/2017:06:26:45 -0500] "GET /galeria/nivo-slider/demo/undefined HTTP/1.1" 404 1314
115.216.37.106 - - [27/Apr/2017:06:26:53 -0500] "GET /www.ambientebogota.gov.co:81 HTTP/1.1" 403 1006
115.216.37.106 - - [27/Apr/2017:06:26:54 -0500] "HEAD /BLA/boletinlegal HTTP/1.1" 301 -
192.168.175.104 - - [27/Apr/2017:06:26:55 -0500] "GET / HTTP/1.0" 200 9990
201.245.192.253 - - [27/Apr/2017:06:26:58 -0500] "GET /galeria/nivo-slider/demo/undefined HTTP/1.1" 404 1314
148.251.136.43 - - [27/Apr/2017:06:27:02 -0500] "GET /BLA/resoluciones/index.php?dir=RESOLUCIONES+2005/RES+2005+1251-1300/ HTTP/1.1" 200 12362
51.255.65.30 - - [27/Apr/2017:06:27:34 -0500] "GET /BLA/resoluciones/RESOLUCIONES%202004/RES%202004%202101-2150/00002127.tif HTTP/1.1" 200 225118
115.216.37.106 - - [27/Apr/2017:06:27:39 -0500] "HEAD /www.bogota.gov.co/sdqs HTTP/1.1" 404 -
192.168.175.104 - - [27/Apr/2017:06:27:41 -0500] "GET / HTTP/1.1" 200 9990
115.216.37.106 - - [27/Apr/2017:06:27:50 -0500] "GET /www.bogota.gov.co/sdqs HTTP/1.1" 404 1018
148.251.136.43 - - [27/Apr/2017:06:27:52 -0500] "GET /BLA/resoluciones/index.php?dir=RESOLUCIONES+2005/RES+2005+1301-1350/ HTTP/1.1" 200 12344
115.216.37.106 - - [27/Apr/2017:06:26:59 -0500] "HEAD /BLA/boletinlegal/ HTTP/1.1" 200 -
115.216.37.106 - - [27/Apr/2017:06:28:03 -0500] "GET /BLA/boletinlegal HTTP/1.1" 301 311
66.249.65.178 - - [27/Apr/2017:06:28:08 -0500] "GET /BLA/resoluciones/AUTOS%202015/0280.pdf HTTP/1.1" 304 -
201.245.192.253 - - [27/Apr/2017:06:28:15 -0500] "GET /galeria/nivo-slider/demo/undefined HTTP/1.1" 404 1314
201.245.192.253 - - [27/Apr/2017:06:28:28 -0500] "GET /galeria/nivo-slider/demo/undefined HTTP/1.1" 404 1314
148.251.136.43 - - [27/Apr/2017:06:28:40 -0500] "GET /BLA/resoluciones/index.php?dir=RESOLUCIONES+2005/RES+2005+1351-1400/ HTTP/1.1" 200 12356
69.162.124.233 - - [27/Apr/2017:06:29:08 -0500] "HEAD / HTTP/1.1" 200 -
83.61.0.200 - - [27/Apr/2017:06:29:23 -0500] "GET /galeria/galeria/jquery.fancybox.css?v=2.1.5 HTTP/1.1" 200 4895
83.61.0.200 - - [27/Apr/2017:06:29:23 -0500] "GET /BLA/boletinlegal/js/jquery.scrollShow.js HTTP/1.1" 200 4586
83.61.0.200 - - [27/Apr/2017:06:29:23 -0500] "GET /galeria/galeria/jquery.fancybox.js?v=2.1.5 HTTP/1.1" 200 48706
172.58.152.143 - - [27/Apr/2017:06:29:36 -0500] "GET /galeria/galeria/jquery.fancybox.css?v=2.1.5 HTTP/1.1" 200 4895
172.58.152.143 - - [27/Apr/2017:06:29:36 -0500] "GET /BLA/boletinlegal/js/jquery.scrollShow.js HTTP/1.1" 200 4586
172.58.152.143 - - [27/Apr/2017:06:29:36 -0500] "GET /galeria/galeria/jquery.fancybox.js?v=2.1.5 HTTP/1.1" 200 48706
172.58.152.143 - - [27/Apr/2017:06:29:44 -0500] "GET /galeria/galeria/jquery.fancybox.js?v=2.1.5 HTTP/1.1" 304 -
172.58.152.143 - - [27/Apr/2017:06:29:44 -0500] "GET /galeria/galeria/jquery.fancybox.css?v=2.1.5 HTTP/1.1" 304 -
172.58.152.143 - - [27/Apr/2017:06:29:44 -0500] "GET /BLA/boletinlegal/js/jquery.scrollShow.js HTTP/1.1" 304 -
201.245.192.253 - - [27/Apr/2017:06:29:46 -0500] "GET /galeria/nivo-slider/demo/undefined HTTP/1.1" 404 1314
186.154.35.66 - - [27/Apr/2017:06:29:57 -0500] "GET /galeria/nivo-slider/demo/demo.html HTTP/1.1" 304 -
201.245.192.253 - - [27/Apr/2017:06:29:58 -0500] "GET /galeria/nivo-slider/demo/undefined HTTP/1.1" 404 1314
186.154.35.66 - - [27/Apr/2017:06:30:01 -0500] "GET /galeria/nivo-slider/demo/images/bannerwebsemanadelasostenibilidadambiental.jpg HTTP/1.1" 304 -
186.154.35.66 - - [27/Apr/2017:06:30:01 -0500] "GET /galeria/nivo-slider/demo/images/BANNERRUTADEVERTIMIENTOS.jpg HTTP/1.1" 304 -
186.154.35.66 - - [27/Apr/2017:06:30:01 -0500] "GET /galeria/nivo-slider/demo/images/banner%20aceite%20vegetal%20usado.jpg HTTP/1.1" 304 -
66.249.88.1 - - [27/Apr/2017:06:30:04 -0500] "GET /galeria/galeria/fotos/mirador2G.jpg HTTP/1.1" 200 115084
186.154.34.241 - - [27/Apr/2017:06:30:20 -0500] "GET /galeria/nivo-slider/demo/demo.html HTTP/1.1" 304 -
186.154.34.241 - - [27/Apr/2017:06:30:22 -0500] "GET /galeria/nivo-slider/demo/images/bannerwebsemanadelasostenibilidadambiental.jpg HTTP/1.1" 304 -
186.154.34.241 - - [27/Apr/2017:06:30:22 -0500] "GET /galeria/nivo-slider/demo/images/BANNERCAMINATAS%20ECOLOGICAS%20MARZO.jpg HTTP/1.1" 304 -
186.154.34.241 - - [27/Apr/2017:06:30:23 -0500] "GET /galeria/nivo-slider/demo/images/BANNERRUTADEVERTIMIENTOS.jpg HTTP/1.1" 304 -
123.125.67.220 - - [27/Apr/2017:06:30:24 -0500] "GET /BLA/resoluciones/RESOLUCIONES%202009/2490.pdf HTTP/1.1" 200 346160
66.249.65.175 - - [27/Apr/2017:06:30:46 -0500] "GET /Residuos/maderas/images/page59_thumbnail.jpg HTTP/1.1" 200 5401
148.251.136.43 - - [27/Apr/2017:06:31:09 -0500] "GET /robots.txt HTTP/1.1" 404 1018
148.251.136.43 - - [27/Apr/2017:06:31:10 -0500] "GET /BLA/resoluciones/index.php?dir=RESOLUCIONES+2005/RES+2005+1401-1450/ HTTP/1.1" 200 12365
104.132.61.72 - - [27/Apr/2017:06:31:15 -0500] "GET /galeria/nivo-slider/demo/images/banner%20aceite%20vegetal%20usado.jpg HTTP/1.1" 200 169350
201.245.192.253 - - [27/Apr/2017:06:31:16 -0500] "GET /galeria/nivo-slider/demo/undefined HTTP/1.1" 404 1314
104.132.61.72 - - [27/Apr/2017:06:31:17 -0500] "GET /galeria/nivo-slider/demo/images/banner%20aceite%20vegetal%20usado.jpg HTTP/1.1" 200 169350
148.251.136.43 - - [27/Apr/2017:06:31:27 -0500] "GET /BLA/resoluciones/index.php?dir=RESOLUCIONES+2005/RES+2005+1451-1500/ HTTP/1.1" 200 12368
201.245.192.253 - - [27/Apr/2017:06:31:28 -0500] "GET /galeria/nivo-slider/demo/undefined HTTP/1.1" 404 1314
192.168.175.104 - - [27/Apr/2017:06:31:41 -0500] "GET / HTTP/1.1" 200 9990
191.155.20.246 - - [27/Apr/2017:06:31:49 -0500] "GET /BLA/boletinlegal/jurisprudencia/analisis/CUADRO%20ANALISIS%20SENTENCIA%20T-411%20DE%201992.doc HTTP/1.1" 200 41984
192.168.175.104 - - [27/Apr/2017:06:31:53 -0500] "GET / HTTP/1.0" 200 9990
200.118.11.110 - - [27/Apr/2017:06:32:20 -0500] "GET /galeria/mapa/3MapaBogot%C3%A1.jpg HTTP/1.1" 200 688183
181.148.117.220 - - [27/Apr/2017:06:32:22 -0500] "GET /BLA/boletinlegal/js/jquery.scrollShow.js HTTP/1.1" 200 4586
181.148.117.220 - - [27/Apr/2017:06:32:23 -0500] "GET /galeria/galeria/jquery.fancybox.js?v=2.1.5 HTTP/1.1" 200 48706
181.148.117.220 - - [27/Apr/2017:06:32:23 -0500] "GET /galeria/galeria/jquery.fancybox.css?v=2.1.5 HTTP/1.1" 200 4895
200.118.11.110 - - [27/Apr/2017:06:32:23 -0500] "GET /favicon.ico HTTP/1.1" 200 7782
181.49.105.222 - - [27/Apr/2017:06:32:25 -0500] "GET /BLA/boletinlegal/style.css HTTP/1.1" 200 9406
181.49.105.222 - - [27/Apr/2017:06:32:25 -0500] "GET /BLA/boletinlegal/styles2.css HTTP/1.1" 200 1838
181.49.105.222 - - [27/Apr/2017:06:32:25 -0500] "GET /BLA/boletinlegal/js/jquery.scrollTo-min.js HTTP/1.1" 200 1150
181.49.105.222 - - [27/Apr/2017:06:32:25 -0500] "GET /BLA/boletinlegal/js/jquery.scrollShow.js HTTP/1.1" 200 4586
181.49.105.222 - - [27/Apr/2017:06:32:25 -0500] "GET /BLA/boletinlegal/js/jquery.js HTTP/1.1" 200 57254
181.49.105.222 - - [27/Apr/2017:06:32:29 -0500] "GET /BLA/boletinlegal/images/registro-usuarios.png HTTP/1.1" 200 8106
181.49.105.222 - - [27/Apr/2017:06:32:29 -0500] "GET /BLA/boletinlegal/images/arr_l.jpg HTTP/1.1" 200 1979
181.49.105.222 - - [27/Apr/2017:06:32:37 -0500] "GET /BLA/boletinlegal/images/hover.jpg HTTP/1.1" 200 640
192.168.175.104 - - [27/Apr/2017:06:32:39 -0500] "GET / HTTP/1.1" 200 9990
181.49.105.222 - - [27/Apr/2017:06:32:40 -0500] "GET /BLA/boletinlegal/images/bg_top.jpg HTTP/1.1" 200 522
181.49.105.222 - - [27/Apr/2017:06:32:42 -0500] "GET /BLA/boletinlegal/images/menu_bg.jpg HTTP/1.1" 200 620
181.49.105.222 - - [27/Apr/2017:06:32:42 -0500] "GET /BLA/boletinlegal/images/body_bg.jpg HTTP/1.1" 200 1601
181.49.105.222 - - [27/Apr/2017:06:32:29 -0500] "GET /BLA/boletinlegal/images/historia.png HTTP/1.1" 200 52775
181.49.105.222 - - [27/Apr/2017:06:32:43 -0500] "GET /BLA/boletinlegal/images/menu_rght.gif HTTP/1.1" 200 1627
181.49.105.222 - - [27/Apr/2017:06:32:43 -0500] "GET /BLA/boletinlegal/images/text.jpg HTTP/1.1" 200 568
181.49.105.222 - - [27/Apr/2017:06:32:43 -0500] "GET /BLA/boletinlegal/images/menu_lft.gif HTTP/1.1" 200 1713
181.49.105.222 - - [27/Apr/2017:06:32:29 -0500] "GET /BLA/boletinlegal/images/subscribe-icon-big.png HTTP/1.1" 200 47702
201.245.192.253 - - [27/Apr/2017:06:32:47 -0500] "GET /galeria/nivo-slider/demo/undefined HTTP/1.1" 404 1314
201.245.192.253 - - [27/Apr/2017:06:32:58 -0500] "GET /galeria/nivo-slider/demo/undefined HTTP/1.1" 404 1314
148.251.136.43 - - [27/Apr/2017:06:33:02 -0500] "GET /BLA/resoluciones/index.php?dir=RESOLUCIONES+2005/RES+2005+1501-1550/ HTTP/1.1" 200 12365
181.49.105.222 - - [27/Apr/2017:06:33:08 -0500] "GET /BLA/boletinlegal/normativa.php HTTP/1.1" 200 8086
181.49.105.222 - - [27/Apr/2017:06:33:09 -0500] "GET /BLA/boletinlegal/niceforms-default.css HTTP/1.1" 200 6694
181.49.105.222 - - [27/Apr/2017:06:32:24 -0500] "GET /BLA/boletinlegal/ HTTP/1.1" 200 36811
181.49.105.222 - - [27/Apr/2017:06:32:44 -0500] "GET /BLA/boletinlegal/images/screen_2.png HTTP/1.1" 200 362502
181.49.105.222 - - [27/Apr/2017:06:32:43 -0500] "GET /BLA/boletinlegal/images/screen_1.png HTTP/1.1" 200 202547
181.49.105.222 - - [27/Apr/2017:06:33:15 -0500] "GET /BLA/boletinlegal/js/ajax_normativa.js HTTP/1.1" 200 1154
181.49.105.222 - - [27/Apr/2017:06:32:44 -0500] "GET /BLA/boletinlegal/images/screen_3.png HTTP/1.1" 200 210620
181.49.105.222 - - [27/Apr/2017:06:33:16 -0500] "GET /BLA/boletinlegal/images/cabezote%20BLEGAL.jpg HTTP/1.1" 206 1
181.49.105.222 - - [27/Apr/2017:06:32:29 -0500] "GET /BLA/boletinlegal/images/cabezote%20BLEGAL.jpg HTTP/1.1" 200 118164
181.49.105.222 - - [27/Apr/2017:06:33:16 -0500] "GET /BLA/boletinlegal/niceforms.js HTTP/1.1" 200 22876
200.119.99.117 - - [27/Apr/2017:06:33:30 -0500] "GET /BLA/resoluciones/RESOLUCIONES%202013/2081.pdf HTTP/1.1" 200 497835
200.119.99.117 - - [27/Apr/2017:06:33:30 -0500] "GET /favicon.ico HTTP/1.1" 200 7782
66.249.88.4 - - [27/Apr/2017:06:33:37 -0500] "GET /BLA/boletinlegal/js/jquery.scrollShow.js HTTP/1.1" 200 4586
66.249.88.1 - - [27/Apr/2017:06:33:37 -0500] "GET /galeria/galeria/jquery.fancybox.css?v=2.1.5 HTTP/1.1" 200 4895
66.249.88.1 - - [27/Apr/2017:06:33:37 -0500] "GET /galeria/galeria/jquery.fancybox.js?v=2.1.5 HTTP/1.1" 200 48706
181.49.105.222 - - [27/Apr/2017:06:33:16 -0500] "GET /BLA/boletinlegal/images/cabezote%20BLEGAL.jpg HTTP/1.1" 206 85396
181.148.117.220 - - [27/Apr/2017:06:33:46 -0500] "GET /silvicultura/1.pdf HTTP/1.1" 404 1330
181.148.117.220 - - [27/Apr/2017:06:33:47 -0500] "GET /favicon.ico HTTP/1.1" 200 7782
148.251.136.43 - - [27/Apr/2017:06:33:51 -0500] "GET /BLA/resoluciones/index.php?dir=RESOLUCIONES+2005/RES+2005+151-200/ HTTP/1.1" 200 12230
69.162.124.233 - - [27/Apr/2017:06:34:08 -0500] "HEAD / HTTP/1.1" 200 -
181.49.105.222 - - [27/Apr/2017:06:33:51 -0500] "GET /BLA/boletinlegal/images/abajo.png HTTP/1.1" 200 96676
201.245.192.253 - - [27/Apr/2017:06:34:17 -0500] "GET /galeria/nivo-slider/demo/undefined HTTP/1.1" 404 1314
201.245.192.253 - - [27/Apr/2017:06:34:28 -0500] "GET /galeria/nivo-slider/demo/undefined HTTP/1.1" 404 1314
181.49.105.222 - - [27/Apr/2017:06:34:45 -0500] "GET /BLA/boletinlegal/images/icono-email.png HTTP/1.1" 200 5544
40.77.167.120 - - [27/Apr/2017:06:34:44 -0500] "GET /Autoliquidacion/Fauna%20Silvestre/126pm04-pr26-f-a20%20Solicitud%20Permiso%20Aprovechamiento%20FaunaSilvestre.xls HTTP/1.1" 200 695296
148.251.136.43 - - [27/Apr/2017:06:34:45 -0500] "GET /BLA/resoluciones/index.php?dir=RESOLUCIONES+2005/RES+2005+1551-1600/ HTTP/1.1" 200 12364
181.49.105.222 - - [27/Apr/2017:06:34:46 -0500] "GET /BLA/boletinlegal/images/footer_bg.jpg HTTP/1.1" 200 586
181.49.105.222 - - [27/Apr/2017:06:34:46 -0500] "GET /BLA/boletinlegal/images/footer_bg_l.jpg HTTP/1.1" 200 776
181.49.105.222 - - [27/Apr/2017:06:34:46 -0500] "GET /BLA/boletinlegal/images/tel.png HTTP/1.1" 200 14477
148.251.136.43 - - [27/Apr/2017:06:34:54 -0500] "GET /BLA/resoluciones/index.php?dir=RESOLUCIONES+2005/RES+2005+1751-1800/ HTTP/1.1" 200 12368
181.49.105.222 - - [27/Apr/2017:06:35:14 -0500] "GET /favicon.ico HTTP/1.1" 200 7782
181.49.105.222 - - [27/Apr/2017:06:35:14 -0500] "GET /BLA/boletinlegal/img/0.png HTTP/1.1" 200 110
181.49.105.222 - - [27/Apr/2017:06:35:18 -0500] "GET /BLA/boletinlegal/img/select-left.png HTTP/1.1" 200 263
181.49.105.222 - - [27/Apr/2017:06:35:24 -0500] "GET /BLA/boletinlegal/img/button-right.png HTTP/1.1" 200 57878
148.251.136.43 - - [27/Apr/2017:06:35:41 -0500] "GET /BLA/resoluciones/index.php?dir=RESOLUCIONES+2005/RES+2005+1801-1850/ HTTP/1.1" 200 12362
201.245.192.253 - - [27/Apr/2017:06:35:47 -0500] "GET /galeria/nivo-slider/demo/undefined HTTP/1.1" 404 1314
181.49.105.222 - - [27/Apr/2017:06:35:19 -0500] "GET /BLA/boletinlegal/img/select-right.png HTTP/1.1" 200 44019
201.245.192.253 - - [27/Apr/2017:06:35:58 -0500] "GET /galeria/nivo-slider/demo/undefined HTTP/1.1" 404 1314
51.255.65.28 - - [27/Apr/2017:06:35:59 -0500] "GET /BLA/resoluciones/RESOLUCIONES%202002/RES%202002%201901-1950/20021950.tif HTTP/1.1" 200 250228
148.251.136.43 - - [27/Apr/2017:06:36:04 -0500] "GET /BLA/resoluciones/index.php?dir=RESOLUCIONES+2005/RES+2005+1851-1900/ HTTP/1.1" 200 12356
181.49.105.222 - - [27/Apr/2017:06:36:24 -0500] "GET /BLA/boletinlegal/img/button-left.png HTTP/1.1" 200 57071
66.249.65.175 - - [27/Apr/2017:06:36:35 -0500] "GET /Residuos/maderas/images/page49_thumbnail.jpg HTTP/1.1" 200 5937
192.168.175.104 - - [27/Apr/2017:06:36:38 -0500] "GET / HTTP/1.1" 200 9990
164.132.161.29 - - [27/Apr/2017:06:36:41 -0500] "GET /BLA/resoluciones/RESOLUCIONES%202004/RES%202004%20501-550/00000524.tif HTTP/1.1" 200 105052
192.168.175.104 - - [27/Apr/2017:06:36:51 -0500] "GET / HTTP/1.0" 200 9990
148.251.136.43 - - [27/Apr/2017:06:36:52 -0500] "GET /BLA/resoluciones/index.php?dir=RESOLUCIONES+2005/RES+2005+1901-1950/ HTTP/1.1" 200 12364
148.251.136.43 - - [27/Apr/2017:06:37:01 -0500] "GET /BLA/resoluciones/index.php?dir=RESOLUCIONES+2005/RES+2005+1951-2000/ HTTP/1.1" 200 12359
66.249.88.11 - - [27/Apr/2017:06:37:13 -0500] "-" 408 -
201.245.192.253 - - [27/Apr/2017:06:37:18 -0500] "GET /galeria/nivo-slider/demo/undefined HTTP/1.1" 404 1314
201.245.192.253 - - [27/Apr/2017:06:37:24 -0500] "GET /videos/ArchivoSDA.flv HTTP/1.1" 200 31205279
201.245.192.253 - - [27/Apr/2017:06:37:28 -0500] "GET /galeria/nivo-slider/demo/undefined HTTP/1.1" 404 1314
181.49.105.222 - - [27/Apr/2017:06:36:24 -0500] "GET /BLA/boletinlegal/img/button.png HTTP/1.1" 200 43241
192.168.175.104 - - [27/Apr/2017:06:37:37 -0500] "GET / HTTP/1.1" 200 9990
186.80.243.17 - - [27/Apr/2017:06:37:38 -0500] "GET /galeria/galeria/jquery.fancybox.css?v=2.1.5 HTTP/1.1" 200 4895
186.80.243.17 - - [27/Apr/2017:06:37:38 -0500] "GET /BLA/boletinlegal/js/jquery.scrollShow.js HTTP/1.1" 200 4586
186.80.243.17 - - [27/Apr/2017:06:37:38 -0500] "GET /galeria/galeria/jquery.fancybox.js?v=2.1.5 HTTP/1.1" 200 48706
186.80.243.17 - - [27/Apr/2017:06:37:43 -0500] "GET /BLA/boletinlegal/js/jquery.scrollShow.js HTTP/1.1" 200 4586
186.80.243.17 - - [27/Apr/2017:06:37:43 -0500] "GET /galeria/galeria/jquery.fancybox.js?v=2.1.5 HTTP/1.1" 200 48706
186.80.243.17 - - [27/Apr/2017:06:37:43 -0500] "GET /galeria/galeria/jquery.fancybox.css?v=2.1.5 HTTP/1.1" 200 4895
148.251.136.43 - - [27/Apr/2017:06:37:47 -0500] "GET /BLA/resoluciones/index.php?dir=RESOLUCIONES+2005/RES+2005+2001-2050/ HTTP/1.1" 200 12358
51.255.65.43 - - [27/Apr/2017:06:37:56 -0500] "GET /BLA/resoluciones/RESOLUCIONES%202005/RES%202005%20751-800/00000769.tif HTTP/1.1" 200 171080
201.245.192.253 - - [27/Apr/2017:06:38:48 -0500] "GET /galeria/nivo-slider/demo/undefined HTTP/1.1" 404 1314
201.245.192.253 - - [27/Apr/2017:06:38:58 -0500] "GET /galeria/nivo-slider/demo/undefined HTTP/1.1" 404 1314
69.162.124.233 - - [27/Apr/2017:06:39:08 -0500] "HEAD / HTTP/1.1" 200 -
148.251.136.43 - - [27/Apr/2017:06:39:09 -0500] "GET /BLA/resoluciones/index.php?dir=RESOLUCIONES+2005/RES+2005+201-250/ HTTP/1.1" 200 12248
148.251.136.43 - - [27/Apr/2017:06:39:16 -0500] "GET /BLA/resoluciones/index.php?dir=RESOLUCIONES+2005/RES+2005+2051-2100/ HTTP/1.1" 200 12352
179.60.208.18 - - [27/Apr/2017:06:39:18 -0500] "GET /galeria/galeria/jquery.fancybox.js?v=2.1.5 HTTP/1.1" 200 48706
179.60.208.18 - - [27/Apr/2017:06:39:18 -0500] "GET /BLA/boletinlegal/js/jquery.scrollShow.js HTTP/1.1" 200 4586
179.60.208.18 - - [27/Apr/2017:06:39:18 -0500] "GET /galeria/galeria/jquery.fancybox.css?v=2.1.5 HTTP/1.1" 200 4895
148.251.136.43 - - [27/Apr/2017:06:40:05 -0500] "GET /BLA/resoluciones/index.php?dir=RESOLUCIONES+2005/RES+2005+2101-2150/ HTTP/1.1" 200 12346
201.245.192.253 - - [27/Apr/2017:06:40:19 -0500] "GET /galeria/nivo-slider/demo/undefined HTTP/1.1" 404 1314
201.245.192.253 - - [27/Apr/2017:06:40:28 -0500] "GET /galeria/nivo-slider/demo/undefined HTTP/1.1" 404 1314
123.125.71.77 - - [27/Apr/2017:06:40:30 -0500] "GET /BLA/resoluciones/AUTOS%202009/2871.pdf HTTP/1.1" 200 81680
164.132.161.93 - - [27/Apr/2017:06:40:48 -0500] "GET /BLA/resoluciones/index.php?dir=RESOLUCIONES%202006/&sort=name&order=desc HTTP/1.1" 200 16102
148.251.136.43 - - [27/Apr/2017:06:41:03 -0500] "GET /BLA/resoluciones/index.php?dir=RESOLUCIONES+2005/RES+2005+2151-2200/ HTTP/1.1" 200 12146
192.168.175.104 - - [27/Apr/2017:06:41:37 -0500] "GET / HTTP/1.1" 200 9990
201.245.192.253 - - [27/Apr/2017:06:41:49 -0500] "GET /galeria/nivo-slider/demo/undefined HTTP/1.1" 404 1314
192.168.175.104 - - [27/Apr/2017:06:41:50 -0500] "GET / HTTP/1.0" 200 9990
201.245.192.253 - - [27/Apr/2017:06:41:58 -0500] "GET /galeria/nivo-slider/demo/undefined HTTP/1.1" 404 1314
148.251.136.43 - - [27/Apr/2017:06:42:01 -0500] "GET /robots.txt HTTP/1.1" 404 1018
66.249.65.178 - - [27/Apr/2017:06:42:02 -0500] "GET /Residuos/maderas/images/page50_thumbnail.jpg HTTP/1.1" 200 5303
148.251.136.43 - - [27/Apr/2017:06:42:01 -0500] "GET /BLA/resoluciones/index.php?dir=RESOLUCIONES+2005/RES+2005+2201-2250/ HTTP/1.1" 200 12363
192.168.175.104 - - [27/Apr/2017:06:42:35 -0500] "GET / HTTP/1.1" 200 9990
148.251.136.43 - - [27/Apr/2017:06:42:54 -0500] "GET /BLA/resoluciones/index.php?dir=RESOLUCIONES+2005/RES+2005+2251-2300/ HTTP/1.1" 200 12353
123.126.113.85 - - [27/Apr/2017:06:43:20 -0500] "GET /resoluciones/RESOLUCIONES%202009/0032.pdf HTTP/1.1" 404 1018
201.245.192.253 - - [27/Apr/2017:06:43:20 -0500] "GET /galeria/nivo-slider/demo/undefined HTTP/1.1" 404 1314
201.245.192.253 - - [27/Apr/2017:06:43:28 -0500] "GET /galeria/nivo-slider/demo/undefined HTTP/1.1" 404 1314
123.126.113.85 - - [27/Apr/2017:06:43:30 -0500] "GET /resoluciones/RESOLUCIONES%202009/0377.pdf HTTP/1.1" 404 1018
123.126.113.85 - - [27/Apr/2017:06:43:40 -0500] "GET /BLA/resoluciones/RESOLUCIONES%202012/0172.pdf HTTP/1.1" 304 -
148.251.136.43 - - [27/Apr/2017:06:43:43 -0500] "GET /BLA/resoluciones/index.php?dir=RESOLUCIONES+2005/RES+2005+2301-2350/ HTTP/1.1" 200 12369
123.126.113.85 - - [27/Apr/2017:06:43:50 -0500] "GET /BLA/resoluciones/AUTOS%202007/0618.pdf HTTP/1.1" 304 -
69.162.124.233 - - [27/Apr/2017:06:44:08 -0500] "HEAD / HTTP/1.1" 200 -
190.131.194.135 - - [27/Apr/2017:06:44:15 -0500] "GET /galeria/nivo-slider/demo/images/Convocatoria-CTPD-curvas-01.png HTTP/1.1" 304 -
200.118.69.11 - - [27/Apr/2017:06:44:21 -0500] "GET /BLA/boletinlegal/js/jquery.scrollShow.js HTTP/1.1" 200 4586
200.118.69.11 - - [27/Apr/2017:06:44:22 -0500] "GET /galeria/galeria/jquery.fancybox.js?v=2.1.5 HTTP/1.1" 200 48706
200.118.69.11 - - [27/Apr/2017:06:44:22 -0500] "GET /galeria/galeria/jquery.fancybox.css?v=2.1.5 HTTP/1.1" 200 4895
200.118.69.11 - - [27/Apr/2017:06:44:25 -0500] "GET /galeria/carrusel/Carrusel/jquery.thumbnailScroller.css HTTP/1.1" 200 2066
200.118.69.11 - - [27/Apr/2017:06:44:26 -0500] "GET /galeria/carrusel/Carrusel/jquery-ui-1.8.13.custom.min.js HTTP/1.1" 200 10800
200.118.69.11 - - [27/Apr/2017:06:44:31 -0500] "GET /galeria/carrusel/Carrusel/jquery.thumbnailScroller.js HTTP/1.1" 200 8157
148.251.136.43 - - [27/Apr/2017:06:44:34 -0500] "GET /BLA/resoluciones/index.php?dir=RESOLUCIONES+2005/RES+2005+2351-2400/ HTTP/1.1" 200 12366
200.118.69.11 - - [27/Apr/2017:06:44:44 -0500] "GET /galeria/nivo-slider/demo/demo.html HTTP/1.1" 200 3217
200.118.69.11 - - [27/Apr/2017:06:44:46 -0500] "GET /galeria/nivo-slider/themes/default/default.css HTTP/1.1" 200 1569
200.118.69.11 - - [27/Apr/2017:06:44:46 -0500] "GET /galeria/nivo-slider/themes/pascal/pascal.css HTTP/1.1" 200 2258
200.118.69.11 - - [27/Apr/2017:06:44:46 -0500] "GET /galeria/nivo-slider/themes/orman/orman.css HTTP/1.1" 200 2152
200.118.69.11 - - [27/Apr/2017:06:44:46 -0500] "GET /galeria/nivo-slider/nivo-slider.css HTTP/1.1" 200 1507
200.118.69.11 - - [27/Apr/2017:06:44:46 -0500] "GET /galeria/nivo-slider/demo/style.css HTTP/1.1" 200 2222
148.251.136.43 - - [27/Apr/2017:06:44:46 -0500] "GET /BLA/resoluciones/index.php?dir=RESOLUCIONES+2005/RES+2005+2401-2450/ HTTP/1.1" 200 12361
200.118.69.11 - - [27/Apr/2017:06:44:47 -0500] "GET /galeria/nivo-slider/demo/scripts/jquery-1.7.1.min.js HTTP/1.1" 200 93868
200.118.69.11 - - [27/Apr/2017:06:44:47 -0500] "GET /galeria/nivo-slider/demo/images/bannerwebsemanadelasostenibilidadambiental.jpg HTTP/1.1" 200 307069
200.118.69.11 - - [27/Apr/2017:06:44:47 -0500] "GET /galeria/nivo-slider/jquery.nivo.slider.pack.js HTTP/1.1" 200 11561
200.118.69.11 - - [27/Apr/2017:06:44:47 -0500] "GET /galeria/nivo-slider/demo/images/bannercampa%C3%B1acambiodesede.jpg HTTP/1.1" 200 134156
200.118.69.11 - - [27/Apr/2017:06:44:47 -0500] "GET /galeria/nivo-slider/demo/images/bannerlumina2017web.jpg HTTP/1.1" 200 198918
200.118.69.11 - - [27/Apr/2017:06:44:47 -0500] "GET /galeria/nivo-slider/demo/images/BANNERCAMINATAS%20ECOLOGICAS%20MARZO.jpg HTTP/1.1" 200 266671
200.118.69.11 - - [27/Apr/2017:06:44:49 -0500] "GET /galeria/nivo-slider/themes/default/loading.gif HTTP/1.1" 200 1737
200.118.69.11 - - [27/Apr/2017:06:44:49 -0500] "GET /galeria/nivo-slider/demo/images/4Simple_Slider.png HTTP/1.1" 200 11722
201.245.192.253 - - [27/Apr/2017:06:44:50 -0500] "GET /galeria/nivo-slider/demo/undefined HTTP/1.1" 404 1314
200.118.69.11 - - [27/Apr/2017:06:44:54 -0500] "GET /galeria/nivo-slider/demo/images/banner%20reportedearbolescaidos.jpg HTTP/1.1" 200 249999
200.118.69.11 - - [27/Apr/2017:06:44:56 -0500] "GET /galeria/nivo-slider/demo/images/banner%20aceite%20vegetal%20usado.jpg HTTP/1.1" 200 169350
200.118.69.11 - - [27/Apr/2017:06:44:57 -0500] "GET /galeria/nivo-slider/demo/images/BANNERRUTADEVERTIMIENTOS.jpg HTTP/1.1" 200 98506
201.245.192.253 - - [27/Apr/2017:06:44:58 -0500] "GET /galeria/nivo-slider/demo/undefined HTTP/1.1" 404 1314
200.118.69.11 - - [27/Apr/2017:06:44:58 -0500] "GET /galeria/nivo-slider/demo/images/bolsas-06.jpg HTTP/1.1" 200 210950
200.118.69.11 - - [27/Apr/2017:06:45:01 -0500] "GET /galeria/nivo-slider/themes/default/bullets.png HTTP/1.1" 200 1281
200.118.69.11 - - [27/Apr/2017:06:45:03 -0500] "GET /galeria/nivo-slider/themes/default/arrows.png HTTP/1.1" 200 824
148.251.136.43 - - [27/Apr/2017:06:45:35 -0500] "GET /BLA/resoluciones/index.php?dir=RESOLUCIONES+2005/RES+2005+2451-2500/ HTTP/1.1" 200 12370
148.251.136.43 - - [27/Apr/2017:06:45:44 -0500] "GET /BLA/resoluciones/index.php?dir=RESOLUCIONES+2005/RES+2005+2501-2550/ HTTP/1.1" 200 12365
51.255.65.72 - - [27/Apr/2017:06:45:45 -0500] "GET /BLA/resoluciones/RESOLUCIONES%202004/RES%202004%20951-1000/00000984.tif HTTP/1.1" 200 51732
181.49.188.12 - - [27/Apr/2017:06:46:13 -0500] "GET /ecodirectorio/files/res/downloads/download_0139.pdf HTTP/1.1" 200 182437
51.255.65.34 - - [27/Apr/2017:06:46:19 -0500] "GET /autoliquidacion/index.php?dir=Fauna+Silvestre%2F HTTP/1.1" 200 3842
201.245.192.253 - - [27/Apr/2017:06:46:21 -0500] "GET /galeria/nivo-slider/demo/undefined HTTP/1.1" 404 1314
201.245.192.253 - - [27/Apr/2017:06:46:28 -0500] "GET /galeria/nivo-slider/demo/undefined HTTP/1.1" 404 1314
183.82.99.39 - - [27/Apr/2017:06:46:33 -0500] "POST /xmlrpc.php HTTP/1.1" 301 334
192.168.175.104 - - [27/Apr/2017:06:46:35 -0500] "GET / HTTP/1.1" 200 9990
183.82.99.39 - - [27/Apr/2017:06:46:36 -0500] "GET /wp-login.php HTTP/1.1" 301 336
183.82.99.39 - - [27/Apr/2017:06:46:38 -0500] "POST /wp-login.php HTTP/1.1" 301 336
148.251.136.43 - - [27/Apr/2017:06:46:38 -0500] "GET /BLA/resoluciones/index.php?dir=RESOLUCIONES+2005/RES+2005+251-300/ HTTP/1.1" 200 12254
148.251.136.43 - - [27/Apr/2017:06:46:48 -0500] "GET /BLA/resoluciones/index.php?dir=RESOLUCIONES+2005/RES+2005+2551-2600/ HTTP/1.1" 200 12367
192.168.175.104 - - [27/Apr/2017:06:46:49 -0500] "GET / HTTP/1.0" 200 9990
181.133.82.113 - - [27/Apr/2017:06:47:30 -0500] "GET /BLA/boletinlegal/js/jquery.scrollShow.js HTTP/1.1" 200 4586
181.133.82.113 - - [27/Apr/2017:06:47:30 -0500] "GET /galeria/galeria/jquery.fancybox.css?v=2.1.5 HTTP/1.1" 200 4895
181.133.82.113 - - [27/Apr/2017:06:47:30 -0500] "GET /galeria/galeria/jquery.fancybox.js?v=2.1.5 HTTP/1.1" 200 48706
192.168.175.104 - - [27/Apr/2017:06:47:34 -0500] "GET / HTTP/1.1" 200 9990
148.251.136.43 - - [27/Apr/2017:06:47:37 -0500] "GET /BLA/resoluciones/index.php?dir=RESOLUCIONES+2005/RES+2005+2601-2650/ HTTP/1.1" 200 12161
66.249.65.178 - - [27/Apr/2017:06:47:40 -0500] "GET /Residuos/maderas/images/page46_thumbnail.jpg HTTP/1.1" 200 9465
201.245.192.253 - - [27/Apr/2017:06:47:51 -0500] "GET /galeria/nivo-slider/demo/undefined HTTP/1.1" 404 1314
201.245.192.253 - - [27/Apr/2017:06:47:58 -0500] "GET /galeria/nivo-slider/demo/undefined HTTP/1.1" 404 1314
217.182.132.25 - - [27/Apr/2017:06:48:26 -0500] "GET /BLA/resoluciones/RESOLUCIONES%202006/RES%202006%202351-2400/00002395.tif HTTP/1.1" 200 256166
148.251.136.43 - - [27/Apr/2017:06:48:42 -0500] "GET /BLA/resoluciones/index.php?dir=RESOLUCIONES+2005/RES+2005+2651-2700/ HTTP/1.1" 200 12369
148.251.136.43 - - [27/Apr/2017:06:48:54 -0500] "GET /BLA/resoluciones/index.php?dir=RESOLUCIONES+2005/RES+2005+2701+-2750/ HTTP/1.1" 200 12404
69.162.124.233 - - [27/Apr/2017:06:49:08 -0500] "HEAD / HTTP/1.1" 200 -
201.245.192.253 - - [27/Apr/2017:06:49:21 -0500] "GET /galeria/nivo-slider/demo/undefined HTTP/1.1" 404 1314
201.245.192.253 - - [27/Apr/2017:06:49:28 -0500] "GET /galeria/nivo-slider/demo/undefined HTTP/1.1" 404 1314
200.118.11.110 - - [27/Apr/2017:06:49:30 -0500] "GET /galeria/galeria/jquery.fancybox.css?v=2.1.5 HTTP/1.1" 200 4895
200.118.11.110 - - [27/Apr/2017:06:49:30 -0500] "GET /galeria/galeria/jquery.fancybox.js?v=2.1.5 HTTP/1.1" 200 48706
200.118.11.110 - - [27/Apr/2017:06:49:30 -0500] "GET /BLA/boletinlegal/js/jquery.scrollShow.js HTTP/1.1" 200 4586
217.182.132.97 - - [27/Apr/2017:06:49:37 -0500] "GET /BLA/resoluciones/AUTOS%202006/AUTOS%202006%201001-1100/00001025.tif HTTP/1.1" 200 55120
148.251.136.43 - - [27/Apr/2017:06:49:48 -0500] "GET /BLA/resoluciones/index.php?dir=RESOLUCIONES+2005/RES+2005+2751-2800/ HTTP/1.1" 200 12345
148.251.136.43 - - [27/Apr/2017:06:50:42 -0500] "GET /BLA/resoluciones/index.php?dir=RESOLUCIONES+2005/RES+2005+2801-2850/ HTTP/1.1" 200 11939
190.85.35.177 - - [27/Apr/2017:06:50:42 -0500] "GET /BLA/boletinlegal/js/jquery.scrollShow.js HTTP/1.1" 200 4586
190.85.35.177 - - [27/Apr/2017:06:50:42 -0500] "GET /galeria/carrusel/Carrusel/jquery.thumbnailScroller.css HTTP/1.1" 200 2066
190.85.35.177 - - [27/Apr/2017:06:50:42 -0500] "GET /galeria/galeria/jquery.fancybox.css?v=2.1.5 HTTP/1.1" 200 4895
190.85.35.177 - - [27/Apr/2017:06:50:42 -0500] "GET /galeria/galeria/jquery.fancybox.js?v=2.1.5 HTTP/1.1" 200 48706
190.85.35.177 - - [27/Apr/2017:06:50:44 -0500] "GET /galeria/carrusel/Carrusel/jquery-ui-1.8.13.custom.min.js HTTP/1.1" 200 10800
190.85.35.177 - - [27/Apr/2017:06:50:44 -0500] "GET /galeria/carrusel/Carrusel/jquery.thumbnailScroller.js HTTP/1.1" 200 8157
190.85.35.177 - - [27/Apr/2017:06:50:44 -0500] "GET /galeria/nivo-slider/demo/demo.html HTTP/1.1" 200 3217
190.85.35.177 - - [27/Apr/2017:06:50:45 -0500] "GET /galeria/nivo-slider/nivo-slider.css HTTP/1.1" 200 1507
190.85.35.177 - - [27/Apr/2017:06:50:45 -0500] "GET /galeria/nivo-slider/themes/default/default.css HTTP/1.1" 200 1569
190.85.35.177 - - [27/Apr/2017:06:50:45 -0500] "GET /galeria/nivo-slider/themes/pascal/pascal.css HTTP/1.1" 200 2258
190.85.35.177 - - [27/Apr/2017:06:50:45 -0500] "GET /galeria/nivo-slider/themes/orman/orman.css HTTP/1.1" 200 2152
190.85.35.177 - - [27/Apr/2017:06:50:45 -0500] "GET /galeria/nivo-slider/demo/style.css HTTP/1.1" 200 2222
190.85.35.177 - - [27/Apr/2017:06:50:45 -0500] "GET /galeria/nivo-slider/demo/scripts/jquery-1.7.1.min.js HTTP/1.1" 200 93868
190.85.35.177 - - [27/Apr/2017:06:50:46 -0500] "GET /galeria/nivo-slider/jquery.nivo.slider.pack.js HTTP/1.1" 200 11561
190.85.35.177 - - [27/Apr/2017:06:50:46 -0500] "GET /galeria/nivo-slider/demo/images/bannerwebsemanadelasostenibilidadambiental.jpg HTTP/1.1" 200 307069
190.85.35.177 - - [27/Apr/2017:06:50:46 -0500] "GET /galeria/nivo-slider/demo/images/bannercampa%C3%B1acambiodesede.jpg HTTP/1.1" 200 134156
190.85.35.177 - - [27/Apr/2017:06:50:47 -0500] "GET /galeria/nivo-slider/demo/images/BANNERCAMINATAS%20ECOLOGICAS%20MARZO.jpg HTTP/1.1" 200 266671
190.85.35.177 - - [27/Apr/2017:06:50:47 -0500] "GET /galeria/nivo-slider/demo/images/banner%20aceite%20vegetal%20usado.jpg HTTP/1.1" 200 169350
190.85.35.177 - - [27/Apr/2017:06:50:47 -0500] "GET /galeria/nivo-slider/demo/images/bannerlumina2017web.jpg HTTP/1.1" 200 198918
190.85.35.177 - - [27/Apr/2017:06:50:47 -0500] "GET /galeria/nivo-slider/demo/images/banner%20reportedearbolescaidos.jpg HTTP/1.1" 200 249999
190.85.35.177 - - [27/Apr/2017:06:50:47 -0500] "GET /galeria/nivo-slider/demo/images/BANNERRUTADEVERTIMIENTOS.jpg HTTP/1.1" 200 98506
190.85.35.177 - - [27/Apr/2017:06:50:50 -0500] "GET /galeria/nivo-slider/themes/default/loading.gif HTTP/1.1" 200 1737
190.85.35.177 - - [27/Apr/2017:06:50:51 -0500] "GET /galeria/nivo-slider/demo/images/4Simple_Slider.png HTTP/1.1" 200 11722
190.85.35.177 - - [27/Apr/2017:06:50:52 -0500] "GET /galeria/nivo-slider/demo/images/bolsas-06.jpg HTTP/1.1" 200 210950
201.245.192.253 - - [27/Apr/2017:06:50:52 -0500] "GET /galeria/nivo-slider/demo/undefined HTTP/1.1" 404 1314
190.85.35.177 - - [27/Apr/2017:06:50:54 -0500] "GET /galeria/nivo-slider/themes/default/arrows.png HTTP/1.1" 200 824
190.85.35.177 - - [27/Apr/2017:06:50:54 -0500] "GET /galeria/nivo-slider/themes/default/bullets.png HTTP/1.1" 200 1281
66.249.88.1 - - [27/Apr/2017:06:50:56 -0500] "GET /BLA/boletinlegal/js/jquery.scrollShow.js HTTP/1.1" 200 4586
66.249.88.4 - - [27/Apr/2017:06:50:56 -0500] "GET /galeria/galeria/jquery.fancybox.js?v=2.1.5 HTTP/1.1" 200 48706
66.249.88.7 - - [27/Apr/2017:06:50:57 -0500] "GET /galeria/galeria/jquery.fancybox.css?v=2.1.5 HTTP/1.1" 200 4895
201.245.192.253 - - [27/Apr/2017:06:50:58 -0500] "GET /galeria/nivo-slider/demo/undefined HTTP/1.1" 404 1314
66.249.88.7 - - [27/Apr/2017:06:51:01 -0500] "GET /galeria/galeria/jquery.fancybox.css?v=2.1.5 HTTP/1.1" 304 -
66.249.88.4 - - [27/Apr/2017:06:51:01 -0500] "GET /BLA/boletinlegal/js/jquery.scrollShow.js HTTP/1.1" 304 -
66.249.88.4 - - [27/Apr/2017:06:51:01 -0500] "GET /galeria/galeria/jquery.fancybox.js?v=2.1.5 HTTP/1.1" 304 -
104.237.243.105 - - [27/Apr/2017:06:51:12 -0500] "HEAD /BLA/resoluciones/RESOLUCIONES%202007/RES%202007%203501%20AL%203600/RESOLUCION%203578%20DE%202007%2Epdf HTTP/1.1" 200 -
104.237.243.105 - - [27/Apr/2017:06:51:12 -0500] "GET /BLA/resoluciones/RESOLUCIONES%202007/RES%202007%203501%20AL%203600/RESOLUCION%203578%20DE%202007%2Epdf HTTP/1.1" 200 28844
51.255.65.68 - - [27/Apr/2017:06:51:16 -0500] "GET /BLA/resoluciones/RESOLUCIONES%202004/RES%202004%201251-1300/00001286.tif HTTP/1.1" 200 178412
148.251.136.43 - - [27/Apr/2017:06:51:34 -0500] "GET /BLA/resoluciones/index.php?dir=RESOLUCIONES+2005/RES+2005+2851-2900/ HTTP/1.1" 200 12156
192.168.175.104 - - [27/Apr/2017:06:51:34 -0500] "GET / HTTP/1.1" 200 9990
66.249.65.175 - - [27/Apr/2017:06:51:37 -0500] "GET /BLA/resoluciones/RESOLUCIONES%202013/0949.pdf HTTP/1.1" 304 -
148.251.136.43 - - [27/Apr/2017:06:51:44 -0500] "GET /BLA/resoluciones/index.php?dir=RESOLUCIONES+2005/RES+2005+2901-2950/ HTTP/1.1" 200 12331
201.245.192.253 - - [27/Apr/2017:06:51:46 -0500] "GET /galeria/nivo-slider/demo/demo.html HTTP/1.1" 304 -
192.168.175.104 - - [27/Apr/2017:06:51:47 -0500] "GET / HTTP/1.0" 200 9990
201.245.192.253 - - [27/Apr/2017:06:51:47 -0500] "GET /galeria/nivo-slider/demo/images/bannerwebsemanadelasostenibilidadambiental.jpg HTTP/1.1" 304 -
181.49.69.89 - - [27/Apr/2017:06:52:22 -0500] "GET /BLA/boletinlegal/jurisprudencia/analisis/CUADRO%20ANALISIS%20SENTENCIA%20T-411%20DE%201992.doc HTTP/1.1" 200 41984
201.245.192.253 - - [27/Apr/2017:06:52:22 -0500] "GET /galeria/nivo-slider/demo/undefined HTTP/1.1" 404 1314
201.245.192.253 - - [27/Apr/2017:06:52:28 -0500] "GET /galeria/nivo-slider/demo/undefined HTTP/1.1" 404 1314
192.168.175.104 - - [27/Apr/2017:06:52:32 -0500] "GET / HTTP/1.1" 200 9990
66.102.7.155 - - [27/Apr/2017:06:53:00 -0500] "GET /BLA/boletinlegal/js/jquery.scrollShow.js HTTP/1.1" 200 4586
66.102.7.156 - - [27/Apr/2017:06:53:00 -0500] "GET /galeria/galeria/jquery.fancybox.js?v=2.1.5 HTTP/1.1" 200 48706
66.102.7.156 - - [27/Apr/2017:06:53:00 -0500] "GET /galeria/galeria/jquery.fancybox.css?v=2.1.5 HTTP/1.1" 200 4895
66.102.7.156 - - [27/Apr/2017:06:53:04 -0500] "GET /BLA/boletinlegal/js/jquery.scrollShow.js HTTP/1.1" 304 -
66.102.7.156 - - [27/Apr/2017:06:53:04 -0500] "GET /galeria/galeria/jquery.fancybox.js?v=2.1.5 HTTP/1.1" 304 -
66.102.7.153 - - [27/Apr/2017:06:53:04 -0500] "GET /galeria/galeria/jquery.fancybox.css?v=2.1.5 HTTP/1.1" 304 -
148.251.136.43 - - [27/Apr/2017:06:53:11 -0500] "GET /robots.txt HTTP/1.1" 404 1018
148.251.136.43 - - [27/Apr/2017:06:53:11 -0500] "GET /BLA/resoluciones/index.php?dir=RESOLUCIONES+2005/RES+2005+2951-3000/ HTTP/1.1" 200 11937
41.96.14.75 - - [27/Apr/2017:06:53:17 -0500] "GET /wp-login.php HTTP/1.1" 301 336
66.249.65.181 - - [27/Apr/2017:06:53:18 -0500] "GET /Residuos/maderas/images/page45_thumbnail.jpg HTTP/1.1" 200 8925
41.96.14.75 - - [27/Apr/2017:06:53:25 -0500] "POST /wp-login.php HTTP/1.1" 301 336
66.249.88.28 - - [27/Apr/2017:06:53:26 -0500] "GET /favicon.ico HTTP/1.1" 200 7782
201.245.192.253 - - [27/Apr/2017:06:53:53 -0500] "GET /galeria/nivo-slider/demo/undefined HTTP/1.1" 404 1314
201.245.192.253 - - [27/Apr/2017:06:53:58 -0500] "GET /galeria/nivo-slider/demo/undefined HTTP/1.1" 404 1314
148.251.136.43 - - [27/Apr/2017:06:54:04 -0500] "GET /BLA/resoluciones/index.php?dir=RESOLUCIONES+2005/RES+2005+3001-3050/ HTTP/1.1" 200 12364
69.162.124.233 - - [27/Apr/2017:06:54:08 -0500] "HEAD / HTTP/1.1" 200 -
200.75.47.194 - - [27/Apr/2017:06:54:18 -0500] "GET /galeria/nivo-slider/demo/demo.html HTTP/1.1" 304 -
200.75.47.194 - - [27/Apr/2017:06:54:18 -0500] "GET /galeria/nivo-slider/demo/images/bannerwebsemanadelasostenibilidadambiental.jpg HTTP/1.1" 304 -
190.158.145.100 - - [27/Apr/2017:06:54:22 -0500] "GET /BLA/resoluciones/Notificaciones/REGISTROS%202015/0382.doc HTTP/1.1" 200 206848
201.245.162.114 - - [27/Apr/2017:06:55:03 -0500] "GET /galeria/nivo-slider/demo/demo.html HTTP/1.1" 304 -
201.245.162.114 - - [27/Apr/2017:06:55:04 -0500] "GET /galeria/nivo-slider/demo/images/bannerwebsemanadelasostenibilidadambiental.jpg HTTP/1.1" 304 -
148.251.136.43 - - [27/Apr/2017:06:55:13 -0500] "GET /BLA/resoluciones/index.php?dir=RESOLUCIONES+2005/RES+2005+301-351/ HTTP/1.1" 200 12252
201.245.192.253 - - [27/Apr/2017:06:55:23 -0500] "GET /galeria/nivo-slider/demo/undefined HTTP/1.1" 404 1314
201.245.192.253 - - [27/Apr/2017:06:55:28 -0500] "GET /galeria/nivo-slider/demo/undefined HTTP/1.1" 404 1314
66.249.65.178 - - [27/Apr/2017:06:55:32 -0500] "GET /BLA/resoluciones/RESOLUCIONES%202007/RES%202007%201801%20AL%201900/RESOLUCION%201804%20DE%202007.pdf HTTP/1.1" 304 -
207.46.13.5 - - [27/Apr/2017:06:54:57 -0500] "GET /POT-2013/Articulado/MEPOT_CTPD_FEBRERO%2020%20DE%202013.pdf HTTP/1.1" 200 11297416
164.132.161.49 - - [27/Apr/2017:06:56:01 -0500] "GET /BLA/resoluciones/RESOLUCIONES%202006/RES%202006%20751-800/00000771.tif HTTP/1.1" 200 183018
152.201.76.165 - - [27/Apr/2017:06:56:01 -0500] "GET /isolucionsda/ HTTP/1.1" 302 140
152.201.76.165 - - [27/Apr/2017:06:56:01 -0500] "GET /isolucionsda/ControlDeInicio.asp HTTP/1.1" 200 739
148.251.136.43 - - [27/Apr/2017:06:56:15 -0500] "GET /BLA/resoluciones/index.php?dir=RESOLUCIONES+2005/RES+2005+3051-3100/ HTTP/1.1" 200 12360
177.156.192.226 - - [27/Apr/2017:06:56:24 -0500] "GET /BLA/resoluciones/RESOLUCIONES%202009/4853.pdf HTTP/1.1" 200 720863
192.168.175.104 - - [27/Apr/2017:06:56:32 -0500] "GET / HTTP/1.1" 200 9990
192.168.175.104 - - [27/Apr/2017:06:56:45 -0500] "GET / HTTP/1.0" 200 9990
190.158.145.100 - - [27/Apr/2017:06:56:52 -0500] "GET /apple-touch-icon-120x120-precomposed.png HTTP/1.1" 404 1120
190.158.145.100 - - [27/Apr/2017:06:56:52 -0500] "GET /apple-touch-icon-120x120.png HTTP/1.1" 404 1120
190.158.145.100 - - [27/Apr/2017:06:56:52 -0500] "GET /apple-touch-icon.png HTTP/1.1" 404 1120
190.158.145.100 - - [27/Apr/2017:06:56:52 -0500] "GET /apple-touch-icon.png HTTP/1.1" 404 1120
201.245.192.253 - - [27/Apr/2017:06:56:54 -0500] "GET /galeria/nivo-slider/demo/undefined HTTP/1.1" 404 1314
201.245.192.253 - - [27/Apr/2017:06:56:58 -0500] "GET /galeria/nivo-slider/demo/undefined HTTP/1.1" 404 1314
190.70.103.124 - - [27/Apr/2017:06:57:04 -0500] "GET /galeria/galeria/jquery.fancybox.js?v=2.1.5 HTTP/1.1" 200 48706
190.70.103.124 - - [27/Apr/2017:06:57:04 -0500] "GET /BLA/boletinlegal/js/jquery.scrollShow.js HTTP/1.1" 200 4586
190.70.103.124 - - [27/Apr/2017:06:57:04 -0500] "GET /galeria/galeria/jquery.fancybox.css?v=2.1.5 HTTP/1.1" 200 4895
190.70.103.124 - - [27/Apr/2017:06:57:04 -0500] "GET /galeria/carrusel/Carrusel/jquery.thumbnailScroller.css HTTP/1.1" 200 2066
190.70.103.124 - - [27/Apr/2017:06:57:04 -0500] "GET /galeria/carrusel/Carrusel/jquery-ui-1.8.13.custom.min.js HTTP/1.1" 200 10800
190.70.103.124 - - [27/Apr/2017:06:57:04 -0500] "GET /galeria/carrusel/Carrusel/jquery.thumbnailScroller.js HTTP/1.1" 200 8157
148.251.136.43 - - [27/Apr/2017:06:57:06 -0500] "GET /BLA/resoluciones/index.php?dir=RESOLUCIONES+2005/RES+2005+3101-3150/ HTTP/1.1" 200 12367
148.251.136.43 - - [27/Apr/2017:06:57:16 -0500] "GET /BLA/resoluciones/index.php?dir=RESOLUCIONES+2005/RES+2005+3151-3180/ HTTP/1.1" 200 8263
201.233.88.44 - - [27/Apr/2017:06:57:29 -0500] "GET /galeria/galeria/jquery.fancybox.css?v=2.1.5 HTTP/1.1" 200 4895
201.233.88.44 - - [27/Apr/2017:06:57:29 -0500] "GET /BLA/boletinlegal/js/jquery.scrollShow.js HTTP/1.1" 200 4586
201.233.88.44 - - [27/Apr/2017:06:57:29 -0500] "GET /galeria/galeria/jquery.fancybox.js?v=2.1.5 HTTP/1.1" 200 48706
192.168.175.104 - - [27/Apr/2017:06:57:30 -0500] "GET / HTTP/1.1" 200 9990
190.248.52.165 - - [27/Apr/2017:06:57:42 -0500] "GET /galeria/galeria/jquery.fancybox.css?v=2.1.5 HTTP/1.1" 200 4895
190.248.52.165 - - [27/Apr/2017:06:57:42 -0500] "GET /BLA/boletinlegal/js/jquery.scrollShow.js HTTP/1.1" 200 4586
190.248.52.165 - - [27/Apr/2017:06:57:42 -0500] "GET /galeria/galeria/jquery.fancybox.js?v=2.1.5 HTTP/1.1" 200 48706
190.248.52.165 - - [27/Apr/2017:06:57:47 -0500] "GET /galeria/galeria/jquery.fancybox.js?v=2.1.5 HTTP/1.1" 304 -
190.248.52.165 - - [27/Apr/2017:06:57:47 -0500] "GET /galeria/galeria/jquery.fancybox.css?v=2.1.5 HTTP/1.1" 304 -
190.248.52.165 - - [27/Apr/2017:06:57:47 -0500] "GET /BLA/boletinlegal/js/jquery.scrollShow.js HTTP/1.1" 304 -
148.251.136.43 - - [27/Apr/2017:06:58:10 -0500] "GET /BLA/resoluciones/index.php?dir=RESOLUCIONES+2005/RES+2005+351-400/ HTTP/1.1" 200 12243
146.148.37.30 - - [27/Apr/2017:06:58:12 -0500] "GET /galeria/galeria/jquery.fancybox.css?v=2.1.5 HTTP/1.1" 200 4895
146.148.37.30 - - [27/Apr/2017:06:58:12 -0500] "GET /galeria/carrusel/Carrusel/jquery.thumbnailScroller.css HTTP/1.1" 200 2066
146.148.37.30 - - [27/Apr/2017:06:58:12 -0500] "GET /BLA/boletinlegal/js/jquery.scrollShow.js HTTP/1.1" 200 4586
146.148.37.30 - - [27/Apr/2017:06:58:12 -0500] "GET /galeria/galeria/jquery.fancybox.js?v=2.1.5 HTTP/1.1" 200 48706
146.148.37.30 - - [27/Apr/2017:06:58:17 -0500] "GET /galeria/carrusel/Carrusel/jquery-ui-1.8.13.custom.min.js HTTP/1.1" 200 10800
190.24.134.164 - - [27/Apr/2017:06:58:24 -0500] "GET /BLA/boletinlegal/js/jquery.scrollShow.js HTTP/1.1" 200 4586
190.24.134.164 - - [27/Apr/2017:06:58:24 -0500] "GET /galeria/galeria/jquery.fancybox.js?v=2.1.5 HTTP/1.1" 200 48706
190.24.134.164 - - [27/Apr/2017:06:58:24 -0500] "GET /galeria/galeria/jquery.fancybox.css?v=2.1.5 HTTP/1.1" 200 4895
190.24.134.164 - - [27/Apr/2017:06:58:24 -0500] "GET /galeria/carrusel/Carrusel/jquery.thumbnailScroller.css HTTP/1.1" 200 2066
190.24.134.164 - - [27/Apr/2017:06:58:24 -0500] "GET /galeria/carrusel/Carrusel/jquery-ui-1.8.13.custom.min.js HTTP/1.1" 200 10800
201.245.192.253 - - [27/Apr/2017:06:58:24 -0500] "GET /galeria/nivo-slider/demo/undefined HTTP/1.1" 404 1314
