148.251.136.43 - - [27/Apr/2017:05:14:20 -0500] "GET /BLA/resoluciones/index.php?dir=RESOLUCIONES+2004/RES+2004+2051-2100/ HTTP/1.1" 200 12370
201.245.192.253 - - [27/Apr/2017:05:14:23 -0500] "GET /galeria/nivo-slider/demo/undefined HTTP/1.1" 404 1314
201.245.192.253 - - [27/Apr/2017:05:14:58 -0500] "GET /galeria/nivo-slider/demo/undefined HTTP/1.1" 404 1314
148.251.136.43 - - [27/Apr/2017:05:15:09 -0500] "GET /BLA/resoluciones/index.php?dir=RESOLUCIONES+2004/RES+2004+2101-2150/ HTTP/1.1" 200 12359
201.245.192.253 - - [27/Apr/2017:05:15:53 -0500] "GET /galeria/nivo-slider/demo/undefined HTTP/1.1" 404 1314
148.251.136.43 - - [27/Apr/2017:05:15:59 -0500] "GET /BLA/resoluciones/index.php?dir=RESOLUCIONES+2004/RES+2004+2151-2200/ HTTP/1.1" 200 12359
148.251.136.43 - - [27/Apr/2017:05:16:06 -0500] "GET /BLA/resoluciones/index.php?dir=RESOLUCIONES+2004/RES+2004+2201-2250/ HTTP/1.1" 200 12358
164.132.161.77 - - [27/Apr/2017:05:16:14 -0500] "GET /BLA/resoluciones/index.php?dir=RESOLUCIONES%202017/&sort=date&order=asc HTTP/1.1" 200 18871
69.162.124.233 - - [27/Apr/2017:05:16:22 -0500] "HEAD / HTTP/1.1" 200 -
201.245.192.253 - - [27/Apr/2017:05:16:28 -0500] "GET /galeria/nivo-slider/demo/undefined HTTP/1.1" 404 1314
192.168.175.104 - - [27/Apr/2017:05:17:08 -0500] "GET / HTTP/1.1" 200 9990
192.168.175.104 - - [27/Apr/2017:05:17:21 -0500] "GET / HTTP/1.0" 200 9990
201.245.192.253 - - [27/Apr/2017:05:17:24 -0500] "GET /galeria/nivo-slider/demo/undefined HTTP/1.1" 404 1314
66.249.65.175 - - [27/Apr/2017:05:17:29 -0500] "GET /galeria/nivo-slider/demo/images/ecolecta2016.jpg HTTP/1.1" 200 147170
66.249.65.175 - - [27/Apr/2017:05:17:42 -0500] "GET /BLA/resoluciones/AUTOS%202013/2418.pdf HTTP/1.1" 304 -
201.245.192.253 - - [27/Apr/2017:05:17:58 -0500] "GET /galeria/nivo-slider/demo/undefined HTTP/1.1" 404 1314
192.168.175.104 - - [27/Apr/2017:05:18:08 -0500] "GET / HTTP/1.1" 200 9990
191.76.46.22 - - [27/Apr/2017:05:18:52 -0500] "GET /BLA/boletinlegal/js/jquery.scrollShow.js HTTP/1.1" 200 4586
191.76.46.22 - - [27/Apr/2017:05:18:52 -0500] "GET /galeria/galeria/jquery.fancybox.js?v=2.1.5 HTTP/1.1" 200 48706
191.76.46.22 - - [27/Apr/2017:05:18:52 -0500] "GET /galeria/galeria/jquery.fancybox.css?v=2.1.5 HTTP/1.1" 200 4895
201.245.192.253 - - [27/Apr/2017:05:18:54 -0500] "GET /galeria/nivo-slider/demo/undefined HTTP/1.1" 404 1314
191.76.46.22 - - [27/Apr/2017:05:19:01 -0500] "GET /BLA/boletinlegal/js/jquery.scrollShow.js HTTP/1.1" 304 -
191.76.46.22 - - [27/Apr/2017:05:19:01 -0500] "GET /galeria/galeria/jquery.fancybox.js?v=2.1.5 HTTP/1.1" 304 -
191.76.46.22 - - [27/Apr/2017:05:19:01 -0500] "GET /galeria/galeria/jquery.fancybox.css?v=2.1.5 HTTP/1.1" 304 -
201.245.192.253 - - [27/Apr/2017:05:19:28 -0500] "GET /galeria/nivo-slider/demo/undefined HTTP/1.1" 404 1314
123.125.71.108 - - [27/Apr/2017:05:20:07 -0500] "GET /BLA/resoluciones/AUTOS%202009/1759.pdf HTTP/1.1" 200 203775
220.181.51.93 - - [27/Apr/2017:05:20:22 -0500] "GET /BLA/resoluciones/AUTOS%202014/0130.pdf HTTP/1.1" 200 811649
201.245.192.253 - - [27/Apr/2017:05:20:25 -0500] "GET /galeria/nivo-slider/demo/undefined HTTP/1.1" 404 1314
186.30.9.184 - - [27/Apr/2017:05:20:45 -0500] "GET /galeria/galeria/fotos/Entrenube2G.jpg HTTP/1.1" 200 111422
201.245.192.253 - - [27/Apr/2017:05:20:58 -0500] "GET /galeria/nivo-slider/demo/undefined HTTP/1.1" 404 1314
180.76.15.7 - - [27/Apr/2017:05:21:05 -0500] "GET / HTTP/1.1" 200 9990
180.76.15.148 - - [27/Apr/2017:05:21:22 -0500] "GET / HTTP/1.1" 200 9990
69.162.124.233 - - [27/Apr/2017:05:21:22 -0500] "HEAD / HTTP/1.1" 200 -
201.245.192.253 - - [27/Apr/2017:05:21:55 -0500] "GET /galeria/nivo-slider/demo/undefined HTTP/1.1" 404 1314
74.208.16.158 - - [27/Apr/2017:05:22:03 -0500] "GET /wp-admin/ HTTP/1.1" 404 1018
192.168.175.104 - - [27/Apr/2017:05:22:06 -0500] "GET / HTTP/1.1" 200 9990
164.132.161.16 - - [27/Apr/2017:05:22:08 -0500] "GET /BLA/resoluciones/RESOLUCIONES%202000/2000%20650-699.tif HTTP/1.1" 200 6223095
192.168.175.104 - - [27/Apr/2017:05:22:20 -0500] "GET / HTTP/1.0" 200 9990
201.245.192.253 - - [27/Apr/2017:05:22:28 -0500] "GET /galeria/nivo-slider/demo/undefined HTTP/1.1" 404 1314
192.168.175.104 - - [27/Apr/2017:05:23:06 -0500] "GET / HTTP/1.1" 200 9990
201.245.192.253 - - [27/Apr/2017:05:23:25 -0500] "GET /galeria/nivo-slider/demo/undefined HTTP/1.1" 404 1314
217.182.132.30 - - [27/Apr/2017:05:23:30 -0500] "GET /BLA/resoluciones/AUTOS%202006/AUTOS%202006%20101-200/00000144.tif HTTP/1.1" 200 35828
201.245.192.253 - - [27/Apr/2017:05:23:58 -0500] "GET /galeria/nivo-slider/demo/undefined HTTP/1.1" 404 1314
167.0.228.13 - - [27/Apr/2017:05:24:00 -0500] "GET /galeria/galeria/jquery.fancybox.css?v=2.1.5 HTTP/1.1" 200 4895
167.0.228.13 - - [27/Apr/2017:05:24:00 -0500] "GET /BLA/boletinlegal/js/jquery.scrollShow.js HTTP/1.1" 200 4586
167.0.228.13 - - [27/Apr/2017:05:24:00 -0500] "GET /galeria/galeria/jquery.fancybox.js?v=2.1.5 HTTP/1.1" 200 48706
167.0.228.13 - - [27/Apr/2017:05:24:05 -0500] "GET /BLA/boletinlegal/js/jquery.scrollShow.js HTTP/1.1" 304 -
167.0.228.13 - - [27/Apr/2017:05:24:05 -0500] "GET /galeria/galeria/jquery.fancybox.js?v=2.1.5 HTTP/1.1" 304 -
167.0.228.13 - - [27/Apr/2017:05:24:05 -0500] "GET /galeria/galeria/jquery.fancybox.css?v=2.1.5 HTTP/1.1" 304 -
201.245.192.253 - - [27/Apr/2017:05:24:56 -0500] "GET /galeria/nivo-slider/demo/undefined HTTP/1.1" 404 1314
179.7.191.22 - - [27/Apr/2017:05:25:02 -0500] "GET /galeria/galeria/jquery.fancybox.css?v=2.1.5 HTTP/1.1" 200 4895
179.7.191.22 - - [27/Apr/2017:05:25:02 -0500] "GET /BLA/boletinlegal/js/jquery.scrollShow.js HTTP/1.1" 200 4586
179.7.191.22 - - [27/Apr/2017:05:25:02 -0500] "GET /galeria/galeria/jquery.fancybox.js?v=2.1.5 HTTP/1.1" 200 48706
201.245.192.253 - - [27/Apr/2017:05:25:28 -0500] "GET /galeria/nivo-slider/demo/undefined HTTP/1.1" 404 1314
66.249.88.4 - - [27/Apr/2017:05:25:58 -0500] "GET / HTTP/1.1" 200 9990
69.162.124.233 - - [27/Apr/2017:05:26:22 -0500] "HEAD / HTTP/1.1" 200 -
201.245.192.253 - - [27/Apr/2017:05:26:26 -0500] "GET /galeria/nivo-slider/demo/undefined HTTP/1.1" 404 1314
51.255.71.119 - - [27/Apr/2017:05:26:34 -0500] "GET /BLA/resoluciones/RESOLUCIONES%202002/RES%202002%201151-1200/20021160.tif HTTP/1.1" 200 80456
201.245.192.253 - - [27/Apr/2017:05:26:58 -0500] "GET /galeria/nivo-slider/demo/undefined HTTP/1.1" 404 1314
192.168.175.104 - - [27/Apr/2017:05:27:04 -0500] "GET / HTTP/1.1" 200 9990
192.168.175.104 - - [27/Apr/2017:05:27:19 -0500] "GET / HTTP/1.0" 200 9990
201.245.192.253 - - [27/Apr/2017:05:27:57 -0500] "GET /galeria/nivo-slider/demo/undefined HTTP/1.1" 404 1314
192.168.175.104 - - [27/Apr/2017:05:28:04 -0500] "GET / HTTP/1.1" 200 9990
201.245.192.253 - - [27/Apr/2017:05:28:28 -0500] "GET /galeria/nivo-slider/demo/undefined HTTP/1.1" 404 1314
186.29.181.232 - - [27/Apr/2017:05:28:40 -0500] "GET /galeria/galeria/jquery.fancybox.css?v=2.1.5 HTTP/1.1" 200 4895
186.29.181.232 - - [27/Apr/2017:05:28:40 -0500] "GET /BLA/boletinlegal/js/jquery.scrollShow.js HTTP/1.1" 200 4586
186.29.181.232 - - [27/Apr/2017:05:28:40 -0500] "GET /galeria/galeria/jquery.fancybox.js?v=2.1.5 HTTP/1.1" 200 48706
66.249.88.1 - - [27/Apr/2017:05:28:49 -0500] "GET /BLA/resoluciones/RESOLUCIONES%202007/RES%202007%201401%20AL%201500/RESOLUCION%201401%20DE%202007.pdf HTTP/1.1" 200 257380
66.249.65.175 - - [27/Apr/2017:05:29:27 -0500] "GET /BLA/resoluciones/AUTOS%202014/3106.pdf HTTP/1.1" 304 -
201.245.192.253 - - [27/Apr/2017:05:29:27 -0500] "GET /galeria/nivo-slider/demo/undefined HTTP/1.1" 404 1314
201.245.192.253 - - [27/Apr/2017:05:29:58 -0500] "GET /galeria/nivo-slider/demo/undefined HTTP/1.1" 404 1314
217.182.132.174 - - [27/Apr/2017:05:30:22 -0500] "GET /BLA/resoluciones/RESOLUCIONES%202004/RES%202004%2051-100/00000065.tif HTTP/1.1" 200 100622
123.125.71.111 - - [27/Apr/2017:05:30:24 -0500] "GET /BLA/resoluciones/RESOLUCIONES%202009/2723.pdf HTTP/1.1" 200 399026
201.245.192.253 - - [27/Apr/2017:05:30:58 -0500] "GET /galeria/nivo-slider/demo/undefined HTTP/1.1" 404 1314
190.156.188.117 - - [27/Apr/2017:05:31:16 -0500] "GET /BLA/resoluciones/RESOLUCIONES%202010/5544.pdf HTTP/1.1" 200 203733
190.156.188.117 - - [27/Apr/2017:05:31:17 -0500] "GET /favicon.ico HTTP/1.1" 200 7782
69.162.124.233 - - [27/Apr/2017:05:31:22 -0500] "HEAD / HTTP/1.1" 200 -
201.245.192.253 - - [27/Apr/2017:05:31:28 -0500] "GET /galeria/nivo-slider/demo/undefined HTTP/1.1" 404 1314
74.208.16.158 - - [27/Apr/2017:05:31:57 -0500] "GET /test/wp-admin/ HTTP/1.1" 404 1018
192.168.175.104 - - [27/Apr/2017:05:32:03 -0500] "GET / HTTP/1.1" 200 9990
192.168.175.104 - - [27/Apr/2017:05:32:17 -0500] "GET / HTTP/1.0" 200 9990
201.245.192.253 - - [27/Apr/2017:05:32:28 -0500] "GET /galeria/nivo-slider/demo/undefined HTTP/1.1" 404 1314
66.249.88.1 - - [27/Apr/2017:05:32:36 -0500] "GET /BLA/resoluciones/RESOLUCIONES%202007/RES%202007%201401%20AL%201500/RESOLUCION%201401%20DE%202007.pdf HTTP/1.1" 200 257380
201.245.192.253 - - [27/Apr/2017:05:32:58 -0500] "GET /galeria/nivo-slider/demo/undefined HTTP/1.1" 404 1314
191.102.121.95 - - [27/Apr/2017:05:32:59 -0500] "GET /galeria/galeria/jquery.fancybox.css?v=2.1.5 HTTP/1.1" 200 4895
191.102.121.95 - - [27/Apr/2017:05:32:59 -0500] "GET /BLA/boletinlegal/js/jquery.scrollShow.js HTTP/1.1" 200 4586
191.102.121.95 - - [27/Apr/2017:05:32:59 -0500] "GET /galeria/galeria/jquery.fancybox.js?v=2.1.5 HTTP/1.1" 200 48706
192.168.175.104 - - [27/Apr/2017:05:33:02 -0500] "GET / HTTP/1.1" 200 9990
201.245.192.253 - - [27/Apr/2017:05:33:59 -0500] "GET /galeria/nivo-slider/demo/undefined HTTP/1.1" 404 1314
201.245.192.253 - - [27/Apr/2017:05:34:28 -0500] "GET /galeria/nivo-slider/demo/undefined HTTP/1.1" 404 1314
148.251.136.43 - - [27/Apr/2017:05:35:04 -0500] "GET /robots.txt HTTP/1.1" 404 1018
148.251.136.43 - - [27/Apr/2017:05:35:04 -0500] "GET /BLA/resoluciones/index.php?dir=RESOLUCIONES+2004/RES+2004+2251-2300/ HTTP/1.1" 200 12363
201.245.192.253 - - [27/Apr/2017:05:35:29 -0500] "GET /galeria/nivo-slider/demo/undefined HTTP/1.1" 404 1314
201.245.192.253 - - [27/Apr/2017:05:35:58 -0500] "GET /galeria/nivo-slider/demo/undefined HTTP/1.1" 404 1314
69.162.124.233 - - [27/Apr/2017:05:36:22 -0500] "HEAD / HTTP/1.1" 200 -
201.245.192.253 - - [27/Apr/2017:05:37:00 -0500] "GET /galeria/nivo-slider/demo/undefined HTTP/1.1" 404 1314
192.168.175.104 - - [27/Apr/2017:05:37:01 -0500] "GET / HTTP/1.1" 200 9990
192.168.175.104 - - [27/Apr/2017:05:37:15 -0500] "GET / HTTP/1.0" 200 9990
66.249.73.232 - - [27/Apr/2017:05:37:16 -0500] "GET /galeria/nivo-slider/demo/?C=S;O=D HTTP/1.1" 200 3163
201.245.192.253 - - [27/Apr/2017:05:37:28 -0500] "GET /galeria/nivo-slider/demo/undefined HTTP/1.1" 404 1314
192.168.175.104 - - [27/Apr/2017:05:38:01 -0500] "GET / HTTP/1.1" 200 9990
201.245.192.253 - - [27/Apr/2017:05:38:30 -0500] "GET /galeria/nivo-slider/demo/undefined HTTP/1.1" 404 1314
186.43.118.135 - - [27/Apr/2017:05:38:35 -0500] "GET /galeria/galeria/jquery.fancybox.css?v=2.1.5 HTTP/1.1" 200 4895
186.43.118.135 - - [27/Apr/2017:05:38:35 -0500] "GET /BLA/boletinlegal/js/jquery.scrollShow.js HTTP/1.1" 200 4586
186.43.118.135 - - [27/Apr/2017:05:38:35 -0500] "GET /galeria/galeria/jquery.fancybox.js?v=2.1.5 HTTP/1.1" 200 48706
201.245.192.253 - - [27/Apr/2017:05:38:58 -0500] "GET /galeria/nivo-slider/demo/undefined HTTP/1.1" 404 1314
69.162.124.233 - - [27/Apr/2017:05:39:01 -0500] "HEAD / HTTP/1.1" 200 -
201.245.192.253 - - [27/Apr/2017:05:40:01 -0500] "GET /galeria/nivo-slider/demo/undefined HTTP/1.1" 404 1314
66.249.73.216 - - [27/Apr/2017:05:40:02 -0500] "GET /galeria/mapa/BURRO12.jpg HTTP/1.1" 304 -
201.245.192.253 - - [27/Apr/2017:05:40:28 -0500] "GET /galeria/nivo-slider/demo/undefined HTTP/1.1" 404 1314
181.51.183.97 - - [27/Apr/2017:05:41:06 -0500] "GET /galeria/galeria/jquery.fancybox.css?v=2.1.5 HTTP/1.1" 200 4895
181.51.183.97 - - [27/Apr/2017:05:41:06 -0500] "GET /BLA/boletinlegal/js/jquery.scrollShow.js HTTP/1.1" 200 4586
181.51.183.97 - - [27/Apr/2017:05:41:06 -0500] "GET /galeria/galeria/jquery.fancybox.js?v=2.1.5 HTTP/1.1" 200 48706
74.208.16.158 - - [27/Apr/2017:05:41:23 -0500] "GET /wordpress/wp-admin/ HTTP/1.1" 404 1018
201.245.192.253 - - [27/Apr/2017:05:41:31 -0500] "GET /galeria/nivo-slider/demo/undefined HTTP/1.1" 404 1314
201.245.192.253 - - [27/Apr/2017:05:41:58 -0500] "GET /galeria/nivo-slider/demo/undefined HTTP/1.1" 404 1314
192.168.175.104 - - [27/Apr/2017:05:41:59 -0500] "GET / HTTP/1.1" 200 9990
192.168.175.104 - - [27/Apr/2017:05:42:13 -0500] "GET / HTTP/1.0" 200 9990
52.2.10.94 - - [27/Apr/2017:05:42:23 -0500] "GET /robots.txt HTTP/1.1" 404 1018
186.28.98.170 - - [27/Apr/2017:05:42:28 -0500] "GET /galeria/nivo-slider/demo/demo.html HTTP/1.1" 304 -
181.49.93.171 - - [27/Apr/2017:05:42:28 -0500] "GET /BLA/resoluciones/RESOLUCIONES%202010/4229.pdf HTTP/1.1" 200 346872
181.49.93.171 - - [27/Apr/2017:05:42:29 -0500] "GET /favicon.ico HTTP/1.1" 200 7782
186.28.98.170 - - [27/Apr/2017:05:42:30 -0500] "GET /galeria/nivo-slider/demo/images/bannerwebsemanadelasostenibilidadambiental.jpg HTTP/1.1" 304 -
186.28.98.170 - - [27/Apr/2017:05:42:30 -0500] "GET /galeria/nivo-slider/demo/images/BANNERRUTADEVERTIMIENTOS.jpg HTTP/1.1" 304 -
192.168.175.104 - - [27/Apr/2017:05:42:59 -0500] "GET / HTTP/1.1" 200 9990
201.245.192.253 - - [27/Apr/2017:05:43:01 -0500] "GET /galeria/nivo-slider/demo/undefined HTTP/1.1" 404 1314
213.96.33.95 - - [27/Apr/2017:05:43:17 -0500] "GET /BLA/resoluciones/RESOLUCIONES%202007/RES%202007%202501%20AL%202600/RESOLUCION%202542%20DE%202007.pdf HTTP/1.1" 200 867071
201.245.192.253 - - [27/Apr/2017:05:43:28 -0500] "GET /galeria/nivo-slider/demo/undefined HTTP/1.1" 404 1314
69.162.124.233 - - [27/Apr/2017:05:44:01 -0500] "HEAD / HTTP/1.1" 200 -
51.255.65.53 - - [27/Apr/2017:05:44:02 -0500] "GET /BLA/resoluciones/RESOLUCIONES%202004/RES%202004%20951-1000/00000978.tif HTTP/1.1" 200 134236
201.245.192.253 - - [27/Apr/2017:05:44:32 -0500] "GET /galeria/nivo-slider/demo/undefined HTTP/1.1" 404 1314
201.245.192.253 - - [27/Apr/2017:05:44:58 -0500] "GET /galeria/nivo-slider/demo/undefined HTTP/1.1" 404 1314
178.159.43.212 - - [27/Apr/2017:05:44:59 -0500] "HEAD / HTTP/1.1" 200 -
66.249.65.175 - - [27/Apr/2017:05:45:40 -0500] "GET /galeria/galeria/fotos/Movilizacion10P.jpg HTTP/1.1" 304 -
201.245.192.253 - - [27/Apr/2017:05:46:02 -0500] "GET /galeria/nivo-slider/demo/undefined HTTP/1.1" 404 1314
201.245.192.253 - - [27/Apr/2017:05:46:28 -0500] "GET /galeria/nivo-slider/demo/undefined HTTP/1.1" 404 1314
148.251.136.43 - - [27/Apr/2017:05:46:51 -0500] "GET /robots.txt HTTP/1.1" 404 1018
148.251.136.43 - - [27/Apr/2017:05:46:51 -0500] "GET /BLA/resoluciones/index.php?dir=RESOLUCIONES+2004/RES+2004+2301-2350/ HTTP/1.1" 200 12356
192.168.175.104 - - [27/Apr/2017:05:46:57 -0500] "GET / HTTP/1.1" 200 9990
192.168.175.104 - - [27/Apr/2017:05:47:12 -0500] "GET / HTTP/1.0" 200 9990
201.245.192.253 - - [27/Apr/2017:05:47:33 -0500] "GET /galeria/nivo-slider/demo/undefined HTTP/1.1" 404 1314
148.251.136.43 - - [27/Apr/2017:05:47:40 -0500] "GET /BLA/resoluciones/index.php?dir=RESOLUCIONES+2004/RES+2004+2351-2401/ HTTP/1.1" 200 12572
192.168.175.104 - - [27/Apr/2017:05:47:57 -0500] "GET / HTTP/1.1" 200 9990
201.245.192.253 - - [27/Apr/2017:05:47:58 -0500] "GET /galeria/nivo-slider/demo/undefined HTTP/1.1" 404 1314
181.49.76.197 - - [27/Apr/2017:05:48:43 -0500] "GET /BLA/boletinlegal/js/jquery.scrollShow.js HTTP/1.1" 200 4586
181.49.76.197 - - [27/Apr/2017:05:48:43 -0500] "GET /galeria/galeria/jquery.fancybox.css?v=2.1.5 HTTP/1.1" 200 4895
181.49.76.197 - - [27/Apr/2017:05:48:43 -0500] "GET /galeria/galeria/jquery.fancybox.js?v=2.1.5 HTTP/1.1" 200 48706
69.162.124.233 - - [27/Apr/2017:05:49:01 -0500] "HEAD / HTTP/1.1" 200 -
201.245.192.253 - - [27/Apr/2017:05:49:03 -0500] "GET /galeria/nivo-slider/demo/undefined HTTP/1.1" 404 1314
190.131.194.135 - - [27/Apr/2017:05:49:13 -0500] "GET /galeria/nivo-slider/demo/images/banner-anticorupcion2016.jpg HTTP/1.1" 304 -
201.245.192.253 - - [27/Apr/2017:05:49:28 -0500] "GET /galeria/nivo-slider/demo/undefined HTTP/1.1" 404 1314
181.53.220.66 - - [27/Apr/2017:05:50:21 -0500] "GET /BLA/boletinlegal/js/jquery.scrollShow.js HTTP/1.1" 304 -
181.53.220.66 - - [27/Apr/2017:05:50:21 -0500] "GET /galeria/galeria/jquery.fancybox.js?v=2.1.5 HTTP/1.1" 304 -
201.245.192.253 - - [27/Apr/2017:05:50:34 -0500] "GET /galeria/nivo-slider/demo/undefined HTTP/1.1" 404 1314
74.208.16.158 - - [27/Apr/2017:05:50:57 -0500] "GET /blog/wp-admin/ HTTP/1.1" 404 1018
201.245.192.253 - - [27/Apr/2017:05:50:58 -0500] "GET /galeria/nivo-slider/demo/undefined HTTP/1.1" 404 1314
66.249.65.181 - - [27/Apr/2017:05:51:19 -0500] "GET /galeria/galeria/fotos/Movilizacion7P.jpg HTTP/1.1" 304 -
51.255.65.57 - - [27/Apr/2017:05:51:41 -0500] "GET /BLA/resoluciones/RESOLUCIONES%202004/RES%202004%201101-1150/00001119.tif HTTP/1.1" 200 128720
192.168.175.104 - - [27/Apr/2017:05:51:55 -0500] "GET / HTTP/1.1" 200 9990
201.245.192.253 - - [27/Apr/2017:05:52:04 -0500] "GET /galeria/nivo-slider/demo/undefined HTTP/1.1" 404 1314
5.90.10.41 - - [27/Apr/2017:05:52:07 -0500] "GET /BLA/boletinlegal/js/jquery.scrollShow.js HTTP/1.1" 200 4586
5.90.10.41 - - [27/Apr/2017:05:52:07 -0500] "GET /galeria/galeria/jquery.fancybox.js?v=2.1.5 HTTP/1.1" 200 48706
5.90.10.41 - - [27/Apr/2017:05:52:07 -0500] "GET /galeria/galeria/jquery.fancybox.css?v=2.1.5 HTTP/1.1" 200 4895
192.168.175.104 - - [27/Apr/2017:05:52:08 -0500] "GET / HTTP/1.0" 200 9990
5.90.10.41 - - [27/Apr/2017:05:52:18 -0500] "GET /galeria/galeria/jquery.fancybox.js?v=2.1.5 HTTP/1.1" 304 -
5.90.10.41 - - [27/Apr/2017:05:52:18 -0500] "GET /BLA/boletinlegal/js/jquery.scrollShow.js HTTP/1.1" 304 -
5.90.10.41 - - [27/Apr/2017:05:52:18 -0500] "GET /galeria/galeria/jquery.fancybox.css?v=2.1.5 HTTP/1.1" 304 -
201.245.192.253 - - [27/Apr/2017:05:52:28 -0500] "GET /galeria/nivo-slider/demo/undefined HTTP/1.1" 404 1314
192.168.175.104 - - [27/Apr/2017:05:52:55 -0500] "GET / HTTP/1.1" 200 9990
217.182.132.68 - - [27/Apr/2017:05:52:57 -0500] "GET /BLA/resoluciones/RESOLUCIONES%202006/RES%202006%20351-400/00000364.tif HTTP/1.1" 200 133402
190.152.233.89 - - [27/Apr/2017:05:52:58 -0500] "GET /galeria/galeria/fotos/juan-amarillo4G.jpg HTTP/1.1" 200 202445
190.152.233.89 - - [27/Apr/2017:05:52:58 -0500] "GET /galeria/galeria/fotos/MeandrodelSay4G.jpg HTTP/1.1" 200 371052
104.154.58.95 - - [27/Apr/2017:05:53:30 -0500] "GET /robots.txt HTTP/1.1" 404 1018
201.245.192.253 - - [27/Apr/2017:05:53:35 -0500] "GET /galeria/nivo-slider/demo/undefined HTTP/1.1" 404 1314
201.245.192.253 - - [27/Apr/2017:05:53:58 -0500] "GET /galeria/nivo-slider/demo/undefined HTTP/1.1" 404 1314
69.162.124.233 - - [27/Apr/2017:05:54:01 -0500] "HEAD / HTTP/1.1" 200 -
201.245.192.253 - - [27/Apr/2017:05:55:05 -0500] "GET /galeria/nivo-slider/demo/undefined HTTP/1.1" 404 1314
201.245.192.253 - - [27/Apr/2017:05:55:28 -0500] "GET /galeria/nivo-slider/demo/undefined HTTP/1.1" 404 1314
51.255.65.37 - - [27/Apr/2017:05:55:33 -0500] "GET /BLA/resoluciones/RESOLUCIONES%202004/RES%202004%20751-800/00000760.tif HTTP/1.1" 200 182952
201.245.192.253 - - [27/Apr/2017:05:56:36 -0500] "GET /galeria/nivo-slider/demo/undefined HTTP/1.1" 404 1314
192.168.175.104 - - [27/Apr/2017:05:56:53 -0500] "GET / HTTP/1.1" 200 9990
66.249.65.175 - - [27/Apr/2017:05:56:56 -0500] "GET /galeria/galeria/fotos/Encuentro-de-Movimientos6G.jpg HTTP/1.1" 304 -
201.245.192.253 - - [27/Apr/2017:05:56:58 -0500] "GET /galeria/nivo-slider/demo/undefined HTTP/1.1" 404 1314
66.249.65.175 - - [27/Apr/2017:05:57:04 -0500] "GET /POT-2013/dlf/styles.css HTTP/1.1" 200 3045
192.168.175.104 - - [27/Apr/2017:05:57:06 -0500] "GET / HTTP/1.0" 200 9990
148.251.136.43 - - [27/Apr/2017:05:57:13 -0500] "GET /robots.txt HTTP/1.1" 404 1018
148.251.136.43 - - [27/Apr/2017:05:57:13 -0500] "GET /BLA/resoluciones/index.php?dir=RESOLUCIONES+2004/RES+2004+251-300/ HTTP/1.1" 200 12044
192.168.175.104 - - [27/Apr/2017:05:57:53 -0500] "GET / HTTP/1.1" 200 9990
148.251.136.43 - - [27/Apr/2017:05:58:03 -0500] "GET /BLA/resoluciones/index.php?dir=RESOLUCIONES+2004/RES+2004+301-350/ HTTP/1.1" 200 12062
201.245.192.253 - - [27/Apr/2017:05:58:06 -0500] "GET /galeria/nivo-slider/demo/undefined HTTP/1.1" 404 1314
164.132.161.73 - - [27/Apr/2017:05:58:26 -0500] "GET /BLA/resoluciones/RESOLUCIONES%202005/RES%202005%202851-2900/00002853.tif HTTP/1.1" 200 148454
201.245.192.253 - - [27/Apr/2017:05:58:28 -0500] "GET /galeria/nivo-slider/demo/undefined HTTP/1.1" 404 1314
69.162.124.233 - - [27/Apr/2017:05:59:01 -0500] "HEAD / HTTP/1.1" 200 -
201.245.192.253 - - [27/Apr/2017:05:59:37 -0500] "GET /galeria/nivo-slider/demo/undefined HTTP/1.1" 404 1314
148.251.136.43 - - [27/Apr/2017:05:59:48 -0500] "GET /BLA/resoluciones/index.php?dir=RESOLUCIONES+2004/RES+2004+351-400/ HTTP/1.1" 200 12050
201.245.192.253 - - [27/Apr/2017:05:59:58 -0500] "GET /galeria/nivo-slider/demo/undefined HTTP/1.1" 404 1314
74.208.16.158 - - [27/Apr/2017:06:00:53 -0500] "GET /wp/wp-admin/ HTTP/1.1" 404 1018
201.245.192.253 - - [27/Apr/2017:06:01:07 -0500] "GET /galeria/nivo-slider/demo/undefined HTTP/1.1" 404 1314
190.156.109.159 - - [27/Apr/2017:06:01:23 -0500] "GET /galeria/galeria/jquery.fancybox.js?v=2.1.5 HTTP/1.1" 200 48706
190.156.109.159 - - [27/Apr/2017:06:01:24 -0500] "GET /BLA/boletinlegal/js/jquery.scrollShow.js HTTP/1.1" 200 4586
190.156.109.159 - - [27/Apr/2017:06:01:24 -0500] "GET /galeria/galeria/jquery.fancybox.css?v=2.1.5 HTTP/1.1" 200 4895
190.156.109.159 - - [27/Apr/2017:06:01:26 -0500] "GET /BLA/boletinlegal/js/jquery.scrollShow.js HTTP/1.1" 304 -
190.156.109.159 - - [27/Apr/2017:06:01:26 -0500] "GET /galeria/galeria/jquery.fancybox.js?v=2.1.5 HTTP/1.1" 304 -
190.156.109.159 - - [27/Apr/2017:06:01:26 -0500] "GET /galeria/galeria/jquery.fancybox.css?v=2.1.5 HTTP/1.1" 304 -
201.245.192.253 - - [27/Apr/2017:06:01:28 -0500] "GET /galeria/nivo-slider/demo/undefined HTTP/1.1" 404 1314
192.168.175.104 - - [27/Apr/2017:06:01:51 -0500] "GET / HTTP/1.1" 200 9990
191.73.243.5 - - [27/Apr/2017:06:02:00 -0500] "GET /BLA/boletinlegal/js/jquery.scrollShow.js HTTP/1.1" 200 4586
191.73.243.5 - - [27/Apr/2017:06:02:00 -0500] "GET /galeria/galeria/jquery.fancybox.js?v=2.1.5 HTTP/1.1" 200 48706
191.73.243.5 - - [27/Apr/2017:06:02:00 -0500] "GET /galeria/carrusel/Carrusel/jquery.thumbnailScroller.css HTTP/1.1" 200 2066
191.73.243.5 - - [27/Apr/2017:06:02:00 -0500] "GET /galeria/galeria/jquery.fancybox.css?v=2.1.5 HTTP/1.1" 200 4895
191.73.243.5 - - [27/Apr/2017:06:02:00 -0500] "GET /galeria/carrusel/Carrusel/jquery-ui-1.8.13.custom.min.js HTTP/1.1" 200 10800
191.73.243.5 - - [27/Apr/2017:06:02:01 -0500] "GET /galeria/carrusel/Carrusel/jquery.thumbnailScroller.js HTTP/1.1" 200 8157
191.73.243.5 - - [27/Apr/2017:06:02:02 -0500] "GET /galeria/nivo-slider/demo/demo.html HTTP/1.1" 200 3217
191.73.243.5 - - [27/Apr/2017:06:02:02 -0500] "GET /galeria/nivo-slider/themes/default/default.css HTTP/1.1" 200 1569
191.73.243.5 - - [27/Apr/2017:06:02:02 -0500] "GET /galeria/nivo-slider/themes/pascal/pascal.css HTTP/1.1" 200 2258
191.73.243.5 - - [27/Apr/2017:06:02:02 -0500] "GET /galeria/nivo-slider/themes/orman/orman.css HTTP/1.1" 200 2152
191.73.243.5 - - [27/Apr/2017:06:02:02 -0500] "GET /galeria/nivo-slider/nivo-slider.css HTTP/1.1" 200 1507
191.73.243.5 - - [27/Apr/2017:06:02:02 -0500] "GET /galeria/nivo-slider/demo/scripts/jquery-1.7.1.min.js HTTP/1.1" 200 93868
191.73.243.5 - - [27/Apr/2017:06:02:02 -0500] "GET /galeria/nivo-slider/demo/style.css HTTP/1.1" 200 2222
191.73.243.5 - - [27/Apr/2017:06:02:02 -0500] "GET /galeria/nivo-slider/demo/images/bannerwebsemanadelasostenibilidadambiental.jpg HTTP/1.1" 200 307069
191.73.243.5 - - [27/Apr/2017:06:02:02 -0500] "GET /galeria/nivo-slider/jquery.nivo.slider.pack.js HTTP/1.1" 200 11561
191.73.243.5 - - [27/Apr/2017:06:02:02 -0500] "GET /galeria/nivo-slider/demo/images/bannercampa%C3%B1acambiodesede.jpg HTTP/1.1" 200 134156
191.73.243.5 - - [27/Apr/2017:06:02:02 -0500] "GET /galeria/nivo-slider/demo/images/BANNERCAMINATAS%20ECOLOGICAS%20MARZO.jpg HTTP/1.1" 200 266671
191.73.243.5 - - [27/Apr/2017:06:02:02 -0500] "GET /galeria/nivo-slider/demo/images/bannerlumina2017web.jpg HTTP/1.1" 200 198918
191.73.243.5 - - [27/Apr/2017:06:02:02 -0500] "GET /galeria/nivo-slider/demo/images/banner%20reportedearbolescaidos.jpg HTTP/1.1" 200 249999
191.73.243.5 - - [27/Apr/2017:06:02:03 -0500] "GET /galeria/nivo-slider/demo/images/banner%20aceite%20vegetal%20usado.jpg HTTP/1.1" 200 169350
191.73.243.5 - - [27/Apr/2017:06:02:03 -0500] "GET /galeria/nivo-slider/demo/images/BANNERRUTADEVERTIMIENTOS.jpg HTTP/1.1" 200 98506
191.73.243.5 - - [27/Apr/2017:06:02:04 -0500] "GET /galeria/nivo-slider/demo/images/4Simple_Slider.png HTTP/1.1" 200 11722
191.73.243.5 - - [27/Apr/2017:06:02:04 -0500] "GET /galeria/nivo-slider/demo/images/bolsas-06.jpg HTTP/1.1" 200 210950
191.73.243.5 - - [27/Apr/2017:06:02:04 -0500] "GET /galeria/nivo-slider/themes/default/loading.gif HTTP/1.1" 200 1737
192.168.175.104 - - [27/Apr/2017:06:02:04 -0500] "GET / HTTP/1.0" 200 9990
167.0.156.58 - - [27/Apr/2017:06:02:05 -0500] "GET /galeria/galeria/fotos/3humedal-Burro3G.jpg HTTP/1.1" 200 74809
167.0.156.58 - - [27/Apr/2017:06:02:05 -0500] "GET /galeria/galeria/fotos/1humedal-Burro1G.jpg HTTP/1.1" 200 132804
164.132.161.29 - - [27/Apr/2017:06:02:07 -0500] "GET /BLA/resoluciones/RESOLUCIONES%202005/RES%202005%201351-1400/00001387.tif HTTP/1.1" 200 155342
191.73.243.5 - - [27/Apr/2017:06:02:08 -0500] "GET /galeria/nivo-slider/themes/default/arrows.png HTTP/1.1" 200 824
191.73.243.5 - - [27/Apr/2017:06:02:08 -0500] "GET /galeria/nivo-slider/themes/default/bullets.png HTTP/1.1" 200 1281
186.28.98.170 - - [27/Apr/2017:06:02:12 -0500] "GET /galeria/nivo-slider/themes/default/arrows.png HTTP/1.1" 200 824
186.28.98.170 - - [27/Apr/2017:06:02:12 -0500] "GET /galeria/nivo-slider/themes/default/bullets.png HTTP/1.1" 200 1281
191.73.243.5 - - [27/Apr/2017:06:02:14 -0500] "GET /BLA/boletinlegal/js/jquery.scrollShow.js HTTP/1.1" 304 -
191.73.243.5 - - [27/Apr/2017:06:02:14 -0500] "GET /galeria/galeria/jquery.fancybox.js?v=2.1.5 HTTP/1.1" 304 -
191.73.243.5 - - [27/Apr/2017:06:02:14 -0500] "GET /galeria/galeria/jquery.fancybox.css?v=2.1.5 HTTP/1.1" 304 -
148.251.136.43 - - [27/Apr/2017:06:02:24 -0500] "GET /robots.txt HTTP/1.1" 404 1018
148.251.136.43 - - [27/Apr/2017:06:02:24 -0500] "GET /BLA/resoluciones/index.php?dir=RESOLUCIONES+2004/RES+2004+401-450/ HTTP/1.1" 200 12039
66.249.65.178 - - [27/Apr/2017:06:02:35 -0500] "GET /robots.txt HTTP/1.1" 404 1018
66.249.66.218 - - [27/Apr/2017:06:02:35 -0500] "GET /Residuos/maderas/images/page44_thumbnail.jpg HTTP/1.1" 200 6647
201.245.192.253 - - [27/Apr/2017:06:02:38 -0500] "GET /galeria/nivo-slider/demo/undefined HTTP/1.1" 404 1314
192.168.175.104 - - [27/Apr/2017:06:02:50 -0500] "GET / HTTP/1.1" 200 9990
201.245.192.253 - - [27/Apr/2017:06:02:58 -0500] "GET /galeria/nivo-slider/demo/undefined HTTP/1.1" 404 1314
148.251.136.43 - - [27/Apr/2017:06:03:33 -0500] "GET /BLA/resoluciones/index.php?dir=RESOLUCIONES+2004/RES+2004+451-500/ HTTP/1.1" 200 12037
69.162.124.233 - - [27/Apr/2017:06:04:01 -0500] "HEAD / HTTP/1.1" 200 -
201.245.192.253 - - [27/Apr/2017:06:04:08 -0500] "GET /galeria/nivo-slider/demo/undefined HTTP/1.1" 404 1314
66.102.7.153 - - [27/Apr/2017:06:04:11 -0500] "GET /BLA/resoluciones/RESOLUCIONES%202007/RES%202007%201401%20AL%201500/RESOLUCION%201401%20DE%202007.pdf HTTP/1.1" 200 257380
148.251.136.43 - - [27/Apr/2017:06:04:23 -0500] "GET /BLA/resoluciones/index.php?dir=RESOLUCIONES+2004/RES+2004+501-550/ HTTP/1.1" 200 12048
201.245.192.253 - - [27/Apr/2017:06:04:28 -0500] "GET /galeria/nivo-slider/demo/undefined HTTP/1.1" 404 1314
148.251.136.43 - - [27/Apr/2017:06:04:30 -0500] "GET /BLA/resoluciones/index.php?dir=RESOLUCIONES+2004/RES+2004+51-100/ HTTP/1.1" 200 11980
66.249.65.94 - - [27/Apr/2017:06:04:40 -0500] "GET / HTTP/1.1" 200 9990
66.249.88.7 - - [27/Apr/2017:06:04:46 -0500] "GET /galeria/galeria/jquery.fancybox.css?v=2.1.5 HTTP/1.1" 200 4895
66.249.88.4 - - [27/Apr/2017:06:04:47 -0500] "GET /galeria/galeria/jquery.fancybox.js?v=2.1.5 HTTP/1.1" 200 48706
66.249.88.1 - - [27/Apr/2017:06:04:47 -0500] "GET /BLA/boletinlegal/js/jquery.scrollShow.js HTTP/1.1" 200 4586
66.249.88.4 - - [27/Apr/2017:06:04:58 -0500] "GET /galeria/galeria/jquery.fancybox.css?v=2.1.5 HTTP/1.1" 304 -
66.249.88.1 - - [27/Apr/2017:06:04:58 -0500] "GET /BLA/boletinlegal/js/jquery.scrollShow.js HTTP/1.1" 304 -
66.249.88.1 - - [27/Apr/2017:06:04:58 -0500] "GET /galeria/galeria/jquery.fancybox.js?v=2.1.5 HTTP/1.1" 304 -
139.59.159.0 - - [27/Apr/2017:06:05:28 -0500] "GET /BLA/boletinlegal/js/jquery.scrollShow.js HTTP/1.1" 200 4586
139.59.159.0 - - [27/Apr/2017:06:05:28 -0500] "GET /galeria/galeria/jquery.fancybox.css?v=2.1.5 HTTP/1.1" 200 4895
139.59.159.0 - - [27/Apr/2017:06:05:28 -0500] "GET /galeria/galeria/jquery.fancybox.js?v=2.1.5 HTTP/1.1" 200 48706
139.59.159.0 - - [27/Apr/2017:06:05:28 -0500] "GET /galeria/carrusel/Carrusel/jquery.thumbnailScroller.css HTTP/1.1" 200 2066
139.59.159.0 - - [27/Apr/2017:06:05:28 -0500] "GET /galeria/carrusel/Carrusel/jquery-ui-1.8.13.custom.min.js HTTP/1.1" 200 10800
139.59.159.0 - - [27/Apr/2017:06:05:28 -0500] "GET /galeria/carrusel/Carrusel/jquery.thumbnailScroller.js HTTP/1.1" 200 8157
66.249.88.4 - - [27/Apr/2017:06:05:29 -0500] "GET /galeria/galeria/jquery.fancybox.css?v=2.1.5 HTTP/1.1" 304 -
66.249.88.4 - - [27/Apr/2017:06:05:29 -0500] "GET /BLA/boletinlegal/js/jquery.scrollShow.js HTTP/1.1" 304 -
66.249.88.1 - - [27/Apr/2017:06:05:29 -0500] "GET /galeria/galeria/jquery.fancybox.js?v=2.1.5 HTTP/1.1" 304 -
139.59.159.0 - - [27/Apr/2017:06:05:30 -0500] "GET /galeria/nivo-slider/demo/demo.html HTTP/1.1" 200 3217
139.59.159.0 - - [27/Apr/2017:06:05:31 -0500] "GET /galeria/nivo-slider/themes/default/default.css HTTP/1.1" 200 1569
139.59.159.0 - - [27/Apr/2017:06:05:31 -0500] "GET /galeria/nivo-slider/nivo-slider.css HTTP/1.1" 200 1507
139.59.159.0 - - [27/Apr/2017:06:05:31 -0500] "GET /galeria/nivo-slider/themes/pascal/pascal.css HTTP/1.1" 200 2258
139.59.159.0 - - [27/Apr/2017:06:05:31 -0500] "GET /galeria/nivo-slider/themes/orman/orman.css HTTP/1.1" 200 2152
139.59.159.0 - - [27/Apr/2017:06:05:31 -0500] "GET /galeria/nivo-slider/demo/style.css HTTP/1.1" 200 2222
139.59.159.0 - - [27/Apr/2017:06:05:31 -0500] "GET /galeria/nivo-slider/demo/scripts/jquery-1.7.1.min.js HTTP/1.1" 200 93868
139.59.159.0 - - [27/Apr/2017:06:05:31 -0500] "GET /galeria/nivo-slider/jquery.nivo.slider.pack.js HTTP/1.1" 200 11561
139.59.159.0 - - [27/Apr/2017:06:05:31 -0500] "GET /galeria/nivo-slider/demo/images/bannerwebsemanadelasostenibilidadambiental.jpg HTTP/1.1" 200 307069
139.59.159.0 - - [27/Apr/2017:06:05:31 -0500] "GET /galeria/nivo-slider/demo/images/bannercampa%C3%B1acambiodesede.jpg HTTP/1.1" 200 134156
139.59.159.0 - - [27/Apr/2017:06:05:31 -0500] "GET /galeria/nivo-slider/demo/images/BANNERCAMINATAS%20ECOLOGICAS%20MARZO.jpg HTTP/1.1" 200 266671
139.59.159.0 - - [27/Apr/2017:06:05:31 -0500] "GET /galeria/nivo-slider/demo/images/bannerlumina2017web.jpg HTTP/1.1" 200 198918
139.59.159.0 - - [27/Apr/2017:06:05:31 -0500] "GET /galeria/nivo-slider/demo/images/banner%20reportedearbolescaidos.jpg HTTP/1.1" 200 249999
139.59.159.0 - - [27/Apr/2017:06:05:32 -0500] "GET /galeria/nivo-slider/demo/images/banner%20aceite%20vegetal%20usado.jpg HTTP/1.1" 200 169350
139.59.159.0 - - [27/Apr/2017:06:05:32 -0500] "GET /galeria/nivo-slider/demo/images/BANNERRUTADEVERTIMIENTOS.jpg HTTP/1.1" 200 98506
139.59.159.0 - - [27/Apr/2017:06:05:32 -0500] "GET /galeria/nivo-slider/demo/images/bolsas-06.jpg HTTP/1.1" 200 210950
139.59.159.0 - - [27/Apr/2017:06:05:32 -0500] "GET /galeria/nivo-slider/demo/images/4Simple_Slider.png HTTP/1.1" 200 11722
139.59.159.0 - - [27/Apr/2017:06:05:33 -0500] "GET /galeria/nivo-slider/themes/default/loading.gif HTTP/1.1" 200 1737
139.59.159.0 - - [27/Apr/2017:06:05:35 -0500] "GET /galeria/nivo-slider/themes/default/arrows.png HTTP/1.1" 200 824
201.245.192.253 - - [27/Apr/2017:06:05:38 -0500] "GET /galeria/nivo-slider/demo/undefined HTTP/1.1" 404 1314
66.249.93.77 - - [27/Apr/2017:06:05:57 -0500] "GET /galeria/galeria/jquery.fancybox.css?v=2.1.5 HTTP/1.1" 200 4895
66.249.93.77 - - [27/Apr/2017:06:05:57 -0500] "GET /galeria/carrusel/Carrusel/jquery-ui-1.8.13.custom.min.js HTTP/1.1" 200 10800
66.249.93.75 - - [27/Apr/2017:06:05:57 -0500] "GET /galeria/galeria/jquery.fancybox.js?v=2.1.5 HTTP/1.1" 200 48706
66.249.93.73 - - [27/Apr/2017:06:05:57 -0500] "GET /galeria/carrusel/Carrusel/jquery.thumbnailScroller.css HTTP/1.1" 200 2066
66.249.93.77 - - [27/Apr/2017:06:05:57 -0500] "GET /BLA/boletinlegal/js/jquery.scrollShow.js HTTP/1.1" 200 4586
66.249.93.75 - - [27/Apr/2017:06:05:57 -0500] "GET /galeria/carrusel/Carrusel/jquery.thumbnailScroller.js HTTP/1.1" 200 8157
201.245.192.253 - - [27/Apr/2017:06:05:58 -0500] "GET /galeria/nivo-slider/demo/undefined HTTP/1.1" 404 1314
66.249.93.75 - - [27/Apr/2017:06:06:00 -0500] "GET /galeria/nivo-slider/demo/demo.html HTTP/1.1" 200 3217
66.249.93.77 - - [27/Apr/2017:06:06:00 -0500] "GET /galeria/nivo-slider/jquery.nivo.slider.pack.js HTTP/1.1" 200 11561
66.249.93.73 - - [27/Apr/2017:06:06:00 -0500] "GET /galeria/nivo-slider/themes/orman/orman.css HTTP/1.1" 200 2152
66.249.93.75 - - [27/Apr/2017:06:06:00 -0500] "GET /galeria/nivo-slider/themes/pascal/pascal.css HTTP/1.1" 200 2258
66.249.93.75 - - [27/Apr/2017:06:06:00 -0500] "GET /galeria/nivo-slider/demo/images/bannerwebsemanadelasostenibilidadambiental.jpg HTTP/1.1" 200 307069
66.249.93.77 - - [27/Apr/2017:06:06:00 -0500] "GET /galeria/nivo-slider/demo/style.css HTTP/1.1" 200 2222
66.249.93.77 - - [27/Apr/2017:06:06:00 -0500] "GET /galeria/nivo-slider/demo/images/BANNERRUTADEVERTIMIENTOS.jpg HTTP/1.1" 200 98506
66.249.93.73 - - [27/Apr/2017:06:06:00 -0500] "GET /galeria/nivo-slider/themes/default/default.css HTTP/1.1" 200 1569
66.249.93.73 - - [27/Apr/2017:06:06:00 -0500] "GET /galeria/nivo-slider/demo/scripts/jquery-1.7.1.min.js HTTP/1.1" 200 93868
66.249.93.73 - - [27/Apr/2017:06:06:00 -0500] "GET /galeria/nivo-slider/demo/images/BANNERCAMINATAS%20ECOLOGICAS%20MARZO.jpg HTTP/1.1" 200 266671
66.249.93.73 - - [27/Apr/2017:06:06:00 -0500] "GET /galeria/nivo-slider/demo/images/banner%20reportedearbolescaidos.jpg HTTP/1.1" 200 249999
66.249.93.73 - - [27/Apr/2017:06:06:00 -0500] "GET /galeria/nivo-slider/demo/images/bannerlumina2017web.jpg HTTP/1.1" 200 198918
66.249.93.73 - - [27/Apr/2017:06:06:00 -0500] "GET /galeria/nivo-slider/nivo-slider.css HTTP/1.1" 200 1507
66.249.93.75 - - [27/Apr/2017:06:06:00 -0500] "GET /galeria/nivo-slider/demo/images/bolsas-06.jpg HTTP/1.1" 200 210950
66.249.93.73 - - [27/Apr/2017:06:06:00 -0500] "GET /galeria/nivo-slider/demo/images/banner%20aceite%20vegetal%20usado.jpg HTTP/1.1" 200 169350
66.249.93.73 - - [27/Apr/2017:06:06:00 -0500] "GET /galeria/nivo-slider/demo/images/bannercampa%C3%B1acambiodesede.jpg HTTP/1.1" 200 134156
66.249.93.75 - - [27/Apr/2017:06:06:00 -0500] "GET /galeria/nivo-slider/themes/default/loading.gif HTTP/1.1" 200 1737
66.249.93.73 - - [27/Apr/2017:06:06:00 -0500] "GET /galeria/nivo-slider/demo/images/4Simple_Slider.png HTTP/1.1" 200 11722
66.249.93.77 - - [27/Apr/2017:06:06:03 -0500] "GET /galeria/nivo-slider/themes/default/bullets.png HTTP/1.1" 200 1281
66.249.93.75 - - [27/Apr/2017:06:06:03 -0500] "GET /galeria/nivo-slider/themes/default/arrows.png HTTP/1.1" 200 824
148.251.136.43 - - [27/Apr/2017:06:06:40 -0500] "GET /robots.txt HTTP/1.1" 404 1018
148.251.136.43 - - [27/Apr/2017:06:06:40 -0500] "GET /BLA/resoluciones/index.php?dir=RESOLUCIONES+2004/RES+2004+551-600/ HTTP/1.1" 200 12047
167.0.156.58 - - [27/Apr/2017:06:06:46 -0500] "GET /galeria/galeria/fotos/3humedal-Burro3G.jpg HTTP/1.1" 200 74809
190.84.150.123 - - [27/Apr/2017:06:06:49 -0500] "GET /galeria/carrusel/Carrusel/jquery.thumbnailScroller.css HTTP/1.1" 200 2066
192.168.175.104 - - [27/Apr/2017:06:06:50 -0500] "GET / HTTP/1.1" 200 9990
190.84.150.123 - - [27/Apr/2017:06:06:50 -0500] "GET /galeria/carrusel/Carrusel/jquery-ui-1.8.13.custom.min.js HTTP/1.1" 200 10800
190.84.150.123 - - [27/Apr/2017:06:06:50 -0500] "GET /galeria/carrusel/Carrusel/jquery.thumbnailScroller.js HTTP/1.1" 200 8157
190.84.150.123 - - [27/Apr/2017:06:06:50 -0500] "GET /galeria/nivo-slider/demo/demo.html HTTP/1.1" 200 3217
190.84.150.123 - - [27/Apr/2017:06:06:50 -0500] "GET /galeria/nivo-slider/themes/default/default.css HTTP/1.1" 200 1569
190.84.150.123 - - [27/Apr/2017:06:06:50 -0500] "GET /galeria/nivo-slider/themes/pascal/pascal.css HTTP/1.1" 200 2258
190.84.150.123 - - [27/Apr/2017:06:06:50 -0500] "GET /galeria/nivo-slider/nivo-slider.css HTTP/1.1" 200 1507
190.84.150.123 - - [27/Apr/2017:06:06:50 -0500] "GET /galeria/nivo-slider/themes/orman/orman.css HTTP/1.1" 200 2152
190.84.150.123 - - [27/Apr/2017:06:06:50 -0500] "GET /galeria/nivo-slider/demo/style.css HTTP/1.1" 200 2222
190.84.150.123 - - [27/Apr/2017:06:06:50 -0500] "GET /galeria/nivo-slider/demo/scripts/jquery-1.7.1.min.js HTTP/1.1" 200 93868
190.84.150.123 - - [27/Apr/2017:06:06:50 -0500] "GET /galeria/nivo-slider/jquery.nivo.slider.pack.js HTTP/1.1" 200 11561
190.84.150.123 - - [27/Apr/2017:06:06:50 -0500] "GET /galeria/nivo-slider/demo/images/bannerwebsemanadelasostenibilidadambiental.jpg HTTP/1.1" 200 307069
190.84.150.123 - - [27/Apr/2017:06:06:50 -0500] "GET /galeria/nivo-slider/demo/images/bannercampa%C3%B1acambiodesede.jpg HTTP/1.1" 200 134156
190.84.150.123 - - [27/Apr/2017:06:06:50 -0500] "GET /galeria/nivo-slider/demo/images/BANNERCAMINATAS%20ECOLOGICAS%20MARZO.jpg HTTP/1.1" 200 266671
190.84.150.123 - - [27/Apr/2017:06:06:50 -0500] "GET /galeria/nivo-slider/themes/default/loading.gif HTTP/1.1" 200 1737
190.84.150.123 - - [27/Apr/2017:06:06:50 -0500] "GET /galeria/nivo-slider/demo/images/4Simple_Slider.png HTTP/1.1" 200 11722
190.84.150.123 - - [27/Apr/2017:06:06:52 -0500] "GET /galeria/nivo-slider/demo/images/bannerlumina2017web.jpg HTTP/1.1" 200 198918
190.84.150.123 - - [27/Apr/2017:06:06:52 -0500] "GET /galeria/nivo-slider/demo/images/banner%20reportedearbolescaidos.jpg HTTP/1.1" 200 249999
190.84.150.123 - - [27/Apr/2017:06:06:53 -0500] "GET /galeria/nivo-slider/demo/images/banner%20aceite%20vegetal%20usado.jpg HTTP/1.1" 200 169350
190.84.150.123 - - [27/Apr/2017:06:06:53 -0500] "GET /galeria/nivo-slider/demo/images/BANNERRUTADEVERTIMIENTOS.jpg HTTP/1.1" 200 98506
190.84.150.123 - - [27/Apr/2017:06:06:53 -0500] "GET /galeria/nivo-slider/demo/images/bolsas-06.jpg HTTP/1.1" 200 210950
192.168.175.104 - - [27/Apr/2017:06:07:02 -0500] "GET / HTTP/1.0" 200 9990
201.245.192.253 - - [27/Apr/2017:06:07:09 -0500] "GET /galeria/nivo-slider/demo/undefined HTTP/1.1" 404 1314
201.245.192.253 - - [27/Apr/2017:06:07:28 -0500] "GET /galeria/nivo-slider/demo/undefined HTTP/1.1" 404 1314
148.251.136.43 - - [27/Apr/2017:06:07:42 -0500] "GET /BLA/resoluciones/index.php?dir=RESOLUCIONES+2004/RES+2004+601-650/ HTTP/1.1" 200 12060
192.168.175.104 - - [27/Apr/2017:06:07:48 -0500] "GET / HTTP/1.1" 200 9990
148.251.136.43 - - [27/Apr/2017:06:07:52 -0500] "GET /BLA/resoluciones/index.php?dir=RESOLUCIONES+2004/RES+2004+651-700/ HTTP/1.1" 200 12049
66.249.73.216 - - [27/Apr/2017:06:07:53 -0500] "GET /Autoliquidacion/dlf/styles.css HTTP/1.1" 200 3045
66.249.65.178 - - [27/Apr/2017:06:08:13 -0500] "GET /Residuos/maderas/images/page42_thumbnail.jpg HTTP/1.1" 200 9333
66.249.65.83 - - [27/Apr/2017:06:08:35 -0500] "GET / HTTP/1.1" 200 9990
201.245.192.253 - - [27/Apr/2017:06:08:39 -0500] "GET /galeria/nivo-slider/demo/undefined HTTP/1.1" 404 1314
148.251.136.43 - - [27/Apr/2017:06:08:40 -0500] "GET /BLA/resoluciones/index.php?dir=RESOLUCIONES+2004/RES+2004+701-750/ HTTP/1.1" 200 12059
201.245.192.253 - - [27/Apr/2017:06:08:58 -0500] "GET /galeria/nivo-slider/demo/undefined HTTP/1.1" 404 1314
69.162.124.233 - - [27/Apr/2017:06:09:01 -0500] "HEAD / HTTP/1.1" 200 -
123.125.71.94 - - [27/Apr/2017:06:10:06 -0500] "GET /BLA/resoluciones/AUTOS%202011/0219.pdf HTTP/1.1" 200 156229
201.245.192.253 - - [27/Apr/2017:06:10:10 -0500] "GET /galeria/nivo-slider/demo/undefined HTTP/1.1" 404 1314
148.251.136.43 - - [27/Apr/2017:06:10:11 -0500] "GET /BLA/resoluciones/index.php?dir=RESOLUCIONES+2004/RES+2004+751-800/ HTTP/1.1" 200 12053
190.130.127.178 - - [27/Apr/2017:06:10:20 -0500] "GET /POT-2013/memoria%20justificativa/ANEXOS_2,3,4.pdf HTTP/1.1" 200 617731
190.130.127.178 - - [27/Apr/2017:06:10:21 -0500] "GET /POT-2013/memoria%20justificativa/ANEXOS_2,3,4.pdf HTTP/1.1" 200 617731
74.208.16.158 - - [27/Apr/2017:06:10:22 -0500] "GET /old/wp-admin/ HTTP/1.1" 404 1018
164.132.162.187 - - [27/Apr/2017:06:10:25 -0500] "GET /BLA/resoluciones/RESOLUCIONES%202004/RES%202004%2051-100/00000094.tif HTTP/1.1" 200 126034
148.251.136.43 - - [27/Apr/2017:06:10:27 -0500] "GET /BLA/resoluciones/index.php?dir=RESOLUCIONES+2004/RES+2004+801-850/ HTTP/1.1" 200 12048
201.245.192.253 - - [27/Apr/2017:06:10:28 -0500] "GET /galeria/nivo-slider/demo/undefined HTTP/1.1" 404 1314
190.130.127.178 - - [27/Apr/2017:06:10:28 -0500] "GET /POT-2013/memoria%20justificativa/ANEXOS_2,3,4.pdf HTTP/1.1" 200 617731
190.130.127.178 - - [27/Apr/2017:06:10:38 -0500] "GET /POT-2013/memoria%20justificativa/ANEXOS_2,3,4.pdf HTTP/1.1" 200 617731
190.130.127.178 - - [27/Apr/2017:06:10:43 -0500] "GET /POT-2013/memoria%20justificativa/ANEXOS_2,3,4.pdf HTTP/1.1" 200 617731
190.130.127.178 - - [27/Apr/2017:06:10:47 -0500] "GET /POT-2013/memoria%20justificativa/ANEXOS_2,3,4.pdf HTTP/1.1" 200 617731
190.130.127.178 - - [27/Apr/2017:06:10:54 -0500] "GET /POT-2013/memoria%20justificativa/ANEXOS_2,3,4.pdf HTTP/1.1" 200 617731
191.102.210.22 - - [27/Apr/2017:06:11:03 -0500] "GET /BLA/resoluciones/AUTOS%202011/1362.pdf HTTP/1.1" 200 237408
191.102.210.22 - - [27/Apr/2017:06:11:03 -0500] "GET /favicon.ico HTTP/1.1" 200 7782
190.130.127.178 - - [27/Apr/2017:06:11:04 -0500] "GET /POT-2013/memoria%20justificativa/ANEXOS_2,3,4.pdf HTTP/1.1" 200 617731
190.130.127.178 - - [27/Apr/2017:06:11:10 -0500] "GET /POT-2013/memoria%20justificativa/ANEXOS_2,3,4.pdf HTTP/1.1" 200 617731
190.130.127.178 - - [27/Apr/2017:06:11:15 -0500] "GET /POT-2013/memoria%20justificativa/ANEXOS_2,3,4.pdf HTTP/1.1" 200 617731
190.130.127.178 - - [27/Apr/2017:06:11:19 -0500] "GET /POT-2013/memoria%20justificativa/ANEXOS_2,3,4.pdf HTTP/1.1" 200 617731
148.251.136.43 - - [27/Apr/2017:06:11:18 -0500] "GET /BLA/resoluciones/index.php?dir=RESOLUCIONES+2004/RES+2004+851-900/ HTTP/1.1" 200 12040
190.130.127.178 - - [27/Apr/2017:06:11:26 -0500] "GET /POT-2013/memoria%20justificativa/ANEXOS_2,3,4.pdf HTTP/1.1" 200 617731
190.130.127.178 - - [27/Apr/2017:06:11:34 -0500] "GET /POT-2013/memoria%20justificativa/ANEXOS_2,3,4.pdf HTTP/1.1" 200 617731
217.182.132.188 - - [27/Apr/2017:06:11:35 -0500] "GET /BLA/resoluciones/RESOLUCIONES%202004/RES%202004%201601-1650/00001633.tif HTTP/1.1" 200 138010
190.130.127.178 - - [27/Apr/2017:06:11:38 -0500] "GET /POT-2013/memoria%20justificativa/ANEXOS_2,3,4.pdf HTTP/1.1" 200 617731
201.245.192.253 - - [27/Apr/2017:06:11:40 -0500] "GET /galeria/nivo-slider/demo/undefined HTTP/1.1" 404 1314
190.130.127.178 - - [27/Apr/2017:06:11:42 -0500] "GET /POT-2013/memoria%20justificativa/ANEXOS_2,3,4.pdf HTTP/1.1" 200 617731
192.168.175.104 - - [27/Apr/2017:06:11:48 -0500] "GET / HTTP/1.1" 200 9990
190.130.127.178 - - [27/Apr/2017:06:11:49 -0500] "GET /POT-2013/memoria%20justificativa/ANEXOS_2,3,4.pdf HTTP/1.1" 200 617731
201.245.192.253 - - [27/Apr/2017:06:11:58 -0500] "GET /galeria/nivo-slider/demo/undefined HTTP/1.1" 404 1314
190.130.127.178 - - [27/Apr/2017:06:11:59 -0500] "GET /POT-2013/memoria%20justificativa/ANEXOS_2,3,4.pdf HTTP/1.1" 200 617731
192.168.175.104 - - [27/Apr/2017:06:12:00 -0500] "GET / HTTP/1.0" 200 9990
66.249.73.235 - - [27/Apr/2017:06:12:01 -0500] "GET /ecodirectorio/files/res/pages/page_0162.swf HTTP/1.1" 200 72445
190.24.88.91 - - [27/Apr/2017:06:12:04 -0500] "GET /BLA/boletinlegal/js/jquery.scrollShow.js HTTP/1.1" 200 4586
190.24.88.91 - - [27/Apr/2017:06:12:04 -0500] "GET /galeria/galeria/jquery.fancybox.js?v=2.1.5 HTTP/1.1" 200 48706
190.24.88.91 - - [27/Apr/2017:06:12:04 -0500] "GET /galeria/galeria/jquery.fancybox.css?v=2.1.5 HTTP/1.1" 200 4895
190.24.88.91 - - [27/Apr/2017:06:12:04 -0500] "GET /galeria/carrusel/Carrusel/jquery.thumbnailScroller.css HTTP/1.1" 200 2066
190.24.88.91 - - [27/Apr/2017:06:12:04 -0500] "GET /galeria/carrusel/Carrusel/jquery-ui-1.8.13.custom.min.js HTTP/1.1" 200 10800
190.130.127.178 - - [27/Apr/2017:06:12:07 -0500] "GET /POT-2013/memoria%20justificativa/ANEXOS_2,3,4.pdf HTTP/1.1" 200 617731
148.251.136.43 - - [27/Apr/2017:06:12:12 -0500] "GET /BLA/resoluciones/index.php?dir=RESOLUCIONES+2004/RES+2004+901-950/ HTTP/1.1" 200 12049
190.24.88.91 - - [27/Apr/2017:06:12:22 -0500] "GET /galeria/carrusel/Carrusel/jquery.thumbnailScroller.js HTTP/1.1" 200 8157
190.24.88.91 - - [27/Apr/2017:06:12:25 -0500] "GET /galeria/nivo-slider/demo/demo.html HTTP/1.1" 200 3217
190.24.88.91 - - [27/Apr/2017:06:12:25 -0500] "GET /galeria/nivo-slider/themes/default/default.css HTTP/1.1" 200 1569
190.24.88.91 - - [27/Apr/2017:06:12:25 -0500] "GET /galeria/nivo-slider/themes/pascal/pascal.css HTTP/1.1" 200 2258
190.24.88.91 - - [27/Apr/2017:06:12:25 -0500] "GET /galeria/nivo-slider/themes/orman/orman.css HTTP/1.1" 200 2152
190.24.88.91 - - [27/Apr/2017:06:12:25 -0500] "GET /galeria/nivo-slider/nivo-slider.css HTTP/1.1" 200 1507
190.24.88.91 - - [27/Apr/2017:06:12:25 -0500] "GET /galeria/nivo-slider/demo/style.css HTTP/1.1" 200 2222
190.24.88.91 - - [27/Apr/2017:06:12:25 -0500] "GET /galeria/nivo-slider/demo/scripts/jquery-1.7.1.min.js HTTP/1.1" 200 93868
190.24.88.91 - - [27/Apr/2017:06:12:25 -0500] "GET /galeria/nivo-slider/demo/images/bannerwebsemanadelasostenibilidadambiental.jpg HTTP/1.1" 200 307069
190.24.88.91 - - [27/Apr/2017:06:12:25 -0500] "GET /galeria/nivo-slider/jquery.nivo.slider.pack.js HTTP/1.1" 200 11561
190.24.88.91 - - [27/Apr/2017:06:12:25 -0500] "GET /galeria/nivo-slider/demo/images/bannercampa%C3%B1acambiodesede.jpg HTTP/1.1" 200 134156
190.24.88.91 - - [27/Apr/2017:06:12:25 -0500] "GET /galeria/nivo-slider/demo/images/BANNERCAMINATAS%20ECOLOGICAS%20MARZO.jpg HTTP/1.1" 200 266671
190.24.88.91 - - [27/Apr/2017:06:12:25 -0500] "GET /galeria/nivo-slider/demo/images/bannerlumina2017web.jpg HTTP/1.1" 200 198918
190.24.88.91 - - [27/Apr/2017:06:12:25 -0500] "GET /galeria/nivo-slider/demo/images/banner%20reportedearbolescaidos.jpg HTTP/1.1" 200 249999
190.24.88.91 - - [27/Apr/2017:06:12:25 -0500] "GET /galeria/nivo-slider/demo/images/4Simple_Slider.png HTTP/1.1" 200 11722
190.24.88.91 - - [27/Apr/2017:06:12:25 -0500] "GET /galeria/nivo-slider/themes/default/loading.gif HTTP/1.1" 200 1737
190.24.88.91 - - [27/Apr/2017:06:12:26 -0500] "GET /galeria/nivo-slider/demo/images/banner%20aceite%20vegetal%20usado.jpg HTTP/1.1" 200 169350
190.24.88.91 - - [27/Apr/2017:06:12:26 -0500] "GET /galeria/nivo-slider/demo/images/BANNERRUTADEVERTIMIENTOS.jpg HTTP/1.1" 200 98506
190.24.88.91 - - [27/Apr/2017:06:12:26 -0500] "GET /galeria/nivo-slider/demo/images/bolsas-06.jpg HTTP/1.1" 200 210950
190.24.88.91 - - [27/Apr/2017:06:12:27 -0500] "GET /galeria/nivo-slider/themes/default/arrows.png HTTP/1.1" 200 824
190.24.88.91 - - [27/Apr/2017:06:12:27 -0500] "GET /galeria/nivo-slider/themes/default/bullets.png HTTP/1.1" 200 1281
192.168.175.104 - - [27/Apr/2017:06:12:46 -0500] "GET / HTTP/1.1" 200 9990
201.245.192.253 - - [27/Apr/2017:06:13:11 -0500] "GET /galeria/nivo-slider/demo/undefined HTTP/1.1" 404 1314
186.116.8.106 - - [27/Apr/2017:06:13:26 -0500] "GET /galeria/galeria/jquery.fancybox.css?v=2.1.5 HTTP/1.1" 200 4895
186.116.8.106 - - [27/Apr/2017:06:13:26 -0500] "GET /BLA/boletinlegal/js/jquery.scrollShow.js HTTP/1.1" 200 4586
186.116.8.106 - - [27/Apr/2017:06:13:26 -0500] "GET /galeria/galeria/jquery.fancybox.js?v=2.1.5 HTTP/1.1" 200 48706
201.245.192.253 - - [27/Apr/2017:06:13:28 -0500] "GET /galeria/nivo-slider/demo/undefined HTTP/1.1" 404 1314
148.251.136.43 - - [27/Apr/2017:06:13:33 -0500] "GET /BLA/resoluciones/index.php?dir=RESOLUCIONES+2004/RES+2004+951-1000/ HTTP/1.1" 200 12101
164.132.161.68 - - [27/Apr/2017:06:13:38 -0500] "GET /BLA/resoluciones/RESOLUCIONES%202005/RES%202005%20851-900/00000893.tif HTTP/1.1" 200 247144
148.251.136.43 - - [27/Apr/2017:06:13:41 -0500] "GET /BLA/resoluciones/index.php?dir=RESOLUCIONES+2005/ANEXO+RES+2643-2005/ HTTP/1.1" 200 2446
66.249.65.181 - - [27/Apr/2017:06:13:51 -0500] "GET /Residuos/maderas/images/page58_thumbnail.jpg HTTP/1.1" 200 5346
69.162.124.233 - - [27/Apr/2017:06:14:00 -0500] "HEAD / HTTP/1.1" 200 -
191.102.103.180 - - [27/Apr/2017:06:14:09 -0500] "GET /galeria/galeria/fotos/Humedal-la-Isla2G.jpg HTTP/1.1" 200 207490
148.251.136.43 - - [27/Apr/2017:06:14:29 -0500] "GET /BLA/resoluciones/index.php?dir=RESOLUCIONES+2005/RES+2005++1601-1650/ HTTP/1.1" 200 12426
201.245.192.253 - - [27/Apr/2017:06:14:41 -0500] "GET /galeria/nivo-slider/demo/undefined HTTP/1.1" 404 1314
201.245.192.253 - - [27/Apr/2017:06:14:58 -0500] "GET /galeria/nivo-slider/demo/undefined HTTP/1.1" 404 1314
185.110.132.232 - - [27/Apr/2017:06:15:28 -0500] "GET / HTTP/1.1" 200 9990
186.154.145.35 - - [27/Apr/2017:06:15:33 -0500] "GET /BLA/boletinlegal/js/jquery.scrollShow.js HTTP/1.1" 200 4586
186.154.145.35 - - [27/Apr/2017:06:15:33 -0500] "GET /galeria/galeria/jquery.fancybox.js?v=2.1.5 HTTP/1.1" 200 48706
186.154.145.35 - - [27/Apr/2017:06:15:33 -0500] "GET /galeria/galeria/jquery.fancybox.css?v=2.1.5 HTTP/1.1" 200 4895
201.245.192.253 - - [27/Apr/2017:06:16:12 -0500] "GET /galeria/nivo-slider/demo/undefined HTTP/1.1" 404 1314
201.245.192.253 - - [27/Apr/2017:06:16:28 -0500] "GET /galeria/nivo-slider/demo/undefined HTTP/1.1" 404 1314
192.168.175.104 - - [27/Apr/2017:06:16:46 -0500] "GET / HTTP/1.1" 200 9990
192.168.175.104 - - [27/Apr/2017:06:16:59 -0500] "GET / HTTP/1.0" 200 9990
201.245.192.253 - - [27/Apr/2017:06:17:42 -0500] "GET /galeria/nivo-slider/demo/undefined HTTP/1.1" 404 1314
192.168.175.104 - - [27/Apr/2017:06:17:44 -0500] "GET / HTTP/1.1" 200 9990
