66.249.65.171 - - [27/Apr/2017:01:41:17 -0500] "GET /portel_dama/libreria/php/2006/restauracion/55_artic/xtras/2.pdf HTTP/1.1" 404 1018
66.249.65.178 - - [27/Apr/2017:01:41:20 -0500] "GET /BLA/resoluciones/AUTOS%202008/1243.pdf HTTP/1.1" 200 64239
66.249.65.178 - - [27/Apr/2017:01:41:21 -0500] "GET /BLA/resoluciones/RESOLUCIONES%202011/3901.pdf HTTP/1.1" 200 535718
66.249.65.175 - - [27/Apr/2017:01:41:32 -0500] "GET /BLA/resoluciones/RESOLUCIONES%202010/2373.pdf HTTP/1.1" 200 452130
66.249.65.175 - - [27/Apr/2017:01:41:39 -0500] "GET /BLA/resoluciones/RESOLUCIONES%202011/4586.pdf HTTP/1.1" 200 509258
66.249.65.175 - - [27/Apr/2017:01:41:42 -0500] "GET /BLA/resoluciones/RESOLUCIONES%202009/7251.pdf HTTP/1.1" 200 117132
201.245.192.253 - - [27/Apr/2017:01:41:49 -0500] "GET /galeria/nivo-slider/demo/undefined HTTP/1.1" 404 1314
66.249.65.175 - - [27/Apr/2017:01:41:55 -0500] "GET /BLA/resoluciones/RESOLUCIONES%202011/4250.pdf HTTP/1.1" 200 586226
201.245.192.253 - - [27/Apr/2017:01:41:58 -0500] "GET /galeria/nivo-slider/demo/undefined HTTP/1.1" 404 1314
66.249.65.181 - - [27/Apr/2017:01:42:09 -0500] "GET /BLA/resoluciones/RESOLUCIONES%202009/0241.pdf HTTP/1.1" 200 569465
69.162.124.233 - - [27/Apr/2017:01:42:47 -0500] "HEAD / HTTP/1.1" 200 -
201.245.192.253 - - [27/Apr/2017:01:43:19 -0500] "GET /galeria/nivo-slider/demo/undefined HTTP/1.1" 404 1314
192.168.175.104 - - [27/Apr/2017:01:43:24 -0500] "GET / HTTP/1.1" 200 9990
201.245.192.253 - - [27/Apr/2017:01:43:28 -0500] "GET /galeria/nivo-slider/demo/undefined HTTP/1.1" 404 1314
192.168.175.104 - - [27/Apr/2017:01:43:35 -0500] "GET / HTTP/1.0" 200 9990
69.162.124.233 - - [27/Apr/2017:01:43:40 -0500] "HEAD / HTTP/1.1" 200 -
66.249.65.178 - - [27/Apr/2017:01:43:49 -0500] "GET /BLA/resoluciones/AUTOS%202015/0462.pdf HTTP/1.1" 200 491395
66.249.65.178 - - [27/Apr/2017:01:44:14 -0500] "GET /galeria/mapa2/JABOQUE12.jpg HTTP/1.1" 304 -
66.249.65.178 - - [27/Apr/2017:01:44:18 -0500] "GET /portel_dama/libreria/pdf/ecosistemas/areas_prot/sitio/xtras/2.pdf HTTP/1.1" 404 1018
192.168.175.104 - - [27/Apr/2017:01:44:22 -0500] "GET / HTTP/1.1" 200 9990
66.249.65.175 - - [27/Apr/2017:01:44:25 -0500] "GET /BLA/resoluciones/RESOLUCIONES%202009/9560.pdf HTTP/1.1" 200 501405
152.201.46.203 - - [27/Apr/2017:01:44:32 -0500] "-" 408 -
201.245.192.253 - - [27/Apr/2017:01:44:50 -0500] "GET /galeria/nivo-slider/demo/undefined HTTP/1.1" 404 1314
201.245.192.253 - - [27/Apr/2017:01:44:58 -0500] "GET /galeria/nivo-slider/demo/undefined HTTP/1.1" 404 1314
66.249.65.175 - - [27/Apr/2017:01:45:24 -0500] "GET /resoluciones/RESOLUCIONES%202009/7425.pdf HTTP/1.1" 404 1018
66.249.65.175 - - [27/Apr/2017:01:45:39 -0500] "GET /BLA/resoluciones/AUTOS%202008/0500.pdf HTTP/1.1" 200 72701
66.249.65.175 - - [27/Apr/2017:01:45:43 -0500] "GET /BLA/resoluciones/RESOLUCIONES%202011/2827.pdf HTTP/1.1" 200 754464
66.249.65.175 - - [27/Apr/2017:01:45:46 -0500] "GET /BLA/resoluciones/RESOLUCIONES%202011/2366.pdf HTTP/1.1" 200 670688
187.177.117.146 - - [27/Apr/2017:01:46:13 -0500] "GET / HTTP/1.1" 302 298
201.245.192.253 - - [27/Apr/2017:01:46:20 -0500] "GET /galeria/nivo-slider/demo/undefined HTTP/1.1" 404 1314
201.245.192.253 - - [27/Apr/2017:01:46:28 -0500] "GET /galeria/nivo-slider/demo/undefined HTTP/1.1" 404 1314
181.48.210.106 - - [27/Apr/2017:01:47:22 -0500] "GET /BLA/resoluciones/RESOLUCIONES%202007/RES%202007%201401%20AL%201500/RESOLUCION%201401%20DE%202007.pdf HTTP/1.1" 200 257380
181.48.210.106 - - [27/Apr/2017:01:47:30 -0500] "GET /browserconfig.xml HTTP/1.1" 404 1018
66.249.65.178 - - [27/Apr/2017:01:47:47 -0500] "GET /BLA/resoluciones/RESOLUCIONES%202011/5702.pdf HTTP/1.1" 200 784459
201.245.192.253 - - [27/Apr/2017:01:47:51 -0500] "GET /galeria/nivo-slider/demo/undefined HTTP/1.1" 404 1314
201.245.192.253 - - [27/Apr/2017:01:47:58 -0500] "GET /galeria/nivo-slider/demo/undefined HTTP/1.1" 404 1314
66.249.65.178 - - [27/Apr/2017:01:48:13 -0500] "GET /resoluciones/RESOLUCIONES%202007/RES%202007%20101%20AL%20200/RESOLUCION%200110%20%20DE%202007.pdf HTTP/1.1" 404 1018
192.168.175.104 - - [27/Apr/2017:01:48:22 -0500] "GET / HTTP/1.1" 200 9990
192.168.175.104 - - [27/Apr/2017:01:48:33 -0500] "GET / HTTP/1.0" 200 9990
69.162.124.233 - - [27/Apr/2017:01:48:40 -0500] "HEAD / HTTP/1.1" 200 -
66.249.65.178 - - [27/Apr/2017:01:48:48 -0500] "GET /BLA/resoluciones/RESOLUCIONES%202011/5137.pdf HTTP/1.1" 200 536237
66.249.65.175 - - [27/Apr/2017:01:48:52 -0500] "GET /BLA/resoluciones/AUTOS%202008/1986.pdf HTTP/1.1" 200 82421
66.249.65.178 - - [27/Apr/2017:01:49:11 -0500] "GET /BLA/resoluciones/RESOLUCIONES%202011/6015.pdf HTTP/1.1" 200 395429
66.249.65.178 - - [27/Apr/2017:01:49:14 -0500] "GET /BLA/resoluciones/RESOLUCIONES%202009/2869.pdf HTTP/1.1" 200 530664
66.249.73.222 - - [27/Apr/2017:01:49:18 -0500] "GET /portel_dama/libreria/php/2006/restauracion/55_artic/xtras/2.pdf HTTP/1.1" 404 1019
192.168.175.104 - - [27/Apr/2017:01:49:21 -0500] "GET / HTTP/1.1" 200 9990
201.245.192.253 - - [27/Apr/2017:01:49:21 -0500] "GET /galeria/nivo-slider/demo/undefined HTTP/1.1" 404 1314
201.245.192.253 - - [27/Apr/2017:01:49:28 -0500] "GET /galeria/nivo-slider/demo/undefined HTTP/1.1" 404 1314
66.249.65.178 - - [27/Apr/2017:01:49:41 -0500] "GET /BLA/resoluciones/RESOLUCIONES%202010/3319.pdf HTTP/1.1" 200 518793
66.249.65.175 - - [27/Apr/2017:01:49:44 -0500] "GET /BLA/resoluciones/RESOLUCIONES%202011/3556.pdf HTTP/1.1" 200 757152
66.249.65.181 - - [27/Apr/2017:01:49:51 -0500] "GET /BLA/resoluciones/AUTOS%202008/0664.pdf HTTP/1.1" 200 150816
66.249.65.184 - - [27/Apr/2017:01:50:05 -0500] "GET /BLA/resoluciones/RESOLUCIONES%202009/7425.pdf HTTP/1.1" 200 495513
66.249.65.175 - - [27/Apr/2017:01:50:10 -0500] "GET /BLA/resoluciones/RESOLUCIONES%202009/4153.pdf HTTP/1.1" 200 780888
66.249.65.175 - - [27/Apr/2017:01:50:16 -0500] "GET /BLA/resoluciones/RESOLUCIONES%202010/2803.pdf HTTP/1.1" 200 541315
66.249.65.175 - - [27/Apr/2017:01:50:22 -0500] "GET /resoluciones/RESOLUCIONES%202010/1690.pdf HTTP/1.1" 404 1018
66.249.73.235 - - [27/Apr/2017:01:50:24 -0500] "GET / HTTP/1.1" 200 9990
66.249.65.175 - - [27/Apr/2017:01:50:31 -0500] "GET /BLA/resoluciones/AUTOS%202008/1334.pdf HTTP/1.1" 200 90379
66.249.65.175 - - [27/Apr/2017:01:50:34 -0500] "GET /BLA/resoluciones/RESOLUCIONES%202011/5766.pdf HTTP/1.1" 200 1762993
164.132.161.55 - - [27/Apr/2017:01:50:37 -0500] "GET /BLA/resoluciones/RESOLUCIONES%202006/RES%202006%20101-150/00000122.tif HTTP/1.1" 200 626622
201.245.192.253 - - [27/Apr/2017:01:50:52 -0500] "GET /galeria/nivo-slider/demo/undefined HTTP/1.1" 404 1314
201.245.192.253 - - [27/Apr/2017:01:50:58 -0500] "GET /galeria/nivo-slider/demo/undefined HTTP/1.1" 404 1314
66.249.65.178 - - [27/Apr/2017:01:51:03 -0500] "GET /BLA/resoluciones/RESOLUCIONES%202008/4510.pdf HTTP/1.1" 200 667846
66.249.65.178 - - [27/Apr/2017:01:51:19 -0500] "GET /BLA/resoluciones/AUTOS%202008/3047.pdf HTTP/1.1" 200 65423
66.249.65.175 - - [27/Apr/2017:01:51:38 -0500] "GET /BLA/resoluciones/RESOLUCIONES%202011/4535.pdf HTTP/1.1" 200 663590
84.78.23.215 - - [27/Apr/2017:01:51:52 -0500] "GET /galeria/galeria/jquery.fancybox.css?v=2.1.5 HTTP/1.1" 200 4895
84.78.23.215 - - [27/Apr/2017:01:51:52 -0500] "GET /BLA/boletinlegal/js/jquery.scrollShow.js HTTP/1.1" 200 4586
84.78.23.215 - - [27/Apr/2017:01:51:52 -0500] "GET /galeria/galeria/jquery.fancybox.js?v=2.1.5 HTTP/1.1" 200 48706
84.78.23.215 - - [27/Apr/2017:01:51:59 -0500] "GET /BLA/boletinlegal/js/jquery.scrollShow.js HTTP/1.1" 304 -
84.78.23.215 - - [27/Apr/2017:01:51:59 -0500] "GET /galeria/galeria/jquery.fancybox.js?v=2.1.5 HTTP/1.1" 304 -
84.78.23.215 - - [27/Apr/2017:01:51:59 -0500] "GET /galeria/galeria/jquery.fancybox.css?v=2.1.5 HTTP/1.1" 304 -
66.249.65.178 - - [27/Apr/2017:01:52:00 -0500] "GET /BLA/resoluciones/AUTOS%202008/0798.pdf HTTP/1.1" 200 81801
201.245.192.253 - - [27/Apr/2017:01:52:22 -0500] "GET /galeria/nivo-slider/demo/undefined HTTP/1.1" 404 1314
201.245.192.253 - - [27/Apr/2017:01:52:28 -0500] "GET /galeria/nivo-slider/demo/undefined HTTP/1.1" 404 1314
66.249.65.175 - - [27/Apr/2017:01:52:46 -0500] "GET /BLA/resoluciones/RESOLUCIONES%202011/3268.pdf HTTP/1.1" 200 427809
66.249.65.175 - - [27/Apr/2017:01:52:56 -0500] "GET /BLA/resoluciones/RESOLUCIONES%202009/1230.pdf HTTP/1.1" 200 395410
66.249.65.175 - - [27/Apr/2017:01:53:11 -0500] "GET /portel_dama/libreria/php/2006/restauracion/55_artic/xtras/2.pdf HTTP/1.1" 404 1018
66.249.65.175 - - [27/Apr/2017:01:53:15 -0500] "GET /BLA/resoluciones/AUTOS%202008/0163.pdf HTTP/1.1" 200 158973
192.168.175.104 - - [27/Apr/2017:01:53:21 -0500] "GET / HTTP/1.1" 200 9990
192.168.175.104 - - [27/Apr/2017:01:53:31 -0500] "GET / HTTP/1.0" 200 9990
69.162.124.233 - - [27/Apr/2017:01:53:40 -0500] "HEAD / HTTP/1.1" 200 -
66.249.65.175 - - [27/Apr/2017:01:53:42 -0500] "GET /BLA/resoluciones/RESOLUCIONES%202010/2426.pdf HTTP/1.1" 200 489392
201.245.192.253 - - [27/Apr/2017:01:53:53 -0500] "GET /galeria/nivo-slider/demo/undefined HTTP/1.1" 404 1314
201.245.192.253 - - [27/Apr/2017:01:53:58 -0500] "GET /galeria/nivo-slider/demo/undefined HTTP/1.1" 404 1314
192.168.175.104 - - [27/Apr/2017:01:54:20 -0500] "GET / HTTP/1.1" 200 9990
66.249.65.175 - - [27/Apr/2017:01:54:43 -0500] "GET /BLA/resoluciones/RESOLUCIONES%202011/2777.pdf HTTP/1.1" 200 881040
201.245.192.253 - - [27/Apr/2017:01:55:23 -0500] "GET /galeria/nivo-slider/demo/undefined HTTP/1.1" 404 1314
66.249.65.178 - - [27/Apr/2017:01:55:27 -0500] "GET /BLA/resoluciones/RESOLUCIONES%202011/4933.pdf HTTP/1.1" 200 350583
201.245.192.253 - - [27/Apr/2017:01:55:28 -0500] "GET /galeria/nivo-slider/demo/undefined HTTP/1.1" 404 1314
66.249.65.178 - - [27/Apr/2017:01:55:41 -0500] "GET /BLA/resoluciones/Autos%202008/1412.pdf HTTP/1.1" 200 340105
66.249.65.175 - - [27/Apr/2017:01:55:43 -0500] "GET /BLA/resoluciones/RESOLUCIONES%202007/RES%202007%202901%20AL%203000/RESOLUCION%202995%20DE%202007.pdf HTTP/1.1" 200 53770
66.249.65.181 - - [27/Apr/2017:01:56:08 -0500] "GET /BLA/resoluciones/RESOLUCIONES%202010/0717.pdf HTTP/1.1" 200 102268
104.154.58.95 - - [27/Apr/2017:01:56:18 -0500] "GET /robots.txt HTTP/1.1" 404 1018
66.249.65.184 - - [27/Apr/2017:01:56:27 -0500] "GET /BLA/resoluciones/RESOLUCIONES%202010/4547.pdf HTTP/1.1" 200 443137
66.249.65.175 - - [27/Apr/2017:01:56:31 -0500] "GET /BLA/resoluciones/RESOLUCIONES%202013/0688.pdf HTTP/1.1" 200 742130
66.249.84.31 - - [27/Apr/2017:01:56:32 -0500] "-" 408 -
66.249.84.2 - - [27/Apr/2017:01:56:35 -0500] "-" 408 -
66.249.84.31 - - [27/Apr/2017:01:56:35 -0500] "-" 408 -
66.249.84.29 - - [27/Apr/2017:01:56:35 -0500] "-" 408 -
66.249.84.2 - - [27/Apr/2017:01:56:35 -0500] "-" 408 -
66.249.84.2 - - [27/Apr/2017:01:56:35 -0500] "-" 408 -
66.249.84.2 - - [27/Apr/2017:01:56:35 -0500] "-" 408 -
66.249.65.187 - - [27/Apr/2017:01:56:38 -0500] "GET /BLA/resoluciones/AUTOS%202008/3117.pdf HTTP/1.1" 200 103263
201.245.192.253 - - [27/Apr/2017:01:56:53 -0500] "GET /galeria/nivo-slider/demo/undefined HTTP/1.1" 404 1314
201.245.192.253 - - [27/Apr/2017:01:56:58 -0500] "GET /galeria/nivo-slider/demo/undefined HTTP/1.1" 404 1314
66.249.65.181 - - [27/Apr/2017:01:57:33 -0500] "GET /BLA/resoluciones/AUTOS%202008/3213.pdf HTTP/1.1" 200 106263
66.249.65.175 - - [27/Apr/2017:01:58:12 -0500] "GET /BLA/resoluciones/AUTOS%202008/0723.pdf HTTP/1.1" 200 153189
192.168.175.104 - - [27/Apr/2017:01:58:20 -0500] "GET / HTTP/1.1" 200 9990
201.245.192.253 - - [27/Apr/2017:01:58:24 -0500] "GET /galeria/nivo-slider/demo/undefined HTTP/1.1" 404 1314
201.245.192.253 - - [27/Apr/2017:01:58:28 -0500] "GET /galeria/nivo-slider/demo/undefined HTTP/1.1" 404 1314
192.168.175.104 - - [27/Apr/2017:01:58:29 -0500] "GET / HTTP/1.0" 200 9990
69.162.124.233 - - [27/Apr/2017:01:58:39 -0500] "HEAD / HTTP/1.1" 200 -
192.168.175.104 - - [27/Apr/2017:01:59:18 -0500] "GET / HTTP/1.1" 200 9990
51.255.65.70 - - [27/Apr/2017:01:59:51 -0500] "GET /BLA/resoluciones/RESOLUCIONES%202003/RES%202003%201401-1450/20031420.tif HTTP/1.1" 200 259432
201.245.192.253 - - [27/Apr/2017:01:59:54 -0500] "GET /galeria/nivo-slider/demo/undefined HTTP/1.1" 404 1314
201.245.192.253 - - [27/Apr/2017:01:59:58 -0500] "GET /galeria/nivo-slider/demo/undefined HTTP/1.1" 404 1314
66.249.65.178 - - [27/Apr/2017:02:00:12 -0500] "GET /BLA/resoluciones/RESOLUCIONES%202008/0476.pdf HTTP/1.1" 200 382584
123.125.67.221 - - [27/Apr/2017:02:00:13 -0500] "GET /BLA/resoluciones/RESOLUCIONES%202013/2742.pdf HTTP/1.1" 200 442238
207.46.13.5 - - [27/Apr/2017:02:00:42 -0500] "GET /POT-2013/Cartografia/15_Sistema%20de%20Movilidad%20_Secciones%20Viales_Circuitos_movilida.pdf HTTP/1.1" 200 4830571
217.182.132.97 - - [27/Apr/2017:02:00:54 -0500] "GET /BLA/resoluciones/RESOLUCIONES%202003/RES%202003%201801-1850/20031842.tif HTTP/1.1" 200 260106
217.182.132.151 - - [27/Apr/2017:02:01:19 -0500] "GET /BLA/resoluciones/RESOLUCIONES%202006/RES%202006%201001-1050/00001034.tif HTTP/1.1" 200 75692
201.245.192.253 - - [27/Apr/2017:02:01:25 -0500] "GET /galeria/nivo-slider/demo/undefined HTTP/1.1" 404 1314
201.245.192.253 - - [27/Apr/2017:02:01:28 -0500] "GET /galeria/nivo-slider/demo/undefined HTTP/1.1" 404 1314
190.250.50.221 - - [27/Apr/2017:02:01:29 -0500] "GET /galeria/galeria/jquery.fancybox.css?v=2.1.5 HTTP/1.1" 200 4895
190.250.50.221 - - [27/Apr/2017:02:01:29 -0500] "GET /BLA/boletinlegal/js/jquery.scrollShow.js HTTP/1.1" 200 4586
190.250.50.221 - - [27/Apr/2017:02:01:29 -0500] "GET /galeria/galeria/jquery.fancybox.js?v=2.1.5 HTTP/1.1" 200 48706
66.249.65.178 - - [27/Apr/2017:02:02:04 -0500] "GET /BLA/resoluciones/AUTOS%202011/4350.pdf HTTP/1.1" 304 -
66.249.65.175 - - [27/Apr/2017:02:02:08 -0500] "GET /BLA/resoluciones/AUTOS%202008/0146.pdf HTTP/1.1" 200 290510
217.182.132.148 - - [27/Apr/2017:02:02:26 -0500] "GET /BLA/resoluciones/AUTOS%202006/AUTOS%202006%202001%20-%202100/00002047.tif HTTP/1.1" 200 56140
201.245.192.253 - - [27/Apr/2017:02:02:55 -0500] "GET /galeria/nivo-slider/demo/undefined HTTP/1.1" 404 1314
201.245.192.253 - - [27/Apr/2017:02:02:58 -0500] "GET /galeria/nivo-slider/demo/undefined HTTP/1.1" 404 1314
192.168.175.104 - - [27/Apr/2017:02:03:18 -0500] "GET / HTTP/1.1" 200 9990
192.168.175.104 - - [27/Apr/2017:02:03:27 -0500] "GET / HTTP/1.0" 200 9990
66.249.65.175 - - [27/Apr/2017:02:03:29 -0500] "GET /BLA/resoluciones/AUTOS%202008/3203.pdf HTTP/1.1" 200 434815
66.249.65.175 - - [27/Apr/2017:02:03:30 -0500] "GET /BLA/resoluciones/RESOLUCIONES%202010/1989.pdf HTTP/1.1" 200 339200
69.162.124.233 - - [27/Apr/2017:02:03:39 -0500] "HEAD / HTTP/1.1" 200 -
192.168.175.104 - - [27/Apr/2017:02:04:16 -0500] "GET / HTTP/1.1" 200 9990
201.245.192.253 - - [27/Apr/2017:02:04:26 -0500] "GET /galeria/nivo-slider/demo/undefined HTTP/1.1" 404 1314
201.245.192.253 - - [27/Apr/2017:02:04:28 -0500] "GET /galeria/nivo-slider/demo/undefined HTTP/1.1" 404 1314
66.249.88.1 - - [27/Apr/2017:02:04:28 -0500] "GET /galeria/galeria/jquery.fancybox.css?v=2.1.5 HTTP/1.1" 200 4895
66.249.88.4 - - [27/Apr/2017:02:04:28 -0500] "GET /BLA/boletinlegal/js/jquery.scrollShow.js HTTP/1.1" 200 4586
66.249.88.4 - - [27/Apr/2017:02:04:28 -0500] "GET /galeria/galeria/jquery.fancybox.js?v=2.1.5 HTTP/1.1" 200 48706
66.249.88.4 - - [27/Apr/2017:02:04:45 -0500] "GET /galeria/galeria/jquery.fancybox.css?v=2.1.5 HTTP/1.1" 304 -
66.249.88.1 - - [27/Apr/2017:02:04:45 -0500] "GET /BLA/boletinlegal/js/jquery.scrollShow.js HTTP/1.1" 304 -
66.249.88.1 - - [27/Apr/2017:02:04:45 -0500] "GET /galeria/galeria/jquery.fancybox.js?v=2.1.5 HTTP/1.1" 304 -
66.249.88.4 - - [27/Apr/2017:02:04:55 -0500] "GET /galeria/galeria/jquery.fancybox.css?v=2.1.5 HTTP/1.1" 304 -
66.249.88.7 - - [27/Apr/2017:02:04:55 -0500] "GET /BLA/boletinlegal/js/jquery.scrollShow.js HTTP/1.1" 304 -
66.249.88.4 - - [27/Apr/2017:02:04:55 -0500] "GET /galeria/galeria/jquery.fancybox.js?v=2.1.5 HTTP/1.1" 304 -
66.249.88.1 - - [27/Apr/2017:02:04:55 -0500] "GET /galeria/carrusel/Carrusel/jquery.thumbnailScroller.css HTTP/1.1" 200 2066
66.249.88.4 - - [27/Apr/2017:02:04:55 -0500] "GET /galeria/carrusel/Carrusel/jquery-ui-1.8.13.custom.min.js HTTP/1.1" 200 10800
66.249.88.4 - - [27/Apr/2017:02:04:55 -0500] "GET /galeria/carrusel/Carrusel/jquery.thumbnailScroller.js HTTP/1.1" 200 8157
66.249.88.4 - - [27/Apr/2017:02:04:56 -0500] "GET /galeria/nivo-slider/demo/demo.html HTTP/1.1" 200 3217
151.80.27.118 - - [27/Apr/2017:02:04:57 -0500] "GET /BLA/resoluciones/RESOLUCIONES%202002/RES%202002%20951-1000/00000957.tif HTTP/1.1" 200 144160
66.249.88.1 - - [27/Apr/2017:02:04:58 -0500] "GET /galeria/nivo-slider/themes/pascal/pascal.css HTTP/1.1" 200 2258
66.249.88.1 - - [27/Apr/2017:02:04:58 -0500] "GET /galeria/nivo-slider/themes/default/default.css HTTP/1.1" 200 1569
66.249.88.4 - - [27/Apr/2017:02:04:58 -0500] "GET /galeria/nivo-slider/jquery.nivo.slider.pack.js HTTP/1.1" 200 11561
66.249.88.4 - - [27/Apr/2017:02:04:58 -0500] "GET /galeria/nivo-slider/demo/images/banner%20aceite%20vegetal%20usado.jpg HTTP/1.1" 200 169350
66.249.88.7 - - [27/Apr/2017:02:04:58 -0500] "GET /galeria/nivo-slider/demo/images/BANNERRUTADEVERTIMIENTOS.jpg HTTP/1.1" 200 98506
66.249.88.1 - - [27/Apr/2017:02:04:58 -0500] "GET /galeria/nivo-slider/themes/orman/orman.css HTTP/1.1" 200 2152
66.249.88.1 - - [27/Apr/2017:02:04:58 -0500] "GET /galeria/nivo-slider/demo/style.css HTTP/1.1" 200 2222
66.249.88.1 - - [27/Apr/2017:02:04:58 -0500] "GET /galeria/nivo-slider/nivo-slider.css HTTP/1.1" 200 1507
66.249.88.1 - - [27/Apr/2017:02:04:58 -0500] "GET /galeria/nivo-slider/demo/scripts/jquery-1.7.1.min.js HTTP/1.1" 200 93868
66.249.88.1 - - [27/Apr/2017:02:04:58 -0500] "GET /galeria/nivo-slider/demo/images/bannerwebsemanadelasostenibilidadambiental.jpg HTTP/1.1" 200 307069
66.249.88.1 - - [27/Apr/2017:02:04:58 -0500] "GET /galeria/nivo-slider/demo/images/bannercampa%C3%B1acambiodesede.jpg HTTP/1.1" 200 134156
66.249.88.1 - - [27/Apr/2017:02:04:58 -0500] "GET /galeria/nivo-slider/demo/images/bolsas-06.jpg HTTP/1.1" 200 210950
66.249.88.1 - - [27/Apr/2017:02:04:58 -0500] "GET /galeria/nivo-slider/demo/images/banner%20reportedearbolescaidos.jpg HTTP/1.1" 200 249999
66.249.88.1 - - [27/Apr/2017:02:04:58 -0500] "GET /galeria/nivo-slider/demo/images/bannerlumina2017web.jpg HTTP/1.1" 200 198918
66.249.88.1 - - [27/Apr/2017:02:04:58 -0500] "GET /galeria/nivo-slider/demo/images/BANNERCAMINATAS%20ECOLOGICAS%20MARZO.jpg HTTP/1.1" 200 266671
66.249.65.178 - - [27/Apr/2017:02:05:40 -0500] "GET /BLA/resoluciones/RESOLUCIONES%202011/4927.pdf HTTP/1.1" 200 349699
201.245.192.253 - - [27/Apr/2017:02:05:56 -0500] "GET /galeria/nivo-slider/demo/undefined HTTP/1.1" 404 1314
201.245.192.253 - - [27/Apr/2017:02:05:58 -0500] "GET /galeria/nivo-slider/demo/undefined HTTP/1.1" 404 1314
66.249.65.181 - - [27/Apr/2017:02:06:19 -0500] "GET /BLA/resoluciones/AUTOS%202008/0689.pdf HTTP/1.1" 200 295276
190.251.237.157 - - [27/Apr/2017:02:06:22 -0500] "GET /galeria/galeria/jquery.fancybox.css?v=2.1.5 HTTP/1.1" 200 4895
190.251.237.157 - - [27/Apr/2017:02:06:22 -0500] "GET /galeria/galeria/jquery.fancybox.js?v=2.1.5 HTTP/1.1" 200 48706
190.251.237.157 - - [27/Apr/2017:02:06:22 -0500] "GET /BLA/boletinlegal/js/jquery.scrollShow.js HTTP/1.1" 200 4586
66.249.65.178 - - [27/Apr/2017:02:06:44 -0500] "GET /BLA/resoluciones/RESOLUCIONES%202011/2711.pdf HTTP/1.1" 200 705698
201.245.192.253 - - [27/Apr/2017:02:07:27 -0500] "GET /galeria/nivo-slider/demo/undefined HTTP/1.1" 404 1314
201.245.192.253 - - [27/Apr/2017:02:07:28 -0500] "GET /galeria/nivo-slider/demo/undefined HTTP/1.1" 404 1314
164.132.161.60 - - [27/Apr/2017:02:07:58 -0500] "GET /BLA/resoluciones/RESOLUCIONES%202004/RES%202004%201851-1900/00001886.tif HTTP/1.1" 200 262338
192.168.175.104 - - [27/Apr/2017:02:08:16 -0500] "GET / HTTP/1.1" 200 9990
192.168.175.104 - - [27/Apr/2017:02:08:25 -0500] "GET / HTTP/1.0" 200 9990
66.249.65.178 - - [27/Apr/2017:02:08:32 -0500] "GET /BLA/resoluciones/RESOLUCIONES%202011/4959.pdf HTTP/1.1" 200 351037
181.49.79.151 - - [27/Apr/2017:02:08:32 -0500] "GET /BLA/boletinlegal/normativa.php HTTP/1.1" 200 8086
181.49.79.151 - - [27/Apr/2017:02:08:32 -0500] "GET /BLA/boletinlegal/styles2.css HTTP/1.1" 200 1838
181.49.79.151 - - [27/Apr/2017:02:08:32 -0500] "GET /BLA/boletinlegal/niceforms-default.css HTTP/1.1" 200 6694
181.49.79.151 - - [27/Apr/2017:02:08:32 -0500] "GET /BLA/boletinlegal/style.css HTTP/1.1" 200 9406
181.49.79.151 - - [27/Apr/2017:02:08:32 -0500] "GET /BLA/boletinlegal/js/ajax_normativa.js HTTP/1.1" 200 1154
181.49.79.151 - - [27/Apr/2017:02:08:32 -0500] "GET /BLA/boletinlegal/niceforms.js HTTP/1.1" 200 22876
181.49.79.151 - - [27/Apr/2017:02:08:33 -0500] "GET /BLA/boletinlegal/images/cabezote%20BLEGAL.jpg HTTP/1.1" 200 118164
181.49.79.151 - - [27/Apr/2017:02:08:33 -0500] "GET /BLA/boletinlegal/images/historia.png HTTP/1.1" 200 52775
181.49.79.151 - - [27/Apr/2017:02:08:33 -0500] "GET /BLA/boletinlegal/images/abajo.png HTTP/1.1" 200 96676
181.49.79.151 - - [27/Apr/2017:02:08:33 -0500] "GET /BLA/boletinlegal/images/subscribe-icon-big.png HTTP/1.1" 200 47702
181.49.79.151 - - [27/Apr/2017:02:08:33 -0500] "GET /BLA/boletinlegal/images/registro-usuarios.png HTTP/1.1" 200 8106
181.49.79.151 - - [27/Apr/2017:02:08:33 -0500] "GET /BLA/boletinlegal/images/tel.png HTTP/1.1" 200 14477
181.49.79.151 - - [27/Apr/2017:02:08:33 -0500] "GET /BLA/boletinlegal/images/icono-email.png HTTP/1.1" 200 5544
181.49.79.151 - - [27/Apr/2017:02:08:33 -0500] "GET /BLA/boletinlegal/images/text.jpg HTTP/1.1" 200 568
181.49.79.151 - - [27/Apr/2017:02:08:33 -0500] "GET /BLA/boletinlegal/images/menu_bg.jpg HTTP/1.1" 200 620
181.49.79.151 - - [27/Apr/2017:02:08:33 -0500] "GET /BLA/boletinlegal/images/menu_rght.gif HTTP/1.1" 200 1627
181.49.79.151 - - [27/Apr/2017:02:08:33 -0500] "GET /BLA/boletinlegal/images/bg_top.jpg HTTP/1.1" 200 522
181.49.79.151 - - [27/Apr/2017:02:08:33 -0500] "GET /BLA/boletinlegal/images/footer_bg.jpg HTTP/1.1" 200 586
181.49.79.151 - - [27/Apr/2017:02:08:33 -0500] "GET /BLA/boletinlegal/images/body_bg.jpg HTTP/1.1" 200 1601
181.49.79.151 - - [27/Apr/2017:02:08:33 -0500] "GET /BLA/boletinlegal/images/hover.jpg HTTP/1.1" 200 640
181.49.79.151 - - [27/Apr/2017:02:08:33 -0500] "GET /BLA/boletinlegal/images/menu_lft.gif HTTP/1.1" 200 1713
181.49.79.151 - - [27/Apr/2017:02:08:33 -0500] "GET /BLA/boletinlegal/images/footer_bg_l.jpg HTTP/1.1" 200 776
181.49.79.151 - - [27/Apr/2017:02:08:33 -0500] "GET /BLA/boletinlegal/img/0.png HTTP/1.1" 200 110
181.49.79.151 - - [27/Apr/2017:02:08:33 -0500] "GET /BLA/boletinlegal/img/button-right.png HTTP/1.1" 200 57878
181.49.79.151 - - [27/Apr/2017:02:08:33 -0500] "GET /BLA/boletinlegal/img/button.png HTTP/1.1" 200 43241
181.49.79.151 - - [27/Apr/2017:02:08:33 -0500] "GET /BLA/boletinlegal/img/button-left.png HTTP/1.1" 200 57071
181.49.79.151 - - [27/Apr/2017:02:08:33 -0500] "GET /BLA/boletinlegal/img/select-right.png HTTP/1.1" 200 44019
181.49.79.151 - - [27/Apr/2017:02:08:33 -0500] "GET /BLA/boletinlegal/img/select-left.png HTTP/1.1" 200 263
181.49.79.151 - - [27/Apr/2017:02:08:33 -0500] "GET /favicon.ico HTTP/1.1" 200 7782
69.162.124.233 - - [27/Apr/2017:02:08:39 -0500] "HEAD / HTTP/1.1" 200 -
66.249.65.178 - - [27/Apr/2017:02:08:44 -0500] "GET /BLA/resoluciones/RESOLUCIONES%202011/3726.pdf HTTP/1.1" 200 538349
201.245.192.253 - - [27/Apr/2017:02:08:57 -0500] "GET /galeria/nivo-slider/demo/undefined HTTP/1.1" 404 1314
201.245.192.253 - - [27/Apr/2017:02:08:58 -0500] "GET /galeria/nivo-slider/demo/undefined HTTP/1.1" 404 1314
66.249.65.178 - - [27/Apr/2017:02:09:14 -0500] "GET /BLA/resoluciones/AUTOS%202008/1469.pdf HTTP/1.1" 200 83982
192.168.175.104 - - [27/Apr/2017:02:09:15 -0500] "GET / HTTP/1.1" 200 9990
66.249.65.175 - - [27/Apr/2017:02:09:53 -0500] "GET /BLA/resoluciones/AUTOS%202007/1619.pdf HTTP/1.1" 200 104748
123.125.71.107 - - [27/Apr/2017:02:10:03 -0500] "GET /BLA/resoluciones/RESOLUCIONES%202013/0583.pdf HTTP/1.1" 200 1133093
201.245.192.253 - - [27/Apr/2017:02:10:28 -0500] "GET /galeria/nivo-slider/demo/undefined HTTP/1.1" 404 1314
201.245.192.253 - - [27/Apr/2017:02:10:28 -0500] "GET /galeria/nivo-slider/demo/undefined HTTP/1.1" 404 1314
181.49.79.151 - - [27/Apr/2017:02:10:42 -0500] "GET /BLA/boletinlegal/normativa.php HTTP/1.1" 200 8086
66.249.65.178 - - [27/Apr/2017:02:10:46 -0500] "GET /BLA/resoluciones/AUTOS%202010/5391.pdf HTTP/1.1" 200 265401
207.46.13.4 - - [27/Apr/2017:02:11:14 -0500] "GET /SIG/Participaci%C3%B3n/126PM01-PR06.pdf HTTP/1.1" 200 1599770
201.245.192.253 - - [27/Apr/2017:02:11:58 -0500] "GET /galeria/nivo-slider/demo/undefined HTTP/1.1" 404 1314
201.245.192.253 - - [27/Apr/2017:02:11:58 -0500] "GET /galeria/nivo-slider/demo/undefined HTTP/1.1" 404 1314
66.249.65.181 - - [27/Apr/2017:02:12:25 -0500] "GET /BLA/resoluciones/RESOLUCIONES%202011/5630.pdf HTTP/1.1" 200 479407
66.249.65.175 - - [27/Apr/2017:02:12:53 -0500] "GET /BLA/resoluciones/RESOLUCIONES%202011/2417.pdf HTTP/1.1" 200 606222
66.249.65.175 - - [27/Apr/2017:02:13:02 -0500] "GET /portel_dama/libreria/php/2006/restauracion/22_proye/xtras_in/3a.pdf HTTP/1.1" 404 1018
66.249.65.175 - - [27/Apr/2017:02:13:04 -0500] "GET /BLA/resoluciones/RESOLUCIONES%202013/1453.pdf HTTP/1.1" 200 1229416
192.168.175.104 - - [27/Apr/2017:02:13:14 -0500] "GET / HTTP/1.1" 200 9990
192.168.175.104 - - [27/Apr/2017:02:13:23 -0500] "GET / HTTP/1.0" 200 9990
201.245.192.253 - - [27/Apr/2017:02:13:28 -0500] "GET /galeria/nivo-slider/demo/undefined HTTP/1.1" 404 1314
201.245.192.253 - - [27/Apr/2017:02:13:29 -0500] "GET /galeria/nivo-slider/demo/undefined HTTP/1.1" 404 1314
66.249.65.175 - - [27/Apr/2017:02:13:36 -0500] "GET /BLA/resoluciones/RESOLUCIONES%202011/4518.pdf HTTP/1.1" 200 472771
69.162.124.233 - - [27/Apr/2017:02:13:39 -0500] "HEAD / HTTP/1.1" 200 -
66.249.65.175 - - [27/Apr/2017:02:13:52 -0500] "GET /BLA/resoluciones/RESOLUCIONES%202011/4746.pdf HTTP/1.1" 200 504660
66.249.65.175 - - [27/Apr/2017:02:13:56 -0500] "GET /BLA/resoluciones/RESOLUCIONES%202011/5747.pdf HTTP/1.1" 200 589931
200.56.187.149 - - [27/Apr/2017:02:14:07 -0500] "GET /galeria/galeria/jquery.fancybox.css?v=2.1.5 HTTP/1.1" 200 4895
200.56.187.149 - - [27/Apr/2017:02:14:07 -0500] "GET /BLA/boletinlegal/js/jquery.scrollShow.js HTTP/1.1" 200 4586
200.56.187.149 - - [27/Apr/2017:02:14:07 -0500] "GET /galeria/galeria/jquery.fancybox.js?v=2.1.5 HTTP/1.1" 200 48706
192.168.175.104 - - [27/Apr/2017:02:14:13 -0500] "GET / HTTP/1.1" 200 9990
201.245.192.253 - - [27/Apr/2017:02:14:58 -0500] "GET /galeria/nivo-slider/demo/undefined HTTP/1.1" 404 1314
201.245.192.253 - - [27/Apr/2017:02:14:59 -0500] "GET /galeria/nivo-slider/demo/undefined HTTP/1.1" 404 1314
66.249.65.181 - - [27/Apr/2017:02:15:15 -0500] "GET /BLA/resoluciones/RESOLUCIONES%202007/RES%202007%20501%20AL%20600/RESOLUCION%200537%20DE%202007.pdf HTTP/1.1" 200 607843
201.245.192.253 - - [27/Apr/2017:02:16:28 -0500] "GET /galeria/nivo-slider/demo/undefined HTTP/1.1" 404 1314
201.245.192.253 - - [27/Apr/2017:02:16:30 -0500] "GET /galeria/nivo-slider/demo/undefined HTTP/1.1" 404 1314
66.249.65.178 - - [27/Apr/2017:02:16:39 -0500] "GET /BLA/resoluciones/RESOLUCIONES%202011/5480.pdf HTTP/1.1" 200 575020
66.249.65.178 - - [27/Apr/2017:02:16:56 -0500] "GET /BLA/resoluciones/AUTOS%202008/2348.pdf HTTP/1.1" 200 79945
66.249.65.175 - - [27/Apr/2017:02:17:54 -0500] "GET /BLA/resoluciones/RESOLUCIONES%202008/3702.pdf HTTP/1.1" 200 155722
201.245.192.253 - - [27/Apr/2017:02:17:58 -0500] "GET /galeria/nivo-slider/demo/undefined HTTP/1.1" 404 1314
201.245.192.253 - - [27/Apr/2017:02:18:00 -0500] "GET /galeria/nivo-slider/demo/undefined HTTP/1.1" 404 1314
66.249.65.175 - - [27/Apr/2017:02:18:05 -0500] "GET /galeria/galeria/fotos/juan-amarillo3P.jpg HTTP/1.1" 304 -
66.249.65.175 - - [27/Apr/2017:02:18:09 -0500] "GET /BLA/resoluciones/AUTOS%202014/0437.pdf HTTP/1.1" 200 507518
192.168.175.104 - - [27/Apr/2017:02:18:12 -0500] "GET / HTTP/1.1" 200 9990
192.168.175.104 - - [27/Apr/2017:02:18:22 -0500] "GET / HTTP/1.0" 200 9990
207.46.13.4 - - [27/Apr/2017:02:18:21 -0500] "GET /PORTAL_SIAC/swf/Residuos/impresion/files/guia_impresion-lit.pdf HTTP/1.1" 200 12573981
69.162.124.233 - - [27/Apr/2017:02:18:39 -0500] "HEAD / HTTP/1.1" 200 -
192.168.175.104 - - [27/Apr/2017:02:19:11 -0500] "GET / HTTP/1.1" 200 9990
201.245.192.253 - - [27/Apr/2017:02:19:28 -0500] "GET /galeria/nivo-slider/demo/undefined HTTP/1.1" 404 1314
201.245.192.253 - - [27/Apr/2017:02:19:30 -0500] "GET /galeria/nivo-slider/demo/undefined HTTP/1.1" 404 1314
123.125.71.45 - - [27/Apr/2017:02:20:21 -0500] "GET /BLA/resoluciones/AUTOS%202014/3866.pdf HTTP/1.1" 200 682175
201.245.192.253 - - [27/Apr/2017:02:20:58 -0500] "GET /galeria/nivo-slider/demo/undefined HTTP/1.1" 404 1314
201.245.192.253 - - [27/Apr/2017:02:21:01 -0500] "GET /galeria/nivo-slider/demo/undefined HTTP/1.1" 404 1314
164.132.161.97 - - [27/Apr/2017:02:21:36 -0500] "GET /BLA/resoluciones/RESOLUCIONES%202003/RES%202003%201151-1200/1179.tif HTTP/1.1" 200 219632
187.143.175.216 - - [27/Apr/2017:02:21:58 -0500] "GET /Residuos/textiles/files/guia_textiles.pdf HTTP/1.1" 200 12356716
187.143.175.216 - - [27/Apr/2017:02:22:01 -0500] "GET /Residuos/textiles/files/guia_textiles.pdf HTTP/1.1" 206 11233143
201.245.192.253 - - [27/Apr/2017:02:22:28 -0500] "GET /galeria/nivo-slider/demo/undefined HTTP/1.1" 404 1314
37.142.201.220 - - [27/Apr/2017:02:22:31 -0500] "POST /xmlrpc.php HTTP/1.1" 301 334
201.245.192.253 - - [27/Apr/2017:02:22:31 -0500] "GET /galeria/nivo-slider/demo/undefined HTTP/1.1" 404 1314
193.145.252.132 - - [27/Apr/2017:02:22:32 -0500] "GET /BLA/boletinlegal/js/jquery.scrollShow.js HTTP/1.1" 200 4586
193.145.252.132 - - [27/Apr/2017:02:22:33 -0500] "GET /galeria/galeria/jquery.fancybox.css?v=2.1.5 HTTP/1.1" 200 4895
193.145.252.132 - - [27/Apr/2017:02:22:33 -0500] "GET /galeria/galeria/jquery.fancybox.js?v=2.1.5 HTTP/1.1" 200 48706
127.0.0.1 - - [27/Apr/2017:02:22:34 -0500] "POST /plugins/update-check/1.1/ HTTP/1.0" 404 1021
127.0.0.1 - - [27/Apr/2017:02:22:34 -0500] "POST /themes/update-check/1.1/ HTTP/1.0" 404 1021
127.0.0.1 - - [27/Apr/2017:02:22:34 -0500] "POST /core/version-check/1.7/?version=4.2.2&php=5.5.15&locale=es_ES&mysql=5.6.20&local_package=&blogs=1&users=623&multisite_enabled=0 HTTP/1.0" 404 1021
127.0.0.1 - - [27/Apr/2017:02:22:34 -0500] "POST /themes/update-check/1.1/ HTTP/1.0" 404 1021
127.0.0.1 - - [27/Apr/2017:02:22:34 -0500] "POST /plugins/update-check/1.1/ HTTP/1.0" 404 1021
37.142.201.220 - - [27/Apr/2017:02:22:35 -0500] "GET /wp-login.php HTTP/1.1" 301 336
37.142.201.220 - - [27/Apr/2017:02:22:36 -0500] "POST /wp-login.php HTTP/1.1" 301 336
192.168.175.104 - - [27/Apr/2017:02:23:11 -0500] "GET / HTTP/1.1" 200 9990
105.101.190.126 - - [27/Apr/2017:02:23:12 -0500] "POST /xmlrpc.php HTTP/1.1" 301 334
105.101.190.126 - - [27/Apr/2017:02:23:14 -0500] "GET /wp-login.php HTTP/1.1" 301 336
105.101.190.126 - - [27/Apr/2017:02:23:15 -0500] "POST /wp-login.php HTTP/1.1" 301 336
192.168.175.104 - - [27/Apr/2017:02:23:21 -0500] "GET / HTTP/1.0" 200 9990
69.162.124.233 - - [27/Apr/2017:02:23:39 -0500] "HEAD / HTTP/1.1" 200 -
201.245.192.253 - - [27/Apr/2017:02:23:58 -0500] "GET /galeria/nivo-slider/demo/undefined HTTP/1.1" 404 1314
201.245.192.253 - - [27/Apr/2017:02:24:02 -0500] "GET /galeria/nivo-slider/demo/undefined HTTP/1.1" 404 1314
192.168.175.104 - - [27/Apr/2017:02:24:09 -0500] "GET / HTTP/1.1" 200 9990
201.245.192.253 - - [27/Apr/2017:02:25:28 -0500] "GET /galeria/nivo-slider/demo/undefined HTTP/1.1" 404 1314
201.245.192.253 - - [27/Apr/2017:02:25:32 -0500] "GET /galeria/nivo-slider/demo/undefined HTTP/1.1" 404 1314
148.251.136.43 - - [27/Apr/2017:02:26:13 -0500] "GET /robots.txt HTTP/1.1" 404 1018
148.251.136.43 - - [27/Apr/2017:02:26:13 -0500] "GET /BLA/resoluciones/index.php?dir=AUTOS%202017/&sort=name&order=desc HTTP/1.1" 200 7520
40.77.169.100 - - [27/Apr/2017:02:26:32 -0500] "GET /dama/libreria/php/frame_detalle.php?patron=&h_id=576&inicio_2=1 HTTP/1.1" 404 1019
190.9.207.157 - - [27/Apr/2017:02:26:34 -0500] "GET /Residuos/impresion/files/guia_impresion-lit.pdf HTTP/1.1" 200 12573981
190.9.207.157 - - [27/Apr/2017:02:26:34 -0500] "GET /favicon.ico HTTP/1.1" 200 7782
190.9.207.157 - - [27/Apr/2017:02:26:35 -0500] "GET /Residuos/impresion/files/guia_impresion-lit.pdf HTTP/1.1" 206 12054496
66.249.65.178 - - [27/Apr/2017:02:26:45 -0500] "GET /BLA/resoluciones/RESOLUCIONES%202008/2939.pdf HTTP/1.1" 200 228608
201.245.192.253 - - [27/Apr/2017:02:26:58 -0500] "GET /galeria/nivo-slider/demo/undefined HTTP/1.1" 404 1314
66.249.65.175 - - [27/Apr/2017:02:27:01 -0500] "GET /BLA/resoluciones/AUTOS%202008/0010.pdf HTTP/1.1" 200 148013
201.245.192.253 - - [27/Apr/2017:02:27:03 -0500] "GET /galeria/nivo-slider/demo/undefined HTTP/1.1" 404 1314
148.251.136.43 - - [27/Apr/2017:02:27:05 -0500] "GET /BLA/resoluciones/index.php?dir=AUTOS%202017/&sort=size&order=asc HTTP/1.1" 200 7521
148.251.136.43 - - [27/Apr/2017:02:27:52 -0500] "GET /BLA/resoluciones/index.php?dir=AUTOS+2006/AUTOS+2006+1-100/ HTTP/1.1" 200 21539
148.251.136.43 - - [27/Apr/2017:02:27:58 -0500] "GET /BLA/resoluciones/index.php?dir=AUTOS+2006/AUTOS+2006+1001-1100/ HTTP/1.1" 200 21966
192.168.175.104 - - [27/Apr/2017:02:28:09 -0500] "GET / HTTP/1.1" 200 9990
192.168.175.104 - - [27/Apr/2017:02:28:20 -0500] "GET / HTTP/1.0" 200 9990
201.245.192.253 - - [27/Apr/2017:02:28:28 -0500] "GET /galeria/nivo-slider/demo/undefined HTTP/1.1" 404 1314
201.245.192.253 - - [27/Apr/2017:02:28:33 -0500] "GET /galeria/nivo-slider/demo/undefined HTTP/1.1" 404 1314
69.162.124.233 - - [27/Apr/2017:02:28:39 -0500] "HEAD / HTTP/1.1" 200 -
148.251.136.43 - - [27/Apr/2017:02:28:44 -0500] "GET /BLA/resoluciones/index.php?dir=AUTOS+2006/AUTOS+2006+101-200/ HTTP/1.1" 200 21758
217.182.132.148 - - [27/Apr/2017:02:28:46 -0500] "GET /BLA/resoluciones/RESOLUCIONES%202005/RES%202005%202201-2250/00002241.tif HTTP/1.1" 200 132904
192.168.175.104 - - [27/Apr/2017:02:29:08 -0500] "GET / HTTP/1.1" 200 9990
148.251.136.43 - - [27/Apr/2017:02:29:41 -0500] "GET /BLA/resoluciones/index.php?dir=AUTOS+2006/AUTOS+2006+1101-1200/ HTTP/1.1" 200 21976
148.251.136.43 - - [27/Apr/2017:02:29:46 -0500] "GET /BLA/resoluciones/index.php?dir=AUTOS+2006/AUTOS+2006+1201-1300/ HTTP/1.1" 200 22013
201.245.192.253 - - [27/Apr/2017:02:29:58 -0500] "GET /galeria/nivo-slider/demo/undefined HTTP/1.1" 404 1314
201.245.192.253 - - [27/Apr/2017:02:30:04 -0500] "GET /galeria/nivo-slider/demo/undefined HTTP/1.1" 404 1314
66.249.65.175 - - [27/Apr/2017:02:30:19 -0500] "GET /BLA/resoluciones/AUTOS%202008/1525.pdf HTTP/1.1" 200 393728
66.249.65.175 - - [27/Apr/2017:02:30:35 -0500] "GET /BLA/resoluciones/AUTOS%202008/1956.pdf HTTP/1.1" 200 90359
201.245.192.253 - - [27/Apr/2017:02:31:28 -0500] "GET /galeria/nivo-slider/demo/undefined HTTP/1.1" 404 1314
201.245.192.253 - - [27/Apr/2017:02:31:34 -0500] "GET /galeria/nivo-slider/demo/undefined HTTP/1.1" 404 1314
66.249.65.175 - - [27/Apr/2017:02:31:41 -0500] "GET /BLA/resoluciones/RESOLUCIONES%202007/RES%202007%201101%20AL%201200/RESOLUCION%201193%20DE%202007.pdf HTTP/1.1" 200 937471
201.245.192.253 - - [27/Apr/2017:02:32:58 -0500] "GET /galeria/nivo-slider/demo/undefined HTTP/1.1" 404 1314
180.76.15.163 - - [27/Apr/2017:02:33:04 -0500] "GET / HTTP/1.1" 200 9990
201.245.192.253 - - [27/Apr/2017:02:33:05 -0500] "GET /galeria/nivo-slider/demo/undefined HTTP/1.1" 404 1314
192.168.175.104 - - [27/Apr/2017:02:33:07 -0500] "GET / HTTP/1.1" 200 9990
107.150.59.98 - - [27/Apr/2017:02:33:15 -0500] "GET /robots.txt HTTP/1.1" 404 1019
51.255.65.41 - - [27/Apr/2017:02:33:16 -0500] "GET /BLA/resoluciones/RESOLUCIONES%202005/RES%202005%20%201701-1750/00001748.tif HTTP/1.1" 200 135772
107.150.59.98 - - [27/Apr/2017:02:33:18 -0500] "GET /galeria/nivo-slider/demo/images/banner%20web%20condecoraci%C3%B3n%20Augusto%20Angel-01-min.jpg HTTP/1.1" 200 196851
192.168.175.104 - - [27/Apr/2017:02:33:18 -0500] "GET / HTTP/1.0" 200 9990
107.150.59.98 - - [27/Apr/2017:02:33:22 -0500] "GET /galeria/nivo-slider/demo/images/condecoracionalaeducaci%C3%B3nambiental.jpg HTTP/1.1" 200 196078
66.249.65.175 - - [27/Apr/2017:02:33:27 -0500] "GET /BLA/resoluciones/AUTOS%202008/2315.pdf HTTP/1.1" 200 80059
148.251.136.43 - - [27/Apr/2017:02:33:30 -0500] "GET /robots.txt HTTP/1.1" 404 1018
148.251.136.43 - - [27/Apr/2017:02:33:31 -0500] "GET /BLA/resoluciones/index.php?dir=AUTOS+2006/AUTOS+2006+1301-1400/ HTTP/1.1" 200 22002
69.162.124.233 - - [27/Apr/2017:02:33:39 -0500] "HEAD / HTTP/1.1" 200 -
148.251.136.43 - - [27/Apr/2017:02:33:46 -0500] "GET /BLA/resoluciones/index.php?dir=AUTOS+2006/AUTOS+2006+1401+-+1500/ HTTP/1.1" 200 13545
180.76.15.152 - - [27/Apr/2017:02:33:49 -0500] "GET / HTTP/1.1" 200 9990
192.168.175.104 - - [27/Apr/2017:02:34:05 -0500] "GET / HTTP/1.1" 200 9990
201.245.192.253 - - [27/Apr/2017:02:34:28 -0500] "GET /galeria/nivo-slider/demo/undefined HTTP/1.1" 404 1314
148.251.136.43 - - [27/Apr/2017:02:34:34 -0500] "GET /BLA/resoluciones/index.php?dir=AUTOS+2006/AUTOS+2006+1501+-+1600/ HTTP/1.1" 200 22232
201.245.192.253 - - [27/Apr/2017:02:34:35 -0500] "GET /galeria/nivo-slider/demo/undefined HTTP/1.1" 404 1314
66.249.65.181 - - [27/Apr/2017:02:35:01 -0500] "GET /galeria/galeria/fotos/Humedal-Tibanica1P.jpg HTTP/1.1" 304 -
148.251.136.43 - - [27/Apr/2017:02:35:20 -0500] "GET /BLA/resoluciones/index.php?dir=AUTOS+2006/AUTOS+2006+1801-+1900/ HTTP/1.1" 200 22159
66.249.65.175 - - [27/Apr/2017:02:35:28 -0500] "GET /BLA/resoluciones/RESOLUCIONES%202011/5016.pdf HTTP/1.1" 200 252387
148.251.136.43 - - [27/Apr/2017:02:35:28 -0500] "GET /BLA/resoluciones/index.php?dir=AUTOS+2006/AUTOS+2006+1901+-+2000/ HTTP/1.1" 200 22186
164.132.161.43 - - [27/Apr/2017:02:35:42 -0500] "GET /BLA/resoluciones/RESOLUCIONES%202002/RES%202002%201601-1650/20021611.tif HTTP/1.1" 200 113472
66.249.65.175 - - [27/Apr/2017:02:35:43 -0500] "GET /BLA/resoluciones/AUTOS%202008/2423.pdf HTTP/1.1" 200 101743
201.245.192.253 - - [27/Apr/2017:02:35:58 -0500] "GET /galeria/nivo-slider/demo/undefined HTTP/1.1" 404 1314
201.245.192.253 - - [27/Apr/2017:02:36:06 -0500] "GET /galeria/nivo-slider/demo/undefined HTTP/1.1" 404 1314
148.251.136.43 - - [27/Apr/2017:02:36:13 -0500] "GET /BLA/resoluciones/index.php?dir=AUTOS+2006/AUTOS+2006+2001+-+2100/ HTTP/1.1" 200 22199
148.251.136.43 - - [27/Apr/2017:02:36:19 -0500] "GET /BLA/resoluciones/index.php?dir=AUTOS+2006/AUTOS+2006+201-300/ HTTP/1.1" 200 21766
66.249.65.178 - - [27/Apr/2017:02:36:19 -0500] "GET /BLA/resoluciones/AUTOS%202008/1612.pdf HTTP/1.1" 200 73783
66.249.65.178 - - [27/Apr/2017:02:36:48 -0500] "GET /BLA/resoluciones/AUTOS%202010/6844.pdf HTTP/1.1" 200 416071
181.55.179.72 - - [27/Apr/2017:02:36:53 -0500] "GET /BLA/boletinlegal/js/jquery.scrollShow.js HTTP/1.1" 200 4586
181.55.179.72 - - [27/Apr/2017:02:36:53 -0500] "GET /galeria/galeria/jquery.fancybox.css?v=2.1.5 HTTP/1.1" 200 4895
181.55.179.72 - - [27/Apr/2017:02:36:53 -0500] "GET /galeria/galeria/jquery.fancybox.js?v=2.1.5 HTTP/1.1" 200 48706
148.251.136.43 - - [27/Apr/2017:02:37:04 -0500] "GET /BLA/resoluciones/index.php?dir=AUTOS+2006/AUTOS+2006+2101+-+2200/ HTTP/1.1" 200 22204
51.255.65.72 - - [27/Apr/2017:02:37:09 -0500] "GET /BLA/resoluciones/RESOLUCIONES%202004/RES%202004%202051-2100/00002076.tif HTTP/1.1" 200 154338
148.251.136.43 - - [27/Apr/2017:02:37:10 -0500] "GET /BLA/resoluciones/index.php?dir=AUTOS+2006/AUTOS+2006+2201+-+2300/ HTTP/1.1" 200 22194
66.249.73.219 - - [27/Apr/2017:02:37:17 -0500] "GET /apple-app-site-association HTTP/1.1" 404 1019
201.245.192.253 - - [27/Apr/2017:02:37:28 -0500] "GET /galeria/nivo-slider/demo/undefined HTTP/1.1" 404 1314
194.87.238.17 - - [27/Apr/2017:02:37:34 -0500] "HEAD / HTTP/1.1" 200 -
195.133.48.150 - - [27/Apr/2017:02:37:34 -0500] "HEAD / HTTP/1.1" 200 -
201.245.192.253 - - [27/Apr/2017:02:37:36 -0500] "GET /galeria/nivo-slider/demo/undefined HTTP/1.1" 404 1314
195.133.145.199 - - [27/Apr/2017:02:37:37 -0500] "HEAD / HTTP/1.1" 200 -
219.99.159.9 - - [27/Apr/2017:02:37:43 -0500] "GET /BLA/boletinlegal/js/jquery.scrollShow.js HTTP/1.1" 200 4586
219.99.159.9 - - [27/Apr/2017:02:37:43 -0500] "GET /galeria/galeria/jquery.fancybox.js?v=2.1.5 HTTP/1.1" 200 48706
219.99.159.9 - - [27/Apr/2017:02:37:43 -0500] "GET /galeria/galeria/jquery.fancybox.css?v=2.1.5 HTTP/1.1" 200 4895
219.99.159.9 - - [27/Apr/2017:02:37:52 -0500] "GET /galeria/galeria/jquery.fancybox.css?v=2.1.5 HTTP/1.1" 200 4895
219.99.159.9 - - [27/Apr/2017:02:37:52 -0500] "GET /BLA/boletinlegal/js/jquery.scrollShow.js HTTP/1.1" 200 4586
219.99.159.9 - - [27/Apr/2017:02:37:52 -0500] "GET /galeria/galeria/jquery.fancybox.js?v=2.1.5 HTTP/1.1" 200 48706
148.251.136.43 - - [27/Apr/2017:02:38:02 -0500] "GET /BLA/resoluciones/index.php?dir=AUTOS+2006/AUTOS+2006+2301+-+2400/ HTTP/1.1" 200 22197
192.168.175.104 - - [27/Apr/2017:02:38:06 -0500] "GET / HTTP/1.1" 200 9990
148.251.136.43 - - [27/Apr/2017:02:38:09 -0500] "GET /BLA/resoluciones/index.php?dir=AUTOS+2006/AUTOS+2006+2401+-+2500/ HTTP/1.1" 200 22199
195.133.147.74 - - [27/Apr/2017:02:38:13 -0500] "HEAD / HTTP/1.1" 200 -
192.168.175.104 - - [27/Apr/2017:02:38:17 -0500] "GET / HTTP/1.0" 200 9990
40.77.167.116 - - [27/Apr/2017:02:38:26 -0500] "GET /BLA/boletinlegal/js/jquery.scrollShow.js HTTP/1.1" 200 4586
69.162.124.233 - - [27/Apr/2017:02:38:39 -0500] "HEAD / HTTP/1.1" 200 -
66.249.65.181 - - [27/Apr/2017:02:38:57 -0500] "GET /BLA/resoluciones/RESOLUCIONES%202013/1207.pdf HTTP/1.1" 200 1620257
201.245.192.253 - - [27/Apr/2017:02:38:58 -0500] "GET /galeria/nivo-slider/demo/undefined HTTP/1.1" 404 1314
148.251.136.43 - - [27/Apr/2017:02:38:59 -0500] "GET /BLA/resoluciones/index.php?dir=AUTOS+2006/AUTOS+2006+2501+-+2600/ HTTP/1.1" 200 22209
192.168.175.104 - - [27/Apr/2017:02:39:04 -0500] "GET / HTTP/1.1" 200 9990
201.245.192.253 - - [27/Apr/2017:02:39:06 -0500] "GET /galeria/nivo-slider/demo/undefined HTTP/1.1" 404 1314
181.55.179.72 - - [27/Apr/2017:02:39:12 -0500] "GET /silvicultura/6.pdf HTTP/1.1" 404 1308
181.55.179.72 - - [27/Apr/2017:02:39:13 -0500] "GET /favicon.ico HTTP/1.1" 200 7782
181.55.179.72 - - [27/Apr/2017:02:39:23 -0500] "GET /silvicultura/8.pdf HTTP/1.1" 404 1308
148.251.136.43 - - [27/Apr/2017:02:39:49 -0500] "GET /BLA/resoluciones/index.php?dir=AUTOS+2006/AUTOS+2006+2601+-+2700/ HTTP/1.1" 200 22189
148.251.136.43 - - [27/Apr/2017:02:39:54 -0500] "GET /BLA/resoluciones/index.php?dir=AUTOS+2006/AUTOS+2006+2701+-+2800/ HTTP/1.1" 200 22410
217.182.132.22 - - [27/Apr/2017:02:40:11 -0500] "GET /BLA/resoluciones/RESOLUCIONES%202004/RES%202004%2051-100/00000092.tif HTTP/1.1" 200 82526
123.125.71.104 - - [27/Apr/2017:02:40:17 -0500] "GET /BLA/resoluciones/RESOLUCIONES%202009/5172.pdf HTTP/1.1" 200 677556
123.125.71.51 - - [27/Apr/2017:02:40:17 -0500] "GET /BLA/resoluciones/RESOLUCIONES%202014/0822.pdf HTTP/1.1" 200 591243
201.245.192.253 - - [27/Apr/2017:02:40:28 -0500] "GET /galeria/nivo-slider/demo/undefined HTTP/1.1" 404 1314
201.245.192.253 - - [27/Apr/2017:02:40:37 -0500] "GET /galeria/nivo-slider/demo/undefined HTTP/1.1" 404 1314
66.249.65.178 - - [27/Apr/2017:02:40:40 -0500] "GET /BLA/resoluciones/RESOLUCIONES%202011/5380.pdf HTTP/1.1" 200 623969
148.251.136.43 - - [27/Apr/2017:02:40:48 -0500] "GET /BLA/resoluciones/index.php?dir=AUTOS+2006/AUTOS+2006+2801+-+2900/ HTTP/1.1" 200 22229
66.249.65.178 - - [27/Apr/2017:02:41:11 -0500] "GET /BLA/resoluciones/RESOLUCIONES%202009/9776.pdf HTTP/1.1" 304 -
66.249.65.181 - - [27/Apr/2017:02:41:12 -0500] "GET /BLA/resoluciones/RESOLUCIONES%202010/0806.pdf HTTP/1.1" 200 110266
164.132.161.74 - - [27/Apr/2017:02:41:19 -0500] "GET /BLA/resoluciones/RESOLUCIONES%202002/RES%202002%20901-950/00000907.tif HTTP/1.1" 200 230528
148.251.136.43 - - [27/Apr/2017:02:41:35 -0500] "GET /BLA/resoluciones/index.php?dir=AUTOS+2006/AUTOS+2006+2901+-+3000/ HTTP/1.1" 200 22191
148.251.136.43 - - [27/Apr/2017:02:41:41 -0500] "GET /BLA/resoluciones/index.php?dir=AUTOS+2006/AUTOS+2006+301-400/ HTTP/1.1" 200 21781
201.245.192.253 - - [27/Apr/2017:02:41:58 -0500] "GET /galeria/nivo-slider/demo/undefined HTTP/1.1" 404 1314
201.245.192.253 - - [27/Apr/2017:02:42:07 -0500] "GET /galeria/nivo-slider/demo/undefined HTTP/1.1" 404 1314
148.251.136.43 - - [27/Apr/2017:02:42:33 -0500] "GET /BLA/resoluciones/index.php?dir=AUTOS+2006/AUTOS+2006+3101+-+3200/ HTTP/1.1" 200 22189
51.255.65.44 - - [27/Apr/2017:02:42:35 -0500] "GET /BLA/resoluciones/RESOLUCIONES%202002/RES%202002%201051-1100/00001099.tif HTTP/1.1" 200 78764
66.249.65.97 - - [27/Apr/2017:02:42:51 -0500] "GET /dama/libreria/pdf/polit_humedales.pdf HTTP/1.1" 404 1015
192.168.175.104 - - [27/Apr/2017:02:43:04 -0500] "GET / HTTP/1.1" 200 9990
66.249.65.178 - - [27/Apr/2017:02:43:08 -0500] "GET /BLA/resoluciones/AUTOS%202008/1095.pdf HTTP/1.1" 200 64142
51.255.65.36 - - [27/Apr/2017:02:43:10 -0500] "GET /BLA/resoluciones/RESOLUCIONES%202004/RES%202004%20201-250/00000220.tif HTTP/1.1" 200 191958
192.168.175.104 - - [27/Apr/2017:02:43:15 -0500] "GET / HTTP/1.0" 200 9990
66.249.65.178 - - [27/Apr/2017:02:43:25 -0500] "GET /BLA/resoluciones/AUTOS%202008/1508.pdf HTTP/1.1" 200 294890
201.245.192.253 - - [27/Apr/2017:02:43:28 -0500] "GET /galeria/nivo-slider/demo/undefined HTTP/1.1" 404 1314
201.245.192.253 - - [27/Apr/2017:02:43:38 -0500] "GET /galeria/nivo-slider/demo/undefined HTTP/1.1" 404 1314
69.162.124.233 - - [27/Apr/2017:02:43:39 -0500] "HEAD / HTTP/1.1" 200 -
66.249.65.175 - - [27/Apr/2017:02:43:41 -0500] "GET /BLA/resoluciones/AUTOS%202008/2677.pdf HTTP/1.1" 200 102358
148.251.136.43 - - [27/Apr/2017:02:43:43 -0500] "GET /robots.txt HTTP/1.1" 404 1018
148.251.136.43 - - [27/Apr/2017:02:43:43 -0500] "GET /BLA/resoluciones/index.php?dir=AUTOS+2006/AUTOS+2006+3201+-+3300/ HTTP/1.1" 200 22209
64.71.199.7 - - [27/Apr/2017:02:43:46 -0500] "GET /BLA/resoluciones/AUTOS+2007/1960.pdf HTTP/1.1" 404 1018
213.143.49.72 - - [27/Apr/2017:02:43:56 -0500] "-" 408 -
51.255.65.81 - - [27/Apr/2017:02:44:01 -0500] "GET /BLA/resoluciones/RESOLUCIONES%202005/RES%202005%201001-1050/00001024.tif HTTP/1.1" 200 244846
192.168.175.104 - - [27/Apr/2017:02:44:02 -0500] "GET / HTTP/1.1" 200 9990
66.249.65.175 - - [27/Apr/2017:02:44:54 -0500] "GET /BLA/resoluciones/RESOLUCIONES%202013/2732.pdf HTTP/1.1" 200 382591
201.245.192.253 - - [27/Apr/2017:02:44:58 -0500] "GET /galeria/nivo-slider/demo/undefined HTTP/1.1" 404 1314
181.49.75.178 - - [27/Apr/2017:02:45:08 -0500] "GET /BLA/boletinlegal/js/jquery.scrollShow.js HTTP/1.1" 200 4586
181.49.75.178 - - [27/Apr/2017:02:45:08 -0500] "GET /galeria/galeria/jquery.fancybox.js?v=2.1.5 HTTP/1.1" 200 48706
181.49.75.178 - - [27/Apr/2017:02:45:08 -0500] "GET /galeria/galeria/jquery.fancybox.css?v=2.1.5 HTTP/1.1" 200 4895
201.245.192.253 - - [27/Apr/2017:02:45:08 -0500] "GET /galeria/nivo-slider/demo/undefined HTTP/1.1" 404 1314
181.49.75.178 - - [27/Apr/2017:02:45:09 -0500] "GET /galeria/carrusel/Carrusel/jquery.thumbnailScroller.css HTTP/1.1" 200 2066
181.49.75.178 - - [27/Apr/2017:02:45:09 -0500] "GET /galeria/carrusel/Carrusel/jquery-ui-1.8.13.custom.min.js HTTP/1.1" 200 10800
181.49.75.178 - - [27/Apr/2017:02:45:10 -0500] "GET /galeria/carrusel/Carrusel/jquery.thumbnailScroller.js HTTP/1.1" 200 8157
148.251.136.43 - - [27/Apr/2017:02:45:51 -0500] "GET /robots.txt HTTP/1.1" 404 1018
148.251.136.43 - - [27/Apr/2017:02:45:51 -0500] "GET /BLA/resoluciones/index.php?dir=AUTOS+2006/AUTOS+2006+3301+-+3418/ HTTP/1.1" 200 25807
201.245.192.253 - - [27/Apr/2017:02:46:28 -0500] "GET /galeria/nivo-slider/demo/undefined HTTP/1.1" 404 1314
201.245.192.253 - - [27/Apr/2017:02:46:39 -0500] "GET /galeria/nivo-slider/demo/undefined HTTP/1.1" 404 1314
148.251.136.43 - - [27/Apr/2017:02:46:54 -0500] "GET /BLA/resoluciones/index.php?dir=AUTOS+2006/AUTOS+2006+401-500/ HTTP/1.1" 200 21769
40.77.169.100 - - [27/Apr/2017:02:46:54 -0500] "GET /dama/libreria/php/decide.php?patron=03.1305020113&numm=15 HTTP/1.1" 404 1019
66.249.65.178 - - [27/Apr/2017:02:47:07 -0500] "GET /BLA/resoluciones/RESOLUCIONES%202011/3276.pdf HTTP/1.1" 200 551243
148.251.136.43 - - [27/Apr/2017:02:47:11 -0500] "GET /BLA/resoluciones/index.php?dir=AUTOS+2006/AUTOS+2006+501-600/ HTTP/1.1" 200 21780
40.77.167.116 - - [27/Apr/2017:02:47:37 -0500] "GET /videos/galeria-fotografica/index18.html? HTTP/1.1" 200 1957
66.249.65.178 - - [27/Apr/2017:02:47:47 -0500] "GET /BLA/resoluciones/AUTOS%202008/1554.pdf HTTP/1.1" 200 85457
201.245.192.253 - - [27/Apr/2017:02:47:58 -0500] "GET /galeria/nivo-slider/demo/undefined HTTP/1.1" 404 1314
192.168.175.104 - - [27/Apr/2017:02:48:02 -0500] "GET / HTTP/1.1" 200 9990
66.249.65.175 - - [27/Apr/2017:02:48:04 -0500] "GET /BLA/resoluciones/AUTOS%202008/1989.pdf HTTP/1.1" 200 104553
66.249.65.175 - - [27/Apr/2017:02:48:05 -0500] "GET /BLA/resoluciones/RESOLUCIONES%202011/3352.pdf HTTP/1.1" 200 456295
148.251.136.43 - - [27/Apr/2017:02:48:08 -0500] "GET /BLA/resoluciones/index.php?dir=AUTOS+2006/AUTOS+2006+601-700/ HTTP/1.1" 200 21776
201.245.192.253 - - [27/Apr/2017:02:48:09 -0500] "GET /galeria/nivo-slider/demo/undefined HTTP/1.1" 404 1314
192.168.175.104 - - [27/Apr/2017:02:48:13 -0500] "GET / HTTP/1.0" 200 9990
148.251.136.43 - - [27/Apr/2017:02:48:30 -0500] "GET /BLA/resoluciones/index.php?dir=AUTOS+2006/AUTOS+2006+701-800/ HTTP/1.1" 200 21969
69.162.124.233 - - [27/Apr/2017:02:48:38 -0500] "HEAD / HTTP/1.1" 200 -
181.49.83.246 - - [27/Apr/2017:02:48:50 -0500] "GET /BLA/boletinlegal/jurisprudencia/analisis/CUADRO%20SENTENCIA%20T-299%20DE%202008.doc HTTP/1.1" 200 40960
192.168.175.104 - - [27/Apr/2017:02:49:00 -0500] "GET / HTTP/1.1" 200 9990
148.251.136.43 - - [27/Apr/2017:02:49:20 -0500] "GET /BLA/resoluciones/index.php?dir=AUTOS+2006/AUTOS+2006+801-900/ HTTP/1.1" 200 21775
201.245.192.253 - - [27/Apr/2017:02:49:28 -0500] "GET /galeria/nivo-slider/demo/undefined HTTP/1.1" 404 1314
201.245.192.253 - - [27/Apr/2017:02:49:40 -0500] "GET /galeria/nivo-slider/demo/undefined HTTP/1.1" 404 1314
148.251.136.43 - - [27/Apr/2017:02:49:42 -0500] "GET /BLA/resoluciones/index.php?dir=AUTOS+2006/AUTOS+2006+901-1000/ HTTP/1.1" 200 21877
66.249.65.175 - - [27/Apr/2017:02:49:58 -0500] "GET /BLA/resoluciones/AUTOS%202008/1729.pdf HTTP/1.1" 200 90934
