190.156.252.26 - - [06/May/2017:08:02:13 -0500] "GET /dama/libreria/jpg/sec_amb.jpg HTTP/1.1" 404 1019
190.156.252.26 - - [06/May/2017:08:02:30 -0500] "GET /dama/libreria/jpg/sec_amb.jpg HTTP/1.1" 404 1019
190.156.252.26 - - [06/May/2017:08:02:30 -0500] "GET /dama/libreria/jpg/sec_amb.jpg HTTP/1.1" 404 1019
190.156.252.26 - - [06/May/2017:08:02:30 -0500] "GET /dama/libreria/jpg/sec_amb.jpg HTTP/1.1" 404 1019
190.156.252.26 - - [06/May/2017:08:02:30 -0500] "GET /dama/libreria/jpg/sec_amb.jpg HTTP/1.1" 404 1019
190.156.252.26 - - [06/May/2017:08:02:30 -0500] "GET /dama/libreria/jpg/sec_amb.jpg HTTP/1.1" 404 1019
190.156.252.26 - - [06/May/2017:08:02:30 -0500] "GET /dama/libreria/jpg/sec_amb.jpg HTTP/1.1" 404 1019
190.156.252.26 - - [06/May/2017:08:02:30 -0500] "GET /dama/libreria/jpg/sec_amb.jpg HTTP/1.1" 404 1019
190.156.252.26 - - [06/May/2017:08:02:30 -0500] "GET /dama/libreria/jpg/sec_amb.jpg HTTP/1.1" 404 1019
66.249.88.1 - - [06/May/2017:08:02:52 -0500] "GET /isolucionsda/BancoConocimiento/S/Servicioalciudadanoycorrespondencia_v5/Servicioalciudadanoycorrespondencia_v5.asp?IdArticulo=10740 HTTP/1.1" 200 146
66.249.88.7 - - [06/May/2017:08:02:53 -0500] "GET /favicon.ico HTTP/1.1" 200 7782
66.249.88.7 - - [06/May/2017:08:03:05 -0500] "GET /isolucionsda/BancoConocimiento/S/Servicioalciudadanoycorrespondencia_v5/Servicioalciudadanoycorrespondencia_v5.asp?IdArticulo=10740 HTTP/1.1" 200 146
164.132.161.65 - - [06/May/2017:08:03:06 -0500] "GET /BLA/resoluciones/RESOLUCIONES%202002/RES%202002%201151-1200/20021154.tif HTTP/1.1" 200 141392
66.249.88.7 - - [06/May/2017:08:03:10 -0500] "GET /isolucionsda/BancoConocimiento/S/Servicioalciudadanoycorrespondencia_v5/Servicioalciudadanoycorrespondencia_v5.asp?IdArticulo=10740 HTTP/1.1" 200 146
201.245.192.253 - - [06/May/2017:08:03:22 -0500] "GET /galeria/nivo-slider/demo/undefined HTTP/1.1" 404 1314
148.251.136.43 - - [06/May/2017:08:03:35 -0500] "GET /robots.txt HTTP/1.1" 404 1018
148.251.136.43 - - [06/May/2017:08:03:35 -0500] "GET /BLA/resoluciones/index.php?dir=AUTOS%202011/&sort=name&order=desc HTTP/1.1" 200 570156
204.15.96.67 - - [06/May/2017:08:03:43 -0500] "GET /galeria/nivo-slider/demo/images/bannercapacitaci%C3%B3ninfraestructuavegetada.jpg HTTP/1.1" 304 -
148.251.136.43 - - [06/May/2017:08:03:45 -0500] "GET /BLA/resoluciones/index.php?dir=AUTOS%202011/&sort=size&order=asc HTTP/1.1" 200 570157
148.251.136.43 - - [06/May/2017:08:03:54 -0500] "GET /BLA/resoluciones/index.php?dir=AUTOS%202012/&sort=date&order=asc HTTP/1.1" 200 258216
69.162.124.233 - - [06/May/2017:08:03:57 -0500] "HEAD / HTTP/1.1" 200 -
148.251.136.43 - - [06/May/2017:08:04:03 -0500] "GET /BLA/resoluciones/index.php?dir=AUTOS%202012/&sort=name&order=desc HTTP/1.1" 200 258215
192.168.175.104 - - [06/May/2017:08:04:10 -0500] "GET / HTTP/1.1" 200 9990
148.251.136.43 - - [06/May/2017:08:04:11 -0500] "GET /BLA/resoluciones/index.php?dir=AUTOS%202013/&sort=date&order=asc HTTP/1.1" 200 396179
66.249.88.4 - - [06/May/2017:08:04:18 -0500] "GET /isolucionsda/BancoConocimiento/S/Servicioalciudadanoycorrespondencia_v5/Servicioalciudadanoycorrespondencia_v5.asp?IdArticulo=10740 HTTP/1.1" 200 146
148.251.136.43 - - [06/May/2017:08:04:20 -0500] "GET /BLA/resoluciones/index.php?dir=AUTOS%202013/&sort=name&order=desc HTTP/1.1" 200 396178
148.251.136.43 - - [06/May/2017:08:04:35 -0500] "GET /BLA/resoluciones/index.php?dir=AUTOS%202013/&sort=size&order=asc HTTP/1.1" 200 396179
148.251.136.43 - - [06/May/2017:08:04:45 -0500] "GET /BLA/resoluciones/index.php?dir=AUTOS%202014/&sort=date&order=asc HTTP/1.1" 200 815816
201.245.192.253 - - [06/May/2017:08:05:02 -0500] "GET /galeria/nivo-slider/demo/undefined HTTP/1.1" 404 1314
148.251.136.43 - - [06/May/2017:08:04:55 -0500] "GET /BLA/resoluciones/index.php?dir=AUTOS%202014/&sort=name&order=desc HTTP/1.1" 200 815815
66.249.64.61 - - [06/May/2017:08:05:11 -0500] "GET /robots.txt HTTP/1.1" 404 1019
66.249.64.61 - - [06/May/2017:08:05:11 -0500] "GET / HTTP/1.1" 200 9990
148.251.136.43 - - [06/May/2017:08:05:09 -0500] "GET /BLA/resoluciones/index.php?dir=AUTOS%202014/&sort=size&order=asc HTTP/1.1" 200 815816
148.251.136.43 - - [06/May/2017:08:05:20 -0500] "GET /BLA/resoluciones/index.php?dir=AUTOS%202015/&sort=date&order=asc HTTP/1.1" 200 468531
148.251.136.43 - - [06/May/2017:08:05:29 -0500] "GET /BLA/resoluciones/index.php?dir=AUTOS%202015/&sort=name&order=desc HTTP/1.1" 200 468530
191.102.216.14 - - [06/May/2017:08:05:34 -0500] "GET /galeria/galeria/jquery.fancybox.css?v=2.1.5 HTTP/1.1" 200 4895
191.102.216.14 - - [06/May/2017:08:05:34 -0500] "GET /BLA/boletinlegal/js/jquery.scrollShow.js HTTP/1.1" 200 4586
191.102.216.14 - - [06/May/2017:08:05:34 -0500] "GET /galeria/galeria/jquery.fancybox.js?v=2.1.5 HTTP/1.1" 200 48706
66.249.88.1 - - [06/May/2017:08:05:38 -0500] "GET /isolucionsda/BancoConocimiento/S/Servicioalciudadanoycorrespondencia_v5/Servicioalciudadanoycorrespondencia_v5.asp?IdArticulo=10740 HTTP/1.1" 200 146
148.251.136.43 - - [06/May/2017:08:05:39 -0500] "GET /BLA/resoluciones/index.php?dir=AUTOS%202015/&sort=size&order=asc HTTP/1.1" 200 468531
148.251.136.43 - - [06/May/2017:08:05:50 -0500] "GET /BLA/resoluciones/index.php?dir=AUTOS%202016/&sort=date&order=asc HTTP/1.1" 200 113639
148.251.136.43 - - [06/May/2017:08:05:56 -0500] "GET /BLA/resoluciones/index.php?dir=AUTOS%202017/&sort=size&order=asc HTTP/1.1" 200 7521
51.255.65.60 - - [06/May/2017:08:05:56 -0500] "GET /BLA/resoluciones/RESOLUCIONES%202002/RES%202002%20151-200/2002RES156.tif HTTP/1.1" 200 104430
192.168.175.104 - - [06/May/2017:08:06:01 -0500] "GET / HTTP/1.0" 200 9990
66.249.88.153 - - [06/May/2017:08:06:02 -0500] "GET /galeria/galeria/fotos/Humedal-vaca6G.jpg HTTP/1.1" 200 176858
181.56.92.55 - - [06/May/2017:08:06:04 -0500] "GET /galeria/galeria/jquery.fancybox.css?v=2.1.5 HTTP/1.1" 200 4895
181.56.92.55 - - [06/May/2017:08:06:04 -0500] "GET /galeria/galeria/jquery.fancybox.js?v=2.1.5 HTTP/1.1" 200 48706
181.56.92.55 - - [06/May/2017:08:06:04 -0500] "GET /BLA/boletinlegal/js/jquery.scrollShow.js HTTP/1.1" 200 4586
181.56.92.55 - - [06/May/2017:08:06:16 -0500] "GET /galeria/galeria/jquery.fancybox.css?v=2.1.5 HTTP/1.1" 304 -
181.56.92.55 - - [06/May/2017:08:06:16 -0500] "GET /galeria/galeria/jquery.fancybox.js?v=2.1.5 HTTP/1.1" 304 -
181.56.92.55 - - [06/May/2017:08:06:16 -0500] "GET /BLA/boletinlegal/js/jquery.scrollShow.js HTTP/1.1" 304 -
66.249.88.1 - - [06/May/2017:08:06:28 -0500] "GET /BLA/boletinlegal/js/jquery.scrollShow.js HTTP/1.1" 200 4586
66.249.88.1 - - [06/May/2017:08:06:28 -0500] "GET /galeria/galeria/jquery.fancybox.css?v=2.1.5 HTTP/1.1" 200 4895
66.249.88.7 - - [06/May/2017:08:06:28 -0500] "GET /galeria/galeria/jquery.fancybox.js?v=2.1.5 HTTP/1.1" 200 48706
192.168.175.104 - - [06/May/2017:08:06:42 -0500] "GET / HTTP/1.1" 200 9990
201.245.192.253 - - [06/May/2017:08:06:43 -0500] "GET /galeria/nivo-slider/demo/undefined HTTP/1.1" 404 1314
200.6.173.250 - - [06/May/2017:08:06:57 -0500] "GET /BLA/boletinlegal/js/jquery.scrollShow.js HTTP/1.1" 200 4586
200.6.173.250 - - [06/May/2017:08:06:58 -0500] "GET /galeria/galeria/jquery.fancybox.js?v=2.1.5 HTTP/1.1" 200 48706
200.6.173.250 - - [06/May/2017:08:06:59 -0500] "GET /galeria/galeria/jquery.fancybox.css?v=2.1.5 HTTP/1.1" 200 4895
66.249.64.29 - - [06/May/2017:08:07:08 -0500] "GET / HTTP/1.1" 200 9990
217.182.132.79 - - [06/May/2017:08:07:37 -0500] "GET /BLA/resoluciones/RESOLUCIONES%202002/RES%202002%201651-1700/20021681.tif HTTP/1.1" 200 82896
186.85.215.194 - - [06/May/2017:08:07:45 -0500] "GET /BLA/boletinlegal/js/jquery.scrollShow.js HTTP/1.1" 200 4586
186.85.215.194 - - [06/May/2017:08:07:45 -0500] "GET /galeria/galeria/jquery.fancybox.css?v=2.1.5 HTTP/1.1" 200 4895
186.85.215.194 - - [06/May/2017:08:07:45 -0500] "GET /galeria/galeria/jquery.fancybox.js?v=2.1.5 HTTP/1.1" 200 48706
66.249.64.59 - - [06/May/2017:08:08:13 -0500] "GET /PruebasSTORM/StormSDA_pruebas/stormWeb/img/nombre.png HTTP/1.1" 200 24401
201.245.192.253 - - [06/May/2017:08:08:24 -0500] "GET /galeria/nivo-slider/demo/undefined HTTP/1.1" 404 1314
181.143.154.84 - - [06/May/2017:08:08:27 -0500] "GET /galeria/galeria/jquery.fancybox.css?v=2.1.5 HTTP/1.1" 200 4895
181.143.154.84 - - [06/May/2017:08:08:27 -0500] "GET /galeria/galeria/jquery.fancybox.js?v=2.1.5 HTTP/1.1" 200 48706
181.143.154.84 - - [06/May/2017:08:08:27 -0500] "GET /BLA/boletinlegal/js/jquery.scrollShow.js HTTP/1.1" 200 4586
190.9.234.61 - - [06/May/2017:08:08:39 -0500] "GET /galeria/carrusel/Carrusel/jquery-ui-1.8.13.custom.min.js HTTP/1.1" 200 10800
190.9.234.61 - - [06/May/2017:08:08:39 -0500] "GET /galeria/carrusel/Carrusel/jquery.thumbnailScroller.js HTTP/1.1" 200 8157
190.9.234.61 - - [06/May/2017:08:08:39 -0500] "GET /galeria/galeria/jquery.fancybox.css?v=2.1.5 HTTP/1.1" 200 4895
190.9.234.61 - - [06/May/2017:08:08:39 -0500] "GET /BLA/boletinlegal/js/jquery.scrollShow.js HTTP/1.1" 200 4586
190.9.234.61 - - [06/May/2017:08:08:39 -0500] "GET /galeria/galeria/jquery.fancybox.js?v=2.1.5 HTTP/1.1" 200 48706
190.9.234.61 - - [06/May/2017:08:08:39 -0500] "GET /galeria/carrusel/Carrusel/jquery.thumbnailScroller.css HTTP/1.1" 200 2066
190.9.234.61 - - [06/May/2017:08:08:42 -0500] "GET /galeria/nivo-slider/demo/demo.html HTTP/1.1" 200 3849
190.9.234.61 - - [06/May/2017:08:08:43 -0500] "GET /galeria/nivo-slider/demo/scripts/jquery-1.7.1.min.js HTTP/1.1" 200 93868
190.9.234.61 - - [06/May/2017:08:08:43 -0500] "GET /galeria/nivo-slider/demo/style.css HTTP/1.1" 200 2222
190.9.234.61 - - [06/May/2017:08:08:43 -0500] "GET /galeria/nivo-slider/themes/orman/orman.css HTTP/1.1" 200 2152
190.9.234.61 - - [06/May/2017:08:08:43 -0500] "GET /galeria/nivo-slider/themes/default/default.css HTTP/1.1" 200 1569
190.9.234.61 - - [06/May/2017:08:08:43 -0500] "GET /galeria/nivo-slider/nivo-slider.css HTTP/1.1" 200 1507
190.9.234.61 - - [06/May/2017:08:08:43 -0500] "GET /galeria/nivo-slider/themes/pascal/pascal.css HTTP/1.1" 200 2258
190.9.234.61 - - [06/May/2017:08:08:43 -0500] "GET /galeria/nivo-slider/jquery.nivo.slider.pack.js HTTP/1.1" 200 11561
190.9.234.61 - - [06/May/2017:08:08:43 -0500] "GET /galeria/nivo-slider/demo/images/bannerconvocatria3.jpg HTTP/1.1" 200 235024
190.9.234.61 - - [06/May/2017:08:08:43 -0500] "GET /galeria/nivo-slider/demo/images/BANNERRECICLATON2017.jpg HTTP/1.1" 200 244103
190.9.234.61 - - [06/May/2017:08:08:43 -0500] "GET /galeria/nivo-slider/demo/images/banner%20web%20fiblibro.jpg HTTP/1.1" 200 102374
190.9.234.61 - - [06/May/2017:08:08:43 -0500] "GET /galeria/nivo-slider/demo/images/bannercampa%C3%B1acambiodesede.jpg HTTP/1.1" 200 134156
190.9.234.61 - - [06/May/2017:08:08:43 -0500] "GET /galeria/nivo-slider/demo/images/banner%20reportedearbolescaidos.jpg HTTP/1.1" 200 249999
190.9.234.61 - - [06/May/2017:08:08:43 -0500] "GET /galeria/nivo-slider/demo/images/banenr%20web%20reto%20IEEE-01.jpg HTTP/1.1" 200 219648
190.9.234.61 - - [06/May/2017:08:08:44 -0500] "GET /galeria/nivo-slider/demo/images/BANNERCAMINATAS%20ECOLOGICAS%20MARZO.jpg HTTP/1.1" 200 266671
190.9.234.61 - - [06/May/2017:08:08:44 -0500] "GET /galeria/nivo-slider/demo/images/banner%20aceite%20vegetal%20usado.jpg HTTP/1.1" 200 169350
190.9.234.61 - - [06/May/2017:08:08:44 -0500] "GET /galeria/nivo-slider/demo/images/bannerlumina2017web.jpg HTTP/1.1" 200 198918
190.9.234.61 - - [06/May/2017:08:08:45 -0500] "GET /galeria/nivo-slider/demo/images/BANNERRUTADEVERTIMIENTOS.jpg HTTP/1.1" 200 98506
190.9.234.61 - - [06/May/2017:08:08:45 -0500] "GET /galeria/nivo-slider/demo/images/bolsas-06.jpg HTTP/1.1" 200 210950
190.9.234.61 - - [06/May/2017:08:08:46 -0500] "GET /galeria/nivo-slider/themes/default/loading.gif HTTP/1.1" 200 1737
190.9.234.61 - - [06/May/2017:08:08:46 -0500] "GET /galeria/nivo-slider/demo/images/4Simple_Slider.png HTTP/1.1" 200 11722
66.249.88.4 - - [06/May/2017:08:08:46 -0500] "GET /BLA/boletinlegal/js/jquery.scrollShow.js HTTP/1.1" 200 4586
66.249.88.1 - - [06/May/2017:08:08:46 -0500] "GET /galeria/galeria/jquery.fancybox.css?v=2.1.5 HTTP/1.1" 200 4895
66.249.88.4 - - [06/May/2017:08:08:46 -0500] "GET /galeria/galeria/jquery.fancybox.js?v=2.1.5 HTTP/1.1" 200 48706
190.9.234.61 - - [06/May/2017:08:08:47 -0500] "GET /galeria/nivo-slider/themes/default/arrows.png HTTP/1.1" 200 824
190.9.234.61 - - [06/May/2017:08:08:47 -0500] "GET /galeria/nivo-slider/themes/default/bullets.png HTTP/1.1" 200 1281
181.143.154.84 - - [06/May/2017:08:08:48 -0500] "GET /galeria/galeria/jquery.fancybox.css?v=2.1.5 HTTP/1.1" 304 -
181.143.154.84 - - [06/May/2017:08:08:48 -0500] "GET /BLA/boletinlegal/js/jquery.scrollShow.js HTTP/1.1" 304 -
181.143.154.84 - - [06/May/2017:08:08:48 -0500] "GET /galeria/galeria/jquery.fancybox.js?v=2.1.5 HTTP/1.1" 304 -
69.162.124.233 - - [06/May/2017:08:08:57 -0500] "HEAD / HTTP/1.1" 200 -
181.56.92.55 - - [06/May/2017:08:08:59 -0500] "GET /galeria/galeria/jquery.fancybox.css?v=2.1.5 HTTP/1.1" 200 4895
181.56.92.55 - - [06/May/2017:08:08:59 -0500] "GET /BLA/boletinlegal/js/jquery.scrollShow.js HTTP/1.1" 200 4586
181.56.92.55 - - [06/May/2017:08:08:59 -0500] "GET /galeria/galeria/jquery.fancybox.js?v=2.1.5 HTTP/1.1" 200 48706
181.56.92.55 - - [06/May/2017:08:09:01 -0500] "GET /BLA/boletinlegal/js/jquery.scrollShow.js HTTP/1.1" 304 -
181.56.92.55 - - [06/May/2017:08:09:01 -0500] "GET /galeria/galeria/jquery.fancybox.js?v=2.1.5 HTTP/1.1" 304 -
181.56.92.55 - - [06/May/2017:08:09:01 -0500] "GET /galeria/galeria/jquery.fancybox.css?v=2.1.5 HTTP/1.1" 304 -
192.168.175.104 - - [06/May/2017:08:09:08 -0500] "GET / HTTP/1.1" 200 9990
181.251.146.167 - - [06/May/2017:08:09:22 -0500] "GET /galeria/galeria/jquery.fancybox.css?v=2.1.5 HTTP/1.1" 200 4895
181.251.146.167 - - [06/May/2017:08:09:22 -0500] "GET /BLA/boletinlegal/js/jquery.scrollShow.js HTTP/1.1" 200 4586
181.251.146.167 - - [06/May/2017:08:09:22 -0500] "GET /galeria/galeria/jquery.fancybox.js?v=2.1.5 HTTP/1.1" 200 48706
181.251.146.167 - - [06/May/2017:08:09:27 -0500] "GET /galeria/galeria/jquery.fancybox.css?v=2.1.5 HTTP/1.1" 304 -
181.251.146.167 - - [06/May/2017:08:09:27 -0500] "GET /galeria/galeria/jquery.fancybox.js?v=2.1.5 HTTP/1.1" 304 -
181.251.146.167 - - [06/May/2017:08:09:27 -0500] "GET /BLA/boletinlegal/js/jquery.scrollShow.js HTTP/1.1" 304 -
181.251.146.167 - - [06/May/2017:08:09:29 -0500] "GET /galeria/galeria/jquery.fancybox.js?v=2.1.5 HTTP/1.1" 304 -
180.76.15.20 - - [06/May/2017:08:09:33 -0500] "GET /BLA/resoluciones/RESOLUCIONES%202015/1050.pdf HTTP/1.1" 200 1892623
186.84.53.231 - - [06/May/2017:08:09:41 -0500] "GET /galeria/galeria/fotos/Humedal-Tibanica4G.jpg HTTP/1.1" 200 442374
201.245.192.253 - - [06/May/2017:08:10:04 -0500] "GET /galeria/nivo-slider/demo/undefined HTTP/1.1" 404 1314
157.55.39.184 - - [06/May/2017:08:10:23 -0500] "GET /SIG/Gestion%20Recursos%20Financieros/126PA02-PR20%20REGISTRO%20DE%20DIFERIDOS.pdf HTTP/1.1" 200 231681
181.143.154.84 - - [06/May/2017:08:10:55 -0500] "GET /galeria/carrusel/Carrusel/jquery.thumbnailScroller.css HTTP/1.1" 200 2066
181.143.154.84 - - [06/May/2017:08:10:55 -0500] "GET /galeria/carrusel/Carrusel/jquery-ui-1.8.13.custom.min.js HTTP/1.1" 200 10800
181.143.154.84 - - [06/May/2017:08:10:55 -0500] "GET /galeria/nivo-slider/demo/demo.html HTTP/1.1" 200 3849
181.143.154.84 - - [06/May/2017:08:10:55 -0500] "GET /galeria/carrusel/Carrusel/jquery.thumbnailScroller.js HTTP/1.1" 200 8157
181.143.154.84 - - [06/May/2017:08:10:55 -0500] "GET /galeria/nivo-slider/themes/default/default.css HTTP/1.1" 200 1569
181.143.154.84 - - [06/May/2017:08:10:55 -0500] "GET /galeria/nivo-slider/themes/orman/orman.css HTTP/1.1" 200 2152
181.143.154.84 - - [06/May/2017:08:10:55 -0500] "GET /galeria/nivo-slider/themes/pascal/pascal.css HTTP/1.1" 200 2258
181.143.154.84 - - [06/May/2017:08:10:55 -0500] "GET /galeria/nivo-slider/nivo-slider.css HTTP/1.1" 200 1507
181.143.154.84 - - [06/May/2017:08:10:55 -0500] "GET /galeria/nivo-slider/demo/style.css HTTP/1.1" 200 2222
181.143.154.84 - - [06/May/2017:08:10:55 -0500] "GET /galeria/nivo-slider/demo/images/BANNERRECICLATON2017.jpg HTTP/1.1" 200 244103
181.143.154.84 - - [06/May/2017:08:10:55 -0500] "GET /galeria/nivo-slider/demo/images/bannerconvocatria3.jpg HTTP/1.1" 200 235024
181.143.154.84 - - [06/May/2017:08:10:55 -0500] "GET /galeria/nivo-slider/demo/images/4Simple_Slider.png HTTP/1.1" 200 11722
181.143.154.84 - - [06/May/2017:08:10:55 -0500] "GET /galeria/nivo-slider/themes/default/loading.gif HTTP/1.1" 200 1737
181.143.154.84 - - [06/May/2017:08:10:55 -0500] "GET /galeria/nivo-slider/demo/images/banner%20web%20fiblibro.jpg HTTP/1.1" 200 102374
181.143.154.84 - - [06/May/2017:08:10:55 -0500] "GET /galeria/nivo-slider/demo/images/bannercampa%C3%B1acambiodesede.jpg HTTP/1.1" 200 134156
181.143.154.84 - - [06/May/2017:08:10:55 -0500] "GET /galeria/nivo-slider/demo/images/banner%20reportedearbolescaidos.jpg HTTP/1.1" 200 249999
181.143.154.84 - - [06/May/2017:08:10:55 -0500] "GET /galeria/nivo-slider/demo/scripts/jquery-1.7.1.min.js HTTP/1.1" 200 93868
181.60.245.254 - - [06/May/2017:08:10:55 -0500] "GET /galeria/galeria/jquery.fancybox.css?v=2.1.5 HTTP/1.1" 200 4895
181.60.245.254 - - [06/May/2017:08:10:55 -0500] "GET /galeria/galeria/jquery.fancybox.js?v=2.1.5 HTTP/1.1" 200 48706
181.60.245.254 - - [06/May/2017:08:10:55 -0500] "GET /BLA/boletinlegal/js/jquery.scrollShow.js HTTP/1.1" 200 4586
181.143.154.84 - - [06/May/2017:08:10:56 -0500] "GET /galeria/nivo-slider/jquery.nivo.slider.pack.js HTTP/1.1" 200 11561
181.143.154.84 - - [06/May/2017:08:10:56 -0500] "GET /galeria/nivo-slider/demo/images/banenr%20web%20reto%20IEEE-01.jpg HTTP/1.1" 200 219648
181.143.154.84 - - [06/May/2017:08:10:56 -0500] "GET /galeria/nivo-slider/demo/images/BANNERCAMINATAS%20ECOLOGICAS%20MARZO.jpg HTTP/1.1" 200 266671
181.143.154.84 - - [06/May/2017:08:10:57 -0500] "GET /galeria/nivo-slider/demo/images/banner%20aceite%20vegetal%20usado.jpg HTTP/1.1" 200 169350
181.143.154.84 - - [06/May/2017:08:10:57 -0500] "GET /galeria/nivo-slider/demo/images/bannerlumina2017web.jpg HTTP/1.1" 200 198918
181.143.154.84 - - [06/May/2017:08:10:57 -0500] "GET /galeria/nivo-slider/demo/images/BANNERRUTADEVERTIMIENTOS.jpg HTTP/1.1" 200 98506
181.143.154.84 - - [06/May/2017:08:10:57 -0500] "GET /galeria/nivo-slider/demo/images/bolsas-06.jpg HTTP/1.1" 200 210950
192.168.175.104 - - [06/May/2017:08:10:59 -0500] "GET / HTTP/1.0" 200 9990
181.143.154.84 - - [06/May/2017:08:11:03 -0500] "GET /galeria/nivo-slider/themes/default/arrows.png HTTP/1.1" 200 824
181.143.154.84 - - [06/May/2017:08:11:03 -0500] "GET /galeria/nivo-slider/themes/default/bullets.png HTTP/1.1" 200 1281
181.60.245.254 - - [06/May/2017:08:11:09 -0500] "GET /BLA/boletinlegal/js/jquery.scrollShow.js HTTP/1.1" 304 -
181.60.245.254 - - [06/May/2017:08:11:09 -0500] "GET /galeria/galeria/jquery.fancybox.css?v=2.1.5 HTTP/1.1" 304 -
181.60.245.254 - - [06/May/2017:08:11:09 -0500] "GET /galeria/galeria/jquery.fancybox.js?v=2.1.5 HTTP/1.1" 304 -
192.168.175.104 - - [06/May/2017:08:11:40 -0500] "GET / HTTP/1.1" 200 9990
201.245.192.253 - - [06/May/2017:08:11:45 -0500] "GET /galeria/nivo-slider/demo/undefined HTTP/1.1" 404 1314
181.48.190.206 - - [06/May/2017:08:11:46 -0500] "GET /BLA/resoluciones/RESOLUCIONES%202007/RES%202007%201001%20AL%201100/RESOLUCION%201006%20DE%202007.pdf HTTP/1.1" 200 421437
181.48.190.206 - - [06/May/2017:08:11:46 -0500] "GET /favicon.ico HTTP/1.1" 200 7782
216.218.206.69 - - [06/May/2017:08:12:31 -0500] "GET / HTTP/1.1" 200 9990
190.156.252.2 - - [06/May/2017:08:12:51 -0500] "GET /BLA/resoluciones/RESOLUCIONES%202014/1564.pdf HTTP/1.1" 200 12299134
190.156.252.2 - - [06/May/2017:08:12:52 -0500] "GET /favicon.ico HTTP/1.1" 200 7782
190.156.252.2 - - [06/May/2017:08:12:55 -0500] "GET /BLA/resoluciones/RESOLUCIONES%202014/1564.pdf HTTP/1.1" 206 65536
190.156.252.2 - - [06/May/2017:08:12:55 -0500] "GET /BLA/resoluciones/RESOLUCIONES%202014/1564.pdf HTTP/1.1" 206 11822153
66.249.64.41 - - [06/May/2017:08:13:01 -0500] "GET /.well-known/apple-app-site-association HTTP/1.1" 404 1019
201.245.192.253 - - [06/May/2017:08:13:26 -0500] "GET /galeria/nivo-slider/demo/undefined HTTP/1.1" 404 1314
201.245.192.253 - - [06/May/2017:08:13:51 -0500] "GET /galeria/galeria/jquery.fancybox.css?v=2.1.5 HTTP/1.1" 200 4895
201.245.192.253 - - [06/May/2017:08:13:51 -0500] "GET /BLA/boletinlegal/js/jquery.scrollShow.js HTTP/1.1" 200 4586
201.245.192.253 - - [06/May/2017:08:13:51 -0500] "GET /galeria/galeria/jquery.fancybox.js?v=2.1.5 HTTP/1.1" 200 48706
201.245.192.253 - - [06/May/2017:08:13:53 -0500] "GET /galeria/galeria/jquery.fancybox.css?v=2.1.5 HTTP/1.1" 304 -
201.245.192.253 - - [06/May/2017:08:13:53 -0500] "GET /galeria/galeria/jquery.fancybox.js?v=2.1.5 HTTP/1.1" 304 -
201.245.192.253 - - [06/May/2017:08:13:53 -0500] "GET /BLA/boletinlegal/js/jquery.scrollShow.js HTTP/1.1" 304 -
69.162.124.233 - - [06/May/2017:08:13:57 -0500] "HEAD / HTTP/1.1" 200 -
192.168.175.104 - - [06/May/2017:08:14:06 -0500] "GET / HTTP/1.1" 200 9990
201.228.225.14 - - [06/May/2017:08:14:48 -0500] "GET /BLA/resoluciones/RESOLUCIONES%202007/RES%202007%20301%20AL%20400/RESOLUCION%200348%20DE%202007.pdf HTTP/1.1" 200 247138
217.182.132.85 - - [06/May/2017:08:14:52 -0500] "GET /BLA/resoluciones/RESOLUCIONES%202002/RES%202002%20451-500/00000492.tif HTTP/1.1" 200 110946
201.245.192.253 - - [06/May/2017:08:15:06 -0500] "GET /galeria/nivo-slider/demo/undefined HTTP/1.1" 404 1314
186.29.249.30 - - [06/May/2017:08:15:34 -0500] "GET /galeria/galeria/jquery.fancybox.css?v=2.1.5 HTTP/1.1" 200 4895
186.29.249.30 - - [06/May/2017:08:15:34 -0500] "GET /galeria/galeria/jquery.fancybox.js?v=2.1.5 HTTP/1.1" 200 48706
186.29.249.30 - - [06/May/2017:08:15:34 -0500] "GET /BLA/boletinlegal/js/jquery.scrollShow.js HTTP/1.1" 200 4586
69.162.124.233 - - [06/May/2017:08:15:38 -0500] "HEAD / HTTP/1.1" 200 -
217.182.132.18 - - [06/May/2017:08:15:42 -0500] "GET /BLA/resoluciones/RESOLUCIONES%202004/RES%202004%201101-1150/00001113.tif HTTP/1.1" 200 106874
179.51.109.13 - - [06/May/2017:08:15:45 -0500] "GET /galeria/galeria/fotos/Entrenube2G.jpg HTTP/1.1" 200 111422
186.29.249.30 - - [06/May/2017:08:15:54 -0500] "GET /galeria/galeria/jquery.fancybox.css?v=2.1.5 HTTP/1.1" 304 -
186.29.249.30 - - [06/May/2017:08:15:54 -0500] "GET /galeria/galeria/jquery.fancybox.js?v=2.1.5 HTTP/1.1" 304 -
186.29.249.30 - - [06/May/2017:08:15:54 -0500] "GET /BLA/boletinlegal/js/jquery.scrollShow.js HTTP/1.1" 304 -
190.157.84.12 - - [06/May/2017:08:15:54 -0500] "GET /BLA/resoluciones/RESOLUCIONES%202007/RES%202007%201101%20AL%201200/RESOLUCION%201182%20DE%202007.pdf HTTP/1.1" 200 338024
190.157.84.12 - - [06/May/2017:08:15:55 -0500] "GET /BLA/resoluciones/RESOLUCIONES%202007/RES%202007%201101%20AL%201200/RESOLUCION%201182%20DE%202007.pdf HTTP/1.1" 200 338024
192.168.175.104 - - [06/May/2017:08:15:59 -0500] "GET / HTTP/1.0" 200 9990
179.51.109.13 - - [06/May/2017:08:16:05 -0500] "GET /galeria/galeria/fotos/Entrenube3G.jpg HTTP/1.1" 200 138221
192.168.175.104 - - [06/May/2017:08:16:38 -0500] "GET / HTTP/1.1" 200 9990
201.245.192.253 - - [06/May/2017:08:16:47 -0500] "GET /galeria/nivo-slider/demo/undefined HTTP/1.1" 404 1314
66.249.88.1 - - [06/May/2017:08:16:53 -0500] "GET /galeria/galeria/jquery.fancybox.js?v=2.1.5 HTTP/1.1" 200 48706
66.249.88.1 - - [06/May/2017:08:16:53 -0500] "GET /BLA/boletinlegal/js/jquery.scrollShow.js HTTP/1.1" 200 4586
66.249.88.1 - - [06/May/2017:08:16:54 -0500] "GET /galeria/galeria/jquery.fancybox.css?v=2.1.5 HTTP/1.1" 200 4895
66.249.88.1 - - [06/May/2017:08:16:59 -0500] "GET /galeria/galeria/jquery.fancybox.js?v=2.1.5 HTTP/1.1" 304 -
66.249.88.7 - - [06/May/2017:08:16:59 -0500] "GET /BLA/boletinlegal/js/jquery.scrollShow.js HTTP/1.1" 304 -
66.249.88.7 - - [06/May/2017:08:16:59 -0500] "GET /galeria/galeria/jquery.fancybox.css?v=2.1.5 HTTP/1.1" 304 -
186.170.175.227 - - [06/May/2017:08:17:06 -0500] "GET /BLA/resoluciones/RESOLUCIONES%202007/RES%202007%202101%20AL%202200/RESOLUCION%202200%20DE%202007.pdf HTTP/1.1" 200 646903
186.170.175.227 - - [06/May/2017:08:17:06 -0500] "GET /favicon.ico HTTP/1.1" 200 7782
186.170.175.227 - - [06/May/2017:08:17:08 -0500] "GET /BLA/resoluciones/RESOLUCIONES%202007/RES%202007%202101%20AL%202200/RESOLUCION%202200%20DE%202007.pdf HTTP/1.1" 206 127335
148.251.136.43 - - [06/May/2017:08:17:35 -0500] "GET /robots.txt HTTP/1.1" 404 1018
148.251.136.43 - - [06/May/2017:08:17:35 -0500] "GET /BLA/resoluciones/index.php?dir=AUTOS+2006/AUTOS+2006+1-100/ HTTP/1.1" 200 21539
200.57.119.44 - - [06/May/2017:08:17:42 -0500] "GET /BLA/boletinlegal/js/jquery.scrollShow.js HTTP/1.1" 200 4586
148.251.136.43 - - [06/May/2017:08:17:44 -0500] "GET /BLA/resoluciones/index.php?dir=AUTOS+2006/AUTOS+2006+1001-1100/ HTTP/1.1" 200 21966
200.57.119.44 - - [06/May/2017:08:17:47 -0500] "GET /galeria/galeria/jquery.fancybox.js?v=2.1.5 HTTP/1.1" 200 48706
200.57.119.44 - - [06/May/2017:08:17:48 -0500] "GET /galeria/galeria/jquery.fancybox.css?v=2.1.5 HTTP/1.1" 200 4895
200.57.119.44 - - [06/May/2017:08:17:49 -0500] "GET /galeria/carrusel/Carrusel/jquery.thumbnailScroller.css HTTP/1.1" 200 2066
200.57.119.44 - - [06/May/2017:08:17:50 -0500] "GET /galeria/carrusel/Carrusel/jquery-ui-1.8.13.custom.min.js HTTP/1.1" 200 10800
148.251.136.43 - - [06/May/2017:08:17:51 -0500] "GET /BLA/resoluciones/index.php?dir=AUTOS+2006/AUTOS+2006+101-200/ HTTP/1.1" 200 21758
200.57.119.44 - - [06/May/2017:08:17:56 -0500] "GET /galeria/carrusel/Carrusel/jquery.thumbnailScroller.js HTTP/1.1" 200 8157
148.251.136.43 - - [06/May/2017:08:17:57 -0500] "GET /BLA/resoluciones/index.php?dir=AUTOS+2006/AUTOS+2006+1201-1300/ HTTP/1.1" 200 22013
148.251.136.43 - - [06/May/2017:08:18:13 -0500] "GET /BLA/resoluciones/index.php?dir=AUTOS+2006/AUTOS+2006+1301-1400/ HTTP/1.1" 200 22002
190.27.210.177 - - [06/May/2017:08:18:15 -0500] "GET /ecodirectorio/files/res/downloads/download_0052.pdf HTTP/1.1" 200 309337
190.27.210.177 - - [06/May/2017:08:18:15 -0500] "GET /favicon.ico HTTP/1.1" 200 7782
190.27.210.177 - - [06/May/2017:08:18:16 -0500] "GET /ecodirectorio/files/res/downloads/download_0052.pdf HTTP/1.1" 206 204609
148.251.136.43 - - [06/May/2017:08:18:18 -0500] "GET /BLA/resoluciones/index.php?dir=AUTOS+2006/AUTOS+2006+1601+-+1700/ HTTP/1.1" 200 22248
148.251.136.43 - - [06/May/2017:08:18:22 -0500] "GET /BLA/resoluciones/index.php?dir=AUTOS+2006/AUTOS+2006+1801-+1900/ HTTP/1.1" 200 22159
201.245.192.253 - - [06/May/2017:08:18:28 -0500] "GET /galeria/nivo-slider/demo/undefined HTTP/1.1" 404 1314
148.251.136.43 - - [06/May/2017:08:18:30 -0500] "GET /BLA/resoluciones/index.php?dir=AUTOS+2006/AUTOS+2006+1901+-+2000/ HTTP/1.1" 200 22186
200.57.119.44 - - [06/May/2017:08:18:31 -0500] "GET /galeria/nivo-slider/demo/demo.html HTTP/1.1" 200 3849
200.57.119.44 - - [06/May/2017:08:18:31 -0500] "GET /galeria/nivo-slider/themes/default/default.css HTTP/1.1" 200 1569
200.57.119.44 - - [06/May/2017:08:18:32 -0500] "GET /galeria/nivo-slider/themes/pascal/pascal.css HTTP/1.1" 200 2258
200.57.119.44 - - [06/May/2017:08:18:32 -0500] "GET /galeria/nivo-slider/demo/scripts/jquery-1.7.1.min.js HTTP/1.1" 200 93868
200.57.119.44 - - [06/May/2017:08:18:32 -0500] "GET /galeria/nivo-slider/themes/orman/orman.css HTTP/1.1" 200 2152
200.57.119.44 - - [06/May/2017:08:18:32 -0500] "GET /galeria/nivo-slider/nivo-slider.css HTTP/1.1" 200 1507
200.57.119.44 - - [06/May/2017:08:18:32 -0500] "GET /galeria/nivo-slider/demo/style.css HTTP/1.1" 200 2222
200.57.119.44 - - [06/May/2017:08:18:32 -0500] "GET /galeria/nivo-slider/demo/images/BANNERRECICLATON2017.jpg HTTP/1.1" 200 244103
200.57.119.44 - - [06/May/2017:08:18:32 -0500] "GET /galeria/nivo-slider/demo/images/bannerconvocatria3.jpg HTTP/1.1" 200 235024
200.57.119.44 - - [06/May/2017:08:18:32 -0500] "GET /galeria/nivo-slider/demo/images/banner%20web%20fiblibro.jpg HTTP/1.1" 200 102374
200.57.119.44 - - [06/May/2017:08:18:32 -0500] "GET /galeria/nivo-slider/demo/images/bannercampa%C3%B1acambiodesede.jpg HTTP/1.1" 200 134156
200.57.119.44 - - [06/May/2017:08:18:32 -0500] "GET /galeria/nivo-slider/demo/images/banner%20reportedearbolescaidos.jpg HTTP/1.1" 200 249999
200.57.119.44 - - [06/May/2017:08:18:33 -0500] "GET /galeria/nivo-slider/themes/default/loading.gif HTTP/1.1" 200 1737
200.57.119.44 - - [06/May/2017:08:18:33 -0500] "GET /galeria/nivo-slider/demo/images/4Simple_Slider.png HTTP/1.1" 200 11722
200.57.119.44 - - [06/May/2017:08:18:33 -0500] "GET /galeria/nivo-slider/demo/images/banenr%20web%20reto%20IEEE-01.jpg HTTP/1.1" 200 219648
200.57.119.44 - - [06/May/2017:08:18:34 -0500] "GET /galeria/nivo-slider/demo/images/BANNERCAMINATAS%20ECOLOGICAS%20MARZO.jpg HTTP/1.1" 200 266671
200.57.119.44 - - [06/May/2017:08:18:34 -0500] "GET /galeria/nivo-slider/jquery.nivo.slider.pack.js HTTP/1.1" 200 11561
200.57.119.44 - - [06/May/2017:08:18:35 -0500] "GET /galeria/nivo-slider/demo/images/banner%20aceite%20vegetal%20usado.jpg HTTP/1.1" 200 169350
200.57.119.44 - - [06/May/2017:08:18:35 -0500] "GET /galeria/nivo-slider/demo/images/bannerlumina2017web.jpg HTTP/1.1" 200 198918
200.57.119.44 - - [06/May/2017:08:18:35 -0500] "GET /galeria/nivo-slider/demo/images/BANNERRUTADEVERTIMIENTOS.jpg HTTP/1.1" 200 98506
200.57.119.44 - - [06/May/2017:08:18:36 -0500] "GET /galeria/nivo-slider/demo/images/bolsas-06.jpg HTTP/1.1" 200 210950
148.251.136.43 - - [06/May/2017:08:18:37 -0500] "GET /BLA/resoluciones/index.php?dir=AUTOS+2006/AUTOS+2006+2001+-+2100/ HTTP/1.1" 200 22199
181.254.106.221 - - [06/May/2017:08:18:38 -0500] "GET /BLA/boletinlegal/js/jquery.scrollShow.js HTTP/1.1" 200 4586
181.254.106.221 - - [06/May/2017:08:18:38 -0500] "GET /galeria/galeria/jquery.fancybox.js?v=2.1.5 HTTP/1.1" 200 48706
181.254.106.221 - - [06/May/2017:08:18:38 -0500] "GET /galeria/galeria/jquery.fancybox.css?v=2.1.5 HTTP/1.1" 200 4895
200.57.119.44 - - [06/May/2017:08:18:38 -0500] "GET /galeria/nivo-slider/themes/default/arrows.png HTTP/1.1" 200 824
200.57.119.44 - - [06/May/2017:08:18:38 -0500] "GET /galeria/nivo-slider/themes/default/bullets.png HTTP/1.1" 200 1281
181.254.106.221 - - [06/May/2017:08:18:43 -0500] "GET /BLA/boletinlegal/js/jquery.scrollShow.js HTTP/1.1" 304 -
181.254.106.221 - - [06/May/2017:08:18:43 -0500] "GET /galeria/galeria/jquery.fancybox.js?v=2.1.5 HTTP/1.1" 304 -
181.254.106.221 - - [06/May/2017:08:18:43 -0500] "GET /galeria/galeria/jquery.fancybox.css?v=2.1.5 HTTP/1.1" 304 -
148.251.136.43 - - [06/May/2017:08:18:45 -0500] "GET /BLA/resoluciones/index.php?dir=AUTOS+2006/AUTOS+2006+201-300/ HTTP/1.1" 200 21766
66.249.64.51 - - [06/May/2017:08:18:53 -0500] "GET /robots.txt HTTP/1.1" 404 1018
66.249.64.51 - - [06/May/2017:08:18:53 -0500] "GET /BLA/resoluciones/RESOLUCIONES%202007/RES%202007%20301%20AL%20400/RESOLUCION%200367%20DE%202007.pdf HTTP/1.1" 200 484792
148.251.136.43 - - [06/May/2017:08:18:53 -0500] "GET /BLA/resoluciones/index.php?dir=AUTOS+2006/AUTOS+2006+2101+-+2200/ HTTP/1.1" 200 22204
148.251.136.43 - - [06/May/2017:08:18:57 -0500] "GET /BLA/resoluciones/index.php?dir=AUTOS+2006/AUTOS+2006+2301+-+2400/ HTTP/1.1" 200 22197
148.251.136.43 - - [06/May/2017:08:19:03 -0500] "GET /BLA/resoluciones/index.php?dir=AUTOS+2006/AUTOS+2006+2401+-+2500/ HTTP/1.1" 200 22199
192.168.175.104 - - [06/May/2017:08:19:04 -0500] "GET / HTTP/1.1" 200 9990
148.251.136.43 - - [06/May/2017:08:19:09 -0500] "GET /BLA/resoluciones/index.php?dir=AUTOS+2006/AUTOS+2006+2601+-+2700/ HTTP/1.1" 200 22189
180.76.15.8 - - [06/May/2017:08:19:16 -0500] "GET /BLA/resoluciones/AUTOS%202014/1830.pdf HTTP/1.1" 200 471175
148.251.136.43 - - [06/May/2017:08:19:17 -0500] "GET /BLA/resoluciones/index.php?dir=AUTOS+2006/AUTOS+2006+2701+-+2800/ HTTP/1.1" 200 22410
180.76.15.16 - - [06/May/2017:08:19:19 -0500] "GET /BLA/resoluciones/AUTOS%202014/4196.pdf HTTP/1.1" 200 553340
180.76.15.20 - - [06/May/2017:08:19:20 -0500] "GET /BLA/resoluciones/RESOLUCIONES%202015/0178.pdf HTTP/1.1" 200 1361397
148.251.136.43 - - [06/May/2017:08:19:24 -0500] "GET /BLA/resoluciones/index.php?dir=AUTOS+2006/AUTOS+2006+2801+-+2900/ HTTP/1.1" 200 22229
148.251.136.43 - - [06/May/2017:08:19:32 -0500] "GET /BLA/resoluciones/index.php?dir=AUTOS+2006/AUTOS+2006+301-400/ HTTP/1.1" 200 21781
148.251.136.43 - - [06/May/2017:08:19:43 -0500] "GET /BLA/resoluciones/index.php?dir=AUTOS+2006/AUTOS+2006+3101+-+3200/ HTTP/1.1" 200 22189
148.251.136.43 - - [06/May/2017:08:19:50 -0500] "GET /BLA/resoluciones/index.php?dir=AUTOS+2006/AUTOS+2006+401-500/ HTTP/1.1" 200 21769
148.251.136.43 - - [06/May/2017:08:20:01 -0500] "GET /BLA/resoluciones/index.php?dir=AUTOS+2006/AUTOS+2006+501-600/ HTTP/1.1" 200 21780
201.245.192.253 - - [06/May/2017:08:20:08 -0500] "GET /galeria/nivo-slider/demo/undefined HTTP/1.1" 404 1314
148.251.136.43 - - [06/May/2017:08:20:11 -0500] "GET /BLA/resoluciones/index.php?dir=AUTOS+2006/AUTOS+2006+601-700/ HTTP/1.1" 200 21776
148.251.136.43 - - [06/May/2017:08:20:20 -0500] "GET /BLA/resoluciones/index.php?dir=AUTOS+2006/AUTOS+2006+901-1000/ HTTP/1.1" 200 21877
148.251.136.43 - - [06/May/2017:08:20:28 -0500] "GET /BLA/resoluciones/index.php?dir=Acuerdos/&sort=date&order=asc HTTP/1.1" 200 1818
148.251.136.43 - - [06/May/2017:08:20:33 -0500] "GET /BLA/resoluciones/index.php?dir=Notificaciones/&sort=date&order=asc HTTP/1.1" 200 5228
69.162.124.233 - - [06/May/2017:08:20:38 -0500] "HEAD / HTTP/1.1" 200 -
148.251.136.43 - - [06/May/2017:08:20:44 -0500] "GET /BLA/resoluciones/index.php?dir=Notificaciones/&sort=name&order=desc HTTP/1.1" 200 5227
131.161.11.206 - - [06/May/2017:08:20:52 -0500] "GET /BLA/resoluciones/RESOLUCIONES%202007/RES%202007%20301%20AL%20400/RESOLUCION%200372%20DE%202007.pdf HTTP/1.1" 200 301441
148.251.136.43 - - [06/May/2017:08:20:54 -0500] "GET /BLA/resoluciones/index.php?dir=Notificaciones/AUTOS+2012/ HTTP/1.1" 200 3092
192.168.175.104 - - [06/May/2017:08:20:56 -0500] "GET / HTTP/1.0" 200 9990
148.251.136.43 - - [06/May/2017:08:21:01 -0500] "GET /BLA/resoluciones/index.php?dir=Notificaciones/AUTOS+2014/ HTTP/1.1" 200 305918
190.217.57.114 - - [06/May/2017:08:21:02 -0500] "GET /BLA/boletinlegal/jurisprudencia/analisis/analisis%20C-595-2010.doc HTTP/1.1" 200 39424
148.251.136.43 - - [06/May/2017:08:21:10 -0500] "GET /BLA/resoluciones/index.php?dir=Notificaciones/AUTOS+2015/ HTTP/1.1" 200 100268
190.25.222.202 - - [06/May/2017:08:21:14 -0500] "GET /galeria/galeria/jquery.fancybox.css?v=2.1.5 HTTP/1.1" 200 4895
190.25.222.202 - - [06/May/2017:08:21:14 -0500] "GET /BLA/boletinlegal/js/jquery.scrollShow.js HTTP/1.1" 200 4586
190.25.222.202 - - [06/May/2017:08:21:14 -0500] "GET /galeria/carrusel/Carrusel/jquery.thumbnailScroller.css HTTP/1.1" 200 2066
190.25.222.202 - - [06/May/2017:08:21:15 -0500] "GET /galeria/galeria/jquery.fancybox.js?v=2.1.5 HTTP/1.1" 200 48706
190.25.222.202 - - [06/May/2017:08:21:15 -0500] "GET /galeria/carrusel/Carrusel/jquery-ui-1.8.13.custom.min.js HTTP/1.1" 200 10800
190.25.222.202 - - [06/May/2017:08:21:15 -0500] "GET /galeria/carrusel/Carrusel/jquery.thumbnailScroller.js HTTP/1.1" 200 8157
190.25.222.202 - - [06/May/2017:08:21:16 -0500] "GET /galeria/nivo-slider/demo/demo.html HTTP/1.1" 200 3849
190.25.222.202 - - [06/May/2017:08:21:17 -0500] "GET /galeria/nivo-slider/themes/orman/orman.css HTTP/1.1" 200 2152
190.25.222.202 - - [06/May/2017:08:21:17 -0500] "GET /galeria/nivo-slider/themes/pascal/pascal.css HTTP/1.1" 200 2258
190.25.222.202 - - [06/May/2017:08:21:17 -0500] "GET /galeria/nivo-slider/themes/default/default.css HTTP/1.1" 200 1569
190.25.222.202 - - [06/May/2017:08:21:17 -0500] "GET /galeria/nivo-slider/nivo-slider.css HTTP/1.1" 200 1507
190.25.222.202 - - [06/May/2017:08:21:17 -0500] "GET /galeria/nivo-slider/demo/style.css HTTP/1.1" 200 2222
190.25.222.202 - - [06/May/2017:08:21:17 -0500] "GET /galeria/nivo-slider/demo/scripts/jquery-1.7.1.min.js HTTP/1.1" 200 93868
190.25.222.202 - - [06/May/2017:08:21:17 -0500] "GET /galeria/nivo-slider/demo/images/BANNERRECICLATON2017.jpg HTTP/1.1" 200 244103
190.25.222.202 - - [06/May/2017:08:21:18 -0500] "GET /galeria/nivo-slider/themes/default/loading.gif HTTP/1.1" 200 1737
190.25.222.202 - - [06/May/2017:08:21:18 -0500] "GET /galeria/nivo-slider/demo/images/bannerconvocatria3.jpg HTTP/1.1" 200 235024
190.25.222.202 - - [06/May/2017:08:21:18 -0500] "GET /galeria/nivo-slider/demo/images/banner%20web%20fiblibro.jpg HTTP/1.1" 200 102374
190.25.222.202 - - [06/May/2017:08:21:18 -0500] "GET /galeria/nivo-slider/jquery.nivo.slider.pack.js HTTP/1.1" 200 11561
190.25.222.202 - - [06/May/2017:08:21:18 -0500] "GET /galeria/nivo-slider/demo/images/4Simple_Slider.png HTTP/1.1" 200 11722
190.25.222.202 - - [06/May/2017:08:21:18 -0500] "GET /galeria/nivo-slider/demo/images/bannercampa%C3%B1acambiodesede.jpg HTTP/1.1" 200 134156
190.25.222.202 - - [06/May/2017:08:21:18 -0500] "GET /galeria/nivo-slider/demo/images/banner%20reportedearbolescaidos.jpg HTTP/1.1" 200 249999
190.25.222.202 - - [06/May/2017:08:21:18 -0500] "GET /galeria/nivo-slider/demo/images/banenr%20web%20reto%20IEEE-01.jpg HTTP/1.1" 200 219648
190.25.222.202 - - [06/May/2017:08:21:18 -0500] "GET /galeria/nivo-slider/demo/images/BANNERCAMINATAS%20ECOLOGICAS%20MARZO.jpg HTTP/1.1" 200 266671
190.25.222.202 - - [06/May/2017:08:21:18 -0500] "GET /galeria/nivo-slider/demo/images/banner%20aceite%20vegetal%20usado.jpg HTTP/1.1" 200 169350
190.25.222.202 - - [06/May/2017:08:21:19 -0500] "GET /galeria/nivo-slider/demo/images/bannerlumina2017web.jpg HTTP/1.1" 200 198918
190.25.222.202 - - [06/May/2017:08:21:19 -0500] "GET /galeria/nivo-slider/demo/images/BANNERRUTADEVERTIMIENTOS.jpg HTTP/1.1" 200 98506
190.25.222.202 - - [06/May/2017:08:21:19 -0500] "GET /galeria/nivo-slider/demo/images/bolsas-06.jpg HTTP/1.1" 200 210950
148.251.136.43 - - [06/May/2017:08:21:20 -0500] "GET /BLA/resoluciones/index.php?dir=Notificaciones/AUTOS+2016/ HTTP/1.1" 200 16326
190.25.222.202 - - [06/May/2017:08:21:20 -0500] "GET /galeria/nivo-slider/themes/default/arrows.png HTTP/1.1" 200 824
190.25.222.202 - - [06/May/2017:08:21:20 -0500] "GET /galeria/nivo-slider/themes/default/bullets.png HTTP/1.1" 200 1281
186.31.66.115 - - [06/May/2017:08:21:25 -0500] "GET /galeria/nivo-slider/demo/demo.html HTTP/1.1" 200 3849
186.31.66.115 - - [06/May/2017:08:21:25 -0500] "GET /galeria/nivo-slider/demo/images/banner%20web%20fiblibro.jpg HTTP/1.1" 200 102374
148.251.136.43 - - [06/May/2017:08:21:25 -0500] "GET /BLA/resoluciones/index.php?dir=Notificaciones/REGISTROS+2014/ HTTP/1.1" 200 15754
186.31.66.115 - - [06/May/2017:08:21:27 -0500] "GET /galeria/nivo-slider/demo/images/BANNERRECICLATON2017.jpg HTTP/1.1" 304 -
186.31.66.115 - - [06/May/2017:08:21:27 -0500] "GET /galeria/nivo-slider/demo/images/bannerconvocatria3.jpg HTTP/1.1" 304 -
186.31.66.115 - - [06/May/2017:08:21:27 -0500] "GET /galeria/nivo-slider/demo/images/banenr%20web%20reto%20IEEE-01.jpg HTTP/1.1" 304 -
148.251.136.43 - - [06/May/2017:08:21:31 -0500] "GET /BLA/resoluciones/index.php?dir=Notificaciones/REGISTROS+2015/ HTTP/1.1" 200 19557
148.251.136.43 - - [06/May/2017:08:21:37 -0500] "GET /BLA/resoluciones/index.php?dir=Notificaciones/REGISTROS+2016/ HTTP/1.1" 200 2056
192.168.175.104 - - [06/May/2017:08:21:41 -0500] "GET / HTTP/1.1" 200 9990
148.251.136.43 - - [06/May/2017:08:21:44 -0500] "GET /BLA/resoluciones/index.php?dir=Notificaciones/RESOLUCIONES+2013/ HTTP/1.1" 200 2632
201.245.192.253 - - [06/May/2017:08:21:49 -0500] "GET /galeria/nivo-slider/demo/undefined HTTP/1.1" 404 1314
148.251.136.43 - - [06/May/2017:08:21:50 -0500] "GET /BLA/resoluciones/index.php?dir=Notificaciones/RESOLUCIONES+2015/ HTTP/1.1" 200 14018
148.251.136.43 - - [06/May/2017:08:21:56 -0500] "GET /BLA/resoluciones/index.php?dir=Notificaciones/RESOLUCIONES+2016/ HTTP/1.1" 200 12240
148.251.136.43 - - [06/May/2017:08:22:01 -0500] "GET /BLA/resoluciones/index.php?dir=RESOLUCIONES%202000/&sort=date&order=asc HTTP/1.1" 200 13662
148.251.136.43 - - [06/May/2017:08:22:13 -0500] "GET /BLA/resoluciones/index.php?dir=RESOLUCIONES%202000/&sort=name&order=desc HTTP/1.1" 200 13661
148.251.136.43 - - [06/May/2017:08:22:19 -0500] "GET /BLA/resoluciones/index.php?dir=RESOLUCIONES%202000/&sort=size&order=asc HTTP/1.1" 200 13662
148.251.136.43 - - [06/May/2017:08:22:30 -0500] "GET /BLA/resoluciones/index.php?dir=RESOLUCIONES%202002/&sort=date&order=asc HTTP/1.1" 200 11295
148.251.136.43 - - [06/May/2017:08:22:35 -0500] "GET /BLA/resoluciones/index.php?dir=RESOLUCIONES%202002/&sort=size&order=asc HTTP/1.1" 200 11295
66.249.88.4 - - [06/May/2017:08:22:36 -0500] "GET /galeria/galeria/jquery.fancybox.css?v=2.1.5 HTTP/1.1" 200 4895
66.249.88.4 - - [06/May/2017:08:22:36 -0500] "GET /BLA/boletinlegal/js/jquery.scrollShow.js HTTP/1.1" 200 4586
66.249.88.4 - - [06/May/2017:08:22:36 -0500] "GET /galeria/galeria/jquery.fancybox.js?v=2.1.5 HTTP/1.1" 200 48706
148.251.136.43 - - [06/May/2017:08:22:41 -0500] "GET /BLA/resoluciones/index.php?dir=RESOLUCIONES%202003/&sort=date&order=asc HTTP/1.1" 200 12286
148.251.136.43 - - [06/May/2017:08:22:46 -0500] "GET /BLA/resoluciones/index.php?dir=RESOLUCIONES%202003/&sort=name&order=desc HTTP/1.1" 200 12285
66.249.64.51 - - [06/May/2017:08:22:47 -0500] "GET /BLA/resoluciones/AUTOS%202013/0077.pdf HTTP/1.1" 304 -
148.251.136.43 - - [06/May/2017:08:22:50 -0500] "GET /BLA/resoluciones/index.php?dir=RESOLUCIONES%202004/&sort=name&order=desc HTTP/1.1" 200 12999
148.251.136.43 - - [06/May/2017:08:23:00 -0500] "GET /BLA/resoluciones/index.php?dir=RESOLUCIONES%202004/&sort=size&order=asc HTTP/1.1" 200 13000
148.251.136.43 - - [06/May/2017:08:23:08 -0500] "GET /BLA/resoluciones/index.php?dir=RESOLUCIONES%202005/&sort=size&order=asc HTTP/1.1" 200 24431
148.251.136.43 - - [06/May/2017:08:23:15 -0500] "GET /BLA/resoluciones/index.php?dir=RESOLUCIONES%202006/&sort=date&order=asc HTTP/1.1" 200 16103
148.251.136.43 - - [06/May/2017:08:23:23 -0500] "GET /BLA/resoluciones/index.php?dir=RESOLUCIONES%202006/&sort=size&order=asc HTTP/1.1" 200 16103
201.245.192.253 - - [06/May/2017:08:23:30 -0500] "GET /galeria/nivo-slider/demo/undefined HTTP/1.1" 404 1314
148.251.136.43 - - [06/May/2017:08:23:30 -0500] "GET /BLA/resoluciones/index.php?dir=RESOLUCIONES%202007/&sort=date&order=asc HTTP/1.1" 200 12504
148.251.136.43 - - [06/May/2017:08:23:36 -0500] "GET /BLA/resoluciones/index.php?dir=RESOLUCIONES%202007/&sort=name&order=desc HTTP/1.1" 200 12503
192.168.175.104 - - [06/May/2017:08:24:02 -0500] "GET / HTTP/1.1" 200 9990
216.218.206.69 - - [06/May/2017:08:24:04 -0500] "GET / HTTP/1.1" 200 9990
148.251.136.43 - - [06/May/2017:08:24:20 -0500] "GET /BLA/resoluciones/index.php?dir=RESOLUCIONES%202007/&sort=size&order=asc HTTP/1.1" 200 12504
148.251.136.43 - - [06/May/2017:08:24:25 -0500] "GET /BLA/resoluciones/index.php?dir=RESOLUCIONES%202008/&sort=date&order=asc HTTP/1.1" 200 976102
148.251.136.43 - - [06/May/2017:08:24:37 -0500] "GET /BLA/resoluciones/index.php?dir=RESOLUCIONES%202008/&sort=name&order=desc HTTP/1.1" 200 976101
66.249.64.55 - - [06/May/2017:08:24:45 -0500] "GET /BLA/resoluciones/RESOLUCIONES%202009/2056.pdf HTTP/1.1" 200 648429
148.251.136.43 - - [06/May/2017:08:24:48 -0500] "GET /BLA/resoluciones/index.php?dir=RESOLUCIONES%202008/&sort=size&order=asc HTTP/1.1" 200 976102
180.76.15.144 - - [06/May/2017:08:25:02 -0500] "GET / HTTP/1.1" 200 9990
181.49.73.226 - - [06/May/2017:08:25:07 -0500] "GET /galeria/galeria/jquery.fancybox.css?v=2.1.5 HTTP/1.1" 200 4895
181.49.73.226 - - [06/May/2017:08:25:07 -0500] "GET /BLA/boletinlegal/js/jquery.scrollShow.js HTTP/1.1" 200 4586
181.49.73.226 - - [06/May/2017:08:25:07 -0500] "GET /galeria/galeria/jquery.fancybox.js?v=2.1.5 HTTP/1.1" 200 48706
201.245.192.253 - - [06/May/2017:08:25:11 -0500] "GET /galeria/nivo-slider/demo/undefined HTTP/1.1" 404 1314
186.83.164.45 - - [06/May/2017:08:25:19 -0500] "GET /galeria/galeria/jquery.fancybox.css?v=2.1.5 HTTP/1.1" 200 4895
186.83.164.45 - - [06/May/2017:08:25:19 -0500] "GET /BLA/boletinlegal/js/jquery.scrollShow.js HTTP/1.1" 200 4586
186.83.164.45 - - [06/May/2017:08:25:19 -0500] "GET /galeria/galeria/jquery.fancybox.js?v=2.1.5 HTTP/1.1" 200 48706
186.83.164.45 - - [06/May/2017:08:25:21 -0500] "GET /galeria/galeria/jquery.fancybox.js?v=2.1.5 HTTP/1.1" 304 -
186.83.164.45 - - [06/May/2017:08:25:21 -0500] "GET /galeria/galeria/jquery.fancybox.css?v=2.1.5 HTTP/1.1" 304 -
186.83.164.45 - - [06/May/2017:08:25:21 -0500] "GET /BLA/boletinlegal/js/jquery.scrollShow.js HTTP/1.1" 304 -
66.249.83.217 - - [06/May/2017:08:25:27 -0500] "GET /BLA/resoluciones/RESOLUCIONES%202007/RES%202007%201401%20AL%201500/RESOLUCION%201401%20DE%202007.pdf HTTP/1.1" 200 257380
180.76.15.30 - - [06/May/2017:08:25:28 -0500] "GET / HTTP/1.1" 200 9990
69.162.124.233 - - [06/May/2017:08:25:38 -0500] "HEAD / HTTP/1.1" 200 -
192.168.175.104 - - [06/May/2017:08:25:54 -0500] "GET / HTTP/1.0" 200 9990
180.76.15.145 - - [06/May/2017:08:25:57 -0500] "GET /StormSDA/lib/?C=M;O=D HTTP/1.1" 200 6375
190.26.158.228 - - [06/May/2017:08:26:10 -0500] "GET /galeria/galeria/jquery.fancybox.css?v=2.1.5 HTTP/1.1" 200 4895
200.118.101.107 - - [06/May/2017:08:26:17 -0500] "GET /BLA/resoluciones/RESOLUCIONES%202008/4075.pdf HTTP/1.1" 200 269059
148.251.136.43 - - [06/May/2017:08:26:10 -0500] "GET /BLA/resoluciones/index.php?dir=RESOLUCIONES%202009/&sort=date&order=asc HTTP/1.1" 200 1672742
192.168.175.104 - - [06/May/2017:08:26:35 -0500] "GET / HTTP/1.1" 200 9990
148.251.136.43 - - [06/May/2017:08:26:33 -0500] "GET /BLA/resoluciones/index.php?dir=RESOLUCIONES%202009/&sort=name&order=desc HTTP/1.1" 200 1672741
201.245.192.253 - - [06/May/2017:08:26:51 -0500] "GET /galeria/nivo-slider/demo/undefined HTTP/1.1" 404 1314
190.242.99.210 - - [06/May/2017:08:26:57 -0500] "GET /galeria/galeria/jquery.fancybox.js?v=2.1.5 HTTP/1.1" 200 48706
190.242.99.210 - - [06/May/2017:08:26:57 -0500] "GET /BLA/boletinlegal/js/jquery.scrollShow.js HTTP/1.1" 200 4586
190.242.99.210 - - [06/May/2017:08:26:57 -0500] "GET /galeria/carrusel/Carrusel/jquery.thumbnailScroller.css HTTP/1.1" 200 2066
190.242.99.210 - - [06/May/2017:08:26:57 -0500] "GET /galeria/carrusel/Carrusel/jquery-ui-1.8.13.custom.min.js HTTP/1.1" 200 10800
190.242.99.210 - - [06/May/2017:08:26:57 -0500] "GET /galeria/carrusel/Carrusel/jquery.thumbnailScroller.js HTTP/1.1" 200 8157
190.242.99.210 - - [06/May/2017:08:27:00 -0500] "GET /galeria/galeria/jquery.fancybox.css?v=2.1.5 HTTP/1.1" 200 4895
190.242.99.210 - - [06/May/2017:08:27:00 -0500] "GET /galeria/nivo-slider/demo/demo.html HTTP/1.1" 200 3849
190.242.99.210 - - [06/May/2017:08:27:00 -0500] "GET /galeria/nivo-slider/themes/pascal/pascal.css HTTP/1.1" 200 2258
190.242.99.210 - - [06/May/2017:08:27:00 -0500] "GET /galeria/nivo-slider/themes/default/default.css HTTP/1.1" 200 1569
190.242.99.210 - - [06/May/2017:08:27:00 -0500] "GET /galeria/nivo-slider/themes/orman/orman.css HTTP/1.1" 200 2152
190.242.99.210 - - [06/May/2017:08:27:00 -0500] "GET /galeria/nivo-slider/nivo-slider.css HTTP/1.1" 200 1507
190.242.99.210 - - [06/May/2017:08:27:00 -0500] "GET /galeria/nivo-slider/demo/style.css HTTP/1.1" 200 2222
190.242.99.210 - - [06/May/2017:08:27:00 -0500] "GET /galeria/nivo-slider/demo/scripts/jquery-1.7.1.min.js HTTP/1.1" 200 93868
190.242.99.210 - - [06/May/2017:08:27:00 -0500] "GET /galeria/nivo-slider/demo/images/BANNERRECICLATON2017.jpg HTTP/1.1" 200 244103
190.242.99.210 - - [06/May/2017:08:27:00 -0500] "GET /galeria/nivo-slider/jquery.nivo.slider.pack.js HTTP/1.1" 200 11561
190.242.99.210 - - [06/May/2017:08:27:00 -0500] "GET /galeria/nivo-slider/demo/images/bannerconvocatria3.jpg HTTP/1.1" 200 235024
190.242.99.210 - - [06/May/2017:08:27:00 -0500] "GET /galeria/nivo-slider/demo/images/banner%20web%20fiblibro.jpg HTTP/1.1" 200 102374
190.242.99.210 - - [06/May/2017:08:27:00 -0500] "GET /galeria/nivo-slider/demo/images/bannercampa%C3%B1acambiodesede.jpg HTTP/1.1" 200 134156
190.242.99.210 - - [06/May/2017:08:27:00 -0500] "GET /galeria/nivo-slider/demo/images/banner%20reportedearbolescaidos.jpg HTTP/1.1" 200 249999
190.242.99.210 - - [06/May/2017:08:27:00 -0500] "GET /galeria/nivo-slider/themes/default/loading.gif HTTP/1.1" 200 1737
190.242.99.210 - - [06/May/2017:08:27:00 -0500] "GET /galeria/nivo-slider/demo/images/4Simple_Slider.png HTTP/1.1" 200 11722
190.242.99.210 - - [06/May/2017:08:27:01 -0500] "GET /galeria/nivo-slider/demo/images/banenr%20web%20reto%20IEEE-01.jpg HTTP/1.1" 200 219648
190.242.99.210 - - [06/May/2017:08:27:01 -0500] "GET /galeria/nivo-slider/demo/images/BANNERCAMINATAS%20ECOLOGICAS%20MARZO.jpg HTTP/1.1" 200 266671
190.242.99.210 - - [06/May/2017:08:27:02 -0500] "GET /galeria/nivo-slider/demo/images/banner%20aceite%20vegetal%20usado.jpg HTTP/1.1" 200 169350
190.242.99.210 - - [06/May/2017:08:27:02 -0500] "GET /galeria/nivo-slider/demo/images/bannerlumina2017web.jpg HTTP/1.1" 200 198918
190.242.99.210 - - [06/May/2017:08:27:02 -0500] "GET /galeria/nivo-slider/demo/images/BANNERRUTADEVERTIMIENTOS.jpg HTTP/1.1" 200 98506
190.242.99.210 - - [06/May/2017:08:27:02 -0500] "GET /galeria/nivo-slider/demo/images/bolsas-06.jpg HTTP/1.1" 200 210950
190.242.99.210 - - [06/May/2017:08:27:03 -0500] "GET /galeria/nivo-slider/themes/default/arrows.png HTTP/1.1" 200 824
190.242.99.210 - - [06/May/2017:08:27:03 -0500] "GET /galeria/nivo-slider/themes/default/bullets.png HTTP/1.1" 200 1281
148.251.136.43 - - [06/May/2017:08:26:55 -0500] "GET /BLA/resoluciones/index.php?dir=RESOLUCIONES%202009/&sort=size&order=asc HTTP/1.1" 200 1672742
148.251.136.43 - - [06/May/2017:08:27:20 -0500] "GET /BLA/resoluciones/index.php?dir=RESOLUCIONES%202010/&sort=date&order=asc HTTP/1.1" 200 1289179
148.251.136.43 - - [06/May/2017:08:27:52 -0500] "GET /robots.txt HTTP/1.1" 404 1018
148.251.136.43 - - [06/May/2017:08:27:53 -0500] "GET /BLA/resoluciones/index.php?dir=RESOLUCIONES%202011/&sort=date&order=asc HTTP/1.1" 200 684868
148.251.136.43 - - [06/May/2017:08:28:00 -0500] "GET /BLA/resoluciones/index.php?dir=RESOLUCIONES%202012/&sort=date&order=asc HTTP/1.1" 200 134793
148.251.136.43 - - [06/May/2017:08:28:07 -0500] "GET /BLA/resoluciones/index.php?dir=RESOLUCIONES%202016/&sort=name&order=desc HTTP/1.1" 200 80139
148.251.136.43 - - [06/May/2017:08:28:14 -0500] "GET /BLA/resoluciones/index.php?dir=RESOLUCIONES%202016/&sort=size&order=asc HTTP/1.1" 200 80140
