186.30.5.125 - - [06/May/2017:02:37:52 -0500] "GET /galeria/carrusel/Carrusel/jquery.thumbnailScroller.css HTTP/1.1" 200 2066
186.30.5.125 - - [06/May/2017:02:37:52 -0500] "GET /BLA/boletinlegal/js/jquery.scrollShow.js HTTP/1.1" 200 4586
186.30.5.125 - - [06/May/2017:02:37:52 -0500] "GET /galeria/galeria/jquery.fancybox.js?v=2.1.5 HTTP/1.1" 200 48706
186.30.5.125 - - [06/May/2017:02:37:53 -0500] "GET /galeria/carrusel/Carrusel/jquery-ui-1.8.13.custom.min.js HTTP/1.1" 200 10800
186.30.5.125 - - [06/May/2017:02:37:53 -0500] "GET /galeria/carrusel/Carrusel/jquery.thumbnailScroller.js HTTP/1.1" 200 8157
186.30.5.125 - - [06/May/2017:02:37:53 -0500] "GET /galeria/nivo-slider/demo/demo.html HTTP/1.1" 200 3849
186.30.5.125 - - [06/May/2017:02:37:54 -0500] "GET /galeria/nivo-slider/themes/default/default.css HTTP/1.1" 200 1569
186.30.5.125 - - [06/May/2017:02:37:54 -0500] "GET /galeria/nivo-slider/themes/pascal/pascal.css HTTP/1.1" 200 2258
186.30.5.125 - - [06/May/2017:02:37:54 -0500] "GET /galeria/nivo-slider/nivo-slider.css HTTP/1.1" 200 1507
186.30.5.125 - - [06/May/2017:02:37:54 -0500] "GET /galeria/nivo-slider/themes/orman/orman.css HTTP/1.1" 200 2152
186.30.5.125 - - [06/May/2017:02:37:54 -0500] "GET /galeria/nivo-slider/demo/style.css HTTP/1.1" 200 2222
186.30.5.125 - - [06/May/2017:02:37:54 -0500] "GET /galeria/nivo-slider/demo/images/BANNERRECICLATON2017.jpg HTTP/1.1" 200 244103
186.30.5.125 - - [06/May/2017:02:37:54 -0500] "GET /galeria/nivo-slider/demo/scripts/jquery-1.7.1.min.js HTTP/1.1" 200 93868
186.30.5.125 - - [06/May/2017:02:37:54 -0500] "GET /galeria/nivo-slider/jquery.nivo.slider.pack.js HTTP/1.1" 200 11561
186.30.5.125 - - [06/May/2017:02:37:54 -0500] "GET /galeria/nivo-slider/demo/images/bannerconvocatria3.jpg HTTP/1.1" 200 235024
186.30.5.125 - - [06/May/2017:02:37:54 -0500] "GET /galeria/nivo-slider/themes/default/loading.gif HTTP/1.1" 200 1737
186.30.5.125 - - [06/May/2017:02:37:54 -0500] "GET /galeria/nivo-slider/demo/images/banner%20web%20fiblibro.jpg HTTP/1.1" 200 102374
186.30.5.125 - - [06/May/2017:02:37:55 -0500] "GET /galeria/nivo-slider/demo/images/4Simple_Slider.png HTTP/1.1" 200 11722
186.30.5.125 - - [06/May/2017:02:37:55 -0500] "GET /galeria/nivo-slider/demo/images/bannercampa%C3%B1acambiodesede.jpg HTTP/1.1" 200 134156
186.30.5.125 - - [06/May/2017:02:37:55 -0500] "GET /galeria/nivo-slider/demo/images/banner%20reportedearbolescaidos.jpg HTTP/1.1" 200 249999
186.30.5.125 - - [06/May/2017:02:37:56 -0500] "GET /galeria/nivo-slider/demo/images/banenr%20web%20reto%20IEEE-01.jpg HTTP/1.1" 200 219648
186.30.5.125 - - [06/May/2017:02:37:56 -0500] "GET /galeria/nivo-slider/demo/images/BANNERCAMINATAS%20ECOLOGICAS%20MARZO.jpg HTTP/1.1" 200 266671
186.30.5.125 - - [06/May/2017:02:37:57 -0500] "GET /galeria/nivo-slider/demo/images/banner%20aceite%20vegetal%20usado.jpg HTTP/1.1" 200 169350
186.30.5.125 - - [06/May/2017:02:37:57 -0500] "GET /galeria/nivo-slider/demo/images/bannerlumina2017web.jpg HTTP/1.1" 200 198918
186.30.5.125 - - [06/May/2017:02:37:57 -0500] "GET /galeria/nivo-slider/demo/images/BANNERRUTADEVERTIMIENTOS.jpg HTTP/1.1" 200 98506
186.30.5.125 - - [06/May/2017:02:37:58 -0500] "GET /galeria/nivo-slider/demo/images/bolsas-06.jpg HTTP/1.1" 200 210950
192.168.175.104 - - [06/May/2017:02:37:58 -0500] "GET / HTTP/1.0" 200 9990
186.30.5.125 - - [06/May/2017:02:38:00 -0500] "GET /galeria/nivo-slider/themes/default/bullets.png HTTP/1.1" 200 1281
186.30.5.125 - - [06/May/2017:02:38:00 -0500] "GET /galeria/nivo-slider/themes/default/arrows.png HTTP/1.1" 200 824
186.30.5.125 - - [06/May/2017:02:38:27 -0500] "GET /galeria/galeria/jquery.fancybox.css?v=2.1.5 HTTP/1.1" 304 -
186.30.5.125 - - [06/May/2017:02:38:27 -0500] "GET /BLA/boletinlegal/js/jquery.scrollShow.js HTTP/1.1" 304 -
186.30.5.125 - - [06/May/2017:02:38:27 -0500] "GET /galeria/galeria/jquery.fancybox.js?v=2.1.5 HTTP/1.1" 304 -
192.168.175.104 - - [06/May/2017:02:38:39 -0500] "GET / HTTP/1.1" 200 9990
66.249.64.29 - - [06/May/2017:02:38:58 -0500] "GET /robots.txt HTTP/1.1" 404 1015
66.249.64.26 - - [06/May/2017:02:38:59 -0500] "GET /www.bogota.gov.co/sdqs HTTP/1.1" 404 1015
180.76.15.34 - - [06/May/2017:02:39:17 -0500] "GET /BLA/resoluciones/AUTOS%202014/4621.pdf HTTP/1.1" 200 531457
201.245.192.253 - - [06/May/2017:02:39:30 -0500] "GET /galeria/nivo-slider/demo/undefined HTTP/1.1" 404 1314
180.76.15.152 - - [06/May/2017:02:39:34 -0500] "GET /BLA/resoluciones/AUTOS%202012/2921.pdf HTTP/1.1" 200 218536
131.161.10.207 - - [06/May/2017:02:40:04 -0500] "GET /BLA/resoluciones/AUTOS%202011/6196.pdf HTTP/1.1" 200 613639
69.162.124.233 - - [06/May/2017:02:40:06 -0500] "HEAD / HTTP/1.1" 200 -
66.249.64.51 - - [06/May/2017:02:40:32 -0500] "GET /BLA/resoluciones/AUTOS%202008/2388.pdf HTTP/1.1" 200 121261
191.102.216.66 - - [06/May/2017:02:40:50 -0500] "GET /BLA/resoluciones/RESOLUCIONES%202013/0745.pdf HTTP/1.1" 200 3301376
191.102.216.66 - - [06/May/2017:02:40:50 -0500] "GET /favicon.ico HTTP/1.1" 200 7782
191.102.216.66 - - [06/May/2017:02:40:51 -0500] "GET /BLA/resoluciones/RESOLUCIONES%202013/0745.pdf HTTP/1.1" 206 3247630
192.168.175.104 - - [06/May/2017:02:41:08 -0500] "GET / HTTP/1.1" 200 9990
201.245.192.253 - - [06/May/2017:02:41:10 -0500] "GET /galeria/nivo-slider/demo/undefined HTTP/1.1" 404 1314
66.249.64.55 - - [06/May/2017:02:41:15 -0500] "GET /BLA/resoluciones/AUTOS%202008/1296.pdf HTTP/1.1" 200 133820
66.249.64.51 - - [06/May/2017:02:41:20 -0500] "GET /BLA/resoluciones/RESOLUCIONES%202010/2336.pdf HTTP/1.1" 200 536747
66.249.64.55 - - [06/May/2017:02:42:12 -0500] "GET /BLA/resoluciones/AUTOS%202008/2680.pdf HTTP/1.1" 200 115103
66.249.64.53 - - [06/May/2017:02:42:41 -0500] "GET /BLA/resoluciones/AUTOS%202008/2638.pdf HTTP/1.1" 200 88941
201.245.192.253 - - [06/May/2017:02:42:51 -0500] "GET /galeria/nivo-slider/demo/undefined HTTP/1.1" 404 1314
192.168.175.104 - - [06/May/2017:02:42:56 -0500] "GET / HTTP/1.0" 200 9990
51.255.65.93 - - [06/May/2017:02:43:18 -0500] "GET /BLA/resoluciones/RESOLUCIONES%202003/RES%202003%201901-1950/00001941.tif HTTP/1.1" 200 58988
192.168.175.104 - - [06/May/2017:02:43:38 -0500] "GET / HTTP/1.1" 200 9990
217.182.132.82 - - [06/May/2017:02:43:58 -0500] "GET /BLA/resoluciones/RESOLUCIONES%202004/RES%202004%201401-1450/00001404.tif HTTP/1.1" 200 273478
201.245.192.253 - - [06/May/2017:02:44:32 -0500] "GET /galeria/nivo-slider/demo/undefined HTTP/1.1" 404 1314
69.162.124.233 - - [06/May/2017:02:45:06 -0500] "HEAD / HTTP/1.1" 200 -
66.249.64.51 - - [06/May/2017:02:45:11 -0500] "GET /BLA/resoluciones/AUTOS%202008/2568.pdf HTTP/1.1" 200 162214
66.249.64.53 - - [06/May/2017:02:45:14 -0500] "GET /BLA/resoluciones/AUTOS%202008/0697.pdf HTTP/1.1" 200 91310
66.249.64.53 - - [06/May/2017:02:46:04 -0500] "GET /BLA/resoluciones/AUTOS%202015/1395.pdf HTTP/1.1" 304 -
192.168.175.104 - - [06/May/2017:02:46:05 -0500] "GET / HTTP/1.1" 200 9990
66.249.64.53 - - [06/May/2017:02:46:10 -0500] "GET /BLA/resoluciones/AUTOS%202013/1607.pdf HTTP/1.1" 200 140193
201.245.192.253 - - [06/May/2017:02:46:12 -0500] "GET /galeria/nivo-slider/demo/undefined HTTP/1.1" 404 1314
157.55.39.207 - - [06/May/2017:02:46:14 -0500] "GET /robots.txt HTTP/1.1" 301 334
157.55.39.207 - - [06/May/2017:02:46:14 -0500] "GET /robots.txt HTTP/1.1" 301 334
131.253.25.137 - - [06/May/2017:02:46:18 -0500] "GET /wp-content/uploads/2015/08/fotos1b.png HTTP/1.1" 301 362
131.253.25.137 - - [06/May/2017:02:46:18 -0500] "GET /wp-content/uploads/2015/08/banner2.png HTTP/1.1" 301 362
131.253.25.137 - - [06/May/2017:02:46:18 -0500] "GET /wp-content/uploads/2015/08/fotos2b.png HTTP/1.1" 301 362
131.253.25.137 - - [06/May/2017:02:46:18 -0500] "GET /wp-content/uploads/2015/08/fotos3b.png HTTP/1.1" 301 362
131.253.25.137 - - [06/May/2017:02:46:25 -0500] "GET /wp-content/uploads/2015/08/danos.png HTTP/1.1" 301 360
131.253.25.137 - - [06/May/2017:02:46:26 -0500] "GET /wp-content/uploads/2015/07/UNO.png HTTP/1.1" 301 358
131.253.25.137 - - [06/May/2017:02:46:28 -0500] "GET /wp-content/uploads/2015/07/DOS.png HTTP/1.1" 301 358
131.253.25.137 - - [06/May/2017:02:46:31 -0500] "GET /wp-content/uploads/2015/07/TERCER.png HTTP/1.1" 301 361
131.253.25.137 - - [06/May/2017:02:46:31 -0500] "GET /wp-content/uploads/2015/07/CUARTO.png HTTP/1.1" 301 361
217.182.132.155 - - [06/May/2017:02:46:53 -0500] "GET /BLA/resoluciones/RESOLUCIONES%202003/RES%202003%201701-1750/20031727.tif HTTP/1.1" 200 80038
51.255.65.4 - - [06/May/2017:02:47:44 -0500] "GET /BLA/resoluciones/RESOLUCIONES%202004/RES%202004%202151-2200/00002163.tif HTTP/1.1" 200 63872
201.245.192.253 - - [06/May/2017:02:47:53 -0500] "GET /galeria/nivo-slider/demo/undefined HTTP/1.1" 404 1314
192.168.175.104 - - [06/May/2017:02:47:54 -0500] "GET / HTTP/1.0" 200 9990
66.249.64.53 - - [06/May/2017:02:48:04 -0500] "GET /BLA/resoluciones/AUTOS%202008/0148.pdf HTTP/1.1" 200 152501
66.249.64.51 - - [06/May/2017:02:48:26 -0500] "GET /BLA/resoluciones/AUTOS%202013/3514.pdf HTTP/1.1" 200 326848
192.168.175.104 - - [06/May/2017:02:48:36 -0500] "GET / HTTP/1.1" 200 9990
66.249.64.55 - - [06/May/2017:02:48:38 -0500] "GET /BLA/resoluciones/AUTOS%202008/2695.pdf HTTP/1.1" 200 112668
66.249.64.53 - - [06/May/2017:02:48:53 -0500] "GET /BLA/resoluciones/AUTOS%202008/0725.pdf HTTP/1.1" 200 125255
180.76.15.155 - - [06/May/2017:02:49:16 -0500] "GET /BLA/resoluciones/AUTOS%202016/1562.pdf HTTP/1.1" 200 505898
180.76.15.148 - - [06/May/2017:02:49:33 -0500] "GET /BLA/resoluciones/RESOLUCIONES%202010/0633.pdf HTTP/1.1" 200 512976
201.245.192.253 - - [06/May/2017:02:49:34 -0500] "GET /galeria/nivo-slider/demo/undefined HTTP/1.1" 404 1314
69.162.124.233 - - [06/May/2017:02:50:06 -0500] "HEAD / HTTP/1.1" 200 -
66.249.64.51 - - [06/May/2017:02:50:49 -0500] "GET /BLA/resoluciones/RESOLUCIONES%202013/2765.pdf HTTP/1.1" 200 521268
194.187.170.128 - - [06/May/2017:02:50:51 -0500] "GET /robots.txt HTTP/1.0" 404 1019
194.187.170.128 - - [06/May/2017:02:50:51 -0500] "GET /dama/libreria/pdf/pigas/PIGA%20SEC/Resolucion%20370%20de%202005%20PIGA%20S.G.pdf HTTP/1.0" 404 1019
192.168.175.104 - - [06/May/2017:02:51:03 -0500] "GET / HTTP/1.1" 200 9990
201.245.192.253 - - [06/May/2017:02:51:14 -0500] "GET /galeria/nivo-slider/demo/undefined HTTP/1.1" 404 1314
192.168.175.104 - - [06/May/2017:02:52:53 -0500] "GET / HTTP/1.0" 200 9990
201.245.192.253 - - [06/May/2017:02:52:55 -0500] "GET /galeria/nivo-slider/demo/undefined HTTP/1.1" 404 1314
51.255.65.31 - - [06/May/2017:02:53:10 -0500] "GET /BLA/resoluciones/RESOLUCIONES%202002/RES%202002%20901-950/00000908.tif HTTP/1.1" 200 74110
192.168.175.104 - - [06/May/2017:02:53:34 -0500] "GET / HTTP/1.1" 200 9990
201.245.192.253 - - [06/May/2017:02:54:36 -0500] "GET /galeria/nivo-slider/demo/undefined HTTP/1.1" 404 1314
69.162.124.233 - - [06/May/2017:02:55:06 -0500] "HEAD / HTTP/1.1" 200 -
66.249.64.61 - - [06/May/2017:02:55:33 -0500] "GET /ecodirectorio/files/res/downloads/download_0052.pdf HTTP/1.1" 304 -
192.168.175.104 - - [06/May/2017:02:56:01 -0500] "GET / HTTP/1.1" 200 9990
201.245.192.253 - - [06/May/2017:02:56:16 -0500] "GET /galeria/nivo-slider/demo/undefined HTTP/1.1" 404 1314
192.168.175.104 - - [06/May/2017:02:57:52 -0500] "GET / HTTP/1.0" 200 9990
201.245.192.253 - - [06/May/2017:02:57:57 -0500] "GET /galeria/nivo-slider/demo/undefined HTTP/1.1" 404 1314
192.168.175.104 - - [06/May/2017:02:58:33 -0500] "GET / HTTP/1.1" 200 9990
66.249.64.51 - - [06/May/2017:02:58:37 -0500] "GET /BLA/resoluciones/AUTOS%202014/0807.pdf HTTP/1.1" 200 596911
180.76.15.140 - - [06/May/2017:02:59:19 -0500] "GET /BLA/resoluciones/AUTOS%202007/3549.pdf HTTP/1.1" 200 316424
201.245.192.253 - - [06/May/2017:02:59:38 -0500] "GET /galeria/nivo-slider/demo/undefined HTTP/1.1" 404 1314
131.161.8.196 - - [06/May/2017:03:00:04 -0500] "GET /BLA/resoluciones/RESOLUCIONES%202007/RES%202007%202401%20AL%202500/RESOLUCION%202428%20DE%202007.pdf HTTP/1.1" 200 353529
69.162.124.233 - - [06/May/2017:03:00:06 -0500] "HEAD / HTTP/1.1" 200 -
66.135.63.227 - - [06/May/2017:03:00:26 -0500] "GET /wp-admin/ HTTP/1.1" 404 1018
192.168.175.104 - - [06/May/2017:03:00:59 -0500] "GET / HTTP/1.1" 200 9990
201.245.192.253 - - [06/May/2017:03:01:19 -0500] "GET /galeria/nivo-slider/demo/undefined HTTP/1.1" 404 1314
193.70.95.180 - - [06/May/2017:03:02:04 -0500] "GET /id_rsa HTTP/1.1" 404 1019
193.70.95.180 - - [06/May/2017:03:02:05 -0500] "GET /.ssh/id_rsa HTTP/1.1" 404 1019
193.70.95.180 - - [06/May/2017:03:02:06 -0500] "GET /id_dsa HTTP/1.1" 404 1019
193.70.95.180 - - [06/May/2017:03:02:06 -0500] "GET /.ssh/id_dsa HTTP/1.1" 404 1019
217.182.132.87 - - [06/May/2017:03:02:18 -0500] "GET /BLA/resoluciones/RESOLUCIONES%202005/RES%202005%201051-1100/00001056.tif HTTP/1.1" 200 157148
66.249.64.53 - - [06/May/2017:03:02:39 -0500] "GET /BLA/resoluciones/RESOLUCIONES%202009/4747.pdf HTTP/1.1" 200 698409
192.168.175.104 - - [06/May/2017:03:02:50 -0500] "GET / HTTP/1.0" 200 9990
201.245.192.253 - - [06/May/2017:03:02:59 -0500] "GET /galeria/nivo-slider/demo/undefined HTTP/1.1" 404 1314
192.168.175.104 - - [06/May/2017:03:03:31 -0500] "GET / HTTP/1.1" 200 9990
217.182.132.78 - - [06/May/2017:03:03:46 -0500] "GET /BLA/resoluciones/RESOLUCIONES%202002/RES%202002%20901-950/00000949.tif HTTP/1.1" 200 70398
37.29.185.212 - - [06/May/2017:03:04:23 -0500] "GET /galeria/galeria/jquery.fancybox.css?v=2.1.5 HTTP/1.1" 200 4895
37.29.185.212 - - [06/May/2017:03:04:26 -0500] "GET /galeria/galeria/jquery.fancybox.js?v=2.1.5 HTTP/1.1" 200 48706
201.245.192.253 - - [06/May/2017:03:04:40 -0500] "GET /galeria/nivo-slider/demo/undefined HTTP/1.1" 404 1314
69.162.124.233 - - [06/May/2017:03:05:06 -0500] "HEAD / HTTP/1.1" 200 -
51.255.65.90 - - [06/May/2017:03:05:30 -0500] "GET /BLA/resoluciones/RESOLUCIONES%202006/RES%202006%20951-1000/00000996.tif HTTP/1.1" 200 115144
192.168.175.104 - - [06/May/2017:03:05:56 -0500] "GET / HTTP/1.1" 200 9990
201.245.192.253 - - [06/May/2017:03:06:21 -0500] "GET /galeria/nivo-slider/demo/undefined HTTP/1.1" 404 1314
66.249.64.51 - - [06/May/2017:03:07:23 -0500] "GET /BLA/resoluciones/RESOLUCIONES%202007/RES%202007%201101%20AL%201200/RESOLUCION%201191%20DE%202007.pdf HTTP/1.1" 200 1616210
192.168.175.104 - - [06/May/2017:03:07:49 -0500] "GET / HTTP/1.0" 200 9990
201.245.192.253 - - [06/May/2017:03:08:01 -0500] "GET /galeria/nivo-slider/demo/undefined HTTP/1.1" 404 1314
66.249.64.51 - - [06/May/2017:03:08:26 -0500] "GET /galeria/galeria/jquery.fancybox.css?v=2.1.5 HTTP/1.1" 200 4895
66.249.64.55 - - [06/May/2017:03:08:29 -0500] "GET /galeria/carrusel/Carrusel/jquery.thumbnailScroller.js HTTP/1.1" 200 8157
192.168.175.104 - - [06/May/2017:03:08:30 -0500] "GET / HTTP/1.1" 200 9990
66.249.64.51 - - [06/May/2017:03:08:32 -0500] "GET /galeria/carrusel/Carrusel/jquery.thumbnailScroller.css HTTP/1.1" 200 2066
66.249.64.51 - - [06/May/2017:03:08:35 -0500] "GET /galeria/galeria/jquery.fancybox.js?v=2.1.5 HTTP/1.1" 200 48706
66.249.64.51 - - [06/May/2017:03:08:38 -0500] "GET /galeria/carrusel/Carrusel/jquery-ui-1.8.13.custom.min.js HTTP/1.1" 200 10800
37.29.185.212 - - [06/May/2017:03:08:39 -0500] "GET /BLA/boletinlegal/js/jquery.scrollShow.js HTTP/1.1" 200 4586
66.249.64.51 - - [06/May/2017:03:08:42 -0500] "GET /BLA/boletinlegal/js/jquery.scrollShow.js HTTP/1.1" 200 4586
66.249.64.51 - - [06/May/2017:03:08:46 -0500] "GET /galeria/nivo-slider/demo/demo.html HTTP/1.1" 200 3849
66.249.64.51 - - [06/May/2017:03:08:50 -0500] "GET /galeria/nivo-slider/demo/scripts/jquery-1.7.1.min.js HTTP/1.1" 200 93868
66.249.64.51 - - [06/May/2017:03:08:53 -0500] "GET /galeria/nivo-slider/themes/orman/orman.css HTTP/1.1" 200 2152
66.249.64.51 - - [06/May/2017:03:08:57 -0500] "GET /galeria/nivo-slider/nivo-slider.css HTTP/1.1" 200 1507
66.249.64.51 - - [06/May/2017:03:09:01 -0500] "GET /galeria/nivo-slider/jquery.nivo.slider.pack.js HTTP/1.1" 200 11561
66.249.64.51 - - [06/May/2017:03:09:05 -0500] "GET /galeria/nivo-slider/themes/pascal/pascal.css HTTP/1.1" 200 2258
66.249.64.51 - - [06/May/2017:03:09:08 -0500] "GET /galeria/nivo-slider/themes/default/default.css HTTP/1.1" 200 1569
66.249.64.51 - - [06/May/2017:03:09:12 -0500] "GET /galeria/nivo-slider/demo/style.css HTTP/1.1" 200 2222
123.125.67.166 - - [06/May/2017:03:09:19 -0500] "GET /BLA/resoluciones/RESOLUCIONES%202011/1536.pdf HTTP/1.1" 200 75243
180.76.15.141 - - [06/May/2017:03:09:20 -0500] "GET /BLA/resoluciones/RESOLUCIONES%202016/0804.pdf HTTP/1.1" 200 632790
201.245.192.253 - - [06/May/2017:03:09:42 -0500] "GET /galeria/nivo-slider/demo/undefined HTTP/1.1" 404 1314
66.249.64.55 - - [06/May/2017:03:09:45 -0500] "GET /BLA/resoluciones/Notificaciones/AUTOS%202015/06518.doc HTTP/1.1" 200 99052
69.162.124.233 - - [06/May/2017:03:10:06 -0500] "HEAD / HTTP/1.1" 200 -
66.135.63.227 - - [06/May/2017:03:10:31 -0500] "GET /test/wp-admin/ HTTP/1.1" 404 1018
192.168.175.104 - - [06/May/2017:03:10:55 -0500] "GET / HTTP/1.1" 200 9990
201.245.192.253 - - [06/May/2017:03:11:23 -0500] "GET /galeria/nivo-slider/demo/undefined HTTP/1.1" 404 1314
66.249.64.55 - - [06/May/2017:03:12:07 -0500] "GET /BLA/resoluciones/Notificaciones/AUTOS%202015/06953.doc HTTP/1.1" 200 136372
217.182.132.186 - - [06/May/2017:03:12:19 -0500] "GET /BLA/resoluciones/RESOLUCIONES%202002/RES%202002%201201-1250/20021242.tif HTTP/1.1" 200 100914
192.168.175.104 - - [06/May/2017:03:12:47 -0500] "GET / HTTP/1.0" 200 9990
201.245.192.253 - - [06/May/2017:03:13:03 -0500] "GET /galeria/nivo-slider/demo/undefined HTTP/1.1" 404 1314
192.168.175.104 - - [06/May/2017:03:13:28 -0500] "GET / HTTP/1.1" 200 9990
66.249.64.29 - - [06/May/2017:03:14:30 -0500] "GET / HTTP/1.1" 200 9990
201.245.192.253 - - [06/May/2017:03:14:44 -0500] "GET /galeria/nivo-slider/demo/undefined HTTP/1.1" 404 1314
69.162.124.233 - - [06/May/2017:03:15:06 -0500] "HEAD / HTTP/1.1" 200 -
192.168.175.104 - - [06/May/2017:03:15:53 -0500] "GET / HTTP/1.1" 200 9990
51.255.65.5 - - [06/May/2017:03:16:17 -0500] "GET /BLA/resoluciones/RESOLUCIONES%202005/RES%202005%201551-1600/00001559.tif HTTP/1.1" 200 256952
201.245.192.253 - - [06/May/2017:03:16:25 -0500] "GET /galeria/nivo-slider/demo/undefined HTTP/1.1" 404 1314
66.249.64.59 - - [06/May/2017:03:16:52 -0500] "GET / HTTP/1.1" 200 9990
192.168.175.104 - - [06/May/2017:03:17:45 -0500] "GET / HTTP/1.0" 200 9990
201.245.192.253 - - [06/May/2017:03:18:05 -0500] "GET /galeria/nivo-slider/demo/undefined HTTP/1.1" 404 1314
192.168.175.104 - - [06/May/2017:03:18:26 -0500] "GET / HTTP/1.1" 200 9990
66.249.64.55 - - [06/May/2017:03:19:14 -0500] "GET /BLA/resoluciones/AUTOS%202015/5260.pdf HTTP/1.1" 200 666279
180.76.15.24 - - [06/May/2017:03:19:16 -0500] "GET /BLA/resoluciones/AUTOS%202013/0712.pdf HTTP/1.1" 200 2948114
123.125.71.40 - - [06/May/2017:03:19:21 -0500] "GET /BLA/resoluciones/RESOLUCIONES%202009/1833.pdf HTTP/1.1" 200 524840
201.245.192.253 - - [06/May/2017:03:19:46 -0500] "GET /galeria/nivo-slider/demo/undefined HTTP/1.1" 404 1314
66.135.63.227 - - [06/May/2017:03:19:59 -0500] "GET /wordpress/wp-admin/ HTTP/1.1" 404 1018
69.162.124.233 - - [06/May/2017:03:20:06 -0500] "HEAD / HTTP/1.1" 200 -
192.168.175.104 - - [06/May/2017:03:20:51 -0500] "GET / HTTP/1.1" 200 9990
201.245.192.253 - - [06/May/2017:03:21:27 -0500] "GET /galeria/nivo-slider/demo/undefined HTTP/1.1" 404 1314
37.29.185.212 - - [06/May/2017:03:22:14 -0500] "GET /BLA/boletinlegal/js/jquery.scrollShow.js HTTP/1.1" 200 4586
192.168.175.104 - - [06/May/2017:03:22:43 -0500] "GET / HTTP/1.0" 200 9990
212.83.174.55 - - [06/May/2017:03:22:55 -0500] "GET / HTTP/1.1" 200 9990
201.245.192.253 - - [06/May/2017:03:23:07 -0500] "GET /galeria/nivo-slider/demo/undefined HTTP/1.1" 404 1314
192.168.175.104 - - [06/May/2017:03:23:24 -0500] "GET / HTTP/1.1" 200 9990
51.255.71.110 - - [06/May/2017:03:23:39 -0500] "GET /BLA/resoluciones/RESOLUCIONES%202004/RES%202004%201301-1350/00001332.tif HTTP/1.1" 200 97948
51.255.65.29 - - [06/May/2017:03:23:42 -0500] "GET /BLA/resoluciones/RESOLUCIONES%202005/RES%202005%203051-3100/00003058.tif HTTP/1.1" 200 127842
66.249.64.55 - - [06/May/2017:03:23:58 -0500] "GET /Residuos/impresion/files/search/search21.xml HTTP/1.1" 200 9685
201.245.192.253 - - [06/May/2017:03:24:48 -0500] "GET /galeria/nivo-slider/demo/undefined HTTP/1.1" 404 1314
69.162.124.233 - - [06/May/2017:03:25:06 -0500] "HEAD / HTTP/1.1" 200 -
217.182.132.22 - - [06/May/2017:03:25:14 -0500] "GET /BLA/resoluciones/RESOLUCIONES%202003/RES%202003%201351-1400/20031398.tif HTTP/1.1" 200 265248
190.216.135.77 - - [06/May/2017:03:25:35 -0500] "GET /galeria/galeria/jquery.fancybox.css?v=2.1.5 HTTP/1.1" 200 4895
190.216.135.77 - - [06/May/2017:03:25:35 -0500] "GET /galeria/galeria/jquery.fancybox.js?v=2.1.5 HTTP/1.1" 200 48706
190.216.135.77 - - [06/May/2017:03:25:36 -0500] "GET /BLA/boletinlegal/js/jquery.scrollShow.js HTTP/1.1" 200 4586
190.216.135.77 - - [06/May/2017:03:25:36 -0500] "GET /galeria/galeria/jquery.fancybox.js?v=2.1.5 HTTP/1.1" 206 128
192.168.175.104 - - [06/May/2017:03:25:49 -0500] "GET / HTTP/1.1" 200 9990
190.216.135.77 - - [06/May/2017:03:25:55 -0500] "GET /BLA/boletinlegal/js/jquery.scrollShow.js HTTP/1.1" 304 -
190.216.135.77 - - [06/May/2017:03:25:55 -0500] "GET /galeria/galeria/jquery.fancybox.js?v=2.1.5 HTTP/1.1" 304 -
190.216.135.77 - - [06/May/2017:03:25:55 -0500] "GET /galeria/galeria/jquery.fancybox.css?v=2.1.5 HTTP/1.1" 304 -
217.182.132.188 - - [06/May/2017:03:26:20 -0500] "GET /BLA/resoluciones/RESOLUCIONES%202004/RES%202004%202251-2300/00002259.tif HTTP/1.1" 200 131194
201.245.192.253 - - [06/May/2017:03:26:29 -0500] "GET /galeria/nivo-slider/demo/undefined HTTP/1.1" 404 1314
194.87.238.17 - - [06/May/2017:03:27:16 -0500] "HEAD / HTTP/1.1" 200 -
195.133.145.199 - - [06/May/2017:03:27:16 -0500] "HEAD / HTTP/1.1" 200 -
195.133.48.150 - - [06/May/2017:03:27:17 -0500] "HEAD / HTTP/1.1" 200 -
195.133.147.74 - - [06/May/2017:03:27:17 -0500] "HEAD / HTTP/1.1" 200 -
195.133.147.89 - - [06/May/2017:03:27:20 -0500] "HEAD / HTTP/1.1" 200 -
192.168.175.104 - - [06/May/2017:03:27:41 -0500] "GET / HTTP/1.0" 200 9990
201.245.192.253 - - [06/May/2017:03:28:09 -0500] "GET /galeria/nivo-slider/demo/undefined HTTP/1.1" 404 1314
192.168.175.104 - - [06/May/2017:03:28:22 -0500] "GET / HTTP/1.1" 200 9990
66.135.63.227 - - [06/May/2017:03:29:33 -0500] "GET /blog/wp-admin/ HTTP/1.1" 404 1018
201.245.192.253 - - [06/May/2017:03:29:50 -0500] "GET /galeria/nivo-slider/demo/undefined HTTP/1.1" 404 1314
69.162.124.233 - - [06/May/2017:03:30:06 -0500] "HEAD / HTTP/1.1" 200 -
192.168.175.104 - - [06/May/2017:03:30:48 -0500] "GET / HTTP/1.1" 200 9990
141.0.12.188 - - [06/May/2017:03:30:54 -0500] "GET /BLA/boletinlegal/js/jquery.scrollShow.js HTTP/1.1" 200 4586
141.0.12.188 - - [06/May/2017:03:30:54 -0500] "GET /galeria/galeria/jquery.fancybox.js?v=2.1.5 HTTP/1.1" 200 48706
141.0.12.188 - - [06/May/2017:03:30:55 -0500] "GET /galeria/galeria/jquery.fancybox.css?v=2.1.5 HTTP/1.1" 200 4895
141.0.12.188 - - [06/May/2017:03:31:02 -0500] "GET /BLA/boletinlegal/js/jquery.scrollShow.js HTTP/1.1" 200 4586
141.0.12.188 - - [06/May/2017:03:31:02 -0500] "GET /galeria/galeria/jquery.fancybox.js?v=2.1.5 HTTP/1.1" 200 48706
141.0.12.188 - - [06/May/2017:03:31:02 -0500] "GET /galeria/galeria/jquery.fancybox.css?v=2.1.5 HTTP/1.1" 200 4895
66.249.64.53 - - [06/May/2017:03:31:04 -0500] "GET /BLA/resoluciones/RESOLUCIONES%202012/1545.pdf HTTP/1.1" 304 -
201.245.192.253 - - [06/May/2017:03:31:31 -0500] "GET /galeria/nivo-slider/demo/undefined HTTP/1.1" 404 1314
104.198.156.191 - - [06/May/2017:03:31:34 -0500] "GET /galeria/galeria/jquery.fancybox.css?v=2.1.5 HTTP/1.1" 200 4895
104.198.156.191 - - [06/May/2017:03:31:34 -0500] "GET /galeria/carrusel/Carrusel/jquery.thumbnailScroller.css HTTP/1.1" 200 2066
104.198.156.191 - - [06/May/2017:03:31:34 -0500] "GET /BLA/boletinlegal/js/jquery.scrollShow.js HTTP/1.1" 200 4586
104.198.156.191 - - [06/May/2017:03:31:34 -0500] "GET /galeria/galeria/jquery.fancybox.js?v=2.1.5 HTTP/1.1" 200 48706
104.198.156.191 - - [06/May/2017:03:31:34 -0500] "GET /galeria/carrusel/Carrusel/jquery-ui-1.8.13.custom.min.js HTTP/1.1" 200 10800
104.198.156.191 - - [06/May/2017:03:31:35 -0500] "GET /galeria/carrusel/Carrusel/jquery.thumbnailScroller.js HTTP/1.1" 200 8157
104.198.156.191 - - [06/May/2017:03:31:47 -0500] "GET /galeria/nivo-slider/demo/demo.html HTTP/1.1" 200 3849
190.131.206.182 - - [06/May/2017:03:32:38 -0500] "GET /galeria/galeria/jquery.fancybox.css?v=2.1.5 HTTP/1.1" 200 4895
190.131.206.182 - - [06/May/2017:03:32:38 -0500] "GET /galeria/galeria/jquery.fancybox.js?v=2.1.5 HTTP/1.1" 200 48706
190.131.206.182 - - [06/May/2017:03:32:38 -0500] "GET /BLA/boletinlegal/js/jquery.scrollShow.js HTTP/1.1" 200 4586
192.168.175.104 - - [06/May/2017:03:32:39 -0500] "GET / HTTP/1.0" 200 9990
190.131.206.182 - - [06/May/2017:03:32:40 -0500] "GET /BLA/boletinlegal/js/jquery.scrollShow.js HTTP/1.1" 304 -
190.131.206.182 - - [06/May/2017:03:32:40 -0500] "GET /galeria/galeria/jquery.fancybox.js?v=2.1.5 HTTP/1.1" 304 -
190.131.206.182 - - [06/May/2017:03:32:40 -0500] "GET /galeria/galeria/jquery.fancybox.css?v=2.1.5 HTTP/1.1" 304 -
180.76.15.15 - - [06/May/2017:03:33:01 -0500] "GET / HTTP/1.1" 200 9990
201.245.192.253 - - [06/May/2017:03:33:11 -0500] "GET /galeria/nivo-slider/demo/undefined HTTP/1.1" 404 1314
192.168.175.104 - - [06/May/2017:03:33:21 -0500] "GET / HTTP/1.1" 200 9990
66.249.64.211 - - [06/May/2017:03:33:27 -0500] "GET /robots.txt HTTP/1.1" 302 312
66.249.64.211 - - [06/May/2017:03:33:27 -0500] "GET / HTTP/1.1" 302 302
74.208.16.87 - - [06/May/2017:03:33:40 -0500] "GET /wp-admin/ HTTP/1.1" 404 1018
180.76.15.160 - - [06/May/2017:03:33:46 -0500] "GET / HTTP/1.1" 200 9990
201.245.192.253 - - [06/May/2017:03:34:52 -0500] "GET /galeria/nivo-slider/demo/undefined HTTP/1.1" 404 1314
217.182.132.81 - - [06/May/2017:03:34:53 -0500] "GET /BLA/resoluciones/index.php?dir=RESOLUCIONES%202006/RES%202006%20901-950/&sort=date&order=asc HTTP/1.1" 200 12239
69.162.124.233 - - [06/May/2017:03:35:06 -0500] "HEAD / HTTP/1.1" 200 -
192.168.175.104 - - [06/May/2017:03:35:46 -0500] "GET / HTTP/1.1" 200 9990
66.249.64.51 - - [06/May/2017:03:35:48 -0500] "GET /BLA/resoluciones/AUTOS%202013/2491.pdf HTTP/1.1" 304 -
201.245.192.253 - - [06/May/2017:03:36:33 -0500] "GET /galeria/nivo-slider/demo/undefined HTTP/1.1" 404 1314
192.168.175.104 - - [06/May/2017:03:37:37 -0500] "GET / HTTP/1.0" 200 9990
201.245.192.253 - - [06/May/2017:03:38:13 -0500] "GET /galeria/nivo-slider/demo/undefined HTTP/1.1" 404 1314
69.162.124.233 - - [06/May/2017:03:38:16 -0500] "HEAD / HTTP/1.1" 200 -
192.168.175.104 - - [06/May/2017:03:38:20 -0500] "GET / HTTP/1.1" 200 9990
180.76.15.23 - - [06/May/2017:03:39:16 -0500] "GET /BLA/resoluciones/AUTOS%202015/0714.pdf HTTP/1.1" 200 292387
66.135.63.227 - - [06/May/2017:03:39:25 -0500] "GET /wp/wp-admin/ HTTP/1.1" 404 1018
180.76.15.12 - - [06/May/2017:03:39:32 -0500] "GET /BLA/resoluciones/RESOLUCIONES%202011/2608.pdf HTTP/1.1" 200 522507
201.245.192.253 - - [06/May/2017:03:39:54 -0500] "GET /galeria/nivo-slider/demo/undefined HTTP/1.1" 404 1314
192.168.175.104 - - [06/May/2017:03:40:44 -0500] "GET / HTTP/1.1" 200 9990
201.245.192.253 - - [06/May/2017:03:41:34 -0500] "GET /galeria/nivo-slider/demo/undefined HTTP/1.1" 404 1314
192.168.175.104 - - [06/May/2017:03:42:35 -0500] "GET / HTTP/1.0" 200 9990
66.249.64.24 - - [06/May/2017:03:42:55 -0500] "GET / HTTP/1.1" 200 9990
74.208.16.87 - - [06/May/2017:03:43:13 -0500] "GET /test/wp-admin/ HTTP/1.1" 404 1018
201.245.192.253 - - [06/May/2017:03:43:15 -0500] "GET /galeria/nivo-slider/demo/undefined HTTP/1.1" 404 1314
69.162.124.233 - - [06/May/2017:03:43:16 -0500] "HEAD / HTTP/1.1" 200 -
192.168.175.104 - - [06/May/2017:03:43:18 -0500] "GET / HTTP/1.1" 200 9990
137.74.207.119 - - [06/May/2017:03:44:31 -0500] "GET /BLA/resoluciones/RESOLUCIONES%202003/RES%202003%20851-900/857.tif HTTP/1.1" 200 129548
201.245.192.253 - - [06/May/2017:03:44:56 -0500] "GET /galeria/nivo-slider/demo/undefined HTTP/1.1" 404 1314
192.168.175.104 - - [06/May/2017:03:45:42 -0500] "GET / HTTP/1.1" 200 9990
201.245.192.253 - - [06/May/2017:03:46:37 -0500] "GET /galeria/nivo-slider/demo/undefined HTTP/1.1" 404 1314
164.132.161.11 - - [06/May/2017:03:47:14 -0500] "GET /BLA/resoluciones/RESOLUCIONES%202005/RES%202005%201351-1400/00001358.tif HTTP/1.1" 200 38562
148.244.42.174 - - [06/May/2017:03:47:21 -0500] "GET /galeria/galeria/jquery.fancybox.css?v=2.1.5 HTTP/1.1" 304 -
192.168.175.104 - - [06/May/2017:03:47:34 -0500] "GET / HTTP/1.0" 200 9990
192.168.175.104 - - [06/May/2017:03:48:16 -0500] "GET / HTTP/1.1" 200 9990
201.245.192.253 - - [06/May/2017:03:48:17 -0500] "GET /galeria/nivo-slider/demo/undefined HTTP/1.1" 404 1314
104.154.58.95 - - [06/May/2017:03:48:40 -0500] "GET /robots.txt HTTP/1.1" 404 1018
66.135.63.227 - - [06/May/2017:03:49:02 -0500] "GET /old/wp-admin/ HTTP/1.1" 404 1018
81.213.255.88 - - [06/May/2017:03:49:12 -0500] "GET /galeria/galeria/jquery.fancybox.css?v=2.1.5 HTTP/1.1" 200 4895
81.213.255.88 - - [06/May/2017:03:49:12 -0500] "GET /BLA/boletinlegal/js/jquery.scrollShow.js HTTP/1.1" 200 4586
81.213.255.88 - - [06/May/2017:03:49:12 -0500] "GET /galeria/galeria/jquery.fancybox.js?v=2.1.5 HTTP/1.1" 200 48706
180.76.15.13 - - [06/May/2017:03:49:19 -0500] "GET /BLA/resoluciones/AUTOS%202010/1429.pdf HTTP/1.1" 200 167214
81.213.255.88 - - [06/May/2017:03:49:25 -0500] "GET /BLA/boletinlegal/js/jquery.scrollShow.js HTTP/1.1" 304 -
81.213.255.88 - - [06/May/2017:03:49:25 -0500] "GET /galeria/galeria/jquery.fancybox.css?v=2.1.5 HTTP/1.1" 304 -
81.213.255.88 - - [06/May/2017:03:49:25 -0500] "GET /galeria/galeria/jquery.fancybox.js?v=2.1.5 HTTP/1.1" 304 -
201.245.192.253 - - [06/May/2017:03:49:58 -0500] "GET /galeria/nivo-slider/demo/undefined HTTP/1.1" 404 1314
157.55.39.184 - - [06/May/2017:03:50:09 -0500] "GET /POT-2013/Cartografia/19_Sistema%20de%20Acueducto_FEB.pdf HTTP/1.1" 200 4239798
192.168.175.104 - - [06/May/2017:03:50:40 -0500] "GET / HTTP/1.1" 200 9990
125.209.235.178 - - [06/May/2017:03:51:30 -0500] "GET /robots.txt HTTP/1.1" 404 1098
125.209.235.174 - - [06/May/2017:03:51:32 -0500] "GET /POT-2013/Cartografia/Anexo01_Sistema_Hidrico.pdf HTTP/1.1" 200 5860035
201.245.192.253 - - [06/May/2017:03:51:39 -0500] "GET /galeria/nivo-slider/demo/undefined HTTP/1.1" 404 1314
192.168.175.104 - - [06/May/2017:03:52:32 -0500] "GET / HTTP/1.0" 200 9990
74.208.16.87 - - [06/May/2017:03:52:48 -0500] "GET /wordpress/wp-admin/ HTTP/1.1" 404 1018
192.168.175.104 - - [06/May/2017:03:53:14 -0500] "GET / HTTP/1.1" 200 9990
201.245.192.253 - - [06/May/2017:03:53:19 -0500] "GET /galeria/nivo-slider/demo/undefined HTTP/1.1" 404 1314
66.249.64.51 - - [06/May/2017:03:54:45 -0500] "GET /BLA/resoluciones/RESOLUCIONES%202016/0101.pdf HTTP/1.1" 200 872347
51.255.65.26 - - [06/May/2017:03:54:54 -0500] "GET /BLA/resoluciones/RESOLUCIONES%202006/RES%202006%201551-1600/00001593.tif HTTP/1.1" 200 196672
201.245.192.253 - - [06/May/2017:03:55:00 -0500] "GET /galeria/nivo-slider/demo/undefined HTTP/1.1" 404 1314
192.168.175.104 - - [06/May/2017:03:55:38 -0500] "GET / HTTP/1.1" 200 9990
84.127.64.14 - - [06/May/2017:03:55:38 -0500] "GET /BLA/boletinlegal/jurisprudencia/analisis/Analisis%20jurisprudencial%20Sentencia%20C-366-11.doc HTTP/1.1" 200 59392
201.245.192.253 - - [06/May/2017:03:56:41 -0500] "GET /galeria/nivo-slider/demo/undefined HTTP/1.1" 404 1314
69.162.124.233 - - [06/May/2017:03:56:44 -0500] "HEAD / HTTP/1.1" 200 -
66.249.64.55 - - [06/May/2017:03:57:07 -0500] "GET /BLA/resoluciones/AUTOS%202014/5103.pdf HTTP/1.1" 304 -
37.187.157.108 - - [06/May/2017:03:57:19 -0500] "HEAD /BLA/resoluciones/RESOLUCIONES%202009/1938.pdf HTTP/1.1" 200 -
192.168.175.104 - - [06/May/2017:03:57:30 -0500] "GET / HTTP/1.0" 200 9990
192.168.175.104 - - [06/May/2017:03:58:13 -0500] "GET / HTTP/1.1" 200 9990
201.245.192.253 - - [06/May/2017:03:58:21 -0500] "GET /galeria/nivo-slider/demo/undefined HTTP/1.1" 404 1314
164.132.161.58 - - [06/May/2017:03:59:34 -0500] "GET /BLA/resoluciones/RESOLUCIONES%202005/RES%202005%201951-2000/00001981.tif HTTP/1.1" 200 88478
201.245.192.253 - - [06/May/2017:04:00:02 -0500] "GET /galeria/nivo-slider/demo/undefined HTTP/1.1" 404 1314
192.168.175.104 - - [06/May/2017:04:00:36 -0500] "GET / HTTP/1.1" 200 9990
201.245.192.253 - - [06/May/2017:04:01:43 -0500] "GET /galeria/nivo-slider/demo/undefined HTTP/1.1" 404 1314
69.162.124.233 - - [06/May/2017:04:01:44 -0500] "HEAD / HTTP/1.1" 200 -
66.249.64.53 - - [06/May/2017:04:01:51 -0500] "GET /BLA/resoluciones/RESOLUCIONES%202015/1168.pdf HTTP/1.1" 304 -
74.208.16.87 - - [06/May/2017:04:02:22 -0500] "GET /blog/wp-admin/ HTTP/1.1" 404 1018
192.168.175.104 - - [06/May/2017:04:02:28 -0500] "GET / HTTP/1.0" 200 9990
146.52.15.110 - - [06/May/2017:04:03:04 -0500] "GET /BLA/boletinlegal/js/jquery.scrollShow.js HTTP/1.1" 200 4586
146.52.15.110 - - [06/May/2017:04:03:04 -0500] "GET /galeria/galeria/jquery.fancybox.js?v=2.1.5 HTTP/1.1" 200 48706
146.52.15.110 - - [06/May/2017:04:03:04 -0500] "GET /galeria/galeria/jquery.fancybox.css?v=2.1.5 HTTP/1.1" 200 4895
192.168.175.104 - - [06/May/2017:04:03:11 -0500] "GET / HTTP/1.1" 200 9990
146.52.15.110 - - [06/May/2017:04:03:12 -0500] "GET /BLA/boletinlegal/js/jquery.scrollShow.js HTTP/1.1" 200 4586
146.52.15.110 - - [06/May/2017:04:03:12 -0500] "GET /galeria/galeria/jquery.fancybox.css?v=2.1.5 HTTP/1.1" 200 4895
146.52.15.110 - - [06/May/2017:04:03:12 -0500] "GET /galeria/galeria/jquery.fancybox.js?v=2.1.5 HTTP/1.1" 200 48706
201.245.192.253 - - [06/May/2017:04:03:23 -0500] "GET /galeria/nivo-slider/demo/undefined HTTP/1.1" 404 1314
201.245.192.253 - - [06/May/2017:04:05:04 -0500] "GET /galeria/nivo-slider/demo/undefined HTTP/1.1" 404 1314
186.144.38.148 - - [06/May/2017:04:05:29 -0500] "GET /BLA/resoluciones/AUTOS%202010/2285.pdf HTTP/1.1" 200 308181
186.144.38.148 - - [06/May/2017:04:05:30 -0500] "GET /BLA/resoluciones/AUTOS%202010/2285.pdf HTTP/1.1" 206 65536
186.144.38.148 - - [06/May/2017:04:05:30 -0500] "GET /BLA/resoluciones/AUTOS%202010/2285.pdf HTTP/1.1" 206 46037
186.144.38.148 - - [06/May/2017:04:05:30 -0500] "GET /favicon.ico HTTP/1.1" 200 7782
192.168.175.104 - - [06/May/2017:04:05:35 -0500] "GET / HTTP/1.1" 200 9990
193.124.131.168 - - [06/May/2017:04:06:22 -0500] "HEAD / HTTP/1.1" 200 -
206.80.112.119 - - [06/May/2017:04:06:42 -0500] "GET /BLA/resoluciones/AUTOS+2007/1960.pdf HTTP/1.1" 404 1018
69.162.124.233 - - [06/May/2017:04:06:44 -0500] "HEAD / HTTP/1.1" 200 -
201.245.192.253 - - [06/May/2017:04:06:45 -0500] "GET /galeria/nivo-slider/demo/undefined HTTP/1.1" 404 1314
192.168.175.104 - - [06/May/2017:04:07:26 -0500] "GET / HTTP/1.0" 200 9990
51.255.65.18 - - [06/May/2017:04:08:01 -0500] "GET /BLA/resoluciones/RESOLUCIONES%202006/RES%202006%20151-200/00000175.tif HTTP/1.1" 200 260696
192.168.175.104 - - [06/May/2017:04:08:10 -0500] "GET / HTTP/1.1" 200 9990
201.245.192.253 - - [06/May/2017:04:08:25 -0500] "GET /galeria/nivo-slider/demo/undefined HTTP/1.1" 404 1314
66.249.64.29 - - [06/May/2017:04:10:00 -0500] "GET /videos/23demayo/mediaplayer.swf?width=300&height=220&file=.flv&image=.jpg HTTP/1.1" 200 39987
201.245.192.253 - - [06/May/2017:04:10:06 -0500] "GET /galeria/nivo-slider/demo/undefined HTTP/1.1" 404 1314
192.168.175.104 - - [06/May/2017:04:10:33 -0500] "GET / HTTP/1.1" 200 9990
40.77.178.80 - - [06/May/2017:04:10:52 -0500] "GET /POT-2013/Cartografia/06_Mitigacion_Remasa_V1_2013.pdf HTTP/1.1" 200 4362311
74.208.16.87 - - [06/May/2017:04:11:37 -0500] "GET /wp/wp-admin/ HTTP/1.1" 404 1018
207.46.13.150 - - [06/May/2017:04:11:41 -0500] "GET /SIG/Gesti%C3%B3n%20de%20Recursos%20F%C3%ADsicos/126PA04-PR39.pdf HTTP/1.1" 200 88408
69.162.124.233 - - [06/May/2017:04:11:43 -0500] "HEAD / HTTP/1.1" 200 -
201.245.192.253 - - [06/May/2017:04:11:47 -0500] "GET /galeria/nivo-slider/demo/undefined HTTP/1.1" 404 1314
192.168.175.104 - - [06/May/2017:04:12:25 -0500] "GET / HTTP/1.0" 200 9990
192.168.175.104 - - [06/May/2017:04:13:08 -0500] "GET / HTTP/1.1" 200 9990
201.245.192.253 - - [06/May/2017:04:13:27 -0500] "GET /galeria/nivo-slider/demo/undefined HTTP/1.1" 404 1314
66.249.64.53 - - [06/May/2017:04:13:42 -0500] "GET /BLA/resoluciones/AUTOS%202015/0942.pdf HTTP/1.1" 304 -
201.245.58.99 - - [06/May/2017:04:14:23 -0500] "GET /galeria/galeria/jquery.fancybox.css?v=2.1.5 HTTP/1.1" 200 4895
201.245.58.99 - - [06/May/2017:04:14:23 -0500] "GET /BLA/boletinlegal/js/jquery.scrollShow.js HTTP/1.1" 200 4586
201.245.58.99 - - [06/May/2017:04:14:23 -0500] "GET /galeria/galeria/jquery.fancybox.js?v=2.1.5 HTTP/1.1" 200 48706
201.245.192.253 - - [06/May/2017:04:15:08 -0500] "GET /galeria/nivo-slider/demo/undefined HTTP/1.1" 404 1314
192.168.175.104 - - [06/May/2017:04:15:31 -0500] "GET / HTTP/1.1" 200 9990
66.249.64.53 - - [06/May/2017:04:16:04 -0500] "GET /BLA/resoluciones/RESOLUCIONES%202007/RES%202007%201301%20AL%201400/RESOLUCION%201366%20DE%202007.pdf HTTP/1.1" 200 248025
69.162.124.233 - - [06/May/2017:04:16:43 -0500] "HEAD / HTTP/1.1" 200 -
201.245.192.253 - - [06/May/2017:04:16:49 -0500] "GET /galeria/nivo-slider/demo/undefined HTTP/1.1" 404 1314
192.168.175.104 - - [06/May/2017:04:17:23 -0500] "GET / HTTP/1.0" 200 9990
192.168.175.104 - - [06/May/2017:04:18:06 -0500] "GET / HTTP/1.1" 200 9990
201.245.192.253 - - [06/May/2017:04:18:30 -0500] "GET /galeria/nivo-slider/demo/undefined HTTP/1.1" 404 1314
157.55.39.184 - - [06/May/2017:04:18:58 -0500] "GET /POT-2013/Cartografia/19_Sistema%20de%20Acueducto_FEB.pdf HTTP/1.1" 200 4239798
180.76.15.140 - - [06/May/2017:04:19:15 -0500] "GET /BLA/resoluciones/RESOLUCIONES%202010/5843.pdf HTTP/1.1" 200 911123
180.76.15.10 - - [06/May/2017:04:19:18 -0500] "GET /BLA/resoluciones/AUTOS%202016/1636.pdf HTTP/1.1" 200 460281
51.255.71.110 - - [06/May/2017:04:19:57 -0500] "GET /BLA/resoluciones/RESOLUCIONES%202003/RES%202003%201151-1200/1155.tif HTTP/1.1" 200 140284
180.76.15.27 - - [06/May/2017:04:19:57 -0500] "GET / HTTP/1.1" 200 9990
201.245.192.253 - - [06/May/2017:04:20:10 -0500] "GET /galeria/nivo-slider/demo/undefined HTTP/1.1" 404 1314
180.76.15.17 - - [06/May/2017:04:20:14 -0500] "GET / HTTP/1.1" 200 9990
217.182.132.59 - - [06/May/2017:04:20:28 -0500] "GET /BLA/resoluciones/RESOLUCIONES%202002/RES%202002%201151-1200/20021163.tif HTTP/1.1" 200 42096
192.168.175.104 - - [06/May/2017:04:20:29 -0500] "GET / HTTP/1.1" 200 9990
66.249.64.53 - - [06/May/2017:04:20:48 -0500] "GET /BLA/resoluciones/RESOLUCIONES%202007/RES%202007%20801%20AL%20900/RESOLUCION%200808%20DE%202007.pdf HTTP/1.1" 200 157096
74.208.16.87 - - [06/May/2017:04:21:18 -0500] "GET /old/wp-admin/ HTTP/1.1" 404 1018
51.255.71.115 - - [06/May/2017:04:21:41 -0500] "GET /BLA/resoluciones/RESOLUCIONES%202004/RES%202004%201351-1400/00001363.tif HTTP/1.1" 200 169970
69.162.124.233 - - [06/May/2017:04:21:43 -0500] "HEAD / HTTP/1.1" 200 -
181.55.147.250 - - [06/May/2017:04:21:47 -0500] "GET /BLA/resoluciones/RESOLUCIONES%202007/RES%202007%201501%20AL%201600/RESOLUCION%201543%20DE%202007.pdf HTTP/1.1" 200 656318
201.245.192.253 - - [06/May/2017:04:21:51 -0500] "GET /galeria/nivo-slider/demo/undefined HTTP/1.1" 404 1314
192.168.175.104 - - [06/May/2017:04:22:21 -0500] "GET / HTTP/1.0" 200 9990
192.168.175.104 - - [06/May/2017:04:23:04 -0500] "GET / HTTP/1.1" 200 9990
66.249.64.53 - - [06/May/2017:04:23:25 -0500] "GET /autoliquidacion/ HTTP/1.1" 200 6377
201.245.192.253 - - [06/May/2017:04:23:32 -0500] "GET /galeria/nivo-slider/demo/undefined HTTP/1.1" 404 1314
201.245.192.253 - - [06/May/2017:04:25:12 -0500] "GET /galeria/nivo-slider/demo/undefined HTTP/1.1" 404 1314
192.168.175.104 - - [06/May/2017:04:25:27 -0500] "GET / HTTP/1.1" 200 9990
186.29.134.165 - - [06/May/2017:04:25:38 -0500] "GET /galeria/galeria/jquery.fancybox.css?v=2.1.5 HTTP/1.1" 200 4895
186.29.134.165 - - [06/May/2017:04:25:38 -0500] "GET /BLA/boletinlegal/js/jquery.scrollShow.js HTTP/1.1" 200 4586
186.29.134.165 - - [06/May/2017:04:25:38 -0500] "GET /galeria/galeria/jquery.fancybox.js?v=2.1.5 HTTP/1.1" 200 48706
186.29.134.165 - - [06/May/2017:04:25:42 -0500] "GET /BLA/boletinlegal/js/jquery.scrollShow.js HTTP/1.1" 304 -
186.29.134.165 - - [06/May/2017:04:25:42 -0500] "GET /galeria/galeria/jquery.fancybox.js?v=2.1.5 HTTP/1.1" 304 -
186.29.134.165 - - [06/May/2017:04:25:42 -0500] "GET /galeria/galeria/jquery.fancybox.css?v=2.1.5 HTTP/1.1" 304 -
69.162.124.233 - - [06/May/2017:04:26:43 -0500] "HEAD / HTTP/1.1" 200 -
201.245.192.253 - - [06/May/2017:04:26:53 -0500] "GET /galeria/nivo-slider/demo/undefined HTTP/1.1" 404 1314
192.168.175.104 - - [06/May/2017:04:27:20 -0500] "GET / HTTP/1.0" 200 9990
192.168.175.104 - - [06/May/2017:04:28:02 -0500] "GET / HTTP/1.1" 200 9990
104.132.61.72 - - [06/May/2017:04:28:13 -0500] "GET /galeria/nivo-slider/demo/images/BANNERCAMINATAS%20ECOLOGICAS%20MARZO.jpg HTTP/1.1" 200 266671
104.132.61.72 - - [06/May/2017:04:28:16 -0500] "GET /galeria/nivo-slider/demo/images/BANNERCAMINATAS%20ECOLOGICAS%20MARZO.jpg HTTP/1.1" 200 266671
104.132.61.72 - - [06/May/2017:04:28:19 -0500] "GET /galeria/nivo-slider/demo/images/BANNERCAMINATAS%20ECOLOGICAS%20MARZO.jpg HTTP/1.1" 200 266671
201.245.192.253 - - [06/May/2017:04:28:34 -0500] "GET /galeria/nivo-slider/demo/undefined HTTP/1.1" 404 1314
104.132.61.72 - - [06/May/2017:04:28:33 -0500] "GET /galeria/nivo-slider/demo/images/BANNERCAMINATAS%20ECOLOGICAS%20MARZO.jpg HTTP/1.1" 200 266671
180.76.15.27 - - [06/May/2017:04:29:15 -0500] "GET /BLA/resoluciones/RESOLUCIONES%202007/RES%202007%203301%20AL%203400/RESOLUCION%203391%20DE%202007.pdf HTTP/1.1" 200 443841
180.76.15.34 - - [06/May/2017:04:29:15 -0500] "GET /BLA/resoluciones/AUTOS%202016/0510.pdf HTTP/1.1" 200 680940
180.76.15.161 - - [06/May/2017:04:29:34 -0500] "GET /BLA/resoluciones/RESOLUCIONES%202009/7136.pdf HTTP/1.1" 200 632304
186.47.228.113 - - [06/May/2017:04:29:37 -0500] "GET /galeria/galeria/jquery.fancybox.js?v=2.1.5 HTTP/1.1" 200 48706
186.47.228.113 - - [06/May/2017:04:29:37 -0500] "GET /BLA/boletinlegal/js/jquery.scrollShow.js HTTP/1.1" 200 4586
186.47.228.113 - - [06/May/2017:04:29:37 -0500] "GET /galeria/galeria/jquery.fancybox.js?v=2.1.5 HTTP/1.1" 206 128
186.47.228.113 - - [06/May/2017:04:29:38 -0500] "GET /galeria/galeria/jquery.fancybox.css?v=2.1.5 HTTP/1.1" 200 4895
186.47.228.113 - - [06/May/2017:04:29:46 -0500] "GET /BLA/boletinlegal/js/jquery.scrollShow.js HTTP/1.1" 304 -
186.47.228.113 - - [06/May/2017:04:29:46 -0500] "GET /galeria/galeria/jquery.fancybox.js?v=2.1.5 HTTP/1.1" 304 -
186.47.228.113 - - [06/May/2017:04:29:46 -0500] "GET /galeria/galeria/jquery.fancybox.css?v=2.1.5 HTTP/1.1" 304 -
84.79.109.10 - - [06/May/2017:04:30:03 -0500] "GET /galeria/galeria/jquery.fancybox.js?v=2.1.5 HTTP/1.1" 200 48706
84.79.109.10 - - [06/May/2017:04:30:03 -0500] "GET /BLA/boletinlegal/js/jquery.scrollShow.js HTTP/1.1" 200 4586
84.79.109.10 - - [06/May/2017:04:30:03 -0500] "GET /galeria/galeria/jquery.fancybox.css?v=2.1.5 HTTP/1.1" 200 4895
201.245.192.253 - - [06/May/2017:04:30:14 -0500] "GET /galeria/nivo-slider/demo/undefined HTTP/1.1" 404 1314
192.168.175.104 - - [06/May/2017:04:30:25 -0500] "GET / HTTP/1.1" 200 9990
51.255.65.65 - - [06/May/2017:04:30:26 -0500] "GET /BLA/resoluciones/AUTOS%202006/AUTOS%202006%202601%20-%202700/00002691.tif HTTP/1.1" 200 80818
84.79.109.10 - - [06/May/2017:04:30:26 -0500] "GET /BLA/boletinlegal/js/jquery.scrollShow.js HTTP/1.1" 200 4586
84.79.109.10 - - [06/May/2017:04:30:26 -0500] "GET /galeria/galeria/jquery.fancybox.js?v=2.1.5 HTTP/1.1" 200 48706
84.79.109.10 - - [06/May/2017:04:30:26 -0500] "GET /galeria/galeria/jquery.fancybox.css?v=2.1.5 HTTP/1.1" 200 4895
164.132.161.49 - - [06/May/2017:04:30:35 -0500] "GET /BLA/resoluciones/AUTOS%202006/AUTOS%202006%201001-1100/00001091.tif HTTP/1.1" 200 40474
157.55.39.184 - - [06/May/2017:04:30:31 -0500] "GET /bla/boletinlegal/actas/079-2013.pdf HTTP/1.1" 200 1500109
51.255.65.94 - - [06/May/2017:04:30:51 -0500] "GET /BLA/resoluciones/RESOLUCIONES%202005/RES%202005%201901-1950/00001925.tif HTTP/1.1" 200 133596
180.76.15.162 - - [06/May/2017:04:31:01 -0500] "GET /BLA/resoluciones/index.php?dir=AUTOS%202011/&sort=name&order=asc HTTP/1.1" 200 570157
69.162.124.233 - - [06/May/2017:04:31:43 -0500] "HEAD / HTTP/1.1" 200 -
201.245.192.253 - - [06/May/2017:04:31:55 -0500] "GET /galeria/nivo-slider/demo/undefined HTTP/1.1" 404 1314
217.182.132.182 - - [06/May/2017:04:32:00 -0500] "GET /BLA/resoluciones/RESOLUCIONES%202006/RES%202006%20501-550/00000540.tif HTTP/1.1" 200 36440
192.168.175.104 - - [06/May/2017:04:32:18 -0500] "GET / HTTP/1.0" 200 9990
84.127.64.14 - - [06/May/2017:04:32:24 -0500] "GET /BLA/boletinlegal/jurisprudencia/analisis/Analisis%20jurisprudencial%20Sentencia%20C-366-11.doc HTTP/1.1" 206 1
84.127.64.14 - - [06/May/2017:04:32:25 -0500] "GET /BLA/boletinlegal/jurisprudencia/analisis/Analisis%20jurisprudencial%20Sentencia%20C-366-11.doc HTTP/1.1" 206 43008
66.249.64.63 - - [06/May/2017:04:32:39 -0500] "GET /Anexos%20estudio%20Organizacional%20SDA/ANEXO%20No.%208%20-%20MATRICES%20DE%20REGISTRO%20Y%20DE%20SALIDA%20MEDICI%C3%93N%20CARGAS%20LABORALES%20SDA/2.%20Subsecretar%C3%ADa/Subsecretar%C3%ADa.xlsx HTTP/1.1" 200 127263
104.132.61.72 - - [06/May/2017:04:32:56 -0500] "GET /galeria/nivo-slider/demo/images/BANNERCAMINATAS%20ECOLOGICAS%20MARZO.jpg HTTP/1.1" 200 266671
192.168.175.104 - - [06/May/2017:04:33:00 -0500] "GET / HTTP/1.1" 200 9990
104.132.61.72 - - [06/May/2017:04:33:00 -0500] "GET /galeria/nivo-slider/demo/images/BANNERCAMINATAS%20ECOLOGICAS%20MARZO.jpg HTTP/1.1" 200 266671
201.245.192.253 - - [06/May/2017:04:33:36 -0500] "GET /galeria/nivo-slider/demo/undefined HTTP/1.1" 404 1314
194.87.234.246 - - [06/May/2017:04:34:24 -0500] "HEAD / HTTP/1.1" 200 -
66.249.64.51 - - [06/May/2017:04:35:01 -0500] "GET /BLA/resoluciones/Notificaciones/RESOLUCIONES%202015/02348.doc HTTP/1.1" 200 140025
201.245.192.253 - - [06/May/2017:04:35:17 -0500] "GET /galeria/nivo-slider/demo/undefined HTTP/1.1" 404 1314
192.168.175.104 - - [06/May/2017:04:35:23 -0500] "GET / HTTP/1.1" 200 9990
190.144.162.81 - - [06/May/2017:04:36:14 -0500] "GET /galeria/galeria/jquery.fancybox.css?v=2.1.5 HTTP/1.1" 304 -
190.144.162.81 - - [06/May/2017:04:36:14 -0500] "GET /galeria/galeria/jquery.fancybox.js?v=2.1.5 HTTP/1.1" 304 -
190.144.162.81 - - [06/May/2017:04:36:14 -0500] "GET /galeria/galeria/fotos/Humedal-la-conejera1P.jpg HTTP/1.1" 200 31504
190.144.162.81 - - [06/May/2017:04:36:14 -0500] "GET /galeria/galeria/fotos/Humedal-la-conejera3P.jpg HTTP/1.1" 200 31355
190.144.162.81 - - [06/May/2017:04:36:14 -0500] "GET /galeria/galeria/fotos/Humedal-la-conejera4P.jpg HTTP/1.1" 200 33365
190.144.162.81 - - [06/May/2017:04:36:14 -0500] "GET /galeria/galeria/fotos/Humedal-la-conejera5P.jpg HTTP/1.1" 200 32699
190.144.162.81 - - [06/May/2017:04:36:14 -0500] "GET /galeria/galeria/fotos/Humedal-la-conejera2P.jpg HTTP/1.1" 200 31007
190.144.162.81 - - [06/May/2017:04:36:14 -0500] "GET /BLA/boletinlegal/js/jquery.scrollShow.js HTTP/1.1" 304 -
69.162.124.233 - - [06/May/2017:04:36:43 -0500] "HEAD / HTTP/1.1" 200 -
201.245.192.253 - - [06/May/2017:04:36:57 -0500] "GET /galeria/nivo-slider/demo/undefined HTTP/1.1" 404 1314
51.255.65.13 - - [06/May/2017:04:37:16 -0500] "GET /BLA/resoluciones/RESOLUCIONES%202006/RES%202006%20901-950/00000926.tif HTTP/1.1" 200 62342
192.168.175.104 - - [06/May/2017:04:37:16 -0500] "GET / HTTP/1.0" 200 9990
157.55.39.143 - - [06/May/2017:04:37:42 -0500] "GET /POT-2013/memoria%20justificativa/ANEXOS_2,3,4.pdf HTTP/1.1" 200 617731
195.133.147.6 - - [06/May/2017:04:37:47 -0500] "HEAD / HTTP/1.1" 200 -
192.168.175.104 - - [06/May/2017:04:37:58 -0500] "GET / HTTP/1.1" 200 9990
201.245.192.253 - - [06/May/2017:04:38:38 -0500] "GET /galeria/nivo-slider/demo/undefined HTTP/1.1" 404 1314
180.76.15.16 - - [06/May/2017:04:39:18 -0500] "GET /BLA/resoluciones/AUTOS%202007/1213.pdf HTTP/1.1" 200 72593
180.76.15.137 - - [06/May/2017:04:39:18 -0500] "GET /BLA/resoluciones/AUTOS%202009/3583.pdf HTTP/1.1" 200 115261
66.249.64.41 - - [06/May/2017:04:39:45 -0500] "GET /portalsiaccapacitaciones/Soportes%20Capacitaciones%202016/0002.%20Presentaci%C3%B3n%20Residuos%20Peligrosos-%20SEGAE-SDA.pdf HTTP/1.1" 404 1019
201.245.192.253 - - [06/May/2017:04:40:19 -0500] "GET /galeria/nivo-slider/demo/undefined HTTP/1.1" 404 1314
192.168.175.104 - - [06/May/2017:04:40:21 -0500] "GET / HTTP/1.1" 200 9990
157.55.39.137 - - [06/May/2017:04:40:46 -0500] "GET /POT-2013/Cartografia/09_EEP.pdf HTTP/1.1" 200 3326963
69.162.124.233 - - [06/May/2017:04:41:43 -0500] "HEAD / HTTP/1.1" 200 -
201.245.192.253 - - [06/May/2017:04:41:59 -0500] "GET /galeria/nivo-slider/demo/undefined HTTP/1.1" 404 1314
66.249.64.53 - - [06/May/2017:04:42:07 -0500] "GET /autoliquidacion/Solicitudes%20relacionadas%20con%20calidad%20del%20aire%20auditiva%20y%20visual/Evaluaci%C3%B3n%20para%20Certificaci%C3%B3n%20en%20materia%20de%20Revisi%C3%B3n%20de%20Gases/lista%20de%20chequeo%20certificacion%20en%20materia%20de%20revision%20de%20gases.pdf HTTP/1.1" 404 1018
51.255.65.78 - - [06/May/2017:04:42:11 -0500] "GET /BLA/resoluciones/RESOLUCIONES%202005/RES%202005%202201-2250/00002231.tif HTTP/1.1" 200 151518
192.168.175.104 - - [06/May/2017:04:42:15 -0500] "GET / HTTP/1.0" 200 9990
192.168.175.104 - - [06/May/2017:04:42:56 -0500] "GET / HTTP/1.1" 200 9990
201.245.192.253 - - [06/May/2017:04:43:40 -0500] "GET /galeria/nivo-slider/demo/undefined HTTP/1.1" 404 1314
164.132.161.96 - - [06/May/2017:04:44:19 -0500] "GET /BLA/resoluciones/RESOLUCIONES%202006/RES%202006%202601-2650/00002604.tif HTTP/1.1" 200 67910
192.168.175.104 - - [06/May/2017:04:45:19 -0500] "GET / HTTP/1.1" 200 9990
201.245.192.253 - - [06/May/2017:04:45:21 -0500] "GET /galeria/nivo-slider/demo/undefined HTTP/1.1" 404 1314
69.162.124.233 - - [06/May/2017:04:46:43 -0500] "HEAD / HTTP/1.1" 200 -
201.245.192.253 - - [06/May/2017:04:47:01 -0500] "GET /galeria/nivo-slider/demo/undefined HTTP/1.1" 404 1314
192.168.175.104 - - [06/May/2017:04:47:13 -0500] "GET / HTTP/1.0" 200 9990
192.168.175.104 - - [06/May/2017:04:47:55 -0500] "GET / HTTP/1.1" 200 9990
35.184.189.105 - - [06/May/2017:04:48:05 -0500] "GET /robots.txt HTTP/1.1" 404 1018
