148.251.136.43 - - [06/May/2017:14:50:16 -0500] "GET /BLA/resoluciones/index.php?dir=AUTOS%202006/AUTOS%202006%201401%20-%201500/&sort=size&order=asc HTTP/1.1" 200 13545
201.245.192.253 - - [06/May/2017:14:50:20 -0500] "POST /isolucionsda/ListadoMaestroDocumentosExternos3.asp HTTP/1.1" 200 13086
148.251.136.43 - - [06/May/2017:14:50:22 -0500] "GET /BLA/resoluciones/index.php?dir=AUTOS%202006/AUTOS%202006%201501%20-%201600/&sort=date&order=asc HTTP/1.1" 200 22232
201.245.192.253 - - [06/May/2017:14:50:23 -0500] "GET /isolucionsda/FrameSetGeneral.asp?Pagina=Menu.asp&IdModulo=4 HTTP/1.1" 200 6583
201.245.192.253 - - [06/May/2017:14:50:23 -0500] "GET /isolucionsda/BarraTitulos.asp?Pagina=Menu.asp&IdModulo=4 HTTP/1.1" 200 6985
201.245.192.253 - - [06/May/2017:14:50:23 -0500] "GET /isolucionsda/Menu.asp?Pagina=Menu.asp&IdModulo=4 HTTP/1.1" 200 9695
201.245.192.253 - - [06/May/2017:14:50:23 -0500] "GET /isolucionsda/BarraFavoritos.asp HTTP/1.1" 200 911
201.245.192.253 - - [06/May/2017:14:50:23 -0500] "GET /isolucionsda/Encabezado.asp?Pagina=Menu.asp&IdModulo=4 HTTP/1.1" 200 15436
201.245.192.253 - - [06/May/2017:14:50:23 -0500] "GET /isolucionsda/Session.asp?Continue=1 HTTP/1.1" 200 6323
201.245.192.253 - - [06/May/2017:14:50:24 -0500] "GET /isolucionsda/FrameSetGeneral.asp?Pagina=ListadoMaestroDocumentos3.asp HTTP/1.1" 200 6634
201.245.192.253 - - [06/May/2017:14:50:25 -0500] "GET /isolucionsda/Encabezado.asp?Pagina=ListadoMaestroDocumentos3.asp HTTP/1.1" 200 15396
201.245.192.253 - - [06/May/2017:14:50:25 -0500] "GET /isolucionsda/BarraTitulos.asp?Pagina=ListadoMaestroDocumentos3.asp HTTP/1.1" 200 6985
201.245.192.253 - - [06/May/2017:14:50:25 -0500] "GET /isolucionsda/ListadoMaestroDocumentos3.asp?Pagina=ListadoMaestroDocumentos3.asp HTTP/1.1" 200 10583
201.245.192.253 - - [06/May/2017:14:50:25 -0500] "GET /isolucionsda/Session.asp?Continue=1 HTTP/1.1" 200 6323
201.245.192.253 - - [06/May/2017:14:50:25 -0500] "GET /isolucionsda/BarraFavoritos.asp HTTP/1.1" 200 911
148.251.136.43 - - [06/May/2017:14:50:28 -0500] "GET /BLA/resoluciones/index.php?dir=AUTOS%202006/AUTOS%202006%201501%20-%201600/&sort=size&order=asc HTTP/1.1" 200 22232
201.245.192.253 - - [06/May/2017:14:50:30 -0500] "POST /isolucionsda/ListadoMaestroDocumentos3.asp HTTP/1.1" 200 13339
201.245.192.253 - - [06/May/2017:14:50:42 -0500] "GET /isolucionsda/FramesetArticulo.asp?Pagina=bancoconocimiento%2FD%2FDevoluciondeexpedientes%5Fv8%2FDevoluciondeexpedientes%5Fv8%2Easp&IdArticulo=10857 HTTP/1.1" 200 7296
201.245.192.253 - - [06/May/2017:14:50:42 -0500] "GET /isolucionsda/Arriba.asp?Pagina=bancoconocimiento%2FD%2FDevoluciondeexpedientes%5Fv8%2FDevoluciondeexpedientes%5Fv8%2Easp&IdArticulo=10857 HTTP/1.1" 200 10552
201.245.192.253 - - [06/May/2017:14:50:42 -0500] "GET /isolucionsda/bancoconocimiento/D/Devoluciondeexpedientes_v8/Devoluciondeexpedientes_v8.asp?IdArticulo=10857 HTTP/1.1" 302 174
201.245.192.253 - - [06/May/2017:14:50:42 -0500] "GET /isolucionsda/bancoconocimiento/D/Devoluciondeexpedientes_v8/126pm04-pr53-f-3%20devolucion%20de%20expedientes0.xls HTTP/1.1" 200 696832
66.249.64.53 - - [06/May/2017:14:50:47 -0500] "GET /BLA/resoluciones/RESOLUCIONES%202009/7798.pdf HTTP/1.1" 304 -
201.245.192.253 - - [06/May/2017:14:50:48 -0500] "GET /isolucionsda/FrameSetGeneral.asp?Pagina=Menu.asp&IdModulo=4 HTTP/1.1" 200 6583
201.245.192.253 - - [06/May/2017:14:50:48 -0500] "GET /isolucionsda/Encabezado.asp?Pagina=Menu.asp&IdModulo=4 HTTP/1.1" 200 15436
201.245.192.253 - - [06/May/2017:14:50:48 -0500] "GET /isolucionsda/BarraTitulos.asp?Pagina=Menu.asp&IdModulo=4 HTTP/1.1" 200 6985
201.245.192.253 - - [06/May/2017:14:50:48 -0500] "GET /isolucionsda/BarraFavoritos.asp HTTP/1.1" 200 911
201.245.192.253 - - [06/May/2017:14:50:48 -0500] "GET /isolucionsda/Menu.asp?Pagina=Menu.asp&IdModulo=4 HTTP/1.1" 200 9695
201.245.192.253 - - [06/May/2017:14:50:48 -0500] "GET /isolucionsda/Session.asp?Continue=1 HTTP/1.1" 200 6323
201.245.192.253 - - [06/May/2017:14:50:51 -0500] "GET /isolucionsda/FrameSetGeneral.asp?Pagina=ListadoMaestroDocumentos3.asp HTTP/1.1" 200 6634
201.245.192.253 - - [06/May/2017:14:50:51 -0500] "GET /isolucionsda/Encabezado.asp?Pagina=ListadoMaestroDocumentos3.asp HTTP/1.1" 200 15396
201.245.192.253 - - [06/May/2017:14:50:51 -0500] "GET /isolucionsda/BarraTitulos.asp?Pagina=ListadoMaestroDocumentos3.asp HTTP/1.1" 200 6985
201.245.192.253 - - [06/May/2017:14:50:51 -0500] "GET /isolucionsda/BarraFavoritos.asp HTTP/1.1" 200 911
201.245.192.253 - - [06/May/2017:14:50:51 -0500] "GET /isolucionsda/ListadoMaestroDocumentos3.asp?Pagina=ListadoMaestroDocumentos3.asp HTTP/1.1" 200 10583
201.245.192.253 - - [06/May/2017:14:50:51 -0500] "GET /isolucionsda/Session.asp?Continue=1 HTTP/1.1" 200 6323
201.245.192.253 - - [06/May/2017:14:50:54 -0500] "POST /isolucionsda/ListadoMaestroDocumentos3.asp HTTP/1.1" 200 10595
201.245.192.253 - - [06/May/2017:14:51:07 -0500] "GET /galeria/nivo-slider/demo/undefined HTTP/1.1" 404 1314
201.245.192.253 - - [06/May/2017:14:51:10 -0500] "POST /isolucionsda/ListadoMaestroDocumentos3.asp HTTP/1.1" 200 10595
190.9.217.175 - - [06/May/2017:14:51:12 -0500] "GET /BLA/resoluciones/RESOLUCIONES%202011/5794.pdf HTTP/1.1" 200 495227
201.245.192.253 - - [06/May/2017:14:51:15 -0500] "POST /isolucionsda/ListadoMaestroDocumentos3.asp HTTP/1.1" 200 15390
181.130.236.0 - - [06/May/2017:14:51:16 -0500] "GET /galeria/nivo-slider/demo/images/banenr%20web%20reto%20IEEE-01.jpg HTTP/1.1" 304 -
148.251.136.43 - - [06/May/2017:14:51:24 -0500] "GET /BLA/resoluciones/index.php?dir=AUTOS%202006/AUTOS%202006%201601%20-%201700/&sort=date&order=asc HTTP/1.1" 200 22248
190.156.67.243 - - [06/May/2017:14:51:30 -0500] "GET /galeria/galeria/jquery.fancybox.css?v=2.1.5 HTTP/1.1" 200 4895
190.156.67.243 - - [06/May/2017:14:51:30 -0500] "GET /galeria/carrusel/Carrusel/jquery.thumbnailScroller.css HTTP/1.1" 200 2066
190.156.67.243 - - [06/May/2017:14:51:30 -0500] "GET /BLA/boletinlegal/js/jquery.scrollShow.js HTTP/1.1" 200 4586
190.156.67.243 - - [06/May/2017:14:51:30 -0500] "GET /galeria/galeria/jquery.fancybox.js?v=2.1.5 HTTP/1.1" 200 48706
190.156.67.243 - - [06/May/2017:14:51:31 -0500] "GET /galeria/carrusel/Carrusel/jquery-ui-1.8.13.custom.min.js HTTP/1.1" 200 10800
190.156.67.243 - - [06/May/2017:14:51:31 -0500] "GET /galeria/carrusel/Carrusel/jquery.thumbnailScroller.js HTTP/1.1" 200 8157
190.156.67.243 - - [06/May/2017:14:51:31 -0500] "GET /galeria/nivo-slider/demo/demo.html HTTP/1.1" 200 3849
190.156.67.243 - - [06/May/2017:14:51:31 -0500] "GET /galeria/nivo-slider/themes/default/default.css HTTP/1.1" 200 1569
190.156.67.243 - - [06/May/2017:14:51:31 -0500] "GET /galeria/nivo-slider/demo/images/BANNERRECICLATON2017.jpg HTTP/1.1" 200 244103
190.156.67.243 - - [06/May/2017:14:51:31 -0500] "GET /galeria/nivo-slider/themes/orman/orman.css HTTP/1.1" 200 2152
190.156.67.243 - - [06/May/2017:14:51:31 -0500] "GET /galeria/nivo-slider/themes/pascal/pascal.css HTTP/1.1" 200 2258
190.156.67.243 - - [06/May/2017:14:51:31 -0500] "GET /galeria/nivo-slider/nivo-slider.css HTTP/1.1" 200 1507
190.156.67.243 - - [06/May/2017:14:51:31 -0500] "GET /galeria/nivo-slider/demo/style.css HTTP/1.1" 200 2222
190.156.67.243 - - [06/May/2017:14:51:31 -0500] "GET /galeria/nivo-slider/demo/scripts/jquery-1.7.1.min.js HTTP/1.1" 200 93868
190.156.67.243 - - [06/May/2017:14:51:31 -0500] "GET /galeria/nivo-slider/jquery.nivo.slider.pack.js HTTP/1.1" 200 11561
190.156.67.243 - - [06/May/2017:14:51:31 -0500] "GET /galeria/nivo-slider/demo/images/bannerconvocatria3.jpg HTTP/1.1" 200 235024
190.156.67.243 - - [06/May/2017:14:51:31 -0500] "GET /galeria/nivo-slider/demo/images/banner%20web%20fiblibro.jpg HTTP/1.1" 200 102374
190.156.67.243 - - [06/May/2017:14:51:31 -0500] "GET /galeria/nivo-slider/demo/images/bannercampa%C3%B1acambiodesede.jpg HTTP/1.1" 200 134156
190.156.67.243 - - [06/May/2017:14:51:32 -0500] "GET /galeria/nivo-slider/themes/default/loading.gif HTTP/1.1" 200 1737
190.156.67.243 - - [06/May/2017:14:51:32 -0500] "GET /galeria/nivo-slider/demo/images/4Simple_Slider.png HTTP/1.1" 200 11722
190.156.67.243 - - [06/May/2017:14:51:32 -0500] "GET /galeria/nivo-slider/demo/images/banner%20reportedearbolescaidos.jpg HTTP/1.1" 200 249999
190.156.67.243 - - [06/May/2017:14:51:33 -0500] "GET /galeria/nivo-slider/demo/images/banenr%20web%20reto%20IEEE-01.jpg HTTP/1.1" 200 219648
190.156.67.243 - - [06/May/2017:14:51:33 -0500] "GET /galeria/nivo-slider/demo/images/BANNERCAMINATAS%20ECOLOGICAS%20MARZO.jpg HTTP/1.1" 200 266671
190.156.67.243 - - [06/May/2017:14:51:34 -0500] "GET /galeria/nivo-slider/demo/images/banner%20aceite%20vegetal%20usado.jpg HTTP/1.1" 200 169350
190.156.67.243 - - [06/May/2017:14:51:34 -0500] "GET /galeria/nivo-slider/demo/images/bannerlumina2017web.jpg HTTP/1.1" 200 198918
190.156.67.243 - - [06/May/2017:14:51:35 -0500] "GET /galeria/nivo-slider/demo/images/BANNERRUTADEVERTIMIENTOS.jpg HTTP/1.1" 200 98506
190.156.67.243 - - [06/May/2017:14:51:35 -0500] "GET /galeria/nivo-slider/demo/images/bolsas-06.jpg HTTP/1.1" 200 210950
148.251.136.43 - - [06/May/2017:14:51:35 -0500] "GET /BLA/resoluciones/index.php?dir=AUTOS%202006/AUTOS%202006%201601%20-%201700/&sort=name&order=desc HTTP/1.1" 200 22247
190.156.67.243 - - [06/May/2017:14:51:37 -0500] "GET /galeria/nivo-slider/themes/default/bullets.png HTTP/1.1" 200 1281
201.245.192.253 - - [06/May/2017:14:51:36 -0500] "POST /isolucionsda/ListadoMaestroDocumentos3.asp?Accion=Consultar&Mande=Buscar&paginaactual=2 HTTP/1.1" 200 10595
69.162.124.233 - - [06/May/2017:14:51:37 -0500] "HEAD / HTTP/1.1" 200 -
192.168.175.104 - - [06/May/2017:14:51:38 -0500] "GET / HTTP/1.1" 200 9990
190.156.67.243 - - [06/May/2017:14:51:41 -0500] "GET /galeria/nivo-slider/themes/default/arrows.png HTTP/1.1" 200 824
148.251.136.43 - - [06/May/2017:14:51:41 -0500] "GET /BLA/resoluciones/index.php?dir=AUTOS%202006/AUTOS%202006%201601%20-%201700/&sort=size&order=asc HTTP/1.1" 200 22248
201.245.192.253 - - [06/May/2017:14:51:45 -0500] "GET /isolucionsda/FrameSetGeneral.asp?Pagina=SucursalSeleccion.asp&CargaPagina=ModuloProcesos&IdModulo=3 HTTP/1.1" 200 6716
201.245.192.253 - - [06/May/2017:14:51:45 -0500] "GET /isolucionsda/Encabezado.asp?Pagina=SucursalSeleccion.asp&CargaPagina=ModuloProcesos&IdModulo=3 HTTP/1.1" 200 15406
201.245.192.253 - - [06/May/2017:14:51:45 -0500] "GET /isolucionsda/BarraFavoritos.asp HTTP/1.1" 200 911
201.245.192.253 - - [06/May/2017:14:51:45 -0500] "GET /isolucionsda/BarraTitulos.asp?Pagina=SucursalSeleccion.asp&CargaPagina=ModuloProcesos&IdModulo=3 HTTP/1.1" 200 6988
201.245.192.253 - - [06/May/2017:14:51:45 -0500] "GET /isolucionsda/SucursalSeleccion.asp?Pagina=SucursalSeleccion.asp&CargaPagina=ModuloProcesos&IdModulo=3 HTTP/1.1" 302 217
201.245.192.253 - - [06/May/2017:14:51:45 -0500] "GET /isolucionsda/Session.asp?Continue=1 HTTP/1.1" 200 6323
148.251.136.43 - - [06/May/2017:14:51:47 -0500] "GET /BLA/resoluciones/index.php?dir=AUTOS%202006/AUTOS%202006%201701%20-%201800/&sort=name&order=desc HTTP/1.1" 200 22246
207.46.13.58 - - [06/May/2017:14:51:49 -0500] "GET /SIG/Gesti%C3%B3n%20Talento%20Humano/126PA01-PR25.pdf HTTP/1.1" 200 54733
148.251.136.43 - - [06/May/2017:14:51:52 -0500] "GET /BLA/resoluciones/index.php?dir=AUTOS%202006/AUTOS%202006%201701%20-%201800/&sort=size&order=asc HTTP/1.1" 200 22247
148.251.136.43 - - [06/May/2017:14:51:59 -0500] "GET /BLA/resoluciones/index.php?dir=AUTOS%202006/AUTOS%202006%201901%20-%202000/&sort=size&order=asc HTTP/1.1" 200 22186
201.245.192.253 - - [06/May/2017:14:51:45 -0500] "GET /ISOlucionSDA/bancoconocimiento/m/mapadeprocesos__v4/mapadeprocesos__v4.asp HTTP/1.1" 200 -
148.251.136.43 - - [06/May/2017:14:52:04 -0500] "GET /BLA/resoluciones/index.php?dir=AUTOS%202006/AUTOS%202006%202001%20-%202100/&sort=name&order=desc HTTP/1.1" 200 22198
201.245.192.253 - - [06/May/2017:14:52:04 -0500] "GET /ISOlucionSDA/bancoconocimiento/m/mapadeprocesos__v4/mapadeprocesos__v4.asp HTTP/1.1" 200 35242
157.55.39.137 - - [06/May/2017:14:52:05 -0500] "GET /SIG/index.php?dir=Comunicaciones/&sort=name&order=desc HTTP/1.1" 200 2914
148.251.136.43 - - [06/May/2017:14:52:10 -0500] "GET /BLA/resoluciones/index.php?dir=AUTOS%202006/AUTOS%202006%202001%20-%202100/&sort=size&order=asc HTTP/1.1" 200 22199
148.251.136.43 - - [06/May/2017:14:52:16 -0500] "GET /BLA/resoluciones/index.php?dir=AUTOS%202006/AUTOS%202006%20201-300/&sort=date&order=asc HTTP/1.1" 200 21766
194.87.234.246 - - [06/May/2017:14:52:17 -0500] "HEAD / HTTP/1.1" 200 -
66.249.88.7 - - [06/May/2017:14:52:21 -0500] "GET /BLA/resoluciones/RESOLUCIONES%202007/RES%202007%20701%20AL%20800/RESOLUCION%200705%20DE%202007.pdf HTTP/1.1" 200 1060513
148.251.136.43 - - [06/May/2017:14:52:26 -0500] "GET /BLA/resoluciones/index.php?dir=AUTOS%202006/AUTOS%202006%20201-300/&sort=name&order=desc HTTP/1.1" 200 21765
181.130.236.0 - - [06/May/2017:14:52:32 -0500] "GET /galeria/nivo-slider/demo/images/bannerconvocatria3.jpg HTTP/1.1" 304 -
148.251.136.43 - - [06/May/2017:14:52:34 -0500] "GET /BLA/resoluciones/index.php?dir=AUTOS%202006/AUTOS%202006%202101%20-%202200/&sort=date&order=asc HTTP/1.1" 200 22204
152.202.21.252 - - [06/May/2017:14:52:41 -0500] "-" 408 -
148.251.136.43 - - [06/May/2017:14:52:41 -0500] "GET /BLA/resoluciones/index.php?dir=AUTOS%202006/AUTOS%202006%202101%20-%202200/&sort=name&order=desc HTTP/1.1" 200 22203
148.251.136.43 - - [06/May/2017:14:52:47 -0500] "GET /BLA/resoluciones/index.php?dir=AUTOS%202006/AUTOS%202006%202101%20-%202200/&sort=size&order=asc HTTP/1.1" 200 22204
201.245.192.253 - - [06/May/2017:14:52:48 -0500] "GET /galeria/nivo-slider/demo/undefined HTTP/1.1" 404 1314
181.130.236.0 - - [06/May/2017:14:52:53 -0500] "GET /galeria/nivo-slider/demo/images/BANNERRECICLATON2017.jpg HTTP/1.1" 304 -
148.251.136.43 - - [06/May/2017:14:53:00 -0500] "GET /BLA/resoluciones/index.php?dir=AUTOS%202006/AUTOS%202006%202301%20-%202400/&sort=name&order=desc HTTP/1.1" 200 22196
191.102.85.228 - - [06/May/2017:14:53:05 -0500] "GET /BLA/boletinlegal/js/jquery.scrollShow.js HTTP/1.1" 200 4586
191.102.85.228 - - [06/May/2017:14:53:05 -0500] "GET /galeria/galeria/jquery.fancybox.css?v=2.1.5 HTTP/1.1" 200 4895
191.102.85.228 - - [06/May/2017:14:53:05 -0500] "GET /galeria/galeria/jquery.fancybox.js?v=2.1.5 HTTP/1.1" 200 48706
148.251.136.43 - - [06/May/2017:14:53:06 -0500] "GET /BLA/resoluciones/index.php?dir=AUTOS%202006/AUTOS%202006%202401%20-%202500/&sort=date&order=asc HTTP/1.1" 200 22199
191.102.85.228 - - [06/May/2017:14:53:09 -0500] "GET /galeria/galeria/jquery.fancybox.css?v=2.1.5 HTTP/1.1" 304 -
191.102.85.228 - - [06/May/2017:14:53:09 -0500] "GET /BLA/boletinlegal/js/jquery.scrollShow.js HTTP/1.1" 304 -
191.102.85.228 - - [06/May/2017:14:53:09 -0500] "GET /galeria/galeria/jquery.fancybox.js?v=2.1.5 HTTP/1.1" 304 -
93.209.15.48 - - [06/May/2017:14:53:11 -0500] "GET /robots.txt HTTP/1.1" 404 1015
93.209.15.48 - - [06/May/2017:14:53:13 -0500] "GET /Autoliquidacion/Grupo%20Forestal%20-%20Silvicultura/Formulario%20%C3%BAnico%20nacional%20de%20solicitud%20de%20aprovechamiento%20forestal%20arboles%20aislados.xlsx HTTP/1.1" 200 1146411
148.251.136.43 - - [06/May/2017:14:53:12 -0500] "GET /BLA/resoluciones/index.php?dir=AUTOS%202006/AUTOS%202006%202401%20-%202500/&sort=name&order=desc HTTP/1.1" 200 22198
93.209.15.48 - - [06/May/2017:14:53:14 -0500] "GET /robots.txt HTTP/1.1" 404 1019
93.209.15.48 - - [06/May/2017:14:53:16 -0500] "GET /Autoliquidacion/Grupo%20Forestal%20-%20Silvicultura/Formulario%20%C3%BAnico%20nacional%20de%20solicitud%20de%20aprovechamiento%20forestal%20arboles%20aislados.xlsx HTTP/1.1" 200 1146411
93.209.15.48 - - [06/May/2017:14:53:17 -0500] "GET /robots.txt HTTP/1.1" 404 1019
157.55.39.224 - - [06/May/2017:14:53:19 -0500] "GET /BLA/boletinlegal/images/screen_1.png HTTP/1.1" 200 202547
93.209.15.48 - - [06/May/2017:14:53:19 -0500] "GET /galeria/nivo-slider/demo/images/bannercapacitaci%C3%B3ninfraestructuavegetada.jpg HTTP/1.1" 200 360496
148.251.136.43 - - [06/May/2017:14:53:20 -0500] "GET /BLA/resoluciones/index.php?dir=AUTOS%202006/AUTOS%202006%202401%20-%202500/&sort=size&order=asc HTTP/1.1" 200 22199
93.209.15.48 - - [06/May/2017:14:53:22 -0500] "GET /galeria/nivo-slider/demo/images/bannerinvitaci%C3%B3nacaminatasecologicas2.jpg HTTP/1.1" 200 513253
148.251.136.43 - - [06/May/2017:14:53:26 -0500] "GET /BLA/resoluciones/index.php?dir=AUTOS%202006/AUTOS%202006%202501%20-%202600/&sort=date&order=asc HTTP/1.1" 200 22209
181.51.184.106 - - [06/May/2017:14:53:28 -0500] "GET /BLA/boletinlegal/js/jquery.scrollShow.js HTTP/1.1" 200 4586
181.51.184.106 - - [06/May/2017:14:53:28 -0500] "GET /galeria/galeria/jquery.fancybox.css?v=2.1.5 HTTP/1.1" 200 4895
181.51.184.106 - - [06/May/2017:14:53:28 -0500] "GET /galeria/galeria/jquery.fancybox.js?v=2.1.5 HTTP/1.1" 200 48706
181.51.184.106 - - [06/May/2017:14:53:30 -0500] "GET /BLA/boletinlegal/js/jquery.scrollShow.js HTTP/1.1" 304 -
181.51.184.106 - - [06/May/2017:14:53:30 -0500] "GET /galeria/galeria/jquery.fancybox.js?v=2.1.5 HTTP/1.1" 304 -
181.51.184.106 - - [06/May/2017:14:53:30 -0500] "GET /galeria/galeria/jquery.fancybox.css?v=2.1.5 HTTP/1.1" 304 -
148.251.136.43 - - [06/May/2017:14:53:33 -0500] "GET /BLA/resoluciones/index.php?dir=AUTOS%202006/AUTOS%202006%202501%20-%202600/&sort=name&order=desc HTTP/1.1" 200 22208
164.132.161.39 - - [06/May/2017:14:53:36 -0500] "GET /BLA/resoluciones/RESOLUCIONES%202005/RES%202005%201101-1150/00001142.tif HTTP/1.1" 200 237532
148.251.136.43 - - [06/May/2017:14:53:41 -0500] "GET /BLA/resoluciones/index.php?dir=AUTOS%202006/AUTOS%202006%202601%20-%202700/&sort=date&order=asc HTTP/1.1" 200 22189
181.51.184.106 - - [06/May/2017:14:53:46 -0500] "GET /silvicultura/1.pdf HTTP/1.1" 404 1308
181.51.184.106 - - [06/May/2017:14:53:46 -0500] "GET /favicon.ico HTTP/1.1" 200 7782
148.251.136.43 - - [06/May/2017:14:53:48 -0500] "GET /BLA/resoluciones/index.php?dir=AUTOS%202006/AUTOS%202006%202601%20-%202700/&sort=size&order=asc HTTP/1.1" 200 22189
148.251.136.43 - - [06/May/2017:14:53:56 -0500] "GET /BLA/resoluciones/index.php?dir=AUTOS%202006/AUTOS%202006%202701%20-%202800/&sort=date&order=asc HTTP/1.1" 200 22410
181.51.184.106 - - [06/May/2017:14:53:59 -0500] "GET /silvicultura/5.pdf HTTP/1.1" 404 1308
186.29.103.121 - - [06/May/2017:14:54:01 -0500] "GET /galeria/galeria/fotos/Humedal-Tibanica4G.jpg HTTP/1.1" 200 442374
181.51.184.106 - - [06/May/2017:14:54:02 -0500] "GET /silvicultura/6.pdf HTTP/1.1" 404 1308
181.51.184.106 - - [06/May/2017:14:54:05 -0500] "GET /silvicultura/7.pdf HTTP/1.1" 404 1308
148.251.136.43 - - [06/May/2017:14:54:08 -0500] "GET /BLA/resoluciones/index.php?dir=AUTOS%202006/AUTOS%202006%202701%20-%202800/&sort=name&order=desc HTTP/1.1" 200 22409
181.51.184.106 - - [06/May/2017:14:54:08 -0500] "GET /silvicultura/8.pdf HTTP/1.1" 404 1308
181.51.184.106 - - [06/May/2017:14:54:13 -0500] "GET /silvicultura/9.pdf HTTP/1.1" 404 1308
148.251.136.43 - - [06/May/2017:14:54:14 -0500] "GET /BLA/resoluciones/index.php?dir=AUTOS%202006/AUTOS%202006%202701%20-%202800/&sort=size&order=asc HTTP/1.1" 200 22410
192.168.175.104 - - [06/May/2017:14:54:22 -0500] "GET / HTTP/1.0" 200 9990
148.251.136.43 - - [06/May/2017:14:54:24 -0500] "GET /BLA/resoluciones/index.php?dir=AUTOS%202006/AUTOS%202006%202801%20-%202900/&sort=name&order=desc HTTP/1.1" 200 22228
201.245.192.253 - - [06/May/2017:14:54:28 -0500] "GET /galeria/nivo-slider/demo/undefined HTTP/1.1" 404 1314
181.51.184.106 - - [06/May/2017:14:54:30 -0500] "GET /silvicultura/12.pdf HTTP/1.1" 404 1308
181.61.148.6 - - [06/May/2017:14:54:30 -0500] "GET /BLA/boletinlegal/js/jquery.scrollShow.js HTTP/1.1" 200 4586
181.61.148.6 - - [06/May/2017:14:54:30 -0500] "GET /galeria/galeria/jquery.fancybox.js?v=2.1.5 HTTP/1.1" 200 48706
181.61.148.6 - - [06/May/2017:14:54:30 -0500] "GET /galeria/galeria/jquery.fancybox.css?v=2.1.5 HTTP/1.1" 200 4895
181.61.148.6 - - [06/May/2017:14:54:30 -0500] "GET /galeria/carrusel/Carrusel/jquery.thumbnailScroller.css HTTP/1.1" 200 2066
181.61.148.6 - - [06/May/2017:14:54:31 -0500] "GET /galeria/carrusel/Carrusel/jquery-ui-1.8.13.custom.min.js HTTP/1.1" 200 10800
181.61.148.6 - - [06/May/2017:14:54:32 -0500] "GET /galeria/carrusel/Carrusel/jquery.thumbnailScroller.js HTTP/1.1" 200 8157
181.51.184.106 - - [06/May/2017:14:54:32 -0500] "GET /silvicultura/13.pdf HTTP/1.1" 404 1308
148.251.136.43 - - [06/May/2017:14:54:34 -0500] "GET /BLA/resoluciones/index.php?dir=AUTOS%202006/AUTOS%202006%202801%20-%202900/&sort=size&order=asc HTTP/1.1" 200 22229
181.61.148.6 - - [06/May/2017:14:54:42 -0500] "GET /galeria/nivo-slider/demo/demo.html HTTP/1.1" 200 3849
181.61.148.6 - - [06/May/2017:14:54:42 -0500] "GET /galeria/nivo-slider/themes/default/default.css HTTP/1.1" 200 1569
181.61.148.6 - - [06/May/2017:14:54:42 -0500] "GET /galeria/nivo-slider/themes/pascal/pascal.css HTTP/1.1" 200 2258
181.61.148.6 - - [06/May/2017:14:54:42 -0500] "GET /galeria/nivo-slider/themes/orman/orman.css HTTP/1.1" 200 2152
181.61.148.6 - - [06/May/2017:14:54:42 -0500] "GET /galeria/nivo-slider/demo/style.css HTTP/1.1" 200 2222
181.61.148.6 - - [06/May/2017:14:54:42 -0500] "GET /galeria/nivo-slider/nivo-slider.css HTTP/1.1" 200 1507
181.61.148.6 - - [06/May/2017:14:54:42 -0500] "GET /galeria/nivo-slider/demo/images/BANNERRECICLATON2017.jpg HTTP/1.1" 200 244103
181.61.148.6 - - [06/May/2017:14:54:42 -0500] "GET /galeria/nivo-slider/demo/images/bannerconvocatria3.jpg HTTP/1.1" 200 235024
181.61.148.6 - - [06/May/2017:14:54:42 -0500] "GET /galeria/nivo-slider/demo/images/banner%20web%20fiblibro.jpg HTTP/1.1" 200 102374
181.61.148.6 - - [06/May/2017:14:54:42 -0500] "GET /galeria/nivo-slider/demo/images/bannercampa%C3%B1acambiodesede.jpg HTTP/1.1" 200 134156
181.61.148.6 - - [06/May/2017:14:54:42 -0500] "GET /galeria/nivo-slider/demo/images/banner%20reportedearbolescaidos.jpg HTTP/1.1" 200 249999
181.61.148.6 - - [06/May/2017:14:54:42 -0500] "GET /galeria/nivo-slider/demo/images/banenr%20web%20reto%20IEEE-01.jpg HTTP/1.1" 200 219648
181.61.148.6 - - [06/May/2017:14:54:43 -0500] "GET /galeria/nivo-slider/demo/scripts/jquery-1.7.1.min.js HTTP/1.1" 200 93868
181.61.148.6 - - [06/May/2017:14:54:43 -0500] "GET /galeria/nivo-slider/demo/images/BANNERCAMINATAS%20ECOLOGICAS%20MARZO.jpg HTTP/1.1" 200 266671
181.61.148.6 - - [06/May/2017:14:54:43 -0500] "GET /galeria/nivo-slider/demo/images/banner%20aceite%20vegetal%20usado.jpg HTTP/1.1" 200 169350
181.61.148.6 - - [06/May/2017:14:54:43 -0500] "GET /galeria/nivo-slider/demo/images/bannerlumina2017web.jpg HTTP/1.1" 200 198918
181.61.148.6 - - [06/May/2017:14:54:43 -0500] "GET /galeria/nivo-slider/demo/images/BANNERRUTADEVERTIMIENTOS.jpg HTTP/1.1" 200 98506
181.61.148.6 - - [06/May/2017:14:54:43 -0500] "GET /galeria/nivo-slider/demo/images/bolsas-06.jpg HTTP/1.1" 200 210950
181.61.148.6 - - [06/May/2017:14:54:43 -0500] "GET /galeria/nivo-slider/jquery.nivo.slider.pack.js HTTP/1.1" 200 11561
181.61.148.6 - - [06/May/2017:14:54:45 -0500] "GET /galeria/nivo-slider/demo/images/4Simple_Slider.png HTTP/1.1" 200 11722
181.61.148.6 - - [06/May/2017:14:54:45 -0500] "GET /galeria/nivo-slider/themes/default/loading.gif HTTP/1.1" 200 1737
181.61.148.6 - - [06/May/2017:14:54:47 -0500] "GET /galeria/nivo-slider/themes/default/arrows.png HTTP/1.1" 200 824
181.61.148.6 - - [06/May/2017:14:54:47 -0500] "GET /galeria/nivo-slider/themes/default/bullets.png HTTP/1.1" 200 1281
181.61.148.6 - - [06/May/2017:14:54:57 -0500] "GET /BLA/boletinlegal/style.css HTTP/1.1" 200 9406
181.61.148.6 - - [06/May/2017:14:54:57 -0500] "GET /BLA/boletinlegal/styles2.css HTTP/1.1" 200 1838
181.61.148.6 - - [06/May/2017:14:54:57 -0500] "GET /BLA/boletinlegal/js/jquery.js HTTP/1.1" 200 57254
181.61.148.6 - - [06/May/2017:14:54:57 -0500] "GET /BLA/boletinlegal/js/jquery.scrollTo-min.js HTTP/1.1" 200 1150
181.61.148.6 - - [06/May/2017:14:54:57 -0500] "GET /BLA/boletinlegal/js/jquery.scrollShow.js HTTP/1.1" 200 4586
181.61.148.6 - - [06/May/2017:14:54:57 -0500] "GET /BLA/boletinlegal/images/cabezote%20BLEGAL.jpg HTTP/1.1" 200 118164
181.61.148.6 - - [06/May/2017:14:54:58 -0500] "GET /BLA/boletinlegal/images/subscribe-icon-big.png HTTP/1.1" 200 47702
181.61.148.6 - - [06/May/2017:14:54:58 -0500] "GET /BLA/boletinlegal/images/historia.png HTTP/1.1" 200 52775
181.61.148.6 - - [06/May/2017:14:54:58 -0500] "GET /BLA/boletinlegal/images/registro-usuarios.png HTTP/1.1" 200 8106
181.61.148.6 - - [06/May/2017:14:54:58 -0500] "GET /BLA/boletinlegal/images/arr_l.jpg HTTP/1.1" 200 1979
181.61.148.6 - - [06/May/2017:14:54:58 -0500] "GET /BLA/boletinlegal/images/screen_1.png HTTP/1.1" 200 202547
181.61.148.6 - - [06/May/2017:14:54:58 -0500] "GET /BLA/boletinlegal/images/launch.jpg HTTP/1.1" 200 14577
181.61.148.6 - - [06/May/2017:14:54:58 -0500] "GET /BLA/boletinlegal/images/arr_r.jpg HTTP/1.1" 200 1998
181.61.148.6 - - [06/May/2017:14:54:58 -0500] "GET /BLA/boletinlegal/images/body_bg.jpg HTTP/1.1" 200 1601
181.61.148.6 - - [06/May/2017:14:54:58 -0500] "GET /BLA/boletinlegal/images/menu_lft.gif HTTP/1.1" 200 1713
181.61.148.6 - - [06/May/2017:14:54:58 -0500] "GET /BLA/boletinlegal/images/menu_rght.gif HTTP/1.1" 200 1627
181.61.148.6 - - [06/May/2017:14:54:58 -0500] "GET /BLA/boletinlegal/images/bg_top.jpg HTTP/1.1" 200 522
181.61.148.6 - - [06/May/2017:14:54:58 -0500] "GET /BLA/boletinlegal/images/menu_bg.jpg HTTP/1.1" 200 620
181.61.148.6 - - [06/May/2017:14:54:58 -0500] "GET /BLA/boletinlegal/images/hover.jpg HTTP/1.1" 200 640
181.61.148.6 - - [06/May/2017:14:54:58 -0500] "GET /BLA/boletinlegal/images/text.jpg HTTP/1.1" 200 568
181.61.148.6 - - [06/May/2017:14:54:58 -0500] "GET /BLA/boletinlegal/images/footer_bg.jpg HTTP/1.1" 200 586
181.61.148.6 - - [06/May/2017:14:54:58 -0500] "GET /BLA/boletinlegal/images/screen_3.png HTTP/1.1" 200 210620
181.61.148.6 - - [06/May/2017:14:54:58 -0500] "GET /BLA/boletinlegal/images/screen_5.png HTTP/1.1" 200 368876
181.61.148.6 - - [06/May/2017:14:54:58 -0500] "GET /BLA/boletinlegal/images/screen_2.png HTTP/1.1" 200 362502
181.61.148.6 - - [06/May/2017:14:55:05 -0500] "GET /BLA/boletinlegal/normativa.php HTTP/1.1" 200 8086
181.61.148.6 - - [06/May/2017:14:55:05 -0500] "GET /BLA/boletinlegal/js/ajax_normativa.js HTTP/1.1" 200 1154
181.61.148.6 - - [06/May/2017:14:55:05 -0500] "GET /BLA/boletinlegal/niceforms.js HTTP/1.1" 200 22876
181.61.148.6 - - [06/May/2017:14:55:05 -0500] "GET /BLA/boletinlegal/niceforms-default.css HTTP/1.1" 200 6694
181.61.148.6 - - [06/May/2017:14:55:05 -0500] "GET /BLA/boletinlegal/images/abajo.png HTTP/1.1" 200 96676
181.61.148.6 - - [06/May/2017:14:55:05 -0500] "GET /BLA/boletinlegal/images/tel.png HTTP/1.1" 200 14477
181.61.148.6 - - [06/May/2017:14:55:05 -0500] "GET /BLA/boletinlegal/images/icono-email.png HTTP/1.1" 200 5544
181.61.148.6 - - [06/May/2017:14:55:05 -0500] "GET /BLA/boletinlegal/images/footer_bg_l.jpg HTTP/1.1" 200 776
181.61.148.6 - - [06/May/2017:14:55:06 -0500] "GET /BLA/boletinlegal/img/0.png HTTP/1.1" 200 110
181.61.148.6 - - [06/May/2017:14:55:06 -0500] "GET /BLA/boletinlegal/img/select-left.png HTTP/1.1" 200 263
181.61.148.6 - - [06/May/2017:14:55:06 -0500] "GET /BLA/boletinlegal/img/button-right.png HTTP/1.1" 200 57878
181.61.148.6 - - [06/May/2017:14:55:06 -0500] "GET /BLA/boletinlegal/img/button.png HTTP/1.1" 200 43241
181.61.148.6 - - [06/May/2017:14:55:06 -0500] "GET /BLA/boletinlegal/img/select-right.png HTTP/1.1" 200 44019
181.61.148.6 - - [06/May/2017:14:55:06 -0500] "GET /BLA/boletinlegal/img/button-left.png HTTP/1.1" 200 57071
181.61.148.6 - - [06/May/2017:14:55:06 -0500] "GET /favicon.ico HTTP/1.1" 200 7782
157.55.39.23 - - [06/May/2017:14:55:08 -0500] "GET /robots.txt HTTP/1.1" 404 1019
192.168.175.104 - - [06/May/2017:14:55:10 -0500] "GET / HTTP/1.1" 200 9990
157.55.39.137 - - [06/May/2017:14:55:10 -0500] "GET /SIG/Gesti%C3%B3n%20de%20Recursos%20F%C3%ADsicos/Gesti%C3%B3n%20de%20Recursos%20F%C3%ADsicos/126PA04-PR28.pdf HTTP/1.1" 200 151605
181.61.148.6 - - [06/May/2017:14:54:51 -0500] "GET /BLA/boletinlegal/ HTTP/1.1" 200 28619
66.249.88.1 - - [06/May/2017:14:55:23 -0500] "GET /galeria/galeria/jquery.fancybox.css?v=2.1.5 HTTP/1.1" 200 4895
66.249.88.7 - - [06/May/2017:14:55:23 -0500] "GET /BLA/boletinlegal/js/jquery.scrollShow.js HTTP/1.1" 200 4586
66.249.88.7 - - [06/May/2017:14:55:23 -0500] "GET /galeria/galeria/jquery.fancybox.js?v=2.1.5 HTTP/1.1" 200 48706
181.61.148.6 - - [06/May/2017:14:55:32 -0500] "GET /BLA/boletinlegal/consulta_normativa.php?tipo=Resolucion&sector=Aire&ano=2011&resuelve=llantas HTTP/1.1" 200 454
181.61.148.6 - - [06/May/2017:14:55:43 -0500] "GET /BLA/boletinlegal/consulta_normativa.php?tipo=Resolucion&sector=Aire&ano=2011&resuelve=llantas HTTP/1.1" 200 454
181.61.148.6 - - [06/May/2017:14:56:04 -0500] "GET /BLA/boletinlegal/consulta_normativa.php?tipo=Resolucion&sector=emisiones&ano=2011&resuelve=llantas HTTP/1.1" 200 454
201.245.192.253 - - [06/May/2017:14:56:09 -0500] "GET /galeria/nivo-slider/demo/undefined HTTP/1.1" 404 1314
181.61.148.6 - - [06/May/2017:14:56:13 -0500] "GET /BLA/boletinlegal/norma_menu.php HTTP/1.1" 200 6318
181.61.148.6 - - [06/May/2017:14:56:13 -0500] "GET /BLA/boletinlegal/js/ajax.js HTTP/1.1" 200 772
181.61.148.6 - - [06/May/2017:14:56:14 -0500] "GET /BLA/boletinlegal/swfobject.js HTTP/1.1" 200 9763
181.61.148.6 - - [06/May/2017:14:56:14 -0500] "GET /BLA/boletinlegal/js/lib.js HTTP/1.1" 200 6474
181.61.148.6 - - [06/May/2017:14:56:14 -0500] "GET /BLA/boletinlegal/js/popup.js HTTP/1.1" 200 1270
181.61.148.6 - - [06/May/2017:14:56:14 -0500] "GET /BLA/boletinlegal/js/jquery1.js HTTP/1.1" 200 29846
181.61.148.6 - - [06/May/2017:14:56:14 -0500] "GET /BLA/boletinlegal/images/signo-mas.gif HTTP/1.1" 200 13689
181.61.148.6 - - [06/May/2017:14:56:14 -0500] "GET /BLA/boletinlegal/images/signo-menos.gif HTTP/1.1" 200 13454
181.61.148.6 - - [06/May/2017:14:56:14 -0500] "GET /BLA/boletinlegal/images/nuevo.gif HTTP/1.1" 200 26475
181.61.148.6 - - [06/May/2017:14:56:14 -0500] "GET /BLA/boletinlegal/images/img_3.jpg HTTP/1.1" 200 1841
177.252.252.41 - - [06/May/2017:14:56:20 -0500] "GET /galeria/galeria/jquery.fancybox.css?v=2.1.5 HTTP/1.1" 200 4895
192.168.175.104 - - [06/May/2017:14:56:37 -0500] "GET / HTTP/1.1" 200 9990
69.162.124.233 - - [06/May/2017:14:56:37 -0500] "HEAD / HTTP/1.1" 200 -
195.133.147.6 - - [06/May/2017:14:56:37 -0500] "HEAD / HTTP/1.1" 200 -
181.60.170.246 - - [06/May/2017:14:56:52 -0500] "GET /galeria/galeria/jquery.fancybox.css?v=2.1.5 HTTP/1.1" 200 4895
181.60.170.246 - - [06/May/2017:14:56:52 -0500] "GET /BLA/boletinlegal/js/jquery.scrollShow.js HTTP/1.1" 200 4586
181.60.170.246 - - [06/May/2017:14:56:52 -0500] "GET /galeria/galeria/jquery.fancybox.js?v=2.1.5 HTTP/1.1" 200 48706
148.251.136.43 - - [06/May/2017:14:56:52 -0500] "GET /robots.txt HTTP/1.1" 404 1018
148.251.136.43 - - [06/May/2017:14:56:55 -0500] "GET /BLA/resoluciones/index.php?dir=AUTOS%202006/AUTOS%202006%202901%20-%203000/&sort=date&order=asc HTTP/1.1" 200 22191
186.154.39.35 - - [06/May/2017:14:56:56 -0500] "GET /galeria/galeria/fotos/Humedal-Santa-Mar%C3%ADa-del-Lago1G.jpg HTTP/1.1" 200 290867
148.251.136.43 - - [06/May/2017:14:57:02 -0500] "GET /BLA/resoluciones/index.php?dir=AUTOS%202006/AUTOS%202006%202901%20-%203000/&sort=name&order=desc HTTP/1.1" 200 22190
186.154.39.35 - - [06/May/2017:14:57:08 -0500] "GET /galeria/galeria/fotos/Humedal-Santa-Mar%C3%ADa-del-Lago1G.jpg HTTP/1.1" 200 290867
148.251.136.43 - - [06/May/2017:14:57:17 -0500] "GET /BLA/resoluciones/index.php?dir=AUTOS%202006/AUTOS%202006%202901%20-%203000/&sort=size&order=asc HTTP/1.1" 200 22191
181.61.148.6 - - [06/May/2017:14:57:10 -0500] "GET /BLA/boletinlegal/ HTTP/1.1" 200 16331
148.251.136.43 - - [06/May/2017:14:57:27 -0500] "GET /BLA/resoluciones/index.php?dir=AUTOS%202006/AUTOS%202006%20301-400/&sort=date&order=asc HTTP/1.1" 200 21781
148.251.136.43 - - [06/May/2017:14:57:33 -0500] "GET /BLA/resoluciones/index.php?dir=AUTOS%202006/AUTOS%202006%20301-400/&sort=name&order=desc HTTP/1.1" 200 21780
148.251.136.43 - - [06/May/2017:14:57:39 -0500] "GET /BLA/resoluciones/index.php?dir=AUTOS%202006/AUTOS%202006%20301-400/&sort=size&order=asc HTTP/1.1" 200 21781
148.251.136.43 - - [06/May/2017:14:57:49 -0500] "GET /BLA/resoluciones/index.php?dir=AUTOS%202006/AUTOS%202006%203101%20-%203200/&sort=name&order=desc HTTP/1.1" 200 22188
201.245.192.253 - - [06/May/2017:14:57:50 -0500] "GET /galeria/nivo-slider/demo/undefined HTTP/1.1" 404 1314
190.255.40.77 - - [06/May/2017:14:57:50 -0500] "GET /galeria/galeria/jquery.fancybox.css?v=2.1.5 HTTP/1.1" 200 4895
190.255.40.77 - - [06/May/2017:14:57:50 -0500] "GET /BLA/boletinlegal/js/jquery.scrollShow.js HTTP/1.1" 200 4586
190.255.40.77 - - [06/May/2017:14:57:50 -0500] "GET /galeria/galeria/jquery.fancybox.js?v=2.1.5 HTTP/1.1" 200 48706
148.251.136.43 - - [06/May/2017:14:58:01 -0500] "GET /BLA/resoluciones/index.php?dir=AUTOS%202006/AUTOS%202006%203101%20-%203200/&sort=size&order=asc HTTP/1.1" 200 22189
148.251.136.43 - - [06/May/2017:14:58:08 -0500] "GET /BLA/resoluciones/index.php?dir=AUTOS%202006/AUTOS%202006%203201%20-%203300/&sort=date&order=asc HTTP/1.1" 200 22209
148.251.136.43 - - [06/May/2017:14:58:16 -0500] "GET /BLA/resoluciones/index.php?dir=AUTOS%202006/AUTOS%202006%203201%20-%203300/&sort=name&order=desc HTTP/1.1" 200 22208
190.255.40.77 - - [06/May/2017:14:58:19 -0500] "GET /galeria/galeria/fotos/Entrenube2G.jpg HTTP/1.1" 200 111422
148.251.136.43 - - [06/May/2017:14:58:24 -0500] "GET /BLA/resoluciones/index.php?dir=AUTOS%202006/AUTOS%202006%203301%20-%203418/&sort=date&order=asc HTTP/1.1" 200 25807
191.109.7.85 - - [06/May/2017:14:58:26 -0500] "-" 408 -
191.109.7.85 - - [06/May/2017:14:58:26 -0500] "-" 408 -
148.251.136.43 - - [06/May/2017:14:58:30 -0500] "GET /BLA/resoluciones/index.php?dir=AUTOS%202006/AUTOS%202006%203301%20-%203418/&sort=name&order=desc HTTP/1.1" 200 25806
190.255.40.77 - - [06/May/2017:14:58:32 -0500] "GET /BLA/boletinlegal/js/jquery.scrollShow.js HTTP/1.1" 304 -
190.255.40.77 - - [06/May/2017:14:58:32 -0500] "GET /galeria/galeria/jquery.fancybox.css?v=2.1.5 HTTP/1.1" 304 -
190.255.40.77 - - [06/May/2017:14:58:32 -0500] "GET /galeria/galeria/jquery.fancybox.js?v=2.1.5 HTTP/1.1" 304 -
148.251.136.43 - - [06/May/2017:14:58:38 -0500] "GET /BLA/resoluciones/index.php?dir=AUTOS%202006/AUTOS%202006%203301%20-%203418/&sort=size&order=asc HTTP/1.1" 200 25807
190.255.40.77 - - [06/May/2017:14:58:46 -0500] "GET /galeria/galeria/fotos/Entrenube3G.jpg HTTP/1.1" 200 138221
148.251.136.43 - - [06/May/2017:14:58:48 -0500] "GET /BLA/resoluciones/index.php?dir=AUTOS%202006/AUTOS%202006%20401-500/&sort=date&order=asc HTTP/1.1" 200 21769
148.251.136.43 - - [06/May/2017:14:58:57 -0500] "GET /BLA/resoluciones/index.php?dir=AUTOS%202006/AUTOS%202006%20401-500/&sort=name&order=desc HTTP/1.1" 200 21768
148.251.136.43 - - [06/May/2017:14:59:08 -0500] "GET /BLA/resoluciones/index.php?dir=AUTOS%202006/AUTOS%202006%20401-500/&sort=size&order=asc HTTP/1.1" 200 21769
148.251.136.43 - - [06/May/2017:14:59:15 -0500] "GET /BLA/resoluciones/index.php?dir=AUTOS%202006/AUTOS%202006%20601-700/&sort=date&order=asc HTTP/1.1" 200 21776
192.168.175.104 - - [06/May/2017:14:59:20 -0500] "GET / HTTP/1.0" 200 9990
148.251.136.43 - - [06/May/2017:14:59:23 -0500] "GET /BLA/resoluciones/index.php?dir=AUTOS%202006/AUTOS%202006%20601-700/&sort=name&order=desc HTTP/1.1" 200 21775
201.245.192.253 - - [06/May/2017:14:59:31 -0500] "GET /galeria/nivo-slider/demo/undefined HTTP/1.1" 404 1314
181.49.111.126 - - [06/May/2017:14:59:31 -0500] "GET /galeria/galeria/jquery.fancybox.js?v=2.1.5 HTTP/1.1" 200 48706
181.49.111.126 - - [06/May/2017:14:59:31 -0500] "GET /galeria/galeria/jquery.fancybox.css?v=2.1.5 HTTP/1.1" 200 4895
181.49.111.126 - - [06/May/2017:14:59:31 -0500] "GET /BLA/boletinlegal/js/jquery.scrollShow.js HTTP/1.1" 200 4586
148.251.136.43 - - [06/May/2017:14:59:32 -0500] "GET /BLA/resoluciones/index.php?dir=AUTOS%202006/AUTOS%202006%20601-700/&sort=size&order=asc HTTP/1.1" 200 21776
181.49.111.126 - - [06/May/2017:14:59:34 -0500] "GET /BLA/boletinlegal/js/jquery.scrollShow.js HTTP/1.1" 200 4586
181.49.111.126 - - [06/May/2017:14:59:34 -0500] "GET /galeria/galeria/jquery.fancybox.js?v=2.1.5 HTTP/1.1" 200 48706
181.49.111.126 - - [06/May/2017:14:59:34 -0500] "GET /galeria/galeria/jquery.fancybox.css?v=2.1.5 HTTP/1.1" 200 4895
181.49.111.126 - - [06/May/2017:14:59:44 -0500] "GET /BLA/boletinlegal/js/jquery.scrollShow.js HTTP/1.1" 200 4586
181.49.111.126 - - [06/May/2017:14:59:44 -0500] "GET /galeria/galeria/jquery.fancybox.css?v=2.1.5 HTTP/1.1" 200 4895
181.49.111.126 - - [06/May/2017:14:59:44 -0500] "GET /galeria/galeria/jquery.fancybox.js?v=2.1.5 HTTP/1.1" 200 48706
181.49.93.161 - - [06/May/2017:14:59:46 -0500] "GET /galeria/galeria/jquery.fancybox.css?v=2.1.5 HTTP/1.1" 200 4895
181.49.93.161 - - [06/May/2017:14:59:46 -0500] "GET /BLA/boletinlegal/js/jquery.scrollShow.js HTTP/1.1" 200 4586
181.49.93.161 - - [06/May/2017:14:59:46 -0500] "GET /galeria/galeria/jquery.fancybox.js?v=2.1.5 HTTP/1.1" 200 48706
181.49.93.161 - - [06/May/2017:14:59:49 -0500] "GET /BLA/boletinlegal/js/jquery.scrollShow.js HTTP/1.1" 304 -
181.49.93.161 - - [06/May/2017:14:59:49 -0500] "GET /galeria/galeria/jquery.fancybox.js?v=2.1.5 HTTP/1.1" 304 -
181.49.93.161 - - [06/May/2017:14:59:49 -0500] "GET /galeria/galeria/jquery.fancybox.css?v=2.1.5 HTTP/1.1" 304 -
148.251.136.43 - - [06/May/2017:14:59:57 -0500] "GET /BLA/resoluciones/index.php?dir=AUTOS%202006/AUTOS%202006%20701-800/&sort=size&order=asc HTTP/1.1" 200 21969
181.49.111.126 - - [06/May/2017:14:59:59 -0500] "GET /galeria/galeria/jquery.fancybox.css?v=2.1.5 HTTP/1.1" 304 -
181.49.111.126 - - [06/May/2017:14:59:59 -0500] "GET /BLA/boletinlegal/js/jquery.scrollShow.js HTTP/1.1" 304 -
181.49.111.126 - - [06/May/2017:14:59:59 -0500] "GET /galeria/galeria/jquery.fancybox.js?v=2.1.5 HTTP/1.1" 304 -
187.142.193.119 - - [06/May/2017:15:00:01 -0500] "GET /galeria/galeria/fotos/1humedal-Burro1G.jpg HTTP/1.1" 200 132804
192.168.175.104 - - [06/May/2017:15:00:08 -0500] "GET / HTTP/1.1" 200 9990
181.49.67.67 - - [06/May/2017:15:00:16 -0500] "GET /galeria/galeria/jquery.fancybox.css?v=2.1.5 HTTP/1.1" 200 4895
181.49.67.67 - - [06/May/2017:15:00:16 -0500] "GET /BLA/boletinlegal/js/jquery.scrollShow.js HTTP/1.1" 200 4586
181.49.67.67 - - [06/May/2017:15:00:16 -0500] "GET /galeria/galeria/jquery.fancybox.js?v=2.1.5 HTTP/1.1" 200 48706
181.49.67.67 - - [06/May/2017:15:00:22 -0500] "GET /BLA/boletinlegal/js/jquery.scrollShow.js HTTP/1.1" 304 -
181.49.67.67 - - [06/May/2017:15:00:22 -0500] "GET /galeria/galeria/jquery.fancybox.js?v=2.1.5 HTTP/1.1" 304 -
181.49.67.67 - - [06/May/2017:15:00:22 -0500] "GET /galeria/galeria/jquery.fancybox.css?v=2.1.5 HTTP/1.1" 304 -
201.245.192.253 - - [06/May/2017:15:01:11 -0500] "GET /galeria/nivo-slider/demo/undefined HTTP/1.1" 404 1314
181.49.67.67 - - [06/May/2017:15:01:15 -0500] "GET /BLA/boletinlegal/js/jquery.scrollShow.js HTTP/1.1" 304 -
181.49.67.67 - - [06/May/2017:15:01:15 -0500] "GET /galeria/galeria/jquery.fancybox.css?v=2.1.5 HTTP/1.1" 304 -
181.49.67.67 - - [06/May/2017:15:01:15 -0500] "GET /galeria/galeria/jquery.fancybox.js?v=2.1.5 HTTP/1.1" 304 -
66.249.64.53 - - [06/May/2017:15:01:32 -0500] "GET /videos/ambiente-ciudad/playlist.htm? HTTP/1.1" 200 4429
192.168.175.104 - - [06/May/2017:15:01:35 -0500] "GET / HTTP/1.1" 200 9990
69.162.124.233 - - [06/May/2017:15:01:37 -0500] "HEAD / HTTP/1.1" 200 -
190.159.194.134 - - [06/May/2017:15:02:34 -0500] "GET /BLA/resoluciones/AUTOS%202008/0666.pdf HTTP/1.1" 200 171543
190.159.194.134 - - [06/May/2017:15:02:35 -0500] "GET /favicon.ico HTTP/1.1" 200 7782
201.245.192.253 - - [06/May/2017:15:02:52 -0500] "GET /galeria/nivo-slider/demo/undefined HTTP/1.1" 404 1314
181.49.93.161 - - [06/May/2017:15:03:11 -0500] "GET /BLA/boletinlegal/js/jquery.scrollShow.js HTTP/1.1" 304 -
181.49.93.161 - - [06/May/2017:15:03:11 -0500] "GET /galeria/galeria/jquery.fancybox.js?v=2.1.5 HTTP/1.1" 304 -
181.49.93.161 - - [06/May/2017:15:03:11 -0500] "GET /galeria/galeria/jquery.fancybox.css?v=2.1.5 HTTP/1.1" 304 -
190.252.242.69 - - [06/May/2017:15:03:31 -0500] "GET /galeria/galeria/jquery.fancybox.css?v=2.1.5 HTTP/1.1" 200 4895
190.252.242.69 - - [06/May/2017:15:03:31 -0500] "GET /BLA/boletinlegal/js/jquery.scrollShow.js HTTP/1.1" 200 4586
190.252.242.69 - - [06/May/2017:15:03:31 -0500] "GET /galeria/galeria/jquery.fancybox.js?v=2.1.5 HTTP/1.1" 200 48706
148.251.136.43 - - [06/May/2017:15:03:34 -0500] "GET /robots.txt HTTP/1.1" 404 1018
148.251.136.43 - - [06/May/2017:15:03:34 -0500] "GET /BLA/resoluciones/index.php?dir=AUTOS%202006/AUTOS%202006%20801-900/&sort=size&order=asc HTTP/1.1" 200 21775
190.252.242.69 - - [06/May/2017:15:03:40 -0500] "GET /BLA/boletinlegal/js/jquery.scrollShow.js HTTP/1.1" 304 -
190.252.242.69 - - [06/May/2017:15:03:40 -0500] "GET /galeria/galeria/jquery.fancybox.js?v=2.1.5 HTTP/1.1" 304 -
190.252.242.69 - - [06/May/2017:15:03:40 -0500] "GET /galeria/galeria/jquery.fancybox.css?v=2.1.5 HTTP/1.1" 304 -
148.251.136.43 - - [06/May/2017:15:03:45 -0500] "GET /BLA/resoluciones/index.php?dir=AUTOS%202006/AUTOS%202006%20901-1000/&sort=date&order=asc HTTP/1.1" 200 21877
180.76.15.157 - - [06/May/2017:15:03:47 -0500] "GET /BLA/resoluciones/RESOLUCIONES%202008/0819.pdf HTTP/1.1" 200 82103
148.251.136.43 - - [06/May/2017:15:03:50 -0500] "GET /BLA/resoluciones/index.php?dir=AUTOS%202006/AUTOS%202006%20901-1000/&sort=size&order=asc HTTP/1.1" 200 21877
190.130.104.218 - - [06/May/2017:15:03:58 -0500] "GET /galeria/mapa/3MapaBogot%C3%A1.jpg HTTP/1.1" 200 688183
148.251.136.43 - - [06/May/2017:15:03:58 -0500] "GET /BLA/resoluciones/index.php?dir=AUTOS%202007/&sort=date&order=desc HTTP/1.1" 200 628258
190.24.56.224 - - [06/May/2017:15:04:10 -0500] "GET /galeria/galeria/jquery.fancybox.css?v=2.1.5 HTTP/1.1" 200 4895
180.76.15.156 - - [06/May/2017:15:04:13 -0500] "GET /robots.txt HTTP/1.1" 404 1019
148.251.136.43 - - [06/May/2017:15:04:12 -0500] "GET /BLA/resoluciones/index.php?dir=AUTOS%202007/&sort=name&order=asc HTTP/1.1" 200 628259
192.168.175.104 - - [06/May/2017:15:04:19 -0500] "GET / HTTP/1.0" 200 9990
148.251.136.43 - - [06/May/2017:15:04:23 -0500] "GET /BLA/resoluciones/index.php?dir=AUTOS%202007/&sort=size&order=desc HTTP/1.1" 200 628258
180.76.15.154 - - [06/May/2017:15:04:27 -0500] "GET /StormSDA/lib/?C=D;O=D HTTP/1.1" 200 6379
201.245.192.253 - - [06/May/2017:15:04:33 -0500] "GET /galeria/nivo-slider/demo/undefined HTTP/1.1" 404 1314
148.251.136.43 - - [06/May/2017:15:04:33 -0500] "GET /BLA/resoluciones/index.php?dir=AUTOS%202008/&sort=date&order=desc HTTP/1.1" 200 569643
66.249.64.53 - - [06/May/2017:15:04:44 -0500] "GET /galeria/galeria/fotos/Humedal-Santa-Mar%C3%ADa-del-Lago3P.jpg HTTP/1.1" 200 30161
148.251.136.43 - - [06/May/2017:15:04:43 -0500] "GET /BLA/resoluciones/index.php?dir=AUTOS%202008/&sort=size&order=desc HTTP/1.1" 200 569643
190.79.208.192 - - [06/May/2017:15:04:51 -0500] "GET /BLA/boletinlegal/js/jquery.scrollShow.js HTTP/1.1" 200 4586
190.79.208.192 - - [06/May/2017:15:04:51 -0500] "GET /galeria/galeria/jquery.fancybox.js?v=2.1.5 HTTP/1.1" 200 48706
190.79.208.192 - - [06/May/2017:15:04:51 -0500] "GET /galeria/galeria/jquery.fancybox.css?v=2.1.5 HTTP/1.1" 200 4895
148.251.136.43 - - [06/May/2017:15:04:54 -0500] "GET /BLA/resoluciones/index.php?dir=AUTOS%202009/&sort=date&order=desc HTTP/1.1" 200 397738
186.145.166.35 - - [06/May/2017:15:05:03 -0500] "GET /galeria/galeria/fotos/Capellania3G.jpg HTTP/1.1" 200 515718
192.168.175.104 - - [06/May/2017:15:05:06 -0500] "GET / HTTP/1.1" 200 9990
148.251.136.43 - - [06/May/2017:15:05:04 -0500] "GET /BLA/resoluciones/index.php?dir=AUTOS%202009/&sort=size&order=desc HTTP/1.1" 200 397738
177.252.249.47 - - [06/May/2017:15:05:09 -0500] "GET /BLA/resoluciones/AUTOS%202012/1525.pdf HTTP/1.1" 200 601122
177.252.249.47 - - [06/May/2017:15:05:10 -0500] "GET /favicon.ico HTTP/1.1" 200 7782
177.252.249.47 - - [06/May/2017:15:05:10 -0500] "GET /BLA/resoluciones/AUTOS%202012/1525.pdf HTTP/1.1" 206 452878
66.249.64.51 - - [06/May/2017:15:05:11 -0500] "GET /BLA/resoluciones/RESOLUCIONES%202013/0361.pdf HTTP/1.1" 200 7204029
148.251.136.43 - - [06/May/2017:15:05:15 -0500] "GET /BLA/resoluciones/index.php?dir=AUTOS%202010/&sort=date&order=desc HTTP/1.1" 200 259961
148.251.136.43 - - [06/May/2017:15:05:24 -0500] "GET /BLA/resoluciones/index.php?dir=AUTOS%202010/&sort=name&order=asc HTTP/1.1" 200 259962
148.251.136.43 - - [06/May/2017:15:05:34 -0500] "GET /BLA/resoluciones/index.php?dir=AUTOS%202011/&sort=date&order=desc HTTP/1.1" 200 570156
190.145.23.62 - - [06/May/2017:15:05:45 -0500] "GET /galeria/galeria/jquery.fancybox.css?v=2.1.5 HTTP/1.1" 200 4895
190.145.23.62 - - [06/May/2017:15:05:50 -0500] "GET /BLA/boletinlegal/js/jquery.scrollShow.js HTTP/1.1" 200 4586
148.251.136.43 - - [06/May/2017:15:05:46 -0500] "GET /BLA/resoluciones/index.php?dir=AUTOS%202011/&sort=name&order=asc HTTP/1.1" 200 570157
190.145.23.62 - - [06/May/2017:15:05:51 -0500] "GET /galeria/galeria/jquery.fancybox.js?v=2.1.5 HTTP/1.1" 200 48706
148.251.136.43 - - [06/May/2017:15:05:58 -0500] "GET /BLA/resoluciones/index.php?dir=AUTOS%202011/&sort=size&order=desc HTTP/1.1" 200 570156
201.245.192.253 - - [06/May/2017:15:06:13 -0500] "GET /galeria/nivo-slider/demo/undefined HTTP/1.1" 404 1314
148.251.136.43 - - [06/May/2017:15:06:14 -0500] "GET /BLA/resoluciones/index.php?dir=AUTOS%202012/&sort=date&order=desc HTTP/1.1" 200 258215
148.251.136.43 - - [06/May/2017:15:06:22 -0500] "GET /BLA/resoluciones/index.php?dir=AUTOS%202012/&sort=name&order=asc HTTP/1.1" 200 258216
181.54.27.56 - - [06/May/2017:15:06:26 -0500] "GET /BLA/boletinlegal/js/jquery.scrollShow.js HTTP/1.1" 200 4586
181.54.27.56 - - [06/May/2017:15:06:26 -0500] "GET /galeria/galeria/jquery.fancybox.css?v=2.1.5 HTTP/1.1" 200 4895
181.54.27.56 - - [06/May/2017:15:06:26 -0500] "GET /galeria/galeria/jquery.fancybox.js?v=2.1.5 HTTP/1.1" 200 48706
192.168.175.104 - - [06/May/2017:15:06:33 -0500] "GET / HTTP/1.1" 200 9990
181.54.27.56 - - [06/May/2017:15:06:35 -0500] "GET /BLA/boletinlegal/js/jquery.scrollShow.js HTTP/1.1" 200 4586
181.54.27.56 - - [06/May/2017:15:06:35 -0500] "GET /galeria/galeria/jquery.fancybox.js?v=2.1.5 HTTP/1.1" 200 48706
181.54.27.56 - - [06/May/2017:15:06:35 -0500] "GET /galeria/galeria/jquery.fancybox.css?v=2.1.5 HTTP/1.1" 200 4895
69.162.124.233 - - [06/May/2017:15:06:37 -0500] "HEAD / HTTP/1.1" 200 -
148.251.136.43 - - [06/May/2017:15:06:35 -0500] "GET /BLA/resoluciones/index.php?dir=AUTOS%202014/&sort=date&order=desc HTTP/1.1" 200 815815
181.56.38.165 - - [06/May/2017:15:06:47 -0500] "GET /BLA/resoluciones/RESOLUCIONES%202007/RES%202007%20701%20AL%20800/RESOLUCION%200705%20DE%202007.pdf HTTP/1.1" 200 1060513
66.249.64.55 - - [06/May/2017:15:06:47 -0500] "GET /BLA/resoluciones/RESOLUCIONES%202013/0241.pdf HTTP/1.1" 200 2141329
181.56.38.165 - - [06/May/2017:15:06:48 -0500] "GET /favicon.ico HTTP/1.1" 200 7782
181.56.38.165 - - [06/May/2017:15:06:48 -0500] "GET /BLA/resoluciones/RESOLUCIONES%202007/RES%202007%20701%20AL%20800/RESOLUCION%200705%20DE%202007.pdf HTTP/1.1" 206 818427
148.251.136.43 - - [06/May/2017:15:06:46 -0500] "GET /BLA/resoluciones/index.php?dir=AUTOS%202014/&sort=size&order=desc HTTP/1.1" 200 815815
186.159.39.254 - - [06/May/2017:15:06:55 -0500] "GET /BLA/boletinlegal/js/jquery.scrollShow.js HTTP/1.1" 200 4586
186.159.39.254 - - [06/May/2017:15:06:55 -0500] "GET /galeria/galeria/jquery.fancybox.js?v=2.1.5 HTTP/1.1" 200 48706
186.159.39.254 - - [06/May/2017:15:06:56 -0500] "GET /galeria/galeria/jquery.fancybox.css?v=2.1.5 HTTP/1.1" 200 4895
148.251.136.43 - - [06/May/2017:15:07:00 -0500] "GET /BLA/resoluciones/index.php?dir=AUTOS%202015/&sort=date&order=desc HTTP/1.1" 200 468530
186.159.39.254 - - [06/May/2017:15:07:09 -0500] "GET /galeria/galeria/jquery.fancybox.css?v=2.1.5 HTTP/1.1" 200 4895
186.159.39.254 - - [06/May/2017:15:07:09 -0500] "GET /galeria/galeria/jquery.fancybox.js?v=2.1.5 HTTP/1.1" 200 48706
186.159.39.254 - - [06/May/2017:15:07:09 -0500] "GET /BLA/boletinlegal/js/jquery.scrollShow.js HTTP/1.1" 200 4586
148.251.136.43 - - [06/May/2017:15:07:13 -0500] "GET /BLA/resoluciones/index.php?dir=AUTOS%202015/&sort=name&order=asc HTTP/1.1" 200 468531
66.249.64.53 - - [06/May/2017:15:07:19 -0500] "GET /BLA/resoluciones/AUTOS%202015/2630.pdf HTTP/1.1" 200 791956
148.251.136.43 - - [06/May/2017:15:07:29 -0500] "GET /BLA/resoluciones/index.php?dir=AUTOS%202015/&sort=size&order=desc HTTP/1.1" 200 468530
148.251.136.43 - - [06/May/2017:15:07:40 -0500] "GET /BLA/resoluciones/index.php?dir=AUTOS%202016/&sort=date&order=desc HTTP/1.1" 200 113638
201.245.192.253 - - [06/May/2017:15:07:54 -0500] "GET /galeria/nivo-slider/demo/undefined HTTP/1.1" 404 1314
148.251.136.43 - - [06/May/2017:15:07:54 -0500] "GET /BLA/resoluciones/index.php?dir=AUTOS%202016/&sort=name&order=asc HTTP/1.1" 200 113639
213.251.182.107 - - [06/May/2017:15:08:01 -0500] "-" 408 -
148.251.136.43 - - [06/May/2017:15:08:03 -0500] "GET /BLA/resoluciones/index.php?dir=AUTOS%202017/&sort=date&order=asc HTTP/1.1" 200 7521
201.245.192.253 - - [06/May/2017:15:07:45 -0500] "GET /isolucionsda/Session.asp HTTP/1.1" 502 1348
207.46.13.58 - - [06/May/2017:15:08:01 -0500] "GET /BLA/boletinlegal/Directivas/2009/Directiva%20No.%20del%2023%20de%20Diciembre%20de%202009.pdf HTTP/1.1" 200 1636862
148.251.136.43 - - [06/May/2017:15:08:11 -0500] "GET /BLA/resoluciones/index.php?dir=AUTOS%202017/&sort=date&order=desc HTTP/1.1" 200 7520
186.144.116.18 - - [06/May/2017:15:08:12 -0500] "GET /BLA/resoluciones/RESOLUCIONES%202011/4200.pdf HTTP/1.1" 200 209242
186.83.33.28 - - [06/May/2017:15:08:17 -0500] "GET /BLA/boletinlegal/js/jquery.scrollShow.js HTTP/1.1" 200 4586
186.83.33.28 - - [06/May/2017:15:08:17 -0500] "GET /galeria/galeria/jquery.fancybox.js?v=2.1.5 HTTP/1.1" 200 48706
186.83.33.28 - - [06/May/2017:15:08:17 -0500] "GET /galeria/galeria/jquery.fancybox.css?v=2.1.5 HTTP/1.1" 200 4895
213.251.182.107 - - [06/May/2017:15:08:19 -0500] "-" 408 -
186.83.33.28 - - [06/May/2017:15:08:22 -0500] "GET /BLA/boletinlegal/js/jquery.scrollShow.js HTTP/1.1" 200 4586
