148.251.136.43 - - [06/May/2017:15:56:20 -0500] "GET /BLA/resoluciones/index.php?dir=RESOLUCIONES%202003/RES%202003%201901-1950/&sort=date&order=asc HTTP/1.1" 200 12158
148.251.136.43 - - [06/May/2017:15:56:31 -0500] "GET /BLA/resoluciones/index.php?dir=RESOLUCIONES%202003/RES%202003%201901-1950/&sort=size&order=asc HTTP/1.1" 200 12158
200.75.48.35 - - [06/May/2017:15:56:33 -0500] "GET /autoliquidacion/index.php?dir=Grupo+Forestal+-+Silvicultura%2F HTTP/1.1" 200 3990
200.75.48.35 - - [06/May/2017:15:56:33 -0500] "GET /autoliquidacion/dlf/dirup.png HTTP/1.1" 200 644
200.75.48.35 - - [06/May/2017:15:56:33 -0500] "GET /autoliquidacion/dlf/unknown.png HTTP/1.1" 200 266
200.75.48.35 - - [06/May/2017:15:56:33 -0500] "GET /autoliquidacion/dlf/xls.gif HTTP/1.1" 200 636
201.245.192.253 - - [06/May/2017:15:56:34 -0500] "GET /galeria/nivo-slider/demo/undefined HTTP/1.1" 404 1314
69.162.124.233 - - [06/May/2017:15:56:37 -0500] "HEAD / HTTP/1.1" 200 -
181.59.48.181 - - [06/May/2017:15:56:41 -0500] "GET /galeria/galeria/jquery.fancybox.css?v=2.1.5 HTTP/1.1" 304 -
181.59.48.181 - - [06/May/2017:15:56:41 -0500] "GET /BLA/boletinlegal/js/jquery.scrollShow.js HTTP/1.1" 304 -
181.59.48.181 - - [06/May/2017:15:56:41 -0500] "GET /galeria/galeria/jquery.fancybox.js?v=2.1.5 HTTP/1.1" 304 -
217.182.132.75 - - [06/May/2017:15:56:47 -0500] "GET /BLA/resoluciones/RESOLUCIONES%202004/RES%202004%202251-2300/00002262.tif HTTP/1.1" 200 122200
164.132.161.49 - - [06/May/2017:15:56:50 -0500] "GET /BLA/resoluciones/RESOLUCIONES%202002/RES%202002%20201-250/2002RES208.tif HTTP/1.1" 200 74678
181.234.247.73 - - [06/May/2017:15:57:00 -0500] "GET /galeria/galeria/jquery.fancybox.css?v=2.1.5 HTTP/1.1" 200 4895
181.234.247.73 - - [06/May/2017:15:57:00 -0500] "GET /galeria/galeria/jquery.fancybox.js?v=2.1.5 HTTP/1.1" 200 48706
200.75.48.35 - - [06/May/2017:15:57:00 -0500] "GET /autoliquidacion/Grupo%20Forestal%20-%20Silvicultura/Ficha%20tecnica%20de%20registro%20-%20Ficha%202.docx HTTP/1.1" 200 703648
181.234.247.73 - - [06/May/2017:15:57:00 -0500] "GET /BLA/boletinlegal/js/jquery.scrollShow.js HTTP/1.1" 200 4586
181.234.247.73 - - [06/May/2017:15:57:12 -0500] "GET /BLA/boletinlegal/js/jquery.scrollShow.js HTTP/1.1" 304 -
181.234.247.73 - - [06/May/2017:15:57:12 -0500] "GET /galeria/galeria/jquery.fancybox.js?v=2.1.5 HTTP/1.1" 304 -
181.234.247.73 - - [06/May/2017:15:57:12 -0500] "GET /galeria/galeria/jquery.fancybox.css?v=2.1.5 HTTP/1.1" 304 -
179.7.212.175 - - [06/May/2017:15:57:53 -0500] "GET /galeria/galeria/jquery.fancybox.css?v=2.1.5 HTTP/1.1" 304 -
179.7.212.175 - - [06/May/2017:15:57:53 -0500] "GET /BLA/boletinlegal/js/jquery.scrollShow.js HTTP/1.1" 304 -
179.7.212.175 - - [06/May/2017:15:57:54 -0500] "GET /galeria/galeria/jquery.fancybox.js?v=2.1.5 HTTP/1.1" 304 -
66.249.64.53 - - [06/May/2017:15:57:59 -0500] "GET /BLA/resoluciones/RESOLUCIONES%202009/5769.pdf HTTP/1.1" 200 901265
201.245.192.253 - - [06/May/2017:15:58:14 -0500] "GET /galeria/nivo-slider/demo/undefined HTTP/1.1" 404 1314
200.75.48.35 - - [06/May/2017:15:58:46 -0500] "GET /autoliquidacion/Grupo%20Forestal%20-%20Silvicultura/Formulario%20de%20recoleccion%20de%20informacion%20silvicultural%20por%20individuo%20-%20Ficha%201.xls HTTP/1.1" 200 1517056
192.168.175.104 - - [06/May/2017:15:58:59 -0500] "GET / HTTP/1.0" 200 9990
179.51.109.13 - - [06/May/2017:15:59:18 -0500] "GET /BLA/boletinlegal/js/jquery.scrollShow.js HTTP/1.1" 200 4586
179.51.109.13 - - [06/May/2017:15:59:18 -0500] "GET /galeria/galeria/jquery.fancybox.js?v=2.1.5 HTTP/1.1" 200 48706
179.51.109.13 - - [06/May/2017:15:59:18 -0500] "GET /galeria/galeria/jquery.fancybox.css?v=2.1.5 HTTP/1.1" 200 4895
66.249.64.53 - - [06/May/2017:15:59:35 -0500] "GET /BLA/resoluciones/RESOLUCIONES%202007/RES%202007%20701%20AL%20800/RESOLUCION%200768%20DE%202007.pdf HTTP/1.1" 200 182492
179.51.109.13 - - [06/May/2017:15:59:37 -0500] "GET /galeria/galeria/jquery.fancybox.css?v=2.1.5 HTTP/1.1" 304 -
179.51.109.13 - - [06/May/2017:15:59:37 -0500] "GET /BLA/boletinlegal/js/jquery.scrollShow.js HTTP/1.1" 304 -
179.51.109.13 - - [06/May/2017:15:59:37 -0500] "GET /galeria/galeria/jquery.fancybox.js?v=2.1.5 HTTP/1.1" 304 -
192.168.175.104 - - [06/May/2017:15:59:45 -0500] "GET / HTTP/1.1" 200 9990
201.245.192.253 - - [06/May/2017:15:59:55 -0500] "GET /galeria/nivo-slider/demo/undefined HTTP/1.1" 404 1314
200.75.48.35 - - [06/May/2017:16:00:04 -0500] "GET /autoliquidacion/Grupo%20Forestal%20-%20Silvicultura/Entrega%20del%20cronograma%20para%20el%20control%20a%20la%20ejecucion%20actividades%20silviculturales.xlsx HTTP/1.1" 200 75158
164.132.161.97 - - [06/May/2017:16:00:14 -0500] "GET /BLA/resoluciones/RESOLUCIONES%202002/RES%202002%201501-1550/20021517.tif HTTP/1.1" 200 110796
148.251.136.43 - - [06/May/2017:16:01:09 -0500] "GET /robots.txt HTTP/1.1" 404 1018
148.251.136.43 - - [06/May/2017:16:01:10 -0500] "GET /BLA/resoluciones/index.php?dir=RESOLUCIONES%202003/RES%202003%201951-2000/&sort=date&order=asc HTTP/1.1" 200 12149
192.168.175.104 - - [06/May/2017:16:01:13 -0500] "GET / HTTP/1.1" 200 9990
200.10.154.70 - - [06/May/2017:16:01:26 -0500] "GET /BLA/boletinlegal/jurisprudencia/analisis/CUADRO%20SENTENCIA%20T-299%20DE%202008.doc HTTP/1.1" 200 40960
148.251.136.43 - - [06/May/2017:16:01:28 -0500] "GET /BLA/resoluciones/index.php?dir=RESOLUCIONES%202003/RES%202003%201951-2000/&sort=name&order=desc HTTP/1.1" 200 12148
201.245.192.253 - - [06/May/2017:16:01:36 -0500] "GET /galeria/nivo-slider/demo/undefined HTTP/1.1" 404 1314
69.162.124.233 - - [06/May/2017:16:01:37 -0500] "HEAD / HTTP/1.1" 200 -
148.251.136.43 - - [06/May/2017:16:01:40 -0500] "GET /BLA/resoluciones/index.php?dir=RESOLUCIONES%202003/RES%202003%202001-2051/&sort=date&order=asc HTTP/1.1" 200 12159
148.251.136.43 - - [06/May/2017:16:01:48 -0500] "GET /BLA/resoluciones/index.php?dir=RESOLUCIONES%202003/RES%202003%202001-2051/&sort=name&order=desc HTTP/1.1" 200 12158
148.251.136.43 - - [06/May/2017:16:01:53 -0500] "GET /BLA/resoluciones/index.php?dir=RESOLUCIONES%202003/RES%202003%20201-250/&sort=date&order=asc HTTP/1.1" 200 12348
148.251.136.43 - - [06/May/2017:16:02:00 -0500] "GET /BLA/resoluciones/index.php?dir=RESOLUCIONES%202003/RES%202003%20201-250/&sort=name&order=desc HTTP/1.1" 200 12347
148.251.136.43 - - [06/May/2017:16:02:05 -0500] "GET /BLA/resoluciones/index.php?dir=RESOLUCIONES%202003/RES%202003%20201-250/&sort=size&order=asc HTTP/1.1" 200 12348
200.10.154.70 - - [06/May/2017:16:02:08 -0500] "GET /BLA/boletinlegal/jurisprudencia/analisis/CUADRO%20SENTENCIA%20T-299%20DE%202008.doc HTTP/1.1" 206 1
200.10.154.70 - - [06/May/2017:16:02:08 -0500] "GET /BLA/boletinlegal/jurisprudencia/analisis/CUADRO%20SENTENCIA%20T-299%20DE%202008.doc HTTP/1.1" 206 24576
148.251.136.43 - - [06/May/2017:16:02:10 -0500] "GET /BLA/resoluciones/index.php?dir=RESOLUCIONES%202003/RES%202003%202051-2100/&sort=name&order=desc HTTP/1.1" 200 12151
148.251.136.43 - - [06/May/2017:16:02:17 -0500] "GET /BLA/resoluciones/index.php?dir=RESOLUCIONES%202003/RES%202003%202051-2100/&sort=size&order=asc HTTP/1.1" 200 12152
148.251.136.43 - - [06/May/2017:16:02:29 -0500] "GET /BLA/resoluciones/index.php?dir=RESOLUCIONES%202003/RES%202003%202101-2150/&sort=name&order=desc HTTP/1.1" 200 12159
148.251.136.43 - - [06/May/2017:16:02:36 -0500] "GET /BLA/resoluciones/index.php?dir=RESOLUCIONES%202003/RES%202003%202101-2150/&sort=size&order=asc HTTP/1.1" 200 12160
148.251.136.43 - - [06/May/2017:16:02:43 -0500] "GET /BLA/resoluciones/index.php?dir=RESOLUCIONES%202003/RES%202003%202151-2189/&sort=date&order=asc HTTP/1.1" 200 9915
66.249.64.51 - - [06/May/2017:16:02:47 -0500] "GET /BLA/resoluciones/RESOLUCIONES%202008/3011.pdf HTTP/1.1" 200 205132
148.251.136.43 - - [06/May/2017:16:02:49 -0500] "GET /BLA/resoluciones/index.php?dir=RESOLUCIONES%202003/RES%202003%202151-2189/&sort=name&order=desc HTTP/1.1" 200 9914
148.251.136.43 - - [06/May/2017:16:02:56 -0500] "GET /BLA/resoluciones/index.php?dir=RESOLUCIONES%202003/RES%202003%20251-300/&sort=date&order=asc HTTP/1.1" 200 11115
212.225.226.17 - - [06/May/2017:16:02:59 -0500] "GET /BLA/resoluciones/RESOLUCIONES%202013/1296.pdf HTTP/1.1" 200 3683662
186.145.8.114 - - [06/May/2017:16:03:04 -0500] "GET /galeria/galeria/jquery.fancybox.css?v=2.1.5 HTTP/1.1" 200 4895
186.145.8.114 - - [06/May/2017:16:03:04 -0500] "GET /BLA/boletinlegal/js/jquery.scrollShow.js HTTP/1.1" 200 4586
186.145.8.114 - - [06/May/2017:16:03:04 -0500] "GET /galeria/galeria/jquery.fancybox.js?v=2.1.5 HTTP/1.1" 200 48706
186.145.8.114 - - [06/May/2017:16:03:07 -0500] "GET /BLA/boletinlegal/js/jquery.scrollShow.js HTTP/1.1" 304 -
186.145.8.114 - - [06/May/2017:16:03:07 -0500] "GET /galeria/galeria/jquery.fancybox.css?v=2.1.5 HTTP/1.1" 304 -
186.145.8.114 - - [06/May/2017:16:03:07 -0500] "GET /galeria/galeria/jquery.fancybox.js?v=2.1.5 HTTP/1.1" 304 -
201.245.192.253 - - [06/May/2017:16:03:16 -0500] "GET /galeria/nivo-slider/demo/undefined HTTP/1.1" 404 1314
212.225.226.17 - - [06/May/2017:16:03:19 -0500] "GET /favicon.ico HTTP/1.1" 200 7782
66.249.88.1 - - [06/May/2017:16:03:20 -0500] "GET /BLA/boletinlegal/js/jquery.scrollShow.js HTTP/1.1" 200 4586
66.249.88.1 - - [06/May/2017:16:03:21 -0500] "GET /galeria/galeria/jquery.fancybox.css?v=2.1.5 HTTP/1.1" 200 4895
66.249.88.7 - - [06/May/2017:16:03:21 -0500] "GET /galeria/galeria/jquery.fancybox.js?v=2.1.5 HTTP/1.1" 200 48706
66.249.88.1 - - [06/May/2017:16:03:25 -0500] "GET /galeria/galeria/jquery.fancybox.css?v=2.1.5 HTTP/1.1" 304 -
66.249.88.7 - - [06/May/2017:16:03:25 -0500] "GET /BLA/boletinlegal/js/jquery.scrollShow.js HTTP/1.1" 304 -
66.249.88.7 - - [06/May/2017:16:03:25 -0500] "GET /galeria/galeria/jquery.fancybox.js?v=2.1.5 HTTP/1.1" 304 -
148.251.136.43 - - [06/May/2017:16:03:29 -0500] "GET /BLA/resoluciones/index.php?dir=RESOLUCIONES%202003/RES%202003%20251-300/&sort=name&order=desc HTTP/1.1" 200 11114
148.251.136.43 - - [06/May/2017:16:03:35 -0500] "GET /BLA/resoluciones/index.php?dir=RESOLUCIONES%202003/RES%202003%20251-300/&sort=size&order=asc HTTP/1.1" 200 11115
181.49.71.182 - - [06/May/2017:16:03:42 -0500] "GET /BLA/boletinlegal/consulta.php?menu=residuos HTTP/1.1" 200 20108
148.251.136.43 - - [06/May/2017:16:03:42 -0500] "GET /BLA/resoluciones/index.php?dir=RESOLUCIONES%202003/RES%202003%20301-350/&sort=date&order=asc HTTP/1.1" 200 11308
181.49.71.182 - - [06/May/2017:16:03:44 -0500] "GET /BLA/boletinlegal/consulta.php?menu=residuos HTTP/1.1" 200 20108
190.159.178.137 - - [06/May/2017:16:03:44 -0500] "GET /BLA/boletinlegal/js/jquery.scrollShow.js HTTP/1.1" 200 4586
190.159.178.137 - - [06/May/2017:16:03:44 -0500] "GET /galeria/galeria/jquery.fancybox.css?v=2.1.5 HTTP/1.1" 200 4895
181.49.71.182 - - [06/May/2017:16:03:44 -0500] "GET /BLA/boletinlegal/consulta.php?menu=residuos HTTP/1.1" 200 20108
190.159.178.137 - - [06/May/2017:16:03:45 -0500] "GET /galeria/galeria/jquery.fancybox.js?v=2.1.5 HTTP/1.1" 200 48706
181.49.71.182 - - [06/May/2017:16:03:47 -0500] "GET /BLA/boletinlegal/consulta.php?menu=residuos HTTP/1.1" 200 20108
148.251.136.43 - - [06/May/2017:16:03:47 -0500] "GET /BLA/resoluciones/index.php?dir=RESOLUCIONES%202003/RES%202003%20301-350/&sort=name&order=desc HTTP/1.1" 200 11307
148.251.136.43 - - [06/May/2017:16:03:51 -0500] "GET /BLA/resoluciones/index.php?dir=RESOLUCIONES%202003/RES%202003%20301-350/&sort=size&order=asc HTTP/1.1" 200 11308
190.159.178.137 - - [06/May/2017:16:03:56 -0500] "GET /galeria/galeria/jquery.fancybox.css?v=2.1.5 HTTP/1.1" 304 -
190.159.178.137 - - [06/May/2017:16:03:57 -0500] "GET /BLA/boletinlegal/js/jquery.scrollShow.js HTTP/1.1" 304 -
190.159.178.137 - - [06/May/2017:16:03:57 -0500] "GET /galeria/galeria/jquery.fancybox.js?v=2.1.5 HTTP/1.1" 304 -
192.168.175.104 - - [06/May/2017:16:03:57 -0500] "GET / HTTP/1.0" 200 9990
201.185.99.146 - - [06/May/2017:16:04:00 -0500] "GET /galeria/galeria/jquery.fancybox.css?v=2.1.5 HTTP/1.1" 200 4895
201.185.99.146 - - [06/May/2017:16:04:00 -0500] "GET /galeria/galeria/jquery.fancybox.js?v=2.1.5 HTTP/1.1" 200 48706
201.185.99.146 - - [06/May/2017:16:04:00 -0500] "GET /BLA/boletinlegal/js/jquery.scrollShow.js HTTP/1.1" 200 4586
201.185.99.146 - - [06/May/2017:16:04:02 -0500] "GET /BLA/boletinlegal/js/jquery.scrollShow.js HTTP/1.1" 304 -
201.185.99.146 - - [06/May/2017:16:04:02 -0500] "GET /galeria/galeria/jquery.fancybox.css?v=2.1.5 HTTP/1.1" 304 -
201.185.99.146 - - [06/May/2017:16:04:02 -0500] "GET /galeria/galeria/jquery.fancybox.js?v=2.1.5 HTTP/1.1" 304 -
148.251.136.43 - - [06/May/2017:16:04:09 -0500] "GET /BLA/resoluciones/index.php?dir=RESOLUCIONES%202003/RES%202003%20351-400/&sort=date&order=asc HTTP/1.1" 200 11305
148.251.136.43 - - [06/May/2017:16:04:15 -0500] "GET /BLA/resoluciones/index.php?dir=RESOLUCIONES%202003/RES%202003%20401-450/&sort=name&order=desc HTTP/1.1" 200 11311
66.249.64.53 - - [06/May/2017:16:04:23 -0500] "GET /BLA/resoluciones/RESOLUCIONES%202007/RES%202007%203501%20AL%203600/RESOLUCION%203511%20DE%202007.pdf HTTP/1.1" 200 408103
148.251.136.43 - - [06/May/2017:16:04:24 -0500] "GET /BLA/resoluciones/index.php?dir=RESOLUCIONES%202003/RES%202003%20451-500/&sort=date&order=asc HTTP/1.1" 200 11311
148.251.136.43 - - [06/May/2017:16:04:29 -0500] "GET /BLA/resoluciones/index.php?dir=RESOLUCIONES%202003/RES%202003%20501-550/&sort=name&order=desc HTTP/1.1" 200 11307
148.251.136.43 - - [06/May/2017:16:04:39 -0500] "GET /BLA/resoluciones/index.php?dir=RESOLUCIONES%202003/RES%202003%20551-600/&sort=date&order=asc HTTP/1.1" 200 11305
192.168.175.104 - - [06/May/2017:16:04:43 -0500] "GET / HTTP/1.1" 200 9990
148.251.136.43 - - [06/May/2017:16:04:46 -0500] "GET /BLA/resoluciones/index.php?dir=RESOLUCIONES%202003/RES%202003%20551-600/&sort=name&order=desc HTTP/1.1" 200 11304
148.251.136.43 - - [06/May/2017:16:04:50 -0500] "GET /BLA/resoluciones/index.php?dir=RESOLUCIONES%202003/RES%202003%20601-650/&sort=date&order=asc HTTP/1.1" 200 11292
201.245.192.253 - - [06/May/2017:16:04:57 -0500] "GET /galeria/nivo-slider/demo/undefined HTTP/1.1" 404 1314
148.251.136.43 - - [06/May/2017:16:04:58 -0500] "GET /BLA/resoluciones/index.php?dir=RESOLUCIONES%202003/RES%202003%20651-700/&sort=date&order=asc HTTP/1.1" 200 11300
148.251.136.43 - - [06/May/2017:16:05:06 -0500] "GET /BLA/resoluciones/index.php?dir=RESOLUCIONES%202003/RES%202003%20651-700/&sort=size&order=asc HTTP/1.1" 200 11300
148.251.136.43 - - [06/May/2017:16:05:14 -0500] "GET /BLA/resoluciones/index.php?dir=RESOLUCIONES%202003/RES%202003%20701-750/&sort=date&order=asc HTTP/1.1" 200 11298
148.251.136.43 - - [06/May/2017:16:05:24 -0500] "GET /BLA/resoluciones/index.php?dir=RESOLUCIONES%202003/RES%202003%20701-750/&sort=name&order=desc HTTP/1.1" 200 11297
190.158.12.105 - - [06/May/2017:16:05:25 -0500] "GET /galeria/galeria/jquery.fancybox.js?v=2.1.5 HTTP/1.1" 200 48706
190.158.12.105 - - [06/May/2017:16:05:25 -0500] "GET /galeria/galeria/jquery.fancybox.css?v=2.1.5 HTTP/1.1" 200 4895
190.158.12.105 - - [06/May/2017:16:05:25 -0500] "GET /BLA/boletinlegal/js/jquery.scrollShow.js HTTP/1.1" 200 4586
51.255.65.90 - - [06/May/2017:16:05:28 -0500] "GET /BLA/resoluciones/AUTOS%202006/AUTOS%202006%202001%20-%202100/00002022.tif HTTP/1.1" 200 54356
148.251.136.43 - - [06/May/2017:16:05:32 -0500] "GET /BLA/resoluciones/index.php?dir=RESOLUCIONES%202003/RES%202003%20751-800/&sort=date&order=asc HTTP/1.1" 200 11302
148.251.136.43 - - [06/May/2017:16:05:38 -0500] "GET /BLA/resoluciones/index.php?dir=RESOLUCIONES%202003/RES%202003%20751-800/&sort=size&order=asc HTTP/1.1" 200 11302
186.179.100.93 - - [06/May/2017:16:05:38 -0500] "GET /galeria/galeria/jquery.fancybox.css?v=2.1.5 HTTP/1.1" 200 4895
186.179.100.93 - - [06/May/2017:16:05:38 -0500] "GET /galeria/galeria/jquery.fancybox.js?v=2.1.5 HTTP/1.1" 200 48706
186.179.100.93 - - [06/May/2017:16:05:38 -0500] "GET /BLA/boletinlegal/js/jquery.scrollShow.js HTTP/1.1" 200 4586
186.179.100.93 - - [06/May/2017:16:05:42 -0500] "GET /galeria/galeria/jquery.fancybox.js?v=2.1.5 HTTP/1.1" 304 -
186.179.100.93 - - [06/May/2017:16:05:42 -0500] "GET /BLA/boletinlegal/js/jquery.scrollShow.js HTTP/1.1" 304 -
186.179.100.93 - - [06/May/2017:16:05:42 -0500] "GET /galeria/galeria/jquery.fancybox.css?v=2.1.5 HTTP/1.1" 304 -
148.251.136.43 - - [06/May/2017:16:05:47 -0500] "GET /BLA/resoluciones/index.php?dir=RESOLUCIONES%202003/RES%202003%20801-850/&sort=size&order=asc HTTP/1.1" 200 11308
148.251.136.43 - - [06/May/2017:16:05:51 -0500] "GET /BLA/resoluciones/index.php?dir=RESOLUCIONES%202003/RES%202003%20851-900/&sort=date&order=asc HTTP/1.1" 200 11302
148.251.136.43 - - [06/May/2017:16:05:57 -0500] "GET /BLA/resoluciones/index.php?dir=RESOLUCIONES%202003/RES%202003%20901-950/&sort=size&order=asc HTTP/1.1" 200 11306
66.249.64.29 - - [06/May/2017:16:06:00 -0500] "GET /.well-known/assetlinks.json HTTP/1.1" 404 1015
148.251.136.43 - - [06/May/2017:16:06:01 -0500] "GET /BLA/resoluciones/index.php?dir=RESOLUCIONES%202003/RES%202003%20951-1000/&sort=size&order=asc HTTP/1.1" 200 11179
148.251.136.43 - - [06/May/2017:16:06:10 -0500] "GET /BLA/resoluciones/index.php?dir=RESOLUCIONES%202004/&sort=date&order=desc HTTP/1.1" 200 12999
192.168.175.104 - - [06/May/2017:16:06:11 -0500] "GET / HTTP/1.1" 200 9990
148.251.136.43 - - [06/May/2017:16:06:16 -0500] "GET /BLA/resoluciones/index.php?dir=RESOLUCIONES%202004/&sort=size&order=desc HTTP/1.1" 200 12999
190.37.162.42 - - [06/May/2017:16:06:17 -0500] "GET /galeria/galeria/jquery.fancybox.css?v=2.1.5 HTTP/1.1" 200 4895
190.37.162.42 - - [06/May/2017:16:06:17 -0500] "GET /BLA/boletinlegal/js/jquery.scrollShow.js HTTP/1.1" 200 4586
190.37.162.42 - - [06/May/2017:16:06:17 -0500] "GET /galeria/galeria/jquery.fancybox.js?v=2.1.5 HTTP/1.1" 200 48706
148.251.136.43 - - [06/May/2017:16:06:22 -0500] "GET /BLA/resoluciones/index.php?dir=RESOLUCIONES%202004/RES%202004%2001-%2050/&sort=date&order=asc HTTP/1.1" 200 11966
148.251.136.43 - - [06/May/2017:16:06:29 -0500] "GET /BLA/resoluciones/index.php?dir=RESOLUCIONES%202004/RES%202004%2001-%2050/&sort=name&order=desc HTTP/1.1" 200 11965
148.251.136.43 - - [06/May/2017:16:06:33 -0500] "GET /BLA/resoluciones/index.php?dir=RESOLUCIONES%202004/RES%202004%2001-%2050/&sort=size&order=asc HTTP/1.1" 200 11966
69.162.124.233 - - [06/May/2017:16:06:37 -0500] "HEAD / HTTP/1.1" 200 -
201.245.192.253 - - [06/May/2017:16:06:38 -0500] "GET /galeria/nivo-slider/demo/undefined HTTP/1.1" 404 1314
186.87.37.181 - - [06/May/2017:16:06:42 -0500] "GET /galeria/galeria/fotos/Entrenube3G.jpg HTTP/1.1" 200 138221
190.25.64.4 - - [06/May/2017:16:07:06 -0500] "GET /BLA/resoluciones/RESOLUCIONES%202007/RES%202007%20701%20AL%20800/RESOLUCION%200705%20DE%202007.pdf HTTP/1.1" 200 1060513
190.25.64.4 - - [06/May/2017:16:07:06 -0500] "GET /favicon.ico HTTP/1.1" 200 7782
168.176.40.28 - - [06/May/2017:16:07:15 -0500] "GET /galeria/galeria/jquery.fancybox.css?v=2.1.5 HTTP/1.1" 200 4895
168.176.40.28 - - [06/May/2017:16:07:15 -0500] "GET /BLA/boletinlegal/js/jquery.scrollShow.js HTTP/1.1" 200 4586
168.176.40.28 - - [06/May/2017:16:07:15 -0500] "GET /galeria/galeria/jquery.fancybox.js?v=2.1.5 HTTP/1.1" 200 48706
177.252.249.47 - - [06/May/2017:16:07:18 -0500] "GET /BLA/resoluciones/AUTOS%202012/1525.pdf HTTP/1.1" 206 148480
177.252.249.47 - - [06/May/2017:16:07:19 -0500] "GET /BLA/resoluciones/AUTOS%202012/1525.pdf HTTP/1.1" 206 34
177.252.249.47 - - [06/May/2017:16:07:20 -0500] "GET /BLA/resoluciones/AUTOS%202012/1525.pdf HTTP/1.1" 206 34
190.0.34.226 - - [06/May/2017:16:07:20 -0500] "GET /galeria/galeria/jquery.fancybox.css?v=2.1.5 HTTP/1.1" 200 4895
190.0.34.226 - - [06/May/2017:16:07:20 -0500] "GET /galeria/galeria/jquery.fancybox.js?v=2.1.5 HTTP/1.1" 200 48706
190.0.34.226 - - [06/May/2017:16:07:20 -0500] "GET /BLA/boletinlegal/js/jquery.scrollShow.js HTTP/1.1" 200 4586
190.0.34.226 - - [06/May/2017:16:07:27 -0500] "GET /galeria/galeria/jquery.fancybox.js?v=2.1.5 HTTP/1.1" 304 -
190.0.34.226 - - [06/May/2017:16:07:27 -0500] "GET /galeria/galeria/jquery.fancybox.css?v=2.1.5 HTTP/1.1" 304 -
190.0.34.226 - - [06/May/2017:16:07:27 -0500] "GET /BLA/boletinlegal/js/jquery.scrollShow.js HTTP/1.1" 304 -
201.245.192.253 - - [06/May/2017:16:08:18 -0500] "GET /galeria/nivo-slider/demo/undefined HTTP/1.1" 404 1314
66.249.64.26 - - [06/May/2017:16:08:32 -0500] "GET / HTTP/1.1" 200 9990
170.245.59.228 - - [06/May/2017:16:08:48 -0500] "GET /galeria/galeria/fotos/1humedal-Burro1G.jpg HTTP/1.1" 200 132804
66.249.88.1 - - [06/May/2017:16:08:48 -0500] "GET /BLA/boletinlegal/js/jquery.scrollShow.js HTTP/1.1" 200 4586
66.249.88.4 - - [06/May/2017:16:08:48 -0500] "GET /galeria/galeria/jquery.fancybox.js?v=2.1.5 HTTP/1.1" 200 48706
66.249.88.4 - - [06/May/2017:16:08:49 -0500] "GET /galeria/galeria/jquery.fancybox.css?v=2.1.5 HTTP/1.1" 200 4895
192.168.175.104 - - [06/May/2017:16:08:55 -0500] "GET / HTTP/1.0" 200 9990
66.249.88.4 - - [06/May/2017:16:09:00 -0500] "GET /galeria/galeria/jquery.fancybox.css?v=2.1.5 HTTP/1.1" 200 4895
66.249.88.1 - - [06/May/2017:16:09:00 -0500] "GET /galeria/galeria/jquery.fancybox.js?v=2.1.5 HTTP/1.1" 200 48706
66.249.88.7 - - [06/May/2017:16:09:00 -0500] "GET /BLA/boletinlegal/js/jquery.scrollShow.js HTTP/1.1" 200 4586
181.61.133.38 - - [06/May/2017:16:09:07 -0500] "GET /BLA/boletinlegal/js/jquery.scrollShow.js HTTP/1.1" 200 4586
181.61.133.38 - - [06/May/2017:16:09:07 -0500] "GET /galeria/galeria/jquery.fancybox.js?v=2.1.5 HTTP/1.1" 200 48706
181.61.133.38 - - [06/May/2017:16:09:07 -0500] "GET /galeria/carrusel/Carrusel/jquery.thumbnailScroller.css HTTP/1.1" 200 2066
181.61.133.38 - - [06/May/2017:16:09:07 -0500] "GET /galeria/carrusel/Carrusel/jquery-ui-1.8.13.custom.min.js HTTP/1.1" 200 10800
181.61.133.38 - - [06/May/2017:16:09:07 -0500] "GET /galeria/galeria/jquery.fancybox.css?v=2.1.5 HTTP/1.1" 200 4895
181.61.133.38 - - [06/May/2017:16:09:07 -0500] "GET /galeria/carrusel/Carrusel/jquery.thumbnailScroller.js HTTP/1.1" 200 8157
181.61.133.38 - - [06/May/2017:16:09:07 -0500] "GET /galeria/nivo-slider/demo/demo.html HTTP/1.1" 200 3849
181.61.133.38 - - [06/May/2017:16:09:08 -0500] "GET /galeria/nivo-slider/themes/pascal/pascal.css HTTP/1.1" 200 2258
181.61.133.38 - - [06/May/2017:16:09:08 -0500] "GET /galeria/nivo-slider/themes/default/default.css HTTP/1.1" 200 1569
181.61.133.38 - - [06/May/2017:16:09:08 -0500] "GET /galeria/nivo-slider/demo/style.css HTTP/1.1" 200 2222
181.61.133.38 - - [06/May/2017:16:09:08 -0500] "GET /galeria/nivo-slider/themes/orman/orman.css HTTP/1.1" 200 2152
181.61.133.38 - - [06/May/2017:16:09:08 -0500] "GET /galeria/nivo-slider/nivo-slider.css HTTP/1.1" 200 1507
181.61.133.38 - - [06/May/2017:16:09:08 -0500] "GET /galeria/nivo-slider/demo/scripts/jquery-1.7.1.min.js HTTP/1.1" 200 93868
181.61.133.38 - - [06/May/2017:16:09:08 -0500] "GET /galeria/nivo-slider/jquery.nivo.slider.pack.js HTTP/1.1" 200 11561
181.61.133.38 - - [06/May/2017:16:09:08 -0500] "GET /galeria/nivo-slider/demo/images/bannerconvocatria3.jpg HTTP/1.1" 200 235024
181.61.133.38 - - [06/May/2017:16:09:08 -0500] "GET /galeria/nivo-slider/demo/images/BANNERRECICLATON2017.jpg HTTP/1.1" 200 244103
181.61.133.38 - - [06/May/2017:16:09:08 -0500] "GET /galeria/nivo-slider/demo/images/4Simple_Slider.png HTTP/1.1" 200 11722
181.61.133.38 - - [06/May/2017:16:09:08 -0500] "GET /galeria/nivo-slider/themes/default/loading.gif HTTP/1.1" 200 1737
181.61.133.38 - - [06/May/2017:16:09:08 -0500] "GET /galeria/nivo-slider/demo/images/banner%20web%20fiblibro.jpg HTTP/1.1" 200 102374
181.61.133.38 - - [06/May/2017:16:09:08 -0500] "GET /galeria/nivo-slider/demo/images/bannercampa%C3%B1acambiodesede.jpg HTTP/1.1" 200 134156
181.61.133.38 - - [06/May/2017:16:09:08 -0500] "GET /galeria/nivo-slider/demo/images/banner%20reportedearbolescaidos.jpg HTTP/1.1" 200 249999
181.61.133.38 - - [06/May/2017:16:09:09 -0500] "GET /galeria/nivo-slider/demo/images/banenr%20web%20reto%20IEEE-01.jpg HTTP/1.1" 200 219648
181.61.133.38 - - [06/May/2017:16:09:09 -0500] "GET /galeria/nivo-slider/demo/images/BANNERCAMINATAS%20ECOLOGICAS%20MARZO.jpg HTTP/1.1" 200 266671
181.61.133.38 - - [06/May/2017:16:09:09 -0500] "GET /galeria/nivo-slider/demo/images/banner%20aceite%20vegetal%20usado.jpg HTTP/1.1" 200 169350
181.61.133.38 - - [06/May/2017:16:09:09 -0500] "GET /galeria/nivo-slider/demo/images/bannerlumina2017web.jpg HTTP/1.1" 200 198918
181.61.133.38 - - [06/May/2017:16:09:10 -0500] "GET /galeria/nivo-slider/demo/images/BANNERRUTADEVERTIMIENTOS.jpg HTTP/1.1" 200 98506
181.61.133.38 - - [06/May/2017:16:09:10 -0500] "GET /galeria/nivo-slider/demo/images/bolsas-06.jpg HTTP/1.1" 200 210950
181.61.133.38 - - [06/May/2017:16:09:12 -0500] "GET /galeria/nivo-slider/themes/default/arrows.png HTTP/1.1" 200 824
181.61.133.38 - - [06/May/2017:16:09:12 -0500] "GET /galeria/nivo-slider/themes/default/bullets.png HTTP/1.1" 200 1281
181.61.133.38 - - [06/May/2017:16:09:31 -0500] "GET /BLA/boletinlegal/js/jquery.scrollShow.js HTTP/1.1" 200 4586
181.61.133.38 - - [06/May/2017:16:09:31 -0500] "GET /galeria/galeria/jquery.fancybox.js?v=2.1.5 HTTP/1.1" 200 48706
181.61.133.38 - - [06/May/2017:16:09:31 -0500] "GET /galeria/galeria/jquery.fancybox.css?v=2.1.5 HTTP/1.1" 200 4895
186.179.67.98 - - [06/May/2017:16:09:37 -0500] "GET /BLA/boletinlegal/js/jquery.scrollShow.js HTTP/1.1" 200 4586
186.179.67.98 - - [06/May/2017:16:09:37 -0500] "GET /galeria/galeria/jquery.fancybox.js?v=2.1.5 HTTP/1.1" 200 48706
186.179.67.98 - - [06/May/2017:16:09:37 -0500] "GET /galeria/galeria/jquery.fancybox.css?v=2.1.5 HTTP/1.1" 200 4895
51.255.71.116 - - [06/May/2017:16:09:40 -0500] "GET /BLA/resoluciones/RESOLUCIONES%202002/RES%202002%20401-450/00000424.tif HTTP/1.1" 200 58502
192.168.175.104 - - [06/May/2017:16:09:41 -0500] "GET / HTTP/1.1" 200 9990
148.251.136.43 - - [06/May/2017:16:09:42 -0500] "GET /robots.txt HTTP/1.1" 404 1018
148.251.136.43 - - [06/May/2017:16:09:42 -0500] "GET /BLA/resoluciones/index.php?dir=RESOLUCIONES%202004/RES%202004%201001-1050/&sort=date&order=asc HTTP/1.1" 200 12169
201.245.192.253 - - [06/May/2017:16:09:59 -0500] "GET /galeria/nivo-slider/demo/undefined HTTP/1.1" 404 1314
200.116.152.16 - - [06/May/2017:16:10:03 -0500] "GET /galeria/galeria/jquery.fancybox.css?v=2.1.5 HTTP/1.1" 200 4895
200.116.152.16 - - [06/May/2017:16:10:03 -0500] "GET /BLA/boletinlegal/js/jquery.scrollShow.js HTTP/1.1" 200 4586
200.116.152.16 - - [06/May/2017:16:10:03 -0500] "GET /galeria/galeria/jquery.fancybox.js?v=2.1.5 HTTP/1.1" 200 48706
200.116.152.16 - - [06/May/2017:16:10:10 -0500] "GET /galeria/galeria/jquery.fancybox.js?v=2.1.5 HTTP/1.1" 304 -
200.116.152.16 - - [06/May/2017:16:10:10 -0500] "GET /galeria/galeria/jquery.fancybox.css?v=2.1.5 HTTP/1.1" 304 -
200.116.152.16 - - [06/May/2017:16:10:10 -0500] "GET /BLA/boletinlegal/js/jquery.scrollShow.js HTTP/1.1" 304 -
201.245.192.253 - - [06/May/2017:16:10:40 -0500] "GET /BLA/boletinlegal/styles2.css HTTP/1.1" 200 1838
201.245.192.253 - - [06/May/2017:16:10:40 -0500] "GET /BLA/boletinlegal/style.css HTTP/1.1" 200 9406
201.245.192.253 - - [06/May/2017:16:10:40 -0500] "GET /BLA/boletinlegal/js/jquery.scrollTo-min.js HTTP/1.1" 200 1150
201.245.192.253 - - [06/May/2017:16:10:40 -0500] "GET /BLA/boletinlegal/js/jquery.scrollShow.js HTTP/1.1" 200 4586
201.245.192.253 - - [06/May/2017:16:10:40 -0500] "GET /BLA/boletinlegal/js/jquery.js HTTP/1.1" 200 57254
201.245.192.253 - - [06/May/2017:16:10:40 -0500] "GET /BLA/boletinlegal/images/registro-usuarios.png HTTP/1.1" 200 8106
201.245.192.253 - - [06/May/2017:16:10:40 -0500] "GET /BLA/boletinlegal/images/arr_l.jpg HTTP/1.1" 200 1979
201.245.192.253 - - [06/May/2017:16:10:40 -0500] "GET /BLA/boletinlegal/images/launch.jpg HTTP/1.1" 200 14577
201.245.192.253 - - [06/May/2017:16:10:40 -0500] "GET /BLA/boletinlegal/images/body_bg.jpg HTTP/1.1" 200 1601
201.245.192.253 - - [06/May/2017:16:10:40 -0500] "GET /BLA/boletinlegal/images/menu_lft.gif HTTP/1.1" 200 1713
201.245.192.253 - - [06/May/2017:16:10:40 -0500] "GET /BLA/boletinlegal/images/menu_rght.gif HTTP/1.1" 200 1627
201.245.192.253 - - [06/May/2017:16:10:40 -0500] "GET /BLA/boletinlegal/images/bg_top.jpg HTTP/1.1" 200 522
201.245.192.253 - - [06/May/2017:16:10:40 -0500] "GET /BLA/boletinlegal/images/menu_bg.jpg HTTP/1.1" 200 620
201.245.192.253 - - [06/May/2017:16:10:40 -0500] "GET /BLA/boletinlegal/images/hover.jpg HTTP/1.1" 200 640
201.245.192.253 - - [06/May/2017:16:10:40 -0500] "GET /BLA/boletinlegal/images/text.jpg HTTP/1.1" 200 568
201.245.192.253 - - [06/May/2017:16:10:40 -0500] "GET /BLA/boletinlegal/images/cabezote%20BLEGAL.jpg HTTP/1.1" 200 118164
201.245.192.253 - - [06/May/2017:16:10:40 -0500] "GET /BLA/boletinlegal/images/subscribe-icon-big.png HTTP/1.1" 200 47702
201.245.192.253 - - [06/May/2017:16:10:40 -0500] "GET /BLA/boletinlegal/images/historia.png HTTP/1.1" 200 52775
201.245.192.253 - - [06/May/2017:16:10:40 -0500] "GET /BLA/boletinlegal/images/screen_1.png HTTP/1.1" 200 202547
201.245.192.253 - - [06/May/2017:16:10:42 -0500] "GET /BLA/boletinlegal/actos.php HTTP/1.1" 200 8698
201.245.192.253 - - [06/May/2017:16:10:42 -0500] "GET /BLA/boletinlegal/niceforms.js HTTP/1.1" 200 22876
201.245.192.253 - - [06/May/2017:16:10:42 -0500] "GET /BLA/boletinlegal/niceforms-default.css HTTP/1.1" 200 6694
201.245.192.253 - - [06/May/2017:16:10:42 -0500] "GET /BLA/boletinlegal/js/lib.js HTTP/1.1" 200 6474
201.245.192.253 - - [06/May/2017:16:10:42 -0500] "GET /BLA/boletinlegal/js/popup.js HTTP/1.1" 200 1270
201.245.192.253 - - [06/May/2017:16:10:42 -0500] "GET /BLA/boletinlegal/js/jquery1.js HTTP/1.1" 200 29846
201.245.192.253 - - [06/May/2017:16:10:42 -0500] "GET /BLA/boletinlegal/images/green-yellow-blue-pink-th.png HTTP/1.1" 200 7394
201.245.192.253 - - [06/May/2017:16:10:42 -0500] "GET /BLA/boletinlegal/js/ajax_actos.js HTTP/1.1" 200 1322
201.245.192.253 - - [06/May/2017:16:10:42 -0500] "GET /BLA/boletinlegal/images/abajo.png HTTP/1.1" 200 96676
201.245.192.253 - - [06/May/2017:16:10:42 -0500] "GET /BLA/boletinlegal/images/tel.png HTTP/1.1" 200 14477
201.245.192.253 - - [06/May/2017:16:10:42 -0500] "GET /BLA/boletinlegal/images/icono-email.png HTTP/1.1" 200 5544
201.245.192.253 - - [06/May/2017:16:10:42 -0500] "GET /BLA/boletinlegal/images/footer_bg.jpg HTTP/1.1" 200 586
201.245.192.253 - - [06/May/2017:16:10:42 -0500] "GET /BLA/boletinlegal/images/footer_bg_l.jpg HTTP/1.1" 200 776
201.245.192.253 - - [06/May/2017:16:10:42 -0500] "GET /BLA/boletinlegal/img/0.png HTTP/1.1" 200 110
201.245.192.253 - - [06/May/2017:16:10:42 -0500] "GET /BLA/boletinlegal/img/select-left.png HTTP/1.1" 200 263
201.245.192.253 - - [06/May/2017:16:10:42 -0500] "GET /BLA/boletinlegal/img/button-right.png HTTP/1.1" 200 57878
201.245.192.253 - - [06/May/2017:16:10:42 -0500] "GET /favicon.ico HTTP/1.1" 200 7782
201.245.192.253 - - [06/May/2017:16:10:42 -0500] "GET /BLA/boletinlegal/img/button.png HTTP/1.1" 200 43241
201.245.192.253 - - [06/May/2017:16:10:42 -0500] "GET /BLA/boletinlegal/img/button-left.png HTTP/1.1" 200 57071
201.245.192.253 - - [06/May/2017:16:10:42 -0500] "GET /BLA/boletinlegal/img/select-right.png HTTP/1.1" 200 44019
189.178.3.34 - - [06/May/2017:16:10:53 -0500] "GET /BLA/boletinlegal/js/jquery.scrollShow.js HTTP/1.1" 200 4586
189.178.3.34 - - [06/May/2017:16:10:53 -0500] "GET /galeria/galeria/jquery.fancybox.js?v=2.1.5 HTTP/1.1" 200 48706
189.178.3.34 - - [06/May/2017:16:10:53 -0500] "GET /galeria/galeria/jquery.fancybox.css?v=2.1.5 HTTP/1.1" 200 4895
201.245.192.253 - - [06/May/2017:16:10:53 -0500] "GET /BLA/boletinlegal/consulta_actos.php?tipo=autos&no=1936&usuario=&sector=&fecha=2016&resuelve= HTTP/1.1" 200 1068
201.245.192.253 - - [06/May/2017:16:10:53 -0500] "GET /BLA/boletinlegal/images/pdf.gif HTTP/1.1" 200 567
189.178.3.34 - - [06/May/2017:16:11:00 -0500] "GET /BLA/boletinlegal/js/jquery.scrollShow.js HTTP/1.1" 200 4586
189.178.3.34 - - [06/May/2017:16:11:00 -0500] "GET /galeria/galeria/jquery.fancybox.css?v=2.1.5 HTTP/1.1" 200 4895
189.178.3.34 - - [06/May/2017:16:11:00 -0500] "GET /galeria/galeria/jquery.fancybox.js?v=2.1.5 HTTP/1.1" 200 48706
201.245.192.253 - - [06/May/2017:16:10:40 -0500] "GET /BLA/boletinlegal/ HTTP/1.1" 200 28619
186.114.31.225 - - [06/May/2017:16:11:07 -0500] "GET /galeria/galeria/jquery.fancybox.css?v=2.1.5 HTTP/1.1" 200 4895
186.114.31.225 - - [06/May/2017:16:11:07 -0500] "GET /BLA/boletinlegal/js/jquery.scrollShow.js HTTP/1.1" 200 4586
186.114.31.225 - - [06/May/2017:16:11:07 -0500] "GET /galeria/galeria/jquery.fancybox.js?v=2.1.5 HTTP/1.1" 200 48706
192.168.175.104 - - [06/May/2017:16:11:09 -0500] "GET / HTTP/1.1" 200 9990
148.251.136.43 - - [06/May/2017:16:11:09 -0500] "GET /BLA/resoluciones/index.php?dir=RESOLUCIONES%202004/RES%202004%201001-1050/&sort=name&order=desc HTTP/1.1" 200 12168
148.251.136.43 - - [06/May/2017:16:11:14 -0500] "GET /BLA/resoluciones/index.php?dir=RESOLUCIONES%202004/RES%202004%201001-1050/&sort=size&order=asc HTTP/1.1" 200 12169
186.87.254.52 - - [06/May/2017:16:11:20 -0500] "GET /galeria/galeria/jquery.fancybox.css?v=2.1.5 HTTP/1.1" 200 4895
186.87.254.52 - - [06/May/2017:16:11:20 -0500] "GET /BLA/boletinlegal/js/jquery.scrollShow.js HTTP/1.1" 200 4586
186.87.254.52 - - [06/May/2017:16:11:20 -0500] "GET /galeria/galeria/jquery.fancybox.js?v=2.1.5 HTTP/1.1" 200 48706
186.87.254.52 - - [06/May/2017:16:11:23 -0500] "GET /galeria/galeria/jquery.fancybox.js?v=2.1.5 HTTP/1.1" 304 -
186.87.254.52 - - [06/May/2017:16:11:23 -0500] "GET /BLA/boletinlegal/js/jquery.scrollShow.js HTTP/1.1" 304 -
186.87.254.52 - - [06/May/2017:16:11:23 -0500] "GET /galeria/galeria/jquery.fancybox.css?v=2.1.5 HTTP/1.1" 304 -
148.251.136.43 - - [06/May/2017:16:11:26 -0500] "GET /BLA/resoluciones/index.php?dir=RESOLUCIONES%202004/RES%202004%20101-150/&sort=date&order=asc HTTP/1.1" 200 12033
200.3.193.225 - - [06/May/2017:16:11:28 -0500] "GET /BLA/boletinlegal/js/jquery.scrollShow.js HTTP/1.1" 200 4586
200.3.193.225 - - [06/May/2017:16:11:28 -0500] "GET /galeria/galeria/jquery.fancybox.css?v=2.1.5 HTTP/1.1" 200 4895
200.3.193.225 - - [06/May/2017:16:11:28 -0500] "GET /galeria/galeria/jquery.fancybox.js?v=2.1.5 HTTP/1.1" 200 48706
186.114.31.225 - - [06/May/2017:16:11:30 -0500] "GET /galeria/galeria/jquery.fancybox.css?v=2.1.5 HTTP/1.1" 304 -
186.114.31.225 - - [06/May/2017:16:11:30 -0500] "GET /BLA/boletinlegal/js/jquery.scrollShow.js HTTP/1.1" 304 -
186.114.31.225 - - [06/May/2017:16:11:30 -0500] "GET /galeria/galeria/jquery.fancybox.js?v=2.1.5 HTTP/1.1" 304 -
51.255.71.113 - - [06/May/2017:16:11:30 -0500] "GET /BLA/resoluciones/RESOLUCIONES%202006/RES%202006%20101-150/00000138.tif HTTP/1.1" 200 176100
181.61.133.38 - - [06/May/2017:16:11:31 -0500] "GET /catalogoisis/ HTTP/1.1" 200 8575
181.61.133.38 - - [06/May/2017:16:11:31 -0500] "GET /catalogoisis/Css/Busqueda.css HTTP/1.1" 200 1995
181.61.133.38 - - [06/May/2017:16:11:31 -0500] "GET /catalogoisis/Js/AceptarLimpiar.js HTTP/1.1" 200 331
181.61.133.38 - - [06/May/2017:16:11:31 -0500] "GET /catalogoisis/Js/Go.js HTTP/1.1" 200 364
181.61.133.38 - - [06/May/2017:16:11:31 -0500] "GET /catalogoisis/Js/Numero.js HTTP/1.1" 200 398
181.61.133.38 - - [06/May/2017:16:11:31 -0500] "GET /catalogoisis/Js/Cookies.js HTTP/1.1" 200 1369
181.61.133.38 - - [06/May/2017:16:11:31 -0500] "GET /catalogoisis/Js/LimpiarCombinada.js HTTP/1.1" 200 207
181.61.133.38 - - [06/May/2017:16:11:31 -0500] "GET /catalogoisis/Js/Remote.js HTTP/1.1" 200 436
181.61.133.38 - - [06/May/2017:16:11:31 -0500] "GET /catalogoisis/Js/CriterioCombinada.js HTTP/1.1" 200 1843
181.61.133.38 - - [06/May/2017:16:11:31 -0500] "GET /catalogoisis/Js/Enter.js HTTP/1.1" 200 1208
181.61.133.38 - - [06/May/2017:16:11:31 -0500] "GET /catalogoisis/imagenes/aceptar1.gif HTTP/1.1" 200 604
181.61.133.38 - - [06/May/2017:16:11:31 -0500] "GET /catalogoisis/imagenes/br1c1.gif HTTP/1.1" 200 172
181.61.133.38 - - [06/May/2017:16:11:31 -0500] "GET /catalogoisis/imagenes/Turnbo1.gif HTTP/1.1" 200 227
181.61.133.38 - - [06/May/2017:16:11:31 -0500] "GET /catalogoisis/imagenes/br1c3.gif HTTP/1.1" 200 302
181.61.133.38 - - [06/May/2017:16:11:31 -0500] "GET /catalogoisis/imagenes/br3c1.gif HTTP/1.1" 200 177
181.61.133.38 - - [06/May/2017:16:11:31 -0500] "GET /catalogoisis/imagenes/br3c3.gif HTTP/1.1" 200 186
181.61.133.38 - - [06/May/2017:16:11:31 -0500] "GET /catalogoisis/imagenes/br1c2.gif HTTP/1.1" 200 297
181.61.133.38 - - [06/May/2017:16:11:31 -0500] "GET /catalogoisis/imagenes/limpiar1.gif HTTP/1.1" 200 606
181.61.133.38 - - [06/May/2017:16:11:31 -0500] "GET /catalogoisis/imagenes/br3c2.gif HTTP/1.1" 200 285
181.61.133.38 - - [06/May/2017:16:11:31 -0500] "GET /catalogoisis/imagenes/Header.gif HTTP/1.1" 200 30313
181.61.133.38 - - [06/May/2017:16:11:31 -0500] "GET /catalogoisis/imagenes/br2c1.gif HTTP/1.1" 200 297
181.61.133.38 - - [06/May/2017:16:11:31 -0500] "GET /catalogoisis/imagenes/br2c2.gif HTTP/1.1" 200 302
181.61.133.38 - - [06/May/2017:16:11:31 -0500] "GET /catalogoisis/imagenes/br2c3.gif HTTP/1.1" 200 416
181.61.133.38 - - [06/May/2017:16:11:32 -0500] "GET /favicon.ico HTTP/1.1" 200 7782
200.3.193.225 - - [06/May/2017:16:11:33 -0500] "GET /BLA/boletinlegal/js/jquery.scrollShow.js HTTP/1.1" 304 -
200.3.193.225 - - [06/May/2017:16:11:33 -0500] "GET /galeria/galeria/jquery.fancybox.js?v=2.1.5 HTTP/1.1" 304 -
200.3.193.225 - - [06/May/2017:16:11:33 -0500] "GET /galeria/galeria/jquery.fancybox.css?v=2.1.5 HTTP/1.1" 304 -
148.251.136.43 - - [06/May/2017:16:11:33 -0500] "GET /BLA/resoluciones/index.php?dir=RESOLUCIONES%202004/RES%202004%20101-150/&sort=name&order=desc HTTP/1.1" 200 12032
69.162.124.233 - - [06/May/2017:16:11:37 -0500] "HEAD / HTTP/1.1" 200 -
191.102.85.228 - - [06/May/2017:16:11:38 -0500] "GET /BLA/boletinlegal/js/jquery.scrollShow.js HTTP/1.1" 200 4586
191.102.85.228 - - [06/May/2017:16:11:38 -0500] "GET /galeria/galeria/jquery.fancybox.js?v=2.1.5 HTTP/1.1" 200 48706
191.102.85.228 - - [06/May/2017:16:11:38 -0500] "GET /galeria/galeria/jquery.fancybox.css?v=2.1.5 HTTP/1.1" 200 4895
201.245.192.253 - - [06/May/2017:16:11:39 -0500] "GET /galeria/nivo-slider/demo/undefined HTTP/1.1" 404 1314
181.61.133.38 - - [06/May/2017:16:11:42 -0500] "GET /catalogoisis/imagenes/aceptar2.gif HTTP/1.1" 200 586
191.102.85.228 - - [06/May/2017:16:11:43 -0500] "GET /galeria/galeria/jquery.fancybox.css?v=2.1.5 HTTP/1.1" 304 -
148.251.136.43 - - [06/May/2017:16:11:43 -0500] "GET /BLA/resoluciones/index.php?dir=RESOLUCIONES%202004/RES%202004%20101-150/&sort=size&order=asc HTTP/1.1" 200 12033
191.102.85.228 - - [06/May/2017:16:11:43 -0500] "GET /BLA/boletinlegal/js/jquery.scrollShow.js HTTP/1.1" 304 -
191.102.85.228 - - [06/May/2017:16:11:43 -0500] "GET /galeria/galeria/jquery.fancybox.js?v=2.1.5 HTTP/1.1" 304 -
51.255.71.127 - - [06/May/2017:16:11:47 -0500] "GET /BLA/resoluciones/RESOLUCIONES%202006/RES%202006%20451-500/00000463.tif HTTP/1.1" 200 57676
148.251.136.43 - - [06/May/2017:16:11:47 -0500] "GET /BLA/resoluciones/index.php?dir=RESOLUCIONES%202004/RES%202004%201051-1100/&sort=date&order=asc HTTP/1.1" 200 12164
181.61.133.38 - - [06/May/2017:16:11:50 -0500] "GET /catalogoisis/imagenes/aceptar2.gif HTTP/1.1" 200 586
181.61.133.38 - - [06/May/2017:16:11:50 -0500] "GET /catalogoisis/imagenes/aceptar2.gif HTTP/1.1" 200 586
181.61.133.38 - - [06/May/2017:16:11:53 -0500] "GET /catalogoisis/imagenes/limpiar2.gif HTTP/1.1" 200 589
148.251.136.43 - - [06/May/2017:16:11:57 -0500] "GET /BLA/resoluciones/index.php?dir=RESOLUCIONES%202004/RES%202004%201051-1100/&sort=name&order=desc HTTP/1.1" 200 12163
148.251.136.43 - - [06/May/2017:16:12:04 -0500] "GET /BLA/resoluciones/index.php?dir=RESOLUCIONES%202004/RES%202004%201051-1100/&sort=size&order=asc HTTP/1.1" 200 12164
217.182.132.36 - - [06/May/2017:16:12:08 -0500] "GET /BLA/resoluciones/AUTOS%202006/AUTOS%202006%20301-400/00000388.tif HTTP/1.1" 200 154248
148.251.136.43 - - [06/May/2017:16:12:13 -0500] "GET /BLA/resoluciones/index.php?dir=RESOLUCIONES%202004/RES%202004%201101-1150/&sort=date&order=asc HTTP/1.1" 200 12172
148.251.136.43 - - [06/May/2017:16:12:19 -0500] "GET /BLA/resoluciones/index.php?dir=RESOLUCIONES%202004/RES%202004%201101-1150/&sort=name&order=desc HTTP/1.1" 200 12171
217.182.132.54 - - [06/May/2017:16:12:21 -0500] "GET /BLA/resoluciones/RESOLUCIONES%202006/RES%202006%20701-750/00000730.tif HTTP/1.1" 200 125078
148.251.136.43 - - [06/May/2017:16:12:29 -0500] "GET /BLA/resoluciones/index.php?dir=RESOLUCIONES%202004/RES%202004%201101-1150/&sort=size&order=asc HTTP/1.1" 200 12172
148.251.136.43 - - [06/May/2017:16:12:34 -0500] "GET /BLA/resoluciones/index.php?dir=RESOLUCIONES%202004/RES%202004%201151-1200/&sort=date&order=asc HTTP/1.1" 200 12176
148.251.136.43 - - [06/May/2017:16:12:42 -0500] "GET /BLA/resoluciones/index.php?dir=RESOLUCIONES%202004/RES%202004%201151-1200/&sort=name&order=desc HTTP/1.1" 200 12175
148.251.136.43 - - [06/May/2017:16:12:51 -0500] "GET /BLA/resoluciones/index.php?dir=RESOLUCIONES%202004/RES%202004%201151-1200/&sort=size&order=asc HTTP/1.1" 200 12176
148.251.136.43 - - [06/May/2017:16:12:57 -0500] "GET /BLA/resoluciones/index.php?dir=RESOLUCIONES%202004/RES%202004%201201-1250/&sort=date&order=asc HTTP/1.1" 200 12361
148.251.136.43 - - [06/May/2017:16:13:04 -0500] "GET /BLA/resoluciones/index.php?dir=RESOLUCIONES%202004/RES%202004%201201-1250/&sort=name&order=desc HTTP/1.1" 200 12360
186.80.71.133 - - [06/May/2017:16:13:04 -0500] "GET /BLA/boletinlegal/js/jquery.scrollShow.js HTTP/1.1" 200 4586
186.80.71.133 - - [06/May/2017:16:13:04 -0500] "GET /galeria/galeria/jquery.fancybox.js?v=2.1.5 HTTP/1.1" 200 48706
186.80.71.133 - - [06/May/2017:16:13:04 -0500] "GET /galeria/galeria/jquery.fancybox.css?v=2.1.5 HTTP/1.1" 200 4895
148.251.136.43 - - [06/May/2017:16:13:11 -0500] "GET /BLA/resoluciones/index.php?dir=RESOLUCIONES%202004/RES%202004%201201-1250/&sort=size&order=asc HTTP/1.1" 200 12361
186.80.71.133 - - [06/May/2017:16:13:16 -0500] "GET /BLA/boletinlegal/js/jquery.scrollShow.js HTTP/1.1" 304 -
186.80.71.133 - - [06/May/2017:16:13:16 -0500] "GET /galeria/galeria/jquery.fancybox.js?v=2.1.5 HTTP/1.1" 304 -
186.80.71.133 - - [06/May/2017:16:13:16 -0500] "GET /galeria/galeria/jquery.fancybox.css?v=2.1.5 HTTP/1.1" 304 -
201.245.192.253 - - [06/May/2017:16:13:20 -0500] "GET /galeria/nivo-slider/demo/undefined HTTP/1.1" 404 1314
148.251.136.43 - - [06/May/2017:16:13:21 -0500] "GET /BLA/resoluciones/index.php?dir=RESOLUCIONES%202004/RES%202004%201251-1300/&sort=date&order=asc HTTP/1.1" 200 12352
148.251.136.43 - - [06/May/2017:16:13:28 -0500] "GET /BLA/resoluciones/index.php?dir=RESOLUCIONES%202004/RES%202004%201251-1300/&sort=name&order=desc HTTP/1.1" 200 12351
186.154.188.165 - - [06/May/2017:16:13:36 -0500] "GET /BLA/resoluciones/RESOLUCIONES%202010/2563.pdf HTTP/1.1" 200 494206
186.154.188.165 - - [06/May/2017:16:13:36 -0500] "GET /favicon.ico HTTP/1.1" 200 7782
148.251.136.43 - - [06/May/2017:16:13:41 -0500] "GET /BLA/resoluciones/index.php?dir=RESOLUCIONES%202004/RES%202004%201251-1300/&sort=size&order=asc HTTP/1.1" 200 12352
148.251.136.43 - - [06/May/2017:16:13:45 -0500] "GET /BLA/resoluciones/index.php?dir=RESOLUCIONES%202004/RES%202004%201301-1350/&sort=date&order=asc HTTP/1.1" 200 12341
192.168.175.104 - - [06/May/2017:16:13:53 -0500] "GET / HTTP/1.0" 200 9990
148.251.136.43 - - [06/May/2017:16:13:55 -0500] "GET /BLA/resoluciones/index.php?dir=RESOLUCIONES%202004/RES%202004%201301-1350/&sort=name&order=desc HTTP/1.1" 200 12340
148.251.136.43 - - [06/May/2017:16:13:59 -0500] "GET /BLA/resoluciones/index.php?dir=RESOLUCIONES%202004/RES%202004%201301-1350/&sort=size&order=asc HTTP/1.1" 200 12341
191.79.191.193 - - [06/May/2017:16:14:04 -0500] "GET /BLA/boletinlegal/js/jquery.scrollShow.js HTTP/1.1" 200 4586
191.79.191.193 - - [06/May/2017:16:14:04 -0500] "GET /galeria/galeria/jquery.fancybox.js?v=2.1.5 HTTP/1.1" 200 48706
191.79.191.193 - - [06/May/2017:16:14:04 -0500] "GET /galeria/galeria/jquery.fancybox.css?v=2.1.5 HTTP/1.1" 200 4895
191.79.191.193 - - [06/May/2017:16:14:10 -0500] "GET /BLA/boletinlegal/js/jquery.scrollShow.js HTTP/1.1" 304 -
191.79.191.193 - - [06/May/2017:16:14:10 -0500] "GET /galeria/galeria/jquery.fancybox.js?v=2.1.5 HTTP/1.1" 304 -
191.79.191.193 - - [06/May/2017:16:14:10 -0500] "GET /galeria/galeria/jquery.fancybox.css?v=2.1.5 HTTP/1.1" 304 -
148.251.136.43 - - [06/May/2017:16:14:11 -0500] "GET /BLA/resoluciones/index.php?dir=RESOLUCIONES%202004/RES%202004%201351-1400/&sort=date&order=asc HTTP/1.1" 200 12359
148.251.136.43 - - [06/May/2017:16:14:15 -0500] "GET /BLA/resoluciones/index.php?dir=RESOLUCIONES%202004/RES%202004%201351-1400/&sort=name&order=desc HTTP/1.1" 200 12358
148.251.136.43 - - [06/May/2017:16:14:25 -0500] "GET /BLA/resoluciones/index.php?dir=RESOLUCIONES%202004/RES%202004%201351-1400/&sort=size&order=asc HTTP/1.1" 200 12359
148.251.136.43 - - [06/May/2017:16:14:30 -0500] "GET /BLA/resoluciones/index.php?dir=RESOLUCIONES%202004/RES%202004%201401-1450/&sort=date&order=asc HTTP/1.1" 200 12371
192.168.175.104 - - [06/May/2017:16:14:40 -0500] "GET / HTTP/1.1" 200 9990
200.118.123.140 - - [06/May/2017:16:14:41 -0500] "GET /galeria/galeria/jquery.fancybox.css?v=2.1.5 HTTP/1.1" 200 4895
200.118.123.140 - - [06/May/2017:16:14:41 -0500] "GET /galeria/galeria/jquery.fancybox.js?v=2.1.5 HTTP/1.1" 200 48706
200.118.123.140 - - [06/May/2017:16:14:41 -0500] "GET /BLA/boletinlegal/js/jquery.scrollShow.js HTTP/1.1" 200 4586
148.251.136.43 - - [06/May/2017:16:14:42 -0500] "GET /BLA/resoluciones/index.php?dir=RESOLUCIONES%202004/RES%202004%201401-1450/&sort=name&order=desc HTTP/1.1" 200 12370
148.251.136.43 - - [06/May/2017:16:14:47 -0500] "GET /BLA/resoluciones/index.php?dir=RESOLUCIONES%202004/RES%202004%201401-1450/&sort=size&order=asc HTTP/1.1" 200 12371
148.251.136.43 - - [06/May/2017:16:14:58 -0500] "GET /BLA/resoluciones/index.php?dir=RESOLUCIONES%202004/RES%202004%201451-1500/&sort=date&order=asc HTTP/1.1" 200 12353
201.245.192.253 - - [06/May/2017:16:15:01 -0500] "GET /galeria/nivo-slider/demo/undefined HTTP/1.1" 404 1314
148.251.136.43 - - [06/May/2017:16:15:05 -0500] "GET /BLA/resoluciones/index.php?dir=RESOLUCIONES%202004/RES%202004%201451-1500/&sort=name&order=desc HTTP/1.1" 200 12352
148.251.136.43 - - [06/May/2017:16:15:17 -0500] "GET /BLA/resoluciones/index.php?dir=RESOLUCIONES%202004/RES%202004%201451-1500/&sort=size&order=asc HTTP/1.1" 200 12353
187.193.141.70 - - [06/May/2017:16:15:24 -0500] "GET /BLA/boletinlegal/js/jquery.scrollShow.js HTTP/1.1" 200 4586
187.193.141.70 - - [06/May/2017:16:15:24 -0500] "GET /galeria/galeria/jquery.fancybox.js?v=2.1.5 HTTP/1.1" 200 48706
187.193.141.70 - - [06/May/2017:16:15:24 -0500] "GET /galeria/galeria/jquery.fancybox.css?v=2.1.5 HTTP/1.1" 200 4895
148.251.136.43 - - [06/May/2017:16:15:27 -0500] "GET /BLA/resoluciones/index.php?dir=RESOLUCIONES%202004/RES%202004%201501-1550/&sort=date&order=asc HTTP/1.1" 200 12358
187.193.141.70 - - [06/May/2017:16:15:32 -0500] "GET /galeria/galeria/jquery.fancybox.css?v=2.1.5 HTTP/1.1" 304 -
187.193.141.70 - - [06/May/2017:16:15:32 -0500] "GET /BLA/boletinlegal/js/jquery.scrollShow.js HTTP/1.1" 304 -
187.193.141.70 - - [06/May/2017:16:15:32 -0500] "GET /galeria/galeria/jquery.fancybox.js?v=2.1.5 HTTP/1.1" 304 -
148.251.136.43 - - [06/May/2017:16:15:35 -0500] "GET /BLA/resoluciones/index.php?dir=RESOLUCIONES%202004/RES%202004%201501-1550/&sort=name&order=desc HTTP/1.1" 200 12357
66.249.64.51 - - [06/May/2017:16:15:35 -0500] "GET /BLA/resoluciones/RESOLUCIONES%202007/RES%202007%201101%20AL%201200/RESOLUCION%201115%20DE%202007.pdf HTTP/1.1" 304 -
148.251.136.43 - - [06/May/2017:16:15:40 -0500] "GET /BLA/resoluciones/index.php?dir=RESOLUCIONES%202004/RES%202004%201501-1550/&sort=size&order=asc HTTP/1.1" 200 12358
148.251.136.43 - - [06/May/2017:16:15:51 -0500] "GET /BLA/resoluciones/index.php?dir=RESOLUCIONES%202004/RES%202004%20151-200/&sort=date&order=asc HTTP/1.1" 200 12047
157.253.197.243 - - [06/May/2017:16:15:53 -0500] "GET /galeria/galeria/jquery.fancybox.css?v=2.1.5 HTTP/1.1" 200 4895
157.253.197.243 - - [06/May/2017:16:15:53 -0500] "GET /BLA/boletinlegal/js/jquery.scrollShow.js HTTP/1.1" 200 4586
157.253.197.243 - - [06/May/2017:16:15:53 -0500] "GET /galeria/galeria/jquery.fancybox.js?v=2.1.5 HTTP/1.1" 200 48706
148.251.136.43 - - [06/May/2017:16:16:04 -0500] "GET /BLA/resoluciones/index.php?dir=RESOLUCIONES%202004/RES%202004%20151-200/&sort=name&order=desc HTTP/1.1" 200 12046
189.242.12.18 - - [06/May/2017:16:16:05 -0500] "GET /galeria/galeria/fotos/JornadaG.jpg HTTP/1.1" 200 50761
192.168.175.104 - - [06/May/2017:16:16:07 -0500] "GET / HTTP/1.1" 200 9990
200.118.123.140 - - [06/May/2017:16:16:14 -0500] "GET /galeria/galeria/jquery.fancybox.css?v=2.1.5 HTTP/1.1" 304 -
200.118.123.140 - - [06/May/2017:16:16:14 -0500] "GET /BLA/boletinlegal/js/jquery.scrollShow.js HTTP/1.1" 304 -
200.118.123.140 - - [06/May/2017:16:16:14 -0500] "GET /galeria/galeria/jquery.fancybox.js?v=2.1.5 HTTP/1.1" 304 -
148.251.136.43 - - [06/May/2017:16:16:19 -0500] "GET /BLA/resoluciones/index.php?dir=RESOLUCIONES%202004/RES%202004%20151-200/&sort=size&order=asc HTTP/1.1" 200 12047
66.249.88.1 - - [06/May/2017:16:16:20 -0500] "GET /galeria/galeria/jquery.fancybox.css?v=2.1.5 HTTP/1.1" 200 4895
66.249.88.4 - - [06/May/2017:16:16:20 -0500] "GET /galeria/galeria/jquery.fancybox.js?v=2.1.5 HTTP/1.1" 200 48706
66.249.88.1 - - [06/May/2017:16:16:20 -0500] "GET /BLA/boletinlegal/js/jquery.scrollShow.js HTTP/1.1" 200 4586
186.31.65.106 - - [06/May/2017:16:16:22 -0500] "GET /galeria/galeria/jquery.fancybox.css?v=2.1.5 HTTP/1.1" 200 4895
186.31.65.106 - - [06/May/2017:16:16:22 -0500] "GET /BLA/boletinlegal/js/jquery.scrollShow.js HTTP/1.1" 200 4586
186.31.65.106 - - [06/May/2017:16:16:22 -0500] "GET /galeria/galeria/jquery.fancybox.js?v=2.1.5 HTTP/1.1" 200 48706
148.251.136.43 - - [06/May/2017:16:16:25 -0500] "GET /BLA/resoluciones/index.php?dir=RESOLUCIONES%202004/RES%202004%201551-1600/&sort=date&order=asc HTTP/1.1" 200 12345
69.162.124.233 - - [06/May/2017:16:16:37 -0500] "HEAD / HTTP/1.1" 200 -
148.251.136.43 - - [06/May/2017:16:16:38 -0500] "GET /BLA/resoluciones/index.php?dir=RESOLUCIONES%202004/RES%202004%201551-1600/&sort=name&order=desc HTTP/1.1" 200 12344
