187.221.66.182 - - [08/May/2017:00:58:28 -0500] "GET /galeria/carrusel/Carrusel/jquery.thumbnailScroller.css HTTP/1.1" 200 2066
187.221.66.182 - - [08/May/2017:00:58:28 -0500] "GET /galeria/carrusel/Carrusel/jquery-ui-1.8.13.custom.min.js HTTP/1.1" 200 10800
187.221.66.182 - - [08/May/2017:00:58:28 -0500] "GET /galeria/carrusel/Carrusel/jquery.thumbnailScroller.js HTTP/1.1" 200 8157
192.168.175.104 - - [08/May/2017:00:58:29 -0500] "GET / HTTP/1.0" 200 9990
187.221.66.182 - - [08/May/2017:00:58:29 -0500] "GET /galeria/nivo-slider/demo/demo.html HTTP/1.1" 200 3849
187.221.66.182 - - [08/May/2017:00:58:31 -0500] "GET /galeria/nivo-slider/themes/default/default.css HTTP/1.1" 200 1569
187.221.66.182 - - [08/May/2017:00:58:31 -0500] "GET /galeria/nivo-slider/themes/pascal/pascal.css HTTP/1.1" 200 2258
187.221.66.182 - - [08/May/2017:00:58:31 -0500] "GET /galeria/nivo-slider/themes/orman/orman.css HTTP/1.1" 200 2152
187.221.66.182 - - [08/May/2017:00:58:32 -0500] "GET /galeria/nivo-slider/nivo-slider.css HTTP/1.1" 200 1507
187.221.66.182 - - [08/May/2017:00:58:32 -0500] "GET /galeria/nivo-slider/jquery.nivo.slider.pack.js HTTP/1.1" 200 11561
51.255.65.37 - - [08/May/2017:00:58:58 -0500] "GET /BLA/resoluciones/AUTOS%202006/AUTOS%202006%201001-1100/00001013.tif HTTP/1.1" 200 54962
192.168.175.104 - - [08/May/2017:00:59:15 -0500] "GET / HTTP/1.1" 200 9990
201.245.192.253 - - [08/May/2017:01:00:04 -0500] "GET /galeria/nivo-slider/demo/undefined HTTP/1.1" 404 1314
69.162.124.233 - - [08/May/2017:01:00:21 -0500] "HEAD / HTTP/1.1" 200 -
180.76.15.21 - - [08/May/2017:01:01:25 -0500] "GET /BLA/resoluciones/AUTOS%202011/6810.pdf HTTP/1.1" 200 142167
201.245.192.253 - - [08/May/2017:01:01:45 -0500] "GET /galeria/nivo-slider/demo/undefined HTTP/1.1" 404 1314
66.249.64.55 - - [08/May/2017:01:02:28 -0500] "GET /BLA/resoluciones/AUTOS%202013/2501.pdf HTTP/1.1" 304 -
192.168.175.104 - - [08/May/2017:01:03:15 -0500] "GET / HTTP/1.1" 200 9990
66.249.64.51 - - [08/May/2017:01:03:22 -0500] "GET /galeria/nivo-slider/demo/images/bannersegaeimpuestopredial.jpg HTTP/1.1" 304 -
201.245.192.253 - - [08/May/2017:01:03:26 -0500] "GET /galeria/nivo-slider/demo/undefined HTTP/1.1" 404 1314
192.168.175.104 - - [08/May/2017:01:03:28 -0500] "GET / HTTP/1.0" 200 9990
181.112.98.10 - - [08/May/2017:01:04:08 -0500] "GET /galeria/galeria/jquery.fancybox.css?v=2.1.5 HTTP/1.1" 200 4895
181.112.98.10 - - [08/May/2017:01:04:08 -0500] "GET /BLA/boletinlegal/js/jquery.scrollShow.js HTTP/1.1" 200 4586
181.112.98.10 - - [08/May/2017:01:04:08 -0500] "GET /galeria/galeria/jquery.fancybox.js?v=2.1.5 HTTP/1.1" 200 48706
192.168.175.104 - - [08/May/2017:01:04:12 -0500] "GET / HTTP/1.1" 200 9990
181.112.98.10 - - [08/May/2017:01:04:14 -0500] "GET /BLA/boletinlegal/js/jquery.scrollShow.js HTTP/1.1" 304 -
181.112.98.10 - - [08/May/2017:01:04:14 -0500] "GET /galeria/galeria/jquery.fancybox.js?v=2.1.5 HTTP/1.1" 304 -
181.112.98.10 - - [08/May/2017:01:04:14 -0500] "GET /galeria/galeria/jquery.fancybox.css?v=2.1.5 HTTP/1.1" 304 -
201.245.192.253 - - [08/May/2017:01:05:06 -0500] "GET /galeria/nivo-slider/demo/undefined HTTP/1.1" 404 1314
69.162.124.233 - - [08/May/2017:01:05:21 -0500] "HEAD / HTTP/1.1" 200 -
186.29.134.134 - - [08/May/2017:01:05:40 -0500] "GET /BLA/boletinlegal/js/jquery.scrollShow.js HTTP/1.1" 200 4586
186.29.134.134 - - [08/May/2017:01:05:40 -0500] "GET /galeria/galeria/jquery.fancybox.js?v=2.1.5 HTTP/1.1" 200 48706
186.29.134.134 - - [08/May/2017:01:05:40 -0500] "GET /galeria/galeria/jquery.fancybox.css?v=2.1.5 HTTP/1.1" 200 4895
186.29.134.134 - - [08/May/2017:01:05:45 -0500] "GET /BLA/boletinlegal/js/jquery.scrollShow.js HTTP/1.1" 304 -
186.29.134.134 - - [08/May/2017:01:05:45 -0500] "GET /galeria/galeria/jquery.fancybox.js?v=2.1.5 HTTP/1.1" 304 -
186.29.134.134 - - [08/May/2017:01:05:45 -0500] "GET /galeria/galeria/jquery.fancybox.css?v=2.1.5 HTTP/1.1" 304 -
66.249.64.59 - - [08/May/2017:01:05:49 -0500] "GET /Autoliquidacion/dlf/styles.css HTTP/1.1" 200 3045
51.255.71.127 - - [08/May/2017:01:06:13 -0500] "GET /BLA/resoluciones/RESOLUCIONES%202004/RES%202004%20951-1000/00000970.tif HTTP/1.1" 200 8566
181.49.94.102 - - [08/May/2017:01:06:28 -0500] "GET /galeria/galeria/jquery.fancybox.css?v=2.1.5 HTTP/1.1" 200 4895
181.49.94.102 - - [08/May/2017:01:06:28 -0500] "GET /galeria/galeria/jquery.fancybox.js?v=2.1.5 HTTP/1.1" 200 48706
181.49.94.102 - - [08/May/2017:01:06:28 -0500] "GET /BLA/boletinlegal/js/jquery.scrollShow.js HTTP/1.1" 200 4586
201.245.192.253 - - [08/May/2017:01:06:47 -0500] "GET /galeria/nivo-slider/demo/undefined HTTP/1.1" 404 1314
66.102.6.84 - - [08/May/2017:01:06:58 -0500] "GET /BLA/boletinlegal/js/jquery.scrollShow.js HTTP/1.1" 200 4586
66.102.6.84 - - [08/May/2017:01:06:58 -0500] "GET /galeria/galeria/jquery.fancybox.css?v=2.1.5 HTTP/1.1" 200 4895
66.102.6.84 - - [08/May/2017:01:06:58 -0500] "GET /galeria/galeria/jquery.fancybox.js?v=2.1.5 HTTP/1.1" 200 48706
66.249.64.55 - - [08/May/2017:01:07:32 -0500] "GET /BLA/resoluciones/AUTOS%202008/0238.pdf HTTP/1.1" 200 108844
142.54.177.2 - - [08/May/2017:01:07:34 -0500] "GET /wp-login.php HTTP/1.1" 404 1015
142.54.177.2 - - [08/May/2017:01:07:42 -0500] "GET /robots.txt HTTP/1.1" 404 1015
192.168.175.104 - - [08/May/2017:01:08:14 -0500] "GET / HTTP/1.1" 200 9990
192.168.175.104 - - [08/May/2017:01:08:26 -0500] "GET / HTTP/1.0" 200 9990
201.245.192.253 - - [08/May/2017:01:08:28 -0500] "GET /galeria/nivo-slider/demo/undefined HTTP/1.1" 404 1314
192.168.175.104 - - [08/May/2017:01:09:13 -0500] "GET / HTTP/1.1" 200 9990
187.163.62.130 - - [08/May/2017:01:09:19 -0500] "GET /galeria/galeria/jquery.fancybox.css?v=2.1.5 HTTP/1.1" 200 4895
187.163.62.130 - - [08/May/2017:01:09:19 -0500] "GET /BLA/boletinlegal/js/jquery.scrollShow.js HTTP/1.1" 200 4586
187.163.62.130 - - [08/May/2017:01:09:19 -0500] "GET /galeria/galeria/jquery.fancybox.js?v=2.1.5 HTTP/1.1" 200 48706
191.102.222.148 - - [08/May/2017:01:09:45 -0500] "GET /galeria/galeria/jquery.fancybox.css?v=2.1.5 HTTP/1.1" 200 4895
191.102.222.148 - - [08/May/2017:01:09:45 -0500] "GET /galeria/galeria/jquery.fancybox.js?v=2.1.5 HTTP/1.1" 200 48706
191.102.222.148 - - [08/May/2017:01:09:45 -0500] "GET /BLA/boletinlegal/js/jquery.scrollShow.js HTTP/1.1" 200 4586
181.56.12.143 - - [08/May/2017:01:09:54 -0500] "GET /BLA/boletinlegal/jurisprudencia/analisis/Analisis%20jurisprudencial%20Sentencia%20C-366-11.doc HTTP/1.1" 200 59392
201.245.192.253 - - [08/May/2017:01:10:08 -0500] "GET /galeria/nivo-slider/demo/undefined HTTP/1.1" 404 1314
69.162.124.233 - - [08/May/2017:01:10:21 -0500] "HEAD / HTTP/1.1" 200 -
201.245.192.253 - - [08/May/2017:01:11:49 -0500] "GET /galeria/nivo-slider/demo/undefined HTTP/1.1" 404 1314
181.56.12.143 - - [08/May/2017:01:11:58 -0500] "GET /BLA/boletinlegal/jurisprudencia/analisis/Analisis%20jurisprudencial%20Sentencia%20C-366-11.doc HTTP/1.1" 206 1
181.56.12.143 - - [08/May/2017:01:11:58 -0500] "GET /BLA/boletinlegal/jurisprudencia/analisis/Analisis%20jurisprudencial%20Sentencia%20C-366-11.doc HTTP/1.1" 206 43008
190.158.25.229 - - [08/May/2017:01:12:16 -0500] "GET /galeria/galeria/jquery.fancybox.css?v=2.1.5 HTTP/1.1" 200 4895
190.158.25.229 - - [08/May/2017:01:12:16 -0500] "GET /galeria/galeria/jquery.fancybox.js?v=2.1.5 HTTP/1.1" 200 48706
190.158.25.229 - - [08/May/2017:01:12:17 -0500] "GET /galeria/galeria/fotos/Humedal-la-conejera1P.jpg HTTP/1.1" 200 31504
190.158.25.229 - - [08/May/2017:01:12:17 -0500] "GET /galeria/galeria/fotos/Humedal-la-conejera2P.jpg HTTP/1.1" 200 31007
190.158.25.229 - - [08/May/2017:01:12:17 -0500] "GET /galeria/galeria/fotos/Humedal-la-conejera3P.jpg HTTP/1.1" 200 31355
190.158.25.229 - - [08/May/2017:01:12:17 -0500] "GET /galeria/galeria/fotos/Humedal-la-conejera4P.jpg HTTP/1.1" 200 33365
66.249.64.43 - - [08/May/2017:01:12:36 -0500] "GET /BLA/resoluciones/AUTOS%202016/1816.pdf HTTP/1.1" 200 337193
192.168.175.104 - - [08/May/2017:01:13:11 -0500] "GET / HTTP/1.1" 200 9990
192.168.175.104 - - [08/May/2017:01:13:24 -0500] "GET / HTTP/1.0" 200 9990
204.15.96.67 - - [08/May/2017:01:13:25 -0500] "GET /galeria/nivo-slider/demo/images/BANNERVISORGEOGRAFICO.jpg HTTP/1.1" 304 -
181.130.85.60 - - [08/May/2017:01:13:27 -0500] "GET /galeria/galeria/jquery.fancybox.css?v=2.1.5 HTTP/1.1" 200 4895
181.130.85.60 - - [08/May/2017:01:13:27 -0500] "GET /BLA/boletinlegal/js/jquery.scrollShow.js HTTP/1.1" 200 4586
181.130.85.60 - - [08/May/2017:01:13:27 -0500] "GET /galeria/galeria/jquery.fancybox.js?v=2.1.5 HTTP/1.1" 200 48706
201.245.192.253 - - [08/May/2017:01:13:30 -0500] "GET /galeria/nivo-slider/demo/undefined HTTP/1.1" 404 1314
207.46.13.150 - - [08/May/2017:01:14:05 -0500] "GET /SIG/Gestion%20Documental/126PA06-PR13%20CONTROL%20DOCUMENTOS%20EXTERNOS-NORMOGRAMA.pdf HTTP/1.1" 200 273455
192.168.175.104 - - [08/May/2017:01:14:09 -0500] "GET / HTTP/1.1" 200 9990
181.63.88.232 - - [08/May/2017:01:14:39 -0500] "GET /galeria/galeria/jquery.fancybox.js?v=2.1.5 HTTP/1.1" 200 48706
181.63.88.232 - - [08/May/2017:01:14:39 -0500] "GET /BLA/boletinlegal/js/jquery.scrollShow.js HTTP/1.1" 200 4586
181.63.88.232 - - [08/May/2017:01:14:39 -0500] "GET /galeria/galeria/jquery.fancybox.css?v=2.1.5 HTTP/1.1" 200 4895
181.63.88.232 - - [08/May/2017:01:14:46 -0500] "GET /galeria/galeria/jquery.fancybox.css?v=2.1.5 HTTP/1.1" 304 -
181.63.88.232 - - [08/May/2017:01:14:46 -0500] "GET /galeria/galeria/jquery.fancybox.js?v=2.1.5 HTTP/1.1" 304 -
181.63.88.232 - - [08/May/2017:01:14:46 -0500] "GET /BLA/boletinlegal/js/jquery.scrollShow.js HTTP/1.1" 304 -
186.154.32.254 - - [08/May/2017:01:14:56 -0500] "GET /galeria/galeria/jquery.fancybox.css?v=2.1.5 HTTP/1.1" 200 4895
186.154.32.254 - - [08/May/2017:01:14:56 -0500] "GET /BLA/boletinlegal/js/jquery.scrollShow.js HTTP/1.1" 200 4586
186.154.32.254 - - [08/May/2017:01:14:56 -0500] "GET /galeria/galeria/jquery.fancybox.js?v=2.1.5 HTTP/1.1" 200 48706
201.245.192.253 - - [08/May/2017:01:15:10 -0500] "GET /galeria/nivo-slider/demo/undefined HTTP/1.1" 404 1314
69.162.124.233 - - [08/May/2017:01:15:21 -0500] "HEAD / HTTP/1.1" 200 -
51.255.71.115 - - [08/May/2017:01:15:35 -0500] "GET /BLA/resoluciones/RESOLUCIONES%202005/RES%202005%20401-450/00000421.tif HTTP/1.1" 200 155968
188.165.197.58 - - [08/May/2017:01:15:57 -0500] "GET / HTTP/1.1" 200 9990
66.249.64.61 - - [08/May/2017:01:16:30 -0500] "GET /Anexos%20estudio%20Organizacional%20SDA/dlf/styles.css HTTP/1.1" 200 3045
201.245.192.253 - - [08/May/2017:01:16:51 -0500] "GET /galeria/nivo-slider/demo/undefined HTTP/1.1" 404 1314
66.135.63.227 - - [08/May/2017:01:17:05 -0500] "GET /wp-admin/ HTTP/1.1" 404 1018
192.168.175.104 - - [08/May/2017:01:18:09 -0500] "GET / HTTP/1.1" 200 9990
5.169.138.151 - - [08/May/2017:01:18:14 -0500] "GET /galeria/galeria/fotos/Humedal-Santa-Mar%C3%ADa-del-Lago4G.jpg HTTP/1.1" 200 361652
5.169.138.151 - - [08/May/2017:01:18:17 -0500] "GET /galeria/galeria/fotos/Humedal-Santa-Mar%C3%ADa-del-Lago1G.jpg HTTP/1.1" 200 290867
192.168.175.104 - - [08/May/2017:01:18:22 -0500] "GET / HTTP/1.0" 200 9990
157.55.39.229 - - [08/May/2017:01:18:28 -0500] "GET /dama/libreria/php/decide.php?patron=03.130601 HTTP/1.1" 404 1019
201.245.192.253 - - [08/May/2017:01:18:32 -0500] "GET /galeria/nivo-slider/demo/undefined HTTP/1.1" 404 1314
186.31.54.124 - - [08/May/2017:01:18:42 -0500] "GET /BLA/resoluciones/RESOLUCIONES%202011/2537.pdf HTTP/1.1" 200 750075
186.31.54.124 - - [08/May/2017:01:18:42 -0500] "GET /favicon.ico HTTP/1.1" 200 7782
186.31.54.124 - - [08/May/2017:01:18:44 -0500] "GET /BLA/resoluciones/RESOLUCIONES%202011/2537.pdf HTTP/1.1" 206 622571
186.154.32.254 - - [08/May/2017:01:18:58 -0500] "GET /galeria/galeria/jquery.fancybox.css?v=2.1.5 HTTP/1.1" 304 -
186.154.32.254 - - [08/May/2017:01:18:58 -0500] "GET /BLA/boletinlegal/js/jquery.scrollShow.js HTTP/1.1" 304 -
186.154.32.254 - - [08/May/2017:01:18:58 -0500] "GET /galeria/galeria/jquery.fancybox.js?v=2.1.5 HTTP/1.1" 304 -
117.205.201.192 - - [08/May/2017:01:18:59 -0500] "GET /wp-login.php HTTP/1.1" 404 1018
117.205.201.192 - - [08/May/2017:01:19:02 -0500] "GET / HTTP/1.1" 200 9990
192.168.175.104 - - [08/May/2017:01:19:07 -0500] "GET / HTTP/1.1" 200 9990
190.158.108.14 - - [08/May/2017:01:19:57 -0500] "GET /galeria/galeria/jquery.fancybox.js?v=2.1.5 HTTP/1.1" 200 48706
190.158.108.14 - - [08/May/2017:01:19:57 -0500] "GET /galeria/galeria/jquery.fancybox.css?v=2.1.5 HTTP/1.1" 200 4895
190.158.108.14 - - [08/May/2017:01:19:57 -0500] "GET /BLA/boletinlegal/js/jquery.scrollShow.js HTTP/1.1" 200 4586
190.158.108.14 - - [08/May/2017:01:19:59 -0500] "GET /BLA/boletinlegal/js/jquery.scrollShow.js HTTP/1.1" 304 -
190.158.108.14 - - [08/May/2017:01:19:59 -0500] "GET /galeria/galeria/jquery.fancybox.js?v=2.1.5 HTTP/1.1" 304 -
190.158.108.14 - - [08/May/2017:01:19:59 -0500] "GET /galeria/galeria/jquery.fancybox.css?v=2.1.5 HTTP/1.1" 304 -
201.245.192.253 - - [08/May/2017:01:20:12 -0500] "GET /galeria/nivo-slider/demo/undefined HTTP/1.1" 404 1314
69.162.124.233 - - [08/May/2017:01:20:21 -0500] "HEAD / HTTP/1.1" 200 -
190.9.202.127 - - [08/May/2017:01:20:49 -0500] "GET /galeria/galeria/jquery.fancybox.js?v=2.1.5 HTTP/1.1" 200 48706
190.9.202.127 - - [08/May/2017:01:20:49 -0500] "GET /BLA/boletinlegal/js/jquery.scrollShow.js HTTP/1.1" 200 4586
190.9.202.127 - - [08/May/2017:01:20:49 -0500] "GET /galeria/galeria/jquery.fancybox.css?v=2.1.5 HTTP/1.1" 200 4895
190.9.202.127 - - [08/May/2017:01:20:53 -0500] "GET /BLA/boletinlegal/js/jquery.scrollShow.js HTTP/1.1" 304 -
190.9.202.127 - - [08/May/2017:01:20:53 -0500] "GET /galeria/galeria/jquery.fancybox.js?v=2.1.5 HTTP/1.1" 304 -
190.9.202.127 - - [08/May/2017:01:20:53 -0500] "GET /galeria/galeria/jquery.fancybox.css?v=2.1.5 HTTP/1.1" 304 -
180.76.15.31 - - [08/May/2017:01:21:21 -0500] "GET /BLA/resoluciones/AUTOS%202015/2208.pdf HTTP/1.1" 200 491698
201.245.192.253 - - [08/May/2017:01:21:53 -0500] "GET /galeria/nivo-slider/demo/undefined HTTP/1.1" 404 1314
66.249.64.53 - - [08/May/2017:01:22:45 -0500] "GET /BLA/resoluciones/RESOLUCIONES%202009/3729.pdf HTTP/1.1" 200 518421
192.168.175.104 - - [08/May/2017:01:23:07 -0500] "GET / HTTP/1.1" 200 9990
192.168.175.104 - - [08/May/2017:01:23:21 -0500] "GET / HTTP/1.0" 200 9990
201.245.192.253 - - [08/May/2017:01:23:34 -0500] "GET /galeria/nivo-slider/demo/undefined HTTP/1.1" 404 1314
180.76.15.19 - - [08/May/2017:01:23:56 -0500] "GET / HTTP/1.1" 200 9990
192.168.175.104 - - [08/May/2017:01:24:05 -0500] "GET / HTTP/1.1" 200 9990
180.76.15.12 - - [08/May/2017:01:24:20 -0500] "GET / HTTP/1.1" 200 9990
68.180.228.243 - - [08/May/2017:01:24:38 -0500] "GET /BLA/boletinlegal/Circulares/2011/Circular%20No.%203%20del%2023%20de%20Junio%20de%202011.pdf HTTP/1.1" 200 1452758
201.245.192.253 - - [08/May/2017:01:25:14 -0500] "GET /galeria/nivo-slider/demo/undefined HTTP/1.1" 404 1314
69.162.124.233 - - [08/May/2017:01:25:21 -0500] "HEAD / HTTP/1.1" 200 -
201.245.192.253 - - [08/May/2017:01:26:55 -0500] "GET /galeria/nivo-slider/demo/undefined HTTP/1.1" 404 1314
217.182.132.51 - - [08/May/2017:01:27:48 -0500] "GET /BLA/resoluciones/AUTOS%202006/AUTOS%202006%203201%20-%203300/00003284.tif HTTP/1.1" 200 245854
66.249.64.53 - - [08/May/2017:01:27:49 -0500] "GET /BLA/resoluciones/RESOLUCIONES%202007/RES%202007%201801%20AL%201900/RESOLUCION%201891%20DE%202007.pdf HTTP/1.1" 304 -
66.135.63.227 - - [08/May/2017:01:27:56 -0500] "GET /test/wp-admin/ HTTP/1.1" 404 1018
192.168.175.104 - - [08/May/2017:01:28:05 -0500] "GET / HTTP/1.1" 200 9990
192.168.175.104 - - [08/May/2017:01:28:18 -0500] "GET / HTTP/1.0" 200 9990
201.245.192.253 - - [08/May/2017:01:28:36 -0500] "GET /galeria/nivo-slider/demo/undefined HTTP/1.1" 404 1314
192.168.175.104 - - [08/May/2017:01:29:03 -0500] "GET / HTTP/1.1" 200 9990
217.182.132.175 - - [08/May/2017:01:29:03 -0500] "GET /BLA/resoluciones/RESOLUCIONES%202004/RES%202004%20751-800/00000796.tif HTTP/1.1" 200 178640
201.216.38.65 - - [08/May/2017:01:29:44 -0500] "GET /BLA/boletinlegal/js/jquery.scrollShow.js HTTP/1.1" 200 4586
201.216.38.65 - - [08/May/2017:01:29:45 -0500] "GET /galeria/galeria/jquery.fancybox.js?v=2.1.5 HTTP/1.1" 200 48706
201.216.38.65 - - [08/May/2017:01:29:45 -0500] "GET /galeria/galeria/jquery.fancybox.css?v=2.1.5 HTTP/1.1" 200 4895
201.216.38.65 - - [08/May/2017:01:29:45 -0500] "GET /galeria/carrusel/Carrusel/jquery.thumbnailScroller.css HTTP/1.1" 200 2066
201.216.38.65 - - [08/May/2017:01:29:46 -0500] "GET /galeria/carrusel/Carrusel/jquery-ui-1.8.13.custom.min.js HTTP/1.1" 200 10800
201.216.38.65 - - [08/May/2017:01:29:46 -0500] "GET /galeria/carrusel/Carrusel/jquery.thumbnailScroller.js HTTP/1.1" 200 8157
201.216.38.65 - - [08/May/2017:01:29:46 -0500] "GET /galeria/nivo-slider/demo/demo.html HTTP/1.1" 200 3849
51.255.65.30 - - [08/May/2017:01:29:47 -0500] "GET /BLA/resoluciones/RESOLUCIONES%202003/RES%202003%20801-850/807.tif HTTP/1.1" 200 106596
201.216.38.65 - - [08/May/2017:01:29:47 -0500] "GET /galeria/nivo-slider/themes/default/default.css HTTP/1.1" 200 1569
201.216.38.65 - - [08/May/2017:01:29:47 -0500] "GET /galeria/nivo-slider/themes/pascal/pascal.css HTTP/1.1" 200 2258
201.216.38.65 - - [08/May/2017:01:29:47 -0500] "GET /galeria/nivo-slider/themes/orman/orman.css HTTP/1.1" 200 2152
201.216.38.65 - - [08/May/2017:01:29:48 -0500] "GET /galeria/nivo-slider/nivo-slider.css HTTP/1.1" 200 1507
201.216.38.65 - - [08/May/2017:01:29:48 -0500] "GET /galeria/nivo-slider/demo/style.css HTTP/1.1" 200 2222
201.216.38.65 - - [08/May/2017:01:29:48 -0500] "GET /galeria/nivo-slider/demo/images/BANNERRECICLATON2017.jpg HTTP/1.1" 200 244103
201.216.38.65 - - [08/May/2017:01:29:48 -0500] "GET /galeria/nivo-slider/demo/scripts/jquery-1.7.1.min.js HTTP/1.1" 200 93868
201.216.38.65 - - [08/May/2017:01:29:48 -0500] "GET /galeria/nivo-slider/jquery.nivo.slider.pack.js HTTP/1.1" 200 11561
201.216.38.65 - - [08/May/2017:01:29:48 -0500] "GET /galeria/nivo-slider/demo/images/bannerconvocatria3.jpg HTTP/1.1" 200 235024
201.216.38.65 - - [08/May/2017:01:29:48 -0500] "GET /galeria/nivo-slider/demo/images/banner%20web%20fiblibro.jpg HTTP/1.1" 200 102374
201.216.38.65 - - [08/May/2017:01:29:48 -0500] "GET /galeria/nivo-slider/demo/images/bannercampa%C3%B1acambiodesede.jpg HTTP/1.1" 200 134156
201.216.38.65 - - [08/May/2017:01:29:48 -0500] "GET /galeria/nivo-slider/themes/default/loading.gif HTTP/1.1" 200 1737
201.216.38.65 - - [08/May/2017:01:29:49 -0500] "GET /galeria/nivo-slider/demo/images/4Simple_Slider.png HTTP/1.1" 200 11722
201.216.38.65 - - [08/May/2017:01:29:49 -0500] "GET /galeria/nivo-slider/demo/images/banner%20reportedearbolescaidos.jpg HTTP/1.1" 200 249999
201.216.38.65 - - [08/May/2017:01:29:49 -0500] "GET /galeria/nivo-slider/demo/images/banenr%20web%20reto%20IEEE-01.jpg HTTP/1.1" 200 219648
201.216.38.65 - - [08/May/2017:01:29:49 -0500] "GET /galeria/nivo-slider/demo/images/BANNERCAMINATAS%20ECOLOGICAS%20MARZO.jpg HTTP/1.1" 200 266671
201.216.38.65 - - [08/May/2017:01:29:49 -0500] "GET /galeria/nivo-slider/demo/images/banner%20aceite%20vegetal%20usado.jpg HTTP/1.1" 200 169350
201.216.38.65 - - [08/May/2017:01:29:50 -0500] "GET /galeria/nivo-slider/demo/images/bannerlumina2017web.jpg HTTP/1.1" 200 198918
201.216.38.65 - - [08/May/2017:01:29:51 -0500] "GET /galeria/nivo-slider/demo/images/BANNERRUTADEVERTIMIENTOS.jpg HTTP/1.1" 200 98506
201.216.38.65 - - [08/May/2017:01:29:54 -0500] "GET /galeria/nivo-slider/demo/images/bolsas-06.jpg HTTP/1.1" 200 210950
201.216.38.65 - - [08/May/2017:01:30:01 -0500] "GET /galeria/nivo-slider/themes/default/bullets.png HTTP/1.1" 200 1281
201.216.38.65 - - [08/May/2017:01:30:05 -0500] "GET /galeria/nivo-slider/themes/default/arrows.png HTTP/1.1" 200 824
201.245.192.253 - - [08/May/2017:01:30:17 -0500] "GET /galeria/nivo-slider/demo/undefined HTTP/1.1" 404 1314
69.162.124.233 - - [08/May/2017:01:30:21 -0500] "HEAD / HTTP/1.1" 200 -
51.255.71.122 - - [08/May/2017:01:30:27 -0500] "GET /BLA/resoluciones/index.php?dir=RESOLUCIONES%202002/RES%202002%201051-1100/&sort=size&order=desc HTTP/1.1" 200 12142
164.132.161.29 - - [08/May/2017:01:31:34 -0500] "GET /BLA/resoluciones/RESOLUCIONES%202006/RES%202006%201251-1300/00001300.tif HTTP/1.1" 200 122104
201.245.192.253 - - [08/May/2017:01:31:57 -0500] "GET /galeria/nivo-slider/demo/undefined HTTP/1.1" 404 1314
217.182.132.32 - - [08/May/2017:01:31:59 -0500] "GET /BLA/resoluciones/AUTOS%202006/AUTOS%202006%202901%20-%203000/00002950.tif HTTP/1.1" 200 53356
186.28.137.200 - - [08/May/2017:01:32:43 -0500] "GET /BLA/resoluciones/RESOLUCIONES%202009/4698.pdf HTTP/1.1" 200 326782
186.28.137.200 - - [08/May/2017:01:32:46 -0500] "GET /favicon.ico HTTP/1.1" 200 7782
186.28.137.200 - - [08/May/2017:01:33:01 -0500] "GET /BLA/resoluciones/RESOLUCIONES%202009/4698.pdf HTTP/1.1" 206 64638
192.168.175.104 - - [08/May/2017:01:33:03 -0500] "GET / HTTP/1.1" 200 9990
192.168.175.104 - - [08/May/2017:01:33:15 -0500] "GET / HTTP/1.0" 200 9990
201.216.38.65 - - [08/May/2017:01:33:24 -0500] "GET /galeria/galeria/jquery.fancybox.css?v=2.1.5 HTTP/1.1" 304 -
201.216.38.65 - - [08/May/2017:01:33:24 -0500] "GET /BLA/boletinlegal/js/jquery.scrollShow.js HTTP/1.1" 304 -
201.216.38.65 - - [08/May/2017:01:33:24 -0500] "GET /galeria/galeria/jquery.fancybox.js?v=2.1.5 HTTP/1.1" 304 -
201.245.192.253 - - [08/May/2017:01:33:38 -0500] "GET /galeria/nivo-slider/demo/undefined HTTP/1.1" 404 1314
192.168.175.104 - - [08/May/2017:01:34:01 -0500] "GET / HTTP/1.1" 200 9990
191.102.113.138 - - [08/May/2017:01:34:03 -0500] "GET /BLA/boletinlegal/js/jquery.scrollShow.js HTTP/1.1" 200 4586
191.102.113.138 - - [08/May/2017:01:34:03 -0500] "GET /galeria/galeria/jquery.fancybox.css?v=2.1.5 HTTP/1.1" 200 4895
191.102.113.138 - - [08/May/2017:01:34:03 -0500] "GET /galeria/galeria/jquery.fancybox.js?v=2.1.5 HTTP/1.1" 200 48706
191.102.113.138 - - [08/May/2017:01:34:14 -0500] "GET /BLA/boletinlegal/js/jquery.scrollShow.js HTTP/1.1" 304 -
191.102.113.138 - - [08/May/2017:01:34:14 -0500] "GET /galeria/galeria/jquery.fancybox.css?v=2.1.5 HTTP/1.1" 304 -
191.102.113.138 - - [08/May/2017:01:34:14 -0500] "GET /galeria/galeria/jquery.fancybox.js?v=2.1.5 HTTP/1.1" 304 -
201.245.192.253 - - [08/May/2017:01:35:19 -0500] "GET /galeria/nivo-slider/demo/undefined HTTP/1.1" 404 1314
69.162.124.233 - - [08/May/2017:01:35:21 -0500] "HEAD / HTTP/1.1" 200 -
66.249.64.53 - - [08/May/2017:01:35:25 -0500] "GET /BLA/resoluciones/RESOLUCIONES%202009/3643.pdf HTTP/1.1" 200 57882
190.157.63.7 - - [08/May/2017:01:36:36 -0500] "GET /BLA/resoluciones/AUTOS%202014/1982.pdf HTTP/1.1" 200 2517062
190.157.63.7 - - [08/May/2017:01:36:36 -0500] "GET /favicon.ico HTTP/1.1" 200 7782
190.157.63.7 - - [08/May/2017:01:36:37 -0500] "GET /BLA/resoluciones/AUTOS%202014/1982.pdf HTTP/1.1" 206 2285196
190.157.63.7 - - [08/May/2017:01:36:37 -0500] "GET /BLA/resoluciones/AUTOS%202014/1982.pdf HTTP/1.1" 206 65536
190.157.63.7 - - [08/May/2017:01:36:37 -0500] "GET /BLA/resoluciones/AUTOS%202014/1982.pdf HTTP/1.1" 206 2044792
66.135.63.227 - - [08/May/2017:01:36:38 -0500] "GET /wordpress/wp-admin/ HTTP/1.1" 404 1018
201.245.192.253 - - [08/May/2017:01:36:59 -0500] "GET /galeria/nivo-slider/demo/undefined HTTP/1.1" 404 1314
192.168.175.104 - - [08/May/2017:01:38:01 -0500] "GET / HTTP/1.1" 200 9990
192.168.175.104 - - [08/May/2017:01:38:18 -0500] "GET / HTTP/1.0" 200 9990
201.245.192.253 - - [08/May/2017:01:38:40 -0500] "GET /galeria/nivo-slider/demo/undefined HTTP/1.1" 404 1314
192.168.175.104 - - [08/May/2017:01:38:59 -0500] "GET / HTTP/1.1" 200 9990
201.245.192.253 - - [08/May/2017:01:40:21 -0500] "GET /galeria/nivo-slider/demo/undefined HTTP/1.1" 404 1314
69.162.124.233 - - [08/May/2017:01:40:21 -0500] "HEAD / HTTP/1.1" 200 -
66.249.64.53 - - [08/May/2017:01:40:29 -0500] "GET /BLA/resoluciones/RESOLUCIONES%202012/0042.pdf HTTP/1.1" 200 797096
217.182.132.187 - - [08/May/2017:01:41:17 -0500] "GET /BLA/resoluciones/RESOLUCIONES%202004/RES%202004%201001-1050/00001041.tif HTTP/1.1" 200 159322
180.76.15.21 - - [08/May/2017:01:41:27 -0500] "GET /BLA/resoluciones/AUTOS%202009/1440.pdf HTTP/1.1" 200 224436
190.239.39.67 - - [08/May/2017:01:41:48 -0500] "GET /BLA/resoluciones/RESOLUCIONES%202007/RES%202007%203601%20AL%203700/RESOLUCION%203654%20DE%202007.pdf HTTP/1.1" 200 339337
190.239.39.67 - - [08/May/2017:01:41:48 -0500] "GET /favicon.ico HTTP/1.1" 200 7782
190.239.39.67 - - [08/May/2017:01:41:49 -0500] "GET /BLA/resoluciones/RESOLUCIONES%202007/RES%202007%203601%20AL%203700/RESOLUCION%203654%20DE%202007.pdf HTTP/1.1" 206 302169
201.245.192.253 - - [08/May/2017:01:42:01 -0500] "GET /galeria/nivo-slider/demo/undefined HTTP/1.1" 404 1314
66.249.64.51 - - [08/May/2017:01:42:18 -0500] "GET /galeria/galeria/fotos/Humedal-vaca6P.jpg HTTP/1.1" 304 -
192.168.175.104 - - [08/May/2017:01:42:59 -0500] "GET / HTTP/1.1" 200 9990
192.168.175.104 - - [08/May/2017:01:43:16 -0500] "GET / HTTP/1.0" 200 9990
201.245.192.253 - - [08/May/2017:01:43:42 -0500] "GET /galeria/nivo-slider/demo/undefined HTTP/1.1" 404 1314
192.168.175.104 - - [08/May/2017:01:43:57 -0500] "GET / HTTP/1.1" 200 9990
217.182.132.91 - - [08/May/2017:01:44:50 -0500] "GET /BLA/resoluciones/RESOLUCIONES%202003/RES%202003%20301-350/322.tif HTTP/1.1" 200 138736
217.73.208.153 - - [08/May/2017:01:45:02 -0500] "GET /robots.txt HTTP/1.0" 404 1019
217.73.208.153 - - [08/May/2017:01:45:02 -0500] "GET / HTTP/1.0" 200 9990
69.162.124.233 - - [08/May/2017:01:45:21 -0500] "HEAD / HTTP/1.1" 200 -
201.245.192.253 - - [08/May/2017:01:45:23 -0500] "GET /galeria/nivo-slider/demo/undefined HTTP/1.1" 404 1314
66.135.63.227 - - [08/May/2017:01:45:59 -0500] "GET /blog/wp-admin/ HTTP/1.1" 404 1018
217.182.132.66 - - [08/May/2017:01:46:08 -0500] "GET /BLA/resoluciones/RESOLUCIONES%202004/RES%202004%201601-1650/00001646.tif HTTP/1.1" 200 697506
190.159.229.242 - - [08/May/2017:01:46:25 -0500] "GET /BLA/resoluciones/RESOLUCIONES%202011/3712.pdf HTTP/1.1" 200 933245
190.159.229.242 - - [08/May/2017:01:46:25 -0500] "GET /favicon.ico HTTP/1.1" 200 7782
190.159.229.242 - - [08/May/2017:01:46:27 -0500] "GET /BLA/resoluciones/RESOLUCIONES%202011/3712.pdf HTTP/1.1" 206 280897
164.132.161.82 - - [08/May/2017:01:46:35 -0500] "GET /BLA/resoluciones/RESOLUCIONES%202004/RES%202004%202001-2050/00002020.tif HTTP/1.1" 200 172440
201.245.192.253 - - [08/May/2017:01:47:04 -0500] "GET /galeria/nivo-slider/demo/undefined HTTP/1.1" 404 1314
66.249.64.38 - - [08/May/2017:01:47:51 -0500] "GET /galeria/galeria/fotos/Huemdal-el-Tunjo3G.jpg HTTP/1.1" 304 -
192.168.175.104 - - [08/May/2017:01:47:57 -0500] "GET / HTTP/1.1" 200 9990
192.168.175.104 - - [08/May/2017:01:48:15 -0500] "GET / HTTP/1.0" 200 9990
201.245.192.253 - - [08/May/2017:01:48:44 -0500] "GET /galeria/nivo-slider/demo/undefined HTTP/1.1" 404 1314
192.168.175.104 - - [08/May/2017:01:48:56 -0500] "GET / HTTP/1.1" 200 9990
190.159.229.242 - - [08/May/2017:01:50:00 -0500] "GET /galeria/galeria/jquery.fancybox.css?v=2.1.5 HTTP/1.1" 200 4895
190.159.229.242 - - [08/May/2017:01:50:00 -0500] "GET /BLA/boletinlegal/js/jquery.scrollShow.js HTTP/1.1" 200 4586
190.159.229.242 - - [08/May/2017:01:50:00 -0500] "GET /galeria/galeria/jquery.fancybox.js?v=2.1.5 HTTP/1.1" 200 48706
190.159.229.242 - - [08/May/2017:01:50:07 -0500] "GET /BLA/boletinlegal/js/jquery.scrollShow.js HTTP/1.1" 304 -
190.159.229.242 - - [08/May/2017:01:50:07 -0500] "GET /galeria/galeria/jquery.fancybox.js?v=2.1.5 HTTP/1.1" 304 -
190.159.229.242 - - [08/May/2017:01:50:07 -0500] "GET /galeria/galeria/jquery.fancybox.css?v=2.1.5 HTTP/1.1" 304 -
69.162.124.233 - - [08/May/2017:01:50:21 -0500] "HEAD / HTTP/1.1" 200 -
51.255.71.115 - - [08/May/2017:01:50:22 -0500] "GET /BLA/resoluciones/RESOLUCIONES%202006/RES%202006%20551-600/00000563.tif HTTP/1.1" 200 95952
201.245.192.253 - - [08/May/2017:01:50:25 -0500] "GET /galeria/nivo-slider/demo/undefined HTTP/1.1" 404 1314
180.76.15.143 - - [08/May/2017:01:51:20 -0500] "GET /BLA/resoluciones/AUTOS%202014/6283.pdf HTTP/1.1" 200 565837
186.81.176.35 - - [08/May/2017:01:51:56 -0500] "GET /galeria/galeria/jquery.fancybox.css?v=2.1.5 HTTP/1.1" 200 4895
186.81.176.35 - - [08/May/2017:01:51:56 -0500] "GET /BLA/boletinlegal/js/jquery.scrollShow.js HTTP/1.1" 200 4586
186.81.176.35 - - [08/May/2017:01:51:56 -0500] "GET /galeria/galeria/jquery.fancybox.js?v=2.1.5 HTTP/1.1" 200 48706
186.81.176.35 - - [08/May/2017:01:52:00 -0500] "GET /galeria/galeria/jquery.fancybox.css?v=2.1.5 HTTP/1.1" 304 -
186.81.176.35 - - [08/May/2017:01:52:00 -0500] "GET /BLA/boletinlegal/js/jquery.scrollShow.js HTTP/1.1" 304 -
186.81.176.35 - - [08/May/2017:01:52:00 -0500] "GET /galeria/galeria/jquery.fancybox.js?v=2.1.5 HTTP/1.1" 304 -
201.245.192.253 - - [08/May/2017:01:52:06 -0500] "GET /galeria/nivo-slider/demo/undefined HTTP/1.1" 404 1314
148.251.136.43 - - [08/May/2017:01:52:53 -0500] "GET /robots.txt HTTP/1.1" 404 1018
148.251.136.43 - - [08/May/2017:01:52:54 -0500] "GET /BLA/resoluciones/index.php?vyrobce=REE HTTP/1.1" 200 8734
192.168.175.104 - - [08/May/2017:01:52:56 -0500] "GET / HTTP/1.1" 200 9990
192.168.175.104 - - [08/May/2017:01:53:14 -0500] "GET / HTTP/1.0" 200 9990
201.245.192.253 - - [08/May/2017:01:53:46 -0500] "GET /galeria/nivo-slider/demo/undefined HTTP/1.1" 404 1314
192.168.175.104 - - [08/May/2017:01:53:54 -0500] "GET / HTTP/1.1" 200 9990
181.57.249.12 - - [08/May/2017:01:54:58 -0500] "GET /galeria/galeria/jquery.fancybox.css?v=2.1.5 HTTP/1.1" 200 4895
181.57.249.12 - - [08/May/2017:01:54:58 -0500] "GET /galeria/galeria/jquery.fancybox.js?v=2.1.5 HTTP/1.1" 200 48706
181.57.249.12 - - [08/May/2017:01:54:58 -0500] "GET /galeria/galeria/fotos/Soratama1P.jpg HTTP/1.1" 200 9622
181.57.249.12 - - [08/May/2017:01:54:58 -0500] "GET /galeria/galeria/fotos/Soratama2P.jpg HTTP/1.1" 200 10548
181.57.249.12 - - [08/May/2017:01:54:58 -0500] "GET /galeria/galeria/fotos/Soratama3P.jpg HTTP/1.1" 200 11298
181.57.249.12 - - [08/May/2017:01:54:58 -0500] "GET /galeria/galeria/fotos/Soratama4P.jpg HTTP/1.1" 200 10482
217.182.132.78 - - [08/May/2017:01:55:09 -0500] "GET /autoliquidacion/index.php?dir=Permiso%20de%20ocupaci%C3%83%C2%B3n%20de%20cause/&sort=name&order=asc HTTP/1.1" 200 6628
69.162.124.233 - - [08/May/2017:01:55:21 -0500] "HEAD / HTTP/1.1" 200 -
201.245.192.253 - - [08/May/2017:01:55:27 -0500] "GET /galeria/nivo-slider/demo/undefined HTTP/1.1" 404 1314
66.249.64.55 - - [08/May/2017:01:55:42 -0500] "GET /BLA/resoluciones/AUTOS%202015/1691.pdf HTTP/1.1" 200 680399
181.57.249.12 - - [08/May/2017:01:56:37 -0500] "GET /galeria/galeria/fancybox_overlay.png HTTP/1.1" 200 1003
181.57.249.12 - - [08/May/2017:01:56:37 -0500] "GET /galeria/galeria/fancybox_loading.gif HTTP/1.1" 200 6567
181.57.249.12 - - [08/May/2017:01:56:37 -0500] "GET /galeria/galeria/fancybox_sprite.png HTTP/1.1" 200 1362
181.57.249.12 - - [08/May/2017:01:56:37 -0500] "GET /galeria/galeria/fotos/Soratama3G.jpg HTTP/1.1" 200 159434
181.57.249.12 - - [08/May/2017:01:56:37 -0500] "GET /galeria/galeria/fotos/Soratama4G.jpg HTTP/1.1" 200 167128
181.57.249.12 - - [08/May/2017:01:56:37 -0500] "GET /galeria/galeria/fotos/Soratama1G.jpg HTTP/1.1" 200 127762
181.57.249.12 - - [08/May/2017:01:56:37 -0500] "GET /galeria/galeria/fotos/Soratama2G.jpg HTTP/1.1" 200 167638
181.57.249.12 - - [08/May/2017:01:56:37 -0500] "GET /galeria/galeria/blank.gif HTTP/1.1" 200 43
66.135.63.227 - - [08/May/2017:01:56:43 -0500] "GET /wp/wp-admin/ HTTP/1.1" 404 1018
23.245.24.146 - - [08/May/2017:01:57:02 -0500] "GET /webdav/ HTTP/1.1" 404 1018
201.245.192.253 - - [08/May/2017:01:57:08 -0500] "GET /galeria/nivo-slider/demo/undefined HTTP/1.1" 404 1314
51.255.65.68 - - [08/May/2017:01:57:28 -0500] "GET /BLA/resoluciones/RESOLUCIONES%202002/RES%202002%20401-450/00000446.tif HTTP/1.1" 200 151674
217.182.132.54 - - [08/May/2017:01:57:52 -0500] "GET /BLA/resoluciones/RESOLUCIONES%202002/RES%202002%201901-1950/20021931.tif HTTP/1.1" 200 80796
192.168.175.104 - - [08/May/2017:01:57:54 -0500] "GET / HTTP/1.1" 200 9990
192.168.175.104 - - [08/May/2017:01:58:13 -0500] "GET / HTTP/1.0" 200 9990
201.245.192.253 - - [08/May/2017:01:58:48 -0500] "GET /galeria/nivo-slider/demo/undefined HTTP/1.1" 404 1314
51.255.65.38 - - [08/May/2017:01:58:50 -0500] "GET /BLA/resoluciones/RESOLUCIONES%202002/RES%202002%201001-1050/2002RES1033.tif HTTP/1.1" 200 64042
192.168.175.104 - - [08/May/2017:01:58:52 -0500] "GET / HTTP/1.1" 200 9990
66.135.63.227 - - [08/May/2017:01:59:23 -0500] "GET /wp-admin/ HTTP/1.1" 404 1018
69.162.124.233 - - [08/May/2017:02:00:21 -0500] "HEAD / HTTP/1.1" 200 -
217.182.132.152 - - [08/May/2017:02:00:25 -0500] "GET /BLA/resoluciones/RESOLUCIONES%202006/RES%202006%20901-950/00000932.tif HTTP/1.1" 200 160568
201.245.192.253 - - [08/May/2017:02:00:29 -0500] "GET /galeria/nivo-slider/demo/undefined HTTP/1.1" 404 1314
66.249.64.55 - - [08/May/2017:02:00:46 -0500] "GET /BLA/resoluciones/AUTOS%202007/3258.pdf HTTP/1.1" 200 188833
137.74.207.188 - - [08/May/2017:02:01:15 -0500] "GET /BLA/resoluciones/RESOLUCIONES%202006/RES%202006%20%202901-2950/00002911.tif HTTP/1.1" 200 81372
201.245.192.253 - - [08/May/2017:02:02:10 -0500] "GET /galeria/nivo-slider/demo/undefined HTTP/1.1" 404 1314
164.132.161.48 - - [08/May/2017:02:02:22 -0500] "GET /BLA/resoluciones/RESOLUCIONES%202006/RES%202006%20301-350/00000347.tif HTTP/1.1" 200 34828
192.168.175.104 - - [08/May/2017:02:02:52 -0500] "GET / HTTP/1.1" 200 9990
51.255.65.27 - - [08/May/2017:02:02:56 -0500] "GET /BLA/resoluciones/RESOLUCIONES%202003/RES%202003%20651-700/669.tif HTTP/1.1" 200 296828
164.132.162.159 - - [08/May/2017:02:03:00 -0500] "GET /BLA/resoluciones/RESOLUCIONES%202002/RES%202002%201701-1750/20021739.tif HTTP/1.1" 200 41306
192.168.175.104 - - [08/May/2017:02:03:10 -0500] "GET / HTTP/1.0" 200 9990
66.249.64.55 - - [08/May/2017:02:03:18 -0500] "GET /BLA/resoluciones/RESOLUCIONES%202007/RES%202007%20701%20AL%20800/RESOLUCION%200742%20DE%202007.pdf HTTP/1.1" 200 214009
66.249.64.55 - - [08/May/2017:02:03:29 -0500] "GET /menu/css/demo.css HTTP/1.1" 404 1232
66.249.64.55 - - [08/May/2017:02:03:30 -0500] "GET /menu/js/jquery.vaccordion.js HTTP/1.1" 404 1232
66.249.64.53 - - [08/May/2017:02:03:30 -0500] "GET /menu/css/style.css HTTP/1.1" 404 1232
66.249.64.55 - - [08/May/2017:02:03:31 -0500] "GET /menu/js/jquery.easing.1.3.js HTTP/1.1" 404 1232
66.249.64.55 - - [08/May/2017:02:03:31 -0500] "GET /menu/js/jquery.mousewheel.js HTTP/1.1" 404 1232
192.168.175.104 - - [08/May/2017:02:03:50 -0500] "GET / HTTP/1.1" 200 9990
201.245.192.253 - - [08/May/2017:02:03:50 -0500] "GET /galeria/nivo-slider/demo/undefined HTTP/1.1" 404 1314
69.162.124.233 - - [08/May/2017:02:05:21 -0500] "HEAD / HTTP/1.1" 200 -
201.245.192.253 - - [08/May/2017:02:05:31 -0500] "GET /galeria/nivo-slider/demo/undefined HTTP/1.1" 404 1314
66.135.63.227 - - [08/May/2017:02:05:48 -0500] "GET /old/wp-admin/ HTTP/1.1" 404 1018
186.28.144.240 - - [08/May/2017:02:05:53 -0500] "GET /galeria/galeria/jquery.fancybox.css?v=2.1.5 HTTP/1.1" 200 4895
186.28.144.240 - - [08/May/2017:02:05:53 -0500] "GET /galeria/galeria/jquery.fancybox.js?v=2.1.5 HTTP/1.1" 200 48706
186.28.144.240 - - [08/May/2017:02:05:54 -0500] "GET /galeria/galeria/fotos/Soratama1P.jpg HTTP/1.1" 200 9622
186.28.144.240 - - [08/May/2017:02:05:54 -0500] "GET /galeria/galeria/fotos/Soratama2P.jpg HTTP/1.1" 200 10548
186.28.144.240 - - [08/May/2017:02:05:55 -0500] "GET /galeria/galeria/fotos/Soratama3P.jpg HTTP/1.1" 200 11298
186.28.144.240 - - [08/May/2017:02:05:55 -0500] "GET /galeria/galeria/fotos/Soratama4P.jpg HTTP/1.1" 200 10482
217.182.132.90 - - [08/May/2017:02:06:47 -0500] "GET /BLA/resoluciones/RESOLUCIONES%202006/RES%202006%202201-2250/00002223.tif HTTP/1.1" 200 210280
186.28.144.240 - - [08/May/2017:02:06:48 -0500] "GET /galeria/galeria/fancybox_overlay.png HTTP/1.1" 200 1003
186.28.144.240 - - [08/May/2017:02:06:48 -0500] "GET /galeria/galeria/fotos/Soratama1G.jpg HTTP/1.1" 200 127762
186.28.144.240 - - [08/May/2017:02:06:48 -0500] "GET /galeria/galeria/fancybox_sprite@2x.png HTTP/1.1" 200 6553
186.28.144.240 - - [08/May/2017:02:06:48 -0500] "GET /galeria/galeria/fancybox_loading@2x.gif HTTP/1.1" 200 13984
186.28.144.240 - - [08/May/2017:02:06:51 -0500] "GET /galeria/galeria/fotos/Soratama2G.jpg HTTP/1.1" 200 167638
186.28.144.240 - - [08/May/2017:02:06:51 -0500] "GET /galeria/galeria/fotos/Soratama3G.jpg HTTP/1.1" 200 159434
186.28.144.240 - - [08/May/2017:02:06:51 -0500] "GET /galeria/galeria/fotos/Soratama4G.jpg HTTP/1.1" 200 167128
186.28.144.240 - - [08/May/2017:02:06:51 -0500] "GET /galeria/galeria/blank.gif HTTP/1.1" 200 43
201.245.192.253 - - [08/May/2017:02:07:12 -0500] "GET /galeria/nivo-slider/demo/undefined HTTP/1.1" 404 1314
95.120.4.156 - - [08/May/2017:02:07:38 -0500] "GET /BLA/boletinlegal/js/jquery.scrollShow.js HTTP/1.1" 200 4586
95.120.4.156 - - [08/May/2017:02:07:38 -0500] "GET /galeria/galeria/jquery.fancybox.js?v=2.1.5 HTTP/1.1" 200 48706
95.120.4.156 - - [08/May/2017:02:07:38 -0500] "GET /galeria/galeria/jquery.fancybox.css?v=2.1.5 HTTP/1.1" 200 4895
192.168.175.104 - - [08/May/2017:02:07:51 -0500] "GET / HTTP/1.1" 200 9990
95.120.4.156 - - [08/May/2017:02:08:03 -0500] "GET /galeria/galeria/jquery.fancybox.css?v=2.1.5 HTTP/1.1" 200 4895
95.120.4.156 - - [08/May/2017:02:08:03 -0500] "GET /BLA/boletinlegal/js/jquery.scrollShow.js HTTP/1.1" 200 4586
95.120.4.156 - - [08/May/2017:02:08:03 -0500] "GET /galeria/galeria/jquery.fancybox.js?v=2.1.5 HTTP/1.1" 200 48706
192.168.175.104 - - [08/May/2017:02:08:08 -0500] "GET / HTTP/1.0" 200 9990
66.249.64.51 - - [08/May/2017:02:08:23 -0500] "GET /BLA/resoluciones/AUTOS%202008/2890.pdf HTTP/1.1" 200 178005
192.168.175.104 - - [08/May/2017:02:08:48 -0500] "GET / HTTP/1.1" 200 9990
201.245.192.253 - - [08/May/2017:02:08:52 -0500] "GET /galeria/nivo-slider/demo/undefined HTTP/1.1" 404 1314
66.135.63.227 - - [08/May/2017:02:09:34 -0500] "GET /test/wp-admin/ HTTP/1.1" 404 1018
69.162.124.233 - - [08/May/2017:02:10:21 -0500] "HEAD / HTTP/1.1" 200 -
51.255.71.120 - - [08/May/2017:02:10:32 -0500] "GET /BLA/resoluciones/RESOLUCIONES%202005/RES%202005%20901-950/00000924.tif HTTP/1.1" 200 123790
201.245.192.253 - - [08/May/2017:02:10:33 -0500] "GET /galeria/nivo-slider/demo/undefined HTTP/1.1" 404 1314
181.57.249.12 - - [08/May/2017:02:10:36 -0500] "GET /galeria/galeria/fotos/Soratama3G.jpg HTTP/1.1" 200 159434
180.76.15.19 - - [08/May/2017:02:11:20 -0500] "GET /BLA/resoluciones/AUTOS%202010/1671.pdf HTTP/1.1" 200 1350785
180.76.15.150 - - [08/May/2017:02:11:21 -0500] "GET /BLA/resoluciones/RESOLUCIONES%202015/0481.pdf HTTP/1.1" 200 674041
201.245.192.253 - - [08/May/2017:02:12:14 -0500] "GET /galeria/nivo-slider/demo/undefined HTTP/1.1" 404 1314
192.168.175.104 - - [08/May/2017:02:12:48 -0500] "GET / HTTP/1.1" 200 9990
192.168.175.104 - - [08/May/2017:02:13:06 -0500] "GET / HTTP/1.0" 200 9990
164.132.161.66 - - [08/May/2017:02:13:29 -0500] "GET /BLA/resoluciones/RESOLUCIONES%202004/RES%202004%201401-1450/00001416.tif HTTP/1.1" 200 132658
192.168.175.104 - - [08/May/2017:02:13:46 -0500] "GET / HTTP/1.1" 200 9990
201.245.192.253 - - [08/May/2017:02:13:54 -0500] "GET /galeria/nivo-slider/demo/undefined HTTP/1.1" 404 1314
66.249.64.51 - - [08/May/2017:02:14:28 -0500] "GET /BLA/resoluciones/AUTOS%202011/4042.pdf HTTP/1.1" 200 215977
186.31.183.208 - - [08/May/2017:02:14:30 -0500] "GET /galeria/nivo-slider/demo/images/bannerconvocatria3.jpg HTTP/1.1" 304 -
186.31.183.208 - - [08/May/2017:02:14:41 -0500] "GET /galeria/nivo-slider/demo/images/banner%20web%20fiblibro.jpg HTTP/1.1" 304 -
186.31.183.208 - - [08/May/2017:02:15:14 -0500] "GET /galeria/nivo-slider/demo/images/banenr%20web%20reto%20IEEE-01.jpg HTTP/1.1" 304 -
69.162.124.233 - - [08/May/2017:02:15:21 -0500] "HEAD / HTTP/1.1" 200 -
186.31.183.208 - - [08/May/2017:02:15:26 -0500] "GET /galeria/nivo-slider/demo/images/banenr%20web%20reto%20IEEE-01.jpg HTTP/1.1" 304 -
201.245.192.253 - - [08/May/2017:02:15:35 -0500] "GET /galeria/nivo-slider/demo/undefined HTTP/1.1" 404 1314
212.83.174.55 - - [08/May/2017:02:15:37 -0500] "GET / HTTP/1.1" 200 9990
66.249.64.51 - - [08/May/2017:02:15:59 -0500] "GET /BLA/resoluciones/AUTOS%202011/4356.pdf HTTP/1.1" 200 625225
66.249.88.7 - - [08/May/2017:02:17:00 -0500] "GET /galeria/galeria/jquery.fancybox.css?v=2.1.5 HTTP/1.1" 200 4895
66.249.88.1 - - [08/May/2017:02:17:00 -0500] "GET /galeria/carrusel/Carrusel/jquery-ui-1.8.13.custom.min.js HTTP/1.1" 200 10800
66.249.88.7 - - [08/May/2017:02:17:00 -0500] "GET /galeria/carrusel/Carrusel/jquery.thumbnailScroller.css HTTP/1.1" 200 2066
66.249.88.1 - - [08/May/2017:02:17:00 -0500] "GET /BLA/boletinlegal/js/jquery.scrollShow.js HTTP/1.1" 200 4586
66.249.88.4 - - [08/May/2017:02:17:00 -0500] "GET /galeria/galeria/jquery.fancybox.js?v=2.1.5 HTTP/1.1" 200 48706
66.249.88.4 - - [08/May/2017:02:17:00 -0500] "GET /galeria/carrusel/Carrusel/jquery.thumbnailScroller.js HTTP/1.1" 200 8157
66.249.88.7 - - [08/May/2017:02:17:02 -0500] "GET /galeria/nivo-slider/demo/demo.html HTTP/1.1" 200 3849
66.249.88.7 - - [08/May/2017:02:17:02 -0500] "GET /galeria/nivo-slider/themes/orman/orman.css HTTP/1.1" 200 2152
66.249.88.1 - - [08/May/2017:02:17:02 -0500] "GET /galeria/nivo-slider/nivo-slider.css HTTP/1.1" 200 1507
66.249.88.1 - - [08/May/2017:02:17:02 -0500] "GET /galeria/nivo-slider/themes/pascal/pascal.css HTTP/1.1" 200 2258
66.249.88.4 - - [08/May/2017:02:17:02 -0500] "GET /galeria/nivo-slider/themes/default/default.css HTTP/1.1" 200 1569
66.249.88.7 - - [08/May/2017:02:17:02 -0500] "GET /galeria/nivo-slider/demo/style.css HTTP/1.1" 200 2222
66.249.88.4 - - [08/May/2017:02:17:02 -0500] "GET /galeria/nivo-slider/jquery.nivo.slider.pack.js HTTP/1.1" 200 11561
66.249.88.4 - - [08/May/2017:02:17:02 -0500] "GET /galeria/nivo-slider/demo/images/banner%20web%20fiblibro.jpg HTTP/1.1" 200 102374
66.249.88.7 - - [08/May/2017:02:17:02 -0500] "GET /galeria/nivo-slider/demo/images/bannercampa%C3%B1acambiodesede.jpg HTTP/1.1" 200 134156
66.249.88.7 - - [08/May/2017:02:17:02 -0500] "GET /galeria/nivo-slider/demo/images/banenr%20web%20reto%20IEEE-01.jpg HTTP/1.1" 200 219648
66.249.88.4 - - [08/May/2017:02:17:02 -0500] "GET /galeria/nivo-slider/demo/scripts/jquery-1.7.1.min.js HTTP/1.1" 200 93868
66.249.88.1 - - [08/May/2017:02:17:02 -0500] "GET /galeria/nivo-slider/demo/images/bannerconvocatria3.jpg HTTP/1.1" 200 235024
66.249.88.1 - - [08/May/2017:02:17:02 -0500] "GET /galeria/nivo-slider/demo/images/BANNERRECICLATON2017.jpg HTTP/1.1" 200 244103
66.249.88.7 - - [08/May/2017:02:17:02 -0500] "GET /galeria/nivo-slider/demo/images/BANNERCAMINATAS%20ECOLOGICAS%20MARZO.jpg HTTP/1.1" 200 266671
66.249.88.7 - - [08/May/2017:02:17:02 -0500] "GET /galeria/nivo-slider/demo/images/bolsas-06.jpg HTTP/1.1" 200 210950
66.249.88.1 - - [08/May/2017:02:17:02 -0500] "GET /galeria/nivo-slider/demo/images/BANNERRUTADEVERTIMIENTOS.jpg HTTP/1.1" 200 98506
66.249.88.1 - - [08/May/2017:02:17:02 -0500] "GET /galeria/nivo-slider/demo/images/banner%20reportedearbolescaidos.jpg HTTP/1.1" 200 249999
66.249.88.1 - - [08/May/2017:02:17:02 -0500] "GET /galeria/nivo-slider/demo/images/banner%20aceite%20vegetal%20usado.jpg HTTP/1.1" 200 169350
66.249.88.1 - - [08/May/2017:02:17:02 -0500] "GET /galeria/nivo-slider/demo/images/bannerlumina2017web.jpg HTTP/1.1" 200 198918
66.249.88.7 - - [08/May/2017:02:17:03 -0500] "GET /galeria/nivo-slider/demo/images/4Simple_Slider.png HTTP/1.1" 200 11722
66.249.88.4 - - [08/May/2017:02:17:03 -0500] "GET /galeria/nivo-slider/themes/default/loading.gif HTTP/1.1" 200 1737
127.0.0.1 - - [08/May/2017:02:17:04 -0500] "POST /plugins/update-check/1.1/ HTTP/1.0" 404 1021
127.0.0.1 - - [08/May/2017:02:17:04 -0500] "POST /themes/update-check/1.1/ HTTP/1.0" 404 1021
127.0.0.1 - - [08/May/2017:02:17:04 -0500] "POST /core/version-check/1.7/?version=4.2.2&php=5.5.15&locale=es_ES&mysql=5.6.20&local_package=&blogs=1&users=625&multisite_enabled=0 HTTP/1.0" 404 1021
127.0.0.1 - - [08/May/2017:02:17:04 -0500] "POST /themes/update-check/1.1/ HTTP/1.0" 404 1021
127.0.0.1 - - [08/May/2017:02:17:04 -0500] "POST /plugins/update-check/1.1/ HTTP/1.0" 404 1021
66.249.88.7 - - [08/May/2017:02:17:06 -0500] "GET /galeria/nivo-slider/themes/default/arrows.png HTTP/1.1" 200 824
66.249.88.4 - - [08/May/2017:02:17:06 -0500] "GET /galeria/nivo-slider/themes/default/bullets.png HTTP/1.1" 200 1281
201.245.192.253 - - [08/May/2017:02:17:16 -0500] "GET /galeria/nivo-slider/demo/undefined HTTP/1.1" 404 1314
66.249.88.4 - - [08/May/2017:02:17:35 -0500] "GET /BLA/boletinlegal/js/jquery.scrollShow.js HTTP/1.1" 304 -
66.249.88.7 - - [08/May/2017:02:17:35 -0500] "GET /galeria/galeria/jquery.fancybox.js?v=2.1.5 HTTP/1.1" 304 -
66.249.88.4 - - [08/May/2017:02:17:35 -0500] "GET /galeria/galeria/jquery.fancybox.css?v=2.1.5 HTTP/1.1" 304 -
192.168.175.104 - - [08/May/2017:02:17:46 -0500] "GET / HTTP/1.1" 200 9990
192.168.175.104 - - [08/May/2017:02:18:04 -0500] "GET / HTTP/1.0" 200 9990
66.249.88.1 - - [08/May/2017:02:18:13 -0500] "GET /BLA/boletinlegal/js/jquery.scrollShow.js HTTP/1.1" 304 -
66.249.88.7 - - [08/May/2017:02:18:13 -0500] "GET /galeria/galeria/jquery.fancybox.js?v=2.1.5 HTTP/1.1" 304 -
66.249.88.4 - - [08/May/2017:02:18:13 -0500] "GET /galeria/galeria/jquery.fancybox.css?v=2.1.5 HTTP/1.1" 304 -
66.249.88.1 - - [08/May/2017:02:18:40 -0500] "GET /galeria/galeria/jquery.fancybox.js?v=2.1.5 HTTP/1.1" 304 -
66.249.88.7 - - [08/May/2017:02:18:40 -0500] "GET /BLA/boletinlegal/js/jquery.scrollShow.js HTTP/1.1" 304 -
66.249.88.1 - - [08/May/2017:02:18:40 -0500] "GET /galeria/galeria/jquery.fancybox.css?v=2.1.5 HTTP/1.1" 304 -
192.168.175.104 - - [08/May/2017:02:18:44 -0500] "GET / HTTP/1.1" 200 9990
35.184.189.105 - - [08/May/2017:02:18:48 -0500] "GET /robots.txt HTTP/1.1" 404 1019
201.245.192.253 - - [08/May/2017:02:18:56 -0500] "GET /galeria/nivo-slider/demo/undefined HTTP/1.1" 404 1314
66.249.88.7 - - [08/May/2017:02:19:00 -0500] "GET /galeria/galeria/jquery.fancybox.css?v=2.1.5 HTTP/1.1" 304 -
66.249.88.4 - - [08/May/2017:02:19:00 -0500] "GET /BLA/boletinlegal/js/jquery.scrollShow.js HTTP/1.1" 304 -
66.249.88.7 - - [08/May/2017:02:19:00 -0500] "GET /galeria/galeria/jquery.fancybox.js?v=2.1.5 HTTP/1.1" 304 -
66.135.63.227 - - [08/May/2017:02:19:08 -0500] "GET /wordpress/wp-admin/ HTTP/1.1" 404 1018
51.255.71.117 - - [08/May/2017:02:19:08 -0500] "GET /BLA/resoluciones/RESOLUCIONES%202002/RES%202002%20301-350/00000349.tif HTTP/1.1" 200 195468
66.249.88.1 - - [08/May/2017:02:19:23 -0500] "GET /galeria/galeria/jquery.fancybox.css?v=2.1.5 HTTP/1.1" 200 4895
66.249.88.4 - - [08/May/2017:02:19:23 -0500] "GET /galeria/galeria/jquery.fancybox.js?v=2.1.5 HTTP/1.1" 200 48706
66.249.88.1 - - [08/May/2017:02:19:23 -0500] "GET /BLA/boletinlegal/js/jquery.scrollShow.js HTTP/1.1" 200 4586
66.249.88.1 - - [08/May/2017:02:19:26 -0500] "GET /BLA/boletinlegal/js/jquery.scrollShow.js HTTP/1.1" 200 4586
66.249.88.7 - - [08/May/2017:02:19:26 -0500] "GET /galeria/galeria/jquery.fancybox.css?v=2.1.5 HTTP/1.1" 200 4895
66.249.88.7 - - [08/May/2017:02:19:26 -0500] "GET /galeria/galeria/jquery.fancybox.js?v=2.1.5 HTTP/1.1" 200 48706
35.184.189.105 - - [08/May/2017:02:19:43 -0500] "GET /www.bogota.gov.co/sdqs HTTP/1.1" 404 1019
69.162.124.233 - - [08/May/2017:02:20:21 -0500] "HEAD / HTTP/1.1" 200 -
201.245.192.253 - - [08/May/2017:02:20:37 -0500] "GET /galeria/nivo-slider/demo/undefined HTTP/1.1" 404 1314
217.182.132.25 - - [08/May/2017:02:20:42 -0500] "GET /BLA/resoluciones/index.php?dir=RESOLUCIONES+2003%2FRES+2003+001-050%2F HTTP/1.1" 200 12161
201.245.192.253 - - [08/May/2017:02:22:18 -0500] "GET /galeria/nivo-slider/demo/undefined HTTP/1.1" 404 1314
192.168.175.104 - - [08/May/2017:02:22:45 -0500] "GET / HTTP/1.1" 200 9990
192.168.175.104 - - [08/May/2017:02:23:02 -0500] "GET / HTTP/1.0" 200 9990
157.55.39.118 - - [08/May/2017:02:23:14 -0500] "GET /robots.txt HTTP/1.1" 404 1019
207.46.13.7 - - [08/May/2017:02:23:20 -0500] "GET /BLA/boletinlegal/jurisprudencia.php HTTP/1.1" 200 13105
66.249.64.51 - - [08/May/2017:02:23:35 -0500] "GET /BLA/resoluciones/AUTOS%202015/0744.pdf HTTP/1.1" 304 -
192.168.175.104 - - [08/May/2017:02:23:43 -0500] "GET / HTTP/1.1" 200 9990
201.245.192.253 - - [08/May/2017:02:23:59 -0500] "GET /galeria/nivo-slider/demo/undefined HTTP/1.1" 404 1314
186.155.117.44 - - [08/May/2017:02:24:42 -0500] "GET /BLA/resoluciones/AUTOS%202015/0736.pdf HTTP/1.1" 200 692413
69.162.124.233 - - [08/May/2017:02:25:21 -0500] "HEAD / HTTP/1.1" 200 -
201.245.192.253 - - [08/May/2017:02:25:39 -0500] "GET /galeria/nivo-slider/demo/undefined HTTP/1.1" 404 1314
186.155.117.44 - - [08/May/2017:02:26:00 -0500] "GET /BLA/resoluciones/RESOLUCIONES%202014/0565.pdf HTTP/1.1" 200 302587
180.76.15.151 - - [08/May/2017:02:26:07 -0500] "GET / HTTP/1.1" 200 9990
66.249.64.51 - - [08/May/2017:02:26:07 -0500] "GET /BLA/resoluciones/RESOLUCIONES%202007/RES%202007%202201%20AL%202300/RESOLUCION%202210%20DE%202007.pdf HTTP/1.1" 200 149715
180.76.15.30 - - [08/May/2017:02:26:37 -0500] "GET / HTTP/1.1" 200 9990
164.132.161.91 - - [08/May/2017:02:26:45 -0500] "GET /BLA/resoluciones/RESOLUCIONES%202005/RES%202005%201-50/00000022.tif HTTP/1.1" 200 161756
176.195.108.233 - - [08/May/2017:02:26:53 -0500] "GET /BLA/boletinlegal/js/jquery.scrollShow.js HTTP/1.1" 200 4586
176.195.108.233 - - [08/May/2017:02:26:53 -0500] "GET /galeria/galeria/jquery.fancybox.js?v=2.1.5 HTTP/1.1" 200 48706
176.195.108.233 - - [08/May/2017:02:26:53 -0500] "GET /galeria/galeria/jquery.fancybox.css?v=2.1.5 HTTP/1.1" 200 4895
164.132.162.153 - - [08/May/2017:02:26:54 -0500] "GET /BLA/resoluciones/RESOLUCIONES%202003/RES%202003%20751-800/783.tif HTTP/1.1" 200 115084
109.173.49.197 - - [08/May/2017:02:26:54 -0500] "GET /galeria/galeria/jquery.fancybox.js?v=2.1.5 HTTP/1.1" 200 48706
109.173.49.197 - - [08/May/2017:02:26:54 -0500] "GET /galeria/galeria/jquery.fancybox.css?v=2.1.5 HTTP/1.1" 200 4895
109.173.49.197 - - [08/May/2017:02:26:54 -0500] "GET /BLA/boletinlegal/js/jquery.scrollShow.js HTTP/1.1" 200 4586
176.195.127.142 - - [08/May/2017:02:27:03 -0500] "GET /BLA/boletinlegal/js/jquery.scrollShow.js HTTP/1.1" 200 4586
176.195.127.142 - - [08/May/2017:02:27:03 -0500] "GET /galeria/galeria/jquery.fancybox.js?v=2.1.5 HTTP/1.1" 200 48706
