192.168.175.104 - - [08/May/2017:00:28:40 -0500] "GET / HTTP/1.0" 200 9990
190.9.207.145 - - [08/May/2017:00:29:17 -0500] "GET /Residuos/impresion/files/guia_impresion-lit.pdf HTTP/1.1" 200 12573981
190.24.100.60 - - [08/May/2017:00:29:17 -0500] "GET /galeria/galeria/jquery.fancybox.css?v=2.1.5 HTTP/1.1" 200 4895
190.24.100.60 - - [08/May/2017:00:29:17 -0500] "GET /BLA/boletinlegal/js/jquery.scrollShow.js HTTP/1.1" 200 4586
190.24.100.60 - - [08/May/2017:00:29:17 -0500] "GET /galeria/galeria/jquery.fancybox.js?v=2.1.5 HTTP/1.1" 200 48706
190.9.207.145 - - [08/May/2017:00:29:17 -0500] "GET /favicon.ico HTTP/1.1" 200 7782
190.9.207.145 - - [08/May/2017:00:29:19 -0500] "GET /Residuos/impresion/files/guia_impresion-lit.pdf HTTP/1.1" 206 11391656
192.168.175.104 - - [08/May/2017:00:29:25 -0500] "GET / HTTP/1.1" 200 9990
37.187.157.108 - - [08/May/2017:00:29:27 -0500] "HEAD /BLA/resoluciones/AUTOS%202011/2614.pdf HTTP/1.1" 200 -
66.249.64.53 - - [08/May/2017:00:29:31 -0500] "GET /BLA/resoluciones/RESOLUCIONES%202009/4785.pdf HTTP/1.1" 200 600839
190.24.100.60 - - [08/May/2017:00:29:35 -0500] "GET /galeria/galeria/jquery.fancybox.css?v=2.1.5 HTTP/1.1" 200 4895
190.24.100.60 - - [08/May/2017:00:29:35 -0500] "GET /BLA/boletinlegal/js/jquery.scrollShow.js HTTP/1.1" 304 -
190.24.100.60 - - [08/May/2017:00:29:35 -0500] "GET /galeria/galeria/jquery.fancybox.js?v=2.1.5 HTTP/1.1" 304 -
201.245.192.253 - - [08/May/2017:00:29:52 -0500] "GET /galeria/nivo-slider/demo/undefined HTTP/1.1" 404 1314
190.147.9.227 - - [08/May/2017:00:30:07 -0500] "GET /galeria/galeria/jquery.fancybox.css?v=2.1.5 HTTP/1.1" 200 4895
190.147.9.227 - - [08/May/2017:00:30:07 -0500] "GET /BLA/boletinlegal/js/jquery.scrollShow.js HTTP/1.1" 200 4586
190.147.9.227 - - [08/May/2017:00:30:07 -0500] "GET /galeria/galeria/jquery.fancybox.js?v=2.1.5 HTTP/1.1" 200 48706
190.147.9.227 - - [08/May/2017:00:30:10 -0500] "GET /BLA/boletinlegal/js/jquery.scrollShow.js HTTP/1.1" 304 -
190.147.9.227 - - [08/May/2017:00:30:10 -0500] "GET /galeria/galeria/jquery.fancybox.js?v=2.1.5 HTTP/1.1" 304 -
190.147.9.227 - - [08/May/2017:00:30:10 -0500] "GET /galeria/galeria/jquery.fancybox.css?v=2.1.5 HTTP/1.1" 304 -
69.162.124.233 - - [08/May/2017:00:30:21 -0500] "HEAD / HTTP/1.1" 200 -
181.58.225.14 - - [08/May/2017:00:31:01 -0500] "GET /galeria/galeria/jquery.fancybox.css?v=2.1.5 HTTP/1.1" 200 4895
181.58.225.14 - - [08/May/2017:00:31:01 -0500] "GET /galeria/galeria/jquery.fancybox.js?v=2.1.5 HTTP/1.1" 200 48706
181.58.225.14 - - [08/May/2017:00:31:01 -0500] "GET /BLA/boletinlegal/js/jquery.scrollShow.js HTTP/1.1" 200 4586
181.58.225.14 - - [08/May/2017:00:31:09 -0500] "GET /BLA/boletinlegal/js/jquery.scrollShow.js HTTP/1.1" 304 -
181.58.225.14 - - [08/May/2017:00:31:09 -0500] "GET /galeria/galeria/jquery.fancybox.js?v=2.1.5 HTTP/1.1" 304 -
181.58.225.14 - - [08/May/2017:00:31:09 -0500] "GET /galeria/galeria/jquery.fancybox.css?v=2.1.5 HTTP/1.1" 304 -
40.77.167.95 - - [08/May/2017:00:31:12 -0500] "GET /galeria/nivo-slider/themes/pascal/pascal.css HTTP/1.1" 200 2258
207.46.13.52 - - [08/May/2017:00:31:17 -0500] "GET /galeria/nivo-slider/nivo-slider.css HTTP/1.1" 200 1507
180.76.15.14 - - [08/May/2017:00:31:20 -0500] "GET /BLA/resoluciones/AUTOS%202014/6535.pdf HTTP/1.1" 200 577798
185.170.41.8 - - [08/May/2017:00:31:32 -0500] "GET / HTTP/1.1" 302 298
201.245.192.253 - - [08/May/2017:00:31:32 -0500] "GET /galeria/nivo-slider/demo/undefined HTTP/1.1" 404 1314
190.84.184.239 - - [08/May/2017:00:32:29 -0500] "GET /BLA/resoluciones/RESOLUCIONES%202013/0466.pdf HTTP/1.1" 200 4657784
190.84.184.239 - - [08/May/2017:00:32:30 -0500] "GET /BLA/resoluciones/RESOLUCIONES%202013/0466.pdf HTTP/1.1" 206 4567538
186.28.26.73 - - [08/May/2017:00:32:49 -0500] "GET /BLA/resoluciones/AUTOS%202013/2509.pdf HTTP/1.1" 200 528312
186.28.26.73 - - [08/May/2017:00:32:49 -0500] "GET /BLA/resoluciones/AUTOS%202013/2509.pdf HTTP/1.1" 206 4024
186.28.26.73 - - [08/May/2017:00:32:50 -0500] "GET /favicon.ico HTTP/1.1" 200 7782
201.245.192.253 - - [08/May/2017:00:33:13 -0500] "GET /galeria/nivo-slider/demo/undefined HTTP/1.1" 404 1314
192.168.175.104 - - [08/May/2017:00:33:26 -0500] "GET / HTTP/1.1" 200 9990
190.13.46.135 - - [08/May/2017:00:33:26 -0500] "GET /galeria/galeria/jquery.fancybox.css?v=2.1.5 HTTP/1.1" 200 4895
190.13.46.135 - - [08/May/2017:00:33:26 -0500] "GET /BLA/boletinlegal/js/jquery.scrollShow.js HTTP/1.1" 200 4586
190.13.46.135 - - [08/May/2017:00:33:26 -0500] "GET /galeria/galeria/jquery.fancybox.js?v=2.1.5 HTTP/1.1" 200 48706
186.31.159.250 - - [08/May/2017:00:33:37 -0500] "GET /BLA/resoluciones/RESOLUCIONES%202010/1445.pdf HTTP/1.1" 200 695021
192.168.175.104 - - [08/May/2017:00:33:38 -0500] "GET / HTTP/1.0" 200 9990
177.232.80.122 - - [08/May/2017:00:33:54 -0500] "GET /BLA/boletinlegal/js/jquery.scrollShow.js HTTP/1.1" 200 4586
177.232.80.122 - - [08/May/2017:00:33:54 -0500] "GET /galeria/galeria/jquery.fancybox.js?v=2.1.5 HTTP/1.1" 200 48706
177.232.80.122 - - [08/May/2017:00:33:56 -0500] "GET /galeria/galeria/jquery.fancybox.css?v=2.1.5 HTTP/1.1" 200 4895
177.232.80.122 - - [08/May/2017:00:33:56 -0500] "GET /galeria/carrusel/Carrusel/jquery.thumbnailScroller.css HTTP/1.1" 200 2066
177.232.80.122 - - [08/May/2017:00:33:56 -0500] "GET /galeria/carrusel/Carrusel/jquery-ui-1.8.13.custom.min.js HTTP/1.1" 200 10800
177.232.80.122 - - [08/May/2017:00:33:56 -0500] "GET /galeria/carrusel/Carrusel/jquery.thumbnailScroller.js HTTP/1.1" 200 8157
177.232.80.122 - - [08/May/2017:00:33:57 -0500] "GET /galeria/nivo-slider/demo/demo.html HTTP/1.1" 200 3849
177.232.80.122 - - [08/May/2017:00:33:57 -0500] "GET /galeria/nivo-slider/themes/default/default.css HTTP/1.1" 200 1569
177.232.80.122 - - [08/May/2017:00:33:57 -0500] "GET /galeria/nivo-slider/themes/pascal/pascal.css HTTP/1.1" 200 2258
177.232.80.122 - - [08/May/2017:00:33:57 -0500] "GET /galeria/nivo-slider/themes/orman/orman.css HTTP/1.1" 200 2152
177.232.80.122 - - [08/May/2017:00:33:57 -0500] "GET /galeria/nivo-slider/nivo-slider.css HTTP/1.1" 200 1507
177.232.80.122 - - [08/May/2017:00:33:57 -0500] "GET /galeria/nivo-slider/demo/style.css HTTP/1.1" 200 2222
177.232.80.122 - - [08/May/2017:00:33:57 -0500] "GET /galeria/nivo-slider/demo/images/BANNERRECICLATON2017.jpg HTTP/1.1" 200 244103
177.232.80.122 - - [08/May/2017:00:33:57 -0500] "GET /galeria/nivo-slider/demo/images/bannerconvocatria3.jpg HTTP/1.1" 200 235024
177.232.80.122 - - [08/May/2017:00:33:57 -0500] "GET /galeria/nivo-slider/demo/images/banner%20web%20fiblibro.jpg HTTP/1.1" 200 102374
177.232.80.122 - - [08/May/2017:00:33:57 -0500] "GET /galeria/nivo-slider/demo/scripts/jquery-1.7.1.min.js HTTP/1.1" 200 93868
177.232.80.122 - - [08/May/2017:00:33:57 -0500] "GET /galeria/nivo-slider/jquery.nivo.slider.pack.js HTTP/1.1" 200 11561
177.232.80.122 - - [08/May/2017:00:33:57 -0500] "GET /galeria/nivo-slider/themes/default/loading.gif HTTP/1.1" 200 1737
177.232.80.122 - - [08/May/2017:00:33:58 -0500] "GET /galeria/nivo-slider/demo/images/4Simple_Slider.png HTTP/1.1" 200 11722
177.232.80.122 - - [08/May/2017:00:33:58 -0500] "GET /galeria/nivo-slider/demo/images/bannercampa%C3%B1acambiodesede.jpg HTTP/1.1" 200 134156
177.232.80.122 - - [08/May/2017:00:33:58 -0500] "GET /galeria/nivo-slider/demo/images/banner%20reportedearbolescaidos.jpg HTTP/1.1" 200 249999
177.232.80.122 - - [08/May/2017:00:33:59 -0500] "GET /galeria/nivo-slider/demo/images/banenr%20web%20reto%20IEEE-01.jpg HTTP/1.1" 200 219648
177.232.80.122 - - [08/May/2017:00:34:00 -0500] "GET /galeria/nivo-slider/demo/images/BANNERCAMINATAS%20ECOLOGICAS%20MARZO.jpg HTTP/1.1" 200 266671
177.232.80.122 - - [08/May/2017:00:34:01 -0500] "GET /galeria/nivo-slider/demo/images/banner%20aceite%20vegetal%20usado.jpg HTTP/1.1" 200 169350
177.232.80.122 - - [08/May/2017:00:34:02 -0500] "GET /galeria/nivo-slider/demo/images/bannerlumina2017web.jpg HTTP/1.1" 200 198918
177.232.80.122 - - [08/May/2017:00:34:03 -0500] "GET /galeria/nivo-slider/demo/images/BANNERRUTADEVERTIMIENTOS.jpg HTTP/1.1" 200 98506
177.232.80.122 - - [08/May/2017:00:34:04 -0500] "GET /galeria/nivo-slider/demo/images/bolsas-06.jpg HTTP/1.1" 200 210950
181.63.34.155 - - [08/May/2017:00:34:05 -0500] "GET /galeria/galeria/jquery.fancybox.css?v=2.1.5 HTTP/1.1" 200 4895
181.63.34.155 - - [08/May/2017:00:34:05 -0500] "GET /BLA/boletinlegal/js/jquery.scrollShow.js HTTP/1.1" 200 4586
181.63.34.155 - - [08/May/2017:00:34:05 -0500] "GET /galeria/galeria/jquery.fancybox.js?v=2.1.5 HTTP/1.1" 200 48706
181.63.34.155 - - [08/May/2017:00:34:19 -0500] "GET /BLA/boletinlegal/js/jquery.scrollShow.js HTTP/1.1" 304 -
181.63.34.155 - - [08/May/2017:00:34:19 -0500] "GET /galeria/galeria/jquery.fancybox.js?v=2.1.5 HTTP/1.1" 304 -
181.63.34.155 - - [08/May/2017:00:34:19 -0500] "GET /galeria/galeria/jquery.fancybox.css?v=2.1.5 HTTP/1.1" 304 -
192.168.175.104 - - [08/May/2017:00:34:23 -0500] "GET / HTTP/1.1" 200 9990
51.255.65.7 - - [08/May/2017:00:34:31 -0500] "GET /BLA/resoluciones/RESOLUCIONES%202003/RES%202003%20551-600/598.tif HTTP/1.1" 200 335328
66.249.64.61 - - [08/May/2017:00:34:35 -0500] "GET /robots.txt HTTP/1.1" 404 1015
66.249.64.3 - - [08/May/2017:00:34:35 -0500] "GET / HTTP/1.1" 200 9990
201.245.192.253 - - [08/May/2017:00:34:54 -0500] "GET /galeria/nivo-slider/demo/undefined HTTP/1.1" 404 1314
217.182.132.4 - - [08/May/2017:00:35:18 -0500] "GET /BLA/resoluciones/RESOLUCIONES%202003/RES%202003%20601-650/620.tif HTTP/1.1" 200 63080
69.162.124.233 - - [08/May/2017:00:35:21 -0500] "HEAD / HTTP/1.1" 200 -
66.249.64.55 - - [08/May/2017:00:35:33 -0500] "GET /galeria/nivo-slider/demo/images/BANNERRECICLATON2017.jpg HTTP/1.1" 304 -
181.49.80.87 - - [08/May/2017:00:35:34 -0500] "-" 408 -
46.165.197.142 - - [08/May/2017:00:35:42 -0500] "GET /robots.txt HTTP/1.1" 404 1019
46.165.197.142 - - [08/May/2017:00:35:44 -0500] "GET / HTTP/1.1" 200 9990
186.30.45.189 - - [08/May/2017:00:36:01 -0500] "GET /galeria/galeria/fotos/mirador4G.jpg HTTP/1.1" 200 159827
51.255.65.65 - - [08/May/2017:00:36:07 -0500] "GET /BLA/resoluciones/RESOLUCIONES%202002/RES%202002%201901-1950/20021923.tif HTTP/1.1" 200 141764
190.233.92.100 - - [08/May/2017:00:36:16 -0500] "GET /aire/agosto/Image282.gif HTTP/1.1" 404 1019
190.233.92.100 - - [08/May/2017:00:36:17 -0500] "GET /aire/agosto/Image282.gif HTTP/1.1" 404 1019
201.245.192.253 - - [08/May/2017:00:36:34 -0500] "GET /galeria/nivo-slider/demo/undefined HTTP/1.1" 404 1314
189.159.44.214 - - [08/May/2017:00:37:04 -0500] "GET /galeria/galeria/jquery.fancybox.css?v=2.1.5 HTTP/1.1" 200 4895
189.159.44.214 - - [08/May/2017:00:37:04 -0500] "GET /BLA/boletinlegal/js/jquery.scrollShow.js HTTP/1.1" 200 4586
189.159.44.214 - - [08/May/2017:00:37:04 -0500] "GET /galeria/galeria/jquery.fancybox.js?v=2.1.5 HTTP/1.1" 200 48706
189.159.44.214 - - [08/May/2017:00:37:10 -0500] "GET /BLA/boletinlegal/js/jquery.scrollShow.js HTTP/1.1" 304 -
189.159.44.214 - - [08/May/2017:00:37:10 -0500] "GET /galeria/galeria/jquery.fancybox.css?v=2.1.5 HTTP/1.1" 304 -
189.159.44.214 - - [08/May/2017:00:37:10 -0500] "GET /galeria/galeria/jquery.fancybox.js?v=2.1.5 HTTP/1.1" 304 -
181.114.127.99 - - [08/May/2017:00:37:54 -0500] "GET /galeria/galeria/fotos/JornadaG.jpg HTTP/1.1" 200 50761
190.233.92.100 - - [08/May/2017:00:38:11 -0500] "GET /aire/agosto/Image282.gif HTTP/1.1" 404 1019
190.233.92.100 - - [08/May/2017:00:38:12 -0500] "GET /aire/agosto/Image282.gif HTTP/1.1" 404 1019
201.245.192.253 - - [08/May/2017:00:38:15 -0500] "GET /galeria/nivo-slider/demo/undefined HTTP/1.1" 404 1314
192.168.175.104 - - [08/May/2017:00:38:24 -0500] "GET / HTTP/1.1" 200 9990
192.168.175.104 - - [08/May/2017:00:38:37 -0500] "GET / HTTP/1.0" 200 9990
137.74.207.161 - - [08/May/2017:00:38:50 -0500] "GET /BLA/resoluciones/AUTOS%202006/AUTOS%202006%201201-1300/00001287.tif HTTP/1.1" 200 54040
180.76.15.142 - - [08/May/2017:00:38:53 -0500] "GET / HTTP/1.1" 200 9990
192.168.175.104 - - [08/May/2017:00:39:21 -0500] "GET / HTTP/1.1" 200 9990
186.118.253.105 - - [08/May/2017:00:39:33 -0500] "GET /galeria/galeria/jquery.fancybox.css?v=2.1.5 HTTP/1.1" 200 4895
186.118.253.105 - - [08/May/2017:00:39:33 -0500] "GET /BLA/boletinlegal/js/jquery.scrollShow.js HTTP/1.1" 200 4586
186.118.253.105 - - [08/May/2017:00:39:33 -0500] "GET /galeria/galeria/jquery.fancybox.js?v=2.1.5 HTTP/1.1" 200 48706
186.118.253.105 - - [08/May/2017:00:39:38 -0500] "GET /BLA/boletinlegal/js/jquery.scrollShow.js HTTP/1.1" 304 -
186.118.253.105 - - [08/May/2017:00:39:38 -0500] "GET /galeria/galeria/jquery.fancybox.js?v=2.1.5 HTTP/1.1" 304 -
186.118.253.105 - - [08/May/2017:00:39:38 -0500] "GET /galeria/galeria/jquery.fancybox.css?v=2.1.5 HTTP/1.1" 304 -
186.30.45.189 - - [08/May/2017:00:39:52 -0500] "GET /galeria/galeria/fotos/mirador3G.jpg HTTP/1.1" 200 131992
180.76.15.29 - - [08/May/2017:00:39:52 -0500] "GET / HTTP/1.1" 200 9990
201.245.192.253 - - [08/May/2017:00:39:56 -0500] "GET /galeria/nivo-slider/demo/undefined HTTP/1.1" 404 1314
181.54.49.121 - - [08/May/2017:00:40:00 -0500] "GET /galeria/galeria/jquery.fancybox.css?v=2.1.5 HTTP/1.1" 200 4895
181.54.49.121 - - [08/May/2017:00:40:00 -0500] "GET /BLA/boletinlegal/js/jquery.scrollShow.js HTTP/1.1" 200 4586
181.54.49.121 - - [08/May/2017:00:40:00 -0500] "GET /galeria/galeria/jquery.fancybox.js?v=2.1.5 HTTP/1.1" 200 48706
181.54.49.121 - - [08/May/2017:00:40:03 -0500] "GET /galeria/galeria/jquery.fancybox.css?v=2.1.5 HTTP/1.1" 304 -
181.54.49.121 - - [08/May/2017:00:40:03 -0500] "GET /BLA/boletinlegal/js/jquery.scrollShow.js HTTP/1.1" 304 -
181.54.49.121 - - [08/May/2017:00:40:03 -0500] "GET /galeria/galeria/jquery.fancybox.js?v=2.1.5 HTTP/1.1" 304 -
69.162.124.233 - - [08/May/2017:00:40:21 -0500] "HEAD / HTTP/1.1" 200 -
181.59.153.62 - - [08/May/2017:00:40:24 -0500] "GET /galeria/galeria/jquery.fancybox.css?v=2.1.5 HTTP/1.1" 200 4895
181.59.153.62 - - [08/May/2017:00:40:24 -0500] "GET /BLA/boletinlegal/js/jquery.scrollShow.js HTTP/1.1" 200 4586
181.59.153.62 - - [08/May/2017:00:40:24 -0500] "GET /galeria/galeria/jquery.fancybox.js?v=2.1.5 HTTP/1.1" 200 48706
181.59.153.62 - - [08/May/2017:00:40:34 -0500] "GET /BLA/boletinlegal/js/jquery.scrollShow.js HTTP/1.1" 304 -
181.59.153.62 - - [08/May/2017:00:40:34 -0500] "GET /galeria/galeria/jquery.fancybox.js?v=2.1.5 HTTP/1.1" 304 -
181.59.153.62 - - [08/May/2017:00:40:34 -0500] "GET /galeria/galeria/jquery.fancybox.css?v=2.1.5 HTTP/1.1" 304 -
181.49.65.247 - - [08/May/2017:00:40:44 -0500] "GET /galeria/galeria/jquery.fancybox.css?v=2.1.5 HTTP/1.1" 200 4895
181.49.65.247 - - [08/May/2017:00:40:44 -0500] "GET /BLA/boletinlegal/js/jquery.scrollShow.js HTTP/1.1" 200 4586
181.49.65.247 - - [08/May/2017:00:40:44 -0500] "GET /galeria/galeria/jquery.fancybox.js?v=2.1.5 HTTP/1.1" 200 48706
190.9.207.145 - - [08/May/2017:00:40:55 -0500] "GET /Residuos/impresion/files/guia_impresion-lit.pdf HTTP/1.1" 206 1182720
181.49.65.247 - - [08/May/2017:00:40:56 -0500] "GET /BLA/boletinlegal/js/jquery.scrollShow.js HTTP/1.1" 304 -
181.49.65.247 - - [08/May/2017:00:40:56 -0500] "GET /galeria/galeria/jquery.fancybox.css?v=2.1.5 HTTP/1.1" 304 -
181.49.65.247 - - [08/May/2017:00:40:56 -0500] "GET /galeria/galeria/jquery.fancybox.js?v=2.1.5 HTTP/1.1" 304 -
186.83.86.137 - - [08/May/2017:00:41:11 -0500] "GET /BLA/boletinlegal/js/jquery.scrollShow.js HTTP/1.1" 200 4586
186.83.86.137 - - [08/May/2017:00:41:11 -0500] "GET /galeria/galeria/jquery.fancybox.js?v=2.1.5 HTTP/1.1" 200 48706
186.83.86.137 - - [08/May/2017:00:41:11 -0500] "GET /galeria/galeria/jquery.fancybox.css?v=2.1.5 HTTP/1.1" 200 4895
186.83.86.137 - - [08/May/2017:00:41:14 -0500] "GET /BLA/boletinlegal/js/jquery.scrollShow.js HTTP/1.1" 304 -
186.83.86.137 - - [08/May/2017:00:41:15 -0500] "GET /galeria/galeria/jquery.fancybox.js?v=2.1.5 HTTP/1.1" 304 -
186.83.86.137 - - [08/May/2017:00:41:15 -0500] "GET /galeria/galeria/jquery.fancybox.css?v=2.1.5 HTTP/1.1" 304 -
180.76.15.151 - - [08/May/2017:00:41:21 -0500] "GET /BLA/resoluciones/RESOLUCIONES%202014/0394.pdf HTTP/1.1" 200 503294
201.219.222.10 - - [08/May/2017:00:41:32 -0500] "GET /BLA/boletinlegal/js/jquery.scrollShow.js HTTP/1.1" 200 4586
157.55.39.137 - - [08/May/2017:00:41:34 -0500] "GET /pot-2013/cartografia/06_mitigacion_remasa_v1_2013.pdf HTTP/1.1" 200 4362311
201.245.192.253 - - [08/May/2017:00:41:37 -0500] "GET /galeria/nivo-slider/demo/undefined HTTP/1.1" 404 1314
201.219.222.10 - - [08/May/2017:00:41:37 -0500] "GET /galeria/galeria/jquery.fancybox.js?v=2.1.5 HTTP/1.1" 200 48706
201.219.222.10 - - [08/May/2017:00:41:37 -0500] "GET /galeria/galeria/jquery.fancybox.css?v=2.1.5 HTTP/1.1" 200 4895
66.249.64.55 - - [08/May/2017:00:42:11 -0500] "GET /BLA/resoluciones/RESOLUCIONES%202007/RES%202007%203601%20AL%203700/RESOLUCION%203682%20DE%202007.pdf HTTP/1.1" 200 382349
210.245.95.50 - - [08/May/2017:00:42:14 -0500] "-" 408 -
24.22.139.235 - - [08/May/2017:00:42:30 -0500] "GET /videos/galeria-cronicas/1videos/?C=M;O=A HTTP/1.1" 200 3858
24.22.139.235 - - [08/May/2017:00:42:30 -0500] "GET /icons/blank.gif HTTP/1.1" 200 148
24.22.139.235 - - [08/May/2017:00:42:30 -0500] "GET /icons/back.gif HTTP/1.1" 200 216
24.22.139.235 - - [08/May/2017:00:42:30 -0500] "GET /icons/movie.gif HTTP/1.1" 200 243
24.22.139.235 - - [08/May/2017:00:42:30 -0500] "GET /favicon.ico HTTP/1.1" 200 7782
210.245.95.50 - - [08/May/2017:00:42:32 -0500] "-" 408 -
24.22.139.235 - - [08/May/2017:00:42:32 -0500] "GET /videos/galeria-cronicas/1videos/8.mp4video.mp4 HTTP/1.1" 200 21148429
24.22.139.235 - - [08/May/2017:00:42:34 -0500] "GET /videos/galeria-cronicas/1videos/8.mp4video.mp4 HTTP/1.1" 206 176909
24.22.139.235 - - [08/May/2017:00:42:34 -0500] "GET /videos/galeria-cronicas/1videos/8.mp4video.mp4 HTTP/1.1" 206 21134099
24.22.139.235 - - [08/May/2017:00:42:35 -0500] "GET /videos/galeria-cronicas/1videos/8.mp4video.mp4 HTTP/1.1" 206 176909
24.22.139.235 - - [08/May/2017:00:42:35 -0500] "GET /videos/galeria-cronicas/1videos/8.mp4video.mp4 HTTP/1.1" 206 21131508
24.22.139.235 - - [08/May/2017:00:42:35 -0500] "GET /videos/galeria-cronicas/1videos/8.mp4video.mp4 HTTP/1.1" 206 176909
24.22.139.235 - - [08/May/2017:00:42:38 -0500] "GET /videos/galeria-cronicas/1videos/8.mp4video.mp4 HTTP/1.1" 206 21128917
210.245.95.50 - - [08/May/2017:00:42:50 -0500] "-" 408 -
201.245.192.253 - - [08/May/2017:00:43:17 -0500] "GET /galeria/nivo-slider/demo/undefined HTTP/1.1" 404 1314
192.168.175.104 - - [08/May/2017:00:43:22 -0500] "GET / HTTP/1.1" 200 9990
210.245.95.50 - - [08/May/2017:00:43:25 -0500] "-" 408 -
192.168.175.104 - - [08/May/2017:00:43:35 -0500] "GET / HTTP/1.0" 200 9990
210.245.95.50 - - [08/May/2017:00:43:55 -0500] "-" 408 -
204.12.208.10 - - [08/May/2017:00:43:56 -0500] "GET /robots.txt HTTP/1.1" 404 1019
204.12.208.10 - - [08/May/2017:00:44:00 -0500] "GET /galeria/?C=D;O=D HTTP/1.1" 200 3084
204.12.208.10 - - [08/May/2017:00:44:03 -0500] "GET /robots.txt HTTP/1.1" 404 1019
204.12.208.10 - - [08/May/2017:00:44:09 -0500] "GET /galeria/?C=D;O=D HTTP/1.1" 200 3085
192.168.175.104 - - [08/May/2017:00:44:19 -0500] "GET / HTTP/1.1" 200 9990
204.12.208.10 - - [08/May/2017:00:44:22 -0500] "GET /galeria/?C=M;O=A HTTP/1.1" 200 3085
51.255.65.80 - - [08/May/2017:00:44:24 -0500] "GET /BLA/resoluciones/RESOLUCIONES%202005/RES%202005%203151-3180/00003155.tif HTTP/1.1" 200 143038
204.12.208.10 - - [08/May/2017:00:44:26 -0500] "GET /galeria/?C=M;O=D HTTP/1.1" 200 3084
204.12.208.10 - - [08/May/2017:00:44:29 -0500] "GET /galeria/?C=M;O=D HTTP/1.1" 200 3085
210.245.95.50 - - [08/May/2017:00:44:33 -0500] "-" 408 -
204.12.208.10 - - [08/May/2017:00:44:34 -0500] "GET /galeria/?C=N;O=A HTTP/1.1" 200 3085
204.12.208.10 - - [08/May/2017:00:44:38 -0500] "GET /galeria/?C=N;O=D HTTP/1.1" 200 3084
204.12.208.10 - - [08/May/2017:00:44:42 -0500] "GET /galeria/?C=N;O=D HTTP/1.1" 200 3085
66.249.64.53 - - [08/May/2017:00:44:43 -0500] "GET /BLA/resoluciones/RESOLUCIONES%202016/0695.pdf HTTP/1.1" 200 684225
204.12.208.10 - - [08/May/2017:00:44:46 -0500] "GET /galeria/?C=S;O=A HTTP/1.1" 200 3085
204.12.208.10 - - [08/May/2017:00:44:50 -0500] "GET /galeria/?C=S;O=D HTTP/1.1" 200 3084
210.245.95.50 - - [08/May/2017:00:44:53 -0500] "-" 408 -
204.12.208.10 - - [08/May/2017:00:44:55 -0500] "GET /galeria/?C=S;O=D HTTP/1.1" 200 3085
201.245.192.253 - - [08/May/2017:00:44:58 -0500] "GET /galeria/nivo-slider/demo/undefined HTTP/1.1" 404 1314
204.12.208.10 - - [08/May/2017:00:45:00 -0500] "GET /galeria/Carrusel2/1jquery-ui-1.8.13.custom.min.js HTTP/1.1" 200 10800
204.12.208.10 - - [08/May/2017:00:45:04 -0500] "GET /galeria/Carrusel2/1jquery.thumbnailScroller.css HTTP/1.1" 200 2735
204.12.208.10 - - [08/May/2017:00:45:07 -0500] "GET /galeria/Carrusel2/1jquery.thumbnailScroller.js HTTP/1.1" 200 8157
204.12.208.10 - - [08/May/2017:00:45:09 -0500] "GET /galeria/Carrusel2/1jquery_thumbnail_scroller_multiple.html HTTP/1.1" 200 3543
204.12.208.10 - - [08/May/2017:00:45:13 -0500] "GET /galeria/Carrusel2/?C=D;O=A HTTP/1.1" 200 2148
204.12.208.10 - - [08/May/2017:00:45:19 -0500] "GET /galeria/Carrusel2/?C=M;O=A HTTP/1.1" 200 2148
69.162.124.233 - - [08/May/2017:00:45:21 -0500] "HEAD / HTTP/1.1" 200 -
204.12.208.10 - - [08/May/2017:00:45:22 -0500] "GET /galeria/Carrusel2/?C=N;O=D HTTP/1.1" 200 2148
204.12.208.10 - - [08/May/2017:00:45:25 -0500] "GET /galeria/Carrusel2/?C=S;O=A HTTP/1.1" 200 2148
204.12.208.10 - - [08/May/2017:00:45:35 -0500] "GET /galeria/carrusel/?C=D;O=D HTTP/1.1" 200 975
204.12.208.10 - - [08/May/2017:00:45:38 -0500] "GET /galeria/carrusel/?C=M;O=D HTTP/1.1" 200 975
204.12.208.10 - - [08/May/2017:00:45:42 -0500] "GET /galeria/carrusel/?C=S;O=D HTTP/1.1" 200 975
204.12.208.10 - - [08/May/2017:00:45:46 -0500] "GET /galeria/carrusel/Carrusel/?C=D;O=A HTTP/1.1" 200 2900
204.12.208.10 - - [08/May/2017:00:45:51 -0500] "GET /galeria/carrusel/Carrusel/?C=D;O=D HTTP/1.1" 200 2900
204.12.208.10 - - [08/May/2017:00:45:55 -0500] "GET /galeria/carrusel/Carrusel/?C=M;O=A HTTP/1.1" 200 2900
204.12.208.10 - - [08/May/2017:00:46:01 -0500] "GET /galeria/carrusel/Carrusel/?C=M;O=D HTTP/1.1" 200 2900
204.12.208.10 - - [08/May/2017:00:46:07 -0500] "GET /galeria/carrusel/Carrusel/?C=N;O=A HTTP/1.1" 200 2900
204.12.208.10 - - [08/May/2017:00:46:10 -0500] "GET /galeria/carrusel/Carrusel/?C=N;O=D HTTP/1.1" 200 2900
204.12.208.10 - - [08/May/2017:00:46:17 -0500] "GET /galeria/carrusel/Carrusel/?C=S;O=A HTTP/1.1" 200 2900
204.12.208.10 - - [08/May/2017:00:46:22 -0500] "GET /galeria/carrusel/Carrusel/?C=S;O=D HTTP/1.1" 200 2900
204.12.208.10 - - [08/May/2017:00:46:26 -0500] "GET /galeria/carrusel/Carrusel/jquery-ui-1.8.13.custom.min.js HTTP/1.1" 200 10800
104.154.58.95 - - [08/May/2017:00:46:29 -0500] "GET /robots.txt HTTP/1.1" 404 1018
204.12.208.10 - - [08/May/2017:00:46:30 -0500] "GET /galeria/carrusel/Carrusel/jquery.thumbnailScroller.css HTTP/1.1" 200 2066
204.12.208.10 - - [08/May/2017:00:46:33 -0500] "GET /galeria/carrusel/Carrusel/jquery.thumbnailScroller.js HTTP/1.1" 200 8157
204.12.208.10 - - [08/May/2017:00:46:38 -0500] "GET /galeria/galeria/?C=D;O=A HTTP/1.1" 200 3182
201.245.192.253 - - [08/May/2017:00:46:39 -0500] "GET /galeria/nivo-slider/demo/undefined HTTP/1.1" 404 1314
204.12.208.10 - - [08/May/2017:00:46:42 -0500] "GET /galeria/galeria/?C=M;O=A HTTP/1.1" 200 3182
204.12.208.10 - - [08/May/2017:00:46:45 -0500] "GET /galeria/galeria/?C=N;O=D HTTP/1.1" 200 3182
204.12.208.10 - - [08/May/2017:00:46:48 -0500] "GET /galeria/galeria/?C=S;O=A HTTP/1.1" 200 3182
204.12.208.10 - - [08/May/2017:00:46:52 -0500] "GET /galeria/galeria/jquery.fancybox.css HTTP/1.1" 200 4895
204.12.208.10 - - [08/May/2017:00:46:56 -0500] "GET /galeria/galeria/jquery.fancybox.js HTTP/1.1" 200 48706
204.12.208.10 - - [08/May/2017:00:47:00 -0500] "GET /galeria/galeria/jquery.fancybox.pack.js HTTP/1.1" 200 23135
204.12.208.10 - - [08/May/2017:00:47:04 -0500] "GET /galeria/juegos/?C=D;O=A HTTP/1.1" 200 2031
191.109.240.149 - - [08/May/2017:00:47:07 -0500] "GET /galeria/galeria/jquery.fancybox.js?v=2.1.5 HTTP/1.1" 200 48706
191.109.240.149 - - [08/May/2017:00:47:07 -0500] "GET /galeria/galeria/jquery.fancybox.css?v=2.1.5 HTTP/1.1" 200 4895
191.109.240.149 - - [08/May/2017:00:47:07 -0500] "GET /BLA/boletinlegal/js/jquery.scrollShow.js HTTP/1.1" 200 4586
204.12.208.10 - - [08/May/2017:00:47:09 -0500] "GET /galeria/juegos/?C=D;O=A HTTP/1.1" 200 2032
191.109.240.149 - - [08/May/2017:00:47:12 -0500] "GET /BLA/boletinlegal/js/jquery.scrollShow.js HTTP/1.1" 304 -
191.109.240.149 - - [08/May/2017:00:47:12 -0500] "GET /galeria/galeria/jquery.fancybox.css?v=2.1.5 HTTP/1.1" 304 -
191.109.240.149 - - [08/May/2017:00:47:12 -0500] "GET /galeria/galeria/jquery.fancybox.js?v=2.1.5 HTTP/1.1" 304 -
204.12.208.10 - - [08/May/2017:00:47:15 -0500] "GET /galeria/juegos/?C=M;O=A HTTP/1.1" 200 2031
204.12.208.10 - - [08/May/2017:00:47:17 -0500] "GET /galeria/juegos/?C=N;O=D HTTP/1.1" 200 2031
204.12.208.10 - - [08/May/2017:00:47:21 -0500] "GET /galeria/juegos/?C=N;O=D HTTP/1.1" 200 2032
204.12.208.10 - - [08/May/2017:00:47:25 -0500] "GET /galeria/juegos/?C=S;O=A HTTP/1.1" 200 2031
204.12.208.10 - - [08/May/2017:00:47:28 -0500] "GET /galeria/juegos/?C=S;O=A HTTP/1.1" 200 2032
204.12.208.10 - - [08/May/2017:00:47:31 -0500] "GET /galeria/juegos/desktop.ini HTTP/1.1" 200 402
204.12.208.10 - - [08/May/2017:00:47:36 -0500] "GET /galeria/juegos/desktop.ini HTTP/1.1" 200 402
204.12.208.10 - - [08/May/2017:00:47:39 -0500] "GET /galeria/juegos/objects/?C=D;O=D HTTP/1.1" 200 782
204.12.208.10 - - [08/May/2017:00:47:44 -0500] "GET /galeria/juegos/objects/?C=M;O=D HTTP/1.1" 200 782
204.12.208.10 - - [08/May/2017:00:47:47 -0500] "GET /galeria/juegos/objects/?C=N;O=D HTTP/1.1" 200 782
204.12.208.10 - - [08/May/2017:00:47:50 -0500] "GET /galeria/juegos/objects/?C=S;O=D HTTP/1.1" 200 782
204.12.208.10 - - [08/May/2017:00:47:54 -0500] "GET /galeria/juegos/s/?C=D;O=D HTTP/1.1" 200 770
204.12.208.10 - - [08/May/2017:00:47:57 -0500] "GET /galeria/juegos/s/?C=M;O=D HTTP/1.1" 200 770
204.12.208.10 - - [08/May/2017:00:48:00 -0500] "GET /galeria/juegos/s/?C=S;O=D HTTP/1.1" 200 770
204.12.208.10 - - [08/May/2017:00:48:05 -0500] "GET /galeria/juegos/texturesExport/?C=D;O=D HTTP/1.1" 200 796
204.12.208.10 - - [08/May/2017:00:48:08 -0500] "GET /galeria/juegos/texturesExport/?C=M;O=D HTTP/1.1" 200 796
204.12.208.10 - - [08/May/2017:00:48:12 -0500] "GET /galeria/juegos/texturesExport/?C=S;O=A HTTP/1.1" 200 796
204.12.208.10 - - [08/May/2017:00:48:16 -0500] "GET /galeria/juegos/texturesExport/?C=S;O=D HTTP/1.1" 200 796
201.245.192.253 - - [08/May/2017:00:48:19 -0500] "GET /galeria/nivo-slider/demo/undefined HTTP/1.1" 404 1314
204.12.208.10 - - [08/May/2017:00:48:20 -0500] "GET /galeria/mapa/?C=D;O=A HTTP/1.1" 200 5107
192.168.175.104 - - [08/May/2017:00:48:20 -0500] "GET / HTTP/1.1" 200 9990
204.12.208.10 - - [08/May/2017:00:48:24 -0500] "GET /galeria/mapa/?C=M;O=A HTTP/1.1" 200 5107
204.12.208.10 - - [08/May/2017:00:48:27 -0500] "GET /galeria/mapa/?C=N;O=D HTTP/1.1" 200 5107
204.12.208.10 - - [08/May/2017:00:48:30 -0500] "GET /galeria/mapa/?C=S;O=A HTTP/1.1" 200 5107
192.168.175.104 - - [08/May/2017:00:48:33 -0500] "GET / HTTP/1.0" 200 9990
204.12.208.10 - - [08/May/2017:00:48:36 -0500] "GET /galeria/mapa/humedal.html HTTP/1.1" 200 11204
204.12.208.10 - - [08/May/2017:00:48:40 -0500] "GET /galeria/mapa2/?C=N;O=A HTTP/1.1" 200 5108
204.12.208.10 - - [08/May/2017:00:48:43 -0500] "GET /galeria/mapa2/humedal.html HTTP/1.1" 200 11166
204.12.208.10 - - [08/May/2017:00:48:47 -0500] "GET /galeria/nivo-slider/?C=D;O=D HTTP/1.1" 200 2708
204.12.208.10 - - [08/May/2017:00:48:50 -0500] "GET /galeria/nivo-slider/?C=M;O=D HTTP/1.1" 200 2708
204.12.208.10 - - [08/May/2017:00:48:55 -0500] "GET /galeria/nivo-slider/?C=N;O=A HTTP/1.1" 200 2708
204.12.208.10 - - [08/May/2017:00:48:58 -0500] "GET /galeria/nivo-slider/?C=S;O=D HTTP/1.1" 200 2708
204.12.208.10 - - [08/May/2017:00:49:02 -0500] "GET /galeria/nivo-slider/demo/?C=D;O=A HTTP/1.1" 200 3159
204.12.208.10 - - [08/May/2017:00:49:07 -0500] "GET /galeria/nivo-slider/demo/?C=D;O=D HTTP/1.1" 200 3159
161.18.60.232 - - [08/May/2017:00:49:11 -0500] "GET /galeria/galeria/jquery.fancybox.css?v=2.1.5 HTTP/1.1" 200 4895
161.18.60.232 - - [08/May/2017:00:49:11 -0500] "GET /BLA/boletinlegal/js/jquery.scrollShow.js HTTP/1.1" 200 4586
161.18.60.232 - - [08/May/2017:00:49:11 -0500] "GET /galeria/galeria/jquery.fancybox.js?v=2.1.5 HTTP/1.1" 200 48706
204.12.208.10 - - [08/May/2017:00:49:12 -0500] "GET /galeria/nivo-slider/demo/?C=M;O=A HTTP/1.1" 200 3159
204.12.208.10 - - [08/May/2017:00:49:15 -0500] "GET /galeria/nivo-slider/demo/?C=M;O=D HTTP/1.1" 200 3159
192.168.175.104 - - [08/May/2017:00:49:17 -0500] "GET / HTTP/1.1" 200 9990
204.12.208.10 - - [08/May/2017:00:49:19 -0500] "GET /galeria/nivo-slider/demo/?C=N;O=A HTTP/1.1" 200 3159
161.18.60.232 - - [08/May/2017:00:49:24 -0500] "GET /galeria/galeria/jquery.fancybox.css?v=2.1.5 HTTP/1.1" 304 -
161.18.60.232 - - [08/May/2017:00:49:24 -0500] "GET /BLA/boletinlegal/js/jquery.scrollShow.js HTTP/1.1" 304 -
161.18.60.232 - - [08/May/2017:00:49:24 -0500] "GET /galeria/galeria/jquery.fancybox.js?v=2.1.5 HTTP/1.1" 304 -
204.12.208.10 - - [08/May/2017:00:49:25 -0500] "GET /galeria/nivo-slider/demo/?C=N;O=A HTTP/1.1" 200 3160
181.49.81.233 - - [08/May/2017:00:49:28 -0500] "GET /galeria/galeria/jquery.fancybox.css?v=2.1.5 HTTP/1.1" 200 4895
181.49.81.233 - - [08/May/2017:00:49:28 -0500] "GET /galeria/galeria/jquery.fancybox.js?v=2.1.5 HTTP/1.1" 200 48706
181.49.81.233 - - [08/May/2017:00:49:28 -0500] "GET /BLA/boletinlegal/js/jquery.scrollShow.js HTTP/1.1" 200 4586
204.12.208.10 - - [08/May/2017:00:49:30 -0500] "GET /galeria/nivo-slider/demo/?C=N;O=D HTTP/1.1" 200 3159
204.12.208.10 - - [08/May/2017:00:49:32 -0500] "GET /galeria/nivo-slider/demo/?C=S;O=A HTTP/1.1" 200 3159
204.12.208.10 - - [08/May/2017:00:49:36 -0500] "GET /galeria/nivo-slider/demo/?C=S;O=D HTTP/1.1" 200 3159
204.12.208.10 - - [08/May/2017:00:49:43 -0500] "GET /galeria/nivo-slider/demo/Galeria1.htm HTTP/1.1" 200 1842
204.12.208.10 - - [08/May/2017:00:49:47 -0500] "GET /galeria/nivo-slider/demo/demoOLD.html HTTP/1.1" 200 9758
204.12.208.10 - - [08/May/2017:00:49:52 -0500] "GET /galeria/nivo-slider/demo/images/?C=D;O=A HTTP/1.1" 200 218199
204.12.208.10 - - [08/May/2017:00:49:56 -0500] "GET /galeria/nivo-slider/demo/images/?C=D;O=D HTTP/1.1" 200 218198
201.245.192.253 - - [08/May/2017:00:50:00 -0500] "GET /galeria/nivo-slider/demo/undefined HTTP/1.1" 404 1314
204.12.208.10 - - [08/May/2017:00:50:04 -0500] "GET /galeria/nivo-slider/demo/images/?C=M;O=A HTTP/1.1" 200 218199
204.12.208.10 - - [08/May/2017:00:50:09 -0500] "GET /galeria/nivo-slider/demo/images/?C=M;O=D HTTP/1.1" 200 218198
204.12.208.10 - - [08/May/2017:00:50:13 -0500] "GET /galeria/nivo-slider/demo/images/?C=N;O=A HTTP/1.1" 200 218198
204.12.208.10 - - [08/May/2017:00:50:18 -0500] "GET /galeria/nivo-slider/demo/images/?C=N;O=D HTTP/1.1" 200 218199
69.162.124.233 - - [08/May/2017:00:50:21 -0500] "HEAD / HTTP/1.1" 200 -
204.12.208.10 - - [08/May/2017:00:50:22 -0500] "GET /galeria/nivo-slider/demo/images/?C=S;O=A HTTP/1.1" 200 218199
204.12.208.10 - - [08/May/2017:00:50:27 -0500] "GET /galeria/nivo-slider/demo/images/?C=S;O=D HTTP/1.1" 200 218198
204.12.208.10 - - [08/May/2017:00:50:31 -0500] "GET /galeria/nivo-slider/demo/images/a HTTP/1.1" 200 155758
204.12.208.10 - - [08/May/2017:00:50:36 -0500] "GET /galeria/nivo-slider/demo/scripts/?C=D;O=A HTTP/1.1" 200 1036
204.12.208.10 - - [08/May/2017:00:50:40 -0500] "GET /galeria/nivo-slider/demo/scripts/?C=D;O=D HTTP/1.1" 200 1035
204.12.208.10 - - [08/May/2017:00:50:43 -0500] "GET /galeria/nivo-slider/demo/scripts/?C=D;O=D HTTP/1.1" 200 1036
204.12.208.10 - - [08/May/2017:00:50:48 -0500] "GET /galeria/nivo-slider/demo/scripts/?C=M;O=A HTTP/1.1" 200 1036
204.12.208.10 - - [08/May/2017:00:50:52 -0500] "GET /galeria/nivo-slider/demo/scripts/?C=M;O=D HTTP/1.1" 200 1035
204.12.208.10 - - [08/May/2017:00:50:55 -0500] "GET /galeria/nivo-slider/demo/scripts/?C=M;O=D HTTP/1.1" 200 1036
204.12.208.10 - - [08/May/2017:00:50:59 -0500] "GET /galeria/nivo-slider/demo/scripts/?C=N;O=A HTTP/1.1" 200 1035
204.12.208.10 - - [08/May/2017:00:51:02 -0500] "GET /galeria/nivo-slider/demo/scripts/?C=N;O=A HTTP/1.1" 200 1036
204.12.208.10 - - [08/May/2017:00:51:06 -0500] "GET /galeria/nivo-slider/demo/scripts/?C=N;O=D HTTP/1.1" 200 1036
69.30.210.242 - - [08/May/2017:00:51:08 -0500] "GET /robots.txt HTTP/1.1" 404 1015
204.12.208.10 - - [08/May/2017:00:51:10 -0500] "GET /galeria/nivo-slider/demo/scripts/?C=S;O=A HTTP/1.1" 200 1036
69.30.210.242 - - [08/May/2017:00:51:10 -0500] "GET /Anexos%20estudio%20Organizacional%20SDA/index.php?dir=ANEXO%20No.%201-%20NORMAS%20LEGALES%20DE%20ESTRUCTURA%20Y%20PLANTA/&sort=date&order=desc HTTP/1.1" 200 11015
204.12.208.10 - - [08/May/2017:00:51:13 -0500] "GET /galeria/nivo-slider/demo/scripts/?C=S;O=D HTTP/1.1" 200 1035
204.12.208.10 - - [08/May/2017:00:51:15 -0500] "GET /galeria/nivo-slider/demo/scripts/?C=S;O=D HTTP/1.1" 200 1036
69.30.210.242 - - [08/May/2017:00:51:16 -0500] "GET /Anexos%20estudio%20Organizacional%20SDA/index.php?dir=ANEXO%20No.%201-%20NORMAS%20LEGALES%20DE%20ESTRUCTURA%20Y%20PLANTA/&sort=name&order=asc HTTP/1.1" 200 11016
180.76.15.13 - - [08/May/2017:00:51:18 -0500] "GET /BLA/resoluciones/RESOLUCIONES%202008/3255.pdf HTTP/1.1" 200 215000
204.12.208.10 - - [08/May/2017:00:51:19 -0500] "GET /galeria/nivo-slider/demo/scripts/jquery-1.7.1.min.js HTTP/1.1" 200 93868
204.12.208.10 - - [08/May/2017:00:51:22 -0500] "GET /galeria/nivo-slider/demo/style.css HTTP/1.1" 200 2222
69.30.210.242 - - [08/May/2017:00:51:22 -0500] "GET /Anexos%20estudio%20Organizacional%20SDA/index.php?dir=ANEXO%20No.%201-%20NORMAS%20LEGALES%20DE%20ESTRUCTURA%20Y%20PLANTA/&sort=name&order=desc HTTP/1.1" 200 11015
204.12.208.10 - - [08/May/2017:00:51:25 -0500] "GET /galeria/nivo-slider/demo/style.css HTTP/1.1" 200 2222
69.30.210.242 - - [08/May/2017:00:51:25 -0500] "GET /Anexos%20estudio%20Organizacional%20SDA/index.php?dir=ANEXO%20No.%201-%20NORMAS%20LEGALES%20DE%20ESTRUCTURA%20Y%20PLANTA/&sort=size&order=asc HTTP/1.1" 200 11016
157.55.39.229 - - [08/May/2017:00:51:26 -0500] "GET /SIG/Gesti%C3%B3n%20Ambiental/126PM03-PR28.pdf HTTP/1.1" 200 223075
204.12.208.10 - - [08/May/2017:00:51:30 -0500] "GET /galeria/nivo-slider/firefile.php HTTP/1.1" 200 4094
69.30.210.242 - - [08/May/2017:00:51:30 -0500] "GET /Anexos%20estudio%20Organizacional%20SDA/index.php?dir=ANEXO%20No.%201-%20NORMAS%20LEGALES%20DE%20ESTRUCTURA%20Y%20PLANTA/Decreto%20109%20de%202009%20-%20Modifica%20la%20estructura%20de%20la%20SDA.jsp_files/ HTTP/1.1" 200 10511
181.143.175.186 - - [08/May/2017:00:51:31 -0500] "GET /BLA/resoluciones/AUTOS%202015/3661.pdf HTTP/1.1" 200 636046
181.143.175.186 - - [08/May/2017:00:51:32 -0500] "GET /favicon.ico HTTP/1.1" 200 7782
204.12.208.10 - - [08/May/2017:00:51:35 -0500] "GET /galeria/nivo-slider/jquery.nivo.slider.js HTTP/1.1" 200 24996
69.30.210.242 - - [08/May/2017:00:51:35 -0500] "GET /Anexos%20estudio%20Organizacional%20SDA/index.php?dir=ANEXO%20No.%201-%20NORMAS%20LEGALES%20DE%20ESTRUCTURA%20Y%20PLANTA/Decreto%20175%20de%202009%20_files/ HTTP/1.1" 200 9181
204.12.208.10 - - [08/May/2017:00:51:38 -0500] "GET /galeria/nivo-slider/jquery.nivo.slider.pack.js HTTP/1.1" 200 11561
89.31.57.5 - - [08/May/2017:00:51:39 -0500] "GET /BLA/resoluciones/AUTOS%202015/3661.pdf HTTP/1.1" 200 636046
201.245.192.253 - - [08/May/2017:00:51:41 -0500] "GET /galeria/nivo-slider/demo/undefined HTTP/1.1" 404 1314
181.142.157.200 - - [08/May/2017:00:51:43 -0500] "GET /BLA/boletinlegal/js/jquery.scrollShow.js HTTP/1.1" 200 4586
181.142.157.200 - - [08/May/2017:00:51:43 -0500] "GET /galeria/galeria/jquery.fancybox.css?v=2.1.5 HTTP/1.1" 200 4895
181.142.157.200 - - [08/May/2017:00:51:43 -0500] "GET /galeria/galeria/jquery.fancybox.js?v=2.1.5 HTTP/1.1" 200 48706
204.12.208.10 - - [08/May/2017:00:51:44 -0500] "GET /galeria/nivo-slider/nivo-slider.css HTTP/1.1" 200 1507
69.30.210.242 - - [08/May/2017:00:51:43 -0500] "GET /Anexos%20estudio%20Organizacional%20SDA/index.php?dir=ANEXO%20No.%201-%20NORMAS%20LEGALES%20DE%20ESTRUCTURA%20Y%20PLANTA/Decreto%20308%20de%202001%20-%20Modifica%20estructura%20del%20DAMA.jsp_files/ HTTP/1.1" 200 10793
204.12.208.10 - - [08/May/2017:00:51:46 -0500] "GET /galeria/nivo-slider/style.css HTTP/1.1" 200 2104
69.30.210.242 - - [08/May/2017:00:51:46 -0500] "GET /PORTAL_SIAC/?C=S;O=A HTTP/1.1" 200 1215
46.28.70.249 - - [08/May/2017:00:51:48 -0500] "GET /BLA/resoluciones/AUTOS%202015/3661.pdf HTTP/1.1" 206 65536
69.30.210.242 - - [08/May/2017:00:51:50 -0500] "GET /PruebasSTORM/StormSDA_pruebas/userFiles/user_files/formulas/2/21.xml HTTP/1.1" 200 2170
204.12.208.10 - - [08/May/2017:00:51:51 -0500] "GET /galeria/nivo-slider/themes/?C=D;O=A HTTP/1.1" 200 1425
69.30.210.242 - - [08/May/2017:00:51:51 -0500] "GET /PruebasSTORM/StormSDA_pruebas/userFiles/user_files/formulas/2/22.xml HTTP/1.1" 200 3320
46.28.70.249 - - [08/May/2017:00:51:53 -0500] "GET /BLA/resoluciones/AUTOS%202015/3661.pdf HTTP/1.1" 206 46222
204.12.208.10 - - [08/May/2017:00:51:53 -0500] "GET /galeria/nivo-slider/themes/?C=D;O=A HTTP/1.1" 200 1426
69.30.210.242 - - [08/May/2017:00:51:54 -0500] "GET /PruebasSTORM/StormSDA_pruebas/userFiles/user_files/formulas/2/23.xml HTTP/1.1" 200 3800
69.30.210.242 - - [08/May/2017:00:51:56 -0500] "GET /PruebasSTORM/StormSDA_pruebas/userFiles/user_files/formulas/2/24.xml HTTP/1.1" 200 4487
204.12.208.10 - - [08/May/2017:00:51:57 -0500] "GET /galeria/nivo-slider/themes/?C=D;O=D HTTP/1.1" 200 1425
46.28.70.249 - - [08/May/2017:00:51:58 -0500] "GET /BLA/resoluciones/AUTOS%202015/3661.pdf HTTP/1.1" 206 65536
46.28.70.249 - - [08/May/2017:00:51:59 -0500] "GET /BLA/resoluciones/AUTOS%202015/3661.pdf HTTP/1.1" 206 131072
46.28.70.249 - - [08/May/2017:00:51:59 -0500] "GET /BLA/resoluciones/AUTOS%202015/3661.pdf HTTP/1.1" 206 196608
204.12.208.10 - - [08/May/2017:00:52:00 -0500] "GET /galeria/nivo-slider/themes/?C=M;O=A HTTP/1.1" 200 1425
181.142.157.200 - - [08/May/2017:00:52:03 -0500] "GET /galeria/galeria/jquery.fancybox.css?v=2.1.5 HTTP/1.1" 304 -
181.142.157.200 - - [08/May/2017:00:52:03 -0500] "GET /BLA/boletinlegal/js/jquery.scrollShow.js HTTP/1.1" 304 -
181.142.157.200 - - [08/May/2017:00:52:03 -0500] "GET /galeria/galeria/jquery.fancybox.js?v=2.1.5 HTTP/1.1" 304 -
69.30.210.242 - - [08/May/2017:00:52:04 -0500] "GET /PruebasSTORM/StormSDA_pruebas/userFiles/user_files/formulas/2/25.xml HTTP/1.1" 200 1384
204.12.208.10 - - [08/May/2017:00:52:05 -0500] "GET /galeria/nivo-slider/themes/?C=M;O=A HTTP/1.1" 200 1426
69.30.210.242 - - [08/May/2017:00:52:07 -0500] "GET /PruebasSTORM/StormSDA_pruebas/userFiles/user_files/formulas/2/26.xml HTTP/1.1" 200 2030
69.30.210.242 - - [08/May/2017:00:52:09 -0500] "GET /PruebasSTORM/StormSDA_pruebas/userFiles/user_files/formulas/2/27.xml HTTP/1.1" 200 3963
204.12.208.10 - - [08/May/2017:00:52:10 -0500] "GET /galeria/nivo-slider/themes/?C=M;O=D HTTP/1.1" 200 1425
204.12.208.10 - - [08/May/2017:00:52:14 -0500] "GET /galeria/nivo-slider/themes/?C=N;O=A HTTP/1.1" 200 1425
69.30.210.242 - - [08/May/2017:00:52:14 -0500] "GET /PruebasSTORM/StormSDA_pruebas/userFiles/user_files/formulas/2/29.xml HTTP/1.1" 200 1623
204.12.208.10 - - [08/May/2017:00:52:18 -0500] "GET /galeria/nivo-slider/themes/?C=N;O=D HTTP/1.1" 200 1425
204.12.208.10 - - [08/May/2017:00:52:22 -0500] "GET /galeria/nivo-slider/themes/default/?C=N;O=A HTTP/1.1" 200 1671
69.30.210.242 - - [08/May/2017:00:52:22 -0500] "GET /robots.txt HTTP/1.1" 404 1015
204.12.208.10 - - [08/May/2017:00:52:25 -0500] "GET /huelladecarbono/?C=S;O=D HTTP/1.1" 200 5211
204.12.208.10 - - [08/May/2017:00:52:30 -0500] "GET /huelladecarbono/cambio_climatico.html HTTP/1.1" 200 7770
204.12.208.10 - - [08/May/2017:00:52:33 -0500] "GET /huelladecarbono/descargas.html HTTP/1.1" 200 5786
69.30.210.242 - - [08/May/2017:00:52:34 -0500] "GET /StormSDA/userFiles%20-%20Copy%2019-07-2012/user_files/1/?C=S;O=A HTTP/1.1" 200 1748
69.30.210.242 - - [08/May/2017:00:52:36 -0500] "GET /StormSDA/userFiles%20-%20Copy%2019-07-2012/user_files/1/asocia.xml HTTP/1.1" 200 315
204.12.208.10 - - [08/May/2017:00:52:37 -0500] "GET /huelladecarbono/huella_carbono.html HTTP/1.1" 200 5190
69.30.210.242 - - [08/May/2017:00:52:39 -0500] "GET /StormSDA/userFiles%20-%20Copy%2019-07-2012/user_files/1/asociaFormula.xml HTTP/1.1" 200 55
204.12.208.10 - - [08/May/2017:00:52:40 -0500] "GET /huelladecarbono/index.html HTTP/1.1" 200 5211
69.30.210.242 - - [08/May/2017:00:52:42 -0500] "GET /StormSDA/userFiles%20-%20Copy%2019-07-2012/user_files/1/desasocia.xml HTTP/1.1" 200 58
204.12.208.10 - - [08/May/2017:00:52:42 -0500] "GET /huelladecarbono/soluciones2.html HTTP/1.1" 200 4642
69.30.210.242 - - [08/May/2017:00:52:45 -0500] "GET /StormSDA/userFiles%20-%20Copy%2019-07-2012/user_files/1/desasociaFormula.xml HTTP/1.1" 200 58
89.31.57.5 - - [08/May/2017:00:52:46 -0500] "GET /favicon.ico HTTP/1.1" 200 7782
69.30.210.242 - - [08/May/2017:00:52:47 -0500] "GET /StormSDA/userFiles%20-%20Copy%2019-07-2012/user_files/96/?C=N;O=D HTTP/1.1" 200 874
69.30.210.242 - - [08/May/2017:00:52:50 -0500] "GET /StormSDA/userFiles%20-%20Copy%2019-07-2012/user_files/97/?C=D;O=A HTTP/1.1" 200 874
69.30.210.242 - - [08/May/2017:00:52:52 -0500] "GET /StormSDA/userFiles%20-%20Copy%2019-07-2012/user_files/98/?C=M;O=A HTTP/1.1" 200 874
69.30.210.242 - - [08/May/2017:00:52:54 -0500] "GET /StormSDA/userFiles%20-%20Copy%2019-07-2012/user_files/98/?C=N;O=D HTTP/1.1" 200 874
69.30.210.242 - - [08/May/2017:00:52:56 -0500] "GET /StormSDA/userFiles%20-%20Copy%2019-07-2012/user_files/formatos/1.xml HTTP/1.1" 200 3276
69.30.210.242 - - [08/May/2017:00:53:00 -0500] "GET /StormSDA/userFiles%20-%20Copy%2019-07-2012/user_files/formatos/2.xml HTTP/1.1" 200 1629
69.30.210.242 - - [08/May/2017:00:53:03 -0500] "GET /StormSDA/userFiles%20-%20Copy%2019-07-2012/user_files/formatos/?C=D;O=A HTTP/1.1" 200 1515
69.30.210.242 - - [08/May/2017:00:53:06 -0500] "GET /StormSDA/userFiles%20-%20Copy%2019-07-2012/user_files/formatos/?C=M;O=A HTTP/1.1" 200 1515
69.30.210.242 - - [08/May/2017:00:53:10 -0500] "GET /StormSDA/userFiles%20-%20Copy%2019-07-2012/user_files/formatos/?C=N;O=D HTTP/1.1" 200 1515
69.30.210.242 - - [08/May/2017:00:53:14 -0500] "GET /StormSDA/userFiles/user_files/1/?C=N;O=A HTTP/1.1" 200 1687
192.168.175.104 - - [08/May/2017:00:53:18 -0500] "GET / HTTP/1.1" 200 9990
69.30.210.242 - - [08/May/2017:00:53:18 -0500] "GET /StormSDA/userFiles/user_files/97/?C=M;O=A HTTP/1.1" 200 813
201.245.192.253 - - [08/May/2017:00:53:21 -0500] "GET /galeria/nivo-slider/demo/undefined HTTP/1.1" 404 1314
69.30.210.242 - - [08/May/2017:00:53:22 -0500] "GET /StormSDA/userFiles/user_files/97/?C=M;O=D HTTP/1.1" 200 813
69.30.210.242 - - [08/May/2017:00:53:24 -0500] "GET /StormSDA/userFiles/user_files/formatos/eventos/?C=D;O=A HTTP/1.1" 200 851
69.30.210.242 - - [08/May/2017:00:53:27 -0500] "GET /StormSDA/userFiles/user_files/formulas/2/?C=M;O=A HTTP/1.1" 200 839
69.30.210.242 - - [08/May/2017:00:53:30 -0500] "GET /StormSDA/userFiles/user_files/listas/?C=M;O=A HTTP/1.1" 200 1239
192.168.175.104 - - [08/May/2017:00:53:31 -0500] "GET / HTTP/1.0" 200 9990
51.255.65.82 - - [08/May/2017:00:53:43 -0500] "GET /BLA/resoluciones/RESOLUCIONES%202004/RES%202004%202101-2150/00002123.tif HTTP/1.1" 200 208292
192.168.175.104 - - [08/May/2017:00:54:16 -0500] "GET / HTTP/1.1" 200 9990
161.18.60.232 - - [08/May/2017:00:54:37 -0500] "GET /galeria/galeria/jquery.fancybox.css?v=2.1.5 HTTP/1.1" 304 -
161.18.60.232 - - [08/May/2017:00:54:38 -0500] "GET /BLA/boletinlegal/js/jquery.scrollShow.js HTTP/1.1" 304 -
161.18.60.232 - - [08/May/2017:00:54:38 -0500] "GET /galeria/galeria/jquery.fancybox.js?v=2.1.5 HTTP/1.1" 304 -
201.245.192.253 - - [08/May/2017:00:55:02 -0500] "GET /galeria/nivo-slider/demo/undefined HTTP/1.1" 404 1314
69.162.124.233 - - [08/May/2017:00:55:21 -0500] "HEAD / HTTP/1.1" 200 -
187.221.66.182 - - [08/May/2017:00:55:39 -0500] "GET /BLA/boletinlegal/js/jquery.scrollShow.js HTTP/1.1" 200 4586
187.221.66.182 - - [08/May/2017:00:55:39 -0500] "GET /galeria/galeria/jquery.fancybox.js?v=2.1.5 HTTP/1.1" 200 48706
187.221.66.182 - - [08/May/2017:00:55:39 -0500] "GET /galeria/galeria/jquery.fancybox.css?v=2.1.5 HTTP/1.1" 200 4895
66.249.88.7 - - [08/May/2017:00:55:58 -0500] "GET /BLA/boletinlegal/js/jquery.scrollShow.js HTTP/1.1" 200 4586
66.249.88.4 - - [08/May/2017:00:55:58 -0500] "GET /galeria/galeria/jquery.fancybox.js?v=2.1.5 HTTP/1.1" 200 48706
66.249.88.4 - - [08/May/2017:00:55:59 -0500] "GET /galeria/galeria/jquery.fancybox.css?v=2.1.5 HTTP/1.1" 200 4895
174.3.132.177 - - [08/May/2017:00:56:01 -0500] "GET /webdav/x32.php?host=177.242.80.43&time=60&port=3076 HTTP/1.1" 404 1018
187.221.66.182 - - [08/May/2017:00:56:05 -0500] "GET /BLA/boletinlegal/js/jquery.scrollShow.js HTTP/1.1" 200 4586
187.221.66.182 - - [08/May/2017:00:56:06 -0500] "GET /galeria/galeria/jquery.fancybox.js?v=2.1.5 HTTP/1.1" 200 48706
187.221.66.182 - - [08/May/2017:00:56:06 -0500] "GET /galeria/galeria/jquery.fancybox.css?v=2.1.5 HTTP/1.1" 200 4895
191.109.210.222 - - [08/May/2017:00:56:11 -0500] "GET /galeria/galeria/jquery.fancybox.css?v=2.1.5 HTTP/1.1" 304 -
191.109.210.222 - - [08/May/2017:00:56:11 -0500] "GET /galeria/galeria/jquery.fancybox.js?v=2.1.5 HTTP/1.1" 304 -
191.109.210.222 - - [08/May/2017:00:56:11 -0500] "GET /BLA/boletinlegal/js/jquery.scrollShow.js HTTP/1.1" 304 -
191.109.210.222 - - [08/May/2017:00:56:13 -0500] "GET /Residuos/cosmeticos/cosmeticos.html HTTP/1.1" 200 1963
191.109.210.222 - - [08/May/2017:00:56:13 -0500] "GET /favicon.ico HTTP/1.1" 200 7782
201.124.95.165 - - [08/May/2017:00:56:14 -0500] "GET /BLA/boletinlegal/js/jquery.scrollShow.js HTTP/1.1" 200 4586
201.124.95.165 - - [08/May/2017:00:56:14 -0500] "GET /galeria/galeria/jquery.fancybox.css?v=2.1.5 HTTP/1.1" 200 4895
201.124.95.165 - - [08/May/2017:00:56:14 -0500] "GET /galeria/galeria/jquery.fancybox.js?v=2.1.5 HTTP/1.1" 200 48706
201.245.192.253 - - [08/May/2017:00:56:43 -0500] "GET /galeria/nivo-slider/demo/undefined HTTP/1.1" 404 1314
66.249.64.55 - - [08/May/2017:00:57:48 -0500] "GET /galeria/galeria/fotos/Pacto_Madera5P.jpg HTTP/1.1" 304 -
190.159.16.61 - - [08/May/2017:00:58:03 -0500] "GET /BLA/boletinlegal/js/jquery.scrollShow.js HTTP/1.1" 200 4586
190.159.16.61 - - [08/May/2017:00:58:03 -0500] "GET /galeria/galeria/jquery.fancybox.js?v=2.1.5 HTTP/1.1" 200 48706
190.159.16.61 - - [08/May/2017:00:58:03 -0500] "GET /galeria/galeria/jquery.fancybox.css?v=2.1.5 HTTP/1.1" 200 4895
190.159.16.61 - - [08/May/2017:00:58:04 -0500] "GET /galeria/carrusel/Carrusel/jquery.thumbnailScroller.css HTTP/1.1" 200 2066
190.159.16.61 - - [08/May/2017:00:58:04 -0500] "GET /galeria/carrusel/Carrusel/jquery-ui-1.8.13.custom.min.js HTTP/1.1" 200 10800
190.159.16.61 - - [08/May/2017:00:58:06 -0500] "GET /galeria/carrusel/Carrusel/jquery.thumbnailScroller.js HTTP/1.1" 200 8157
192.168.175.104 - - [08/May/2017:00:58:16 -0500] "GET / HTTP/1.1" 200 9990
190.159.16.61 - - [08/May/2017:00:58:19 -0500] "GET /galeria/nivo-slider/demo/demo.html HTTP/1.1" 200 3849
190.159.16.61 - - [08/May/2017:00:58:19 -0500] "GET /galeria/nivo-slider/themes/default/default.css HTTP/1.1" 200 1569
190.159.16.61 - - [08/May/2017:00:58:19 -0500] "GET /galeria/nivo-slider/themes/pascal/pascal.css HTTP/1.1" 200 2258
190.159.16.61 - - [08/May/2017:00:58:19 -0500] "GET /galeria/nivo-slider/nivo-slider.css HTTP/1.1" 200 1507
190.159.16.61 - - [08/May/2017:00:58:19 -0500] "GET /galeria/nivo-slider/demo/scripts/jquery-1.7.1.min.js HTTP/1.1" 200 93868
190.159.16.61 - - [08/May/2017:00:58:19 -0500] "GET /galeria/nivo-slider/themes/orman/orman.css HTTP/1.1" 200 2152
190.159.16.61 - - [08/May/2017:00:58:19 -0500] "GET /galeria/nivo-slider/demo/style.css HTTP/1.1" 200 2222
190.159.16.61 - - [08/May/2017:00:58:19 -0500] "GET /galeria/nivo-slider/demo/images/BANNERRECICLATON2017.jpg HTTP/1.1" 200 244103
190.159.16.61 - - [08/May/2017:00:58:19 -0500] "GET /galeria/nivo-slider/jquery.nivo.slider.pack.js HTTP/1.1" 200 11561
190.159.16.61 - - [08/May/2017:00:58:19 -0500] "GET /galeria/nivo-slider/demo/images/bannerconvocatria3.jpg HTTP/1.1" 200 235024
190.159.16.61 - - [08/May/2017:00:58:19 -0500] "GET /galeria/nivo-slider/demo/images/banner%20web%20fiblibro.jpg HTTP/1.1" 200 102374
190.159.16.61 - - [08/May/2017:00:58:19 -0500] "GET /galeria/nivo-slider/demo/images/bannercampa%C3%B1acambiodesede.jpg HTTP/1.1" 200 134156
190.159.16.61 - - [08/May/2017:00:58:19 -0500] "GET /galeria/nivo-slider/themes/default/loading.gif HTTP/1.1" 200 1737
190.159.16.61 - - [08/May/2017:00:58:20 -0500] "GET /galeria/nivo-slider/demo/images/4Simple_Slider.png HTTP/1.1" 200 11722
190.159.16.61 - - [08/May/2017:00:58:20 -0500] "GET /galeria/nivo-slider/demo/images/banner%20reportedearbolescaidos.jpg HTTP/1.1" 200 249999
190.159.16.61 - - [08/May/2017:00:58:20 -0500] "GET /galeria/nivo-slider/demo/images/banenr%20web%20reto%20IEEE-01.jpg HTTP/1.1" 200 219648
190.159.16.61 - - [08/May/2017:00:58:20 -0500] "GET /galeria/nivo-slider/demo/images/BANNERCAMINATAS%20ECOLOGICAS%20MARZO.jpg HTTP/1.1" 200 266671
190.159.16.61 - - [08/May/2017:00:58:21 -0500] "GET /galeria/nivo-slider/demo/images/banner%20aceite%20vegetal%20usado.jpg HTTP/1.1" 200 169350
190.159.16.61 - - [08/May/2017:00:58:21 -0500] "GET /galeria/nivo-slider/demo/images/bannerlumina2017web.jpg HTTP/1.1" 200 198918
212.83.174.55 - - [08/May/2017:00:58:21 -0500] "GET / HTTP/1.1" 200 9990
190.159.16.61 - - [08/May/2017:00:58:22 -0500] "GET /galeria/nivo-slider/demo/images/BANNERRUTADEVERTIMIENTOS.jpg HTTP/1.1" 200 98506
190.159.16.61 - - [08/May/2017:00:58:22 -0500] "GET /galeria/nivo-slider/demo/images/bolsas-06.jpg HTTP/1.1" 200 210950
190.159.16.61 - - [08/May/2017:00:58:23 -0500] "GET /galeria/nivo-slider/themes/default/arrows.png HTTP/1.1" 200 824
190.159.16.61 - - [08/May/2017:00:58:23 -0500] "GET /galeria/nivo-slider/themes/default/bullets.png HTTP/1.1" 200 1281
201.245.192.253 - - [08/May/2017:00:58:23 -0500] "GET /galeria/nivo-slider/demo/undefined HTTP/1.1" 404 1314
