208.110.93.76 - - [12/Jul/2017:04:01:14 -0500] "GET /Anexos%20estudio%20Organizacional%20SDA/index.php?dir=ANEXO%20No.%201-%20NORMAS%20LEGALES%20DE%20ESTRUCTURA%20Y%20PLANTA/Decreto%20308%20de%202001%20-%20Modifica%20estructura%20del%20DAMA.jsp_files/&sort=date&order=asc HTTP/1.1" 200 10799
192.168.175.104 - - [12/Jul/2017:04:01:15 -0500] "GET / HTTP/1.1" 200 9990
208.110.93.76 - - [12/Jul/2017:04:01:16 -0500] "GET /Anexos%20estudio%20Organizacional%20SDA/index.php?dir=ANEXO%20No.%201-%20NORMAS%20LEGALES%20DE%20ESTRUCTURA%20Y%20PLANTA/Decreto%20308%20de%202001%20-%20Modifica%20estructura%20del%20DAMA.jsp_files/&sort=name&order=desc HTTP/1.1" 200 10801
66.249.75.157 - - [12/Jul/2017:04:01:17 -0500] "GET /BLA/resoluciones/AUTOS%202012/0260.pdf HTTP/1.1" 200 176412
208.110.93.76 - - [12/Jul/2017:04:01:18 -0500] "GET /Anexos%20estudio%20Organizacional%20SDA/index.php?dir=ANEXO%20No.%201-%20NORMAS%20LEGALES%20DE%20ESTRUCTURA%20Y%20PLANTA/Decreto%20308%20de%202001%20-%20Modifica%20estructura%20del%20DAMA.jsp_files/&sort=size&order=asc HTTP/1.1" 200 10964
69.162.124.233 - - [12/Jul/2017:04:01:18 -0500] "HEAD / HTTP/1.1" 200 -
66.249.75.155 - - [12/Jul/2017:04:01:19 -0500] "GET /BLA/resoluciones/RESOLUCIONES%202013/0125.pdf HTTP/1.1" 200 2822143
208.110.93.76 - - [12/Jul/2017:04:01:19 -0500] "GET /Anexos%20estudio%20Organizacional%20SDA/index.php?dir=ANEXO%20No.%201-%20NORMAS%20LEGALES%20DE%20ESTRUCTURA%20Y%20PLANTA/Decreto%20561%20de%202006%20-%20Establece%20estructura%20de%20la%20SDA.jsp_files/&sort=date&order=asc HTTP/1.1" 200 10617
208.110.93.76 - - [12/Jul/2017:04:01:21 -0500] "GET /Anexos%20estudio%20Organizacional%20SDA/index.php?dir=ANEXO%20No.%201-%20NORMAS%20LEGALES%20DE%20ESTRUCTURA%20Y%20PLANTA/Decreto%20561%20de%202006%20-%20Establece%20estructura%20de%20la%20SDA.jsp_files/&sort=name&order=desc HTTP/1.1" 200 10441
208.110.93.76 - - [12/Jul/2017:04:01:23 -0500] "GET /Anexos%20estudio%20Organizacional%20SDA/index.php?dir=ANEXO%20No.%201-%20NORMAS%20LEGALES%20DE%20ESTRUCTURA%20Y%20PLANTA/Decreto%20561%20de%202006%20-%20Establece%20estructura%20de%20la%20SDA.jsp_files/&sort=size&order=asc HTTP/1.1" 200 10604
208.110.93.76 - - [12/Jul/2017:04:01:25 -0500] "GET /Anexos%20estudio%20Organizacional%20SDA/index.php?dir=ANEXO%20No.%201-%20NORMAS%20LEGALES%20DE%20ESTRUCTURA%20Y%20PLANTA/Decreto%20562%20de%202006%20-%20Establece%20planta%20de%20cargos%20de%20SDA.jsp_files/&sort=date&order=asc HTTP/1.1" 200 10555
208.110.93.76 - - [12/Jul/2017:04:01:27 -0500] "GET /Anexos%20estudio%20Organizacional%20SDA/index.php?dir=ANEXO%20No.%201-%20NORMAS%20LEGALES%20DE%20ESTRUCTURA%20Y%20PLANTA/Decreto%20562%20de%202006%20-%20Establece%20planta%20de%20cargos%20de%20SDA.jsp_files/&sort=name&order=desc HTTP/1.1" 200 10555
208.110.93.76 - - [12/Jul/2017:04:01:29 -0500] "GET /Anexos%20estudio%20Organizacional%20SDA/index.php?dir=ANEXO%20No.%201-%20NORMAS%20LEGALES%20DE%20ESTRUCTURA%20Y%20PLANTA/Decreto%20562%20de%202006%20-%20Establece%20planta%20de%20cargos%20de%20SDA.jsp_files/&sort=size&order=asc HTTP/1.1" 200 10721
208.110.93.76 - - [12/Jul/2017:04:01:31 -0500] "GET /Anexos%20estudio%20Organizacional%20SDA/index.php?dir=ANEXO%20No.%201-%20NORMAS%20LEGALES%20DE%20ESTRUCTURA%20Y%20PLANTA/Decreto%20631%20de%202007-%20Modifica%20planta%20de%20SDA.jsp_files/&sort=date&order=asc HTTP/1.1" 200 10093
208.110.93.76 - - [12/Jul/2017:04:01:33 -0500] "GET /Anexos%20estudio%20Organizacional%20SDA/index.php?dir=ANEXO%20No.%201-%20NORMAS%20LEGALES%20DE%20ESTRUCTURA%20Y%20PLANTA/Decreto%20631%20de%202007-%20Modifica%20planta%20de%20SDA.jsp_files/&sort=name&order=desc HTTP/1.1" 200 10099
66.249.75.153 - - [12/Jul/2017:04:01:33 -0500] "GET /BLA/resoluciones/RESOLUCIONES%202009/2932.pdf HTTP/1.1" 200 233626
66.249.75.155 - - [12/Jul/2017:04:01:35 -0500] "GET /BLA/resoluciones/RESOLUCIONES%202010/3320.pdf HTTP/1.1" 200 529487
208.110.93.76 - - [12/Jul/2017:04:01:36 -0500] "GET /Anexos%20estudio%20Organizacional%20SDA/index.php?dir=ANEXO%20No.%201-%20NORMAS%20LEGALES%20DE%20ESTRUCTURA%20Y%20PLANTA/Decreto%20631%20de%202007-%20Modifica%20planta%20de%20SDA.jsp_files/&sort=size&order=asc HTTP/1.1" 200 10253
66.249.75.131 - - [12/Jul/2017:04:01:37 -0500] "GET /BLA/resoluciones/RESOLUCIONES%202008/5215.pdf HTTP/1.1" 200 60396
208.110.93.76 - - [12/Jul/2017:04:01:38 -0500] "GET /Anexos%20estudio%20Organizacional%20SDA/index.php?dir=ANEXO%20No.%201-%20NORMAS%20LEGALES%20DE%20ESTRUCTURA%20Y%20PLANTA/Decreto%20673%20de%201995%20Reestructura%20el%20DAMA_files/&sort=date&order=asc HTTP/1.1" 200 9507
208.110.93.76 - - [12/Jul/2017:04:01:40 -0500] "GET /Anexos%20estudio%20Organizacional%20SDA/index.php?dir=ANEXO%20No.%201-%20NORMAS%20LEGALES%20DE%20ESTRUCTURA%20Y%20PLANTA/Decreto%20673%20de%201995%20Reestructura%20el%20DAMA_files/&sort=name&order=asc HTTP/1.1" 200 9347
66.249.75.153 - - [12/Jul/2017:04:01:41 -0500] "GET /BLA/resoluciones/AUTOS%202007/0136.pdf HTTP/1.1" 200 107529
208.110.93.76 - - [12/Jul/2017:04:01:42 -0500] "GET /Anexos%20estudio%20Organizacional%20SDA/index.php?dir=ANEXO%20No.%201-%20NORMAS%20LEGALES%20DE%20ESTRUCTURA%20Y%20PLANTA/Decreto%20673%20de%201995%20Reestructura%20el%20DAMA_files/&sort=name&order=desc HTTP/1.1" 200 9354
208.110.93.76 - - [12/Jul/2017:04:01:44 -0500] "GET /Anexos%20estudio%20Organizacional%20SDA/index.php?dir=ANEXO%20No.%201-%20NORMAS%20LEGALES%20DE%20ESTRUCTURA%20Y%20PLANTA/Decreto%20673%20de%201995%20Reestructura%20el%20DAMA_files/&sort=size&order=asc HTTP/1.1" 200 9500
208.110.93.76 - - [12/Jul/2017:04:01:46 -0500] "GET /Anexos%20estudio%20Organizacional%20SDA/index.php?dir=ANEXO%20No.%201-%20NORMAS%20LEGALES%20DE%20ESTRUCTURA%20Y%20PLANTA/Decreto%20673%20de%201995%20Reestructura%20el%20DAMA_files/&sort=size&order=desc HTTP/1.1" 200 9040
66.249.75.159 - - [12/Jul/2017:04:01:46 -0500] "GET /BLA/resoluciones/RESOLUCIONES%202009/1230.pdf HTTP/1.1" 200 395410
66.249.75.157 - - [12/Jul/2017:04:01:48 -0500] "GET /BLA/resoluciones/AUTOS%202007/0888.pdf HTTP/1.1" 200 161785
208.110.93.76 - - [12/Jul/2017:04:01:47 -0500] "GET /Anexos%20estudio%20Organizacional%20SDA/index.php?dir=ANEXO%20No.%201-%20NORMAS%20LEGALES%20DE%20ESTRUCTURA%20Y%20PLANTA/Decreto%20distrital%20110%20de%202009%20-%20modifica%20planta%20de%20empleos%20SDA.jsp_files/&sort=date&order=asc HTTP/1.1" 200 10456
66.249.75.155 - - [12/Jul/2017:04:01:49 -0500] "GET /BLA/resoluciones/RESOLUCIONES%202008/3988.pdf HTTP/1.1" 200 370307
35.184.189.105 - - [12/Jul/2017:04:01:49 -0500] "GET /robots.txt HTTP/1.1" 404 1019
208.110.93.76 - - [12/Jul/2017:04:01:49 -0500] "GET /Anexos%20estudio%20Organizacional%20SDA/index.php?dir=ANEXO%20No.%201-%20NORMAS%20LEGALES%20DE%20ESTRUCTURA%20Y%20PLANTA/Decreto%20distrital%20110%20de%202009%20-%20modifica%20planta%20de%20empleos%20SDA.jsp_files/&sort=date&order=desc HTTP/1.1" 200 10817
66.249.75.153 - - [12/Jul/2017:04:01:51 -0500] "GET /BLA/resoluciones/RESOLUCIONES%202009/5547.pdf HTTP/1.1" 200 500103
208.110.93.76 - - [12/Jul/2017:04:01:51 -0500] "GET /Anexos%20estudio%20Organizacional%20SDA/index.php?dir=ANEXO%20No.%201-%20NORMAS%20LEGALES%20DE%20ESTRUCTURA%20Y%20PLANTA/Decreto%20distrital%20110%20de%202009%20-%20modifica%20planta%20de%20empleos%20SDA.jsp_files/&sort=name&order=desc HTTP/1.1" 200 10821
66.249.75.157 - - [12/Jul/2017:04:01:52 -0500] "GET /BLA/resoluciones/RESOLUCIONES%202010/0268.pdf HTTP/1.1" 200 110682
208.110.93.76 - - [12/Jul/2017:04:01:53 -0500] "GET /Anexos%20estudio%20Organizacional%20SDA/index.php?dir=ANEXO%20No.%201-%20NORMAS%20LEGALES%20DE%20ESTRUCTURA%20Y%20PLANTA/Decreto%20distrital%20110%20de%202009%20-%20modifica%20planta%20de%20empleos%20SDA.jsp_files/&sort=size&order=asc HTTP/1.1" 200 10994
208.110.93.76 - - [12/Jul/2017:04:01:55 -0500] "GET /Anexos%20estudio%20Organizacional%20SDA/index.php?dir=ANEXO%20No.%201-%20NORMAS%20LEGALES%20DE%20ESTRUCTURA%20Y%20PLANTA/Ley%2099%20de%201993%20-%20Crea%20MimAmbiente_files/&sort=date&order=asc HTTP/1.1" 200 10157
208.110.93.76 - - [12/Jul/2017:04:01:56 -0500] "GET /Anexos%20estudio%20Organizacional%20SDA/index.php?dir=ANEXO%20No.%201-%20NORMAS%20LEGALES%20DE%20ESTRUCTURA%20Y%20PLANTA/Ley%2099%20de%201993%20-%20Crea%20MimAmbiente_files/&sort=name&order=desc HTTP/1.1" 200 9692
208.110.93.76 - - [12/Jul/2017:04:01:58 -0500] "GET /Anexos%20estudio%20Organizacional%20SDA/index.php?dir=ANEXO%20No.%201-%20NORMAS%20LEGALES%20DE%20ESTRUCTURA%20Y%20PLANTA/Ley%2099%20de%201993%20-%20Crea%20MimAmbiente_files/&sort=size&order=asc HTTP/1.1" 200 10011
208.110.93.76 - - [12/Jul/2017:04:02:00 -0500] "GET /Anexos%20estudio%20Organizacional%20SDA/index.php?dir=ANEXO%20No.%202%20-%20EJECUCIONES%20PRESUPUESTALES%202008-2011%20Y%20PRESUPUESTO%202012/&sort=date&order=desc HTTP/1.1" 200 3707
208.110.93.76 - - [12/Jul/2017:04:02:02 -0500] "GET /Anexos%20estudio%20Organizacional%20SDA/index.php?dir=ANEXO%20No.%202%20-%20EJECUCIONES%20PRESUPUESTALES%202008-2011%20Y%20PRESUPUESTO%202012/&sort=size&order=desc HTTP/1.1" 200 3707
208.110.93.76 - - [12/Jul/2017:04:02:04 -0500] "GET /Anexos%20estudio%20Organizacional%20SDA/index.php?dir=ANEXO%20No.%205%20-%20ESTUDIO%20Y%20PROPUESTA%20SERAMB%20IENTE/&sort=date&order=desc HTTP/1.1" 200 3622
208.110.93.76 - - [12/Jul/2017:04:02:05 -0500] "GET /Anexos%20estudio%20Organizacional%20SDA/index.php?dir=ANEXO%20No.%205%20-%20ESTUDIO%20Y%20PROPUESTA%20SERAMB%20IENTE/&sort=size&order=desc HTTP/1.1" 200 3622
208.110.93.76 - - [12/Jul/2017:04:02:07 -0500] "GET /Anexos%20estudio%20Organizacional%20SDA/index.php?dir=ANEXO%20No.%207%20-%20PROYECTO%20DE%20DECRETO%20MODIFICATORIO%20DE%20ESTRUCTURA%20DE%20LA%20SDA/&sort=date&order=desc HTTP/1.1" 200 2593
208.110.93.76 - - [12/Jul/2017:04:02:09 -0500] "GET /Anexos%20estudio%20Organizacional%20SDA/index.php?dir=ANEXO%20No.%207%20-%20PROYECTO%20DE%20DECRETO%20MODIFICATORIO%20DE%20ESTRUCTURA%20DE%20LA%20SDA/&sort=size&order=desc HTTP/1.1" 200 2593
208.110.93.76 - - [12/Jul/2017:04:02:11 -0500] "GET /Anexos%20estudio%20Organizacional%20SDA/index.php?dir=ANEXO%20No.11-PROYECTO%20DE%20DECRETO%20MODIFICATORIO%20PLANTA%20DE%20CARGOS%20SDA/&sort=date&order=desc HTTP/1.1" 200 2568
208.110.93.76 - - [12/Jul/2017:04:02:13 -0500] "GET /Anexos%20estudio%20Organizacional%20SDA/index.php?dir=ANEXO%20No.11-PROYECTO%20DE%20DECRETO%20MODIFICATORIO%20PLANTA%20DE%20CARGOS%20SDA/&sort=size&order=desc HTTP/1.1" 200 2568
208.110.93.76 - - [12/Jul/2017:04:02:15 -0500] "GET /Anexos%20estudio%20Organizacional%20SDA/index.php?dir=ANEXO%20No.12-PROYECTO%20ACTUALIZACION%20MANUAL%20DE%20FUNCIONES%20SDA/&sort=date&order=desc HTTP/1.1" 200 2514
208.110.93.76 - - [12/Jul/2017:04:02:16 -0500] "GET /Anexos%20estudio%20Organizacional%20SDA/index.php?dir=ANEXO%20No.12-PROYECTO%20ACTUALIZACION%20MANUAL%20DE%20FUNCIONES%20SDA/&sort=size&order=desc HTTP/1.1" 200 2514
66.249.75.153 - - [12/Jul/2017:04:02:17 -0500] "GET /BLA/resoluciones/AUTOS%202007/1046.pdf HTTP/1.1" 200 30778
208.110.93.76 - - [12/Jul/2017:04:02:18 -0500] "GET /Autoliquidacion/index.php?dir=&sort=date&order=desc HTTP/1.1" 200 6376
66.249.75.153 - - [12/Jul/2017:04:02:20 -0500] "GET /BLA/resoluciones/AUTOS%202007/2189.pdf HTTP/1.1" 200 113474
208.110.93.76 - - [12/Jul/2017:04:02:20 -0500] "GET /Autoliquidacion/index.php?dir=&sort=name&order=asc HTTP/1.1" 200 6377
208.110.93.76 - - [12/Jul/2017:04:02:22 -0500] "GET /Autoliquidacion/index.php?dir=&sort=size&order=desc HTTP/1.1" 200 6376
66.249.75.157 - - [12/Jul/2017:04:02:23 -0500] "GET /BLA/resoluciones/RESOLUCIONES%202007/RES%202007%204001%20AL%204100/RESOLUCION%204017%20DE%202007.pdf HTTP/1.1" 200 843795
208.110.93.76 - - [12/Jul/2017:04:02:23 -0500] "GET /Autoliquidacion/index.php?dir=Cobro%20Clasificacion%20Uso%20De%20Vivenda%20En%20Suelo%20Restringido/&sort=date&order=desc HTTP/1.1" 200 2869
208.110.93.76 - - [12/Jul/2017:04:02:25 -0500] "GET /Autoliquidacion/index.php?dir=Cobro%20Clasificacion%20Uso%20De%20Vivenda%20En%20Suelo%20Restringido/&sort=name&order=asc HTTP/1.1" 200 2870
66.249.75.159 - - [12/Jul/2017:04:02:25 -0500] "GET /BLA/resoluciones/RESOLUCIONES%202010/2928.pdf HTTP/1.1" 200 487365
208.110.93.76 - - [12/Jul/2017:04:02:27 -0500] "GET /Autoliquidacion/index.php?dir=Cobro%20Clasificacion%20Uso%20De%20Vivenda%20En%20Suelo%20Restringido/&sort=size&order=desc HTTP/1.1" 200 2869
66.249.75.129 - - [12/Jul/2017:04:02:28 -0500] "GET /BLA/resoluciones/RESOLUCIONES%202010/4069.pdf HTTP/1.1" 200 491339
208.110.93.76 - - [12/Jul/2017:04:02:28 -0500] "GET /Autoliquidacion/index.php?dir=Fauna%20Silvestre/&sort=date&order=asc HTTP/1.1" 200 3842
66.249.75.129 - - [12/Jul/2017:04:02:30 -0500] "GET /BLA/resoluciones/RESOLUCIONES%202009/8649.pdf HTTP/1.1" 200 130859
208.110.93.76 - - [12/Jul/2017:04:02:30 -0500] "GET /Autoliquidacion/index.php?dir=Fauna%20Silvestre/&sort=name&order=desc HTTP/1.1" 200 3841
35.184.189.105 - - [12/Jul/2017:04:02:31 -0500] "GET /es/el-observatorio-y-los-municipios/\\\"?amp;amp;amp;amp;amp;amp;amp;amp;amp;amp;amp;amp;amp;amp;amp;amp;amp;amp;amp;amp;amp;amp;amp;amp;apc=/es/el-observatorio-y-los-municipios/documentos-municipio?amp;amp;amp;amp;amp;amp;amp;amp;amp;amp;amp;amp;x=10945&x=9489&apc=/es/el-observatorio-y-los-municipios/documentos-municipio?amp;amp;amp;amp;amp;amp;amp;amp;amp;amp;amp;amp;apc=/es/el-observatorio-y-los-municipios/documentos-municipio?amp;amp;amp;amp;amp;amp;x=9794&x=10819&apc=/es/el-observatorio-y-los-municipios/documentos-municipio?amp;amp;amp;amp;amp;amp;amp;amp;amp;amp;amp;amp;amp;x=11026&x=10842&apc=/es/el-observatorio-y-los-municipios/documentos-municipio?amp;amp;amp;amp;amp;amp;amp;amp;amp;amp;amp;amp;amp;apc=/es/el-observatorio-y-los-municipios/documentos-municipio?amp;amp;amp;amp;amp;amp;apc=/es/el-observatorio-y-los-municipios/documentos-municipio?amp;amp;amp;x=9548&x=10875&apc=/es/el-observatorio-y-los-municipios/documentos-municipio?amp;amp;amp;amp;amp;amp;amp;amp;amp;amp;amp;amp;amp;amp;x=10876&x=11032&apc=/es/el-observatorio-y-los-municipios/documentos-municipio?amp;amp;amp;amp;amp;amp;amp;amp;amp;amp;amp;amp;amp;amp;apc=/es/el-observatorio-y-los-municipios/documentos-municipio?amp;amp;amp;amp;amp;amp;amp;x=10714&x=10020&apc=/es/el-observatorio-y-los-municipios/documentos-municipio?amp;amp;amp;amp;amp;amp;amp;amp;amp;amp;amp;amp;amp;amp;amp;x=10010&x=9797&apc=/es/el-observatorio-y-los-municipios/documentos-municipio?amp;amp;amp;amp;amp;amp;amp;amp;amp;amp;amp;amp;amp;amp;amp;apc=/es/el-observatorio-y-los-municipios/documentos-municipio?amp;amp;amp;amp;amp;amp;amp;apc=/es/el-observatorio-y-los-municipios/documentos-municipio?amp;amp;amp;apc=/es/el-observatorio-y-los-municipios/documentos-municipio?amp;apc=/es/el-observatorio-y-los-municipios/documentos-municipio?apc=/es/el-observatorio-y-los-municipios/documentos-municipio?cd=c6f7d2a2ea2d1b8a09aca5844010d2d7&x=11032&apc=/es/el-observatorio-y-los-municipios/documentos-municipio?amp;amp;amp;amp;amp;amp;amp;amp;amp;amp;amp;amp;amp;amp;amp;amp;x=10840&x=11110&apc=/es/el-observatorio-y-los-municipios/documentos-municipio?amp;amp;amp;amp;amp;amp;amp;amp;amp;amp;amp;amp;amp;amp;amp;amp;apc=/es/el-observatorio-y-los-municipios/documentos-municipio?amp;amp;amp;amp;amp;amp;amp;amp;x=9548&x=10857&apc=/es/el-observatorio-y-los-municipios/documentos-municipio?amp;amp;amp;amp;amp;amp;amp;amp;amp;amp;amp;amp;amp;amp;amp;amp;amp;x=10975&x=10989&apc=/es/el-observatorio-y-los-municipios/documentos-municipio?amp;amp;amp;amp;amp;amp;amp;amp;amp;amp;amp;amp;amp;amp;amp;amp;amp;apc=/es/el-observatorio-y-los-municipios/documentos-municipio?amp;amp;amp;amp;amp;amp;amp;amp;apc=/es/el-observatorio-y-los-municipios/documentos-municipio?amp;amp;amp;amp;x=10766&x=10826&apc=/es/el-observatorio-y-los-municipios/documentos-municipio?amp;amp;amp;amp;amp;amp;amp;amp;amp;amp;amp;amp;amp;amp;amp;amp;amp;amp;x=9820&x=9797&apc=/es/el-observatorio-y-los-municipios/documentos-municipio?amp;amp;amp;amp;amp;amp;amp;amp;amp;amp;amp;amp;amp;amp;amp;amp;amp;amp;apc=/es/el-observatorio-y-los-municipios/documentos-municipio?amp;amp;amp;amp;amp;amp;amp;amp;amp;x=10155&x=11102&apc=/es/el-observatorio-y-los-municipios/documentos-municipio?amp;amp;amp;amp;amp;amp;amp;amp;amp;amp;amp;amp;amp;amp;amp;amp;amp;amp;amp;x=10165&x=10167&apc=/es/el-observatorio-y-los-municipios/documentos-municipio?amp;amp;amp;amp;amp;amp;amp;amp;amp;amp;amp;amp;amp;amp;amp;amp;amp;amp;amp;apc=/es/el-observatorio-y-los-municipios/documentos-municipio?amp;amp;amp;amp;amp;amp;amp;amp;amp;apc=/es/el-observatorio-y-los-municipios/documentos-municipio?amp;amp;amp;amp;apc=/es/el-observatorio-y-los-munici" 414 313
208.110.93.76 - - [12/Jul/2017:04:02:32 -0500] "GET /Autoliquidacion/index.php?dir=Fauna%20Silvestre/&sort=size&order=asc HTTP/1.1" 200 3842
66.249.75.153 - - [12/Jul/2017:04:02:32 -0500] "GET /BLA/resoluciones/AUTOS%202007/1359.pdf HTTP/1.1" 200 52992
66.249.75.159 - - [12/Jul/2017:04:02:34 -0500] "GET /BLA/resoluciones/RESOLUCIONES%202010/3599.pdf HTTP/1.1" 200 61516
208.110.93.76 - - [12/Jul/2017:04:02:34 -0500] "GET /Autoliquidacion/index.php?dir=Grupo%20Forestal%20-%20Industria%20de%20la%20Madera/&sort=date&order=asc HTTP/1.1" 200 5071
66.249.75.129 - - [12/Jul/2017:04:02:35 -0500] "GET /BLA/resoluciones/AUTOS%202007/2482.pdf HTTP/1.1" 200 209750
208.110.93.76 - - [12/Jul/2017:04:02:35 -0500] "GET /Autoliquidacion/index.php?dir=Grupo%20Forestal%20-%20Industria%20de%20la%20Madera/&sort=name&order=desc HTTP/1.1" 200 5070
66.249.75.159 - - [12/Jul/2017:04:02:36 -0500] "GET /BLA/resoluciones/RESOLUCIONES%202010/0529.pdf HTTP/1.1" 200 431711
208.110.93.76 - - [12/Jul/2017:04:02:37 -0500] "GET /Autoliquidacion/index.php?dir=Grupo%20Forestal%20-%20Industria%20de%20la%20Madera/&sort=size&order=asc HTTP/1.1" 200 5071
66.249.75.153 - - [12/Jul/2017:04:02:38 -0500] "GET /BLA/resoluciones/RESOLUCIONES%202008/1597.pdf HTTP/1.1" 200 385293
208.110.93.76 - - [12/Jul/2017:04:02:38 -0500] "GET /Autoliquidacion/index.php?dir=Grupo%20Forestal%20-%20Silvicultura/&sort=date&order=asc HTTP/1.1" 200 3990
208.110.93.76 - - [12/Jul/2017:04:02:40 -0500] "GET /Autoliquidacion/index.php?dir=Grupo%20Forestal%20-%20Silvicultura/&sort=name&order=desc HTTP/1.1" 200 3989
66.249.75.155 - - [12/Jul/2017:04:02:40 -0500] "GET /BLA/resoluciones/RESOLUCIONES%202012/0919.pdf HTTP/1.1" 200 137904
208.110.93.76 - - [12/Jul/2017:04:02:42 -0500] "GET /Autoliquidacion/index.php?dir=Grupo%20Forestal%20-%20Silvicultura/&sort=size&order=asc HTTP/1.1" 200 3990
208.110.93.76 - - [12/Jul/2017:04:02:44 -0500] "GET /Autoliquidacion/index.php?dir=PERMISO%20DE%20OCUPACION%20DE%20SUELO/&sort=date&order=asc HTTP/1.1" 200 6619
208.110.93.76 - - [12/Jul/2017:04:02:46 -0500] "GET /Autoliquidacion/index.php?dir=PERMISO%20DE%20OCUPACION%20DE%20SUELO/&sort=name&order=desc HTTP/1.1" 200 6618
208.110.93.76 - - [12/Jul/2017:04:02:47 -0500] "GET /Autoliquidacion/index.php?dir=PERMISO%20DE%20OCUPACION%20DE%20SUELO/&sort=size&order=asc HTTP/1.1" 200 6619
208.110.93.76 - - [12/Jul/2017:04:02:49 -0500] "GET /Autoliquidacion/index.php?dir=Plan%20de%20manejo%20ambiental%20para%20sitios%20de%20aprovechamiento%20y%20o%20disposicion%20final%20de%20escombros/&sort=date&order=asc HTTP/1.1" 200 2472
208.110.93.76 - - [12/Jul/2017:04:02:51 -0500] "GET /Autoliquidacion/index.php?dir=Plan%20de%20manejo%20ambiental%20para%20sitios%20de%20aprovechamiento%20y%20o%20disposicion%20final%20de%20escombros/&sort=name&order=desc HTTP/1.1" 200 2471
66.249.75.155 - - [12/Jul/2017:04:02:52 -0500] "GET /BLA/resoluciones/RESOLUCIONES%202010/4309.pdf HTTP/1.1" 200 49990
208.110.93.76 - - [12/Jul/2017:04:02:52 -0500] "GET /Autoliquidacion/index.php?dir=Plan%20de%20manejo%20ambiental%20para%20sitios%20de%20aprovechamiento%20y%20o%20disposicion%20final%20de%20escombros/&sort=size&order=asc HTTP/1.1" 200 2472
66.249.75.155 - - [12/Jul/2017:04:02:53 -0500] "GET /BLA/resoluciones/AUTOS%202007/1907.pdf HTTP/1.1" 200 30665
208.110.93.76 - - [12/Jul/2017:04:02:54 -0500] "GET /Autoliquidacion/index.php?dir=Solicitud%20de%20Licencia%20Ambiental/&sort=date&order=asc HTTP/1.1" 200 2553
208.110.93.76 - - [12/Jul/2017:04:02:56 -0500] "GET /Autoliquidacion/index.php?dir=Solicitud%20de%20Licencia%20Ambiental/&sort=name&order=desc HTTP/1.1" 200 2552
208.110.93.76 - - [12/Jul/2017:04:02:58 -0500] "GET /Autoliquidacion/index.php?dir=Solicitud%20de%20Licencia%20Ambiental/&sort=size&order=asc HTTP/1.1" 200 2553
66.249.75.155 - - [12/Jul/2017:04:02:58 -0500] "GET /BLA/resoluciones/RESOLUCIONES%202007/RES%202007%20201%20AL%20300/RESOLUCION%200210%20DE%202007.pdf HTTP/1.1" 200 279934
66.249.75.153 - - [12/Jul/2017:04:02:59 -0500] "GET /BLA/resoluciones/RESOLUCIONES%202007/RES%202007%203201%20AL%203300/RESOLUCION%203259%20DE%202007.pdf HTTP/1.1" 200 98509
208.110.93.76 - - [12/Jul/2017:04:02:59 -0500] "GET /Autoliquidacion/index.php?dir=Solicitudes%20relacionadas%20con%20calidad%20del%20aire%20auditiva%20y%20visual/&sort=date&order=desc HTTP/1.1" 200 5747
208.110.93.76 - - [12/Jul/2017:04:03:01 -0500] "GET /Autoliquidacion/index.php?dir=Solicitudes%20relacionadas%20con%20calidad%20del%20aire%20auditiva%20y%20visual/&sort=name&order=asc HTTP/1.1" 200 5748
208.110.93.76 - - [12/Jul/2017:04:03:03 -0500] "GET /Autoliquidacion/index.php?dir=Solicitudes%20relacionadas%20con%20calidad%20del%20aire%20auditiva%20y%20visual/&sort=size&order=desc HTTP/1.1" 200 5747
208.110.93.76 - - [12/Jul/2017:04:03:04 -0500] "GET /POT-2013/index.php?dir=&sort=date&order=asc HTTP/1.1" 200 2679
208.110.93.76 - - [12/Jul/2017:04:03:06 -0500] "GET /POT-2013/index.php?dir=&sort=date&order=desc HTTP/1.1" 200 2678
208.110.93.76 - - [12/Jul/2017:04:03:08 -0500] "GET /POT-2013/index.php?dir=&sort=name&order=asc HTTP/1.1" 200 2679
66.249.75.153 - - [12/Jul/2017:04:03:08 -0500] "GET /BLA/resoluciones/RESOLUCIONES%202008/1181.pdf HTTP/1.1" 200 57921
208.110.93.76 - - [12/Jul/2017:04:03:09 -0500] "GET /POT-2013/index.php?dir=&sort=name&order=desc HTTP/1.1" 200 2678
208.110.93.76 - - [12/Jul/2017:04:03:11 -0500] "GET /POT-2013/index.php?dir=&sort=size&order=asc HTTP/1.1" 200 2679
66.249.75.153 - - [12/Jul/2017:04:03:12 -0500] "GET /BLA/resoluciones/RESOLUCIONES%202008/0879.pdf HTTP/1.1" 200 194159
208.110.93.76 - - [12/Jul/2017:04:03:13 -0500] "GET /POT-2013/index.php?dir=&sort=size&order=desc HTTP/1.1" 200 2678
66.249.75.153 - - [12/Jul/2017:04:03:14 -0500] "GET /BLA/resoluciones/RESOLUCIONES%202009/5674.pdf HTTP/1.1" 200 674610
208.110.93.76 - - [12/Jul/2017:04:03:14 -0500] "GET /POT-2013/index.php?dir=Articulado/&sort=date&order=desc HTTP/1.1" 200 1856
66.249.75.153 - - [12/Jul/2017:04:03:15 -0500] "GET /BLA/resoluciones/AUTOS%202014/1927.pdf HTTP/1.1" 200 286010
66.249.75.153 - - [12/Jul/2017:04:03:15 -0500] "GET /BLA/resoluciones/AUTOS%202007/1876.pdf HTTP/1.1" 200 158021
208.110.93.76 - - [12/Jul/2017:04:03:16 -0500] "GET /POT-2013/index.php?dir=Articulado/&sort=name&order=asc HTTP/1.1" 200 1857
208.110.93.76 - - [12/Jul/2017:04:03:18 -0500] "GET /POT-2013/index.php?dir=Articulado/&sort=size&order=desc HTTP/1.1" 200 1856
66.249.75.153 - - [12/Jul/2017:04:03:19 -0500] "GET /BLA/resoluciones/AUTOS%202007/1411.pdf HTTP/1.1" 200 25123
208.110.93.76 - - [12/Jul/2017:04:03:20 -0500] "GET /POT-2013/index.php?dir=Cartografia/ HTTP/1.1" 200 11465
208.110.93.76 - - [12/Jul/2017:04:03:22 -0500] "GET /POT-2013/index.php?dir=Cartografia/&sort=date&order=asc HTTP/1.1" 200 11465
66.249.75.153 - - [12/Jul/2017:04:03:23 -0500] "GET /BLA/resoluciones/RESOLUCIONES%202009/3916.pdf HTTP/1.1" 200 689550
208.110.93.76 - - [12/Jul/2017:04:03:23 -0500] "GET /POT-2013/index.php?dir=Cartografia/&sort=date&order=desc HTTP/1.1" 200 11464
208.110.93.76 - - [12/Jul/2017:04:03:25 -0500] "GET /POT-2013/index.php?dir=Cartografia/&sort=name&order=asc HTTP/1.1" 200 11465
66.249.75.155 - - [12/Jul/2017:04:03:26 -0500] "GET /BLA/resoluciones/AUTOS%202007/1528.pdf HTTP/1.1" 200 55368
208.110.93.76 - - [12/Jul/2017:04:03:27 -0500] "GET /POT-2013/index.php?dir=Cartografia/&sort=name&order=desc HTTP/1.1" 200 11464
208.110.93.76 - - [12/Jul/2017:04:03:29 -0500] "GET /POT-2013/index.php?dir=DTS/ HTTP/1.1" 200 1771
208.110.93.76 - - [12/Jul/2017:04:03:31 -0500] "GET /POT-2013/index.php?dir=DTS/&sort=date&order=asc HTTP/1.1" 200 1771
208.110.93.76 - - [12/Jul/2017:04:03:33 -0500] "GET /POT-2013/index.php?dir=DTS/&sort=date&order=desc HTTP/1.1" 200 1770
208.110.93.76 - - [12/Jul/2017:04:03:34 -0500] "GET /POT-2013/index.php?dir=DTS/&sort=name&order=asc HTTP/1.1" 200 1771
208.110.93.76 - - [12/Jul/2017:04:03:36 -0500] "GET /POT-2013/index.php?dir=DTS/&sort=name&order=desc HTTP/1.1" 200 1770
66.249.75.155 - - [12/Jul/2017:04:03:38 -0500] "GET /BLA/resoluciones/RESOLUCIONES%202010/2415.pdf HTTP/1.1" 200 615493
208.110.93.76 - - [12/Jul/2017:04:03:38 -0500] "GET /POT-2013/index.php?dir=DTS/&sort=size&order=asc HTTP/1.1" 200 1771
208.110.93.76 - - [12/Jul/2017:04:03:39 -0500] "GET /POT-2013/index.php?dir=DTS/&sort=size&order=desc HTTP/1.1" 200 1770
66.249.75.153 - - [12/Jul/2017:04:03:40 -0500] "GET /BLA/resoluciones/AUTOS%202007/1055.pdf HTTP/1.1" 200 67236
208.110.93.76 - - [12/Jul/2017:04:03:41 -0500] "GET /POT-2013/index.php?dir=SEGUIMIENTO/ HTTP/1.1" 200 2147
208.110.93.76 - - [12/Jul/2017:04:03:43 -0500] "GET /POT-2013/index.php?dir=SEGUIMIENTO/&sort=date&order=asc HTTP/1.1" 200 2147
208.110.93.76 - - [12/Jul/2017:04:03:45 -0500] "GET /POT-2013/index.php?dir=SEGUIMIENTO/&sort=date&order=desc HTTP/1.1" 200 2146
208.110.93.76 - - [12/Jul/2017:04:03:46 -0500] "GET /POT-2013/index.php?dir=SEGUIMIENTO/&sort=name&order=asc HTTP/1.1" 200 2147
66.249.75.153 - - [12/Jul/2017:04:03:46 -0500] "GET /BLA/resoluciones/AUTOS%202012/0441.pdf HTTP/1.1" 200 156527
208.110.93.76 - - [12/Jul/2017:04:03:48 -0500] "GET /POT-2013/index.php?dir=SEGUIMIENTO/&sort=name&order=desc HTTP/1.1" 200 2146
208.110.93.76 - - [12/Jul/2017:04:03:50 -0500] "GET /POT-2013/index.php?dir=SEGUIMIENTO/&sort=size&order=asc HTTP/1.1" 200 2147
66.249.75.153 - - [12/Jul/2017:04:03:50 -0500] "GET /BLA/resoluciones/RESOLUCIONES%202012/0702.pdf HTTP/1.1" 200 424188
208.110.93.76 - - [12/Jul/2017:04:03:52 -0500] "GET /POT-2013/index.php?dir=SEGUIMIENTO/&sort=size&order=desc HTTP/1.1" 200 2146
208.110.93.76 - - [12/Jul/2017:04:03:53 -0500] "GET /POT-2013/index.php?dir=expediente/ HTTP/1.1" 200 1903
208.110.93.76 - - [12/Jul/2017:04:03:55 -0500] "GET /POT-2013/index.php?dir=expediente/&sort=size&order=desc HTTP/1.1" 200 1902
208.110.93.76 - - [12/Jul/2017:04:03:57 -0500] "GET /POT-2013/index.php?dir=memoria%20justificativa/ HTTP/1.1" 200 2484
208.110.93.76 - - [12/Jul/2017:04:03:59 -0500] "GET /POT-2013/index.php?dir=memoria%20justificativa/&sort=date&order=asc HTTP/1.1" 200 2484
208.110.93.76 - - [12/Jul/2017:04:04:01 -0500] "GET /POT-2013/index.php?dir=memoria%20justificativa/&sort=date&order=desc HTTP/1.1" 200 2483
208.110.93.76 - - [12/Jul/2017:04:04:03 -0500] "GET /POT-2013/index.php?dir=memoria%20justificativa/&sort=name&order=asc HTTP/1.1" 200 2484
66.249.75.153 - - [12/Jul/2017:04:04:03 -0500] "GET /BLA/resoluciones/RESOLUCIONES%202012/0210.pdf HTTP/1.1" 200 172981
208.110.93.76 - - [12/Jul/2017:04:04:05 -0500] "GET /POT-2013/index.php?dir=memoria%20justificativa/&sort=name&order=desc HTTP/1.1" 200 2483
208.110.93.76 - - [12/Jul/2017:04:04:07 -0500] "GET /POT-2013/index.php?dir=memoria%20justificativa/&sort=size&order=asc HTTP/1.1" 200 2484
208.110.93.76 - - [12/Jul/2017:04:04:08 -0500] "GET /POT-2013/index.php?dir=memoria%20justificativa/&sort=size&order=desc HTTP/1.1" 200 2483
66.249.75.139 - - [12/Jul/2017:04:04:09 -0500] "GET /images/RMCAB.jpg HTTP/1.1" 304 -
208.110.93.76 - - [12/Jul/2017:04:04:10 -0500] "GET /galeria/mapa/humedal.html HTTP/1.1" 200 13190
208.110.93.76 - - [12/Jul/2017:04:04:11 -0500] "GET /robots.txt HTTP/1.1" 404 1019
208.110.93.76 - - [12/Jul/2017:04:04:13 -0500] "GET /galeria/carrusel/Carrusel/jquery_thumbnail_scroller.html HTTP/1.1" 200 4405
208.110.93.76 - - [12/Jul/2017:04:04:14 -0500] "GET /robots.txt HTTP/1.1" 404 1019
208.110.93.76 - - [12/Jul/2017:04:04:15 -0500] "GET /galeria/carrusel/Carrusel/jquery_thumbnail_scroller.html HTTP/1.1" 200 4405
208.110.93.76 - - [12/Jul/2017:04:04:17 -0500] "GET /galeria/carrusel/Carrusel/jquery_thumbnail_scroller_horizontal_full.html HTTP/1.1" 200 4236
208.110.93.76 - - [12/Jul/2017:04:04:19 -0500] "GET /galeria/carrusel/Carrusel/jquery_thumbnail_scroller_horizontal_full.html HTTP/1.1" 200 4236
208.110.93.76 - - [12/Jul/2017:04:04:20 -0500] "GET /galeria/carrusel/Carrusel/jquery_thumbnail_scroller_vertical.html HTTP/1.1" 200 3683
208.110.93.76 - - [12/Jul/2017:04:04:22 -0500] "GET /galeria/carrusel/Carrusel/jquery_thumbnail_scroller_vertical.html HTTP/1.1" 200 3683
208.110.93.76 - - [12/Jul/2017:04:04:24 -0500] "GET /galeria/carrusel/Carrusel/jquery_thumbnail_scroller_vertical_full.html HTTP/1.1" 200 3709
208.110.93.76 - - [12/Jul/2017:04:04:26 -0500] "GET /galeria/carrusel/Carrusel/jquery_thumbnail_scroller_vertical_full.html HTTP/1.1" 200 3709
66.249.75.153 - - [12/Jul/2017:04:04:26 -0500] "GET /BLA/resoluciones/RESOLUCIONES%202009/6273.pdf HTTP/1.1" 200 430357
208.110.93.76 - - [12/Jul/2017:04:04:28 -0500] "GET /huelladecarbono/?C=D;O=A HTTP/1.1" 200 5211
66.249.75.153 - - [12/Jul/2017:04:04:32 -0500] "GET /BLA/resoluciones/RESOLUCIONES%202010/2272.pdf HTTP/1.1" 200 519360
164.132.161.96 - - [12/Jul/2017:04:04:46 -0500] "GET /BLA/resoluciones/RESOLUCIONES%202005/RES%202005%202001-2050/00002040.tif HTTP/1.1" 200 145500
66.249.75.153 - - [12/Jul/2017:04:04:47 -0500] "GET /BLA/resoluciones/RESOLUCIONES%202010/2646.pdf HTTP/1.1" 200 341682
192.168.175.104 - - [12/Jul/2017:04:05:00 -0500] "GET / HTTP/1.1" 200 9990
66.249.75.155 - - [12/Jul/2017:04:05:03 -0500] "GET /BLA/resoluciones/RESOLUCIONES%202010/4324.pdf HTTP/1.1" 200 51734
192.168.175.104 - - [12/Jul/2017:04:05:09 -0500] "GET / HTTP/1.0" 200 9990
192.168.175.104 - - [12/Jul/2017:04:06:12 -0500] "GET / HTTP/1.1" 200 9990
69.162.124.233 - - [12/Jul/2017:04:06:18 -0500] "HEAD / HTTP/1.1" 200 -
217.182.132.76 - - [12/Jul/2017:04:06:45 -0500] "GET /BLA/resoluciones/RESOLUCIONES%202003/RES%202003%201001-1050/1041.tif HTTP/1.1" 200 121632
66.249.75.153 - - [12/Jul/2017:04:06:50 -0500] "GET /php/CarreraAdministrativa/HERRAMIENTA_EVALUACION_SDA1_NIVEL_TECNICO1_2010.xls HTTP/1.1" 404 1018
66.249.75.141 - - [12/Jul/2017:04:06:51 -0500] "GET /SIG/Gesti%C3%B3n%20Talento%20Humano/Gesti%C3%B3n%20Talento%20Humano/126PA01-PR25.pdf HTTP/1.1" 200 54733
5.101.78.76 - - [12/Jul/2017:04:07:40 -0500] "HEAD / HTTP/1.1" 200 -
188.227.18.37 - - [12/Jul/2017:04:07:40 -0500] "HEAD / HTTP/1.1" 200 -
217.182.132.185 - - [12/Jul/2017:04:08:33 -0500] "GET /BLA/resoluciones/RESOLUCIONES%202005/RES%202005%20201-250/00000223.tif HTTP/1.1" 200 233226
66.249.75.157 - - [12/Jul/2017:04:09:07 -0500] "GET /BLA/resoluciones/RESOLUCIONES%202010/0362.pdf HTTP/1.1" 200 296523
190.26.75.184 - - [12/Jul/2017:04:09:13 -0500] "GET /BLA/boletinlegal/js/jquery.scrollShow.js HTTP/1.1" 200 4586
190.26.75.184 - - [12/Jul/2017:04:09:13 -0500] "GET /galeria/galeria/jquery.fancybox.js?v=2.1.5 HTTP/1.1" 200 48706
190.26.75.184 - - [12/Jul/2017:04:09:14 -0500] "GET /galeria/galeria/jquery.fancybox.css?v=2.1.5 HTTP/1.1" 200 4895
190.26.75.184 - - [12/Jul/2017:04:09:14 -0500] "GET /galeria/carrusel/Carrusel/jquery.thumbnailScroller.css HTTP/1.1" 200 2066
190.26.75.184 - - [12/Jul/2017:04:09:15 -0500] "GET /galeria/carrusel/Carrusel/jquery-ui-1.8.13.custom.min.js HTTP/1.1" 200 10800
190.26.75.184 - - [12/Jul/2017:04:09:15 -0500] "GET /galeria/carrusel/Carrusel/jquery.thumbnailScroller.js HTTP/1.1" 200 8157
190.26.75.184 - - [12/Jul/2017:04:09:15 -0500] "GET /galeria/nivo-slider/demo/demo.html HTTP/1.1" 200 4426
190.26.75.184 - - [12/Jul/2017:04:09:16 -0500] "GET /galeria/nivo-slider/themes/orman/orman.css HTTP/1.1" 200 2152
190.26.75.184 - - [12/Jul/2017:04:09:16 -0500] "GET /galeria/nivo-slider/nivo-slider.css HTTP/1.1" 200 1507
190.26.75.184 - - [12/Jul/2017:04:09:16 -0500] "GET /galeria/nivo-slider/themes/default/default.css HTTP/1.1" 200 1569
190.26.75.184 - - [12/Jul/2017:04:09:16 -0500] "GET /galeria/nivo-slider/themes/pascal/pascal.css HTTP/1.1" 200 2258
190.26.75.184 - - [12/Jul/2017:04:09:17 -0500] "GET /galeria/nivo-slider/demo/scripts/jquery-1.7.1.min.js HTTP/1.1" 200 93868
190.26.75.184 - - [12/Jul/2017:04:09:17 -0500] "GET /galeria/nivo-slider/demo/images/Banner-cursos-de-gestion-de-riesgos-forestales.jpg HTTP/1.1" 200 33339
190.26.75.184 - - [12/Jul/2017:04:09:17 -0500] "GET /galeria/nivo-slider/demo/style.css HTTP/1.1" 200 2222
190.26.75.184 - - [12/Jul/2017:04:09:17 -0500] "GET /galeria/nivo-slider/jquery.nivo.slider.pack.js HTTP/1.1" 200 11561
190.26.75.184 - - [12/Jul/2017:04:09:17 -0500] "GET /galeria/nivo-slider/themes/default/loading.gif HTTP/1.1" 200 1737
190.26.75.184 - - [12/Jul/2017:04:09:17 -0500] "GET /galeria/nivo-slider/demo/images/4Simple_Slider.png HTTP/1.1" 200 11722
190.26.75.184 - - [12/Jul/2017:04:09:17 -0500] "GET /galeria/nivo-slider/demo/images/BANNERFRANJAAMBIENTAL.jpg HTTP/1.1" 200 80961
190.26.75.184 - - [12/Jul/2017:04:09:17 -0500] "GET /galeria/nivo-slider/demo/images/RIOBOGOTA.jpg HTTP/1.1" 200 126440
190.26.75.184 - - [12/Jul/2017:04:09:18 -0500] "GET /galeria/nivo-slider/demo/images/BANNERCAMBIODESEDE2.jpg HTTP/1.1" 200 120178
190.26.75.184 - - [12/Jul/2017:04:09:18 -0500] "GET /galeria/nivo-slider/demo/images/bannerdrones2.jpg HTTP/1.1" 200 173359
190.26.75.184 - - [12/Jul/2017:04:09:18 -0500] "GET /galeria/nivo-slider/demo/images/BANNERCAMINATAJUNIO.jpg HTTP/1.1" 200 269771
190.26.75.184 - - [12/Jul/2017:04:09:19 -0500] "GET /galeria/nivo-slider/demo/images/banner%20aceite%20vegetal%20usado.jpg HTTP/1.1" 200 169350
190.26.75.184 - - [12/Jul/2017:04:09:19 -0500] "GET /galeria/nivo-slider/demo/images/bannerlumina2017web.jpg HTTP/1.1" 200 198918
190.26.75.184 - - [12/Jul/2017:04:09:19 -0500] "GET /galeria/nivo-slider/demo/images/banner%20reportedearbolescaidos.jpg HTTP/1.1" 200 249999
190.26.75.184 - - [12/Jul/2017:04:09:19 -0500] "GET /galeria/nivo-slider/demo/images/BANNERRUTADEVERTIMIENTOS.jpg HTTP/1.1" 200 98506
190.26.75.184 - - [12/Jul/2017:04:09:20 -0500] "GET /galeria/nivo-slider/demo/images/bolsas-06.jpg HTTP/1.1" 200 210950
190.26.75.184 - - [12/Jul/2017:04:09:23 -0500] "GET /galeria/nivo-slider/themes/default/bullets.png HTTP/1.1" 200 1281
190.26.75.184 - - [12/Jul/2017:04:09:24 -0500] "GET /galeria/nivo-slider/themes/default/arrows.png HTTP/1.1" 200 824
180.76.15.28 - - [12/Jul/2017:04:09:31 -0500] "GET /BLA/resoluciones/RESOLUCIONES%202010/5661.pdf HTTP/1.1" 200 3016384
180.76.15.34 - - [12/Jul/2017:04:09:32 -0500] "GET /BLA/resoluciones/RESOLUCIONES%202014/2296.pdf HTTP/1.1" 200 597622
192.168.175.104 - - [12/Jul/2017:04:09:57 -0500] "GET / HTTP/1.1" 200 9990
192.168.175.104 - - [12/Jul/2017:04:10:07 -0500] "GET / HTTP/1.0" 200 9990
181.131.27.89 - - [12/Jul/2017:04:10:38 -0500] "-" 408 -
192.168.175.104 - - [12/Jul/2017:04:11:10 -0500] "GET / HTTP/1.1" 200 9990
69.162.124.233 - - [12/Jul/2017:04:11:18 -0500] "HEAD / HTTP/1.1" 200 -
181.140.165.135 - - [12/Jul/2017:04:13:08 -0500] "GET /galeria/galeria/jquery.fancybox.js?v=2.1.5 HTTP/1.1" 200 48706
181.140.165.135 - - [12/Jul/2017:04:13:08 -0500] "GET /galeria/galeria/jquery.fancybox.css?v=2.1.5 HTTP/1.1" 200 4895
181.140.165.135 - - [12/Jul/2017:04:13:08 -0500] "GET /BLA/boletinlegal/js/jquery.scrollShow.js HTTP/1.1" 200 4586
66.249.75.155 - - [12/Jul/2017:04:13:15 -0500] "GET /BLA/resoluciones/RESOLUCIONES%202013/0061.pdf HTTP/1.1" 200 713823
66.249.75.157 - - [12/Jul/2017:04:14:04 -0500] "GET /BLA/resoluciones/index.php?dir=RESOLUCIONES%202007/RES%202007%203501%20AL%203600/&sort=size&order=asc HTTP/1.1" 200 26836
164.132.161.72 - - [12/Jul/2017:04:14:25 -0500] "GET /BLA/resoluciones/RESOLUCIONES%202006/RES%202006%201201-1250/00001218.tif HTTP/1.1" 200 34638
123.125.71.56 - - [12/Jul/2017:04:14:27 -0500] "GET /BLA/resoluciones/AUTOS%202013/2799.pdf HTTP/1.1" 200 409868
123.125.71.106 - - [12/Jul/2017:04:14:27 -0500] "GET /BLA/resoluciones/AUTOS%202015/0194.pdf HTTP/1.1" 200 524991
192.168.175.104 - - [12/Jul/2017:04:14:55 -0500] "GET / HTTP/1.1" 200 9990
217.182.132.66 - - [12/Jul/2017:04:14:59 -0500] "GET /BLA/resoluciones/RESOLUCIONES%202004/RES%202004%201001-1050/00001042.tif HTTP/1.1" 200 201092
192.168.175.104 - - [12/Jul/2017:04:15:06 -0500] "GET / HTTP/1.0" 200 9990
66.249.75.157 - - [12/Jul/2017:04:15:33 -0500] "GET /BLA/resoluciones/RESOLUCIONES%202006/RES%202006%202251-2300/00002257.tif HTTP/1.1" 200 231366
66.249.75.157 - - [12/Jul/2017:04:15:53 -0500] "GET /BLA/resoluciones/AUTOS%202014/1610.pdf HTTP/1.1" 200 1539101
192.168.175.104 - - [12/Jul/2017:04:16:09 -0500] "GET / HTTP/1.1" 200 9990
69.162.124.233 - - [12/Jul/2017:04:16:18 -0500] "HEAD / HTTP/1.1" 200 -
217.182.132.7 - - [12/Jul/2017:04:16:32 -0500] "GET /BLA/resoluciones/RESOLUCIONES%202003/RES%202003%201501-1550/20031507.tif HTTP/1.1" 200 91814
66.249.75.157 - - [12/Jul/2017:04:17:41 -0500] "GET /autoliquidacion/Solicitudes%20relacionadas%20con%20calidad%20del%20aire%20auditiva%20y%20visual/Registro%20de%20Elementos%20de%20publicidad%20Exterior%20Visual/Solicitud%20de%20Registro%20%C3%9Anico%20PEV.xls HTTP/1.1" 404 1018
217.182.132.68 - - [12/Jul/2017:04:18:18 -0500] "GET /BLA/resoluciones/RESOLUCIONES%202005/RES%202005%201551-1600/00001562.tif HTTP/1.1" 200 208548
66.249.75.157 - - [12/Jul/2017:04:18:53 -0500] "GET /BLA/resoluciones/RESOLUCIONES%202009/3931.pdf HTTP/1.1" 200 1027331
66.249.75.135 - - [12/Jul/2017:04:19:17 -0500] "GET /BLA/boletinlegal/images/img_1.jpg HTTP/1.1" 304 -
180.76.15.6 - - [12/Jul/2017:04:19:21 -0500] "GET /BLA/resoluciones/RESOLUCIONES%202008/3651.pdf HTTP/1.1" 200 1672362
180.76.15.17 - - [12/Jul/2017:04:19:24 -0500] "GET /BLA/resoluciones/RESOLUCIONES%202013/2240.pdf HTTP/1.1" 200 396719
180.76.15.6 - - [12/Jul/2017:04:19:24 -0500] "GET /BLA/resoluciones/AUTOS%202014/6499.pdf HTTP/1.1" 200 567754
123.125.71.33 - - [12/Jul/2017:04:19:25 -0500] "GET /BLA/resoluciones/RESOLUCIONES%202007/RES%202007%203101%20AL%203200/RESOLUCION%203168%20DE%202007.pdf HTTP/1.1" 200 30656
123.125.71.107 - - [12/Jul/2017:04:19:25 -0500] "GET /BLA/resoluciones/RESOLUCIONES%202008/4256.pdf HTTP/1.1" 200 328683
123.125.71.60 - - [12/Jul/2017:04:19:25 -0500] "GET /BLA/resoluciones/AUTOS%202012/0507.pdf HTTP/1.1" 200 209483
180.76.15.18 - - [12/Jul/2017:04:19:25 -0500] "GET /BLA/resoluciones/AUTOS%202014/1132.pdf HTTP/1.1" 200 397651
192.168.175.104 - - [12/Jul/2017:04:19:53 -0500] "GET / HTTP/1.1" 200 9990
192.168.175.104 - - [12/Jul/2017:04:20:05 -0500] "GET / HTTP/1.0" 200 9990
66.249.75.153 - - [12/Jul/2017:04:20:22 -0500] "GET /BLA/resoluciones/RESOLUCIONES%202010/4526.pdf HTTP/1.1" 200 331031
51.255.65.84 - - [12/Jul/2017:04:20:38 -0500] "GET /BLA/resoluciones/RESOLUCIONES%202003/RES%202003%201451-1500/20031481.tif HTTP/1.1" 200 159548
66.249.75.153 - - [12/Jul/2017:04:20:42 -0500] "GET /BLA/resoluciones/RESOLUCIONES%202007/RES%202007%201801%20AL%201900/RESOLUCION%201806%20DE%202007.pdf HTTP/1.1" 200 1213076
157.55.39.148 - - [12/Jul/2017:04:20:45 -0500] "GET /SIG/ECS/126PM04-PR114.pdf HTTP/1.1" 200 2868272
192.168.175.104 - - [12/Jul/2017:04:21:07 -0500] "GET / HTTP/1.1" 200 9990
69.162.124.233 - - [12/Jul/2017:04:21:18 -0500] "HEAD / HTTP/1.1" 200 -
190.158.44.239 - - [12/Jul/2017:04:21:41 -0500] "GET /galeria/nivo-slider/demo/demo.html HTTP/1.1" 304 -
190.158.44.239 - - [12/Jul/2017:04:21:43 -0500] "GET /galeria/nivo-slider/demo/images/Banner-cursos-de-gestion-de-riesgos-forestales.jpg HTTP/1.1" 304 -
217.182.132.94 - - [12/Jul/2017:04:22:41 -0500] "GET /BLA/resoluciones/index.php?dir=RESOLUCIONES%202003/RES%202003%202101-2150/&sort=date&order=asc HTTP/1.1" 200 12160
66.249.75.155 - - [12/Jul/2017:04:23:11 -0500] "GET /BLA/resoluciones/AUTOS%202007/1189.pdf HTTP/1.1" 200 23714
199.30.25.52 - - [12/Jul/2017:04:23:33 -0500] "GET /POT-2013/Cartografia/08_Respuesta_Sismica_V1_2013.pdf HTTP/1.1" 200 4432706
164.132.161.91 - - [12/Jul/2017:04:23:58 -0500] "GET /BLA/resoluciones/RESOLUCIONES%202002/RES%202002%20301-350/00000301.tif HTTP/1.1" 200 79654
192.168.175.104 - - [12/Jul/2017:04:24:51 -0500] "GET / HTTP/1.1" 200 9990
192.168.175.104 - - [12/Jul/2017:04:25:03 -0500] "GET / HTTP/1.0" 200 9990
220.181.51.113 - - [12/Jul/2017:04:25:06 -0500] "GET /BLA/resoluciigade/medschool/faculty/brigade/sites/default/files/sites/default/sites/default/files/media/gsn/pdf/transferofacademiccredits.pdf HTTP/1.1" 404 1018
186.84.184.167 - - [12/Jul/2017:04:25:25 -0500] "GET /galeria/nivo-slider/demo/demo.html HTTP/1.1" 200 4426
186.84.184.167 - - [12/Jul/2017:04:25:27 -0500] "GET /galeria/nivo-slider/demo/images/Banner-cursos-de-gestion-de-riesgos-forestales.jpg HTTP/1.1" 304 -
186.84.184.167 - - [12/Jul/2017:04:25:27 -0500] "GET /galeria/nivo-slider/demo/images/BANNERFRANJAAMBIENTAL.jpg HTTP/1.1" 304 -
186.84.184.167 - - [12/Jul/2017:04:25:27 -0500] "GET /galeria/nivo-slider/demo/images/RIOBOGOTA.jpg HTTP/1.1" 304 -
186.84.184.167 - - [12/Jul/2017:04:25:27 -0500] "GET /galeria/nivo-slider/demo/images/BANNERCAMBIODESEDE2.jpg HTTP/1.1" 304 -
186.84.184.167 - - [12/Jul/2017:04:25:27 -0500] "GET /galeria/nivo-slider/demo/images/bannerdrones2.jpg HTTP/1.1" 304 -
186.84.184.167 - - [12/Jul/2017:04:25:27 -0500] "GET /galeria/nivo-slider/demo/images/banner%20aceite%20vegetal%20usado.jpg HTTP/1.1" 206 1
186.84.184.167 - - [12/Jul/2017:04:25:27 -0500] "GET /galeria/nivo-slider/demo/images/BANNERCAMINATAJUNIO.jpg HTTP/1.1" 206 1
186.84.184.167 - - [12/Jul/2017:04:25:27 -0500] "GET /galeria/nivo-slider/demo/images/banner%20reportedearbolescaidos.jpg HTTP/1.1" 206 1
157.55.39.148 - - [12/Jul/2017:04:25:27 -0500] "GET /POT-2013/Cartografia/13_Est_Ordenam_D.pdf HTTP/1.1" 200 6417967
186.84.184.167 - - [12/Jul/2017:04:25:28 -0500] "GET /galeria/nivo-slider/demo/images/BANNERRUTADEVERTIMIENTOS.jpg HTTP/1.1" 206 1
186.84.184.167 - - [12/Jul/2017:04:25:28 -0500] "GET /galeria/nivo-slider/demo/images/bolsas-06.jpg HTTP/1.1" 200 210950
186.84.184.167 - - [12/Jul/2017:04:25:28 -0500] "GET /galeria/nivo-slider/demo/images/banner%20reportedearbolescaidos.jpg HTTP/1.1" 206 187486
186.84.184.167 - - [12/Jul/2017:04:25:28 -0500] "GET /galeria/nivo-slider/demo/images/BANNERCAMINATAJUNIO.jpg HTTP/1.1" 206 64178
186.84.184.167 - - [12/Jul/2017:04:25:28 -0500] "GET /galeria/nivo-slider/demo/images/banner%20aceite%20vegetal%20usado.jpg HTTP/1.1" 206 33837
186.84.184.167 - - [12/Jul/2017:04:25:28 -0500] "GET /galeria/nivo-slider/demo/images/BANNERRUTADEVERTIMIENTOS.jpg HTTP/1.1" 206 47672
66.249.75.153 - - [12/Jul/2017:04:26:02 -0500] "GET /BLA/resoluciones/RESOLUCIONES%202010/5309.pdf HTTP/1.1" 200 747897
192.168.175.104 - - [12/Jul/2017:04:26:06 -0500] "GET / HTTP/1.1" 200 9990
69.162.124.233 - - [12/Jul/2017:04:26:18 -0500] "HEAD / HTTP/1.1" 200 -
157.55.39.11 - - [12/Jul/2017:04:26:37 -0500] "GET /BLA/boletinlegal/jurisprudencia/analisis/Analisis%20jurisprudencial%20Sentencia%20C-366-11.doc HTTP/1.1" 200 59392
40.77.177.78 - - [12/Jul/2017:04:26:43 -0500] "GET /BLA/boletinlegal/carousel.swf HTTP/1.1" 200 63487
66.249.75.157 - - [12/Jul/2017:04:26:46 -0500] "GET /galeria/nivo-slider/demo/images/BANNERRUTADEVERTIMIENTOS.jpg HTTP/1.1" 304 -
164.132.161.70 - - [12/Jul/2017:04:28:16 -0500] "GET /BLA/resoluciones/RESOLUCIONES%202005/RES%202005%201201-1250/00001236.tif HTTP/1.1" 200 104808
217.182.132.86 - - [12/Jul/2017:04:28:48 -0500] "GET /BLA/resoluciones/RESOLUCIONES%202004/RES%202004%201601-1650/00001601.tif HTTP/1.1" 200 27630
66.249.75.155 - - [12/Jul/2017:04:28:51 -0500] "GET /BLA/resoluciones/AUTOS%202007/2428.pdf HTTP/1.1" 200 26652
157.55.39.11 - - [12/Jul/2017:04:28:54 -0500] "GET /SIG/Gesti%C3%B3n%20de%20Recursos%20F%C3%ADsicos/126PA04-PR18.pdf HTTP/1.1" 200 60234
181.49.64.86 - - [12/Jul/2017:04:29:10 -0500] "GET /galeria/galeria/fotos/Humedal-Tibanica1G.jpg HTTP/1.1" 200 541579
180.76.15.12 - - [12/Jul/2017:04:29:23 -0500] "GET /BLA/resoluciones/RESOLUCIONES%202014/0728.pdf HTTP/1.1" 200 575349
180.76.15.10 - - [12/Jul/2017:04:29:27 -0500] "GET /BLA/resoluciones/AUTOS%202007/1724.pdf HTTP/1.1" 200 35020
180.76.15.143 - - [12/Jul/2017:04:29:29 -0500] "GET /BLA/resoluciones/AUTOS%202007/0924.pdf HTTP/1.1" 200 163636
157.55.39.148 - - [12/Jul/2017:04:29:31 -0500] "GET /SIG/Gesti%C3%83%C2%B3n%20Ambiental/126PM03-PR02.pdf HTTP/1.1" 404 1015
131.161.10.209 - - [12/Jul/2017:04:29:33 -0500] "GET /BLA/resoluciones/AUTOS%202015/5129.pdf HTTP/1.1" 200 696477
192.168.175.104 - - [12/Jul/2017:04:29:49 -0500] "GET / HTTP/1.1" 200 9990
192.168.175.104 - - [12/Jul/2017:04:30:01 -0500] "GET / HTTP/1.0" 200 9990
192.168.175.104 - - [12/Jul/2017:04:31:04 -0500] "GET / HTTP/1.1" 200 9990
51.255.71.98 - - [12/Jul/2017:04:31:08 -0500] "GET /BLA/resoluciones/RESOLUCIONES%202003/RES%202003%201201-1250/2003RES1234.tif HTTP/1.1" 200 221268
69.162.124.233 - - [12/Jul/2017:04:31:18 -0500] "HEAD / HTTP/1.1" 200 -
66.249.75.153 - - [12/Jul/2017:04:31:28 -0500] "GET /BLA/resoluciones/AUTOS%202012/1332.pdf HTTP/1.1" 200 160228
66.249.75.157 - - [12/Jul/2017:04:33:49 -0500] "GET /BLA/resoluciones/AUTOS%202007/0132.pdf HTTP/1.1" 200 108603
66.249.75.155 - - [12/Jul/2017:04:34:02 -0500] "GET /BLA/resoluciones/AUTOS%202007/2409.pdf HTTP/1.1" 200 75727
51.255.65.76 - - [12/Jul/2017:04:34:06 -0500] "GET /BLA/resoluciones/RESOLUCIONES%202006/RES%202006%201401-1450/00001436.tif HTTP/1.1" 200 406812
66.249.75.153 - - [12/Jul/2017:04:34:22 -0500] "GET /galeria/nivo-slider/demo/images/bannerdrones2.jpg HTTP/1.1" 304 -
192.168.175.104 - - [12/Jul/2017:04:34:47 -0500] "GET / HTTP/1.1" 200 9990
164.132.161.67 - - [12/Jul/2017:04:34:59 -0500] "GET /BLA/resoluciones/RESOLUCIONES%202004/RES%202004%20651-700/00000654.tif HTTP/1.1" 200 259316
192.168.175.104 - - [12/Jul/2017:04:34:59 -0500] "GET / HTTP/1.0" 200 9990
151.80.39.136 - - [12/Jul/2017:04:35:09 -0500] "GET /robots.txt HTTP/1.1" 404 1019
164.132.161.17 - - [12/Jul/2017:04:35:10 -0500] "GET /catalogoisis/ HTTP/1.1" 200 8575
69.162.124.233 - - [12/Jul/2017:04:35:31 -0500] "HEAD / HTTP/1.1" 200 -
66.249.75.155 - - [12/Jul/2017:04:35:42 -0500] "GET /BLA/resoluciones/RESOLUCIONES%202006/RES%202006%202401-2450/00002413.tif HTTP/1.1" 200 171078
157.55.39.148 - - [12/Jul/2017:04:35:54 -0500] "GET /SIG/Gesti%C3%B3n%20Talento%20Humano/Gesti%C3%B3n%20Talento%20Humano/126PA01-PR22.pdf HTTP/1.1" 200 322883
192.168.175.104 - - [12/Jul/2017:04:36:02 -0500] "GET / HTTP/1.1" 200 9990
66.249.75.141 - - [12/Jul/2017:04:36:32 -0500] "GET /ecodirectorio/files/res/thumbnails/thumb_86.png HTTP/1.1" 200 11354
157.55.39.148 - - [12/Jul/2017:04:38:07 -0500] "GET /re/Talleres/plastico/imagenes%20plastico/plastico%20link.htm HTTP/1.1" 404 1019
217.182.132.31 - - [12/Jul/2017:04:38:37 -0500] "GET /BLA/resoluciones/RESOLUCIONES%202004/RES%202004%202051-2100/00002092.tif HTTP/1.1" 200 150498
207.46.13.75 - - [12/Jul/2017:04:38:46 -0500] "GET /autoliquidacion HTTP/1.1" 301 310
207.46.13.75 - - [12/Jul/2017:04:38:47 -0500] "GET /autoliquidacion/ HTTP/1.1" 200 6377
220.181.51.114 - - [12/Jul/2017:04:39:25 -0500] "GET /BLA/resoluciones/RESOLUCIONES%202010/6868.pdf HTTP/1.1" 200 408370
180.76.15.144 - - [12/Jul/2017:04:39:25 -0500] "GET /BLA/resoluciones/AUTOS%202012/1958.pdf HTTP/1.1" 200 303777
180.76.15.15 - - [12/Jul/2017:04:39:29 -0500] "GET /BLA/resoluciones/AUTOS%202015/0318.pdf HTTP/1.1" 200 458642
220.181.108.100 - - [12/Jul/2017:04:39:32 -0500] "GET /BLA/resoluciones/AUTOS%202011/3858.pdf HTTP/1.1" 200 243315
192.168.175.104 - - [12/Jul/2017:04:39:46 -0500] "GET / HTTP/1.1" 200 9990
192.168.175.104 - - [12/Jul/2017:04:39:57 -0500] "GET / HTTP/1.0" 200 9990
69.162.124.233 - - [12/Jul/2017:04:40:31 -0500] "HEAD / HTTP/1.1" 200 -
123.125.71.44 - - [12/Jul/2017:04:40:54 -0500] "GET /BLA/resoluciones/RESOLUCIONES%202013/1782.pdf HTTP/1.1" 200 536327
216.244.66.203 - - [12/Jul/2017:04:40:57 -0500] "GET /BLA/boletinlegal/sugerencias.php HTTP/1.1" 200 8615
192.168.175.104 - - [12/Jul/2017:04:41:00 -0500] "GET / HTTP/1.1" 200 9990
66.249.88.1 - - [12/Jul/2017:04:41:43 -0500] "GET /BLA/boletinlegal/js/jquery.scrollShow.js HTTP/1.1" 200 4586
66.249.88.4 - - [12/Jul/2017:04:41:43 -0500] "GET /galeria/galeria/jquery.fancybox.js?v=2.1.5 HTTP/1.1" 200 48706
66.249.88.4 - - [12/Jul/2017:04:41:43 -0500] "GET /galeria/galeria/jquery.fancybox.css?v=2.1.5 HTTP/1.1" 200 4895
51.255.71.98 - - [12/Jul/2017:04:44:07 -0500] "GET /BLA/resoluciones/RESOLUCIONES%202005/RES%202005%201351-1400/00001357.tif HTTP/1.1" 200 38342
192.168.175.104 - - [12/Jul/2017:04:44:44 -0500] "GET / HTTP/1.1" 200 9990
51.255.65.24 - - [12/Jul/2017:04:44:47 -0500] "GET /BLA/resoluciones/RESOLUCIONES%202002/RES%202002%201701-1750/20021716.tif HTTP/1.1" 200 76058
192.168.175.104 - - [12/Jul/2017:04:44:56 -0500] "GET / HTTP/1.0" 200 9990
51.255.71.127 - - [12/Jul/2017:04:45:22 -0500] "GET /BLA/resoluciones/RESOLUCIONES%202004/RES%202004%20901-950/00000941.tif HTTP/1.1" 200 52930
69.162.124.233 - - [12/Jul/2017:04:45:31 -0500] "HEAD / HTTP/1.1" 200 -
192.168.175.104 - - [12/Jul/2017:04:45:59 -0500] "GET / HTTP/1.1" 200 9990
164.132.161.76 - - [12/Jul/2017:04:46:21 -0500] "GET /BLA/resoluciones/RESOLUCIONES%202003/RES%202003%201601-1650/20031630.tif HTTP/1.1" 200 273310
123.125.67.228 - - [12/Jul/2017:04:46:41 -0500] "GET /BLA/resoluciones/AUTOS%202014/0071.pdf HTTP/1.1" 200 658929
66.249.75.137 - - [12/Jul/2017:04:48:59 -0500] "GET / HTTP/1.1" 200 9990
180.76.15.145 - - [12/Jul/2017:04:49:25 -0500] "GET /BLA/resoluciones/AUTOS%202013/3102.pdf HTTP/1.1" 200 315490
123.125.71.82 - - [12/Jul/2017:04:49:27 -0500] "GET /BLA/resoluciones/AUTOS%202015/3305.pdf HTTP/1.1" 200 473051
66.249.75.135 - - [12/Jul/2017:04:49:27 -0500] "GET /images/NINOS.jpg HTTP/1.1" 304 -
180.76.15.10 - - [12/Jul/2017:04:49:29 -0500] "GET /BLA/resoluciones/AUTOS%202016/2337.pdf HTTP/1.1" 200 542000
180.76.15.155 - - [12/Jul/2017:04:49:32 -0500] "GET /BLA/resoluciones/RESOLUCIONES%202009/2388.pdf HTTP/1.1" 200 446924
157.55.39.89 - - [12/Jul/2017:04:49:37 -0500] "GET /ecodirectorio/files/res/downloads/download_0095.pdf HTTP/1.1" 200 170520
192.168.175.104 - - [12/Jul/2017:04:49:42 -0500] "GET / HTTP/1.1" 200 9990
192.168.175.104 - - [12/Jul/2017:04:49:54 -0500] "GET / HTTP/1.0" 200 9990
