157.253.115.81 - - [22/Aug/2017:08:56:22 -0500] "GET /BLA/boletinlegal/js/jquery.scrollShow.js HTTP/1.1" 200 4586
157.253.115.81 - - [22/Aug/2017:08:56:22 -0500] "GET /galeria/galeria/jquery.fancybox.js?v=2.1.5 HTTP/1.1" 200 48706
157.253.115.81 - - [22/Aug/2017:08:56:22 -0500] "GET /galeria/galeria/jquery.fancybox.css?v=2.1.5 HTTP/1.1" 200 4895
186.28.174.115 - - [22/Aug/2017:08:56:25 -0500] "GET /BLA/resoluciones/RESOLUCIONES%202017/0017.pdf HTTP/1.1" 200 736011
186.28.174.115 - - [22/Aug/2017:08:56:25 -0500] "GET /BLA/resoluciones/RESOLUCIONES%202017/0028.pdf HTTP/1.1" 200 669687
186.28.174.115 - - [22/Aug/2017:08:56:26 -0500] "GET /BLA/resoluciones/RESOLUCIONES%202017/0017.pdf HTTP/1.1" 206 701283
186.28.174.115 - - [22/Aug/2017:08:56:26 -0500] "GET /BLA/resoluciones/RESOLUCIONES%202017/0028.pdf HTTP/1.1" 206 627959
186.28.174.115 - - [22/Aug/2017:08:56:26 -0500] "GET /BLA/resoluciones/RESOLUCIONES%202017/0033.pdf HTTP/1.1" 200 502705
186.28.174.115 - - [22/Aug/2017:08:56:27 -0500] "GET /BLA/resoluciones/RESOLUCIONES%202017/0033.pdf HTTP/1.1" 206 420377
186.28.174.115 - - [22/Aug/2017:08:56:27 -0500] "GET /BLA/resoluciones/RESOLUCIONES%202017/0034.pdf HTTP/1.1" 200 555936
186.28.174.115 - - [22/Aug/2017:08:56:28 -0500] "GET /BLA/resoluciones/RESOLUCIONES%202017/0034.pdf HTTP/1.1" 206 547808
186.28.174.115 - - [22/Aug/2017:08:56:28 -0500] "GET /BLA/resoluciones/RESOLUCIONES%202017/0036.pdf HTTP/1.1" 200 316923
186.28.174.115 - - [22/Aug/2017:08:56:29 -0500] "GET /BLA/resoluciones/RESOLUCIONES%202017/0036.pdf HTTP/1.1" 206 284295
186.155.233.237 - - [22/Aug/2017:08:56:30 -0500] "GET /galeria/galeria/jquery.fancybox.js?v=2.1.5 HTTP/1.1" 200 48706
186.155.233.237 - - [22/Aug/2017:08:56:30 -0500] "GET /galeria/galeria/jquery.fancybox.css?v=2.1.5 HTTP/1.1" 200 4895
186.155.233.237 - - [22/Aug/2017:08:56:30 -0500] "GET /BLA/boletinlegal/js/jquery.scrollShow.js HTTP/1.1" 200 4586
190.147.51.100 - - [22/Aug/2017:08:56:34 -0500] "GET /galeria/galeria/jquery.fancybox.css?v=2.1.5 HTTP/1.1" 200 4895
190.147.51.100 - - [22/Aug/2017:08:56:34 -0500] "GET /galeria/carrusel/Carrusel/jquery.thumbnailScroller.css HTTP/1.1" 200 2066
190.147.51.100 - - [22/Aug/2017:08:56:34 -0500] "GET /BLA/boletinlegal/js/jquery.scrollShow.js HTTP/1.1" 200 4586
190.147.51.100 - - [22/Aug/2017:08:56:34 -0500] "GET /galeria/galeria/jquery.fancybox.js?v=2.1.5 HTTP/1.1" 200 48706
66.249.64.27 - - [22/Aug/2017:08:56:43 -0500] "GET /galeria/galeria/fotos/2GuaymaralTorcaP2.jpg HTTP/1.1" 304 -
201.184.74.35 - - [22/Aug/2017:08:56:50 -0500] "GET /BLA/boletinlegal/js/jquery.scrollShow.js HTTP/1.1" 200 4586
201.184.74.35 - - [22/Aug/2017:08:56:50 -0500] "GET /galeria/galeria/jquery.fancybox.js?v=2.1.5 HTTP/1.1" 200 48706
201.184.74.35 - - [22/Aug/2017:08:56:50 -0500] "GET /galeria/galeria/jquery.fancybox.css?v=2.1.5 HTTP/1.1" 200 4895
201.184.74.35 - - [22/Aug/2017:08:56:50 -0500] "GET /galeria/carrusel/Carrusel/jquery.thumbnailScroller.css HTTP/1.1" 200 2066
201.184.74.35 - - [22/Aug/2017:08:56:50 -0500] "GET /galeria/carrusel/Carrusel/jquery-ui-1.8.13.custom.min.js HTTP/1.1" 200 10800
201.184.74.35 - - [22/Aug/2017:08:56:50 -0500] "GET /galeria/carrusel/Carrusel/jquery.thumbnailScroller.js HTTP/1.1" 200 8157
186.28.174.115 - - [22/Aug/2017:08:56:50 -0500] "GET /BLA/resoluciones/RESOLUCIONES%202017/0040.pdf HTTP/1.1" 200 691797
186.28.174.115 - - [22/Aug/2017:08:56:51 -0500] "GET /BLA/resoluciones/RESOLUCIONES%202017/0041.pdf HTTP/1.1" 200 666744
186.28.174.115 - - [22/Aug/2017:08:56:51 -0500] "GET /BLA/resoluciones/RESOLUCIONES%202017/0040.pdf HTTP/1.1" 206 363069
201.184.74.35 - - [22/Aug/2017:08:56:51 -0500] "GET /galeria/nivo-slider/demo/demo.html HTTP/1.1" 200 4556
201.184.74.35 - - [22/Aug/2017:08:56:51 -0500] "GET /galeria/nivo-slider/themes/default/default.css HTTP/1.1" 200 1569
201.184.74.35 - - [22/Aug/2017:08:56:51 -0500] "GET /galeria/nivo-slider/demo/images/Urgente.jpg HTTP/1.1" 200 249232
201.184.74.35 - - [22/Aug/2017:08:56:51 -0500] "GET /galeria/nivo-slider/demo/style.css HTTP/1.1" 200 2222
201.184.74.35 - - [22/Aug/2017:08:56:51 -0500] "GET /galeria/nivo-slider/nivo-slider.css HTTP/1.1" 200 1507
201.184.74.35 - - [22/Aug/2017:08:56:51 -0500] "GET /galeria/nivo-slider/themes/pascal/pascal.css HTTP/1.1" 200 2258
201.184.74.35 - - [22/Aug/2017:08:56:51 -0500] "GET /galeria/nivo-slider/themes/orman/orman.css HTTP/1.1" 200 2152
201.184.74.35 - - [22/Aug/2017:08:56:51 -0500] "GET /galeria/nivo-slider/jquery.nivo.slider.pack.js HTTP/1.1" 200 11561
201.184.74.35 - - [22/Aug/2017:08:56:51 -0500] "GET /galeria/nivo-slider/demo/images/Impacto.jpg HTTP/1.1" 200 54793
201.184.74.35 - - [22/Aug/2017:08:56:51 -0500] "GET /galeria/nivo-slider/demo/images/BANNERCAMBIODESEDE2.jpg HTTP/1.1" 200 120178
201.184.74.35 - - [22/Aug/2017:08:56:51 -0500] "GET /galeria/nivo-slider/demo/images/maximavelocidad.png HTTP/1.1" 200 880272
201.184.74.35 - - [22/Aug/2017:08:56:51 -0500] "GET /galeria/nivo-slider/demo/images/BANNERCAMINATAAGOS-SEP.jpg HTTP/1.1" 200 385798
201.184.74.35 - - [22/Aug/2017:08:56:51 -0500] "GET /galeria/nivo-slider/demo/images/banner%20aceite%20vegetal%20usado.jpg HTTP/1.1" 200 169350
201.184.74.35 - - [22/Aug/2017:08:56:51 -0500] "GET /galeria/nivo-slider/demo/images/4Simple_Slider.png HTTP/1.1" 200 11722
201.184.74.35 - - [22/Aug/2017:08:56:51 -0500] "GET /galeria/nivo-slider/themes/default/loading.gif HTTP/1.1" 200 1737
186.28.174.115 - - [22/Aug/2017:08:56:51 -0500] "GET /BLA/resoluciones/RESOLUCIONES%202017/0051.pdf HTTP/1.1" 200 394684
201.184.74.35 - - [22/Aug/2017:08:56:52 -0500] "GET /galeria/nivo-slider/demo/images/bannerlumina2017web.jpg HTTP/1.1" 200 198918
201.184.74.35 - - [22/Aug/2017:08:56:52 -0500] "GET /galeria/nivo-slider/demo/images/BANNERRUTADEVERTIMIENTOS.jpg HTTP/1.1" 200 98506
186.28.174.115 - - [22/Aug/2017:08:56:52 -0500] "GET /BLA/resoluciones/RESOLUCIONES%202017/0052.pdf HTTP/1.1" 200 355119
201.184.74.35 - - [22/Aug/2017:08:56:52 -0500] "GET /galeria/nivo-slider/demo/images/bolsas-06.jpg HTTP/1.1" 200 210950
186.28.174.115 - - [22/Aug/2017:08:56:52 -0500] "GET /BLA/resoluciones/RESOLUCIONES%202017/0065.pdf HTTP/1.1" 200 552418
186.28.174.115 - - [22/Aug/2017:08:56:53 -0500] "GET /BLA/resoluciones/RESOLUCIONES%202017/0041.pdf HTTP/1.1" 206 644616
186.28.174.115 - - [22/Aug/2017:08:56:53 -0500] "GET /BLA/resoluciones/RESOLUCIONES%202017/0067.pdf HTTP/1.1" 200 489613
186.28.174.115 - - [22/Aug/2017:08:56:53 -0500] "GET /BLA/resoluciones/RESOLUCIONES%202017/0051.pdf HTTP/1.1" 206 390756
186.28.174.115 - - [22/Aug/2017:08:56:54 -0500] "GET /BLA/resoluciones/RESOLUCIONES%202017/0073.pdf HTTP/1.1" 200 461898
201.184.74.35 - - [22/Aug/2017:08:56:54 -0500] "GET /galeria/nivo-slider/demo/images/RIOBOGOTA.jpg HTTP/1.1" 200 126440
201.184.74.35 - - [22/Aug/2017:08:56:54 -0500] "GET /galeria/nivo-slider/demo/scripts/jquery-1.7.1.min.js HTTP/1.1" 200 93868
201.184.74.35 - - [22/Aug/2017:08:56:54 -0500] "GET /galeria/nivo-slider/demo/images/Encusta2017.jpg HTTP/1.1" 200 212313
186.28.174.115 - - [22/Aug/2017:08:56:55 -0500] "GET /BLA/resoluciones/RESOLUCIONES%202017/0052.pdf HTTP/1.1" 206 342791
186.28.174.115 - - [22/Aug/2017:08:56:55 -0500] "GET /BLA/resoluciones/RESOLUCIONES%202017/0065.pdf HTTP/1.1" 206 545690
186.28.174.115 - - [22/Aug/2017:08:56:55 -0500] "GET /BLA/resoluciones/RESOLUCIONES%202017/0067.pdf HTTP/1.1" 206 482885
201.184.74.35 - - [22/Aug/2017:08:56:55 -0500] "GET /galeria/nivo-slider/themes/default/bullets.png HTTP/1.1" 200 1281
186.28.174.115 - - [22/Aug/2017:08:56:56 -0500] "GET /BLA/resoluciones/RESOLUCIONES%202017/0080.pdf HTTP/1.1" 200 492222
201.184.74.35 - - [22/Aug/2017:08:56:56 -0500] "GET /galeria/nivo-slider/themes/default/arrows.png HTTP/1.1" 200 824
186.28.174.115 - - [22/Aug/2017:08:56:57 -0500] "GET /BLA/resoluciones/RESOLUCIONES%202017/0083.pdf HTTP/1.1" 200 684497
186.28.174.115 - - [22/Aug/2017:08:56:58 -0500] "GET /BLA/resoluciones/RESOLUCIONES%202017/0080.pdf HTTP/1.1" 206 439294
186.28.174.115 - - [22/Aug/2017:08:56:58 -0500] "GET /BLA/resoluciones/RESOLUCIONES%202017/0083.pdf HTTP/1.1" 206 596569
186.28.174.115 - - [22/Aug/2017:08:56:59 -0500] "GET /BLA/resoluciones/RESOLUCIONES%202017/0073.pdf HTTP/1.1" 206 442570
157.55.39.84 - - [22/Aug/2017:08:57:00 -0500] "GET / HTTP/1.1" 200 9990
186.155.13.224 - - [22/Aug/2017:08:57:06 -0500] "GET /galeria/galeria/jquery.fancybox.css?v=2.1.5 HTTP/1.1" 200 4895
186.155.13.224 - - [22/Aug/2017:08:57:06 -0500] "GET /galeria/galeria/jquery.fancybox.js?v=2.1.5 HTTP/1.1" 200 48706
186.155.13.224 - - [22/Aug/2017:08:57:07 -0500] "GET /galeria/galeria/fotos/Entrenube1P.jpg HTTP/1.1" 200 6959
186.155.13.224 - - [22/Aug/2017:08:57:07 -0500] "GET /galeria/galeria/fotos/Entrenube2P.jpg HTTP/1.1" 200 8416
186.155.13.224 - - [22/Aug/2017:08:57:07 -0500] "GET /galeria/galeria/fotos/Entrenube3P.jpg HTTP/1.1" 200 8487
186.155.13.224 - - [22/Aug/2017:08:57:07 -0500] "GET /galeria/galeria/fotos/Entrenube4P.jpg HTTP/1.1" 200 10881
190.24.251.28 - - [22/Aug/2017:08:57:25 -0500] "GET /galeria/nivo-slider/demo/demo.html HTTP/1.1" 200 4556
190.24.251.28 - - [22/Aug/2017:08:57:26 -0500] "GET /galeria/nivo-slider/demo/images/Urgente.jpg HTTP/1.1" 304 -
190.24.251.28 - - [22/Aug/2017:08:57:26 -0500] "GET /galeria/nivo-slider/demo/images/Impacto.jpg HTTP/1.1" 304 -
190.24.251.28 - - [22/Aug/2017:08:57:26 -0500] "GET /galeria/nivo-slider/demo/images/Encusta2017.jpg HTTP/1.1" 304 -
190.24.251.28 - - [22/Aug/2017:08:57:26 -0500] "GET /galeria/nivo-slider/demo/images/maximavelocidad.png HTTP/1.1" 304 -
179.18.35.191 - - [22/Aug/2017:08:57:26 -0500] "GET /BLA/boletinlegal/js/jquery.scrollShow.js HTTP/1.1" 200 4586
179.18.35.191 - - [22/Aug/2017:08:57:26 -0500] "GET /galeria/galeria/jquery.fancybox.css?v=2.1.5 HTTP/1.1" 200 4895
179.18.35.191 - - [22/Aug/2017:08:57:26 -0500] "GET /galeria/galeria/jquery.fancybox.js?v=2.1.5 HTTP/1.1" 200 48706
157.55.39.84 - - [22/Aug/2017:08:57:26 -0500] "GET /sig/gestion%20recursos%20financieros/126pa02-pr29%20constitucion%20y%20manejo%20caja%20menor.pdf HTTP/1.1" 200 412919
190.24.251.28 - - [22/Aug/2017:08:57:26 -0500] "GET /galeria/nivo-slider/demo/images/BANNERCAMINATAAGOS-SEP.jpg HTTP/1.1" 304 -
179.18.35.191 - - [22/Aug/2017:08:57:31 -0500] "GET /BLA/boletinlegal/js/jquery.scrollShow.js HTTP/1.1" 304 -
179.18.35.191 - - [22/Aug/2017:08:57:31 -0500] "GET /galeria/galeria/jquery.fancybox.js?v=2.1.5 HTTP/1.1" 304 -
179.18.35.191 - - [22/Aug/2017:08:57:31 -0500] "GET /galeria/galeria/jquery.fancybox.css?v=2.1.5 HTTP/1.1" 304 -
201.245.192.253 - - [22/Aug/2017:08:57:33 -0500] "GET /BLA/boletinlegal/js/jquery.scrollShow.js HTTP/1.1" 304 -
201.245.192.253 - - [22/Aug/2017:08:57:34 -0500] "GET /galeria/galeria/jquery.fancybox.js?v=2.1.5 HTTP/1.1" 304 -
201.245.192.253 - - [22/Aug/2017:08:57:34 -0500] "GET /galeria/galeria/jquery.fancybox.css?v=2.1.5 HTTP/1.1" 304 -
201.245.192.253 - - [22/Aug/2017:08:57:34 -0500] "GET /galeria/carrusel/Carrusel/jquery.thumbnailScroller.css HTTP/1.1" 304 -
201.245.192.253 - - [22/Aug/2017:08:57:34 -0500] "GET /galeria/carrusel/Carrusel/jquery-ui-1.8.13.custom.min.js HTTP/1.1" 304 -
201.245.192.253 - - [22/Aug/2017:08:57:35 -0500] "GET /galeria/carrusel/Carrusel/jquery.thumbnailScroller.js HTTP/1.1" 304 -
201.245.192.253 - - [22/Aug/2017:08:57:35 -0500] "GET /galeria/nivo-slider/demo/demo.html HTTP/1.1" 200 4556
201.245.192.253 - - [22/Aug/2017:08:57:35 -0500] "GET /galeria/nivo-slider/themes/default/default.css HTTP/1.1" 304 -
201.245.192.253 - - [22/Aug/2017:08:57:35 -0500] "GET /galeria/nivo-slider/themes/pascal/pascal.css HTTP/1.1" 304 -
201.245.192.253 - - [22/Aug/2017:08:57:35 -0500] "GET /galeria/nivo-slider/themes/orman/orman.css HTTP/1.1" 304 -
201.245.192.253 - - [22/Aug/2017:08:57:35 -0500] "GET /galeria/nivo-slider/nivo-slider.css HTTP/1.1" 304 -
201.245.192.253 - - [22/Aug/2017:08:57:35 -0500] "GET /galeria/nivo-slider/demo/images/Urgente.jpg HTTP/1.1" 304 -
201.245.192.253 - - [22/Aug/2017:08:57:35 -0500] "GET /galeria/nivo-slider/demo/style.css HTTP/1.1" 304 -
201.245.192.253 - - [22/Aug/2017:08:57:36 -0500] "GET /galeria/nivo-slider/demo/images/Impacto.jpg HTTP/1.1" 304 -
201.245.192.253 - - [22/Aug/2017:08:57:36 -0500] "GET /galeria/nivo-slider/demo/images/Encusta2017.jpg HTTP/1.1" 304 -
201.245.192.253 - - [22/Aug/2017:08:57:36 -0500] "GET /galeria/nivo-slider/demo/images/maximavelocidad.png HTTP/1.1" 304 -
201.245.192.253 - - [22/Aug/2017:08:57:36 -0500] "GET /galeria/nivo-slider/demo/images/BANNERCAMINATAAGOS-SEP.jpg HTTP/1.1" 304 -
201.245.192.253 - - [22/Aug/2017:08:57:36 -0500] "GET /galeria/nivo-slider/demo/scripts/jquery-1.7.1.min.js HTTP/1.1" 304 -
201.245.192.253 - - [22/Aug/2017:08:57:36 -0500] "GET /galeria/nivo-slider/jquery.nivo.slider.pack.js HTTP/1.1" 304 -
192.168.170.86 - - [22/Aug/2017:08:57:37 -0500] "GET /BLA/boletinlegal/consulta_actos.php?tipo=resoluciones&no=3413&usuario=&sector=&fecha=2014&resuelve= HTTP/1.1" 200 1050
186.28.174.115 - - [22/Aug/2017:08:57:37 -0500] "GET /BLA/resoluciones/RESOLUCIONES%202017/0052.pdf HTTP/1.1" 206 13312
186.28.174.115 - - [22/Aug/2017:08:57:37 -0500] "GET /BLA/resoluciones/RESOLUCIONES%202017/0052.pdf HTTP/1.1" 206 815
201.244.109.145 - - [22/Aug/2017:08:57:40 -0500] "GET /galeria/galeria/jquery.fancybox.css?v=2.1.5 HTTP/1.1" 200 4895
201.244.109.145 - - [22/Aug/2017:08:57:40 -0500] "GET /galeria/galeria/jquery.fancybox.js?v=2.1.5 HTTP/1.1" 200 48706
201.244.109.145 - - [22/Aug/2017:08:57:40 -0500] "GET /BLA/boletinlegal/js/jquery.scrollShow.js HTTP/1.1" 200 4586
181.49.188.6 - - [22/Aug/2017:08:57:45 -0500] "GET /galeria/galeria/jquery.fancybox.css?v=2.1.5 HTTP/1.1" 200 4895
181.49.188.6 - - [22/Aug/2017:08:57:45 -0500] "GET /BLA/boletinlegal/js/jquery.scrollShow.js HTTP/1.1" 304 -
181.49.188.6 - - [22/Aug/2017:08:57:45 -0500] "GET /galeria/galeria/jquery.fancybox.js?v=2.1.5 HTTP/1.1" 200 48706
201.245.192.253 - - [22/Aug/2017:08:57:49 -0500] "GET /galeria/galeria/jquery.fancybox.js?v=2.1.5 HTTP/1.1" 200 48706
201.245.192.253 - - [22/Aug/2017:08:57:49 -0500] "GET /galeria/galeria/jquery.fancybox.css?v=2.1.5 HTTP/1.1" 200 4895
201.245.192.253 - - [22/Aug/2017:08:57:49 -0500] "GET /galeria/carrusel/Carrusel/jquery.thumbnailScroller.css HTTP/1.1" 200 2066
201.245.192.253 - - [22/Aug/2017:08:57:49 -0500] "GET /BLA/boletinlegal/js/jquery.scrollShow.js HTTP/1.1" 200 4586
201.245.192.253 - - [22/Aug/2017:08:57:49 -0500] "GET /galeria/carrusel/Carrusel/jquery-ui-1.8.13.custom.min.js HTTP/1.1" 200 10800
201.245.192.253 - - [22/Aug/2017:08:57:49 -0500] "GET /galeria/carrusel/Carrusel/jquery.thumbnailScroller.js HTTP/1.1" 200 8157
201.245.192.253 - - [22/Aug/2017:08:57:49 -0500] "GET /galeria/nivo-slider/demo/demo.html HTTP/1.1" 200 4556
201.245.192.253 - - [22/Aug/2017:08:57:49 -0500] "GET /galeria/nivo-slider/nivo-slider.css HTTP/1.1" 200 1507
201.245.192.253 - - [22/Aug/2017:08:57:49 -0500] "GET /galeria/nivo-slider/themes/pascal/pascal.css HTTP/1.1" 200 2258
201.245.192.253 - - [22/Aug/2017:08:57:49 -0500] "GET /galeria/nivo-slider/themes/orman/orman.css HTTP/1.1" 200 2152
201.245.192.253 - - [22/Aug/2017:08:57:49 -0500] "GET /galeria/nivo-slider/demo/style.css HTTP/1.1" 200 2222
201.245.192.253 - - [22/Aug/2017:08:57:49 -0500] "GET /galeria/nivo-slider/demo/scripts/jquery-1.7.1.min.js HTTP/1.1" 200 93868
201.245.192.253 - - [22/Aug/2017:08:57:49 -0500] "GET /galeria/nivo-slider/demo/images/Urgente.jpg HTTP/1.1" 200 249232
201.245.192.253 - - [22/Aug/2017:08:57:49 -0500] "GET /galeria/nivo-slider/jquery.nivo.slider.pack.js HTTP/1.1" 200 11561
201.245.192.253 - - [22/Aug/2017:08:57:49 -0500] "GET /galeria/nivo-slider/demo/images/BANNERCAMBIODESEDE2.jpg HTTP/1.1" 200 120178
201.245.192.253 - - [22/Aug/2017:08:57:49 -0500] "GET /galeria/nivo-slider/themes/default/default.css HTTP/1.1" 200 1569
201.245.192.253 - - [22/Aug/2017:08:57:49 -0500] "GET /galeria/nivo-slider/demo/images/Impacto.jpg HTTP/1.1" 200 54793
201.245.192.253 - - [22/Aug/2017:08:57:49 -0500] "GET /galeria/nivo-slider/demo/images/Encusta2017.jpg HTTP/1.1" 200 212313
201.245.192.253 - - [22/Aug/2017:08:57:49 -0500] "GET /galeria/nivo-slider/demo/images/maximavelocidad.png HTTP/1.1" 200 880272
201.245.192.253 - - [22/Aug/2017:08:57:49 -0500] "GET /galeria/nivo-slider/demo/images/RIOBOGOTA.jpg HTTP/1.1" 200 126440
201.245.192.253 - - [22/Aug/2017:08:57:49 -0500] "GET /galeria/nivo-slider/demo/images/BANNERCAMINATAAGOS-SEP.jpg HTTP/1.1" 200 385798
201.245.192.253 - - [22/Aug/2017:08:57:49 -0500] "GET /galeria/nivo-slider/demo/images/banner%20aceite%20vegetal%20usado.jpg HTTP/1.1" 200 169350
201.245.192.253 - - [22/Aug/2017:08:57:50 -0500] "GET /galeria/nivo-slider/themes/default/loading.gif HTTP/1.1" 200 1737
201.245.192.253 - - [22/Aug/2017:08:57:50 -0500] "GET /galeria/nivo-slider/demo/images/4Simple_Slider.png HTTP/1.1" 200 11722
201.245.192.253 - - [22/Aug/2017:08:57:50 -0500] "GET /galeria/nivo-slider/demo/images/bannerlumina2017web.jpg HTTP/1.1" 200 198918
201.245.192.253 - - [22/Aug/2017:08:57:51 -0500] "GET /galeria/nivo-slider/demo/images/BANNERRUTADEVERTIMIENTOS.jpg HTTP/1.1" 200 98506
201.245.192.253 - - [22/Aug/2017:08:57:51 -0500] "GET /galeria/nivo-slider/demo/images/bolsas-06.jpg HTTP/1.1" 200 210950
201.245.192.253 - - [22/Aug/2017:08:57:52 -0500] "GET /galeria/nivo-slider/themes/default/bullets.png HTTP/1.1" 200 1281
201.245.192.253 - - [22/Aug/2017:08:57:52 -0500] "GET /galeria/nivo-slider/themes/default/arrows.png HTTP/1.1" 200 824
201.245.192.253 - - [22/Aug/2017:08:58:00 -0500] "GET /galeria/nivo-slider/demo/undefined HTTP/1.1" 404 1314
181.49.188.8 - - [22/Aug/2017:08:58:02 -0500] "GET /videos/galeria-cronicas/playlist.htm? HTTP/1.1" 200 8986
181.49.188.8 - - [22/Aug/2017:08:58:02 -0500] "GET /videos/galeria-cronicas/skin/blue.monday/jplayer.blue.monday.css HTTP/1.1" 304 -
181.49.188.8 - - [22/Aug/2017:08:58:02 -0500] "GET /videos/galeria-cronicas/js/jplayer.playlist.min.js HTTP/1.1" 200 8608
181.49.188.8 - - [22/Aug/2017:08:58:03 -0500] "GET /videos/galeria-cronicas/js/jquery.jplayer.min.js HTTP/1.1" 200 43668
181.49.188.8 - - [22/Aug/2017:08:58:03 -0500] "GET /videos/galeria-cronicas/skin/blue.monday/jplayer.blue.monday.video.play.png HTTP/1.1" 200 14424
181.49.188.8 - - [22/Aug/2017:08:58:03 -0500] "GET /videos/galeria-cronicas/skin/blue.monday/jplayer.blue.monday.jpg HTTP/1.1" 200 23189
186.28.174.115 - - [22/Aug/2017:08:58:03 -0500] "GET /BLA/resoluciones/RESOLUCIONES%202017/0073.pdf HTTP/1.1" 206 19456
190.25.231.69 - - [22/Aug/2017:08:58:03 -0500] "GET /galeria/nivo-slider/demo/demo.html HTTP/1.1" 200 4556
186.28.174.115 - - [22/Aug/2017:08:58:03 -0500] "GET /BLA/resoluciones/RESOLUCIONES%202017/0073.pdf HTTP/1.1" 206 74
186.28.174.115 - - [22/Aug/2017:08:58:04 -0500] "GET /BLA/resoluciones/RESOLUCIONES%202017/0080.pdf HTTP/1.1" 206 53248
190.25.231.69 - - [22/Aug/2017:08:58:04 -0500] "GET /galeria/nivo-slider/demo/images/Urgente.jpg HTTP/1.1" 304 -
190.25.231.69 - - [22/Aug/2017:08:58:04 -0500] "GET /galeria/nivo-slider/demo/images/Impacto.jpg HTTP/1.1" 304 -
190.25.231.69 - - [22/Aug/2017:08:58:04 -0500] "GET /galeria/nivo-slider/demo/images/Encusta2017.jpg HTTP/1.1" 304 -
186.28.174.115 - - [22/Aug/2017:08:58:04 -0500] "GET /BLA/resoluciones/RESOLUCIONES%202017/0080.pdf HTTP/1.1" 206 702
181.49.188.8 - - [22/Aug/2017:08:58:03 -0500] "GET /videos/galeria-cronicas/cronicas/NuestraGente20.mp4video.mp4 HTTP/1.1" 206 12986828
190.25.231.69 - - [22/Aug/2017:08:58:04 -0500] "GET /galeria/nivo-slider/demo/images/maximavelocidad.png HTTP/1.1" 304 -
186.28.174.115 - - [22/Aug/2017:08:58:04 -0500] "GET /BLA/resoluciones/RESOLUCIONES%202017/0083.pdf HTTP/1.1" 206 88064
190.25.231.69 - - [22/Aug/2017:08:58:04 -0500] "GET /galeria/nivo-slider/demo/images/BANNERCAMINATAAGOS-SEP.jpg HTTP/1.1" 304 -
181.49.188.8 - - [22/Aug/2017:08:58:04 -0500] "GET /videos/galeria-cronicas/cronicas/NuestraGente20.mp4video.mp4 HTTP/1.1" 206 43468
186.28.174.115 - - [22/Aug/2017:08:58:04 -0500] "GET /BLA/resoluciones/RESOLUCIONES%202017/0083.pdf HTTP/1.1" 206 465
186.28.174.115 - - [22/Aug/2017:08:58:05 -0500] "GET /BLA/resoluciones/RESOLUCIONES%202017/0089.pdf HTTP/1.1" 200 573195
186.28.174.115 - - [22/Aug/2017:08:58:05 -0500] "GET /BLA/resoluciones/RESOLUCIONES%202017/0089.pdf HTTP/1.1" 206 352267
186.28.174.115 - - [22/Aug/2017:08:58:05 -0500] "GET /BLA/resoluciones/RESOLUCIONES%202017/0102.pdf HTTP/1.1" 200 891992
186.28.174.115 - - [22/Aug/2017:08:58:06 -0500] "GET /BLA/resoluciones/RESOLUCIONES%202017/0102.pdf HTTP/1.1" 206 858664
186.28.174.115 - - [22/Aug/2017:08:58:06 -0500] "GET /BLA/resoluciones/RESOLUCIONES%202017/0107.pdf HTTP/1.1" 200 520955
181.49.188.8 - - [22/Aug/2017:08:58:06 -0500] "GET /videos/galeria-cronicas/cronicas/NuestraGente20.mp4video.mp4 HTTP/1.1" 206 12889736
186.28.174.115 - - [22/Aug/2017:08:58:07 -0500] "GET /BLA/resoluciones/RESOLUCIONES%202017/0107.pdf HTTP/1.1" 206 456827
186.28.174.115 - - [22/Aug/2017:08:58:09 -0500] "GET /BLA/resoluciones/RESOLUCIONES%202017/0109.pdf HTTP/1.1" 200 768972
186.28.174.115 - - [22/Aug/2017:08:58:10 -0500] "GET /BLA/resoluciones/RESOLUCIONES%202017/0109.pdf HTTP/1.1" 206 720244
186.28.174.115 - - [22/Aug/2017:08:58:10 -0500] "GET /BLA/resoluciones/RESOLUCIONES%202017/0120.pdf HTTP/1.1" 200 711635
186.28.174.115 - - [22/Aug/2017:08:58:11 -0500] "GET /BLA/resoluciones/RESOLUCIONES%202017/0120.pdf HTTP/1.1" 206 504707
186.28.174.115 - - [22/Aug/2017:08:58:11 -0500] "GET /BLA/resoluciones/RESOLUCIONES%202017/0128.pdf HTTP/1.1" 200 390406
186.28.174.115 - - [22/Aug/2017:08:58:11 -0500] "GET /BLA/resoluciones/RESOLUCIONES%202017/0128.pdf HTTP/1.1" 206 389278
200.41.103.239 - - [22/Aug/2017:08:58:11 -0500] "-" 408 -
201.245.192.253 - - [22/Aug/2017:08:58:20 -0500] "GET /galeria/nivo-slider/demo/undefined HTTP/1.1" 404 1314
201.244.109.145 - - [22/Aug/2017:08:58:20 -0500] "GET /autoliquidacion HTTP/1.1" 301 310
201.244.109.145 - - [22/Aug/2017:08:58:20 -0500] "GET /autoliquidacion/ HTTP/1.1" 200 6377
201.244.109.145 - - [22/Aug/2017:08:58:20 -0500] "GET /autoliquidacion/dlf/folder.png HTTP/1.1" 200 410
201.244.109.145 - - [22/Aug/2017:08:58:20 -0500] "GET /autoliquidacion/dlf/styles.css HTTP/1.1" 200 3045
201.244.109.145 - - [22/Aug/2017:08:58:21 -0500] "GET /autoliquidacion/dlf/bg.gif HTTP/1.1" 200 54
186.28.174.115 - - [22/Aug/2017:08:58:26 -0500] "GET /BLA/resoluciones/RESOLUCIONES%202017/0135.pdf HTTP/1.1" 200 906535
186.28.174.115 - - [22/Aug/2017:08:58:26 -0500] "GET /BLA/resoluciones/RESOLUCIONES%202017/0130.pdf HTTP/1.1" 200 823895
186.28.174.115 - - [22/Aug/2017:08:58:26 -0500] "GET /BLA/resoluciones/RESOLUCIONES%202017/0139.pdf HTTP/1.1" 200 888187
186.28.174.115 - - [22/Aug/2017:08:58:27 -0500] "GET /BLA/resoluciones/RESOLUCIONES%202017/0130.pdf HTTP/1.1" 206 766767
186.28.174.115 - - [22/Aug/2017:08:58:27 -0500] "GET /BLA/resoluciones/RESOLUCIONES%202017/0135.pdf HTTP/1.1" 206 542807
186.28.174.115 - - [22/Aug/2017:08:58:27 -0500] "GET /BLA/resoluciones/RESOLUCIONES%202017/0141.pdf HTTP/1.1" 200 841867
186.28.174.115 - - [22/Aug/2017:08:58:27 -0500] "GET /BLA/resoluciones/RESOLUCIONES%202017/0139.pdf HTTP/1.1" 206 796059
186.28.174.115 - - [22/Aug/2017:08:58:28 -0500] "GET /BLA/resoluciones/RESOLUCIONES%202017/0142.pdf HTTP/1.1" 200 267915
186.28.174.115 - - [22/Aug/2017:08:58:28 -0500] "GET /BLA/resoluciones/RESOLUCIONES%202017/0141.pdf HTTP/1.1" 206 840739
200.41.103.239 - - [22/Aug/2017:08:58:28 -0500] "-" 408 -
186.28.174.115 - - [22/Aug/2017:08:58:28 -0500] "GET /BLA/resoluciones/RESOLUCIONES%202017/0149.pdf HTTP/1.1" 200 493052
186.28.174.115 - - [22/Aug/2017:08:58:28 -0500] "GET /BLA/resoluciones/RESOLUCIONES%202017/0142.pdf HTTP/1.1" 206 226187
186.28.174.115 - - [22/Aug/2017:08:58:29 -0500] "GET /BLA/resoluciones/RESOLUCIONES%202017/0150.pdf HTTP/1.1" 200 470944
186.28.174.115 - - [22/Aug/2017:08:58:30 -0500] "GET /BLA/resoluciones/RESOLUCIONES%202017/0149.pdf HTTP/1.1" 206 451324
186.28.174.115 - - [22/Aug/2017:08:58:30 -0500] "GET /BLA/resoluciones/RESOLUCIONES%202017/0150.pdf HTTP/1.1" 206 398416
201.244.56.126 - - [22/Aug/2017:08:58:30 -0500] "GET /BLA/resoluciones/AUTOS%202007/2741.pdf HTTP/1.1" 200 334464
201.244.56.126 - - [22/Aug/2017:08:58:30 -0500] "GET /favicon.ico HTTP/1.1" 200 7782
201.244.56.126 - - [22/Aug/2017:08:58:31 -0500] "GET /BLA/resoluciones/AUTOS%202007/2741.pdf HTTP/1.1" 206 235456
186.155.233.237 - - [22/Aug/2017:08:58:32 -0500] "GET /galeria/galeria/fotos/Entrenube3G.jpg HTTP/1.1" 200 138221
186.28.174.115 - - [22/Aug/2017:08:58:32 -0500] "GET /BLA/resoluciones/RESOLUCIONES%202017/0151.pdf HTTP/1.1" 200 620461
201.244.56.126 - - [22/Aug/2017:08:58:33 -0500] "GET /BLA/resoluciones/AUTOS%202007/3685.pdf HTTP/1.1" 200 290324
186.28.174.115 - - [22/Aug/2017:08:58:33 -0500] "GET /BLA/resoluciones/RESOLUCIONES%202017/0151.pdf HTTP/1.1" 206 550733
186.28.174.115 - - [22/Aug/2017:08:58:33 -0500] "GET /BLA/resoluciones/RESOLUCIONES%202017/0155.pdf HTTP/1.1" 200 350123
201.244.56.126 - - [22/Aug/2017:08:58:33 -0500] "GET /BLA/resoluciones/AUTOS%202007/3685.pdf HTTP/1.1" 206 204456
186.28.174.115 - - [22/Aug/2017:08:58:33 -0500] "GET /BLA/resoluciones/RESOLUCIONES%202017/0155.pdf HTTP/1.1" 206 255195
186.28.174.115 - - [22/Aug/2017:08:58:34 -0500] "GET /BLA/resoluciones/RESOLUCIONES%202017/0186.pdf HTTP/1.1" 200 392231
186.28.174.115 - - [22/Aug/2017:08:58:35 -0500] "GET /BLA/resoluciones/RESOLUCIONES%202017/0186.pdf HTTP/1.1" 206 364503
66.249.88.56 - - [22/Aug/2017:08:58:40 -0500] "GET /BLA/resoluciones/RESOLUCIONES%202010/6000.pdf HTTP/1.1" 200 1586337
186.155.233.237 - - [22/Aug/2017:08:58:40 -0500] "GET /galeria/galeria/jquery.fancybox.js?v=2.1.5 HTTP/1.1" 200 48706
186.155.233.237 - - [22/Aug/2017:08:58:40 -0500] "GET /galeria/galeria/jquery.fancybox.css?v=2.1.5 HTTP/1.1" 200 4895
186.155.233.237 - - [22/Aug/2017:08:58:40 -0500] "GET /BLA/boletinlegal/js/jquery.scrollShow.js HTTP/1.1" 200 4586
186.155.233.237 - - [22/Aug/2017:08:58:40 -0500] "GET /BLA/boletinlegal/js/jquery.scrollShow.js HTTP/1.1" 200 4586
186.155.233.237 - - [22/Aug/2017:08:58:40 -0500] "GET /galeria/galeria/jquery.fancybox.js?v=2.1.5 HTTP/1.1" 200 48706
186.155.233.237 - - [22/Aug/2017:08:58:40 -0500] "GET /galeria/galeria/jquery.fancybox.css?v=2.1.5 HTTP/1.1" 200 4895
190.25.231.69 - - [22/Aug/2017:08:58:42 -0500] "GET /autoliquidacion/ HTTP/1.1" 200 6377
192.168.170.86 - - [22/Aug/2017:08:58:59 -0500] "GET /BLA/boletinlegal/consulta_actos.php?tipo=resoluciones&no=1364&usuario=&sector=&fecha=2013&resuelve= HTTP/1.1" 200 1068
190.25.231.69 - - [22/Aug/2017:08:59:07 -0500] "GET /autoliquidacion/index.php?dir=Solicitudes+relacionadas+con+calidad+del+aire+auditiva+y+visual%2F HTTP/1.1" 200 5748
190.25.231.69 - - [22/Aug/2017:08:59:08 -0500] "GET /autoliquidacion/dlf/dirup.png HTTP/1.1" 200 644
186.28.174.115 - - [22/Aug/2017:08:59:09 -0500] "GET /BLA/resoluciones/RESOLUCIONES%202017/0187.pdf HTTP/1.1" 200 532220
186.28.174.115 - - [22/Aug/2017:08:59:09 -0500] "GET /BLA/resoluciones/RESOLUCIONES%202017/0216.pdf HTTP/1.1" 200 766680
186.28.174.115 - - [22/Aug/2017:08:59:09 -0500] "GET /BLA/resoluciones/RESOLUCIONES%202017/0226.pdf HTTP/1.1" 200 533302
186.28.174.115 - - [22/Aug/2017:08:59:10 -0500] "GET /BLA/resoluciones/RESOLUCIONES%202017/0231.pdf HTTP/1.1" 200 392713
186.28.174.115 - - [22/Aug/2017:08:59:10 -0500] "GET /BLA/resoluciones/RESOLUCIONES%202017/0187.pdf HTTP/1.1" 206 301492
186.28.174.115 - - [22/Aug/2017:08:59:10 -0500] "GET /BLA/resoluciones/RESOLUCIONES%202017/0216.pdf HTTP/1.1" 206 593352
186.28.174.115 - - [22/Aug/2017:08:59:10 -0500] "GET /BLA/resoluciones/RESOLUCIONES%202017/0226.pdf HTTP/1.1" 206 382374
186.28.174.115 - - [22/Aug/2017:08:59:10 -0500] "GET /BLA/resoluciones/RESOLUCIONES%202017/0233.pdf HTTP/1.1" 200 482049
186.28.174.115 - - [22/Aug/2017:08:59:11 -0500] "GET /BLA/resoluciones/RESOLUCIONES%202017/0243.pdf HTTP/1.1" 200 495231
186.28.174.115 - - [22/Aug/2017:08:59:11 -0500] "GET /BLA/resoluciones/RESOLUCIONES%202017/0231.pdf HTTP/1.1" 206 301985
186.28.174.115 - - [22/Aug/2017:08:59:11 -0500] "GET /BLA/resoluciones/RESOLUCIONES%202017/0233.pdf HTTP/1.1" 206 392721
186.28.174.115 - - [22/Aug/2017:08:59:12 -0500] "GET /BLA/resoluciones/RESOLUCIONES%202017/0248.pdf HTTP/1.1" 200 497948
186.28.174.115 - - [22/Aug/2017:08:59:13 -0500] "GET /BLA/resoluciones/RESOLUCIONES%202017/0251.pdf HTTP/1.1" 200 498456
190.25.231.69 - - [22/Aug/2017:08:59:13 -0500] "GET /autoliquidacion/index.php?dir=Solicitudes+relacionadas+con+calidad+del+aire+auditiva+y+visual%2FRegistro+de+Elementos+de+publicidad+Exterior+Visual%2F HTTP/1.1" 200 3962
190.25.231.69 - - [22/Aug/2017:08:59:13 -0500] "GET /autoliquidacion/dlf/pdf.gif HTTP/1.1" 200 272
190.25.231.69 - - [22/Aug/2017:08:59:13 -0500] "GET /autoliquidacion/dlf/html.gif HTTP/1.1" 200 632
190.25.231.69 - - [22/Aug/2017:08:59:13 -0500] "GET /autoliquidacion/dlf/xls.gif HTTP/1.1" 200 636
186.28.174.115 - - [22/Aug/2017:08:59:13 -0500] "GET /BLA/resoluciones/RESOLUCIONES%202017/0243.pdf HTTP/1.1" 206 459103
181.61.173.93 - - [22/Aug/2017:08:59:13 -0500] "GET /BLA/boletinlegal/js/jquery.scrollShow.js HTTP/1.1" 304 -
181.61.173.93 - - [22/Aug/2017:08:59:13 -0500] "GET /galeria/galeria/jquery.fancybox.js?v=2.1.5 HTTP/1.1" 304 -
181.61.173.93 - - [22/Aug/2017:08:59:13 -0500] "GET /galeria/galeria/jquery.fancybox.css?v=2.1.5 HTTP/1.1" 304 -
181.61.173.93 - - [22/Aug/2017:08:59:14 -0500] "GET /galeria/carrusel/Carrusel/jquery.thumbnailScroller.css HTTP/1.1" 304 -
181.61.173.93 - - [22/Aug/2017:08:59:14 -0500] "GET /galeria/carrusel/Carrusel/jquery-ui-1.8.13.custom.min.js HTTP/1.1" 304 -
186.28.174.115 - - [22/Aug/2017:08:59:14 -0500] "GET /BLA/resoluciones/RESOLUCIONES%202017/0248.pdf HTTP/1.1" 206 278420
181.61.173.93 - - [22/Aug/2017:08:59:14 -0500] "GET /galeria/carrusel/Carrusel/jquery.thumbnailScroller.js HTTP/1.1" 304 -
177.252.248.60 - - [22/Aug/2017:08:59:15 -0500] "GET /galeria/galeria/jquery.fancybox.css?v=2.1.5 HTTP/1.1" 200 4895
181.61.173.93 - - [22/Aug/2017:08:59:15 -0500] "GET /galeria/nivo-slider/demo/demo.html HTTP/1.1" 200 4556
177.252.248.60 - - [22/Aug/2017:08:59:15 -0500] "GET /BLA/boletinlegal/js/jquery.scrollShow.js HTTP/1.1" 200 4586
177.252.248.60 - - [22/Aug/2017:08:59:15 -0500] "GET /galeria/galeria/jquery.fancybox.js?v=2.1.5 HTTP/1.1" 200 48706
186.28.174.115 - - [22/Aug/2017:08:59:15 -0500] "GET /BLA/resoluciones/RESOLUCIONES%202017/0251.pdf HTTP/1.1" 206 479128
186.28.174.115 - - [22/Aug/2017:08:59:17 -0500] "GET /BLA/resoluciones/RESOLUCIONES%202017/0260.pdf HTTP/1.1" 200 469019
186.28.174.115 - - [22/Aug/2017:08:59:17 -0500] "GET /BLA/resoluciones/RESOLUCIONES%202017/0260.pdf HTTP/1.1" 206 386691
177.252.255.50 - - [22/Aug/2017:08:59:17 -0500] "GET /galeria/nivo-slider/demo/demo.html HTTP/1.1" 304 -
186.28.174.115 - - [22/Aug/2017:08:59:19 -0500] "GET /BLA/resoluciones/RESOLUCIONES%202017/0261.pdf HTTP/1.1" 200 467494
186.144.11.232 - - [22/Aug/2017:08:59:19 -0500] "GET /galeria/galeria/jquery.fancybox.css?v=2.1.5 HTTP/1.1" 200 4895
186.144.11.232 - - [22/Aug/2017:08:59:19 -0500] "GET /BLA/boletinlegal/js/jquery.scrollShow.js HTTP/1.1" 200 4586
186.144.11.232 - - [22/Aug/2017:08:59:19 -0500] "GET /galeria/galeria/jquery.fancybox.js?v=2.1.5 HTTP/1.1" 200 48706
186.28.174.115 - - [22/Aug/2017:08:59:20 -0500] "GET /BLA/resoluciones/RESOLUCIONES%202017/0261.pdf HTTP/1.1" 206 387966
181.61.173.93 - - [22/Aug/2017:08:59:20 -0500] "GET /galeria/nivo-slider/demo/images/Urgente.jpg HTTP/1.1" 200 249232
181.61.173.93 - - [22/Aug/2017:08:59:20 -0500] "GET /galeria/nivo-slider/demo/images/Impacto.jpg HTTP/1.1" 200 54793
181.61.173.93 - - [22/Aug/2017:08:59:20 -0500] "GET /galeria/nivo-slider/demo/images/BANNERCAMINATAAGOS-SEP.jpg HTTP/1.1" 200 385798
181.61.173.93 - - [22/Aug/2017:08:59:21 -0500] "GET /galeria/nivo-slider/themes/default/default.css HTTP/1.1" 304 -
177.252.255.50 - - [22/Aug/2017:08:59:21 -0500] "GET /galeria/nivo-slider/demo/demo.html HTTP/1.1" 304 -
181.61.173.93 - - [22/Aug/2017:08:59:22 -0500] "GET /galeria/nivo-slider/themes/pascal/pascal.css HTTP/1.1" 304 -
181.61.173.93 - - [22/Aug/2017:08:59:22 -0500] "GET /galeria/nivo-slider/themes/orman/orman.css HTTP/1.1" 304 -
181.61.173.93 - - [22/Aug/2017:08:59:22 -0500] "GET /galeria/nivo-slider/nivo-slider.css HTTP/1.1" 304 -
190.25.231.69 - - [22/Aug/2017:08:59:22 -0500] "GET /autoliquidacion/Solicitudes%20relacionadas%20con%20calidad%20del%20aire%20auditiva%20y%20visual/Registro%20de%20Elementos%20de%20publicidad%20Exterior%20Visual/126pm04-pr16-f-2%20solicitud%20de%20registro%20pev%20(2).xls HTTP/1.1" 200 3590144
164.132.161.4 - - [22/Aug/2017:08:59:22 -0500] "GET /BLA/resoluciones/RESOLUCIONES%202006/RES%202006%201451-1500/INDEX.DAT HTTP/1.1" 200 2000
181.61.173.93 - - [22/Aug/2017:08:59:22 -0500] "GET /galeria/nivo-slider/demo/style.css HTTP/1.1" 304 -
181.61.173.93 - - [22/Aug/2017:08:59:22 -0500] "GET /galeria/nivo-slider/demo/scripts/jquery-1.7.1.min.js HTTP/1.1" 304 -
177.252.255.50 - - [22/Aug/2017:08:59:22 -0500] "GET /galeria/nivo-slider/themes/default/arrows.png HTTP/1.1" 304 -
177.252.255.50 - - [22/Aug/2017:08:59:22 -0500] "GET /galeria/nivo-slider/themes/default/bullets.png HTTP/1.1" 304 -
177.252.248.60 - - [22/Aug/2017:08:59:23 -0500] "GET /BLA/boletinlegal/js/jquery.scrollShow.js HTTP/1.1" 304 -
177.252.248.60 - - [22/Aug/2017:08:59:23 -0500] "GET /galeria/galeria/jquery.fancybox.css?v=2.1.5 HTTP/1.1" 304 -
177.252.248.60 - - [22/Aug/2017:08:59:23 -0500] "GET /galeria/galeria/jquery.fancybox.js?v=2.1.5 HTTP/1.1" 304 -
181.61.173.93 - - [22/Aug/2017:08:59:23 -0500] "GET /galeria/nivo-slider/jquery.nivo.slider.pack.js HTTP/1.1" 304 -
217.182.132.14 - - [22/Aug/2017:08:59:23 -0500] "GET /BLA/resoluciones/RESOLUCIONES%202006/RES%202006%20701-750/00000745.tif HTTP/1.1" 200 231342
201.244.56.126 - - [22/Aug/2017:08:59:24 -0500] "GET /BLA/resoluciones/RESOLUCIONES%202014/0702.pdf HTTP/1.1" 200 26706291
181.61.173.93 - - [22/Aug/2017:08:59:24 -0500] "GET /galeria/nivo-slider/demo/images/maximavelocidad.png HTTP/1.1" 304 -
181.61.173.93 - - [22/Aug/2017:08:59:24 -0500] "GET /galeria/nivo-slider/demo/images/Encusta2017.jpg HTTP/1.1" 304 -
181.61.173.93 - - [22/Aug/2017:08:59:24 -0500] "GET /galeria/nivo-slider/demo/images/RIOBOGOTA.jpg HTTP/1.1" 304 -
181.61.173.93 - - [22/Aug/2017:08:59:24 -0500] "GET /galeria/nivo-slider/demo/images/BANNERCAMBIODESEDE2.jpg HTTP/1.1" 304 -
201.244.56.126 - - [22/Aug/2017:08:59:24 -0500] "GET /BLA/resoluciones/RESOLUCIONES%202014/0702.pdf HTTP/1.1" 206 26684667
181.61.173.93 - - [22/Aug/2017:08:59:25 -0500] "GET /galeria/nivo-slider/demo/images/banner%20aceite%20vegetal%20usado.jpg HTTP/1.1" 304 -
181.61.173.93 - - [22/Aug/2017:08:59:25 -0500] "GET /galeria/nivo-slider/demo/images/bannerlumina2017web.jpg HTTP/1.1" 304 -
181.61.173.93 - - [22/Aug/2017:08:59:25 -0500] "GET /galeria/nivo-slider/demo/images/BANNERRUTADEVERTIMIENTOS.jpg HTTP/1.1" 304 -
181.61.173.93 - - [22/Aug/2017:08:59:25 -0500] "GET /galeria/nivo-slider/demo/images/bolsas-06.jpg HTTP/1.1" 304 -
181.61.173.93 - - [22/Aug/2017:08:59:25 -0500] "GET /galeria/nivo-slider/demo/images/4Simple_Slider.png HTTP/1.1" 304 -
177.252.255.50 - - [22/Aug/2017:08:59:25 -0500] "GET /galeria/nivo-slider/demo/demo.html HTTP/1.1" 304 -
181.61.173.93 - - [22/Aug/2017:08:59:26 -0500] "GET /galeria/nivo-slider/themes/default/loading.gif HTTP/1.1" 304 -
177.252.255.50 - - [22/Aug/2017:08:59:28 -0500] "GET /galeria/nivo-slider/demo/demo.html HTTP/1.1" 304 -
201.244.56.126 - - [22/Aug/2017:08:59:32 -0500] "GET /BLA/resoluciones/RESOLUCIONES%202014/0702.pdf HTTP/1.1" 200 26706291
201.244.56.126 - - [22/Aug/2017:08:59:32 -0500] "GET /BLA/resoluciones/RESOLUCIONES%202014/0702.pdf HTTP/1.1" 206 26449607
201.244.56.126 - - [22/Aug/2017:08:59:33 -0500] "GET /BLA/resoluciones/RESOLUCIONES%202014/0702.pdf HTTP/1.1" 206 65536
201.244.56.126 - - [22/Aug/2017:08:59:37 -0500] "GET /BLA/resoluciones/RESOLUCIONES%202014/0702.pdf HTTP/1.1" 206 26219427
201.244.56.126 - - [22/Aug/2017:08:59:40 -0500] "GET /BLA/resoluciones/RESOLUCIONES%202014/0702.pdf HTTP/1.1" 206 231930
201.244.56.126 - - [22/Aug/2017:08:59:41 -0500] "GET /BLA/resoluciones/RESOLUCIONES%202014/0702.pdf HTTP/1.1" 206 24876773
186.28.174.115 - - [22/Aug/2017:08:59:42 -0500] "GET /BLA/resoluciones/RESOLUCIONES%202017/0262.pdf HTTP/1.1" 200 461094
186.28.174.115 - - [22/Aug/2017:08:59:42 -0500] "GET /BLA/resoluciones/RESOLUCIONES%202017/0264.pdf HTTP/1.1" 200 468646
186.28.174.115 - - [22/Aug/2017:08:59:43 -0500] "GET /BLA/resoluciones/RESOLUCIONES%202017/0265.pdf HTTP/1.1" 200 581686
186.28.174.115 - - [22/Aug/2017:08:59:43 -0500] "GET /BLA/resoluciones/RESOLUCIONES%202017/0262.pdf HTTP/1.1" 206 331166
186.28.174.115 - - [22/Aug/2017:08:59:43 -0500] "GET /BLA/resoluciones/RESOLUCIONES%202017/0264.pdf HTTP/1.1" 206 365318
186.28.174.115 - - [22/Aug/2017:08:59:43 -0500] "GET /BLA/resoluciones/RESOLUCIONES%202017/0266.pdf HTTP/1.1" 200 552903
177.252.255.50 - - [22/Aug/2017:08:59:43 -0500] "GET /galeria/nivo-slider/demo/demo.html HTTP/1.1" 304 -
186.28.174.115 - - [22/Aug/2017:08:59:43 -0500] "GET /BLA/resoluciones/RESOLUCIONES%202017/0265.pdf HTTP/1.1" 206 345358
186.28.174.115 - - [22/Aug/2017:08:59:44 -0500] "GET /BLA/resoluciones/RESOLUCIONES%202017/0266.pdf HTTP/1.1" 206 526575
186.28.174.115 - - [22/Aug/2017:08:59:44 -0500] "GET /BLA/resoluciones/RESOLUCIONES%202017/0267.pdf HTTP/1.1" 200 526025
186.28.174.115 - - [22/Aug/2017:08:59:44 -0500] "GET /BLA/resoluciones/RESOLUCIONES%202017/0268.pdf HTTP/1.1" 200 484335
186.28.174.115 - - [22/Aug/2017:08:59:45 -0500] "GET /BLA/resoluciones/RESOLUCIONES%202017/0267.pdf HTTP/1.1" 206 519297
186.28.174.115 - - [22/Aug/2017:08:59:45 -0500] "GET /BLA/resoluciones/RESOLUCIONES%202017/0276.pdf HTTP/1.1" 200 614032
186.28.174.115 - - [22/Aug/2017:08:59:46 -0500] "GET /BLA/resoluciones/RESOLUCIONES%202017/0276.pdf HTTP/1.1" 206 612904
186.28.174.115 - - [22/Aug/2017:08:59:47 -0500] "GET /BLA/resoluciones/RESOLUCIONES%202017/0277.pdf HTTP/1.1" 200 365683
186.28.174.115 - - [22/Aug/2017:08:59:48 -0500] "GET /BLA/resoluciones/RESOLUCIONES%202017/0268.pdf HTTP/1.1" 206 444007
186.28.174.115 - - [22/Aug/2017:08:59:48 -0500] "GET /BLA/resoluciones/RESOLUCIONES%202017/0277.pdf HTTP/1.1" 206 302955
186.28.174.115 - - [22/Aug/2017:08:59:50 -0500] "GET /BLA/resoluciones/RESOLUCIONES%202017/0281.pdf HTTP/1.1" 200 505371
186.28.174.115 - - [22/Aug/2017:08:59:51 -0500] "GET /BLA/resoluciones/RESOLUCIONES%202017/0281.pdf HTTP/1.1" 206 414643
186.28.174.115 - - [22/Aug/2017:08:59:52 -0500] "GET /BLA/resoluciones/RESOLUCIONES%202017/0290.pdf HTTP/1.1" 200 530276
186.28.174.115 - - [22/Aug/2017:08:59:53 -0500] "GET /BLA/resoluciones/RESOLUCIONES%202017/0290.pdf HTTP/1.1" 206 396148
181.61.173.93 - - [22/Aug/2017:09:00:02 -0500] "GET /galeria/nivo-slider/themes/default/arrows.png HTTP/1.1" 304 -
181.61.173.93 - - [22/Aug/2017:09:00:02 -0500] "GET /galeria/nivo-slider/themes/default/bullets.png HTTP/1.1" 304 -
192.168.175.104 - - [22/Aug/2017:09:00:06 -0500] "GET / HTTP/1.0" 200 9990
186.28.174.115 - - [22/Aug/2017:09:00:10 -0500] "GET /BLA/resoluciones/RESOLUCIONES%202017/0290.pdf HTTP/1.1" 206 134144
201.245.192.253 - - [22/Aug/2017:09:00:11 -0500] "GET /galeria/nivo-slider/demo/undefined HTTP/1.1" 404 1314
186.28.174.115 - - [22/Aug/2017:09:00:11 -0500] "GET /BLA/resoluciones/RESOLUCIONES%202017/0290.pdf HTTP/1.1" 206 868
186.28.174.115 - - [22/Aug/2017:09:00:16 -0500] "GET /BLA/resoluciones/RESOLUCIONES%202017/0276.pdf HTTP/1.1" 206 2048
186.28.174.115 - - [22/Aug/2017:09:00:16 -0500] "GET /BLA/resoluciones/RESOLUCIONES%202017/0276.pdf HTTP/1.1" 206 656
66.249.88.57 - - [22/Aug/2017:09:00:31 -0500] "GET /BLA/resoluciones/RESOLUCIONES%202007/RES%202007%202201%20AL%202300/RESOLUCION%202297%20DE%202007.pdf HTTP/1.1" 200 344654
201.245.192.253 - - [22/Aug/2017:09:00:31 -0500] "GET /galeria/nivo-slider/demo/undefined HTTP/1.1" 404 1314
192.168.170.86 - - [22/Aug/2017:09:00:32 -0500] "GET /BLA/boletinlegal/consulta_actos.php?tipo=resoluciones&no=1064&usuario=&sector=&fecha=2013&resuelve= HTTP/1.1" 200 1059
186.81.171.0 - - [22/Aug/2017:09:00:32 -0500] "POST /BLA/boletinlegal/admin/actos/ingresar.php HTTP/1.1" 200 6709
186.81.171.0 - - [22/Aug/2017:09:00:40 -0500] "GET /BLA/boletinlegal/consulta_actos.php?tipo=autos&no=0163&usuario=&sector=&fecha=2012&resuelve= HTTP/1.1" 200 1276
201.245.192.253 - - [22/Aug/2017:09:00:43 -0500] "GET /galeria/nivo-slider/demo/demo.html HTTP/1.1" 200 4556
201.245.192.253 - - [22/Aug/2017:09:00:43 -0500] "GET /galeria/nivo-slider/demo/images/Urgente.jpg HTTP/1.1" 304 -
201.245.192.253 - - [22/Aug/2017:09:00:43 -0500] "GET /galeria/nivo-slider/demo/images/BANNERCAMBIODESEDE2.jpg HTTP/1.1" 304 -
201.245.192.253 - - [22/Aug/2017:09:00:43 -0500] "GET /galeria/nivo-slider/demo/images/Impacto.jpg HTTP/1.1" 304 -
201.245.192.253 - - [22/Aug/2017:09:00:43 -0500] "GET /galeria/nivo-slider/demo/images/Encusta2017.jpg HTTP/1.1" 304 -
201.245.192.253 - - [22/Aug/2017:09:00:43 -0500] "GET /galeria/nivo-slider/demo/images/maximavelocidad.png HTTP/1.1" 304 -
201.245.192.253 - - [22/Aug/2017:09:00:43 -0500] "GET /galeria/nivo-slider/demo/images/BANNERCAMINATAAGOS-SEP.jpg HTTP/1.1" 304 -
181.49.224.113 - - [22/Aug/2017:09:00:46 -0500] "GET /ecodirectorio/files/res/downloads/download_0167.pdf HTTP/1.1" 200 286668
201.245.192.253 - - [22/Aug/2017:09:00:27 -0500] "GET /isolucionsda/ HTTP/1.1" 502 1326
181.49.224.113 - - [22/Aug/2017:09:00:46 -0500] "GET /favicon.ico HTTP/1.1" 200 7782
201.184.86.214 - - [22/Aug/2017:09:00:48 -0500] "GET /galeria/galeria/jquery.fancybox.css?v=2.1.5 HTTP/1.1" 200 4895
201.184.86.214 - - [22/Aug/2017:09:00:48 -0500] "GET /BLA/boletinlegal/js/jquery.scrollShow.js HTTP/1.1" 200 4586
201.184.86.214 - - [22/Aug/2017:09:00:48 -0500] "GET /galeria/galeria/jquery.fancybox.js?v=2.1.5 HTTP/1.1" 200 48706
192.168.175.104 - - [22/Aug/2017:09:00:49 -0500] "GET / HTTP/1.1" 200 9990
69.162.124.233 - - [22/Aug/2017:09:00:51 -0500] "HEAD / HTTP/1.1" 200 -
177.252.255.50 - - [22/Aug/2017:09:01:06 -0500] "GET /galeria/nivo-slider/demo/demo.html HTTP/1.1" 304 -
201.245.192.253 - - [22/Aug/2017:09:01:08 -0500] "GET /isolucionsda/ HTTP/1.1" 302 140
201.245.192.253 - - [22/Aug/2017:09:01:08 -0500] "GET /isolucionsda/ControlDeInicio.asp HTTP/1.1" 200 739
201.245.192.253 - - [22/Aug/2017:09:01:08 -0500] "GET /isolucionsda/IdentificaUsuario.asp?Pagina1=FrameSetGeneral.asp& HTTP/1.1" 200 5090
177.252.255.50 - - [22/Aug/2017:09:01:09 -0500] "GET /galeria/nivo-slider/demo/demo.html HTTP/1.1" 304 -
190.216.204.14 - - [22/Aug/2017:09:01:15 -0500] "GET /BLA/boletinlegal/js/jquery.scrollShow.js HTTP/1.1" 200 4586
190.216.204.14 - - [22/Aug/2017:09:01:15 -0500] "GET /galeria/galeria/jquery.fancybox.js?v=2.1.5 HTTP/1.1" 200 48706
190.216.204.14 - - [22/Aug/2017:09:01:15 -0500] "GET /galeria/galeria/jquery.fancybox.css?v=2.1.5 HTTP/1.1" 200 4895
201.245.192.253 - - [22/Aug/2017:09:01:16 -0500] "POST /isolucionsda/IdentificaUsuario.asp?Pagina1=FrameSetGeneral.asp& HTTP/1.1" 200 5026
192.168.175.104 - - [22/Aug/2017:09:01:20 -0500] "GET / HTTP/1.1" 200 9990
201.245.192.253 - - [22/Aug/2017:09:01:21 -0500] "POST /isolucionsda/IdentificaUsuario.asp?Pagina1=FrameSetGeneral.asp& HTTP/1.1" 302 173
201.245.192.253 - - [22/Aug/2017:09:01:21 -0500] "GET /isolucionsda/FrameSetGeneral.asp?Pagina1=FrameSetGeneral.asp& HTTP/1.1" 200 6613
201.245.192.253 - - [22/Aug/2017:09:01:21 -0500] "GET /isolucionsda/Encabezado.asp?Pagina1=FrameSetGeneral.asp&&Pagina=MagazinHome.asp HTTP/1.1" 200 15420
201.245.192.253 - - [22/Aug/2017:09:01:21 -0500] "GET /isolucionsda/BarraFavoritos.asp HTTP/1.1" 200 911
201.245.192.253 - - [22/Aug/2017:09:01:21 -0500] "GET /isolucionsda/MagazinHome.asp HTTP/1.1" 200 43493
201.245.192.253 - - [22/Aug/2017:09:01:22 -0500] "GET /isolucionsda/g/Bgr_Destacado3399CC.jpg HTTP/1.1" 404 5233
201.245.192.253 - - [22/Aug/2017:09:01:22 -0500] "GET /isolucionsda/TareasSFRedirect.asp HTTP/1.1" 302 195
201.245.192.253 - - [22/Aug/2017:09:01:23 -0500] "GET /sipse/faces/faces/autenticacion.xhtml HTTP/1.1" 200 11170
201.245.192.253 - - [22/Aug/2017:09:01:23 -0500] "GET /sipse/js/disable_browser_buttons.js HTTP/1.1" 304 -
201.245.192.253 - - [22/Aug/2017:09:01:23 -0500] "GET /sipse/faces/javax.faces.resource/layout/layout.css;jsessionid=6mB62BKObK8y8LYd6ht4oNPS.undefined?ln=primefaces&v=4.0 HTTP/1.1" 200 542
201.245.192.253 - - [22/Aug/2017:09:01:23 -0500] "GET /sipse/js/funciones.js HTTP/1.1" 304 -
201.245.192.253 - - [22/Aug/2017:09:01:23 -0500] "GET /sipse/css/custom_css_sg.css HTTP/1.1" 304 -
201.245.192.253 - - [22/Aug/2017:09:01:23 -0500] "GET /sipse/css/custom_css_sg_prime_login.css HTTP/1.1" 304 -
201.245.192.253 - - [22/Aug/2017:09:01:23 -0500] "GET /sipse/faces/javax.faces.resource/layout/layout.js;jsessionid=6mB62BKObK8y8LYd6ht4oNPS.undefined?ln=primefaces&v=4.0 HTTP/1.1" 200 87560
201.245.192.253 - - [22/Aug/2017:09:01:23 -0500] "GET /sipse/faces/javax.faces.resource/primefaces.css;jsessionid=6mB62BKObK8y8LYd6ht4oNPS.undefined?ln=primefaces&v=4.0 HTTP/1.1" 200 53295
201.245.192.253 - - [22/Aug/2017:09:01:23 -0500] "GET /sipse/faces/javax.faces.resource/theme.css?ln=primefaces-sipse HTTP/1.1" 304 -
201.245.192.253 - - [22/Aug/2017:09:01:23 -0500] "GET /sipse/faces/javax.faces.resource/jquery/jquery-plugins.js;jsessionid=6mB62BKObK8y8LYd6ht4oNPS.undefined?ln=primefaces&v=4.0 HTTP/1.1" 200 220526
157.253.228.167 - - [22/Aug/2017:09:01:23 -0500] "GET /galeria/galeria/jquery.fancybox.css?v=2.1.5 HTTP/1.1" 200 4895
157.253.228.167 - - [22/Aug/2017:09:01:23 -0500] "GET /galeria/galeria/jquery.fancybox.js?v=2.1.5 HTTP/1.1" 200 48706
157.253.228.167 - - [22/Aug/2017:09:01:23 -0500] "GET /galeria/carrusel/Carrusel/jquery.thumbnailScroller.css HTTP/1.1" 200 2066
157.253.228.167 - - [22/Aug/2017:09:01:23 -0500] "GET /BLA/boletinlegal/js/jquery.scrollShow.js HTTP/1.1" 200 4586
201.245.192.253 - - [22/Aug/2017:09:01:23 -0500] "GET /sipse/faces/javax.faces.resource/jquery/jquery.js;jsessionid=6mB62BKObK8y8LYd6ht4oNPS.undefined?ln=primefaces&v=4.0 HTTP/1.1" 200 105384
201.245.192.253 - - [22/Aug/2017:09:01:23 -0500] "GET /sipse/faces/javax.faces.resource/primefaces.js;jsessionid=6mB62BKObK8y8LYd6ht4oNPS.undefined?ln=primefaces&v=4.0 HTTP/1.1" 200 276924
201.245.192.253 - - [22/Aug/2017:09:01:22 -0500] "GET /isolucionsda/Login.aspx?TARGET=SFContainerFiltrado.aspx&number=70545050495569524550 HTTP/1.1" 302 886
201.245.192.253 - - [22/Aug/2017:09:01:24 -0500] "GET /isolucionsda/SFContainerFiltrado.aspx?Number=70545050495569524550 HTTP/1.1" 200 14314
201.245.192.253 - - [22/Aug/2017:09:01:24 -0500] "GET /isolucionsda/DetalleTareas.aspx?Number=70545050495569524550 HTTP/1.1" 200 5355
201.245.192.253 - - [22/Aug/2017:09:01:24 -0500] "GET /isolucionsda/auxlib.js HTTP/1.1" 404 5201
201.245.192.253 - - [22/Aug/2017:09:01:24 -0500] "GET /isolucionsda/infowndpublic.js HTTP/1.1" 404 5215
201.245.192.253 - - [22/Aug/2017:09:01:24 -0500] "GET /isolucionsda/infowndcore.js HTTP/1.1" 404 5211
201.245.192.253 - - [22/Aug/2017:09:01:25 -0500] "GET /sipse/css/imagen/logoSDG.png HTTP/1.1" 304 -
201.245.192.253 - - [22/Aug/2017:09:01:25 -0500] "GET /sipse/css/imagen/loginimg.png HTTP/1.1" 304 -
201.245.192.253 - - [22/Aug/2017:09:01:25 -0500] "GET /sipse/faces/javax.faces.resource/images/ui-icons_898989_256x240.png?ln=primefaces-aristo HTTP/1.1" 304 -
201.245.192.253 - - [22/Aug/2017:09:01:25 -0500] "GET /sipse/faces/faces/index.xhtml HTTP/1.1" 200 728
157.253.228.167 - - [22/Aug/2017:09:01:25 -0500] "GET /galeria/carrusel/Carrusel/jquery-ui-1.8.13.custom.min.js HTTP/1.1" 200 10800
201.245.192.253 - - [22/Aug/2017:09:01:25 -0500] "GET /sipse/faces/javax.faces.resource/theme.css?ln=primefaces-sipse HTTP/1.1" 304 -
201.245.192.253 - - [22/Aug/2017:09:01:25 -0500] "GET /sipse/faces/faces/faces/autenticacion.xhtml HTTP/1.1" 200 10847
201.245.192.253 - - [22/Aug/2017:09:01:25 -0500] "GET /sipse/faces/javax.faces.resource/theme.css?ln=primefaces-sipse HTTP/1.1" 304 -
201.245.192.253 - - [22/Aug/2017:09:01:25 -0500] "GET /sipse/faces/javax.faces.resource/primefaces.css?ln=primefaces&v=4.0 HTTP/1.1" 304 -
201.245.192.253 - - [22/Aug/2017:09:01:25 -0500] "GET /sipse/faces/javax.faces.resource/layout/layout.css?ln=primefaces&v=4.0 HTTP/1.1" 304 -
201.245.192.253 - - [22/Aug/2017:09:01:25 -0500] "GET /sipse/faces/javax.faces.resource/jquery/jquery.js?ln=primefaces&v=4.0 HTTP/1.1" 304 -
201.245.192.253 - - [22/Aug/2017:09:01:25 -0500] "GET /sipse/faces/javax.faces.resource/jquery/jquery-plugins.js?ln=primefaces&v=4.0 HTTP/1.1" 304 -
201.245.192.253 - - [22/Aug/2017:09:01:25 -0500] "GET /sipse/faces/javax.faces.resource/primefaces.js?ln=primefaces&v=4.0 HTTP/1.1" 304 -
201.245.192.253 - - [22/Aug/2017:09:01:25 -0500] "GET /sipse/faces/javax.faces.resource/layout/layout.js?ln=primefaces&v=4.0 HTTP/1.1" 304 -
201.245.192.253 - - [22/Aug/2017:09:01:25 -0500] "GET /sipse/faces/javax.faces.resource/images/ui-icons_898989_256x240.png?ln=primefaces-aristo HTTP/1.1" 304 -
157.253.228.167 - - [22/Aug/2017:09:01:26 -0500] "GET /galeria/carrusel/Carrusel/jquery.thumbnailScroller.js HTTP/1.1" 200 8157
201.245.192.253 - - [22/Aug/2017:09:01:27 -0500] "POST /sipse/faces/autenticacion.xhtml HTTP/1.1" 200 16208
201.245.192.253 - - [22/Aug/2017:09:01:28 -0500] "GET /sipse/css/custom_css_sg_prime.css HTTP/1.1" 304 -
201.245.192.253 - - [22/Aug/2017:09:01:28 -0500] "GET /sipse/js/jquery.min.js HTTP/1.1" 304 -
201.245.192.253 - - [22/Aug/2017:09:01:28 -0500] "GET /sipse/faces/javax.faces.resource/jquery/jquery.js?ln=primefaces&v=4.0 HTTP/1.1" 304 -
201.245.192.253 - - [22/Aug/2017:09:01:28 -0500] "GET /sipse/faces/javax.faces.resource/jquery/jquery-plugins.js?ln=primefaces&v=4.0 HTTP/1.1" 304 -
201.245.192.253 - - [22/Aug/2017:09:01:28 -0500] "GET /sipse/faces/javax.faces.resource/primefaces.js?ln=primefaces&v=4.0 HTTP/1.1" 304 -
201.245.192.253 - - [22/Aug/2017:09:01:28 -0500] "GET /sipse/faces/javax.faces.resource/layout/layout.js?ln=primefaces&v=4.0 HTTP/1.1" 304 -
64.229.223.157 - - [22/Aug/2017:09:01:28 -0500] "GET /galeria/galeria/jquery.fancybox.css?v=2.1.5 HTTP/1.1" 200 4895
