85.20.88.10 - - [07/Sep/2017:03:39:06 -0500] "GET /galeria/carrusel/Carrusel/jquery-ui-1.8.13.custom.min.js HTTP/1.1" 200 10800
85.20.88.10 - - [07/Sep/2017:03:39:07 -0500] "GET /galeria/carrusel/Carrusel/jquery.thumbnailScroller.js HTTP/1.1" 200 8157
35.190.207.132 - - [07/Sep/2017:03:39:08 -0500] "-" 408 -
85.20.88.10 - - [07/Sep/2017:03:39:10 -0500] "GET /galeria/nivo-slider/demo/demo.html HTTP/1.1" 200 4376
85.20.88.10 - - [07/Sep/2017:03:39:10 -0500] "GET /galeria/nivo-slider/themes/default/default.css HTTP/1.1" 200 1569
85.20.88.10 - - [07/Sep/2017:03:39:10 -0500] "GET /galeria/nivo-slider/themes/pascal/pascal.css HTTP/1.1" 200 2258
85.20.88.10 - - [07/Sep/2017:03:39:10 -0500] "GET /galeria/nivo-slider/nivo-slider.css HTTP/1.1" 200 1507
85.20.88.10 - - [07/Sep/2017:03:39:10 -0500] "GET /galeria/nivo-slider/demo/style.css HTTP/1.1" 200 2222
85.20.88.10 - - [07/Sep/2017:03:39:11 -0500] "GET /galeria/nivo-slider/themes/orman/orman.css HTTP/1.1" 200 2152
85.20.88.10 - - [07/Sep/2017:03:39:11 -0500] "GET /galeria/nivo-slider/jquery.nivo.slider.pack.js HTTP/1.1" 200 11561
85.20.88.10 - - [07/Sep/2017:03:39:11 -0500] "GET /galeria/nivo-slider/demo/scripts/jquery-1.7.1.min.js HTTP/1.1" 200 93868
85.20.88.10 - - [07/Sep/2017:03:39:11 -0500] "GET /galeria/nivo-slider/demo/images/Banner-aceite-vegetal.jpg HTTP/1.1" 200 66152
85.20.88.10 - - [07/Sep/2017:03:39:11 -0500] "GET /galeria/nivo-slider/demo/images/dia-civico.jpg HTTP/1.1" 200 273112
85.20.88.10 - - [07/Sep/2017:03:39:11 -0500] "GET /galeria/nivo-slider/demo/images/Urgente.jpg HTTP/1.1" 200 249232
85.20.88.10 - - [07/Sep/2017:03:39:11 -0500] "GET /galeria/nivo-slider/demo/images/BANNERCAMBIODESEDE2.jpg HTTP/1.1" 200 120178
85.20.88.10 - - [07/Sep/2017:03:39:12 -0500] "GET /galeria/nivo-slider/demo/images/Impacto.jpg HTTP/1.1" 200 54793
85.20.88.10 - - [07/Sep/2017:03:39:12 -0500] "GET /galeria/nivo-slider/demo/images/Encusta2017.jpg HTTP/1.1" 200 212313
85.20.88.10 - - [07/Sep/2017:03:39:12 -0500] "GET /galeria/nivo-slider/demo/images/maximavelocidad.png HTTP/1.1" 200 880272
85.20.88.10 - - [07/Sep/2017:03:39:13 -0500] "GET /galeria/nivo-slider/themes/default/loading.gif HTTP/1.1" 200 1737
85.20.88.10 - - [07/Sep/2017:03:39:19 -0500] "GET /galeria/nivo-slider/demo/images/4Simple_Slider.png HTTP/1.1" 200 11722
201.245.192.253 - - [07/Sep/2017:03:39:19 -0500] "GET /galeria/nivo-slider/demo/undefined HTTP/1.1" 404 1314
85.20.88.10 - - [07/Sep/2017:03:39:20 -0500] "GET /galeria/nivo-slider/demo/images/RIOBOGOTA.jpg HTTP/1.1" 200 126440
85.20.88.10 - - [07/Sep/2017:03:39:20 -0500] "GET /galeria/nivo-slider/demo/images/BANNERCAMINASEP-OCT2017.jpg HTTP/1.1" 200 496401
85.20.88.10 - - [07/Sep/2017:03:39:20 -0500] "GET /galeria/nivo-slider/demo/images/banner%20aceite%20vegetal%20usado.jpg HTTP/1.1" 200 169350
85.20.88.10 - - [07/Sep/2017:03:39:21 -0500] "GET /galeria/nivo-slider/demo/images/bannerlumina2017web.jpg HTTP/1.1" 200 198918
85.20.88.10 - - [07/Sep/2017:03:39:21 -0500] "GET /galeria/nivo-slider/demo/images/BANNERRUTADEVERTIMIENTOS.jpg HTTP/1.1" 200 98506
85.20.88.10 - - [07/Sep/2017:03:39:21 -0500] "GET /galeria/nivo-slider/demo/images/bolsas-06.jpg HTTP/1.1" 200 210950
85.20.88.10 - - [07/Sep/2017:03:39:25 -0500] "GET /galeria/nivo-slider/themes/default/arrows.png HTTP/1.1" 200 824
85.20.88.10 - - [07/Sep/2017:03:39:25 -0500] "GET /galeria/nivo-slider/themes/default/bullets.png HTTP/1.1" 200 1281
52.183.70.229 - - [07/Sep/2017:03:39:32 -0500] "GET /Autoliquidacion/Grupo%20Forestal%20-%20Silvicultura/Formulario%20de%20recoleccion%20de%20informacion%20silvicultural%20por%20individuo%20-%20Ficha%201.xls HTTP/1.1" 200 1517056
181.130.70.221 - - [07/Sep/2017:03:39:37 -0500] "GET /BLA/boletinlegal/norma_menu.php HTTP/1.1" 200 6318
181.130.70.221 - - [07/Sep/2017:03:39:37 -0500] "GET /BLA/boletinlegal/styles2.css HTTP/1.1" 200 1838
181.130.70.221 - - [07/Sep/2017:03:39:37 -0500] "GET /BLA/boletinlegal/swfobject.js HTTP/1.1" 200 9763
181.130.70.221 - - [07/Sep/2017:03:39:37 -0500] "GET /BLA/boletinlegal/style.css HTTP/1.1" 200 9406
181.130.70.221 - - [07/Sep/2017:03:39:37 -0500] "GET /BLA/boletinlegal/js/ajax.js HTTP/1.1" 200 772
181.130.70.221 - - [07/Sep/2017:03:39:37 -0500] "GET /BLA/boletinlegal/js/lib.js HTTP/1.1" 200 6474
181.130.70.221 - - [07/Sep/2017:03:39:37 -0500] "GET /BLA/boletinlegal/js/popup.js HTTP/1.1" 200 1270
181.130.70.221 - - [07/Sep/2017:03:39:37 -0500] "GET /BLA/boletinlegal/js/jquery1.js HTTP/1.1" 200 29846
181.130.70.221 - - [07/Sep/2017:03:39:37 -0500] "GET /BLA/boletinlegal/images/signo-mas.gif HTTP/1.1" 200 13689
181.130.70.221 - - [07/Sep/2017:03:39:37 -0500] "GET /BLA/boletinlegal/images/signo-menos.gif HTTP/1.1" 200 13454
181.130.70.221 - - [07/Sep/2017:03:39:37 -0500] "GET /BLA/boletinlegal/images/cabezote%20BLEGAL.jpg HTTP/1.1" 200 118164
181.130.70.221 - - [07/Sep/2017:03:39:37 -0500] "GET /BLA/boletinlegal/images/subscribe-icon-big.png HTTP/1.1" 200 47702
181.130.70.221 - - [07/Sep/2017:03:39:37 -0500] "GET /BLA/boletinlegal/images/nuevo.gif HTTP/1.1" 200 26475
181.130.70.221 - - [07/Sep/2017:03:39:38 -0500] "GET /BLA/boletinlegal/images/historia.png HTTP/1.1" 200 52775
181.130.70.221 - - [07/Sep/2017:03:39:38 -0500] "GET /BLA/boletinlegal/images/registro-usuarios.png HTTP/1.1" 200 8106
181.130.70.221 - - [07/Sep/2017:03:39:38 -0500] "GET /BLA/boletinlegal/images/img_3.jpg HTTP/1.1" 200 1841
181.130.70.221 - - [07/Sep/2017:03:39:38 -0500] "GET /BLA/boletinlegal/images/tel.png HTTP/1.1" 200 14477
181.130.70.221 - - [07/Sep/2017:03:39:38 -0500] "GET /BLA/boletinlegal/images/icono-email.png HTTP/1.1" 200 5544
181.130.70.221 - - [07/Sep/2017:03:39:38 -0500] "GET /BLA/boletinlegal/images/body_bg.jpg HTTP/1.1" 200 1601
181.130.70.221 - - [07/Sep/2017:03:39:38 -0500] "GET /BLA/boletinlegal/images/menu_lft.gif HTTP/1.1" 200 1713
181.130.70.221 - - [07/Sep/2017:03:39:38 -0500] "GET /BLA/boletinlegal/images/menu_rght.gif HTTP/1.1" 200 1627
181.130.70.221 - - [07/Sep/2017:03:39:38 -0500] "GET /BLA/boletinlegal/images/bg_top.jpg HTTP/1.1" 200 522
181.130.70.221 - - [07/Sep/2017:03:39:38 -0500] "GET /BLA/boletinlegal/images/menu_bg.jpg HTTP/1.1" 200 620
181.130.70.221 - - [07/Sep/2017:03:39:38 -0500] "GET /BLA/boletinlegal/images/hover.jpg HTTP/1.1" 200 640
181.130.70.221 - - [07/Sep/2017:03:39:38 -0500] "GET /BLA/boletinlegal/images/text.jpg HTTP/1.1" 200 568
181.130.70.221 - - [07/Sep/2017:03:39:38 -0500] "GET /BLA/boletinlegal/images/footer_bg.jpg HTTP/1.1" 200 586
181.130.70.221 - - [07/Sep/2017:03:39:38 -0500] "GET /BLA/boletinlegal/images/footer_bg_l.jpg HTTP/1.1" 200 776
201.245.192.253 - - [07/Sep/2017:03:39:40 -0500] "GET /galeria/nivo-slider/demo/undefined HTTP/1.1" 404 1314
66.249.69.203 - - [07/Sep/2017:03:40:20 -0500] "GET /BLA/resoluciones/RESOLUCIONES%202013/1839.pdf HTTP/1.1" 200 569746
35.190.207.132 - - [07/Sep/2017:03:40:30 -0500] "-" 408 -
85.20.88.10 - - [07/Sep/2017:03:40:43 -0500] "GET /galeria/nivo-slider/demo/images/maximavelocidad.png HTTP/1.1" 304 -
66.249.69.203 - - [07/Sep/2017:03:41:29 -0500] "GET /BLA/resoluciones/AUTOS%202014/0988.pdf HTTP/1.1" 200 551216
201.245.192.253 - - [07/Sep/2017:03:41:40 -0500] "GET /galeria/nivo-slider/demo/undefined HTTP/1.1" 404 1314
192.168.175.104 - - [07/Sep/2017:03:41:41 -0500] "GET / HTTP/1.1" 200 9990
35.187.52.64 - - [07/Sep/2017:03:41:54 -0500] "-" 408 -
190.62.43.189 - - [07/Sep/2017:03:41:55 -0500] "GET /galeria/galeria/jquery.fancybox.css?v=2.1.5 HTTP/1.1" 200 4895
190.62.43.189 - - [07/Sep/2017:03:41:55 -0500] "GET /galeria/galeria/jquery.fancybox.js?v=2.1.5 HTTP/1.1" 200 48706
201.245.192.253 - - [07/Sep/2017:03:42:00 -0500] "GET /galeria/nivo-slider/demo/undefined HTTP/1.1" 404 1314
192.168.175.104 - - [07/Sep/2017:03:42:01 -0500] "GET / HTTP/1.0" 200 9990
69.162.124.233 - - [07/Sep/2017:03:42:15 -0500] "HEAD / HTTP/1.1" 200 -
192.168.175.104 - - [07/Sep/2017:03:42:56 -0500] "GET / HTTP/1.1" 200 9990
207.46.13.8 - - [07/Sep/2017:03:43:06 -0500] "GET /BLA/boletinlegal/actas/079-2013.pdf HTTP/1.1" 200 1500109
35.187.34.70 - - [07/Sep/2017:03:43:12 -0500] "-" 408 -
201.245.192.253 - - [07/Sep/2017:03:44:00 -0500] "GET /galeria/nivo-slider/demo/undefined HTTP/1.1" 404 1314
201.245.192.253 - - [07/Sep/2017:03:44:21 -0500] "GET /galeria/nivo-slider/demo/undefined HTTP/1.1" 404 1314
35.189.215.158 - - [07/Sep/2017:03:44:39 -0500] "-" 408 -
200.66.45.238 - - [07/Sep/2017:03:45:44 -0500] "GET /galeria/galeria/jquery.fancybox.css?v=2.1.5 HTTP/1.1" 200 4895
200.66.45.238 - - [07/Sep/2017:03:45:44 -0500] "GET /BLA/boletinlegal/js/jquery.scrollShow.js HTTP/1.1" 200 4586
200.66.45.238 - - [07/Sep/2017:03:45:44 -0500] "GET /galeria/galeria/jquery.fancybox.js?v=2.1.5 HTTP/1.1" 200 48706
66.249.69.203 - - [07/Sep/2017:03:46:03 -0500] "GET /BLA/resoluciones/RESOLUCIONES%202009/9501.pdf HTTP/1.1" 200 487207
35.189.215.158 - - [07/Sep/2017:03:46:03 -0500] "-" 408 -
66.249.69.203 - - [07/Sep/2017:03:46:17 -0500] "GET /galeria/galeria/fotos/Humedal-la-conejera3G.jpg HTTP/1.1" 304 -
201.245.192.253 - - [07/Sep/2017:03:46:21 -0500] "GET /galeria/nivo-slider/demo/undefined HTTP/1.1" 404 1314
66.249.69.205 - - [07/Sep/2017:03:46:40 -0500] "GET /BLA/resoluciones/AUTOS%202006/AUTOS%202006%203301%20-%203418/00003361.tif HTTP/1.1" 200 186924
181.130.70.221 - - [07/Sep/2017:03:46:40 -0500] "GET /autoliquidacion HTTP/1.1" 301 310
192.168.175.104 - - [07/Sep/2017:03:46:40 -0500] "GET / HTTP/1.1" 200 9990
181.130.70.221 - - [07/Sep/2017:03:46:40 -0500] "GET /autoliquidacion/ HTTP/1.1" 200 6377
181.130.70.221 - - [07/Sep/2017:03:46:40 -0500] "GET /autoliquidacion/dlf/styles.css HTTP/1.1" 200 3045
181.130.70.221 - - [07/Sep/2017:03:46:40 -0500] "GET /autoliquidacion/dlf/folder.png HTTP/1.1" 200 410
181.130.70.221 - - [07/Sep/2017:03:46:40 -0500] "GET /autoliquidacion/dlf/bg.gif HTTP/1.1" 200 54
201.245.192.253 - - [07/Sep/2017:03:46:41 -0500] "GET /galeria/nivo-slider/demo/undefined HTTP/1.1" 404 1314
192.168.175.104 - - [07/Sep/2017:03:46:59 -0500] "GET / HTTP/1.0" 200 9990
66.249.69.201 - - [07/Sep/2017:03:47:11 -0500] "GET /BLA/resoluciones/RESOLUCIONES%202010/6485.pdf HTTP/1.1" 200 1541710
69.162.124.233 - - [07/Sep/2017:03:47:15 -0500] "HEAD / HTTP/1.1" 200 -
35.189.215.158 - - [07/Sep/2017:03:47:25 -0500] "-" 408 -
192.168.175.104 - - [07/Sep/2017:03:47:55 -0500] "GET / HTTP/1.1" 200 9990
66.249.69.203 - - [07/Sep/2017:03:48:20 -0500] "GET /BLA/resoluciones/RESOLUCIONES%202007/RES%202007%202801%20AL%202900/RESOLUCION%202815%20%20DE%202007.pdf HTTP/1.1" 200 245554
201.245.192.253 - - [07/Sep/2017:03:48:42 -0500] "GET /galeria/nivo-slider/demo/undefined HTTP/1.1" 404 1314
35.187.96.204 - - [07/Sep/2017:03:48:50 -0500] "-" 408 -
201.245.192.253 - - [07/Sep/2017:03:49:02 -0500] "GET /galeria/nivo-slider/demo/undefined HTTP/1.1" 404 1314
66.249.69.203 - - [07/Sep/2017:03:49:29 -0500] "GET /BLA/resoluciones/RESOLUCIONES%202009/8490.pdf HTTP/1.1" 200 734127
122.21.30.74 - - [07/Sep/2017:03:49:39 -0500] "GET /BLA/resoluciones/AUTOS%202013/0859.pdf HTTP/1.1" 200 2546358
122.21.30.74 - - [07/Sep/2017:03:49:40 -0500] "GET /favicon.ico HTTP/1.1" 200 7782
122.21.30.74 - - [07/Sep/2017:03:49:41 -0500] "GET /BLA/resoluciones/AUTOS%202013/0859.pdf HTTP/1.1" 206 2535416
69.162.124.233 - - [07/Sep/2017:03:49:57 -0500] "HEAD / HTTP/1.1" 200 -
46.161.9.3 - - [07/Sep/2017:03:49:58 -0500] "GET /Anexos%20estudio%20Organizacional%20SDA/ANEXO%20No.%203-%20CONTRATACI\xc3\x93N%20%20OPS\xc2\xb4s%202008-2012/CONTRATOS%20SDA%202009%20POR%20DEPENDENCIA%20(1).xls HTTP/1.0" 200 461824
46.161.9.3 - - [07/Sep/2017:03:50:00 -0500] "GET / HTTP/1.0" 200 9990
104.199.87.90 - - [07/Sep/2017:03:50:10 -0500] "-" 408 -
201.245.192.253 - - [07/Sep/2017:03:51:02 -0500] "GET /galeria/nivo-slider/demo/undefined HTTP/1.1" 404 1314
51.255.65.78 - - [07/Sep/2017:03:51:19 -0500] "GET /BLA/resoluciones/RESOLUCIONES%202006/RES%202006%20951-1000/00000972.tif HTTP/1.1" 200 881650
201.245.192.253 - - [07/Sep/2017:03:51:22 -0500] "GET /galeria/nivo-slider/demo/undefined HTTP/1.1" 404 1314
217.182.132.86 - - [07/Sep/2017:03:51:30 -0500] "GET /BLA/resoluciones/RESOLUCIONES%202005/RES%202005%20251-300/00000255.tif HTTP/1.1" 200 121170
35.187.34.70 - - [07/Sep/2017:03:51:32 -0500] "-" 408 -
192.168.175.104 - - [07/Sep/2017:03:51:38 -0500] "GET / HTTP/1.1" 200 9990
66.249.69.201 - - [07/Sep/2017:03:51:46 -0500] "GET /BLA/resoluciones/AUTOS%202016/2333.pdf HTTP/1.1" 200 604612
192.168.175.104 - - [07/Sep/2017:03:51:56 -0500] "GET / HTTP/1.0" 200 9990
35.190.207.132 - - [07/Sep/2017:03:52:53 -0500] "-" 408 -
192.168.175.104 - - [07/Sep/2017:03:52:54 -0500] "GET / HTTP/1.1" 200 9990
201.245.192.253 - - [07/Sep/2017:03:53:23 -0500] "GET /galeria/nivo-slider/demo/undefined HTTP/1.1" 404 1314
201.245.192.253 - - [07/Sep/2017:03:53:43 -0500] "GET /galeria/nivo-slider/demo/undefined HTTP/1.1" 404 1314
152.61.128.50 - - [07/Sep/2017:03:54:00 -0500] "HEAD / HTTP/1.1" 200 -
66.249.69.203 - - [07/Sep/2017:03:54:03 -0500] "GET /BLA/resoluciones/Notificaciones/AUTOS%202013/02091.doc HTTP/1.1" 200 226816
35.187.52.64 - - [07/Sep/2017:03:54:15 -0500] "-" 408 -
152.61.128.50 - - [07/Sep/2017:03:54:01 -0500] "GET /arcgis/services/Calidad_del_Agua_WQI/MapServer/WMSServer?request=GetCapabilities&service=WMS HTTP/1.1" 503 1020
152.61.128.50 - - [07/Sep/2017:03:54:22 -0500] "GET /arcgis/services/Calidad_del_Agua_WQI/MapServer/WMSServer?SERVICE=WMS&REQUEST=GetCapabilities HTTP/1.1" 503 1020
152.61.128.50 - - [07/Sep/2017:03:54:22 -0500] "GET /arcgis/services/Calidad_del_Agua_WQI/MapServer/WMSServer?WMTVER=1.0.0&REQUEST=capabilities HTTP/1.1" 503 1020
217.182.132.69 - - [07/Sep/2017:03:55:08 -0500] "GET /BLA/resoluciones/RESOLUCIONES%202006/RES%202006%20%202901-2950/00002943.tif HTTP/1.1" 200 247892
66.249.69.201 - - [07/Sep/2017:03:55:11 -0500] "GET /BLA/resoluciones/AUTOS%202013/3593.pdf HTTP/1.1" 304 -
52.183.70.229 - - [07/Sep/2017:03:55:30 -0500] "GET /Anexos%20estudio%20Organizacional%20SDA/ANEXO%20No.%203-%20CONTRATACI%C3%93N%20%20OPS%C2%B4s%202008-2012/CONTRATOS%20SDA%202011%20POR%20DEPENDENCIA.xls HTTP/1.1" 200 433152
35.187.34.70 - - [07/Sep/2017:03:55:32 -0500] "-" 408 -
35.187.34.70 - - [07/Sep/2017:03:55:42 -0500] "-" 408 -
201.245.192.253 - - [07/Sep/2017:03:55:43 -0500] "GET /galeria/nivo-slider/demo/undefined HTTP/1.1" 404 1314
201.245.192.253 - - [07/Sep/2017:03:56:03 -0500] "GET /galeria/nivo-slider/demo/undefined HTTP/1.1" 404 1314
66.249.69.203 - - [07/Sep/2017:03:56:06 -0500] "GET /galeria/galeria/fotos/3GuaymaralTorcaG3.jpg HTTP/1.1" 304 -
217.182.132.29 - - [07/Sep/2017:03:56:26 -0500] "GET /BLA/resoluciones/AUTOS%202006/AUTOS%202006%20601-700/00000610.tif HTTP/1.1" 200 88478
192.168.175.104 - - [07/Sep/2017:03:56:36 -0500] "GET / HTTP/1.1" 200 9990
35.189.215.158 - - [07/Sep/2017:03:56:49 -0500] "-" 408 -
207.46.13.91 - - [07/Sep/2017:03:56:54 -0500] "GET /videos/ambiente-ciudad/playlist.htm? HTTP/1.1" 200 4429
192.168.175.104 - - [07/Sep/2017:03:56:55 -0500] "GET / HTTP/1.0" 200 9990
216.218.206.68 - - [07/Sep/2017:03:57:33 -0500] "GET / HTTP/1.1" 200 9990
192.168.175.104 - - [07/Sep/2017:03:57:52 -0500] "GET / HTTP/1.1" 200 9990
201.245.192.253 - - [07/Sep/2017:03:58:04 -0500] "GET /galeria/nivo-slider/demo/undefined HTTP/1.1" 404 1314
69.162.124.233 - - [07/Sep/2017:03:58:13 -0500] "HEAD / HTTP/1.1" 200 -
35.187.34.70 - - [07/Sep/2017:03:58:15 -0500] "-" 408 -
201.245.192.253 - - [07/Sep/2017:03:58:24 -0500] "GET /galeria/nivo-slider/demo/undefined HTTP/1.1" 404 1314
216.218.206.68 - - [07/Sep/2017:03:58:41 -0500] "GET / HTTP/1.1" 200 9990
35.189.218.56 - - [07/Sep/2017:03:59:34 -0500] "-" 408 -
66.249.69.203 - - [07/Sep/2017:03:59:46 -0500] "GET /BLA/resoluciones/RESOLUCIONES%202007/RES%202007%20301%20AL%20400/RESOLUCION%200362%20DE%202007.pdf HTTP/1.1" 200 374673
201.245.192.253 - - [07/Sep/2017:04:00:24 -0500] "GET /galeria/nivo-slider/demo/undefined HTTP/1.1" 404 1314
201.245.192.253 - - [07/Sep/2017:04:00:44 -0500] "GET /galeria/nivo-slider/demo/undefined HTTP/1.1" 404 1314
51.255.65.6 - - [07/Sep/2017:04:00:45 -0500] "GET /BLA/resoluciones/RESOLUCIONES%202005/RES%202005%20351-400/00000377.tif HTTP/1.1" 200 73466
35.190.203.87 - - [07/Sep/2017:04:00:53 -0500] "-" 408 -
66.249.69.201 - - [07/Sep/2017:04:00:54 -0500] "GET /BLA/resoluciones/index.php?dir=AUTOS%201997/&sort=name&order=asc HTTP/1.1" 200 1812
182.50.130.111 - - [07/Sep/2017:04:01:29 -0500] "GET /db.tar.gz HTTP/1.1" 404 1139
192.168.175.104 - - [07/Sep/2017:04:01:34 -0500] "GET / HTTP/1.1" 200 9990
192.168.175.104 - - [07/Sep/2017:04:01:55 -0500] "GET / HTTP/1.0" 200 9990
66.249.69.203 - - [07/Sep/2017:04:02:03 -0500] "GET /BLA/resoluciones/RESOLUCIONES%202007/RES%202007%202001%20AL%202100/RESOLUCION%202003%20DE%202007.pdf HTTP/1.1" 200 545350
35.190.201.122 - - [07/Sep/2017:04:02:13 -0500] "-" 408 -
190.9.213.158 - - [07/Sep/2017:04:02:27 -0500] "GET /galeria/galeria/jquery.fancybox.css?v=2.1.5 HTTP/1.1" 200 4895
190.9.213.158 - - [07/Sep/2017:04:02:27 -0500] "GET /BLA/boletinlegal/js/jquery.scrollShow.js HTTP/1.1" 200 4586
190.9.213.158 - - [07/Sep/2017:04:02:27 -0500] "GET /galeria/galeria/jquery.fancybox.js?v=2.1.5 HTTP/1.1" 200 48706
201.245.192.253 - - [07/Sep/2017:04:02:45 -0500] "GET /galeria/nivo-slider/demo/undefined HTTP/1.1" 404 1314
192.168.175.104 - - [07/Sep/2017:04:02:50 -0500] "GET / HTTP/1.1" 200 9990
201.245.192.253 - - [07/Sep/2017:04:03:05 -0500] "GET /galeria/nivo-slider/demo/undefined HTTP/1.1" 404 1314
66.249.69.201 - - [07/Sep/2017:04:03:11 -0500] "GET /BLA/resoluciones/RESOLUCIONES%202007/RES%202007%204101%20AL%204200/RESOLUCION%204182%20DE%202007.pdf HTTP/1.1" 200 667985
164.132.161.66 - - [07/Sep/2017:04:03:21 -0500] "GET /BLA/resoluciones/AUTOS%202006/AUTOS%202006%201401%20-%201500/00001424.tif HTTP/1.1" 200 59660
35.190.203.87 - - [07/Sep/2017:04:03:36 -0500] "-" 408 -
206.53.226.251 - - [07/Sep/2017:04:03:45 -0500] "GET /galeria/galeria/jquery.fancybox.css?v=2.1.5 HTTP/1.1" 304 -
66.249.69.201 - - [07/Sep/2017:04:04:20 -0500] "GET /BLA/resoluciones/RESOLUCIONES%202008/2811.pdf HTTP/1.1" 200 196595
69.162.124.233 - - [07/Sep/2017:04:04:34 -0500] "HEAD / HTTP/1.1" 200 -
35.189.215.158 - - [07/Sep/2017:04:04:58 -0500] "-" 408 -
201.245.192.253 - - [07/Sep/2017:04:05:05 -0500] "GET /galeria/nivo-slider/demo/undefined HTTP/1.1" 404 1314
201.245.192.253 - - [07/Sep/2017:04:05:25 -0500] "GET /galeria/nivo-slider/demo/undefined HTTP/1.1" 404 1314
66.249.69.201 - - [07/Sep/2017:04:05:58 -0500] "GET /galeria/galeria/fotos/2GuaymaralTorcaG2.jpg HTTP/1.1" 304 -
35.190.203.87 - - [07/Sep/2017:04:06:20 -0500] "-" 408 -
54.79.18.89 - - [07/Sep/2017:04:06:23 -0500] "-" 408 -
217.182.132.187 - - [07/Sep/2017:04:06:27 -0500] "GET /BLA/resoluciones/RESOLUCIONES%202004/RES%202004%20551-600/00000564.tif HTTP/1.1" 200 93450
54.172.241.121 - - [07/Sep/2017:04:06:31 -0500] "GET /robots.txt HTTP/1.1" 404 1018
192.168.175.104 - - [07/Sep/2017:04:06:32 -0500] "GET / HTTP/1.1" 200 9990
66.249.69.203 - - [07/Sep/2017:04:06:37 -0500] "GET /BLA/resoluciones/RESOLUCIONES%202011/0976.pdf HTTP/1.1" 200 75605
54.79.18.89 - - [07/Sep/2017:04:06:41 -0500] "-" 408 -
192.168.175.104 - - [07/Sep/2017:04:06:54 -0500] "GET / HTTP/1.0" 200 9990
66.249.69.203 - - [07/Sep/2017:04:06:55 -0500] "GET /BLA/resoluciones/AUTOS%202006/AUTOS%202006%202201%20-%202300/00002232.tif HTTP/1.1" 200 55366
54.79.18.89 - - [07/Sep/2017:04:06:59 -0500] "-" 408 -
54.79.18.89 - - [07/Sep/2017:04:07:21 -0500] "-" 408 -
35.189.197.90 - - [07/Sep/2017:04:07:25 -0500] "-" 408 -
201.245.192.253 - - [07/Sep/2017:04:07:26 -0500] "GET /galeria/nivo-slider/demo/undefined HTTP/1.1" 404 1314
35.187.96.204 - - [07/Sep/2017:04:07:40 -0500] "-" 408 -
54.79.18.89 - - [07/Sep/2017:04:07:40 -0500] "-" 408 -
201.245.192.253 - - [07/Sep/2017:04:07:46 -0500] "GET /galeria/nivo-slider/demo/undefined HTTP/1.1" 404 1314
66.249.69.205 - - [07/Sep/2017:04:07:46 -0500] "GET /BLA/resoluciones/RESOLUCIONES%202016/1326.pdf HTTP/1.1" 200 553106
192.168.175.104 - - [07/Sep/2017:04:07:48 -0500] "GET / HTTP/1.1" 200 9990
54.79.18.89 - - [07/Sep/2017:04:08:02 -0500] "-" 408 -
199.30.24.78 - - [07/Sep/2017:04:08:02 -0500] "GET /BLA/resoluciones/RESOLUCIONES%202015/0995.pdf HTTP/1.1" 200 6388920
54.79.18.89 - - [07/Sep/2017:04:08:22 -0500] "-" 408 -
66.249.69.203 - - [07/Sep/2017:04:08:54 -0500] "GET /BLA/resoluciones/AUTOS%202009/2724.pdf HTTP/1.1" 200 114714
35.189.218.56 - - [07/Sep/2017:04:09:06 -0500] "-" 408 -
35.197.122.32 - - [07/Sep/2017:04:09:36 -0500] "-" 408 -
201.245.192.253 - - [07/Sep/2017:04:09:46 -0500] "GET /galeria/nivo-slider/demo/undefined HTTP/1.1" 404 1314
66.249.69.201 - - [07/Sep/2017:04:10:03 -0500] "GET /BLA/resoluciones/RESOLUCIONES%202008/4313.pdf HTTP/1.1" 200 269040
201.245.192.253 - - [07/Sep/2017:04:10:06 -0500] "GET /galeria/nivo-slider/demo/undefined HTTP/1.1" 404 1314
35.187.96.204 - - [07/Sep/2017:04:10:24 -0500] "-" 408 -
69.162.124.233 - - [07/Sep/2017:04:10:24 -0500] "HEAD / HTTP/1.1" 200 -
66.249.69.205 - - [07/Sep/2017:04:10:26 -0500] "GET /BLA/resoluciones/RESOLUCIONES%202007/RES%202007%204001%20AL%204100/RESOLUCION%204009%20DE%202007.pdf HTTP/1.1" 200 437407
66.249.69.201 - - [07/Sep/2017:04:10:41 -0500] "GET /galeria/galeria/fotos/mirador3P.jpg HTTP/1.1" 304 -
60.191.40.196 - - [07/Sep/2017:04:11:06 -0500] "-" 408 -
66.249.69.201 - - [07/Sep/2017:04:11:15 -0500] "GET /BLA/resoluciones/RESOLUCIONES%202007/RES%202007%202501%20AL%202600/RESOLUCION%202595%20DE%202007.pdf HTTP/1.1" 200 624721
192.168.175.104 - - [07/Sep/2017:04:11:30 -0500] "GET / HTTP/1.1" 200 9990
104.199.87.90 - - [07/Sep/2017:04:11:49 -0500] "-" 408 -
192.168.175.104 - - [07/Sep/2017:04:11:51 -0500] "GET / HTTP/1.0" 200 9990
66.249.69.205 - - [07/Sep/2017:04:11:57 -0500] "GET /BLA/resoluciones/RESOLUCIONES%202009/3878.pdf HTTP/1.1" 200 1488784
201.245.192.253 - - [07/Sep/2017:04:12:07 -0500] "GET /galeria/nivo-slider/demo/undefined HTTP/1.1" 404 1314
201.245.192.253 - - [07/Sep/2017:04:12:27 -0500] "GET /galeria/nivo-slider/demo/undefined HTTP/1.1" 404 1314
66.249.69.205 - - [07/Sep/2017:04:12:43 -0500] "GET /BLA/resoluciones/AUTOS%202008/0627.pdf HTTP/1.1" 200 102358
192.168.175.104 - - [07/Sep/2017:04:12:46 -0500] "GET / HTTP/1.1" 200 9990
35.190.201.122 - - [07/Sep/2017:04:13:11 -0500] "-" 408 -
35.190.201.122 - - [07/Sep/2017:04:13:21 -0500] "-" 408 -
51.255.71.127 - - [07/Sep/2017:04:13:28 -0500] "GET /BLA/resoluciones/RESOLUCIONES%202005/RES%202005%201251-1300/00001260.tif HTTP/1.1" 200 185126
66.249.69.203 - - [07/Sep/2017:04:13:29 -0500] "GET /BLA/resoluciones/AUTOS%202008/2953.pdf HTTP/1.1" 200 61849
66.249.69.201 - - [07/Sep/2017:04:14:15 -0500] "GET /BLA/resoluciones/RESOLUCIONES%202007/RES%202007%201801%20AL%201900/RESOLUCION%201900%20DE%202007.pdf HTTP/1.1" 200 839387
201.245.192.253 - - [07/Sep/2017:04:14:27 -0500] "GET /galeria/nivo-slider/demo/undefined HTTP/1.1" 404 1314
104.199.87.90 - - [07/Sep/2017:04:14:31 -0500] "-" 408 -
201.245.192.253 - - [07/Sep/2017:04:14:47 -0500] "GET /galeria/nivo-slider/demo/undefined HTTP/1.1" 404 1314
66.249.69.201 - - [07/Sep/2017:04:15:00 -0500] "GET /BLA/resoluciones/RESOLUCIONES%202015/2680.pdf HTTP/1.1" 200 1043266
66.249.69.201 - - [07/Sep/2017:04:15:41 -0500] "GET /galeria/galeria/fotos/Entrenube4P.jpg HTTP/1.1" 304 -
66.249.69.203 - - [07/Sep/2017:04:15:46 -0500] "GET /BLA/resoluciones/AUTOS%202014/0289.pdf HTTP/1.1" 200 855189
104.199.87.90 - - [07/Sep/2017:04:15:52 -0500] "-" 408 -
217.182.132.31 - - [07/Sep/2017:04:16:10 -0500] "GET /BLA/resoluciones/RESOLUCIONES%202005/00001072.tif HTTP/1.1" 200 314290
192.168.175.104 - - [07/Sep/2017:04:16:28 -0500] "GET / HTTP/1.1" 200 9990
66.249.69.203 - - [07/Sep/2017:04:16:32 -0500] "GET /BLA/resoluciones/AUTOS%202014/1918.pdf HTTP/1.1" 200 759112
201.245.192.253 - - [07/Sep/2017:04:16:48 -0500] "GET /galeria/nivo-slider/demo/undefined HTTP/1.1" 404 1314
192.168.175.104 - - [07/Sep/2017:04:16:49 -0500] "GET / HTTP/1.0" 200 9990
85.115.54.202 - - [07/Sep/2017:04:17:02 -0500] "GET /dama/libreria/php/imagenes/10.jpg HTTP/1.1" 404 1019
85.115.54.202 - - [07/Sep/2017:04:17:06 -0500] "GET /dama/libreria/php/imagenes/10.jpg HTTP/1.1" 404 1019
201.245.192.253 - - [07/Sep/2017:04:17:08 -0500] "GET /galeria/nivo-slider/demo/undefined HTTP/1.1" 404 1314
35.187.34.70 - - [07/Sep/2017:04:17:09 -0500] "-" 408 -
66.249.69.201 - - [07/Sep/2017:04:17:18 -0500] "GET /BLA/resoluciones/AUTOS%202013/0672.pdf HTTP/1.1" 200 2578694
192.168.175.104 - - [07/Sep/2017:04:17:44 -0500] "GET / HTTP/1.1" 200 9990
66.249.69.201 - - [07/Sep/2017:04:18:03 -0500] "GET /BLA/resoluciones/RESOLUCIONES%202008/3206.pdf HTTP/1.1" 200 123441
164.132.161.62 - - [07/Sep/2017:04:18:22 -0500] "GET /BLA/resoluciones/RESOLUCIONES%202006/RES%202006%20551-600/00000579.tif HTTP/1.1" 200 392072
35.187.96.204 - - [07/Sep/2017:04:18:27 -0500] "-" 408 -
69.162.124.233 - - [07/Sep/2017:04:18:46 -0500] "HEAD / HTTP/1.1" 200 -
66.249.69.205 - - [07/Sep/2017:04:18:49 -0500] "GET /BLA/resoluciones/AUTOS%202008/1183.pdf HTTP/1.1" 200 184395
201.245.192.253 - - [07/Sep/2017:04:19:08 -0500] "GET /galeria/nivo-slider/demo/undefined HTTP/1.1" 404 1314
201.245.192.253 - - [07/Sep/2017:04:19:28 -0500] "GET /galeria/nivo-slider/demo/undefined HTTP/1.1" 404 1314
66.249.69.201 - - [07/Sep/2017:04:19:39 -0500] "GET /BLA/resoluciones/RESOLUCIONES%202007/RES%202007%201601%20AL%201725/RESOLUCION%201609%20%20DE%202007.pdf HTTP/1.1" 200 500189
66.249.69.209 - - [07/Sep/2017:04:19:41 -0500] "GET /images/LINEA.jpg HTTP/1.1" 304 -
104.199.87.90 - - [07/Sep/2017:04:19:50 -0500] "-" 408 -
66.249.69.203 - - [07/Sep/2017:04:20:21 -0500] "GET /BLA/resoluciones/RESOLUCIONES%202014/2740.pdf HTTP/1.1" 304 -
51.255.71.117 - - [07/Sep/2017:04:20:24 -0500] "GET /BLA/resoluciones/AUTOS%202006/AUTOS%202006%20601-700/00000681.tif HTTP/1.1" 200 42934
66.249.69.203 - - [07/Sep/2017:04:21:06 -0500] "GET /BLA/resoluciones/RESOLUCIONES%202013/0514.pdf HTTP/1.1" 200 4143904
35.187.52.64 - - [07/Sep/2017:04:21:13 -0500] "-" 408 -
192.168.175.104 - - [07/Sep/2017:04:21:25 -0500] "GET / HTTP/1.1" 200 9990
201.245.192.253 - - [07/Sep/2017:04:21:29 -0500] "GET /galeria/nivo-slider/demo/undefined HTTP/1.1" 404 1314
192.168.175.104 - - [07/Sep/2017:04:21:47 -0500] "GET / HTTP/1.0" 200 9990
201.245.192.253 - - [07/Sep/2017:04:21:49 -0500] "GET /galeria/nivo-slider/demo/undefined HTTP/1.1" 404 1314
35.190.201.122 - - [07/Sep/2017:04:22:33 -0500] "-" 408 -
66.249.69.203 - - [07/Sep/2017:04:22:38 -0500] "GET /BLA/resoluciones/RESOLUCIONES%202010/1269.pdf HTTP/1.1" 304 -
192.168.175.104 - - [07/Sep/2017:04:22:42 -0500] "GET / HTTP/1.1" 200 9990
69.162.124.233 - - [07/Sep/2017:04:23:46 -0500] "HEAD / HTTP/1.1" 200 -
201.245.192.253 - - [07/Sep/2017:04:23:49 -0500] "GET /galeria/nivo-slider/demo/undefined HTTP/1.1" 404 1314
35.190.203.87 - - [07/Sep/2017:04:23:57 -0500] "-" 408 -
199.30.25.116 - - [07/Sep/2017:04:24:08 -0500] "GET /SIG/Direccionamiento%20Estrategico/126PG01-PR14.pdf HTTP/1.1" 200 3995408
201.245.192.253 - - [07/Sep/2017:04:24:09 -0500] "GET /galeria/nivo-slider/demo/undefined HTTP/1.1" 404 1314
66.249.69.211 - - [07/Sep/2017:04:24:33 -0500] "GET /images/SDQS.jpg HTTP/1.1" 304 -
157.55.39.106 - - [07/Sep/2017:04:24:44 -0500] "GET /POT-2013/Cartografia/05_Remocion_V1_2013.pdf HTTP/1.1" 200 4650227
35.190.207.132 - - [07/Sep/2017:04:25:18 -0500] "-" 408 -
201.245.192.253 - - [07/Sep/2017:04:26:10 -0500] "GET /galeria/nivo-slider/demo/undefined HTTP/1.1" 404 1314
192.168.175.104 - - [07/Sep/2017:04:26:24 -0500] "GET / HTTP/1.1" 200 9990
201.245.192.253 - - [07/Sep/2017:04:26:30 -0500] "GET /galeria/nivo-slider/demo/undefined HTTP/1.1" 404 1314
104.199.87.90 - - [07/Sep/2017:04:26:38 -0500] "-" 408 -
192.168.175.104 - - [07/Sep/2017:04:26:45 -0500] "GET / HTTP/1.0" 200 9990
66.249.69.201 - - [07/Sep/2017:04:27:00 -0500] "GET /BLA/resoluciones/AUTOS%202006/AUTOS%202006%202401%20-%202500/00002402.tif HTTP/1.1" 200 76682
66.249.69.213 - - [07/Sep/2017:04:27:13 -0500] "GET /portalsiaccapacitaciones/Soportes%20Capacitaciones%202016/Mesas%20de%20Trabajo%20Mayo%202016/Presentaci%C3%B3n%20Decreto%20442%20Llantas%20Usadas.pdf HTTP/1.1" 404 1019
207.46.13.8 - - [07/Sep/2017:04:27:19 -0500] "GET /SIG/Control%20y%20mejora/126PE01-PR04.pdf HTTP/1.1" 200 104977
69.162.124.233 - - [07/Sep/2017:04:27:31 -0500] "HEAD / HTTP/1.1" 200 -
192.168.175.104 - - [07/Sep/2017:04:27:40 -0500] "GET / HTTP/1.1" 200 9990
66.249.69.139 - - [07/Sep/2017:04:27:58 -0500] "GET /dama/libreria/php/frame_buscar.php HTTP/1.1" 404 1015
104.199.87.90 - - [07/Sep/2017:04:28:00 -0500] "-" 408 -
201.245.192.253 - - [07/Sep/2017:04:28:30 -0500] "GET /galeria/nivo-slider/demo/undefined HTTP/1.1" 404 1314
201.245.192.253 - - [07/Sep/2017:04:28:50 -0500] "GET /galeria/nivo-slider/demo/undefined HTTP/1.1" 404 1314
164.132.161.58 - - [07/Sep/2017:04:29:09 -0500] "GET /BLA/resoluciones/RESOLUCIONES%202004/RES%202004%202151-2200/00002191.tif HTTP/1.1" 200 191254
199.30.25.208 - - [07/Sep/2017:04:29:13 -0500] "GET /POT-2013/Cartografia/08_Respuesta_Sismica_V1_2013.pdf HTTP/1.1" 200 4432706
35.190.203.87 - - [07/Sep/2017:04:29:21 -0500] "-" 408 -
66.249.69.201 - - [07/Sep/2017:04:29:22 -0500] "GET /galeria/nivo-slider/demo/images/BANNERCAMINATAAGOS-SEP.jpg HTTP/1.1" 304 -
66.249.69.141 - - [07/Sep/2017:04:29:30 -0500] "GET / HTTP/1.1" 200 9990
66.249.69.203 - - [07/Sep/2017:04:30:15 -0500] "GET /BLA/resoluciones/RESOLUCIONES%202007/RES%202007%20301%20AL%20400/RESOLUCION%200397%20DE%202007.pdf HTTP/1.1" 200 607594
54.172.241.121 - - [07/Sep/2017:04:30:39 -0500] "GET /robots.txt HTTP/1.1" 404 1018
201.245.192.253 - - [07/Sep/2017:04:30:51 -0500] "GET /galeria/nivo-slider/demo/undefined HTTP/1.1" 404 1314
66.249.69.201 - - [07/Sep/2017:04:31:01 -0500] "GET /BLA/resoluciones/AUTOS%202013/1025.pdf HTTP/1.1" 200 1150469
201.245.192.253 - - [07/Sep/2017:04:31:11 -0500] "GET /galeria/nivo-slider/demo/undefined HTTP/1.1" 404 1314
157.55.39.205 - - [07/Sep/2017:04:31:11 -0500] "GET /BLA/resoluciones/index.php HTTP/1.1" 200 9152
192.168.175.104 - - [07/Sep/2017:04:31:22 -0500] "GET / HTTP/1.1" 200 9990
192.168.175.104 - - [07/Sep/2017:04:31:43 -0500] "GET / HTTP/1.0" 200 9990
66.249.69.203 - - [07/Sep/2017:04:31:47 -0500] "GET /BLA/resoluciones/AUTOS%202015/3585.pdf HTTP/1.1" 200 602096
35.189.218.56 - - [07/Sep/2017:04:32:03 -0500] "-" 408 -
190.242.77.248 - - [07/Sep/2017:04:32:11 -0500] "GET /galeria/galeria/jquery.fancybox.css?v=2.1.5 HTTP/1.1" 200 4895
190.242.77.248 - - [07/Sep/2017:04:32:11 -0500] "GET /BLA/boletinlegal/js/jquery.scrollShow.js HTTP/1.1" 200 4586
190.242.77.248 - - [07/Sep/2017:04:32:11 -0500] "GET /galeria/galeria/jquery.fancybox.js?v=2.1.5 HTTP/1.1" 200 48706
35.189.218.56 - - [07/Sep/2017:04:32:13 -0500] "-" 408 -
69.162.124.233 - - [07/Sep/2017:04:32:31 -0500] "HEAD / HTTP/1.1" 200 -
66.249.69.203 - - [07/Sep/2017:04:32:33 -0500] "GET /BLA/resoluciones/AUTOS%202015/5810.pdf HTTP/1.1" 200 513489
192.168.175.104 - - [07/Sep/2017:04:32:38 -0500] "GET / HTTP/1.1" 200 9990
69.162.124.233 - - [07/Sep/2017:04:32:46 -0500] "HEAD / HTTP/1.1" 200 -
201.245.192.253 - - [07/Sep/2017:04:33:11 -0500] "GET /galeria/nivo-slider/demo/undefined HTTP/1.1" 404 1314
35.187.34.70 - - [07/Sep/2017:04:33:24 -0500] "-" 408 -
201.245.192.253 - - [07/Sep/2017:04:33:31 -0500] "GET /galeria/nivo-slider/demo/undefined HTTP/1.1" 404 1314
35.187.34.70 - - [07/Sep/2017:04:33:34 -0500] "-" 408 -
66.249.69.209 - - [07/Sep/2017:04:34:15 -0500] "GET /images/CORREO.jpg HTTP/1.1" 304 -
85.115.54.202 - - [07/Sep/2017:04:34:38 -0500] "GET /dama/libreria/php/imagenes/10.jpg HTTP/1.1" 404 1019
85.115.54.202 - - [07/Sep/2017:04:34:38 -0500] "GET /dama/libreria/php/imagenes/10.jpg HTTP/1.1" 404 1019
85.115.54.202 - - [07/Sep/2017:04:34:39 -0500] "GET /dama/libreria/php/imagenes/10.jpg HTTP/1.1" 404 1019
85.115.54.202 - - [07/Sep/2017:04:34:40 -0500] "GET /dama/libreria/php/imagenes/10.jpg HTTP/1.1" 404 1019
35.187.52.64 - - [07/Sep/2017:04:34:46 -0500] "-" 408 -
66.249.69.203 - - [07/Sep/2017:04:34:50 -0500] "GET /BLA/resoluciones/RESOLUCIONES%202010/0439.pdf HTTP/1.1" 200 739811
201.245.192.253 - - [07/Sep/2017:04:35:32 -0500] "GET /galeria/nivo-slider/demo/undefined HTTP/1.1" 404 1314
66.249.69.203 - - [07/Sep/2017:04:35:36 -0500] "GET /BLA/resoluciones/RESOLUCIONES%202010/0323.pdf HTTP/1.1" 200 121176
201.245.192.253 - - [07/Sep/2017:04:35:52 -0500] "GET /galeria/nivo-slider/demo/undefined HTTP/1.1" 404 1314
35.190.207.132 - - [07/Sep/2017:04:36:06 -0500] "-" 408 -
35.190.207.132 - - [07/Sep/2017:04:36:16 -0500] "-" 408 -
192.168.175.104 - - [07/Sep/2017:04:36:20 -0500] "GET / HTTP/1.1" 200 9990
66.249.69.201 - - [07/Sep/2017:04:36:22 -0500] "GET /BLA/resoluciones/RESOLUCIONES%202009/7146.pdf HTTP/1.1" 200 98531
217.182.132.16 - - [07/Sep/2017:04:36:31 -0500] "GET /BLA/resoluciones/RESOLUCIONES%202006/RES%202006%201151-1200/00001163.tif HTTP/1.1" 200 233726
40.77.167.45 - - [07/Sep/2017:04:36:39 -0500] "GET /BLA/boletinlegal/Circulares/2011/Circular%20No.%201%20del%2023%20de%20Febrero%20de%202011.pdf HTTP/1.1" 200 540140
192.168.175.104 - - [07/Sep/2017:04:36:41 -0500] "GET / HTTP/1.0" 200 9990
181.115.131.10 - - [07/Sep/2017:04:36:45 -0500] "GET /galeria/galeria/jquery.fancybox.css?v=2.1.5 HTTP/1.1" 200 4895
181.115.131.10 - - [07/Sep/2017:04:36:45 -0500] "GET /galeria/galeria/jquery.fancybox.js?v=2.1.5 HTTP/1.1" 200 48706
66.249.69.201 - - [07/Sep/2017:04:37:07 -0500] "GET /BLA/resoluciones/RESOLUCIONES%202010/5724.pdf HTTP/1.1" 200 200117
35.189.218.56 - - [07/Sep/2017:04:37:29 -0500] "-" 408 -
192.168.175.104 - - [07/Sep/2017:04:37:35 -0500] "GET / HTTP/1.1" 200 9990
69.162.124.233 - - [07/Sep/2017:04:37:46 -0500] "HEAD / HTTP/1.1" 200 -
186.146.50.92 - - [07/Sep/2017:04:37:46 -0500] "GET /galeria/galeria/jquery.fancybox.css?v=2.1.5 HTTP/1.1" 200 4895
186.146.50.92 - - [07/Sep/2017:04:37:46 -0500] "GET /galeria/galeria/jquery.fancybox.js?v=2.1.5 HTTP/1.1" 200 48706
186.146.50.92 - - [07/Sep/2017:04:37:46 -0500] "GET /BLA/boletinlegal/js/jquery.scrollShow.js HTTP/1.1" 200 4586
103.232.120.34 - - [07/Sep/2017:04:37:47 -0500] "GET /db.zip HTTP/1.1" 404 1139
201.245.192.253 - - [07/Sep/2017:04:37:52 -0500] "GET /galeria/nivo-slider/demo/undefined HTTP/1.1" 404 1314
201.245.192.253 - - [07/Sep/2017:04:38:12 -0500] "GET /galeria/nivo-slider/demo/undefined HTTP/1.1" 404 1314
35.199.175.91 - - [07/Sep/2017:04:38:21 -0500] "-" 408 -
186.146.50.92 - - [07/Sep/2017:04:38:27 -0500] "GET /galeria/nivo-slider/demo/images/bannercampa%C3%B1acambiodesede.jpg HTTP/1.1" 200 134156
66.249.69.205 - - [07/Sep/2017:04:38:39 -0500] "GET /BLA/resoluciones/RESOLUCIONES%202015/0371.pdf HTTP/1.1" 200 362686
66.249.69.205 - - [07/Sep/2017:04:38:40 -0500] "GET /BLA/resoluciones/AUTOS%202006/AUTOS%202006%201601%20-%201700/00001609.tif HTTP/1.1" 200 59386
35.187.52.64 - - [07/Sep/2017:04:38:46 -0500] "-" 408 -
66.249.69.213 - - [07/Sep/2017:04:39:04 -0500] "GET /images/INTRANET.jpg HTTP/1.1" 304 -
66.249.69.205 - - [07/Sep/2017:04:39:25 -0500] "GET /BLA/resoluciones/RESOLUCIONES%202007/RES%202007%20501%20AL%20600/RESOLUCION%200547%20DE%202007.pdf HTTP/1.1" 200 496937
164.132.161.6 - - [07/Sep/2017:04:39:51 -0500] "GET /BLA/resoluciones/AUTOS%202006/AUTOS%202006%201401%20-%201500/00001436.tif HTTP/1.1" 200 58714
51.255.65.90 - - [07/Sep/2017:04:39:52 -0500] "GET /BLA/resoluciones/RESOLUCIONES%202002/RES%202002%20301-350/00000340.tif HTTP/1.1" 200 232106
66.249.69.201 - - [07/Sep/2017:04:40:10 -0500] "GET /BLA/resoluciones/AUTOS%202009/0987.pdf HTTP/1.1" 200 207142
35.189.218.56 - - [07/Sep/2017:04:40:12 -0500] "-" 408 -
201.245.192.253 - - [07/Sep/2017:04:40:13 -0500] "GET /galeria/nivo-slider/demo/undefined HTTP/1.1" 404 1314
201.245.192.253 - - [07/Sep/2017:04:40:33 -0500] "GET /galeria/nivo-slider/demo/undefined HTTP/1.1" 404 1314
66.249.69.205 - - [07/Sep/2017:04:40:56 -0500] "GET /BLA/resoluciones/Notificaciones/AUTOS%202014/3955.doc HTTP/1.1" 304 -
157.55.39.106 - - [07/Sep/2017:04:41:06 -0500] "GET /POT-2013/Cartografia/30_PATRIMONIO_CULTURAL.pdf HTTP/1.1" 200 2804509
192.168.175.104 - - [07/Sep/2017:04:41:18 -0500] "GET / HTTP/1.1" 200 9990
35.187.34.70 - - [07/Sep/2017:04:41:30 -0500] "-" 408 -
192.168.175.104 - - [07/Sep/2017:04:41:39 -0500] "GET / HTTP/1.0" 200 9990
66.249.69.141 - - [07/Sep/2017:04:41:42 -0500] "GET / HTTP/1.1" 200 9990
66.249.69.137 - - [07/Sep/2017:04:41:42 -0500] "GET /robots.txt HTTP/1.1" 404 1015
95.28.49.214 - - [07/Sep/2017:04:41:52 -0500] "GET /Autoliquidacion/Solicitudes%20relacionadas%20con%20calidad%20del%20aire%20auditiva%20y%20visual/Registro%20de%20Elementos%20de%20publicidad%20Exterior%20Visual/126pm04-pr16-f-2%20solicitud%20de%20registro%20pev%20(2).xls HTTP/1.1" 200 3590144
144.76.38.73 - - [07/Sep/2017:04:42:14 -0500] "GET /robots.txt HTTP/1.1" 404 1019
144.76.38.73 - - [07/Sep/2017:04:42:15 -0500] "GET /PruebasSTORM/StormSDA_pruebas/userFiles/user_files/listas/46.xml HTTP/1.1" 200 1537
144.76.38.73 - - [07/Sep/2017:04:42:17 -0500] "GET /PruebasSTORM/StormSDA_pruebas/userFiles/user_files/listas/47.xml HTTP/1.1" 200 4236
144.76.38.73 - - [07/Sep/2017:04:42:19 -0500] "GET /PruebasSTORM/StormSDA_pruebas/userFiles/user_files/listas/48.xml HTTP/1.1" 200 16853
144.76.38.73 - - [07/Sep/2017:04:42:21 -0500] "GET /PruebasSTORM/StormSDA_pruebas/userFiles/user_files/listas/49.xml HTTP/1.1" 200 90685
144.76.38.73 - - [07/Sep/2017:04:42:23 -0500] "GET /PruebasSTORM/StormSDA_pruebas/userFiles/user_files/listas/5.xml HTTP/1.1" 200 1705
144.76.38.73 - - [07/Sep/2017:04:42:25 -0500] "GET /PruebasSTORM/StormSDA_pruebas/userFiles/user_files/listas/50.xml HTTP/1.1" 200 435
144.76.38.73 - - [07/Sep/2017:04:42:26 -0500] "GET /PruebasSTORM/StormSDA_pruebas/userFiles/user_files/listas/51.xml HTTP/1.1" 200 664
144.76.38.73 - - [07/Sep/2017:04:42:28 -0500] "GET /PruebasSTORM/StormSDA_pruebas/userFiles/user_files/listas/52.xml HTTP/1.1" 200 296
144.76.38.73 - - [07/Sep/2017:04:42:30 -0500] "GET /PruebasSTORM/StormSDA_pruebas/userFiles/user_files/listas/53.xml HTTP/1.1" 200 247
144.76.38.73 - - [07/Sep/2017:04:42:31 -0500] "GET /PruebasSTORM/StormSDA_pruebas/userFiles/user_files/listas/54.xml HTTP/1.1" 200 855
144.76.38.73 - - [07/Sep/2017:04:42:33 -0500] "GET /PruebasSTORM/StormSDA_pruebas/userFiles/user_files/listas/55.xml HTTP/1.1" 200 250
201.245.192.253 - - [07/Sep/2017:04:42:33 -0500] "GET /galeria/nivo-slider/demo/undefined HTTP/1.1" 404 1314
192.168.175.104 - - [07/Sep/2017:04:42:33 -0500] "GET / HTTP/1.1" 200 9990
144.76.38.73 - - [07/Sep/2017:04:42:35 -0500] "GET /PruebasSTORM/StormSDA_pruebas/userFiles/user_files/listas/56.xml HTTP/1.1" 200 302
144.76.38.73 - - [07/Sep/2017:04:42:37 -0500] "GET /PruebasSTORM/StormSDA_pruebas/userFiles/user_files/listas/57.xml HTTP/1.1" 200 356
144.76.38.73 - - [07/Sep/2017:04:42:38 -0500] "GET /PruebasSTORM/StormSDA_pruebas/userFiles/user_files/listas/58.xml HTTP/1.1" 200 247
144.76.38.73 - - [07/Sep/2017:04:42:40 -0500] "GET /PruebasSTORM/StormSDA_pruebas/userFiles/user_files/listas/59.xml HTTP/1.1" 200 1157
144.76.38.73 - - [07/Sep/2017:04:42:42 -0500] "GET /PruebasSTORM/StormSDA_pruebas/userFiles/user_files/listas/6.xml HTTP/1.1" 200 1393
144.76.38.73 - - [07/Sep/2017:04:42:43 -0500] "GET /PruebasSTORM/StormSDA_pruebas/userFiles/user_files/listas/60.xml HTTP/1.1" 200 813
69.162.124.233 - - [07/Sep/2017:04:42:45 -0500] "HEAD / HTTP/1.1" 200 -
144.76.38.73 - - [07/Sep/2017:04:42:45 -0500] "GET /PruebasSTORM/StormSDA_pruebas/userFiles/user_files/listas/61.xml HTTP/1.1" 200 533
144.76.38.73 - - [07/Sep/2017:04:42:47 -0500] "GET /PruebasSTORM/StormSDA_pruebas/userFiles/user_files/listas/62.xml HTTP/1.1" 200 395
144.76.38.73 - - [07/Sep/2017:04:42:49 -0500] "GET /PruebasSTORM/StormSDA_pruebas/userFiles/user_files/listas/63.xml HTTP/1.1" 200 362
35.187.52.64 - - [07/Sep/2017:04:42:50 -0500] "-" 408 -
144.76.38.73 - - [07/Sep/2017:04:42:50 -0500] "GET /PruebasSTORM/StormSDA_pruebas/userFiles/user_files/listas/64.xml HTTP/1.1" 200 360
144.76.38.73 - - [07/Sep/2017:04:42:52 -0500] "GET /PruebasSTORM/StormSDA_pruebas/userFiles/user_files/listas/65.xml HTTP/1.1" 200 569
201.245.192.253 - - [07/Sep/2017:04:42:53 -0500] "GET /galeria/nivo-slider/demo/undefined HTTP/1.1" 404 1314
144.76.38.73 - - [07/Sep/2017:04:42:54 -0500] "GET /PruebasSTORM/StormSDA_pruebas/userFiles/user_files/listas/66.xml HTTP/1.1" 200 1041
144.76.38.73 - - [07/Sep/2017:04:42:56 -0500] "GET /PruebasSTORM/StormSDA_pruebas/userFiles/user_files/listas/67.xml HTTP/1.1" 200 518
144.76.38.73 - - [07/Sep/2017:04:42:57 -0500] "GET /PruebasSTORM/StormSDA_pruebas/userFiles/user_files/listas/68.xml HTTP/1.1" 200 459
144.76.38.73 - - [07/Sep/2017:04:42:59 -0500] "GET /PruebasSTORM/StormSDA_pruebas/userFiles/user_files/listas/69.xml HTTP/1.1" 200 411
144.76.38.73 - - [07/Sep/2017:04:43:01 -0500] "GET /PruebasSTORM/StormSDA_pruebas/userFiles/user_files/listas/7.xml HTTP/1.1" 200 423
144.76.38.73 - - [07/Sep/2017:04:43:03 -0500] "GET /PruebasSTORM/StormSDA_pruebas/userFiles/user_files/listas/70.xml HTTP/1.1" 200 251
144.76.38.73 - - [07/Sep/2017:04:43:05 -0500] "GET /PruebasSTORM/StormSDA_pruebas/userFiles/user_files/listas/71.xml HTTP/1.1" 200 376
144.76.38.73 - - [07/Sep/2017:04:43:06 -0500] "GET /PruebasSTORM/StormSDA_pruebas/userFiles/user_files/listas/72.xml HTTP/1.1" 200 349
144.76.38.73 - - [07/Sep/2017:04:43:08 -0500] "GET /PruebasSTORM/StormSDA_pruebas/userFiles/user_files/listas/73.xml HTTP/1.1" 200 598
144.76.38.73 - - [07/Sep/2017:04:43:10 -0500] "GET /PruebasSTORM/StormSDA_pruebas/userFiles/user_files/listas/74.xml HTTP/1.1" 200 192
157.55.39.106 - - [07/Sep/2017:04:43:11 -0500] "GET /BLA/boletinlegal/jurisprudencia/analisis/CUADRO%20SENTENCIA%20T-299%20DE%202008.doc HTTP/1.1" 200 40960
144.76.38.73 - - [07/Sep/2017:04:43:11 -0500] "GET /PruebasSTORM/StormSDA_pruebas/userFiles/user_files/listas/75.xml HTTP/1.1" 200 171
144.76.38.73 - - [07/Sep/2017:04:43:13 -0500] "GET /PruebasSTORM/StormSDA_pruebas/userFiles/user_files/listas/76.xml HTTP/1.1" 200 291
144.76.38.73 - - [07/Sep/2017:04:43:15 -0500] "GET /PruebasSTORM/StormSDA_pruebas/userFiles/user_files/listas/77.xml HTTP/1.1" 200 339
144.76.38.73 - - [07/Sep/2017:04:43:17 -0500] "GET /PruebasSTORM/StormSDA_pruebas/userFiles/user_files/listas/78.xml HTTP/1.1" 200 135
144.76.38.73 - - [07/Sep/2017:04:43:19 -0500] "GET /PruebasSTORM/StormSDA_pruebas/userFiles/user_files/listas/79.xml HTTP/1.1" 200 109104
144.76.38.73 - - [07/Sep/2017:04:43:21 -0500] "GET /PruebasSTORM/StormSDA_pruebas/userFiles/user_files/listas/8.xml HTTP/1.1" 200 203
144.76.38.73 - - [07/Sep/2017:04:43:28 -0500] "GET /PruebasSTORM/StormSDA_pruebas/userFiles/user_files/listas/80.xml HTTP/1.1" 200 378
144.76.38.73 - - [07/Sep/2017:04:43:30 -0500] "GET /PruebasSTORM/StormSDA_pruebas/userFiles/user_files/listas/81.xml HTTP/1.1" 200 1165
144.76.38.73 - - [07/Sep/2017:04:43:32 -0500] "GET /PruebasSTORM/StormSDA_pruebas/userFiles/user_files/listas/82.xml HTTP/1.1" 200 437
144.76.38.73 - - [07/Sep/2017:04:43:33 -0500] "GET /PruebasSTORM/StormSDA_pruebas/userFiles/user_files/listas/83.xml HTTP/1.1" 200 1155
144.76.38.73 - - [07/Sep/2017:04:43:35 -0500] "GET /PruebasSTORM/StormSDA_pruebas/userFiles/user_files/listas/84.xml HTTP/1.1" 200 1474
144.76.38.73 - - [07/Sep/2017:04:43:37 -0500] "GET /PruebasSTORM/StormSDA_pruebas/userFiles/user_files/listas/85.xml HTTP/1.1" 200 309
144.76.38.73 - - [07/Sep/2017:04:43:39 -0500] "GET /PruebasSTORM/StormSDA_pruebas/userFiles/user_files/listas/86.xml HTTP/1.1" 200 355
144.76.38.73 - - [07/Sep/2017:04:43:40 -0500] "GET /PruebasSTORM/StormSDA_pruebas/userFiles/user_files/listas/87.xml HTTP/1.1" 200 519
144.76.38.73 - - [07/Sep/2017:04:43:42 -0500] "GET /PruebasSTORM/StormSDA_pruebas/userFiles/user_files/listas/88.xml HTTP/1.1" 200 244
144.76.38.73 - - [07/Sep/2017:04:43:44 -0500] "GET /PruebasSTORM/StormSDA_pruebas/userFiles/user_files/listas/89.xml HTTP/1.1" 200 792
144.76.38.73 - - [07/Sep/2017:04:43:46 -0500] "GET /PruebasSTORM/StormSDA_pruebas/userFiles/user_files/listas/9.xml HTTP/1.1" 200 250
144.76.38.73 - - [07/Sep/2017:04:43:47 -0500] "GET /PruebasSTORM/StormSDA_pruebas/userFiles/user_files/listas/90.xml HTTP/1.1" 200 183
144.76.38.73 - - [07/Sep/2017:04:43:49 -0500] "GET /PruebasSTORM/StormSDA_pruebas/userFiles/user_files/listas/91.xml HTTP/1.1" 200 198
144.76.38.73 - - [07/Sep/2017:04:43:51 -0500] "GET /PruebasSTORM/StormSDA_pruebas/userFiles/user_files/listas/92.xml HTTP/1.1" 200 195
144.76.38.73 - - [07/Sep/2017:04:43:53 -0500] "GET /PruebasSTORM/StormSDA_pruebas/userFiles/user_files/listas/93.xml HTTP/1.1" 200 216
144.76.38.73 - - [07/Sep/2017:04:43:54 -0500] "GET /PruebasSTORM/StormSDA_pruebas/userFiles/user_files/listas/94.xml HTTP/1.1" 200 238
144.76.38.73 - - [07/Sep/2017:04:43:56 -0500] "GET /PruebasSTORM/StormSDA_pruebas/userFiles/user_files/listas/95.xml HTTP/1.1" 200 793
144.76.38.73 - - [07/Sep/2017:04:43:58 -0500] "GET /PruebasSTORM/StormSDA_pruebas/userFiles/user_files/listas/96.xml HTTP/1.1" 200 188
66.249.69.211 - - [07/Sep/2017:04:43:58 -0500] "GET /images/FOREST.jpg HTTP/1.1" 304 -
144.76.38.73 - - [07/Sep/2017:04:44:01 -0500] "GET /PruebasSTORM/StormSDA_pruebas/userFiles/user_files/listas/97.xml HTTP/1.1" 200 316
144.76.38.73 - - [07/Sep/2017:04:44:03 -0500] "GET /PruebasSTORM/StormSDA_pruebas/userFiles/user_files/listas/98.xml HTTP/1.1" 200 303
144.76.38.73 - - [07/Sep/2017:04:44:04 -0500] "GET /PruebasSTORM/StormSDA_pruebas/userFiles/user_files/listas/99.xml HTTP/1.1" 200 222
144.76.38.73 - - [07/Sep/2017:04:44:06 -0500] "GET /PruebasSTORM/StormSDA_pruebas/userFiles/user_files/listas/?C=D;O=A HTTP/1.1" 200 49942
35.190.201.122 - - [07/Sep/2017:04:44:11 -0500] "-" 408 -
144.76.38.73 - - [07/Sep/2017:04:44:27 -0500] "GET /PruebasSTORM/StormSDA_pruebas/userFiles/user_files/listas/?C=M;O=A HTTP/1.1" 200 49942
144.76.38.73 - - [07/Sep/2017:04:44:31 -0500] "GET /PruebasSTORM/StormSDA_pruebas/userFiles/user_files/listas/?C=N;O=D HTTP/1.1" 200 49942
144.76.38.73 - - [07/Sep/2017:04:44:34 -0500] "GET /PruebasSTORM/StormSDA_pruebas/userFiles/user_files/listas/?C=S;O=A HTTP/1.1" 200 49942
144.76.38.73 - - [07/Sep/2017:04:44:42 -0500] "GET /PruebasSTORM/silvicultura2Pruebas/?C=D;O=A HTTP/1.1" 200 1235
144.76.38.73 - - [07/Sep/2017:04:44:47 -0500] "GET /PruebasSTORM/silvicultura2Pruebas/?C=M;O=A HTTP/1.1" 200 1235
144.76.38.73 - - [07/Sep/2017:04:44:49 -0500] "GET /PruebasSTORM/silvicultura2Pruebas/?C=N;O=D HTTP/1.1" 200 1235
144.76.38.73 - - [07/Sep/2017:04:44:51 -0500] "GET /PruebasSTORM/silvicultura2Pruebas/?C=S;O=A HTTP/1.1" 200 1235
144.76.38.73 - - [07/Sep/2017:04:44:52 -0500] "GET /PruebasSTORM/silvicultura2Pruebas/index2.php HTTP/1.1" 200 414
201.245.192.253 - - [07/Sep/2017:04:44:54 -0500] "GET /galeria/nivo-slider/demo/undefined HTTP/1.1" 404 1314
144.76.38.73 - - [07/Sep/2017:04:44:54 -0500] "GET /StormSDA/?C=D;O=A HTTP/1.1" 200 4409
144.76.38.73 - - [07/Sep/2017:04:44:56 -0500] "GET /StormSDA/?C=M;O=A HTTP/1.1" 200 4409
144.76.38.73 - - [07/Sep/2017:04:44:58 -0500] "GET /StormSDA/?C=N;O=D HTTP/1.1" 200 4409
144.76.38.73 - - [07/Sep/2017:04:44:59 -0500] "GET /StormSDA/?C=S;O=A HTTP/1.1" 200 4409
144.76.38.73 - - [07/Sep/2017:04:45:03 -0500] "GET /StormSDA/forms/1.js HTTP/1.1" 200 875
144.76.38.73 - - [07/Sep/2017:04:45:05 -0500] "GET /StormSDA/forms/10.js HTTP/1.1" 200 30365
144.76.38.73 - - [07/Sep/2017:04:45:07 -0500] "GET /StormSDA/forms/2.js HTTP/1.1" 200 19726
144.76.38.73 - - [07/Sep/2017:04:45:08 -0500] "GET /StormSDA/forms/3.js HTTP/1.1" 200 6381
35.189.197.90 - - [07/Sep/2017:04:45:09 -0500] "-" 408 -
144.76.38.73 - - [07/Sep/2017:04:45:12 -0500] "GET /StormSDA/forms/4.js HTTP/1.1" 200 1679
144.76.38.73 - - [07/Sep/2017:04:45:13 -0500] "GET /StormSDA/forms/5.js HTTP/1.1" 200 72417
201.245.192.253 - - [07/Sep/2017:04:45:14 -0500] "GET /galeria/nivo-slider/demo/undefined HTTP/1.1" 404 1314
144.76.38.73 - - [07/Sep/2017:04:45:15 -0500] "GET /StormSDA/forms/6.js HTTP/1.1" 200 6407
144.76.38.73 - - [07/Sep/2017:04:45:17 -0500] "GET /StormSDA/forms/7.js HTTP/1.1" 200 875
144.76.38.73 - - [07/Sep/2017:04:45:19 -0500] "GET /StormSDA/forms/8.js HTTP/1.1" 200 875
35.189.197.90 - - [07/Sep/2017:04:45:19 -0500] "-" 408 -
144.76.38.73 - - [07/Sep/2017:04:45:21 -0500] "GET /StormSDA/forms/99.js HTTP/1.1" 200 875
144.76.38.73 - - [07/Sep/2017:04:45:23 -0500] "GET /StormSDA/forms/?C=D;O=A HTTP/1.1" 200 3475
144.76.38.73 - - [07/Sep/2017:04:45:24 -0500] "GET /StormSDA/forms/?C=M;O=A HTTP/1.1" 200 3475
144.76.38.73 - - [07/Sep/2017:04:45:26 -0500] "GET /StormSDA/forms/?C=N;O=D HTTP/1.1" 200 3475
144.76.38.73 - - [07/Sep/2017:04:45:28 -0500] "GET /StormSDA/forms/?C=S;O=A HTTP/1.1" 200 3475
144.76.38.73 - - [07/Sep/2017:04:45:29 -0500] "GET /StormSDA/lib/?C=D;O=A HTTP/1.1" 200 6379
144.76.38.73 - - [07/Sep/2017:04:45:31 -0500] "GET /StormSDA/lib/?C=M;O=A HTTP/1.1" 200 6379
144.76.38.73 - - [07/Sep/2017:04:45:33 -0500] "GET /StormSDA/lib/?C=N;O=D HTTP/1.1" 200 6379
144.76.38.73 - - [07/Sep/2017:04:45:35 -0500] "GET /StormSDA/lib/?C=S;O=A HTTP/1.1" 200 6379
35.187.96.204 - - [07/Sep/2017:04:45:35 -0500] "-" 408 -
144.76.38.73 - - [07/Sep/2017:04:45:36 -0500] "GET /StormSDA/lib/myKeystore HTTP/1.1" 200 1254
144.76.38.73 - - [07/Sep/2017:04:45:38 -0500] "GET /StormSDA/lib/win32/?C=D;O=A HTTP/1.1" 200 1203
144.76.38.73 - - [07/Sep/2017:04:45:39 -0500] "GET /StormSDA/lib/win32/?C=M;O=A HTTP/1.1" 200 1203
144.76.38.73 - - [07/Sep/2017:04:45:41 -0500] "GET /StormSDA/lib/win32/?C=N;O=D HTTP/1.1" 200 1203
144.76.38.73 - - [07/Sep/2017:04:45:43 -0500] "GET /StormSDA/lib/win32/?C=S;O=A HTTP/1.1" 200 1203
144.76.38.73 - - [07/Sep/2017:04:45:45 -0500] "GET /StormSDA/nsjars/?C=D;O=A HTTP/1.1" 200 5602
144.76.38.73 - - [07/Sep/2017:04:45:46 -0500] "GET /StormSDA/nsjars/?C=M;O=A HTTP/1.1" 200 5602
144.76.38.73 - - [07/Sep/2017:04:45:48 -0500] "GET /StormSDA/nsjars/?C=N;O=D HTTP/1.1" 200 5602
144.76.38.73 - - [07/Sep/2017:04:45:50 -0500] "GET /StormSDA/nsjars/?C=S;O=A HTTP/1.1" 200 5602
144.76.38.73 - - [07/Sep/2017:04:45:51 -0500] "GET /StormSDA/storm/?C=D;O=A HTTP/1.1" 200 5557
144.76.38.73 - - [07/Sep/2017:04:45:53 -0500] "GET /StormSDA/storm/?C=M;O=A HTTP/1.1" 200 5557
