91.64.95.31 - - [07/Sep/2017:04:45:55 -0500] "GET /portalsiaccapacitaciones/Soportes%20Capacitaciones%202016/Mesas%20de%20Trabajo%202016/PRESENTACI%C3%93N%206%20PLANES.pdf HTTP/1.1" 206 10609
144.76.38.73 - - [07/Sep/2017:04:45:55 -0500] "GET /StormSDA/storm/?C=N;O=D HTTP/1.1" 200 5557
91.64.95.31 - - [07/Sep/2017:04:45:55 -0500] "GET /portalsiaccapacitaciones/Soportes%20Capacitaciones%202016/Mesas%20de%20Trabajo%202016/PRESENTACI%C3%93N%206%20PLANES.pdf HTTP/1.1" 206 65536
91.64.95.31 - - [07/Sep/2017:04:45:55 -0500] "GET /portalsiaccapacitaciones/Soportes%20Capacitaciones%202016/Mesas%20de%20Trabajo%202016/PRESENTACI%C3%93N%206%20PLANES.pdf HTTP/1.1" 206 65536
91.64.95.31 - - [07/Sep/2017:04:45:56 -0500] "GET /portalsiaccapacitaciones/Soportes%20Capacitaciones%202016/Mesas%20de%20Trabajo%202016/PRESENTACI%C3%93N%206%20PLANES.pdf HTTP/1.1" 206 65536
91.64.95.31 - - [07/Sep/2017:04:45:56 -0500] "GET /portalsiaccapacitaciones/Soportes%20Capacitaciones%202016/Mesas%20de%20Trabajo%202016/PRESENTACI%C3%93N%206%20PLANES.pdf HTTP/1.1" 206 65536
144.76.38.73 - - [07/Sep/2017:04:45:56 -0500] "GET /StormSDA/storm/?C=S;O=A HTTP/1.1" 200 5557
91.64.95.31 - - [07/Sep/2017:04:45:57 -0500] "GET /portalsiaccapacitaciones/Soportes%20Capacitaciones%202016/Mesas%20de%20Trabajo%202016/PRESENTACI%C3%93N%206%20PLANES.pdf HTTP/1.1" 206 65536
91.64.95.31 - - [07/Sep/2017:04:45:58 -0500] "GET /portalsiaccapacitaciones/Soportes%20Capacitaciones%202016/Mesas%20de%20Trabajo%202016/PRESENTACI%C3%93N%206%20PLANES.pdf HTTP/1.1" 206 65536
91.64.95.31 - - [07/Sep/2017:04:45:58 -0500] "GET /portalsiaccapacitaciones/Soportes%20Capacitaciones%202016/Mesas%20de%20Trabajo%202016/PRESENTACI%C3%93N%206%20PLANES.pdf HTTP/1.1" 206 65536
144.76.38.73 - - [07/Sep/2017:04:45:58 -0500] "GET /StormSDA/storm/vssver2.scc HTTP/1.1" 200 491
144.76.38.73 - - [07/Sep/2017:04:46:00 -0500] "GET /StormSDA/stormWeb/img/?C=D;O=A HTTP/1.1" 200 2925
91.64.95.31 - - [07/Sep/2017:04:45:53 -0500] "GET /portalsiaccapacitaciones/Soportes%20Capacitaciones%202016/Mesas%20de%20Trabajo%202016/PRESENTACI%C3%93N%206%20PLANES.pdf HTTP/1.1" 200 2369905
91.64.95.31 - - [07/Sep/2017:04:46:00 -0500] "GET /favicon.ico HTTP/1.1" 200 7782
144.76.38.73 - - [07/Sep/2017:04:46:02 -0500] "GET /StormSDA/stormWeb/img/?C=M;O=A HTTP/1.1" 200 2925
144.76.38.73 - - [07/Sep/2017:04:46:04 -0500] "GET /StormSDA/stormWeb/img/?C=N;O=D HTTP/1.1" 200 2925
144.76.38.73 - - [07/Sep/2017:04:46:05 -0500] "GET /StormSDA/stormWeb/img/?C=S;O=A HTTP/1.1" 200 2925
144.76.38.73 - - [07/Sep/2017:04:46:07 -0500] "GET /StormSDA/userFiles%20-%20Copy%2019-07-2012/user_files/ HTTP/1.1" 200 5684
144.76.38.73 - - [07/Sep/2017:04:46:09 -0500] "GET /StormSDA/userFiles%20-%20Copy%2019-07-2012/user_files/85/?C=D;O=A HTTP/1.1" 200 877
144.76.38.73 - - [07/Sep/2017:04:46:12 -0500] "GET /StormSDA/userFiles%20-%20Copy%2019-07-2012/user_files/85/?C=M;O=A HTTP/1.1" 200 877
144.76.38.73 - - [07/Sep/2017:04:46:14 -0500] "GET /StormSDA/userFiles%20-%20Copy%2019-07-2012/user_files/85/?C=N;O=D HTTP/1.1" 200 877
81.34.177.6 - - [07/Sep/2017:04:46:15 -0500] "GET /galeria/galeria/jquery.fancybox.css?v=2.1.5 HTTP/1.1" 200 4895
81.34.177.6 - - [07/Sep/2017:04:46:15 -0500] "GET /BLA/boletinlegal/js/jquery.scrollShow.js HTTP/1.1" 200 4586
81.34.177.6 - - [07/Sep/2017:04:46:15 -0500] "GET /galeria/galeria/jquery.fancybox.js?v=2.1.5 HTTP/1.1" 200 48706
144.76.38.73 - - [07/Sep/2017:04:46:15 -0500] "GET /StormSDA/userFiles%20-%20Copy%2019-07-2012/user_files/85/?C=S;O=A HTTP/1.1" 200 877
192.168.175.104 - - [07/Sep/2017:04:46:16 -0500] "GET / HTTP/1.1" 200 9990
66.249.69.201 - - [07/Sep/2017:04:46:17 -0500] "GET / HTTP/1.1" 200 9990
144.76.38.73 - - [07/Sep/2017:04:46:17 -0500] "GET /StormSDA/userFiles%20-%20Copy%2019-07-2012/user_files/87/?C=D;O=A HTTP/1.1" 200 877
144.76.38.73 - - [07/Sep/2017:04:46:18 -0500] "GET /StormSDA/userFiles%20-%20Copy%2019-07-2012/user_files/87/?C=M;O=A HTTP/1.1" 200 877
144.76.38.73 - - [07/Sep/2017:04:46:20 -0500] "GET /StormSDA/userFiles%20-%20Copy%2019-07-2012/user_files/87/?C=N;O=D HTTP/1.1" 200 877
144.76.38.73 - - [07/Sep/2017:04:46:22 -0500] "GET /StormSDA/userFiles%20-%20Copy%2019-07-2012/user_files/87/?C=S;O=A HTTP/1.1" 200 877
62.14.71.191 - - [07/Sep/2017:04:46:27 -0500] "GET /icons/blank.gif HTTP/1.1" 200 148
62.14.71.191 - - [07/Sep/2017:04:46:28 -0500] "GET /icons/back.gif HTTP/1.1" 200 216
62.14.71.191 - - [07/Sep/2017:04:46:28 -0500] "GET /icons/folder.gif HTTP/1.1" 200 225
62.14.71.191 - - [07/Sep/2017:04:46:28 -0500] "GET /icons/sound2.gif HTTP/1.1" 200 221
62.14.71.191 - - [07/Sep/2017:04:46:28 -0500] "GET /icons/movie.gif HTTP/1.1" 200 243
62.14.71.191 - - [07/Sep/2017:04:46:28 -0500] "GET /icons/unknown.gif HTTP/1.1" 200 245
62.14.71.191 - - [07/Sep/2017:04:46:28 -0500] "GET /icons/text.gif HTTP/1.1" 200 229
62.14.71.191 - - [07/Sep/2017:04:46:27 -0500] "GET /videos/ HTTP/1.1" 200 51095
62.14.71.191 - - [07/Sep/2017:04:46:28 -0500] "GET /favicon.ico HTTP/1.1" 200 7782
144.76.38.73 - - [07/Sep/2017:04:46:33 -0500] "GET /StormSDA/userFiles%20-%20Copy%2019-07-2012/user_files/formulas/?C=D;O=A HTTP/1.1" 200 1504
144.76.38.73 - - [07/Sep/2017:04:46:35 -0500] "GET /StormSDA/userFiles%20-%20Copy%2019-07-2012/user_files/formulas/?C=M;O=A HTTP/1.1" 200 1504
144.76.38.73 - - [07/Sep/2017:04:46:37 -0500] "GET /StormSDA/userFiles%20-%20Copy%2019-07-2012/user_files/formulas/?C=N;O=D HTTP/1.1" 200 1504
192.168.175.104 - - [07/Sep/2017:04:46:37 -0500] "GET / HTTP/1.0" 200 9990
144.76.38.73 - - [07/Sep/2017:04:46:39 -0500] "GET /StormSDA/userFiles%20-%20Copy%2019-07-2012/user_files/formulas/?C=S;O=A HTTP/1.1" 200 1504
144.76.38.73 - - [07/Sep/2017:04:46:40 -0500] "GET /StormSDA/userFiles%20-%20Copy%2019-07-2012/user_files/listas/0.xml HTTP/1.1" 200 90
144.76.38.73 - - [07/Sep/2017:04:46:42 -0500] "GET /StormSDA/userFiles%20-%20Copy%2019-07-2012/user_files/listas/1.xml HTTP/1.1" 200 190
144.76.38.73 - - [07/Sep/2017:04:46:44 -0500] "GET /StormSDA/userFiles%20-%20Copy%2019-07-2012/user_files/listas/?C=D;O=A HTTP/1.1" 200 1303
144.76.38.73 - - [07/Sep/2017:04:46:45 -0500] "GET /StormSDA/userFiles%20-%20Copy%2019-07-2012/user_files/listas/?C=M;O=A HTTP/1.1" 200 1303
144.76.38.73 - - [07/Sep/2017:04:46:47 -0500] "GET /StormSDA/userFiles%20-%20Copy%2019-07-2012/user_files/listas/?C=N;O=D HTTP/1.1" 200 1303
144.76.38.73 - - [07/Sep/2017:04:46:49 -0500] "GET /StormSDA/userFiles%20-%20Copy%2019-07-2012/user_files/listas/?C=S;O=A HTTP/1.1" 200 1303
62.14.71.191 - - [07/Sep/2017:04:46:49 -0500] "GET /videos/Cesar-Mora%20Movilizacion-Clima.flv HTTP/1.1" 200 4046030
144.76.38.73 - - [07/Sep/2017:04:46:51 -0500] "GET /StormSDA/userFiles/user_files/1/?C=D;O=A HTTP/1.1" 200 1691
144.76.38.73 - - [07/Sep/2017:04:46:52 -0500] "GET /StormSDA/userFiles/user_files/1/?C=M;O=A HTTP/1.1" 200 1691
144.76.38.73 - - [07/Sep/2017:04:46:54 -0500] "GET /StormSDA/userFiles/user_files/1/?C=S;O=A HTTP/1.1" 200 1691
144.76.38.73 - - [07/Sep/2017:04:46:56 -0500] "GET /StormSDA/userFiles/user_files/1/asocia.xml HTTP/1.1" 200 315
35.189.218.56 - - [07/Sep/2017:04:46:57 -0500] "-" 408 -
144.76.38.73 - - [07/Sep/2017:04:46:57 -0500] "GET /StormSDA/userFiles/user_files/1/asociaFormula.xml HTTP/1.1" 200 55
144.76.38.73 - - [07/Sep/2017:04:46:59 -0500] "GET /StormSDA/userFiles/user_files/1/desasocia.xml HTTP/1.1" 200 58
144.76.38.73 - - [07/Sep/2017:04:47:01 -0500] "GET /StormSDA/userFiles/user_files/1/desasociaFormula.xml HTTP/1.1" 200 58
144.76.38.73 - - [07/Sep/2017:04:47:02 -0500] "GET /StormSDA/userFiles/user_files/93/?C=D;O=A HTTP/1.1" 200 817
66.249.69.213 - - [07/Sep/2017:04:47:03 -0500] "GET / HTTP/1.1" 200 9990
144.76.38.73 - - [07/Sep/2017:04:47:04 -0500] "GET /StormSDA/userFiles/user_files/93/?C=M;O=A HTTP/1.1" 200 817
144.76.38.73 - - [07/Sep/2017:04:47:06 -0500] "GET /StormSDA/userFiles/user_files/93/?C=N;O=D HTTP/1.1" 200 817
144.76.38.73 - - [07/Sep/2017:04:47:08 -0500] "GET /StormSDA/userFiles/user_files/93/?C=S;O=A HTTP/1.1" 200 817
144.76.38.73 - - [07/Sep/2017:04:47:09 -0500] "GET /StormSDA/userFiles/user_files/94/?C=D;O=A HTTP/1.1" 200 817
144.76.38.73 - - [07/Sep/2017:04:47:11 -0500] "GET /StormSDA/userFiles/user_files/94/?C=M;O=A HTTP/1.1" 200 817
144.76.38.73 - - [07/Sep/2017:04:47:13 -0500] "GET /StormSDA/userFiles/user_files/94/?C=N;O=D HTTP/1.1" 200 817
201.245.192.253 - - [07/Sep/2017:04:47:14 -0500] "GET /galeria/nivo-slider/demo/undefined HTTP/1.1" 404 1314
144.76.38.73 - - [07/Sep/2017:04:47:14 -0500] "GET /StormSDA/userFiles/user_files/94/?C=S;O=A HTTP/1.1" 200 817
144.76.38.73 - - [07/Sep/2017:04:47:16 -0500] "GET /StormSDA/userFiles/user_files/95/?C=D;O=A HTTP/1.1" 200 817
144.76.38.73 - - [07/Sep/2017:04:47:18 -0500] "GET /StormSDA/userFiles/user_files/95/?C=M;O=A HTTP/1.1" 200 817
144.76.38.73 - - [07/Sep/2017:04:47:19 -0500] "GET /StormSDA/userFiles/user_files/95/?C=S;O=A HTTP/1.1" 200 817
192.168.175.104 - - [07/Sep/2017:04:47:32 -0500] "GET / HTTP/1.1" 200 9990
201.245.192.253 - - [07/Sep/2017:04:47:34 -0500] "GET /galeria/nivo-slider/demo/undefined HTTP/1.1" 404 1314
69.162.124.233 - - [07/Sep/2017:04:47:45 -0500] "HEAD / HTTP/1.1" 200 -
51.255.65.66 - - [07/Sep/2017:04:48:10 -0500] "GET /BLA/resoluciones/AUTOS%202006/AUTOS%202006%203301%20-%203418/00003352.tif HTTP/1.1" 200 55964
35.187.52.64 - - [07/Sep/2017:04:48:18 -0500] "-" 408 -
66.249.69.201 - - [07/Sep/2017:04:48:34 -0500] "GET /BLA/resoluciones/RESOLUCIONES%202008/2602.pdf HTTP/1.1" 200 130995
66.249.69.203 - - [07/Sep/2017:04:49:20 -0500] "GET /BLA/resoluciones/AUTOS%202007/2686.pdf HTTP/1.1" 200 222568
201.245.192.253 - - [07/Sep/2017:04:49:35 -0500] "GET /galeria/nivo-slider/demo/undefined HTTP/1.1" 404 1314
35.187.96.204 - - [07/Sep/2017:04:49:40 -0500] "-" 408 -
201.245.192.253 - - [07/Sep/2017:04:49:55 -0500] "GET /galeria/nivo-slider/demo/undefined HTTP/1.1" 404 1314
66.249.69.203 - - [07/Sep/2017:04:50:05 -0500] "GET /BLA/resoluciones/RESOLUCIONES%202007/RES%202007%204101%20AL%204200/RESOLUCION%204113%20DE%202007.pdf HTTP/1.1" 200 621441
164.132.161.51 - - [07/Sep/2017:04:50:23 -0500] "GET /BLA/resoluciones/RESOLUCIONES%202004/RES%202004%202351-2401/00002384.tif HTTP/1.1" 200 141598
35.190.207.132 - - [07/Sep/2017:04:51:03 -0500] "-" 408 -
192.168.175.104 - - [07/Sep/2017:04:51:14 -0500] "GET / HTTP/1.1" 200 9990
192.168.175.104 - - [07/Sep/2017:04:51:35 -0500] "GET / HTTP/1.0" 200 9990
66.249.69.203 - - [07/Sep/2017:04:51:37 -0500] "GET /BLA/resoluciones/AUTOS%202014/1936.pdf HTTP/1.1" 200 2185742
201.245.192.253 - - [07/Sep/2017:04:51:55 -0500] "GET /galeria/nivo-slider/demo/undefined HTTP/1.1" 404 1314
217.182.132.150 - - [07/Sep/2017:04:52:07 -0500] "GET /BLA/resoluciones/RESOLUCIONES%202002/RES%202002%20451-500/00000469.tif HTTP/1.1" 200 84328
201.245.192.253 - - [07/Sep/2017:04:52:15 -0500] "GET /galeria/nivo-slider/demo/undefined HTTP/1.1" 404 1314
35.190.207.132 - - [07/Sep/2017:04:52:23 -0500] "-" 408 -
66.249.69.201 - - [07/Sep/2017:04:52:23 -0500] "GET /BLA/resoluciones/RESOLUCIONES%202010/4637.pdf HTTP/1.1" 200 525409
192.168.175.104 - - [07/Sep/2017:04:52:30 -0500] "GET / HTTP/1.1" 200 9990
104.199.87.90 - - [07/Sep/2017:04:53:49 -0500] "-" 408 -
66.249.69.201 - - [07/Sep/2017:04:53:54 -0500] "GET /BLA/resoluciones/RESOLUCIONES%202010/0714.pdf HTTP/1.1" 200 102954
51.255.71.132 - - [07/Sep/2017:04:54:07 -0500] "GET /BLA/resoluciones/AUTOS%202006/AUTOS%202006%201201-1300/00001218.tif HTTP/1.1" 200 41286
5.9.18.75 - - [07/Sep/2017:04:54:14 -0500] "GET /robots.txt HTTP/1.1" 404 1018
5.9.18.75 - - [07/Sep/2017:04:54:14 -0500] "GET /sitemap.xml HTTP/1.1" 404 1018
201.245.192.253 - - [07/Sep/2017:04:54:16 -0500] "GET /galeria/nivo-slider/demo/undefined HTTP/1.1" 404 1314
51.255.65.224 - - [07/Sep/2017:04:54:27 -0500] "GET /BLA/resoluciones/RESOLUCIONES%202003/RES%202003%201301-1350/20031319.tif HTTP/1.1" 200 239732
201.245.192.253 - - [07/Sep/2017:04:54:36 -0500] "GET /galeria/nivo-slider/demo/undefined HTTP/1.1" 404 1314
66.249.69.205 - - [07/Sep/2017:04:54:40 -0500] "GET /BLA/resoluciones/RESOLUCIONES%202010/5980.pdf HTTP/1.1" 200 2098289
35.187.52.64 - - [07/Sep/2017:04:55:11 -0500] "-" 408 -
35.187.52.64 - - [07/Sep/2017:04:55:21 -0500] "-" 408 -
66.249.69.201 - - [07/Sep/2017:04:55:26 -0500] "GET /BLA/resoluciones/RESOLUCIONES%202011/4371.pdf HTTP/1.1" 200 423349
5.9.18.75 - - [07/Sep/2017:04:56:00 -0500] "GET /AFLUENTESYEFUENTES/ HTTP/1.1" 200 4762
66.249.69.201 - - [07/Sep/2017:04:56:11 -0500] "GET /BLA/resoluciones/RESOLUCIONES%202009/9698.pdf HTTP/1.1" 200 338300
192.168.175.104 - - [07/Sep/2017:04:56:12 -0500] "GET / HTTP/1.1" 200 9990
69.162.124.233 - - [07/Sep/2017:04:56:13 -0500] "HEAD / HTTP/1.1" 200 -
35.190.203.87 - - [07/Sep/2017:04:56:31 -0500] "-" 408 -
192.168.175.104 - - [07/Sep/2017:04:56:33 -0500] "GET / HTTP/1.0" 200 9990
40.77.177.57 - - [07/Sep/2017:04:56:35 -0500] "GET /galeria/nivo-slider/demo/demo.html HTTP/1.1" 200 4376
40.77.177.57 - - [07/Sep/2017:04:56:36 -0500] "GET /galeria/carrusel/Carrusel/jquery.thumbnailScroller.css HTTP/1.1" 200 2066
201.245.192.253 - - [07/Sep/2017:04:56:36 -0500] "GET /galeria/nivo-slider/demo/undefined HTTP/1.1" 404 1314
40.77.177.57 - - [07/Sep/2017:04:56:36 -0500] "GET /galeria/nivo-slider/themes/pascal/pascal.css HTTP/1.1" 200 2258
40.77.177.57 - - [07/Sep/2017:04:56:36 -0500] "GET /galeria/nivo-slider/nivo-slider.css HTTP/1.1" 200 1507
40.77.177.57 - - [07/Sep/2017:04:56:37 -0500] "GET /galeria/nivo-slider/demo/style.css HTTP/1.1" 200 2222
40.77.177.57 - - [07/Sep/2017:04:56:37 -0500] "GET /galeria/nivo-slider/demo/scripts/jquery-1.7.1.min.js HTTP/1.1" 200 93868
40.77.177.57 - - [07/Sep/2017:04:56:37 -0500] "GET /galeria/carrusel/Carrusel/jquery-ui-1.8.13.custom.min.js HTTP/1.1" 200 10800
40.77.177.57 - - [07/Sep/2017:04:56:39 -0500] "GET /galeria/nivo-slider/demo/images/dia-civico.jpg HTTP/1.1" 200 273112
40.77.177.57 - - [07/Sep/2017:04:56:39 -0500] "GET /galeria/nivo-slider/demo/images/Banner-aceite-vegetal.jpg HTTP/1.1" 200 66152
40.77.177.57 - - [07/Sep/2017:04:56:40 -0500] "GET /galeria/nivo-slider/demo/images/Urgente.jpg HTTP/1.1" 200 249232
40.77.177.57 - - [07/Sep/2017:04:56:41 -0500] "GET /galeria/nivo-slider/demo/images/BANNERCAMBIODESEDE2.jpg HTTP/1.1" 200 120178
40.77.177.57 - - [07/Sep/2017:04:56:41 -0500] "GET /galeria/nivo-slider/demo/images/Impacto.jpg HTTP/1.1" 200 54793
40.77.177.57 - - [07/Sep/2017:04:56:42 -0500] "GET /galeria/nivo-slider/demo/images/Encusta2017.jpg HTTP/1.1" 200 212313
40.77.177.57 - - [07/Sep/2017:04:56:43 -0500] "GET /galeria/nivo-slider/demo/images/maximavelocidad.png HTTP/1.1" 200 880272
40.77.177.57 - - [07/Sep/2017:04:56:45 -0500] "GET /galeria/nivo-slider/demo/images/RIOBOGOTA.jpg HTTP/1.1" 200 126440
40.77.177.57 - - [07/Sep/2017:04:56:46 -0500] "GET /galeria/nivo-slider/demo/images/BANNERCAMINASEP-OCT2017.jpg HTTP/1.1" 200 496401
40.77.177.57 - - [07/Sep/2017:04:56:46 -0500] "GET /galeria/nivo-slider/demo/images/banner%20aceite%20vegetal%20usado.jpg HTTP/1.1" 200 169350
40.77.177.57 - - [07/Sep/2017:04:56:47 -0500] "GET /galeria/nivo-slider/demo/images/bannerlumina2017web.jpg HTTP/1.1" 200 198918
40.77.177.57 - - [07/Sep/2017:04:56:48 -0500] "GET /galeria/nivo-slider/demo/images/BANNERRUTADEVERTIMIENTOS.jpg HTTP/1.1" 200 98506
40.77.177.57 - - [07/Sep/2017:04:56:49 -0500] "GET /galeria/nivo-slider/demo/images/bolsas-06.jpg HTTP/1.1" 200 210950
40.77.177.57 - - [07/Sep/2017:04:56:49 -0500] "GET /galeria/nivo-slider/demo/images/4Simple_Slider.png HTTP/1.1" 200 11722
40.77.177.57 - - [07/Sep/2017:04:56:50 -0500] "GET /galeria/nivo-slider/themes/default/loading.gif HTTP/1.1" 200 1737
40.77.177.57 - - [07/Sep/2017:04:56:51 -0500] "GET /galeria/nivo-slider/jquery.nivo.slider.pack.js HTTP/1.1" 200 11561
40.77.177.57 - - [07/Sep/2017:04:56:52 -0500] "GET /galeria/nivo-slider/themes/default/arrows.png HTTP/1.1" 200 824
40.77.177.57 - - [07/Sep/2017:04:56:52 -0500] "GET /galeria/nivo-slider/themes/default/bullets.png HTTP/1.1" 200 1281
40.77.177.57 - - [07/Sep/2017:04:56:52 -0500] "GET /galeria/carrusel/Carrusel/jquery.thumbnailScroller.js HTTP/1.1" 200 8157
66.249.69.203 - - [07/Sep/2017:04:56:53 -0500] "GET /BLA/resoluciones/AUTOS%202006/AUTOS%202006%202201%20-%202300/00002246.tif HTTP/1.1" 200 71794
201.245.192.253 - - [07/Sep/2017:04:56:56 -0500] "GET /galeria/nivo-slider/demo/undefined HTTP/1.1" 404 1314
66.249.69.201 - - [07/Sep/2017:04:56:57 -0500] "GET /BLA/resoluciones/RESOLUCIONES%202011/1193.pdf HTTP/1.1" 200 245488
51.255.65.76 - - [07/Sep/2017:04:57:22 -0500] "GET /BLA/resoluciones/RESOLUCIONES%202002/RES%202002%201051-1100/00001069.tif HTTP/1.1" 200 41748
192.168.175.104 - - [07/Sep/2017:04:57:27 -0500] "GET / HTTP/1.1" 200 9990
5.9.18.75 - - [07/Sep/2017:04:57:35 -0500] "GET /BLA/ HTTP/1.1" 200 538
5.9.18.75 - - [07/Sep/2017:04:57:40 -0500] "GET /BLA/boletinlegal/norma_menu.php HTTP/1.1" 200 6318
66.249.69.205 - - [07/Sep/2017:04:57:43 -0500] "GET /BLA/resoluciones/RESOLUCIONES%202007/RES%202007%201001%20AL%201100/RESOLUCION%201031%20DE%202007.pdf HTTP/1.1" 200 384246
5.9.18.75 - - [07/Sep/2017:04:57:44 -0500] "GET /Residuos/cosmeticos/cosmeticos.html HTTP/1.1" 200 1963
5.9.18.75 - - [07/Sep/2017:04:57:49 -0500] "GET /Residuos/curtiembres/curtiembres.html HTTP/1.1" 200 1965
35.190.207.132 - - [07/Sep/2017:04:58:00 -0500] "-" 408 -
207.46.13.99 - - [07/Sep/2017:04:58:00 -0500] "GET /videos/ambiente-ciudad/skin/blue.monday/jplayer.blue.monday.css HTTP/1.1" 200 12518
157.55.39.205 - - [07/Sep/2017:04:58:03 -0500] "GET /videos/ambiente-ciudad/js/jplayer.playlist.min.js HTTP/1.1" 200 8608
207.46.13.91 - - [07/Sep/2017:04:58:07 -0500] "GET /videos/ambiente-ciudad/js/jquery.jplayer.min.js HTTP/1.1" 200 43764
66.249.69.203 - - [07/Sep/2017:04:58:29 -0500] "GET /BLA/resoluciones/RESOLUCIONES%202009/3653.pdf HTTP/1.1" 200 104690
66.249.69.201 - - [07/Sep/2017:04:58:30 -0500] "GET /galeria/galeria/fotos/Humedal-Santa-Mar%C3%ADa-del-Lago3P.jpg HTTP/1.1" 304 -
5.9.18.75 - - [07/Sep/2017:04:58:33 -0500] "GET /Residuos/farmaceutica/farmaceutica.html HTTP/1.1" 200 1967
5.9.18.75 - - [07/Sep/2017:04:58:40 -0500] "GET /Residuos/impresion/impresion.html HTTP/1.1" 200 1961
5.9.18.75 - - [07/Sep/2017:04:58:51 -0500] "GET /Residuos/lavanderias/lavanderias.html HTTP/1.1" 200 1965
201.245.192.253 - - [07/Sep/2017:04:58:57 -0500] "GET /galeria/nivo-slider/demo/undefined HTTP/1.1" 404 1314
5.9.18.75 - - [07/Sep/2017:04:59:02 -0500] "GET /Residuos/maderas/maderas.html HTTP/1.1" 200 1957
50.112.29.146 - - [07/Sep/2017:04:59:04 -0500] "-" 408 -
66.249.69.201 - - [07/Sep/2017:04:59:14 -0500] "GET /BLA/resoluciones/Notificaciones/AUTOS%202014/6088.doc HTTP/1.1" 200 154624
201.245.192.253 - - [07/Sep/2017:04:59:17 -0500] "GET /galeria/nivo-slider/demo/undefined HTTP/1.1" 404 1314
5.9.18.75 - - [07/Sep/2017:04:59:18 -0500] "GET /Residuos/metalmecanica/metalmecanica.html HTTP/1.1" 200 1969
35.187.52.64 - - [07/Sep/2017:04:59:21 -0500] "-" 408 -
50.112.29.146 - - [07/Sep/2017:04:59:22 -0500] "-" 408 -
5.9.18.75 - - [07/Sep/2017:04:59:27 -0500] "GET /Residuos/pinturas/pinturas.html HTTP/1.1" 200 1959
5.9.18.75 - - [07/Sep/2017:04:59:34 -0500] "GET /Residuos/quimicos/quimicos.html HTTP/1.1" 200 1959
50.112.29.146 - - [07/Sep/2017:04:59:40 -0500] "-" 408 -
5.9.18.75 - - [07/Sep/2017:04:59:51 -0500] "GET /Residuos/textiles/textiles.html HTTP/1.1" 200 1959
66.249.69.203 - - [07/Sep/2017:05:00:00 -0500] "GET /BLA/resoluciones/RESOLUCIONES%202016/0265.pdf HTTP/1.1" 200 1085660
50.112.29.146 - - [07/Sep/2017:05:00:01 -0500] "-" 408 -
5.9.18.75 - - [07/Sep/2017:05:00:04 -0500] "GET /Residuos/vehiculos/vehiculos.html HTTP/1.1" 200 1961
5.9.18.75 - - [07/Sep/2017:05:00:14 -0500] "GET /catalogoisis/ HTTP/1.1" 200 8575
50.112.29.146 - - [07/Sep/2017:05:00:20 -0500] "-" 408 -
50.112.29.146 - - [07/Sep/2017:05:00:40 -0500] "-" 408 -
35.187.96.204 - - [07/Sep/2017:05:00:48 -0500] "-" 408 -
217.182.132.172 - - [07/Sep/2017:05:00:48 -0500] "GET /BLA/resoluciones/RESOLUCIONES%202005/RES%202005%202351-2400/00002376.tif HTTP/1.1" 200 204888
50.112.29.146 - - [07/Sep/2017:05:00:59 -0500] "-" 408 -
192.168.175.104 - - [07/Sep/2017:05:01:10 -0500] "GET / HTTP/1.1" 200 9990
69.162.124.233 - - [07/Sep/2017:05:01:12 -0500] "HEAD / HTTP/1.1" 200 -
201.245.192.253 - - [07/Sep/2017:05:01:17 -0500] "GET /galeria/nivo-slider/demo/undefined HTTP/1.1" 404 1314
192.168.175.104 - - [07/Sep/2017:05:01:31 -0500] "GET / HTTP/1.0" 200 9990
66.249.69.203 - - [07/Sep/2017:05:01:32 -0500] "GET /BLA/resoluciones/AUTOS%202010/6942.pdf HTTP/1.1" 200 317078
201.245.192.253 - - [07/Sep/2017:05:01:37 -0500] "GET /galeria/nivo-slider/demo/undefined HTTP/1.1" 404 1314
35.189.218.56 - - [07/Sep/2017:05:02:08 -0500] "-" 408 -
192.168.175.104 - - [07/Sep/2017:05:02:25 -0500] "GET / HTTP/1.1" 200 9990
181.128.213.181 - - [07/Sep/2017:05:02:50 -0500] "GET /galeria/nivo-slider/demo/demo.html HTTP/1.1" 304 -
181.128.213.181 - - [07/Sep/2017:05:02:50 -0500] "GET /galeria/nivo-slider/demo/images/dia-civico.jpg HTTP/1.1" 304 -
181.128.213.181 - - [07/Sep/2017:05:02:50 -0500] "GET /galeria/nivo-slider/demo/images/BANNERCAMINASEP-OCT2017.jpg HTTP/1.1" 304 -
66.249.69.203 - - [07/Sep/2017:05:03:03 -0500] "GET /BLA/resoluciones/RESOLUCIONES%202007/RES%202007%20201%20AL%20300/RESOLUCION%200243%20DE%202007.pdf HTTP/1.1" 200 342892
66.249.69.203 - - [07/Sep/2017:05:03:23 -0500] "GET /galeria/nivo-slider/demo/images/Impacto.jpg HTTP/1.1" 304 -
35.190.207.132 - - [07/Sep/2017:05:03:32 -0500] "-" 408 -
201.245.192.253 - - [07/Sep/2017:05:03:38 -0500] "GET /galeria/nivo-slider/demo/undefined HTTP/1.1" 404 1314
66.249.69.203 - - [07/Sep/2017:05:03:49 -0500] "GET /BLA/resoluciones/RESOLUCIONES%202007/RES%202007%201301%20AL%201400/RESOLUCION%201358%20DE%202007.pdf HTTP/1.1" 200 302370
201.245.192.253 - - [07/Sep/2017:05:03:58 -0500] "GET /galeria/nivo-slider/demo/undefined HTTP/1.1" 404 1314
104.199.87.90 - - [07/Sep/2017:05:04:54 -0500] "-" 408 -
190.130.64.228 - - [07/Sep/2017:05:05:30 -0500] "GET /galeria/galeria/jquery.fancybox.css?v=2.1.5 HTTP/1.1" 200 4895
190.130.66.251 - - [07/Sep/2017:05:05:30 -0500] "GET /BLA/boletinlegal/js/jquery.scrollShow.js HTTP/1.1" 200 4586
190.130.67.188 - - [07/Sep/2017:05:05:30 -0500] "GET /galeria/galeria/jquery.fancybox.js?v=2.1.5 HTTP/1.1" 200 48706
190.130.64.228 - - [07/Sep/2017:05:05:35 -0500] "GET /galeria/galeria/jquery.fancybox.css?v=2.1.5 HTTP/1.1" 304 -
190.130.67.188 - - [07/Sep/2017:05:05:35 -0500] "GET /BLA/boletinlegal/js/jquery.scrollShow.js HTTP/1.1" 304 -
190.130.66.251 - - [07/Sep/2017:05:05:35 -0500] "GET /galeria/galeria/jquery.fancybox.js?v=2.1.5 HTTP/1.1" 304 -
201.245.192.253 - - [07/Sep/2017:05:05:58 -0500] "GET /galeria/nivo-slider/demo/undefined HTTP/1.1" 404 1314
192.168.175.104 - - [07/Sep/2017:05:06:07 -0500] "GET / HTTP/1.1" 200 9990
35.190.207.132 - - [07/Sep/2017:05:06:11 -0500] "-" 408 -
201.245.192.253 - - [07/Sep/2017:05:06:18 -0500] "GET /galeria/nivo-slider/demo/undefined HTTP/1.1" 404 1314
51.255.65.77 - - [07/Sep/2017:05:06:23 -0500] "GET /BLA/resoluciones/RESOLUCIONES%202005/RES%202005%20901-950/00000927.tif HTTP/1.1" 200 37248
207.46.13.8 - - [07/Sep/2017:05:06:24 -0500] "GET /POT-2013/Cartografia/13_Est_Ordenam_D.pdf HTTP/1.1" 200 6417967
192.168.175.104 - - [07/Sep/2017:05:06:29 -0500] "GET / HTTP/1.0" 200 9990
173.252.88.216 - - [07/Sep/2017:05:06:55 -0500] "GET /BLA/boletinlegal/js/jquery.scrollShow.js HTTP/1.1" 200 4586
173.252.88.218 - - [07/Sep/2017:05:06:55 -0500] "GET /galeria/galeria/jquery.fancybox.js?v=2.1.5 HTTP/1.1" 200 48706
173.252.88.217 - - [07/Sep/2017:05:06:55 -0500] "GET /galeria/galeria/jquery.fancybox.css?v=2.1.5 HTTP/1.1" 200 4895
173.252.88.218 - - [07/Sep/2017:05:06:59 -0500] "GET /BLA/boletinlegal/js/jquery.scrollShow.js HTTP/1.1" 304 -
173.252.88.217 - - [07/Sep/2017:05:06:59 -0500] "GET /galeria/galeria/jquery.fancybox.js?v=2.1.5 HTTP/1.1" 304 -
173.252.88.212 - - [07/Sep/2017:05:06:59 -0500] "GET /galeria/galeria/jquery.fancybox.css?v=2.1.5 HTTP/1.1" 304 -
192.168.175.104 - - [07/Sep/2017:05:07:24 -0500] "GET / HTTP/1.1" 200 9990
69.162.124.233 - - [07/Sep/2017:05:07:31 -0500] "HEAD / HTTP/1.1" 200 -
35.189.218.56 - - [07/Sep/2017:05:07:33 -0500] "-" 408 -
62.175.51.140 - - [07/Sep/2017:05:07:33 -0500] "GET /BLA/boletinlegal/js/jquery.scrollShow.js HTTP/1.1" 200 4586
62.175.51.140 - - [07/Sep/2017:05:07:33 -0500] "GET /galeria/galeria/jquery.fancybox.css?v=2.1.5 HTTP/1.1" 200 4895
62.175.51.140 - - [07/Sep/2017:05:07:33 -0500] "GET /galeria/galeria/jquery.fancybox.js?v=2.1.5 HTTP/1.1" 200 48706
66.249.69.205 - - [07/Sep/2017:05:07:38 -0500] "GET /BLA/resoluciones/AUTOS%202016/0242.pdf HTTP/1.1" 200 757478
201.245.192.253 - - [07/Sep/2017:05:08:19 -0500] "GET /galeria/nivo-slider/demo/undefined HTTP/1.1" 404 1314
181.176.57.32 - - [07/Sep/2017:05:08:22 -0500] "GET /BLA/resoluciones/AUTOS%202014/4062.pdf HTTP/1.1" 200 498910
181.176.57.32 - - [07/Sep/2017:05:08:23 -0500] "GET /favicon.ico HTTP/1.1" 200 7782
181.176.57.32 - - [07/Sep/2017:05:08:23 -0500] "GET /BLA/resoluciones/AUTOS%202014/4062.pdf HTTP/1.1" 206 479582
201.245.192.253 - - [07/Sep/2017:05:08:39 -0500] "GET /galeria/nivo-slider/demo/undefined HTTP/1.1" 404 1314
35.187.34.70 - - [07/Sep/2017:05:08:55 -0500] "-" 408 -
35.187.52.64 - - [07/Sep/2017:05:10:19 -0500] "-" 408 -
51.255.65.90 - - [07/Sep/2017:05:10:30 -0500] "GET /BLA/resoluciones/RESOLUCIONES%202006/RES%202006%201751-1800/00001773.tif HTTP/1.1" 200 121848
201.245.192.253 - - [07/Sep/2017:05:10:39 -0500] "GET /galeria/nivo-slider/demo/undefined HTTP/1.1" 404 1314
201.245.192.253 - - [07/Sep/2017:05:10:59 -0500] "GET /galeria/nivo-slider/demo/undefined HTTP/1.1" 404 1314
192.168.175.104 - - [07/Sep/2017:05:11:05 -0500] "GET / HTTP/1.1" 200 9990
192.168.175.104 - - [07/Sep/2017:05:11:27 -0500] "GET / HTTP/1.0" 200 9990
35.187.96.204 - - [07/Sep/2017:05:11:41 -0500] "-" 408 -
192.168.175.104 - - [07/Sep/2017:05:12:22 -0500] "GET / HTTP/1.1" 200 9990
69.162.124.233 - - [07/Sep/2017:05:12:31 -0500] "HEAD / HTTP/1.1" 200 -
201.245.192.253 - - [07/Sep/2017:05:13:00 -0500] "GET /galeria/nivo-slider/demo/undefined HTTP/1.1" 404 1314
35.187.52.64 - - [07/Sep/2017:05:13:01 -0500] "-" 408 -
51.255.65.75 - - [07/Sep/2017:05:13:06 -0500] "GET /BLA/resoluciones/RESOLUCIONES%202006/RES%202006%20651-700/00000670.tif HTTP/1.1" 200 132646
201.245.192.253 - - [07/Sep/2017:05:13:20 -0500] "GET /galeria/nivo-slider/demo/undefined HTTP/1.1" 404 1314
104.199.87.90 - - [07/Sep/2017:05:14:22 -0500] "-" 408 -
66.249.69.201 - - [07/Sep/2017:05:14:30 -0500] "GET / HTTP/1.1" 200 9990
104.199.87.90 - - [07/Sep/2017:05:14:32 -0500] "-" 408 -
152.201.31.57 - - [07/Sep/2017:05:14:43 -0500] "GET /BLA/boletinlegal/js/jquery.scrollShow.js HTTP/1.1" 200 4586
152.201.31.57 - - [07/Sep/2017:05:14:43 -0500] "GET /galeria/galeria/jquery.fancybox.css?v=2.1.5 HTTP/1.1" 200 4895
152.201.31.57 - - [07/Sep/2017:05:14:43 -0500] "GET /galeria/galeria/jquery.fancybox.js?v=2.1.5 HTTP/1.1" 200 48706
152.201.31.57 - - [07/Sep/2017:05:14:47 -0500] "GET /BLA/boletinlegal/js/jquery.scrollShow.js HTTP/1.1" 304 -
152.201.31.57 - - [07/Sep/2017:05:14:47 -0500] "GET /galeria/galeria/jquery.fancybox.js?v=2.1.5 HTTP/1.1" 304 -
152.201.31.57 - - [07/Sep/2017:05:14:47 -0500] "GET /galeria/galeria/jquery.fancybox.css?v=2.1.5 HTTP/1.1" 304 -
66.249.69.201 - - [07/Sep/2017:05:15:15 -0500] "GET /BLA/resoluciones/RESOLUCIONES%202014/2215.pdf HTTP/1.1" 200 5418670
201.245.192.253 - - [07/Sep/2017:05:15:20 -0500] "GET /galeria/nivo-slider/demo/undefined HTTP/1.1" 404 1314
51.255.65.49 - - [07/Sep/2017:05:15:26 -0500] "GET /BLA/resoluciones/RESOLUCIONES%202002/RES%202002%201551-1600/20021571.tif HTTP/1.1" 200 115114
51.255.71.114 - - [07/Sep/2017:05:15:37 -0500] "GET /BLA/resoluciones/RESOLUCIONES%202005/RES%202005%201851-1900/00001854.tif HTTP/1.1" 200 110496
35.187.96.204 - - [07/Sep/2017:05:15:40 -0500] "-" 408 -
201.245.192.253 - - [07/Sep/2017:05:15:40 -0500] "GET /galeria/nivo-slider/demo/undefined HTTP/1.1" 404 1314
66.249.69.201 - - [07/Sep/2017:05:16:01 -0500] "GET /BLA/resoluciones/RESOLUCIONES%202010/4954.pdf HTTP/1.1" 200 709953
192.168.175.104 - - [07/Sep/2017:05:16:02 -0500] "GET / HTTP/1.1" 200 9990
201.245.192.253 - - [07/Sep/2017:05:16:14 -0500] "GET /galeria/nivo-slider/demo/images/Urgente.jpg HTTP/1.1" 304 -
192.168.175.104 - - [07/Sep/2017:05:16:25 -0500] "GET / HTTP/1.0" 200 9990
66.249.69.201 - - [07/Sep/2017:05:16:47 -0500] "GET /BLA/resoluciones/AUTOS%202014/7090.pdf HTTP/1.1" 200 573274
157.55.39.81 - - [07/Sep/2017:05:16:55 -0500] "GET /SIG/Comunicaciones/126PG02-PR09.pdf HTTP/1.1" 200 95162
66.249.69.203 - - [07/Sep/2017:05:17:02 -0500] "GET /BLA/resoluciones/AUTOS%202006/AUTOS%202006%202201%20-%202300/00002296.tif HTTP/1.1" 200 72750
35.189.218.56 - - [07/Sep/2017:05:17:05 -0500] "-" 408 -
164.132.161.44 - - [07/Sep/2017:05:17:06 -0500] "GET /BLA/resoluciones/RESOLUCIONES%202005/RES%202005%201-50/00000005.tif HTTP/1.1" 200 255636
69.162.124.233 - - [07/Sep/2017:05:17:10 -0500] "HEAD / HTTP/1.1" 200 -
192.168.175.104 - - [07/Sep/2017:05:17:20 -0500] "GET / HTTP/1.1" 200 9990
66.249.69.201 - - [07/Sep/2017:05:17:33 -0500] "GET /BLA/resoluciones/RESOLUCIONES%202013/0084.pdf HTTP/1.1" 200 2600458
201.245.192.253 - - [07/Sep/2017:05:17:41 -0500] "GET /galeria/nivo-slider/demo/undefined HTTP/1.1" 404 1314
201.245.192.253 - - [07/Sep/2017:05:18:01 -0500] "GET /galeria/nivo-slider/demo/undefined HTTP/1.1" 404 1314
66.249.69.203 - - [07/Sep/2017:05:18:18 -0500] "GET /BLA/resoluciones/AUTOS%202013/1441.pdf HTTP/1.1" 200 411846
35.187.96.204 - - [07/Sep/2017:05:18:24 -0500] "-" 408 -
188.132.180.113 - - [07/Sep/2017:05:18:50 -0500] "GET /temp.sql HTTP/1.1" 404 1139
66.249.69.201 - - [07/Sep/2017:05:19:04 -0500] "GET /BLA/resoluciones/AUTOS%202013/2801.pdf HTTP/1.1" 200 352821
207.46.13.8 - - [07/Sep/2017:05:19:17 -0500] "GET /POT-2013/Res.%200124-2013%20CAR.pdf HTTP/1.1" 200 100587796
181.49.71.248 - - [07/Sep/2017:05:19:45 -0500] "GET /galeria/galeria/jquery.fancybox.css?v=2.1.5 HTTP/1.1" 200 4895
181.49.71.248 - - [07/Sep/2017:05:19:45 -0500] "GET /galeria/galeria/jquery.fancybox.js?v=2.1.5 HTTP/1.1" 200 48706
181.49.71.248 - - [07/Sep/2017:05:19:45 -0500] "GET /BLA/boletinlegal/js/jquery.scrollShow.js HTTP/1.1" 200 4586
104.199.87.90 - - [07/Sep/2017:05:19:45 -0500] "-" 408 -
201.245.192.253 - - [07/Sep/2017:05:20:01 -0500] "GET /galeria/nivo-slider/demo/undefined HTTP/1.1" 404 1314
164.132.161.95 - - [07/Sep/2017:05:20:06 -0500] "GET /BLA/resoluciones/RESOLUCIONES%202004/RES%202004%201151-1200/00001167.tif HTTP/1.1" 200 187276
201.245.192.253 - - [07/Sep/2017:05:20:21 -0500] "GET /galeria/nivo-slider/demo/undefined HTTP/1.1" 404 1314
66.249.69.205 - - [07/Sep/2017:05:20:36 -0500] "GET /BLA/resoluciones/AUTOS%202008/2907.pdf HTTP/1.1" 200 93422
192.168.175.104 - - [07/Sep/2017:05:21:00 -0500] "GET / HTTP/1.1" 200 9990
104.199.87.90 - - [07/Sep/2017:05:21:07 -0500] "-" 408 -
66.249.69.201 - - [07/Sep/2017:05:21:21 -0500] "GET /BLA/resoluciones/AUTOS%202014/1648.pdf HTTP/1.1" 200 540896
192.168.175.104 - - [07/Sep/2017:05:21:23 -0500] "GET / HTTP/1.0" 200 9990
164.132.161.53 - - [07/Sep/2017:05:21:30 -0500] "GET /BLA/resoluciones/RESOLUCIONES%202006/RES%202006%201751-1800/00001775.tif HTTP/1.1" 200 161456
35.189.197.90 - - [07/Sep/2017:05:21:41 -0500] "-" 408 -
51.255.65.34 - - [07/Sep/2017:05:21:45 -0500] "GET /BLA/resoluciones/RESOLUCIONES%202004/RES%202004%20901-950/00000907.tif HTTP/1.1" 200 106968
35.189.197.90 - - [07/Sep/2017:05:21:51 -0500] "-" 408 -
66.249.69.201 - - [07/Sep/2017:05:22:07 -0500] "GET /BLA/resoluciones/AUTOS%202013/3303.pdf HTTP/1.1" 200 933793
69.162.124.233 - - [07/Sep/2017:05:22:10 -0500] "HEAD / HTTP/1.1" 200 -
192.168.175.104 - - [07/Sep/2017:05:22:17 -0500] "GET / HTTP/1.1" 200 9990
201.245.192.253 - - [07/Sep/2017:05:22:22 -0500] "GET /galeria/nivo-slider/demo/undefined HTTP/1.1" 404 1314
35.190.201.122 - - [07/Sep/2017:05:22:27 -0500] "-" 408 -
201.245.192.253 - - [07/Sep/2017:05:22:42 -0500] "GET /galeria/nivo-slider/demo/undefined HTTP/1.1" 404 1314
199.30.24.176 - - [07/Sep/2017:05:22:47 -0500] "GET /SIG/ECS/126PM04-PR82.pdf HTTP/1.1" 200 5471747
66.249.69.201 - - [07/Sep/2017:05:22:53 -0500] "GET /BLA/resoluciones/AUTOS%202013/0182.pdf HTTP/1.1" 200 1298099
69.162.124.233 - - [07/Sep/2017:05:23:26 -0500] "HEAD / HTTP/1.1" 200 -
51.255.65.51 - - [07/Sep/2017:05:23:32 -0500] "GET /BLA/resoluciones/RESOLUCIONES%202005/RES%202005%201351-1400/00001369.tif HTTP/1.1" 200 160730
66.249.69.205 - - [07/Sep/2017:05:23:39 -0500] "GET /BLA/resoluciones/RESOLUCIONES%202008/3096.pdf HTTP/1.1" 200 209494
217.182.132.157 - - [07/Sep/2017:05:23:43 -0500] "GET /BLA/resoluciones/RESOLUCIONES%202004/RES%202004%201601-1650/00001612.tif HTTP/1.1" 200 69316
35.189.215.158 - - [07/Sep/2017:05:23:51 -0500] "-" 408 -
207.46.13.99 - - [07/Sep/2017:05:24:21 -0500] "GET /BLA/boletinlegal/notificaciones.php HTTP/1.1" 200 5741
51.255.65.19 - - [07/Sep/2017:05:24:24 -0500] "GET /BLA/resoluciones/RESOLUCIONES%202003/RES%202003%20101-150/2003RES122.tif HTTP/1.1" 200 178052
201.245.192.253 - - [07/Sep/2017:05:24:42 -0500] "GET /galeria/nivo-slider/demo/undefined HTTP/1.1" 404 1314
201.245.192.253 - - [07/Sep/2017:05:25:02 -0500] "GET /galeria/nivo-slider/demo/undefined HTTP/1.1" 404 1314
27.254.38.100 - - [07/Sep/2017:05:25:05 -0500] "GET /temp.sql HTTP/1.1" 404 1139
104.199.87.90 - - [07/Sep/2017:05:25:08 -0500] "-" 408 -
66.249.69.203 - - [07/Sep/2017:05:25:10 -0500] "GET /BLA/resoluciones/AUTOS%202015/1792.pdf HTTP/1.1" 200 489105
201.144.160.155 - - [07/Sep/2017:05:25:22 -0500] "GET /BLA/boletinlegal/js/jquery.scrollShow.js HTTP/1.1" 200 4586
201.144.160.155 - - [07/Sep/2017:05:25:23 -0500] "GET /galeria/galeria/jquery.fancybox.js?v=2.1.5 HTTP/1.1" 200 48706
201.144.160.155 - - [07/Sep/2017:05:25:24 -0500] "GET /galeria/galeria/jquery.fancybox.css?v=2.1.5 HTTP/1.1" 200 4895
201.144.160.155 - - [07/Sep/2017:05:25:24 -0500] "GET /galeria/carrusel/Carrusel/jquery.thumbnailScroller.css HTTP/1.1" 200 2066
201.144.160.155 - - [07/Sep/2017:05:25:26 -0500] "GET /galeria/nivo-slider/demo/demo.html HTTP/1.1" 200 4376
201.144.160.155 - - [07/Sep/2017:05:25:27 -0500] "GET /galeria/carrusel/Carrusel/jquery-ui-1.8.13.custom.min.js HTTP/1.1" 200 10800
201.144.160.155 - - [07/Sep/2017:05:25:27 -0500] "GET /galeria/carrusel/Carrusel/jquery.thumbnailScroller.js HTTP/1.1" 200 8157
201.144.160.155 - - [07/Sep/2017:05:25:27 -0500] "GET /galeria/nivo-slider/themes/default/default.css HTTP/1.1" 200 1569
201.144.160.155 - - [07/Sep/2017:05:25:27 -0500] "GET /galeria/nivo-slider/themes/pascal/pascal.css HTTP/1.1" 200 2258
201.144.160.155 - - [07/Sep/2017:05:25:28 -0500] "GET /galeria/nivo-slider/themes/orman/orman.css HTTP/1.1" 200 2152
201.144.160.155 - - [07/Sep/2017:05:25:28 -0500] "GET /galeria/nivo-slider/nivo-slider.css HTTP/1.1" 200 1507
201.144.160.155 - - [07/Sep/2017:05:25:28 -0500] "GET /galeria/nivo-slider/demo/style.css HTTP/1.1" 200 2222
201.144.160.155 - - [07/Sep/2017:05:25:28 -0500] "GET /galeria/nivo-slider/demo/scripts/jquery-1.7.1.min.js HTTP/1.1" 200 93868
201.144.160.155 - - [07/Sep/2017:05:25:28 -0500] "GET /galeria/nivo-slider/demo/images/dia-civico.jpg HTTP/1.1" 200 273112
201.144.160.155 - - [07/Sep/2017:05:25:28 -0500] "GET /galeria/nivo-slider/jquery.nivo.slider.pack.js HTTP/1.1" 200 11561
201.144.160.155 - - [07/Sep/2017:05:25:28 -0500] "GET /galeria/nivo-slider/demo/images/Banner-aceite-vegetal.jpg HTTP/1.1" 200 66152
201.144.160.155 - - [07/Sep/2017:05:25:28 -0500] "GET /galeria/nivo-slider/demo/images/Urgente.jpg HTTP/1.1" 200 249232
201.144.160.155 - - [07/Sep/2017:05:25:28 -0500] "GET /galeria/nivo-slider/demo/images/BANNERCAMBIODESEDE2.jpg HTTP/1.1" 200 120178
201.144.160.155 - - [07/Sep/2017:05:25:28 -0500] "GET /galeria/nivo-slider/demo/images/Encusta2017.jpg HTTP/1.1" 200 212313
201.144.160.155 - - [07/Sep/2017:05:25:28 -0500] "GET /galeria/nivo-slider/demo/images/Impacto.jpg HTTP/1.1" 200 54793
201.144.160.155 - - [07/Sep/2017:05:25:29 -0500] "GET /galeria/nivo-slider/demo/images/maximavelocidad.png HTTP/1.1" 200 880272
201.144.160.155 - - [07/Sep/2017:05:25:31 -0500] "GET /galeria/nivo-slider/demo/demo.html HTTP/1.1" 200 4376
201.144.160.155 - - [07/Sep/2017:05:25:32 -0500] "GET /galeria/nivo-slider/demo/scripts/jquery-1.7.1.min.js HTTP/1.1" 200 93868
201.144.160.155 - - [07/Sep/2017:05:25:37 -0500] "GET /galeria/nivo-slider/demo/images/4Simple_Slider.png HTTP/1.1" 200 11722
201.144.160.155 - - [07/Sep/2017:05:25:38 -0500] "GET /galeria/nivo-slider/themes/default/loading.gif HTTP/1.1" 200 1737
201.144.160.155 - - [07/Sep/2017:05:25:38 -0500] "GET /galeria/nivo-slider/demo/images/dia-civico.jpg HTTP/1.1" 200 273112
201.144.160.155 - - [07/Sep/2017:05:25:38 -0500] "GET /galeria/nivo-slider/demo/images/Banner-aceite-vegetal.jpg HTTP/1.1" 200 66152
201.144.160.155 - - [07/Sep/2017:05:25:38 -0500] "GET /galeria/nivo-slider/demo/images/Urgente.jpg HTTP/1.1" 200 249232
201.144.160.155 - - [07/Sep/2017:05:25:38 -0500] "GET /galeria/nivo-slider/demo/images/BANNERCAMBIODESEDE2.jpg HTTP/1.1" 200 120178
201.144.160.155 - - [07/Sep/2017:05:25:39 -0500] "GET /galeria/nivo-slider/demo/images/Impacto.jpg HTTP/1.1" 200 54793
201.144.160.155 - - [07/Sep/2017:05:25:39 -0500] "GET /galeria/nivo-slider/demo/images/Encusta2017.jpg HTTP/1.1" 200 212313
201.144.160.155 - - [07/Sep/2017:05:25:40 -0500] "GET /galeria/nivo-slider/demo/images/maximavelocidad.png HTTP/1.1" 200 880272
201.144.160.155 - - [07/Sep/2017:05:25:41 -0500] "GET /galeria/nivo-slider/demo/images/RIOBOGOTA.jpg HTTP/1.1" 200 126440
201.144.160.155 - - [07/Sep/2017:05:25:42 -0500] "GET /galeria/nivo-slider/demo/images/BANNERCAMINASEP-OCT2017.jpg HTTP/1.1" 200 496401
201.144.160.155 - - [07/Sep/2017:05:25:42 -0500] "GET /galeria/nivo-slider/demo/images/banner%20aceite%20vegetal%20usado.jpg HTTP/1.1" 200 169350
201.144.160.155 - - [07/Sep/2017:05:25:44 -0500] "GET /galeria/nivo-slider/demo/images/bannerlumina2017web.jpg HTTP/1.1" 200 198918
201.144.160.155 - - [07/Sep/2017:05:25:46 -0500] "GET /galeria/nivo-slider/demo/images/BANNERRUTADEVERTIMIENTOS.jpg HTTP/1.1" 200 98506
201.144.160.155 - - [07/Sep/2017:05:25:46 -0500] "GET /galeria/nivo-slider/demo/images/bolsas-06.jpg HTTP/1.1" 200 210950
157.55.39.81 - - [07/Sep/2017:05:25:47 -0500] "GET /BLA/boletinlegal/Directivas/2017/Directiva%20No.%2004%20del%2028%20de%20Abril%20de%202017.pdf HTTP/1.1" 200 8194919
66.249.69.203 - - [07/Sep/2017:05:25:56 -0500] "GET /BLA/resoluciones/RESOLUCIONES%202013/2016.pdf HTTP/1.1" 200 906084
192.168.175.104 - - [07/Sep/2017:05:25:58 -0500] "GET / HTTP/1.1" 200 9990
201.144.160.155 - - [07/Sep/2017:05:26:00 -0500] "GET /galeria/nivo-slider/demo/demo.html HTTP/1.1" 200 4376
201.144.160.155 - - [07/Sep/2017:05:26:01 -0500] "GET /galeria/nivo-slider/demo/scripts/jquery-1.7.1.min.js HTTP/1.1" 200 93868
201.144.160.155 - - [07/Sep/2017:05:26:02 -0500] "GET /galeria/nivo-slider/jquery.nivo.slider.pack.js HTTP/1.1" 200 11561
137.74.207.110 - - [07/Sep/2017:05:26:08 -0500] "GET /BLA/resoluciones/RESOLUCIONES%202005/RES%202005%201451-1500/00001475.tif HTTP/1.1" 200 220882
123.126.113.85 - - [07/Sep/2017:05:26:12 -0500] "GET /resoluciones/RESOLUCIONES%202009/0625.pdf HTTP/1.1" 404 1018
192.168.175.104 - - [07/Sep/2017:05:26:21 -0500] "GET / HTTP/1.0" 200 9990
35.190.203.87 - - [07/Sep/2017:05:26:26 -0500] "-" 408 -
190.159.250.20 - - [07/Sep/2017:05:26:36 -0500] "GET /BLA/resoluciones/RESOLUCIONES%202009/2377.pdf HTTP/1.1" 200 360812
66.249.69.203 - - [07/Sep/2017:05:26:42 -0500] "GET /BLA/resoluciones/AUTOS%202011/2981.pdf HTTP/1.1" 200 187763
201.245.192.253 - - [07/Sep/2017:05:27:03 -0500] "GET /galeria/nivo-slider/demo/undefined HTTP/1.1" 404 1314
192.168.175.104 - - [07/Sep/2017:05:27:15 -0500] "GET / HTTP/1.1" 200 9990
201.245.192.253 - - [07/Sep/2017:05:27:23 -0500] "GET /galeria/nivo-slider/demo/undefined HTTP/1.1" 404 1314
66.249.69.205 - - [07/Sep/2017:05:27:28 -0500] "GET /BLA/resoluciones/RESOLUCIONES%202010/4520.pdf HTTP/1.1" 200 368015
66.249.69.201 - - [07/Sep/2017:05:27:37 -0500] "GET /autoliquidacion/dlf/folder.png HTTP/1.1" 304 -
35.190.203.87 - - [07/Sep/2017:05:27:46 -0500] "-" 408 -
66.249.69.201 - - [07/Sep/2017:05:28:13 -0500] "GET /BLA/resoluciones/RESOLUCIONES%202009/1368.pdf HTTP/1.1" 200 513217
69.162.124.233 - - [07/Sep/2017:05:28:26 -0500] "HEAD / HTTP/1.1" 200 -
207.46.13.8 - - [07/Sep/2017:05:28:53 -0500] "GET /BLA/boletinlegal/actas/079-2013.pdf HTTP/1.1" 200 1500109
66.249.69.201 - - [07/Sep/2017:05:28:59 -0500] "GET /BLA/resoluciones/RESOLUCIONES%202014/3105.pdf HTTP/1.1" 200 388088
123.126.113.85 - - [07/Sep/2017:05:29:10 -0500] "GET /resoluciones/RESOLUCIONES%202009/0600.pdf HTTP/1.1" 404 1018
104.199.87.90 - - [07/Sep/2017:05:29:11 -0500] "-" 408 -
201.245.192.253 - - [07/Sep/2017:05:29:23 -0500] "GET /galeria/nivo-slider/demo/undefined HTTP/1.1" 404 1314
201.245.192.253 - - [07/Sep/2017:05:29:43 -0500] "GET /galeria/nivo-slider/demo/undefined HTTP/1.1" 404 1314
66.249.69.203 - - [07/Sep/2017:05:29:45 -0500] "GET /BLA/resoluciones/AUTOS%202007/3601.pdf HTTP/1.1" 200 205540
51.255.65.42 - - [07/Sep/2017:05:30:08 -0500] "GET /BLA/resoluciones/AUTOS%202006/AUTOS%202006%20101-200/00000106.tif HTTP/1.1" 200 54194
35.187.34.70 - - [07/Sep/2017:05:30:33 -0500] "-" 408 -
192.168.175.104 - - [07/Sep/2017:05:30:56 -0500] "GET / HTTP/1.1" 200 9990
192.168.175.104 - - [07/Sep/2017:05:31:19 -0500] "GET / HTTP/1.0" 200 9990
201.245.192.253 - - [07/Sep/2017:05:31:44 -0500] "GET /galeria/nivo-slider/demo/undefined HTTP/1.1" 404 1314
35.190.207.132 - - [07/Sep/2017:05:31:51 -0500] "-" 408 -
164.132.161.96 - - [07/Sep/2017:05:31:56 -0500] "GET /BLA/resoluciones/AUTOS%202006/AUTOS%202006%203301%20-%203418/00003306.tif HTTP/1.1" 200 56144
66.249.69.201 - - [07/Sep/2017:05:32:02 -0500] "GET /BLA/resoluciones/RESOLUCIONES%202010/1130.pdf HTTP/1.1" 200 101808
201.245.192.253 - - [07/Sep/2017:05:32:04 -0500] "GET /galeria/nivo-slider/demo/undefined HTTP/1.1" 404 1314
192.168.175.104 - - [07/Sep/2017:05:32:13 -0500] "GET / HTTP/1.1" 200 9990
66.249.69.203 - - [07/Sep/2017:05:32:48 -0500] "GET /BLA/resoluciones/RESOLUCIONES%202011/0384.pdf HTTP/1.1" 200 83425
181.50.71.227 - - [07/Sep/2017:05:32:54 -0500] "GET /galeria/mapa/3MapaBogot%C3%A1.jpg HTTP/1.1" 200 688183
35.187.96.204 - - [07/Sep/2017:05:33:13 -0500] "-" 408 -
123.126.113.85 - - [07/Sep/2017:05:32:02 -0500] "GET /BLA/boletinlegal/index.php HTTP/1.1" 200 58320
123.126.113.85 - - [07/Sep/2017:05:33:21 -0500] "GET /galeria/nivo-slider/demo/demo.html HTTP/1.1" 200 4376
69.162.124.233 - - [07/Sep/2017:05:33:26 -0500] "HEAD / HTTP/1.1" 200 -
207.46.13.8 - - [07/Sep/2017:05:33:29 -0500] "GET /SIG/Gesti%C3%B3n%20Jur%C3%ADdica/126PA05-PR12.pdf HTTP/1.1" 200 77765
66.249.69.201 - - [07/Sep/2017:05:33:34 -0500] "GET /BLA/resoluciones/RESOLUCIONES%202010/1482.pdf HTTP/1.1" 200 336084
51.255.65.84 - - [07/Sep/2017:05:33:52 -0500] "GET /huelladecarbono/soluciones.html HTTP/1.1" 200 6658
201.245.192.253 - - [07/Sep/2017:05:34:04 -0500] "GET /galeria/nivo-slider/demo/undefined HTTP/1.1" 404 1314
66.249.69.203 - - [07/Sep/2017:05:34:19 -0500] "GET /BLA/resoluciones/RESOLUCIONES%202011/2562.pdf HTTP/1.1" 200 366341
201.245.192.253 - - [07/Sep/2017:05:34:24 -0500] "GET /galeria/nivo-slider/demo/undefined HTTP/1.1" 404 1314
35.190.201.122 - - [07/Sep/2017:05:34:39 -0500] "-" 408 -
217.182.132.85 - - [07/Sep/2017:05:35:52 -0500] "GET /BLA/resoluciones/AUTOS%202006/AUTOS%202006%201301-1400/00001381.tif HTTP/1.1" 200 81482
192.168.175.104 - - [07/Sep/2017:05:35:54 -0500] "GET / HTTP/1.1" 200 9990
35.187.34.70 - - [07/Sep/2017:05:36:01 -0500] "-" 408 -
192.168.175.104 - - [07/Sep/2017:05:36:17 -0500] "GET / HTTP/1.0" 200 9990
201.245.192.253 - - [07/Sep/2017:05:36:25 -0500] "GET /galeria/nivo-slider/demo/undefined HTTP/1.1" 404 1314
66.249.69.201 - - [07/Sep/2017:05:36:26 -0500] "GET /BLA/resoluciones/RESOLUCIONES%202015/2680.pdf HTTP/1.1" 200 1043266
66.249.69.203 - - [07/Sep/2017:05:36:37 -0500] "GET /BLA/resoluciones/RESOLUCIONES%202010/2100.pdf HTTP/1.1" 200 476612
201.245.192.253 - - [07/Sep/2017:05:36:45 -0500] "GET /galeria/nivo-slider/demo/undefined HTTP/1.1" 404 1314
66.249.69.203 - - [07/Sep/2017:05:36:57 -0500] "GET /BLA/resoluciones/AUTOS%202006/AUTOS%202006%201601%20-%201700/00001652.tif HTTP/1.1" 200 170452
192.168.175.104 - - [07/Sep/2017:05:37:12 -0500] "GET / HTTP/1.1" 200 9990
66.249.69.203 - - [07/Sep/2017:05:37:20 -0500] "GET /galeria/galeria/fotos/Entrenube1G.jpg HTTP/1.1" 304 -
66.249.69.203 - - [07/Sep/2017:05:37:22 -0500] "GET /BLA/resoluciones/AUTOS%202010/0474.pdf HTTP/1.1" 200 187591
35.189.218.56 - - [07/Sep/2017:05:37:32 -0500] "-" 408 -
69.162.124.233 - - [07/Sep/2017:05:38:26 -0500] "HEAD / HTTP/1.1" 200 -
137.74.207.170 - - [07/Sep/2017:05:38:34 -0500] "GET /BLA/resoluciones/RESOLUCIONES%202005/RES%202005%20151-200/00000192.tif HTTP/1.1" 200 122684
201.245.192.253 - - [07/Sep/2017:05:38:45 -0500] "GET /galeria/nivo-slider/demo/undefined HTTP/1.1" 404 1314
35.189.218.56 - - [07/Sep/2017:05:39:03 -0500] "-" 408 -
201.245.192.253 - - [07/Sep/2017:05:39:05 -0500] "GET /galeria/nivo-slider/demo/undefined HTTP/1.1" 404 1314
69.162.124.233 - - [07/Sep/2017:05:40:12 -0500] "HEAD / HTTP/1.1" 200 -
164.132.161.43 - - [07/Sep/2017:05:40:25 -0500] "GET /BLA/resoluciones/RESOLUCIONES%202005/RES%202005%20901-950/00000928.tif HTTP/1.1" 200 711988
66.249.69.137 - - [07/Sep/2017:05:40:26 -0500] "GET / HTTP/1.1" 200 9990
35.189.215.158 - - [07/Sep/2017:05:40:30 -0500] "-" 408 -
164.132.162.155 - - [07/Sep/2017:05:40:47 -0500] "GET /BLA/resoluciones/RESOLUCIONES%202002/RES%202002%20801-850/00000849.tif HTTP/1.1" 200 99212
192.168.175.104 - - [07/Sep/2017:05:40:52 -0500] "GET / HTTP/1.1" 200 9990
201.245.192.253 - - [07/Sep/2017:05:41:06 -0500] "GET /galeria/nivo-slider/demo/undefined HTTP/1.1" 404 1314
66.249.69.201 - - [07/Sep/2017:05:41:11 -0500] "GET /BLA/resoluciones/RESOLUCIONES%202009/9295.pdf HTTP/1.1" 200 785019
192.168.175.104 - - [07/Sep/2017:05:41:15 -0500] "GET / HTTP/1.0" 200 9990
201.245.192.253 - - [07/Sep/2017:05:41:26 -0500] "GET /galeria/nivo-slider/demo/undefined HTTP/1.1" 404 1314
35.187.52.64 - - [07/Sep/2017:05:41:52 -0500] "-" 408 -
164.132.161.54 - - [07/Sep/2017:05:41:53 -0500] "GET /BLA/resoluciones/RESOLUCIONES%202005/RES%202005%20351-400/00000393.tif HTTP/1.1" 200 175398
66.249.69.203 - - [07/Sep/2017:05:41:57 -0500] "GET /BLA/resoluciones/RESOLUCIONES%202009/7489.pdf HTTP/1.1" 304 -
192.168.175.104 - - [07/Sep/2017:05:42:10 -0500] "GET / HTTP/1.1" 200 9990
157.55.2.132 - - [07/Sep/2017:05:42:23 -0500] "GET /galeria/galeria/jquery.fancybox.js?v=2.1.5 HTTP/1.1" 200 48706
181.49.67.63 - - [07/Sep/2017:05:42:40 -0500] "GET /galeria/galeria/jquery.fancybox.css?v=2.1.5 HTTP/1.1" 200 4895
181.49.67.63 - - [07/Sep/2017:05:42:40 -0500] "GET /BLA/boletinlegal/js/jquery.scrollShow.js HTTP/1.1" 200 4586
181.49.67.63 - - [07/Sep/2017:05:42:40 -0500] "GET /galeria/galeria/jquery.fancybox.js?v=2.1.5 HTTP/1.1" 200 48706
35.190.203.87 - - [07/Sep/2017:05:43:07 -0500] "-" 408 -
35.190.203.87 - - [07/Sep/2017:05:43:17 -0500] "-" 408 -
201.245.192.253 - - [07/Sep/2017:05:43:26 -0500] "GET /galeria/nivo-slider/demo/undefined HTTP/1.1" 404 1314
201.245.192.253 - - [07/Sep/2017:05:43:46 -0500] "GET /galeria/nivo-slider/demo/undefined HTTP/1.1" 404 1314
35.187.96.204 - - [07/Sep/2017:05:44:27 -0500] "-" 408 -
66.249.69.205 - - [07/Sep/2017:05:45:46 -0500] "GET /BLA/resoluciones/RESOLUCIONES%202013/0350.pdf HTTP/1.1" 200 3657267
201.245.192.253 - - [07/Sep/2017:05:45:47 -0500] "GET /galeria/nivo-slider/demo/undefined HTTP/1.1" 404 1314
35.189.218.56 - - [07/Sep/2017:05:45:47 -0500] "-" 408 -
192.168.175.104 - - [07/Sep/2017:05:45:50 -0500] "GET / HTTP/1.1" 200 9990
69.162.124.233 - - [07/Sep/2017:05:46:03 -0500] "HEAD / HTTP/1.1" 200 -
201.245.192.253 - - [07/Sep/2017:05:46:04 -0500] "GET /galeria/nivo-slider/demo/images/Banner-aceite-vegetal.jpg HTTP/1.1" 304 -
201.245.192.253 - - [07/Sep/2017:05:46:07 -0500] "GET /galeria/nivo-slider/demo/undefined HTTP/1.1" 404 1314
192.168.175.104 - - [07/Sep/2017:05:46:12 -0500] "GET / HTTP/1.0" 200 9990
35.187.34.70 - - [07/Sep/2017:05:47:07 -0500] "-" 408 -
192.168.175.104 - - [07/Sep/2017:05:47:09 -0500] "GET / HTTP/1.1" 200 9990
201.245.192.253 - - [07/Sep/2017:05:48:07 -0500] "GET /galeria/nivo-slider/demo/undefined HTTP/1.1" 404 1314
35.190.203.87 - - [07/Sep/2017:05:48:27 -0500] "-" 408 -
201.245.192.253 - - [07/Sep/2017:05:48:27 -0500] "GET /galeria/nivo-slider/demo/undefined HTTP/1.1" 404 1314
66.249.69.201 - - [07/Sep/2017:05:49:35 -0500] "GET /BLA/resoluciones/AUTOS%202010/4897.pdf HTTP/1.1" 200 1174229
35.189.218.56 - - [07/Sep/2017:05:49:48 -0500] "-" 408 -
157.55.39.81 - - [07/Sep/2017:05:49:49 -0500] "GET /POT-2013/Cartografia/33_UPZ_2013_V1.pdf HTTP/1.1" 200 4878906
66.249.69.203 - - [07/Sep/2017:05:50:20 -0500] "GET /BLA/resoluciones/RESOLUCIONES%202009/7928.pdf HTTP/1.1" 200 51588
201.245.192.253 - - [07/Sep/2017:05:50:28 -0500] "GET /galeria/nivo-slider/demo/undefined HTTP/1.1" 404 1314
50.112.29.146 - - [07/Sep/2017:05:50:33 -0500] "-" 408 -
66.249.69.203 - - [07/Sep/2017:05:50:39 -0500] "GET /BLA/resoluciones/AUTOS%202006/AUTOS%202006%203101%20-%203200/00003133.tif HTTP/1.1" 200 57212
201.245.192.253 - - [07/Sep/2017:05:50:48 -0500] "GET /galeria/nivo-slider/demo/undefined HTTP/1.1" 404 1314
192.168.175.104 - - [07/Sep/2017:05:50:49 -0500] "GET / HTTP/1.1" 200 9990
50.112.29.146 - - [07/Sep/2017:05:50:51 -0500] "-" 408 -
35.187.96.204 - - [07/Sep/2017:05:51:08 -0500] "-" 408 -
50.112.29.146 - - [07/Sep/2017:05:51:09 -0500] "-" 408 -
192.168.175.104 - - [07/Sep/2017:05:51:11 -0500] "GET / HTTP/1.0" 200 9990
157.55.39.81 - - [07/Sep/2017:05:51:25 -0500] "GET /POT-2013/Cartografia/21_Sistema%20General%20para%20la%20Gesti%C3%B3n%20y%20Manejo%20Integral%20de%20Resi.pdf HTTP/1.1" 200 3540919
50.112.29.146 - - [07/Sep/2017:05:51:29 -0500] "-" 408 -
50.112.29.146 - - [07/Sep/2017:05:51:48 -0500] "-" 408 -
66.249.69.203 - - [07/Sep/2017:05:51:52 -0500] "GET /BLA/resoluciones/RESOLUCIONES%202011/0618.pdf HTTP/1.1" 200 68853
