191.109.223.43 - - [07/Sep/2017:01:19:18 -0500] "GET /galeria/nivo-slider/demo/images/BANNERCAMINASEP-OCT2017.jpg HTTP/1.1" 200 496401
81.109.85.9 - - [07/Sep/2017:01:19:19 -0500] "GET /PruebasSTORM/StormSDA_pruebas/userFiles/user_files/formulas/3/612.xml HTTP/1.1" 200 979
191.109.223.43 - - [07/Sep/2017:01:19:20 -0500] "GET /galeria/nivo-slider/demo/images/banner%20aceite%20vegetal%20usado.jpg HTTP/1.1" 200 169350
191.109.223.43 - - [07/Sep/2017:01:19:20 -0500] "GET /galeria/nivo-slider/demo/images/bannerlumina2017web.jpg HTTP/1.1" 200 198918
191.109.223.43 - - [07/Sep/2017:01:19:21 -0500] "GET /galeria/nivo-slider/demo/images/BANNERRUTADEVERTIMIENTOS.jpg HTTP/1.1" 200 98506
191.109.223.43 - - [07/Sep/2017:01:19:21 -0500] "GET /galeria/nivo-slider/demo/images/bolsas-06.jpg HTTP/1.1" 200 210950
81.109.85.9 - - [07/Sep/2017:01:19:25 -0500] "GET /PruebasSTORM/StormSDA_pruebas/userFiles/user_files/formulas/3/613.xml HTTP/1.1" 200 981
191.109.223.43 - - [07/Sep/2017:01:19:26 -0500] "GET /galeria/nivo-slider/themes/default/arrows.png HTTP/1.1" 200 824
191.109.223.43 - - [07/Sep/2017:01:19:26 -0500] "GET /galeria/nivo-slider/themes/default/bullets.png HTTP/1.1" 200 1281
81.109.85.9 - - [07/Sep/2017:01:19:29 -0500] "GET /PruebasSTORM/StormSDA_pruebas/userFiles/user_files/formulas/3/614.xml HTTP/1.1" 200 988
81.109.85.9 - - [07/Sep/2017:01:19:36 -0500] "GET /PruebasSTORM/StormSDA_pruebas/userFiles/user_files/formulas/3/615.xml HTTP/1.1" 200 995
35.187.96.204 - - [07/Sep/2017:01:19:41 -0500] "-" 408 -
81.109.85.9 - - [07/Sep/2017:01:19:43 -0500] "GET /PruebasSTORM/StormSDA_pruebas/userFiles/user_files/formulas/3/616.xml HTTP/1.1" 200 1002
66.249.69.205 - - [07/Sep/2017:01:19:46 -0500] "GET /BLA/resoluciones/RESOLUCIONES%202009/3562.pdf HTTP/1.1" 200 745226
81.109.85.9 - - [07/Sep/2017:01:19:48 -0500] "GET /PruebasSTORM/StormSDA_pruebas/userFiles/user_files/formulas/3/617.xml HTTP/1.1" 200 1008
81.109.85.9 - - [07/Sep/2017:01:19:53 -0500] "GET /PruebasSTORM/StormSDA_pruebas/userFiles/user_files/formulas/3/618.xml HTTP/1.1" 200 1006
81.109.85.9 - - [07/Sep/2017:01:19:56 -0500] "GET /PruebasSTORM/StormSDA_pruebas/userFiles/user_files/formulas/3/619.xml HTTP/1.1" 200 1010
217.182.132.73 - - [07/Sep/2017:01:19:56 -0500] "GET /BLA/resoluciones/AUTOS%202006/AUTOS%202006%201501%20-%201600/00001582.tif HTTP/1.1" 200 53302
66.249.69.201 - - [07/Sep/2017:01:19:57 -0500] "GET /BLA/resoluciones/RESOLUCIONES%202009/3606.pdf HTTP/1.1" 200 43536
81.109.85.9 - - [07/Sep/2017:01:19:59 -0500] "GET /PruebasSTORM/StormSDA_pruebas/userFiles/user_files/formulas/3/620.xml HTTP/1.1" 200 1007
81.109.85.9 - - [07/Sep/2017:01:20:02 -0500] "GET /PruebasSTORM/StormSDA_pruebas/userFiles/user_files/formulas/3/621.xml HTTP/1.1" 200 1008
81.109.85.9 - - [07/Sep/2017:01:20:09 -0500] "GET /PruebasSTORM/StormSDA_pruebas/userFiles/user_files/formulas/3/622.xml HTTP/1.1" 200 1008
66.249.69.211 - - [07/Sep/2017:01:20:13 -0500] "GET / HTTP/1.1" 200 9990
81.109.85.9 - - [07/Sep/2017:01:20:20 -0500] "GET /PruebasSTORM/StormSDA_pruebas/userFiles/user_files/formulas/3/623.xml HTTP/1.1" 200 1004
81.109.85.9 - - [07/Sep/2017:01:20:25 -0500] "GET /PruebasSTORM/StormSDA_pruebas/userFiles/user_files/formulas/3/624.xml HTTP/1.1" 200 1016
81.109.85.9 - - [07/Sep/2017:01:20:33 -0500] "GET /PruebasSTORM/StormSDA_pruebas/userFiles/user_files/formulas/3/625.xml HTTP/1.1" 200 1004
81.109.85.9 - - [07/Sep/2017:01:20:37 -0500] "GET /PruebasSTORM/StormSDA_pruebas/userFiles/user_files/formulas/3/626.xml HTTP/1.1" 200 1001
81.109.85.9 - - [07/Sep/2017:01:20:44 -0500] "GET /PruebasSTORM/StormSDA_pruebas/userFiles/user_files/formulas/3/627.xml HTTP/1.1" 200 1002
66.249.69.201 - - [07/Sep/2017:01:20:55 -0500] "GET /BLA/resoluciones/RESOLUCIONES%202010/6250.pdf HTTP/1.1" 200 596234
66.249.69.201 - - [07/Sep/2017:01:20:56 -0500] "GET /BLA/resoluciones/RESOLUCIONES%202009/5235.pdf HTTP/1.1" 200 504283
66.249.69.201 - - [07/Sep/2017:01:20:58 -0500] "GET /BLA/resoluciones/AUTOS%202011/6117.pdf HTTP/1.1" 200 172516
35.190.207.132 - - [07/Sep/2017:01:20:59 -0500] "-" 408 -
66.249.69.201 - - [07/Sep/2017:01:21:01 -0500] "GET /BLA/resoluciones/AUTOS%202014/5468.pdf HTTP/1.1" 200 565778
81.109.85.9 - - [07/Sep/2017:01:21:09 -0500] "GET /PruebasSTORM/StormSDA_pruebas/userFiles/user_files/formulas/3/629.xml HTTP/1.1" 200 995
201.245.192.253 - - [07/Sep/2017:01:21:10 -0500] "GET /galeria/nivo-slider/demo/undefined HTTP/1.1" 404 1314
66.249.69.203 - - [07/Sep/2017:01:21:12 -0500] "GET /BLA/resoluciones/AUTOS%202014/7117.pdf HTTP/1.1" 200 522898
81.109.85.9 - - [07/Sep/2017:01:21:13 -0500] "GET /PruebasSTORM/StormSDA_pruebas/userFiles/user_files/formulas/3/630.xml HTTP/1.1" 200 991
81.109.85.9 - - [07/Sep/2017:01:21:21 -0500] "GET /PruebasSTORM/StormSDA_pruebas/userFiles/user_files/formulas/3/631.xml HTTP/1.1" 200 984
81.109.85.9 - - [07/Sep/2017:01:21:26 -0500] "GET /PruebasSTORM/StormSDA_pruebas/userFiles/user_files/formulas/3/632.xml HTTP/1.1" 200 983
201.245.192.253 - - [07/Sep/2017:01:21:30 -0500] "GET /galeria/nivo-slider/demo/undefined HTTP/1.1" 404 1314
81.109.85.9 - - [07/Sep/2017:01:21:32 -0500] "GET /PruebasSTORM/StormSDA_pruebas/userFiles/user_files/formulas/3/633.xml HTTP/1.1" 200 995
81.109.85.9 - - [07/Sep/2017:01:21:42 -0500] "GET /PruebasSTORM/StormSDA_pruebas/userFiles/user_files/formulas/3/634.xml HTTP/1.1" 200 1007
81.109.85.9 - - [07/Sep/2017:01:21:47 -0500] "GET /PruebasSTORM/StormSDA_pruebas/userFiles/user_files/formulas/3/635.xml HTTP/1.1" 200 1005
54.172.241.121 - - [07/Sep/2017:01:21:53 -0500] "GET /robots.txt HTTP/1.1" 404 1018
81.109.85.9 - - [07/Sep/2017:01:21:53 -0500] "GET /PruebasSTORM/StormSDA_pruebas/userFiles/user_files/formulas/3/636.xml HTTP/1.1" 200 1008
81.109.85.9 - - [07/Sep/2017:01:21:59 -0500] "GET /PruebasSTORM/StormSDA_pruebas/userFiles/user_files/formulas/3/637.xml HTTP/1.1" 200 998
81.109.85.9 - - [07/Sep/2017:01:22:02 -0500] "GET /PruebasSTORM/StormSDA_pruebas/userFiles/user_files/formulas/3/638.xml HTTP/1.1" 200 1005
66.249.69.201 - - [07/Sep/2017:01:22:03 -0500] "GET /BLA/resoluciones/AUTOS%202011/0770.pdf HTTP/1.1" 200 168713
81.109.85.9 - - [07/Sep/2017:01:22:06 -0500] "GET /PruebasSTORM/StormSDA_pruebas/userFiles/user_files/formulas/3/639.xml HTTP/1.1" 200 992
81.109.85.9 - - [07/Sep/2017:01:22:11 -0500] "GET /PruebasSTORM/StormSDA_pruebas/userFiles/user_files/formulas/3/640.xml HTTP/1.1" 200 993
81.109.85.9 - - [07/Sep/2017:01:22:18 -0500] "GET /PruebasSTORM/StormSDA_pruebas/userFiles/user_files/formulas/3/641.xml HTTP/1.1" 200 992
35.187.96.204 - - [07/Sep/2017:01:22:20 -0500] "-" 408 -
81.109.85.9 - - [07/Sep/2017:01:22:25 -0500] "GET /PruebasSTORM/StormSDA_pruebas/userFiles/user_files/formulas/3/642.xml HTTP/1.1" 200 979
35.189.197.90 - - [07/Sep/2017:01:22:30 -0500] "-" 408 -
81.109.85.9 - - [07/Sep/2017:01:22:31 -0500] "GET /PruebasSTORM/StormSDA_pruebas/userFiles/user_files/formulas/3/643.xml HTTP/1.1" 200 1019
192.168.175.104 - - [07/Sep/2017:01:22:37 -0500] "GET / HTTP/1.1" 200 9990
81.109.85.9 - - [07/Sep/2017:01:22:40 -0500] "GET /PruebasSTORM/StormSDA_pruebas/userFiles/user_files/formulas/3/644.xml HTTP/1.1" 200 1034
69.162.124.233 - - [07/Sep/2017:01:22:44 -0500] "HEAD / HTTP/1.1" 200 -
81.109.85.9 - - [07/Sep/2017:01:22:49 -0500] "GET /PruebasSTORM/StormSDA_pruebas/userFiles/user_files/formulas/3/645.xml HTTP/1.1" 200 1015
192.168.175.104 - - [07/Sep/2017:01:22:54 -0500] "GET / HTTP/1.0" 200 9990
81.109.85.9 - - [07/Sep/2017:01:22:57 -0500] "GET /PruebasSTORM/StormSDA_pruebas/userFiles/user_files/formulas/3/646.xml HTTP/1.1" 200 1034
81.109.85.9 - - [07/Sep/2017:01:23:05 -0500] "GET /PruebasSTORM/StormSDA_pruebas/userFiles/user_files/formulas/3/647.xml HTTP/1.1" 200 1031
181.128.206.219 - - [07/Sep/2017:01:23:10 -0500] "GET /BLA/resoluciones/RESOLUCIONES%202014/0508.pdf HTTP/1.1" 200 535413
181.128.206.219 - - [07/Sep/2017:01:23:10 -0500] "GET /favicon.ico HTTP/1.1" 200 7782
81.109.85.9 - - [07/Sep/2017:01:23:11 -0500] "GET /PruebasSTORM/StormSDA_pruebas/userFiles/user_files/formulas/3/648.xml HTTP/1.1" 200 1024
66.249.69.205 - - [07/Sep/2017:01:23:15 -0500] "GET /BLA/resoluciones/RESOLUCIONES%202009/6252.pdf HTTP/1.1" 200 694871
81.109.85.9 - - [07/Sep/2017:01:23:16 -0500] "GET /PruebasSTORM/StormSDA_pruebas/userFiles/user_files/formulas/3/649.xml HTTP/1.1" 200 1022
81.109.85.9 - - [07/Sep/2017:01:23:20 -0500] "GET /PruebasSTORM/StormSDA_pruebas/userFiles/user_files/formulas/3/650.xml HTTP/1.1" 200 1034
207.46.13.8 - - [07/Sep/2017:01:23:27 -0500] "GET /SIG/Direccionamiento%20Estrategico/126PG01-PR15.pdf HTTP/1.1" 200 1834903
81.109.85.9 - - [07/Sep/2017:01:23:30 -0500] "GET /PruebasSTORM/StormSDA_pruebas/userFiles/user_files/formulas/3/651.xml HTTP/1.1" 200 1016
201.245.192.253 - - [07/Sep/2017:01:23:30 -0500] "GET /galeria/nivo-slider/demo/undefined HTTP/1.1" 404 1314
81.109.85.9 - - [07/Sep/2017:01:23:35 -0500] "GET /PruebasSTORM/StormSDA_pruebas/userFiles/user_files/formulas/3/652.xml HTTP/1.1" 200 1019
81.109.85.9 - - [07/Sep/2017:01:23:42 -0500] "GET /PruebasSTORM/StormSDA_pruebas/userFiles/user_files/formulas/3/653.xml HTTP/1.1" 200 1002
35.189.218.56 - - [07/Sep/2017:01:23:42 -0500] "-" 408 -
81.109.85.9 - - [07/Sep/2017:01:23:47 -0500] "GET /PruebasSTORM/StormSDA_pruebas/userFiles/user_files/formulas/3/654.xml HTTP/1.1" 200 1029
201.245.192.253 - - [07/Sep/2017:01:23:50 -0500] "GET /galeria/nivo-slider/demo/undefined HTTP/1.1" 404 1314
192.168.175.104 - - [07/Sep/2017:01:23:52 -0500] "GET / HTTP/1.1" 200 9990
81.109.85.9 - - [07/Sep/2017:01:23:53 -0500] "GET /PruebasSTORM/StormSDA_pruebas/userFiles/user_files/formulas/3/655.xml HTTP/1.1" 200 1019
81.109.85.9 - - [07/Sep/2017:01:23:57 -0500] "GET /PruebasSTORM/StormSDA_pruebas/userFiles/user_files/formulas/3/656.xml HTTP/1.1" 200 1007
81.109.85.9 - - [07/Sep/2017:01:24:01 -0500] "GET /PruebasSTORM/StormSDA_pruebas/userFiles/user_files/formulas/3/657.xml HTTP/1.1" 200 999
81.109.85.9 - - [07/Sep/2017:01:24:07 -0500] "GET /PruebasSTORM/StormSDA_pruebas/userFiles/user_files/formulas/3/658.xml HTTP/1.1" 200 1001
81.109.85.9 - - [07/Sep/2017:01:24:14 -0500] "GET /PruebasSTORM/StormSDA_pruebas/userFiles/user_files/formulas/3/659.xml HTTP/1.1" 200 1001
81.109.85.9 - - [07/Sep/2017:01:24:17 -0500] "GET /PruebasSTORM/StormSDA_pruebas/userFiles/user_files/formulas/3/660.xml HTTP/1.1" 200 999
81.109.85.9 - - [07/Sep/2017:01:24:23 -0500] "GET /PruebasSTORM/StormSDA_pruebas/userFiles/user_files/formulas/3/661.xml HTTP/1.1" 200 1050
81.109.85.9 - - [07/Sep/2017:01:24:26 -0500] "GET /PruebasSTORM/StormSDA_pruebas/userFiles/user_files/formulas/3/662.xml HTTP/1.1" 200 997
81.109.85.9 - - [07/Sep/2017:01:24:29 -0500] "GET /PruebasSTORM/StormSDA_pruebas/userFiles/user_files/formulas/3/663.xml HTTP/1.1" 200 1003
81.109.85.9 - - [07/Sep/2017:01:24:36 -0500] "GET /PruebasSTORM/StormSDA_pruebas/userFiles/user_files/formulas/3/664.xml HTTP/1.1" 200 1002
81.109.85.9 - - [07/Sep/2017:01:24:41 -0500] "GET /PruebasSTORM/StormSDA_pruebas/userFiles/user_files/formulas/3/665.xml HTTP/1.1" 200 1001
81.109.85.9 - - [07/Sep/2017:01:24:45 -0500] "GET /PruebasSTORM/StormSDA_pruebas/userFiles/user_files/formulas/3/666.xml HTTP/1.1" 200 997
81.109.85.9 - - [07/Sep/2017:01:24:51 -0500] "GET /PruebasSTORM/StormSDA_pruebas/userFiles/user_files/formulas/3/667.xml HTTP/1.1" 200 996
81.109.85.9 - - [07/Sep/2017:01:24:55 -0500] "GET /PruebasSTORM/StormSDA_pruebas/userFiles/user_files/formulas/3/668.xml HTTP/1.1" 200 995
81.109.85.9 - - [07/Sep/2017:01:25:00 -0500] "GET /PruebasSTORM/StormSDA_pruebas/userFiles/user_files/formulas/3/669.xml HTTP/1.1" 200 995
35.189.218.56 - - [07/Sep/2017:01:25:02 -0500] "-" 408 -
190.248.238.170 - - [07/Sep/2017:01:25:03 -0500] "GET /BLA/boletinlegal/js/jquery.scrollShow.js HTTP/1.1" 200 4586
190.248.238.170 - - [07/Sep/2017:01:25:03 -0500] "GET /galeria/galeria/jquery.fancybox.css?v=2.1.5 HTTP/1.1" 200 4895
190.248.238.170 - - [07/Sep/2017:01:25:03 -0500] "GET /galeria/galeria/jquery.fancybox.js?v=2.1.5 HTTP/1.1" 200 48706
81.109.85.9 - - [07/Sep/2017:01:25:06 -0500] "GET /PruebasSTORM/StormSDA_pruebas/userFiles/user_files/formulas/3/670.xml HTTP/1.1" 200 1005
190.248.238.170 - - [07/Sep/2017:01:25:07 -0500] "GET /BLA/boletinlegal/js/jquery.scrollShow.js HTTP/1.1" 304 -
190.248.238.170 - - [07/Sep/2017:01:25:07 -0500] "GET /galeria/galeria/jquery.fancybox.css?v=2.1.5 HTTP/1.1" 304 -
190.248.238.170 - - [07/Sep/2017:01:25:07 -0500] "GET /galeria/galeria/jquery.fancybox.js?v=2.1.5 HTTP/1.1" 304 -
81.109.85.9 - - [07/Sep/2017:01:25:10 -0500] "GET /PruebasSTORM/StormSDA_pruebas/userFiles/user_files/formulas/3/671.xml HTTP/1.1" 200 995
81.109.85.9 - - [07/Sep/2017:01:25:15 -0500] "GET /PruebasSTORM/StormSDA_pruebas/userFiles/user_files/formulas/3/672.xml HTTP/1.1" 200 991
81.109.85.9 - - [07/Sep/2017:01:25:19 -0500] "GET /PruebasSTORM/StormSDA_pruebas/userFiles/user_files/formulas/3/673.xml HTTP/1.1" 200 979
81.109.85.9 - - [07/Sep/2017:01:25:23 -0500] "GET /PruebasSTORM/StormSDA_pruebas/userFiles/user_files/formulas/3/674.xml HTTP/1.1" 200 1000
66.249.69.203 - - [07/Sep/2017:01:25:27 -0500] "GET /BLA/resoluciones/AUTOS%202014/4300.pdf HTTP/1.1" 200 566672
66.249.69.201 - - [07/Sep/2017:01:25:29 -0500] "GET /BLA/resoluciones/AUTOS%202016/2030.pdf HTTP/1.1" 200 584830
81.109.85.9 - - [07/Sep/2017:01:25:30 -0500] "GET /PruebasSTORM/StormSDA_pruebas/userFiles/user_files/formulas/3/675.xml HTTP/1.1" 200 993
81.109.85.9 - - [07/Sep/2017:01:25:35 -0500] "GET /PruebasSTORM/StormSDA_pruebas/userFiles/user_files/formulas/3/676.xml HTTP/1.1" 200 993
81.109.85.9 - - [07/Sep/2017:01:25:42 -0500] "GET /PruebasSTORM/StormSDA_pruebas/userFiles/user_files/formulas/3/677.xml HTTP/1.1" 200 995
81.109.85.9 - - [07/Sep/2017:01:25:47 -0500] "GET /PruebasSTORM/StormSDA_pruebas/userFiles/user_files/formulas/3/678.xml HTTP/1.1" 200 780
201.245.192.253 - - [07/Sep/2017:01:25:51 -0500] "GET /galeria/nivo-slider/demo/undefined HTTP/1.1" 404 1314
81.109.85.9 - - [07/Sep/2017:01:25:57 -0500] "GET /PruebasSTORM/StormSDA_pruebas/userFiles/user_files/formulas/3/679.xml HTTP/1.1" 200 990
81.109.85.9 - - [07/Sep/2017:01:26:03 -0500] "GET /PruebasSTORM/StormSDA_pruebas/userFiles/user_files/formulas/3/680.xml HTTP/1.1" 200 961
66.249.69.203 - - [07/Sep/2017:01:26:04 -0500] "GET /BLA/resoluciones/AUTOS%202013/0100.pdf HTTP/1.1" 200 1779548
81.109.85.9 - - [07/Sep/2017:01:26:10 -0500] "GET /PruebasSTORM/StormSDA_pruebas/userFiles/user_files/formulas/3/681.xml HTTP/1.1" 200 962
201.245.192.253 - - [07/Sep/2017:01:26:11 -0500] "GET /galeria/nivo-slider/demo/undefined HTTP/1.1" 404 1314
81.109.85.9 - - [07/Sep/2017:01:26:15 -0500] "GET /PruebasSTORM/StormSDA_pruebas/userFiles/user_files/formulas/3/682.xml HTTP/1.1" 200 978
66.249.69.203 - - [07/Sep/2017:01:26:15 -0500] "GET /BLA/resoluciones/RESOLUCIONES%202008/5071.pdf HTTP/1.1" 200 387277
35.190.207.132 - - [07/Sep/2017:01:26:20 -0500] "-" 408 -
81.109.85.9 - - [07/Sep/2017:01:26:21 -0500] "GET /PruebasSTORM/StormSDA_pruebas/userFiles/user_files/formulas/3/683.xml HTTP/1.1" 200 972
81.109.85.9 - - [07/Sep/2017:01:26:26 -0500] "GET /PruebasSTORM/StormSDA_pruebas/userFiles/user_files/formulas/3/684.xml HTTP/1.1" 200 971
81.109.85.9 - - [07/Sep/2017:01:26:31 -0500] "GET /PruebasSTORM/StormSDA_pruebas/userFiles/user_files/formulas/3/685.xml HTTP/1.1" 200 972
66.249.69.201 - - [07/Sep/2017:01:26:37 -0500] "GET /BLA/resoluciones/RESOLUCIONES%202008/3916.pdf HTTP/1.1" 200 210617
81.109.85.9 - - [07/Sep/2017:01:26:38 -0500] "GET /PruebasSTORM/StormSDA_pruebas/userFiles/user_files/formulas/3/686.xml HTTP/1.1" 200 957
66.249.69.201 - - [07/Sep/2017:01:26:39 -0500] "GET /BLA/resoluciones/AUTOS%202006/AUTOS%202006%201601%20-%201700/00001676.tif HTTP/1.1" 200 95902
81.109.85.9 - - [07/Sep/2017:01:26:42 -0500] "GET /PruebasSTORM/StormSDA_pruebas/userFiles/user_files/formulas/3/687.xml HTTP/1.1" 200 967
81.109.85.9 - - [07/Sep/2017:01:26:47 -0500] "GET /PruebasSTORM/StormSDA_pruebas/userFiles/user_files/formulas/3/688.xml HTTP/1.1" 200 961
81.109.85.9 - - [07/Sep/2017:01:26:51 -0500] "GET /PruebasSTORM/StormSDA_pruebas/userFiles/user_files/formulas/3/689.xml HTTP/1.1" 200 968
81.109.85.9 - - [07/Sep/2017:01:26:54 -0500] "GET /PruebasSTORM/StormSDA_pruebas/userFiles/user_files/formulas/3/690.xml HTTP/1.1" 200 962
81.109.85.9 - - [07/Sep/2017:01:26:58 -0500] "GET /PruebasSTORM/StormSDA_pruebas/userFiles/user_files/formulas/3/691.xml HTTP/1.1" 200 965
81.109.85.9 - - [07/Sep/2017:01:27:01 -0500] "GET /PruebasSTORM/StormSDA_pruebas/userFiles/user_files/formulas/3/692.xml HTTP/1.1" 200 968
81.109.85.9 - - [07/Sep/2017:01:27:07 -0500] "GET /PruebasSTORM/StormSDA_pruebas/userFiles/user_files/formulas/3/693.xml HTTP/1.1" 200 967
81.109.85.9 - - [07/Sep/2017:01:27:11 -0500] "GET /PruebasSTORM/StormSDA_pruebas/userFiles/user_files/formulas/3/694.xml HTTP/1.1" 200 959
81.109.85.9 - - [07/Sep/2017:01:27:16 -0500] "GET /PruebasSTORM/StormSDA_pruebas/userFiles/user_files/formulas/3/695.xml HTTP/1.1" 200 967
81.109.85.9 - - [07/Sep/2017:01:27:19 -0500] "GET /PruebasSTORM/StormSDA_pruebas/userFiles/user_files/formulas/3/696.xml HTTP/1.1" 200 960
81.109.85.9 - - [07/Sep/2017:01:27:23 -0500] "GET /PruebasSTORM/StormSDA_pruebas/userFiles/user_files/formulas/3/697.xml HTTP/1.1" 200 961
81.109.85.9 - - [07/Sep/2017:01:27:27 -0500] "GET /PruebasSTORM/StormSDA_pruebas/userFiles/user_files/formulas/3/698.xml HTTP/1.1" 200 963
81.109.85.9 - - [07/Sep/2017:01:27:32 -0500] "GET /PruebasSTORM/StormSDA_pruebas/userFiles/user_files/formulas/3/699.xml HTTP/1.1" 200 965
192.168.175.104 - - [07/Sep/2017:01:27:35 -0500] "GET / HTTP/1.1" 200 9990
81.109.85.9 - - [07/Sep/2017:01:27:36 -0500] "GET /PruebasSTORM/StormSDA_pruebas/userFiles/user_files/formulas/3/7.xml HTTP/1.1" 200 1072
81.109.85.9 - - [07/Sep/2017:01:27:39 -0500] "GET /PruebasSTORM/StormSDA_pruebas/userFiles/user_files/formulas/3/700.xml HTTP/1.1" 200 971
69.162.124.233 - - [07/Sep/2017:01:27:44 -0500] "HEAD / HTTP/1.1" 200 -
81.109.85.9 - - [07/Sep/2017:01:27:45 -0500] "GET /PruebasSTORM/StormSDA_pruebas/userFiles/user_files/formulas/3/701.xml HTTP/1.1" 200 979
35.189.218.56 - - [07/Sep/2017:01:27:46 -0500] "-" 408 -
192.168.175.104 - - [07/Sep/2017:01:27:52 -0500] "GET / HTTP/1.0" 200 9990
81.109.85.9 - - [07/Sep/2017:01:27:53 -0500] "GET /PruebasSTORM/StormSDA_pruebas/userFiles/user_files/formulas/3/702.xml HTTP/1.1" 200 977
35.189.218.56 - - [07/Sep/2017:01:27:56 -0500] "-" 408 -
217.182.132.173 - - [07/Sep/2017:01:28:00 -0500] "GET /BLA/resoluciones/RESOLUCIONES%202004/RES%202004%201801-1850/00001817.tif HTTP/1.1" 200 45892
81.109.85.9 - - [07/Sep/2017:01:28:00 -0500] "GET /PruebasSTORM/StormSDA_pruebas/userFiles/user_files/formulas/3/703.xml HTTP/1.1" 200 967
81.109.85.9 - - [07/Sep/2017:01:28:06 -0500] "GET /PruebasSTORM/StormSDA_pruebas/userFiles/user_files/formulas/3/704.xml HTTP/1.1" 200 971
201.245.192.253 - - [07/Sep/2017:01:28:11 -0500] "GET /galeria/nivo-slider/demo/undefined HTTP/1.1" 404 1314
81.109.85.9 - - [07/Sep/2017:01:28:12 -0500] "GET /PruebasSTORM/StormSDA_pruebas/userFiles/user_files/formulas/3/705.xml HTTP/1.1" 200 970
81.109.85.9 - - [07/Sep/2017:01:28:16 -0500] "GET /PruebasSTORM/StormSDA_pruebas/userFiles/user_files/formulas/3/706.xml HTTP/1.1" 200 976
201.245.192.253 - - [07/Sep/2017:01:28:31 -0500] "GET /galeria/nivo-slider/demo/undefined HTTP/1.1" 404 1314
81.109.85.9 - - [07/Sep/2017:01:28:31 -0500] "GET /PruebasSTORM/StormSDA_pruebas/userFiles/user_files/formulas/3/707.xml HTTP/1.1" 200 960
66.249.69.203 - - [07/Sep/2017:01:28:38 -0500] "GET /sig/Gesti%C3%B3n%20de%20Recursos%20F%C3%ADsicos/Gesti%C3%B3n%20de%20Recursos%20F%C3%ADsicos/126PA04-PR04.pdf HTTP/1.1" 200 23183
81.109.85.9 - - [07/Sep/2017:01:28:40 -0500] "GET /PruebasSTORM/StormSDA_pruebas/userFiles/user_files/formulas/3/708.xml HTTP/1.1" 200 1008
66.249.69.201 - - [07/Sep/2017:01:28:41 -0500] "GET /BLA/resoluciones/RESOLUCIONES%202008/2353.pdf HTTP/1.1" 200 367187
81.109.85.9 - - [07/Sep/2017:01:28:44 -0500] "GET /PruebasSTORM/StormSDA_pruebas/userFiles/user_files/formulas/3/709.xml HTTP/1.1" 200 1012
81.109.85.9 - - [07/Sep/2017:01:28:48 -0500] "GET /PruebasSTORM/StormSDA_pruebas/userFiles/user_files/formulas/3/710.xml HTTP/1.1" 200 1033
192.168.175.104 - - [07/Sep/2017:01:28:50 -0500] "GET / HTTP/1.1" 200 9990
66.249.81.73 - - [07/Sep/2017:01:28:51 -0500] "GET /BLA/resoluciones/AUTOS%202007/1705.pdf HTTP/1.1" 200 36011
66.249.69.201 - - [07/Sep/2017:01:28:51 -0500] "GET /BLA/resoluciones/AUTOS%202014/3451.pdf HTTP/1.1" 200 552859
81.109.85.9 - - [07/Sep/2017:01:28:53 -0500] "GET /PruebasSTORM/StormSDA_pruebas/userFiles/user_files/formulas/3/711.xml HTTP/1.1" 200 1026
66.249.69.201 - - [07/Sep/2017:01:28:54 -0500] "GET /BLA/resoluciones/RESOLUCIONES%202008/1899.pdf HTTP/1.1" 200 205495
81.109.85.9 - - [07/Sep/2017:01:28:59 -0500] "GET /PruebasSTORM/StormSDA_pruebas/userFiles/user_files/formulas/3/8.xml HTTP/1.1" 200 1092
81.109.85.9 - - [07/Sep/2017:01:29:05 -0500] "GET /PruebasSTORM/StormSDA_pruebas/userFiles/user_files/formulas/3/9.xml HTTP/1.1" 200 1101
35.187.52.64 - - [07/Sep/2017:01:29:06 -0500] "-" 408 -
164.132.161.10 - - [07/Sep/2017:01:29:21 -0500] "GET /BLA/resoluciones/index.php?dir=Notificaciones/RESOLUCIONES%202016/&sort=date&order=desc HTTP/1.1" 200 13367
69.162.124.233 - - [07/Sep/2017:01:29:50 -0500] "HEAD / HTTP/1.1" 200 -
181.51.241.206 - - [07/Sep/2017:01:30:05 -0500] "GET /galeria/galeria/jquery.fancybox.css?v=2.1.5 HTTP/1.1" 200 4895
181.51.241.206 - - [07/Sep/2017:01:30:05 -0500] "GET /BLA/boletinlegal/js/jquery.scrollShow.js HTTP/1.1" 200 4586
181.51.241.206 - - [07/Sep/2017:01:30:05 -0500] "GET /galeria/galeria/jquery.fancybox.js?v=2.1.5 HTTP/1.1" 200 48706
66.249.69.201 - - [07/Sep/2017:01:30:11 -0500] "GET /BLA/resoluciones/RESOLUCIONES%202009/3849.pdf HTTP/1.1" 200 191346
66.249.69.201 - - [07/Sep/2017:01:30:17 -0500] "GET /BLA/resoluciones/RESOLUCIONES%202008/0869.pdf HTTP/1.1" 200 40196
35.189.215.158 - - [07/Sep/2017:01:30:26 -0500] "-" 408 -
81.109.85.9 - - [07/Sep/2017:01:29:11 -0500] "GET /PruebasSTORM/StormSDA_pruebas/userFiles/user_files/formulas/3/?C=D;O=A HTTP/1.1" 200 111022
201.245.192.253 - - [07/Sep/2017:01:30:32 -0500] "GET /galeria/nivo-slider/demo/undefined HTTP/1.1" 404 1314
180.76.15.146 - - [07/Sep/2017:01:30:48 -0500] "GET / HTTP/1.1" 200 9990
201.245.192.253 - - [07/Sep/2017:01:30:52 -0500] "GET /galeria/nivo-slider/demo/undefined HTTP/1.1" 404 1314
81.109.85.9 - - [07/Sep/2017:01:30:36 -0500] "GET /PruebasSTORM/StormSDA_pruebas/userFiles/user_files/formulas/3/?C=N;O=D HTTP/1.1" 200 111022
81.109.85.9 - - [07/Sep/2017:01:31:14 -0500] "GET /PruebasSTORM/StormSDA_pruebas/userFiles/user_files/formulas/3/?C=S;O=A HTTP/1.1" 200 111022
81.109.85.9 - - [07/Sep/2017:01:31:26 -0500] "GET /PruebasSTORM/StormSDA_pruebas/userFiles/user_files/formulas/4/?C=D;O=A HTTP/1.1" 200 905
81.109.85.9 - - [07/Sep/2017:01:31:30 -0500] "GET /PruebasSTORM/StormSDA_pruebas/userFiles/user_files/formulas/4/?C=M;O=A HTTP/1.1" 200 905
81.109.85.9 - - [07/Sep/2017:01:31:35 -0500] "GET /PruebasSTORM/StormSDA_pruebas/userFiles/user_files/formulas/4/?C=N;O=D HTTP/1.1" 200 905
66.249.69.205 - - [07/Sep/2017:01:31:39 -0500] "GET /BLA/resoluciones/RESOLUCIONES%202008/5016.pdf HTTP/1.1" 200 220475
81.109.85.9 - - [07/Sep/2017:01:31:41 -0500] "GET /PruebasSTORM/StormSDA_pruebas/userFiles/user_files/formulas/4/?C=S;O=A HTTP/1.1" 200 905
81.109.85.9 - - [07/Sep/2017:01:31:48 -0500] "GET /PruebasSTORM/StormSDA_pruebas/userFiles/user_files/listas/140.xml HTTP/1.1" 200 240
104.199.87.90 - - [07/Sep/2017:01:31:52 -0500] "-" 408 -
66.249.69.201 - - [07/Sep/2017:01:31:52 -0500] "GET /BLA/resoluciones/RESOLUCIONES%202009/8555.pdf HTTP/1.1" 200 231073
81.109.85.9 - - [07/Sep/2017:01:31:56 -0500] "GET /PruebasSTORM/StormSDA_pruebas/userFiles/user_files/listas/165.xml HTTP/1.1" 200 327
81.109.85.9 - - [07/Sep/2017:01:32:02 -0500] "GET /PruebasSTORM/StormSDA_pruebas/userFiles/user_files/listas/166.xml HTTP/1.1" 200 232
51.255.65.13 - - [07/Sep/2017:01:32:06 -0500] "GET /BLA/resoluciones/AUTOS%202006/AUTOS%202006%201401%20-%201500/00001450.tif HTTP/1.1" 200 82046
81.109.85.9 - - [07/Sep/2017:01:32:07 -0500] "GET /PruebasSTORM/StormSDA_pruebas/userFiles/user_files/listas/167.xml HTTP/1.1" 200 421
81.109.85.9 - - [07/Sep/2017:01:32:13 -0500] "GET /PruebasSTORM/StormSDA_pruebas/userFiles/user_files/listas/169.xml HTTP/1.1" 200 477
81.109.85.9 - - [07/Sep/2017:01:32:17 -0500] "GET /PruebasSTORM/StormSDA_pruebas/userFiles/user_files/listas/197.xml HTTP/1.1" 200 340
81.109.85.9 - - [07/Sep/2017:01:32:20 -0500] "GET /PruebasSTORM/StormSDA_pruebas/userFiles/user_files/listas/198.xml HTTP/1.1" 200 185
66.249.69.201 - - [07/Sep/2017:01:32:20 -0500] "GET / HTTP/1.1" 200 9990
81.109.85.9 - - [07/Sep/2017:01:32:25 -0500] "GET /PruebasSTORM/StormSDA_pruebas/userFiles/user_files/listas/199.xml HTTP/1.1" 200 200
187.200.162.53 - - [07/Sep/2017:01:32:30 -0500] "GET /galeria/galeria/fotos/mirador4G.jpg HTTP/1.1" 200 159827
81.109.85.9 - - [07/Sep/2017:01:32:32 -0500] "GET /PruebasSTORM/StormSDA_pruebas/userFiles/user_files/listas/2.xml HTTP/1.1" 200 1202
192.168.175.104 - - [07/Sep/2017:01:32:33 -0500] "GET / HTTP/1.1" 200 9990
81.109.85.9 - - [07/Sep/2017:01:32:36 -0500] "GET /PruebasSTORM/StormSDA_pruebas/userFiles/user_files/listas/20.xml HTTP/1.1" 200 281
81.109.85.9 - - [07/Sep/2017:01:32:41 -0500] "GET /PruebasSTORM/StormSDA_pruebas/userFiles/user_files/listas/200.xml HTTP/1.1" 200 465
157.55.39.81 - - [07/Sep/2017:01:32:45 -0500] "GET /SIG/ECS/126PM04-PR86.pdf HTTP/1.1" 200 2028058
81.109.85.9 - - [07/Sep/2017:01:32:47 -0500] "GET /PruebasSTORM/StormSDA_pruebas/userFiles/user_files/listas/201.xml HTTP/1.1" 200 523
192.168.175.104 - - [07/Sep/2017:01:32:50 -0500] "GET / HTTP/1.0" 200 9990
201.245.192.253 - - [07/Sep/2017:01:32:52 -0500] "GET /galeria/nivo-slider/demo/undefined HTTP/1.1" 404 1314
81.109.85.9 - - [07/Sep/2017:01:32:52 -0500] "GET /PruebasSTORM/StormSDA_pruebas/userFiles/user_files/listas/202.xml HTTP/1.1" 200 534
81.109.85.9 - - [07/Sep/2017:01:32:59 -0500] "GET /PruebasSTORM/StormSDA_pruebas/userFiles/user_files/listas/203.xml HTTP/1.1" 200 546
81.109.85.9 - - [07/Sep/2017:01:33:06 -0500] "GET /PruebasSTORM/StormSDA_pruebas/userFiles/user_files/listas/204.xml HTTP/1.1" 200 191
207.46.13.8 - - [07/Sep/2017:01:33:09 -0500] "GET /SIG/ECS/126PM04-PR114.pdf HTTP/1.1" 200 2868272
201.245.192.253 - - [07/Sep/2017:01:33:12 -0500] "GET /galeria/nivo-slider/demo/undefined HTTP/1.1" 404 1314
81.109.85.9 - - [07/Sep/2017:01:33:14 -0500] "GET /PruebasSTORM/StormSDA_pruebas/userFiles/user_files/listas/205.xml HTTP/1.1" 200 210
104.199.87.90 - - [07/Sep/2017:01:33:16 -0500] "-" 408 -
81.109.85.9 - - [07/Sep/2017:01:33:19 -0500] "GET /PruebasSTORM/StormSDA_pruebas/userFiles/user_files/listas/206.xml HTTP/1.1" 200 206
66.249.69.201 - - [07/Sep/2017:01:33:20 -0500] "GET /BLA/resoluciones/AUTOS%202014/4727.pdf HTTP/1.1" 200 520594
81.109.85.9 - - [07/Sep/2017:01:33:23 -0500] "GET /PruebasSTORM/StormSDA_pruebas/userFiles/user_files/listas/207.xml HTTP/1.1" 200 221
104.199.87.90 - - [07/Sep/2017:01:33:26 -0500] "-" 408 -
66.249.69.205 - - [07/Sep/2017:01:33:29 -0500] "GET /BLA/resoluciones/RESOLUCIONES%202014/0933.pdf HTTP/1.1" 304 -
81.109.85.9 - - [07/Sep/2017:01:33:31 -0500] "GET /PruebasSTORM/StormSDA_pruebas/userFiles/user_files/listas/208.xml HTTP/1.1" 200 293
81.109.85.9 - - [07/Sep/2017:01:33:37 -0500] "GET /PruebasSTORM/StormSDA_pruebas/userFiles/user_files/listas/209.xml HTTP/1.1" 200 320
81.109.85.9 - - [07/Sep/2017:01:33:43 -0500] "GET /PruebasSTORM/StormSDA_pruebas/userFiles/user_files/listas/21.xml HTTP/1.1" 200 1548
81.109.85.9 - - [07/Sep/2017:01:33:48 -0500] "GET /PruebasSTORM/StormSDA_pruebas/userFiles/user_files/listas/210.xml HTTP/1.1" 200 192
192.168.175.104 - - [07/Sep/2017:01:33:48 -0500] "GET / HTTP/1.1" 200 9990
81.109.85.9 - - [07/Sep/2017:01:33:53 -0500] "GET /PruebasSTORM/StormSDA_pruebas/userFiles/user_files/listas/211.xml HTTP/1.1" 200 209
81.109.85.9 - - [07/Sep/2017:01:34:00 -0500] "GET /PruebasSTORM/StormSDA_pruebas/userFiles/user_files/listas/212.xml HTTP/1.1" 200 206
81.109.85.9 - - [07/Sep/2017:01:34:08 -0500] "GET /PruebasSTORM/StormSDA_pruebas/userFiles/user_files/listas/213.xml HTTP/1.1" 200 220
81.109.85.9 - - [07/Sep/2017:01:34:13 -0500] "GET /PruebasSTORM/StormSDA_pruebas/userFiles/user_files/listas/214.xml HTTP/1.1" 200 294
81.109.85.9 - - [07/Sep/2017:01:34:22 -0500] "GET /PruebasSTORM/StormSDA_pruebas/userFiles/user_files/listas/215.xml HTTP/1.1" 200 449
66.249.69.203 - - [07/Sep/2017:01:34:27 -0500] "GET /BLA/resoluciones/RESOLUCIONES%202008/2603.pdf HTTP/1.1" 200 140011
81.109.85.9 - - [07/Sep/2017:01:34:28 -0500] "GET /PruebasSTORM/StormSDA_pruebas/userFiles/user_files/listas/216.xml HTTP/1.1" 200 195
81.109.85.9 - - [07/Sep/2017:01:34:33 -0500] "GET /PruebasSTORM/StormSDA_pruebas/userFiles/user_files/listas/217.xml HTTP/1.1" 200 207
66.249.69.201 - - [07/Sep/2017:01:34:37 -0500] "GET /resoluciones/RESOLUCIONES%202009/0410.pdf HTTP/1.1" 404 1018
35.190.201.122 - - [07/Sep/2017:01:34:39 -0500] "-" 408 -
81.109.85.9 - - [07/Sep/2017:01:34:40 -0500] "GET /PruebasSTORM/StormSDA_pruebas/userFiles/user_files/listas/218.xml HTTP/1.1" 200 286
66.249.69.201 - - [07/Sep/2017:01:34:43 -0500] "GET /BLA/resoluciones/RESOLUCIONES%202009/4737.pdf HTTP/1.1" 200 58728
81.109.85.9 - - [07/Sep/2017:01:34:45 -0500] "GET /PruebasSTORM/StormSDA_pruebas/userFiles/user_files/listas/219.xml HTTP/1.1" 200 354
81.109.85.9 - - [07/Sep/2017:01:34:49 -0500] "GET /PruebasSTORM/StormSDA_pruebas/userFiles/user_files/listas/22.xml HTTP/1.1" 200 689
35.190.201.122 - - [07/Sep/2017:01:34:49 -0500] "-" 408 -
69.162.124.233 - - [07/Sep/2017:01:34:50 -0500] "HEAD / HTTP/1.1" 200 -
81.109.85.9 - - [07/Sep/2017:01:34:53 -0500] "GET /PruebasSTORM/StormSDA_pruebas/userFiles/user_files/listas/220.xml HTTP/1.1" 200 294
81.109.85.9 - - [07/Sep/2017:01:34:56 -0500] "GET /PruebasSTORM/StormSDA_pruebas/userFiles/user_files/listas/221.xml HTTP/1.1" 200 453
81.109.85.9 - - [07/Sep/2017:01:35:02 -0500] "GET /PruebasSTORM/StormSDA_pruebas/userFiles/user_files/listas/222.xml HTTP/1.1" 200 194
81.109.85.9 - - [07/Sep/2017:01:35:07 -0500] "GET /PruebasSTORM/StormSDA_pruebas/userFiles/user_files/listas/223.xml HTTP/1.1" 200 211
81.109.85.9 - - [07/Sep/2017:01:35:09 -0500] "GET /PruebasSTORM/StormSDA_pruebas/userFiles/user_files/listas/224.xml HTTP/1.1" 200 231
201.245.192.253 - - [07/Sep/2017:01:35:13 -0500] "GET /galeria/nivo-slider/demo/undefined HTTP/1.1" 404 1314
81.109.85.9 - - [07/Sep/2017:01:35:13 -0500] "GET /PruebasSTORM/StormSDA_pruebas/userFiles/user_files/listas/225.xml HTTP/1.1" 200 222
81.109.85.9 - - [07/Sep/2017:01:35:24 -0500] "GET /PruebasSTORM/StormSDA_pruebas/userFiles/user_files/listas/226.xml HTTP/1.1" 200 232
81.109.85.9 - - [07/Sep/2017:01:35:28 -0500] "GET /PruebasSTORM/StormSDA_pruebas/userFiles/user_files/listas/227.xml HTTP/1.1" 200 204
201.245.192.253 - - [07/Sep/2017:01:35:33 -0500] "GET /galeria/nivo-slider/demo/undefined HTTP/1.1" 404 1314
81.109.85.9 - - [07/Sep/2017:01:35:34 -0500] "GET /PruebasSTORM/StormSDA_pruebas/userFiles/user_files/listas/228.xml HTTP/1.1" 200 194
81.109.85.9 - - [07/Sep/2017:01:35:39 -0500] "GET /PruebasSTORM/StormSDA_pruebas/userFiles/user_files/listas/229.xml HTTP/1.1" 200 667
81.109.85.9 - - [07/Sep/2017:01:35:43 -0500] "GET /PruebasSTORM/StormSDA_pruebas/userFiles/user_files/listas/23.xml HTTP/1.1" 200 337
81.109.85.9 - - [07/Sep/2017:01:35:48 -0500] "GET /PruebasSTORM/StormSDA_pruebas/userFiles/user_files/listas/230.xml HTTP/1.1" 200 603
51.255.65.91 - - [07/Sep/2017:01:35:53 -0500] "GET /BLA/resoluciones/RESOLUCIONES%202004/RES%202004%202051-2100/00002061.tif HTTP/1.1" 200 111300
81.109.85.9 - - [07/Sep/2017:01:35:56 -0500] "GET /PruebasSTORM/StormSDA_pruebas/userFiles/user_files/listas/231.xml HTTP/1.1" 200 1543
35.190.201.122 - - [07/Sep/2017:01:36:02 -0500] "-" 408 -
81.109.85.9 - - [07/Sep/2017:01:36:03 -0500] "GET /PruebasSTORM/StormSDA_pruebas/userFiles/user_files/listas/232.xml HTTP/1.1" 200 3476
81.109.85.9 - - [07/Sep/2017:01:36:06 -0500] "GET /PruebasSTORM/StormSDA_pruebas/userFiles/user_files/listas/234.xml HTTP/1.1" 200 479
81.109.85.9 - - [07/Sep/2017:01:36:11 -0500] "GET /PruebasSTORM/StormSDA_pruebas/userFiles/user_files/listas/24.xml HTTP/1.1" 200 2202
81.109.85.9 - - [07/Sep/2017:01:36:17 -0500] "GET /PruebasSTORM/StormSDA_pruebas/userFiles/user_files/listas/25.xml HTTP/1.1" 200 982
81.109.85.9 - - [07/Sep/2017:01:36:22 -0500] "GET /PruebasSTORM/StormSDA_pruebas/userFiles/user_files/listas/26.xml HTTP/1.1" 200 494
81.109.85.9 - - [07/Sep/2017:01:36:29 -0500] "GET /PruebasSTORM/StormSDA_pruebas/userFiles/user_files/listas/27.xml HTTP/1.1" 200 1029
81.109.85.9 - - [07/Sep/2017:01:36:33 -0500] "GET /PruebasSTORM/StormSDA_pruebas/userFiles/user_files/listas/28.xml HTTP/1.1" 200 3344
81.109.85.9 - - [07/Sep/2017:01:36:39 -0500] "GET /PruebasSTORM/StormSDA_pruebas/userFiles/user_files/listas/29.xml HTTP/1.1" 200 436
81.109.85.9 - - [07/Sep/2017:01:36:45 -0500] "GET /PruebasSTORM/StormSDA_pruebas/userFiles/user_files/listas/3.xml HTTP/1.1" 200 240
81.109.85.9 - - [07/Sep/2017:01:36:50 -0500] "GET /PruebasSTORM/StormSDA_pruebas/userFiles/user_files/listas/30.xml HTTP/1.1" 200 347
66.249.69.201 - - [07/Sep/2017:01:36:55 -0500] "GET /php/PlanDesarrollo/MANUAL%20SEGUIMIENTO%20PLAN%20DE%20ACCION%20NOVIEMBRE%202009.pdf HTTP/1.1" 404 1018
81.109.85.9 - - [07/Sep/2017:01:36:55 -0500] "GET /PruebasSTORM/StormSDA_pruebas/userFiles/user_files/listas/31.xml HTTP/1.1" 200 240
81.109.85.9 - - [07/Sep/2017:01:37:00 -0500] "GET /PruebasSTORM/StormSDA_pruebas/userFiles/user_files/listas/32.xml HTTP/1.1" 200 251
81.109.85.9 - - [07/Sep/2017:01:37:05 -0500] "GET /PruebasSTORM/StormSDA_pruebas/userFiles/user_files/listas/33.xml HTTP/1.1" 200 590
81.109.85.9 - - [07/Sep/2017:01:37:12 -0500] "GET /PruebasSTORM/StormSDA_pruebas/userFiles/user_files/listas/34.xml HTTP/1.1" 200 806
81.109.85.9 - - [07/Sep/2017:01:37:18 -0500] "GET /PruebasSTORM/StormSDA_pruebas/userFiles/user_files/listas/35.xml HTTP/1.1" 200 1716
35.190.203.87 - - [07/Sep/2017:01:37:23 -0500] "-" 408 -
81.109.85.9 - - [07/Sep/2017:01:37:23 -0500] "GET /PruebasSTORM/StormSDA_pruebas/userFiles/user_files/listas/36.xml HTTP/1.1" 200 829
81.109.85.9 - - [07/Sep/2017:01:37:29 -0500] "GET /PruebasSTORM/StormSDA_pruebas/userFiles/user_files/listas/38.xml HTTP/1.1" 200 375
192.168.175.104 - - [07/Sep/2017:01:37:31 -0500] "GET / HTTP/1.1" 200 9990
201.245.192.253 - - [07/Sep/2017:01:37:33 -0500] "GET /galeria/nivo-slider/demo/undefined HTTP/1.1" 404 1314
81.109.85.9 - - [07/Sep/2017:01:37:36 -0500] "GET /PruebasSTORM/StormSDA_pruebas/userFiles/user_files/listas/39.xml HTTP/1.1" 200 242
81.109.85.9 - - [07/Sep/2017:01:37:39 -0500] "GET /PruebasSTORM/StormSDA_pruebas/userFiles/user_files/listas/4.xml HTTP/1.1" 200 237
163.172.105.72 - - [07/Sep/2017:01:37:42 -0500] "GET /robots.txt HTTP/1.0" 404 1018
163.172.105.72 - - [07/Sep/2017:01:37:42 -0500] "GET /galeria/galeria/fotos/Humedal-vaca7G.jpg HTTP/1.0" 200 149081
81.109.85.9 - - [07/Sep/2017:01:37:43 -0500] "GET /PruebasSTORM/StormSDA_pruebas/userFiles/user_files/listas/40.xml HTTP/1.1" 200 525
81.109.85.9 - - [07/Sep/2017:01:37:47 -0500] "GET /PruebasSTORM/StormSDA_pruebas/userFiles/user_files/listas/41.xml HTTP/1.1" 200 703
192.168.175.104 - - [07/Sep/2017:01:37:48 -0500] "GET / HTTP/1.0" 200 9990
81.109.85.9 - - [07/Sep/2017:01:37:52 -0500] "GET /PruebasSTORM/StormSDA_pruebas/userFiles/user_files/listas/42.xml HTTP/1.1" 200 678
201.245.192.253 - - [07/Sep/2017:01:37:53 -0500] "GET /galeria/nivo-slider/demo/undefined HTTP/1.1" 404 1314
81.109.85.9 - - [07/Sep/2017:01:37:55 -0500] "GET /PruebasSTORM/StormSDA_pruebas/userFiles/user_files/listas/43.xml HTTP/1.1" 200 346
81.109.85.9 - - [07/Sep/2017:01:37:59 -0500] "GET /PruebasSTORM/StormSDA_pruebas/userFiles/user_files/listas/44.xml HTTP/1.1" 200 1730
81.109.85.9 - - [07/Sep/2017:01:38:04 -0500] "GET /PruebasSTORM/StormSDA_pruebas/userFiles/user_files/listas/45.xml HTTP/1.1" 200 106
192.168.175.104 - - [07/Sep/2017:01:38:46 -0500] "GET / HTTP/1.1" 200 9990
35.190.207.132 - - [07/Sep/2017:01:38:54 -0500] "-" 408 -
66.249.69.201 - - [07/Sep/2017:01:39:12 -0500] "GET /BLA/resoluciones/AUTOS%202013/3539.pdf HTTP/1.1" 200 835813
66.249.69.203 - - [07/Sep/2017:01:39:40 -0500] "GET /BLA/resoluciones/AUTOS%202006/AUTOS%202006%203301%20-%203418/00003390.tif HTTP/1.1" 200 78606
157.55.39.31 - - [07/Sep/2017:01:39:48 -0500] "GET / HTTP/1.1" 200 9990
69.162.124.233 - - [07/Sep/2017:01:39:50 -0500] "HEAD / HTTP/1.1" 200 -
201.245.192.253 - - [07/Sep/2017:01:39:54 -0500] "GET /galeria/nivo-slider/demo/undefined HTTP/1.1" 404 1314
201.245.192.253 - - [07/Sep/2017:01:40:14 -0500] "GET /galeria/nivo-slider/demo/undefined HTTP/1.1" 404 1314
35.187.34.70 - - [07/Sep/2017:01:40:26 -0500] "-" 408 -
66.249.69.203 - - [07/Sep/2017:01:41:29 -0500] "GET /BLA/resoluciones/RESOLUCIONES%202011/1452.pdf HTTP/1.1" 200 70707
181.50.6.140 - - [07/Sep/2017:01:41:56 -0500] "GET /galeria/galeria/jquery.fancybox.css?v=2.1.5 HTTP/1.1" 200 4895
181.50.6.140 - - [07/Sep/2017:01:41:56 -0500] "GET /galeria/galeria/jquery.fancybox.js?v=2.1.5 HTTP/1.1" 200 48706
181.50.6.140 - - [07/Sep/2017:01:41:56 -0500] "GET /BLA/boletinlegal/js/jquery.scrollShow.js HTTP/1.1" 200 4586
35.187.96.204 - - [07/Sep/2017:01:42:00 -0500] "-" 408 -
201.245.192.253 - - [07/Sep/2017:01:42:14 -0500] "GET /galeria/nivo-slider/demo/undefined HTTP/1.1" 404 1314
192.168.175.104 - - [07/Sep/2017:01:42:29 -0500] "GET / HTTP/1.1" 200 9990
201.245.192.253 - - [07/Sep/2017:01:42:34 -0500] "GET /galeria/nivo-slider/demo/undefined HTTP/1.1" 404 1314
66.249.69.203 - - [07/Sep/2017:01:42:37 -0500] "GET /BLA/resoluciones/AUTOS%202012/0696.pdf HTTP/1.1" 200 221048
192.168.175.104 - - [07/Sep/2017:01:42:47 -0500] "GET / HTTP/1.0" 200 9990
163.172.105.72 - - [07/Sep/2017:01:43:13 -0500] "GET /robots.txt HTTP/1.0" 404 1018
163.172.105.72 - - [07/Sep/2017:01:43:14 -0500] "GET /Residuos/lavanderias/lavanderias.html HTTP/1.0" 200 1965
35.190.207.132 - - [07/Sep/2017:01:43:30 -0500] "-" 408 -
66.249.69.201 - - [07/Sep/2017:01:43:33 -0500] "GET /BLA/resoluciones/RESOLUCIONES%202008/3459.pdf HTTP/1.1" 200 146709
192.168.175.104 - - [07/Sep/2017:01:43:44 -0500] "GET / HTTP/1.1" 200 9990
66.249.69.203 - - [07/Sep/2017:01:43:46 -0500] "GET /BLA/resoluciones/RESOLUCIONES%202014/0122.pdf HTTP/1.1" 200 754040
66.249.69.201 - - [07/Sep/2017:01:44:19 -0500] "GET /BLA/resoluciones/AUTOS%202014/3685.pdf HTTP/1.1" 200 515807
201.245.192.253 - - [07/Sep/2017:01:44:35 -0500] "GET /galeria/nivo-slider/demo/undefined HTTP/1.1" 404 1314
35.190.201.122 - - [07/Sep/2017:01:44:47 -0500] "-" 408 -
69.162.124.233 - - [07/Sep/2017:01:44:50 -0500] "HEAD / HTTP/1.1" 200 -
66.249.69.203 - - [07/Sep/2017:01:44:55 -0500] "GET /BLA/resoluciones/RESOLUCIONES%202010/2393.pdf HTTP/1.1" 200 508340
201.245.192.253 - - [07/Sep/2017:01:44:55 -0500] "GET /galeria/nivo-slider/demo/undefined HTTP/1.1" 404 1314
66.249.69.203 - - [07/Sep/2017:01:45:01 -0500] "GET /BLA/resoluciones/RESOLUCIONES%202008/2955.pdf HTTP/1.1" 200 271184
66.249.69.201 - - [07/Sep/2017:01:45:06 -0500] "GET /BLA/resoluciones/RESOLUCIONES%202009/6032.pdf HTTP/1.1" 200 491911
217.182.132.188 - - [07/Sep/2017:01:45:33 -0500] "GET /BLA/resoluciones/RESOLUCIONES%202005/RES%202005%201501-1550/00001526.tif HTTP/1.1" 200 145168
66.249.69.203 - - [07/Sep/2017:01:46:03 -0500] "GET /BLA/resoluciones/RESOLUCIONES%202010/1770.pdf HTTP/1.1" 200 572141
35.190.207.132 - - [07/Sep/2017:01:46:05 -0500] "-" 408 -
35.190.207.132 - - [07/Sep/2017:01:46:15 -0500] "-" 408 -
66.249.69.209 - - [07/Sep/2017:01:46:49 -0500] "GET /portel_dama/libreria/php/2006/ECOSISTEMAS%20FINAL%20web_mz27/incendios/sitio/xtras/2.pdf HTTP/1.1" 404 1019
201.245.192.253 - - [07/Sep/2017:01:46:55 -0500] "GET /galeria/nivo-slider/demo/undefined HTTP/1.1" 404 1314
66.249.69.201 - - [07/Sep/2017:01:47:12 -0500] "GET /BLA/resoluciones/AUTOS%202009/1245.pdf HTTP/1.1" 200 116262
201.245.192.253 - - [07/Sep/2017:01:47:15 -0500] "GET /galeria/nivo-slider/demo/undefined HTTP/1.1" 404 1314
35.187.52.64 - - [07/Sep/2017:01:47:25 -0500] "-" 408 -
192.168.175.104 - - [07/Sep/2017:01:47:27 -0500] "GET / HTTP/1.1" 200 9990
192.168.175.104 - - [07/Sep/2017:01:47:45 -0500] "GET / HTTP/1.0" 200 9990
217.182.132.35 - - [07/Sep/2017:01:47:47 -0500] "GET /BLA/resoluciones/RESOLUCIONES%202002/RES%202002%201201-1250/20021219.tif HTTP/1.1" 200 41928
217.182.132.54 - - [07/Sep/2017:01:48:17 -0500] "GET /BLA/resoluciones/RESOLUCIONES%202006/RES%202006%2051-100/00000065.tif HTTP/1.1" 200 83500
66.249.69.205 - - [07/Sep/2017:01:48:20 -0500] "GET /BLA/resoluciones/RESOLUCIONES%202008/0610.pdf HTTP/1.1" 200 65177
192.168.175.104 - - [07/Sep/2017:01:48:42 -0500] "GET / HTTP/1.1" 200 9990
35.190.201.122 - - [07/Sep/2017:01:48:42 -0500] "-" 408 -
66.249.69.192 - - [07/Sep/2017:01:48:45 -0500] "GET /portel_dama/libreria/php/2006/ECOSISTEMAS%20FINAL%20web_mz27/restauracion/sitio/55_artic/xtras/2.pdf HTTP/1.1" 404 1018
190.131.194.135 - - [07/Sep/2017:01:48:59 -0500] "GET /galeria/nivo-slider/demo/images/banner-llantas2.jpg HTTP/1.1" 304 -
164.132.161.46 - - [07/Sep/2017:01:49:00 -0500] "GET /BLA/resoluciones/RESOLUCIONES%202005/RES%202005%202701%20-2750/00002747.tif HTTP/1.1" 200 78738
201.245.192.253 - - [07/Sep/2017:01:49:16 -0500] "GET /galeria/nivo-slider/demo/undefined HTTP/1.1" 404 1314
66.249.69.201 - - [07/Sep/2017:01:49:29 -0500] "GET /BLA/resoluciones/RESOLUCIONES%202010/0691.pdf HTTP/1.1" 200 101058
201.245.192.253 - - [07/Sep/2017:01:49:36 -0500] "GET /galeria/nivo-slider/demo/undefined HTTP/1.1" 404 1314
69.162.124.233 - - [07/Sep/2017:01:49:50 -0500] "HEAD / HTTP/1.1" 200 -
35.190.203.87 - - [07/Sep/2017:01:50:02 -0500] "-" 408 -
66.249.69.201 - - [07/Sep/2017:01:50:12 -0500] "GET /BLA/resoluciones/RESOLUCIONES%202009/7661.pdf HTTP/1.1" 200 489029
186.154.36.123 - - [07/Sep/2017:01:50:53 -0500] "GET /galeria/galeria/jquery.fancybox.css?v=2.1.5 HTTP/1.1" 200 4895
186.154.36.123 - - [07/Sep/2017:01:50:53 -0500] "GET /BLA/boletinlegal/js/jquery.scrollShow.js HTTP/1.1" 200 4586
186.154.36.123 - - [07/Sep/2017:01:50:53 -0500] "GET /galeria/galeria/jquery.fancybox.js?v=2.1.5 HTTP/1.1" 200 48706
35.190.201.122 - - [07/Sep/2017:01:51:19 -0500] "-" 408 -
207.46.13.8 - - [07/Sep/2017:01:51:31 -0500] "GET / HTTP/1.1" 200 9990
201.245.192.253 - - [07/Sep/2017:01:51:36 -0500] "GET /galeria/nivo-slider/demo/undefined HTTP/1.1" 404 1314
66.249.69.201 - - [07/Sep/2017:01:51:46 -0500] "GET /BLA/resoluciones/AUTOS%202007/0727.pdf HTTP/1.1" 200 261329
201.245.192.253 - - [07/Sep/2017:01:51:56 -0500] "GET /galeria/nivo-slider/demo/undefined HTTP/1.1" 404 1314
192.168.175.104 - - [07/Sep/2017:01:52:25 -0500] "GET / HTTP/1.1" 200 9990
35.190.203.87 - - [07/Sep/2017:01:52:43 -0500] "-" 408 -
192.168.175.104 - - [07/Sep/2017:01:52:43 -0500] "GET / HTTP/1.0" 200 9990
66.249.69.205 - - [07/Sep/2017:01:52:55 -0500] "GET /BLA/resoluciones/RESOLUCIONES%202009/4842.pdf HTTP/1.1" 200 386994
192.168.175.104 - - [07/Sep/2017:01:53:40 -0500] "GET / HTTP/1.1" 200 9990
201.245.192.253 - - [07/Sep/2017:01:53:57 -0500] "GET /galeria/nivo-slider/demo/undefined HTTP/1.1" 404 1314
66.249.69.203 - - [07/Sep/2017:01:54:03 -0500] "GET /robots.txt HTTP/1.1" 404 1019
66.249.69.203 - - [07/Sep/2017:01:54:03 -0500] "GET / HTTP/1.1" 200 9990
104.199.87.90 - - [07/Sep/2017:01:54:10 -0500] "-" 408 -
201.245.192.253 - - [07/Sep/2017:01:54:17 -0500] "GET /galeria/nivo-slider/demo/undefined HTTP/1.1" 404 1314
217.182.132.178 - - [07/Sep/2017:01:54:30 -0500] "GET /BLA/resoluciones/RESOLUCIONES%202005/RES%202005%201301-1350/00001304.tif HTTP/1.1" 200 107000
69.162.124.233 - - [07/Sep/2017:01:54:50 -0500] "HEAD / HTTP/1.1" 200 -
157.55.39.106 - - [07/Sep/2017:01:54:52 -0500] "GET /SIG/Control%20y%20mejora/126PE01-PR05.pdf HTTP/1.1" 200 70644
66.249.69.213 - - [07/Sep/2017:01:55:12 -0500] "GET / HTTP/1.1" 200 9990
66.249.69.201 - - [07/Sep/2017:01:55:31 -0500] "GET /BLA/resoluciones/RESOLUCIONES%202009/4625.pdf HTTP/1.1" 200 644335
51.255.71.119 - - [07/Sep/2017:01:55:33 -0500] "GET /BLA/resoluciones/RESOLUCIONES%202004/RES%202004%20501-550/00000532.tif HTTP/1.1" 200 117722
35.189.215.158 - - [07/Sep/2017:01:55:38 -0500] "-" 408 -
84.16.241.172 - - [07/Sep/2017:01:56:07 -0500] "GET /a2billing/common/javascript/misc.js HTTP/1.1" 404 1018
201.245.192.253 - - [07/Sep/2017:01:56:17 -0500] "GET /galeria/nivo-slider/demo/undefined HTTP/1.1" 404 1314
66.249.69.141 - - [07/Sep/2017:01:56:20 -0500] "GET / HTTP/1.1" 200 9990
201.245.192.253 - - [07/Sep/2017:01:56:37 -0500] "GET /galeria/nivo-slider/demo/undefined HTTP/1.1" 404 1314
51.255.65.69 - - [07/Sep/2017:01:56:53 -0500] "GET /BLA/resoluciones/AUTOS%202006/AUTOS%202006%201201-1300/00001287.tif HTTP/1.1" 200 54040
66.249.69.203 - - [07/Sep/2017:01:57:03 -0500] "GET /BLA/resoluciones/RESOLUCIONES%202009/5605.pdf HTTP/1.1" 200 685970
35.190.203.87 - - [07/Sep/2017:01:57:05 -0500] "-" 408 -
182.50.151.39 - - [07/Sep/2017:01:57:18 -0500] "GET /data.sql HTTP/1.1" 404 1139
192.168.175.104 - - [07/Sep/2017:01:57:22 -0500] "GET / HTTP/1.1" 200 9990
66.249.69.201 - - [07/Sep/2017:01:57:32 -0500] "GET /BLA/resoluciones/RESOLUCIONES%202008/4776.pdf HTTP/1.1" 200 379652
66.249.88.62 - - [07/Sep/2017:01:57:34 -0500] "GET /galeria/galeria/jquery.fancybox.css?v=2.1.5 HTTP/1.1" 200 4895
66.249.88.63 - - [07/Sep/2017:01:57:34 -0500] "GET /galeria/galeria/jquery.fancybox.js?v=2.1.5 HTTP/1.1" 200 48706
66.249.88.33 - - [07/Sep/2017:01:57:34 -0500] "GET /BLA/boletinlegal/js/jquery.scrollShow.js HTTP/1.1" 200 4586
66.249.69.201 - - [07/Sep/2017:01:57:40 -0500] "GET /BLA/resoluciones/AUTOS%202006/AUTOS%202006%203301%20-%203418/00003380.tif HTTP/1.1" 200 54502
192.168.175.104 - - [07/Sep/2017:01:57:41 -0500] "GET / HTTP/1.0" 200 9990
181.49.78.133 - - [07/Sep/2017:01:58:16 -0500] "GET /BLA/boletinlegal/js/jquery.scrollShow.js HTTP/1.1" 200 4586
181.49.78.133 - - [07/Sep/2017:01:58:16 -0500] "GET /galeria/galeria/jquery.fancybox.css?v=2.1.5 HTTP/1.1" 200 4895
181.49.78.133 - - [07/Sep/2017:01:58:16 -0500] "GET /galeria/carrusel/Carrusel/jquery.thumbnailScroller.css HTTP/1.1" 200 2066
181.49.78.133 - - [07/Sep/2017:01:58:16 -0500] "GET /galeria/galeria/jquery.fancybox.js?v=2.1.5 HTTP/1.1" 200 48706
181.49.78.133 - - [07/Sep/2017:01:58:17 -0500] "GET /galeria/carrusel/Carrusel/jquery-ui-1.8.13.custom.min.js HTTP/1.1" 200 10800
181.49.78.133 - - [07/Sep/2017:01:58:17 -0500] "GET /galeria/carrusel/Carrusel/jquery.thumbnailScroller.js HTTP/1.1" 200 8157
181.49.78.133 - - [07/Sep/2017:01:58:18 -0500] "GET /galeria/nivo-slider/demo/demo.html HTTP/1.1" 200 4376
181.49.78.133 - - [07/Sep/2017:01:58:18 -0500] "GET /galeria/nivo-slider/themes/default/default.css HTTP/1.1" 200 1569
181.49.78.133 - - [07/Sep/2017:01:58:18 -0500] "GET /galeria/nivo-slider/themes/orman/orman.css HTTP/1.1" 200 2152
181.49.78.133 - - [07/Sep/2017:01:58:18 -0500] "GET /galeria/nivo-slider/themes/pascal/pascal.css HTTP/1.1" 200 2258
181.49.78.133 - - [07/Sep/2017:01:58:18 -0500] "GET /galeria/nivo-slider/nivo-slider.css HTTP/1.1" 200 1507
181.49.78.133 - - [07/Sep/2017:01:58:18 -0500] "GET /galeria/nivo-slider/demo/images/dia-civico.jpg HTTP/1.1" 200 273112
181.49.78.133 - - [07/Sep/2017:01:58:18 -0500] "GET /galeria/nivo-slider/demo/style.css HTTP/1.1" 200 2222
181.49.78.133 - - [07/Sep/2017:01:58:19 -0500] "GET /galeria/nivo-slider/demo/images/Banner-aceite-vegetal.jpg HTTP/1.1" 200 66152
181.49.78.133 - - [07/Sep/2017:01:58:19 -0500] "GET /galeria/nivo-slider/demo/scripts/jquery-1.7.1.min.js HTTP/1.1" 200 93868
181.49.78.133 - - [07/Sep/2017:01:58:19 -0500] "GET /galeria/nivo-slider/jquery.nivo.slider.pack.js HTTP/1.1" 200 11561
181.49.78.133 - - [07/Sep/2017:01:58:19 -0500] "GET /galeria/nivo-slider/demo/images/Urgente.jpg HTTP/1.1" 200 249232
181.49.78.133 - - [07/Sep/2017:01:58:19 -0500] "GET /galeria/nivo-slider/demo/images/BANNERCAMBIODESEDE2.jpg HTTP/1.1" 200 120178
181.49.78.133 - - [07/Sep/2017:01:58:19 -0500] "GET /galeria/nivo-slider/demo/images/Impacto.jpg HTTP/1.1" 200 54793
181.49.78.133 - - [07/Sep/2017:01:58:19 -0500] "GET /galeria/nivo-slider/demo/images/Encusta2017.jpg HTTP/1.1" 200 212313
181.49.78.133 - - [07/Sep/2017:01:58:20 -0500] "GET /galeria/nivo-slider/themes/default/loading.gif HTTP/1.1" 200 1737
181.49.78.133 - - [07/Sep/2017:01:58:20 -0500] "GET /galeria/nivo-slider/demo/images/4Simple_Slider.png HTTP/1.1" 200 11722
181.49.78.133 - - [07/Sep/2017:01:58:20 -0500] "GET /galeria/nivo-slider/demo/images/maximavelocidad.png HTTP/1.1" 200 880272
181.49.78.133 - - [07/Sep/2017:01:58:20 -0500] "GET /galeria/nivo-slider/demo/images/BANNERCAMINASEP-OCT2017.jpg HTTP/1.1" 200 496401
181.49.78.133 - - [07/Sep/2017:01:58:20 -0500] "GET /galeria/nivo-slider/demo/images/RIOBOGOTA.jpg HTTP/1.1" 200 126440
181.49.78.133 - - [07/Sep/2017:01:58:21 -0500] "GET /galeria/nivo-slider/demo/images/banner%20aceite%20vegetal%20usado.jpg HTTP/1.1" 200 169350
181.49.78.133 - - [07/Sep/2017:01:58:21 -0500] "GET /galeria/nivo-slider/demo/images/bannerlumina2017web.jpg HTTP/1.1" 200 198918
181.49.78.133 - - [07/Sep/2017:01:58:22 -0500] "GET /galeria/nivo-slider/demo/images/BANNERRUTADEVERTIMIENTOS.jpg HTTP/1.1" 200 98506
181.49.78.133 - - [07/Sep/2017:01:58:23 -0500] "GET /galeria/nivo-slider/demo/images/bolsas-06.jpg HTTP/1.1" 200 210950
157.55.39.106 - - [07/Sep/2017:01:58:33 -0500] "GET /SIG/Direccionamiento%20Estrategico/126PG01-PR14.pdf HTTP/1.1" 200 3995408
35.187.52.64 - - [07/Sep/2017:01:58:34 -0500] "-" 408 -
66.249.69.203 - - [07/Sep/2017:01:58:37 -0500] "GET /BLA/resoluciones/RESOLUCIONES%202010/2237.pdf HTTP/1.1" 200 479803
192.168.175.104 - - [07/Sep/2017:01:58:38 -0500] "GET / HTTP/1.1" 200 9990
201.245.192.253 - - [07/Sep/2017:01:58:38 -0500] "GET /galeria/nivo-slider/demo/undefined HTTP/1.1" 404 1314
201.245.192.253 - - [07/Sep/2017:01:58:58 -0500] "GET /galeria/nivo-slider/demo/undefined HTTP/1.1" 404 1314
