192.168.175.104 - - [07/Sep/2017:05:52:07 -0500] "GET / HTTP/1.1" 200 9990
51.255.65.46 - - [07/Sep/2017:05:52:07 -0500] "GET /BLA/resoluciones/RESOLUCIONES%202002/RES%202002%201851-1900/20021863.tif HTTP/1.1" 200 99766
50.112.29.146 - - [07/Sep/2017:05:52:08 -0500] "-" 408 -
69.162.124.233 - - [07/Sep/2017:05:52:16 -0500] "HEAD / HTTP/1.1" 200 -
37.187.157.108 - - [07/Sep/2017:05:52:23 -0500] "HEAD /BLA/resoluciones/RESOLUCIONES%202010/7621.pdf HTTP/1.1" 200 -
50.112.29.146 - - [07/Sep/2017:05:52:26 -0500] "-" 408 -
35.189.215.158 - - [07/Sep/2017:05:52:34 -0500] "-" 408 -
66.249.69.201 - - [07/Sep/2017:05:52:38 -0500] "GET /BLA/resoluciones/RESOLUCIONES%202011/0871.pdf HTTP/1.1" 200 269503
201.245.192.253 - - [07/Sep/2017:05:52:48 -0500] "GET /galeria/nivo-slider/demo/undefined HTTP/1.1" 404 1314
201.245.192.253 - - [07/Sep/2017:05:53:08 -0500] "GET /galeria/nivo-slider/demo/undefined HTTP/1.1" 404 1314
66.249.69.201 - - [07/Sep/2017:05:53:23 -0500] "GET /BLA/resoluciones/RESOLUCIONES%202015/3113.pdf HTTP/1.1" 200 500672
35.189.215.158 - - [07/Sep/2017:05:53:49 -0500] "-" 408 -
66.249.69.203 - - [07/Sep/2017:05:54:09 -0500] "GET /BLA/resoluciones/AUTOS%202014/0009.pdf HTTP/1.1" 200 609728
66.249.69.201 - - [07/Sep/2017:05:54:55 -0500] "GET /BLA/resoluciones/Notificaciones/AUTOS%202015/07075.doc HTTP/1.1" 200 137502
35.190.203.87 - - [07/Sep/2017:05:55:05 -0500] "-" 408 -
201.245.192.253 - - [07/Sep/2017:05:55:09 -0500] "GET /galeria/nivo-slider/demo/undefined HTTP/1.1" 404 1314
51.255.71.131 - - [07/Sep/2017:05:55:21 -0500] "GET /BLA/resoluciones/RESOLUCIONES%202003/RES%202003%20501-550/506.tif HTTP/1.1" 200 96016
201.245.192.253 - - [07/Sep/2017:05:55:29 -0500] "GET /galeria/nivo-slider/demo/undefined HTTP/1.1" 404 1314
69.162.124.233 - - [07/Sep/2017:05:55:32 -0500] "HEAD / HTTP/1.1" 200 -
51.255.65.93 - - [07/Sep/2017:05:55:33 -0500] "GET /BLA/resoluciones/RESOLUCIONES%202005/RES%202005%202001-2050/00002031.tif HTTP/1.1" 200 141312
192.168.175.104 - - [07/Sep/2017:05:55:47 -0500] "GET / HTTP/1.1" 200 9990
192.168.175.104 - - [07/Sep/2017:05:56:09 -0500] "GET / HTTP/1.0" 200 9990
66.249.88.33 - - [07/Sep/2017:05:56:23 -0500] "GET /galeria/carrusel/Carrusel/jquery.thumbnailScroller.css HTTP/1.1" 200 2066
66.249.88.63 - - [07/Sep/2017:05:56:23 -0500] "GET /galeria/galeria/jquery.fancybox.css?v=2.1.5 HTTP/1.1" 200 4895
66.249.88.63 - - [07/Sep/2017:05:56:23 -0500] "GET /galeria/galeria/jquery.fancybox.js?v=2.1.5 HTTP/1.1" 200 48706
66.249.88.63 - - [07/Sep/2017:05:56:23 -0500] "GET /BLA/boletinlegal/js/jquery.scrollShow.js HTTP/1.1" 200 4586
66.249.88.62 - - [07/Sep/2017:05:56:23 -0500] "GET /galeria/carrusel/Carrusel/jquery-ui-1.8.13.custom.min.js HTTP/1.1" 200 10800
66.249.88.33 - - [07/Sep/2017:05:56:23 -0500] "GET /galeria/carrusel/Carrusel/jquery.thumbnailScroller.js HTTP/1.1" 200 8157
66.249.88.63 - - [07/Sep/2017:05:56:24 -0500] "GET /galeria/nivo-slider/demo/demo.html HTTP/1.1" 200 4376
35.189.215.158 - - [07/Sep/2017:05:56:29 -0500] "-" 408 -
190.146.130.138 - - [07/Sep/2017:05:56:39 -0500] "GET /galeria/nivo-slider/demo/demo.html HTTP/1.1" 200 4376
190.146.130.138 - - [07/Sep/2017:05:56:40 -0500] "GET /galeria/nivo-slider/demo/images/dia-civico.jpg HTTP/1.1" 200 273112
190.146.130.138 - - [07/Sep/2017:05:56:40 -0500] "GET /galeria/nivo-slider/demo/images/BANNERCAMINASEP-OCT2017.jpg HTTP/1.1" 304 -
192.168.175.104 - - [07/Sep/2017:05:57:05 -0500] "GET / HTTP/1.1" 200 9990
66.249.69.201 - - [07/Sep/2017:05:57:12 -0500] "GET /BLA/resoluciones/RESOLUCIONES%202008/1189.pdf HTTP/1.1" 200 368954
201.140.81.153 - - [07/Sep/2017:05:57:27 -0500] "GET /galeria/galeria/jquery.fancybox.css?v=2.1.5 HTTP/1.1" 304 -
201.245.192.253 - - [07/Sep/2017:05:57:29 -0500] "GET /galeria/nivo-slider/demo/undefined HTTP/1.1" 404 1314
54.243.220.30 - - [07/Sep/2017:05:57:41 -0500] "GET /db_backup.sql HTTP/1.1" 404 1139
201.245.192.253 - - [07/Sep/2017:05:57:49 -0500] "GET /galeria/nivo-slider/demo/undefined HTTP/1.1" 404 1314
35.189.218.56 - - [07/Sep/2017:05:57:54 -0500] "-" 408 -
66.249.69.201 - - [07/Sep/2017:05:57:58 -0500] "GET /BLA/resoluciones/AUTOS%202009/0331.pdf HTTP/1.1" 200 126614
207.46.13.99 - - [07/Sep/2017:05:57:24 -0500] "GET /BLA/boletinlegal/ HTTP/1.1" 200 58320
66.249.69.203 - - [07/Sep/2017:05:58:44 -0500] "GET /BLA/resoluciones/AUTOS%202012/2844.pdf HTTP/1.1" 200 447754
157.55.39.205 - - [07/Sep/2017:05:58:53 -0500] "GET /BLA/boletinlegal/images/cabezote%20BLEGAL.jpg HTTP/1.1" 200 118164
157.55.39.183 - - [07/Sep/2017:05:58:53 -0500] "GET /BLA/boletinlegal/images/arr_l.jpg HTTP/1.1" 200 1979
157.55.39.205 - - [07/Sep/2017:05:58:53 -0500] "GET /BLA/boletinlegal/js/jquery.js HTTP/1.1" 200 57254
66.249.69.201 - - [07/Sep/2017:05:58:56 -0500] "GET /BLA/resoluciones/AUTOS%202014/1936.pdf HTTP/1.1" 200 2185742
207.46.13.91 - - [07/Sep/2017:05:58:57 -0500] "GET /BLA/boletinlegal/js/jquery.scrollTo-min.js HTTP/1.1" 200 1150
207.46.13.91 - - [07/Sep/2017:05:58:57 -0500] "GET /BLA/boletinlegal/style.css HTTP/1.1" 200 9406
207.46.13.91 - - [07/Sep/2017:05:58:57 -0500] "GET /BLA/boletinlegal/styles2.css HTTP/1.1" 200 1838
66.249.88.62 - - [07/Sep/2017:05:59:04 -0500] "GET /galeria/galeria/jquery.fancybox.css?v=2.1.5 HTTP/1.1" 200 4895
66.249.88.63 - - [07/Sep/2017:05:59:04 -0500] "GET /BLA/boletinlegal/js/jquery.scrollShow.js HTTP/1.1" 200 4586
66.249.88.63 - - [07/Sep/2017:05:59:04 -0500] "GET /galeria/galeria/jquery.fancybox.js?v=2.1.5 HTTP/1.1" 200 48706
104.199.87.90 - - [07/Sep/2017:05:59:14 -0500] "-" 408 -
186.155.142.199 - - [07/Sep/2017:05:59:23 -0500] "GET /BLA/resoluciones/RESOLUCIONES%202009/3957.pdf HTTP/1.1" 200 948979
186.155.142.199 - - [07/Sep/2017:05:59:24 -0500] "GET /favicon.ico HTTP/1.1" 200 7782
201.245.192.253 - - [07/Sep/2017:05:59:50 -0500] "GET /galeria/nivo-slider/demo/undefined HTTP/1.1" 404 1314
66.249.88.63 - - [07/Sep/2017:05:59:55 -0500] "GET /galeria/galeria/jquery.fancybox.css?v=2.1.5 HTTP/1.1" 200 4895
66.249.88.63 - - [07/Sep/2017:05:59:55 -0500] "GET /BLA/boletinlegal/js/jquery.scrollShow.js HTTP/1.1" 200 4586
66.249.88.63 - - [07/Sep/2017:05:59:55 -0500] "GET /galeria/galeria/jquery.fancybox.js?v=2.1.5 HTTP/1.1" 200 48706
66.249.88.33 - - [07/Sep/2017:05:59:56 -0500] "GET /galeria/carrusel/Carrusel/jquery.thumbnailScroller.js HTTP/1.1" 200 8157
66.249.88.33 - - [07/Sep/2017:05:59:56 -0500] "GET /galeria/carrusel/Carrusel/jquery.thumbnailScroller.css HTTP/1.1" 200 2066
66.249.88.33 - - [07/Sep/2017:05:59:56 -0500] "GET /galeria/carrusel/Carrusel/jquery-ui-1.8.13.custom.min.js HTTP/1.1" 200 10800
66.249.88.63 - - [07/Sep/2017:05:59:59 -0500] "GET /galeria/nivo-slider/demo/demo.html HTTP/1.1" 200 4376
66.249.88.33 - - [07/Sep/2017:06:00:00 -0500] "GET /galeria/nivo-slider/themes/default/default.css HTTP/1.1" 200 1569
66.249.88.63 - - [07/Sep/2017:06:00:01 -0500] "GET /galeria/nivo-slider/nivo-slider.css HTTP/1.1" 200 1507
66.249.88.62 - - [07/Sep/2017:06:00:01 -0500] "GET /galeria/nivo-slider/themes/pascal/pascal.css HTTP/1.1" 200 2258
66.249.88.62 - - [07/Sep/2017:06:00:01 -0500] "GET /galeria/nivo-slider/themes/orman/orman.css HTTP/1.1" 200 2152
66.249.88.63 - - [07/Sep/2017:06:00:01 -0500] "GET /galeria/nivo-slider/demo/style.css HTTP/1.1" 200 2222
66.249.88.33 - - [07/Sep/2017:06:00:01 -0500] "GET /galeria/nivo-slider/demo/images/Banner-aceite-vegetal.jpg HTTP/1.1" 200 66152
66.249.88.33 - - [07/Sep/2017:06:00:01 -0500] "GET /galeria/nivo-slider/demo/images/dia-civico.jpg HTTP/1.1" 200 273112
66.249.88.63 - - [07/Sep/2017:06:00:01 -0500] "GET /galeria/nivo-slider/demo/images/Urgente.jpg HTTP/1.1" 200 249232
66.249.88.63 - - [07/Sep/2017:06:00:01 -0500] "GET /galeria/nivo-slider/demo/images/BANNERCAMBIODESEDE2.jpg HTTP/1.1" 200 120178
66.249.88.63 - - [07/Sep/2017:06:00:01 -0500] "GET /galeria/nivo-slider/demo/images/bannerlumina2017web.jpg HTTP/1.1" 200 198918
66.249.88.63 - - [07/Sep/2017:06:00:01 -0500] "GET /galeria/nivo-slider/demo/images/maximavelocidad.png HTTP/1.1" 200 880272
66.249.88.62 - - [07/Sep/2017:06:00:01 -0500] "GET /galeria/nivo-slider/demo/images/BANNERCAMINASEP-OCT2017.jpg HTTP/1.1" 200 496401
66.249.88.33 - - [07/Sep/2017:06:00:01 -0500] "GET /galeria/nivo-slider/demo/images/Encusta2017.jpg HTTP/1.1" 200 212313
66.249.88.62 - - [07/Sep/2017:06:00:01 -0500] "GET /galeria/nivo-slider/demo/images/RIOBOGOTA.jpg HTTP/1.1" 200 126440
66.249.88.62 - - [07/Sep/2017:06:00:01 -0500] "GET /galeria/nivo-slider/demo/scripts/jquery-1.7.1.min.js HTTP/1.1" 200 93868
66.249.88.33 - - [07/Sep/2017:06:00:01 -0500] "GET /galeria/nivo-slider/demo/images/Impacto.jpg HTTP/1.1" 200 54793
66.249.88.63 - - [07/Sep/2017:06:00:01 -0500] "GET /galeria/nivo-slider/jquery.nivo.slider.pack.js HTTP/1.1" 200 11561
66.249.88.33 - - [07/Sep/2017:06:00:01 -0500] "GET /galeria/nivo-slider/demo/images/banner%20aceite%20vegetal%20usado.jpg HTTP/1.1" 200 169350
66.249.88.62 - - [07/Sep/2017:06:00:01 -0500] "GET /galeria/nivo-slider/demo/images/bolsas-06.jpg HTTP/1.1" 200 210950
66.249.88.33 - - [07/Sep/2017:06:00:01 -0500] "GET /galeria/nivo-slider/demo/images/BANNERRUTADEVERTIMIENTOS.jpg HTTP/1.1" 200 98506
66.249.88.33 - - [07/Sep/2017:06:00:04 -0500] "GET /galeria/nivo-slider/demo/images/4Simple_Slider.png HTTP/1.1" 200 11722
66.249.88.62 - - [07/Sep/2017:06:00:04 -0500] "GET /galeria/nivo-slider/themes/default/loading.gif HTTP/1.1" 200 1737
66.249.88.63 - - [07/Sep/2017:06:00:07 -0500] "GET /galeria/nivo-slider/themes/default/arrows.png HTTP/1.1" 200 824
66.249.88.33 - - [07/Sep/2017:06:00:07 -0500] "GET /galeria/nivo-slider/themes/default/bullets.png HTTP/1.1" 200 1281
201.245.192.253 - - [07/Sep/2017:06:00:10 -0500] "GET /galeria/nivo-slider/demo/undefined HTTP/1.1" 404 1314
66.249.69.201 - - [07/Sep/2017:06:00:15 -0500] "GET /BLA/resoluciones/AUTOS%202014/4901.pdf HTTP/1.1" 200 565559
54.172.241.121 - - [07/Sep/2017:06:00:17 -0500] "GET /robots.txt HTTP/1.1" 404 1018
69.162.124.233 - - [07/Sep/2017:06:00:32 -0500] "HEAD / HTTP/1.1" 200 -
35.190.207.132 - - [07/Sep/2017:06:00:39 -0500] "-" 408 -
181.63.118.138 - - [07/Sep/2017:06:00:40 -0500] "GET /galeria/galeria/jquery.fancybox.css?v=2.1.5 HTTP/1.1" 200 4895
181.63.118.138 - - [07/Sep/2017:06:00:40 -0500] "GET /BLA/boletinlegal/js/jquery.scrollShow.js HTTP/1.1" 200 4586
181.63.118.138 - - [07/Sep/2017:06:00:40 -0500] "GET /galeria/galeria/jquery.fancybox.js?v=2.1.5 HTTP/1.1" 200 48706
192.168.175.104 - - [07/Sep/2017:06:00:45 -0500] "GET / HTTP/1.1" 200 9990
159.203.122.218 - - [07/Sep/2017:06:01:06 -0500] "GET /galeria/nivo-slider/demo/demo.html#? HTTP/1.0" 200 4376
192.168.175.104 - - [07/Sep/2017:06:01:07 -0500] "GET / HTTP/1.0" 200 9990
66.249.88.63 - - [07/Sep/2017:06:01:24 -0500] "GET /galeria/galeria/jquery.fancybox.css?v=2.1.5 HTTP/1.1" 200 4895
66.249.88.63 - - [07/Sep/2017:06:01:24 -0500] "GET /galeria/galeria/jquery.fancybox.js?v=2.1.5 HTTP/1.1" 200 48706
66.249.88.62 - - [07/Sep/2017:06:01:24 -0500] "GET /BLA/boletinlegal/js/jquery.scrollShow.js HTTP/1.1" 200 4586
201.76.162.152 - - [07/Sep/2017:06:01:30 -0500] "GET /admin/config.php HTTP/1.1" 404 1018
66.249.88.33 - - [07/Sep/2017:06:01:38 -0500] "GET /galeria/galeria/jquery.fancybox.css?v=2.1.5 HTTP/1.1" 304 -
66.249.88.62 - - [07/Sep/2017:06:01:38 -0500] "GET /BLA/boletinlegal/js/jquery.scrollShow.js HTTP/1.1" 304 -
66.249.88.62 - - [07/Sep/2017:06:01:38 -0500] "GET /galeria/galeria/jquery.fancybox.js?v=2.1.5 HTTP/1.1" 304 -
35.189.197.90 - - [07/Sep/2017:06:01:40 -0500] "-" 408 -
66.249.69.201 - - [07/Sep/2017:06:01:47 -0500] "GET /BLA/resoluciones/RESOLUCIONES%202007/RES%202007%202201%20AL%202300/RESOLUCION%202272%20DE%202007.pdf HTTP/1.1" 200 368616
196.34.53.35 - - [07/Sep/2017:06:01:56 -0500] "GET /ecodirectorio/files/res/other/search.txt HTTP/1.1" 200 112472
196.34.53.35 - - [07/Sep/2017:06:01:59 -0500] "GET /favicon.ico HTTP/1.1" 200 7782
35.190.207.132 - - [07/Sep/2017:06:02:02 -0500] "-" 408 -
192.168.175.104 - - [07/Sep/2017:06:02:02 -0500] "GET / HTTP/1.1" 200 9990
201.245.192.253 - - [07/Sep/2017:06:02:10 -0500] "GET /galeria/nivo-slider/demo/undefined HTTP/1.1" 404 1314
164.132.161.24 - - [07/Sep/2017:06:02:17 -0500] "GET /BLA/resoluciones/RESOLUCIONES%202003/RES%202003%201101-1150/1110.tif HTTP/1.1" 200 181412
201.245.192.253 - - [07/Sep/2017:06:02:30 -0500] "GET /galeria/nivo-slider/demo/undefined HTTP/1.1" 404 1314
66.249.69.201 - - [07/Sep/2017:06:02:33 -0500] "GET /BLA/resoluciones/AUTOS%202012/0075.pdf HTTP/1.1" 200 172932
66.249.88.33 - - [07/Sep/2017:06:03:18 -0500] "GET /galeria/carrusel/Carrusel/jquery-ui-1.8.13.custom.min.js HTTP/1.1" 200 10800
66.249.88.62 - - [07/Sep/2017:06:03:18 -0500] "GET /galeria/carrusel/Carrusel/jquery.thumbnailScroller.css HTTP/1.1" 200 2066
66.249.88.62 - - [07/Sep/2017:06:03:18 -0500] "GET /galeria/carrusel/Carrusel/jquery.thumbnailScroller.js HTTP/1.1" 200 8157
35.187.34.70 - - [07/Sep/2017:06:03:19 -0500] "-" 408 -
66.249.88.33 - - [07/Sep/2017:06:03:20 -0500] "GET /galeria/nivo-slider/demo/demo.html HTTP/1.1" 200 4376
66.249.88.33 - - [07/Sep/2017:06:03:22 -0500] "GET /galeria/nivo-slider/themes/default/default.css HTTP/1.1" 200 1569
66.249.88.62 - - [07/Sep/2017:06:03:23 -0500] "GET /galeria/nivo-slider/nivo-slider.css HTTP/1.1" 200 1507
66.249.88.62 - - [07/Sep/2017:06:03:23 -0500] "GET /galeria/nivo-slider/themes/orman/orman.css HTTP/1.1" 200 2152
66.249.88.33 - - [07/Sep/2017:06:03:23 -0500] "GET /galeria/nivo-slider/demo/images/Urgente.jpg HTTP/1.1" 200 249232
66.249.88.63 - - [07/Sep/2017:06:03:23 -0500] "GET /galeria/nivo-slider/themes/pascal/pascal.css HTTP/1.1" 200 2258
66.249.88.63 - - [07/Sep/2017:06:03:23 -0500] "GET /galeria/nivo-slider/demo/style.css HTTP/1.1" 200 2222
66.249.88.62 - - [07/Sep/2017:06:03:23 -0500] "GET /galeria/nivo-slider/demo/images/bannerlumina2017web.jpg HTTP/1.1" 200 198918
66.249.88.62 - - [07/Sep/2017:06:03:23 -0500] "GET /galeria/nivo-slider/demo/images/dia-civico.jpg HTTP/1.1" 200 273112
66.249.88.62 - - [07/Sep/2017:06:03:23 -0500] "GET /galeria/nivo-slider/demo/images/bolsas-06.jpg HTTP/1.1" 200 210950
66.249.88.63 - - [07/Sep/2017:06:03:23 -0500] "GET /galeria/nivo-slider/demo/images/Banner-aceite-vegetal.jpg HTTP/1.1" 200 66152
66.249.88.63 - - [07/Sep/2017:06:03:23 -0500] "GET /galeria/nivo-slider/demo/images/BANNERCAMBIODESEDE2.jpg HTTP/1.1" 200 120178
66.249.88.63 - - [07/Sep/2017:06:03:23 -0500] "GET /galeria/nivo-slider/demo/images/Impacto.jpg HTTP/1.1" 200 54793
66.249.88.33 - - [07/Sep/2017:06:03:23 -0500] "GET /galeria/nivo-slider/demo/images/Encusta2017.jpg HTTP/1.1" 200 212313
66.249.88.63 - - [07/Sep/2017:06:03:23 -0500] "GET /galeria/nivo-slider/demo/images/maximavelocidad.png HTTP/1.1" 200 880272
66.249.88.33 - - [07/Sep/2017:06:03:23 -0500] "GET /galeria/nivo-slider/demo/images/banner%20aceite%20vegetal%20usado.jpg HTTP/1.1" 200 169350
66.249.88.33 - - [07/Sep/2017:06:03:23 -0500] "GET /galeria/nivo-slider/demo/images/RIOBOGOTA.jpg HTTP/1.1" 200 126440
66.249.88.63 - - [07/Sep/2017:06:03:23 -0500] "GET /galeria/nivo-slider/demo/images/BANNERCAMINASEP-OCT2017.jpg HTTP/1.1" 200 496401
66.249.88.33 - - [07/Sep/2017:06:03:23 -0500] "GET /galeria/nivo-slider/demo/images/BANNERRUTADEVERTIMIENTOS.jpg HTTP/1.1" 200 98506
66.249.88.33 - - [07/Sep/2017:06:03:23 -0500] "GET /galeria/nivo-slider/demo/scripts/jquery-1.7.1.min.js HTTP/1.1" 200 93868
66.249.88.63 - - [07/Sep/2017:06:03:23 -0500] "GET /galeria/nivo-slider/jquery.nivo.slider.pack.js HTTP/1.1" 200 11561
66.249.88.33 - - [07/Sep/2017:06:03:26 -0500] "GET /galeria/nivo-slider/demo/images/4Simple_Slider.png HTTP/1.1" 200 11722
66.249.88.63 - - [07/Sep/2017:06:03:26 -0500] "GET /galeria/nivo-slider/themes/default/loading.gif HTTP/1.1" 200 1737
66.249.88.63 - - [07/Sep/2017:06:03:33 -0500] "GET /galeria/nivo-slider/themes/default/arrows.png HTTP/1.1" 200 824
66.249.88.62 - - [07/Sep/2017:06:03:33 -0500] "GET /galeria/nivo-slider/themes/default/bullets.png HTTP/1.1" 200 1281
66.249.88.62 - - [07/Sep/2017:06:03:49 -0500] "GET /videos/galeria-cronicas/1V3wnplaylist.htm? HTTP/1.1" 200 4013
66.249.88.33 - - [07/Sep/2017:06:03:51 -0500] "GET /videos/galeria-cronicas/js/jplayer.playlist.min.js HTTP/1.1" 200 8608
66.249.88.33 - - [07/Sep/2017:06:03:51 -0500] "GET /videos/galeria-cronicas/skin/blue.monday/jplayer.blue.monday.css HTTP/1.1" 200 12518
66.249.88.62 - - [07/Sep/2017:06:03:51 -0500] "GET /videos/galeria-cronicas/js/jquery.jplayer.min.js HTTP/1.1" 200 43668
66.249.88.62 - - [07/Sep/2017:06:03:54 -0500] "GET /videos/galeria-cronicas/skin/blue.monday/jplayer.blue.monday.jpg HTTP/1.1" 200 23189
66.249.88.63 - - [07/Sep/2017:06:03:54 -0500] "GET /videos/galeria-cronicas/skin/blue.monday/jplayer.blue.monday.video.play.png HTTP/1.1" 200 14424
66.249.88.62 - - [07/Sep/2017:06:03:56 -0500] "GET /videos/galeria-cronicas/1videos/parche.mp4video.mp4 HTTP/1.1" 206 2
181.56.102.8 - - [07/Sep/2017:06:03:59 -0500] "GET /videos/galeria-cronicas/1videos/parche.mp4video.mp4 HTTP/1.1" 200 2821840
181.56.102.8 - - [07/Sep/2017:06:04:00 -0500] "GET /videos/galeria-cronicas/1videos/parche.mp4video.mp4 HTTP/1.1" 200 2821840
181.56.102.8 - - [07/Sep/2017:06:04:00 -0500] "GET /videos/galeria-cronicas/1videos/parche.mp4video.mp4 HTTP/1.1" 206 162531
181.56.102.8 - - [07/Sep/2017:06:04:00 -0500] "GET /videos/galeria-cronicas/1videos/parche.mp4video.mp4 HTTP/1.1" 200 2821840
181.56.102.8 - - [07/Sep/2017:06:04:01 -0500] "GET /videos/galeria-cronicas/1videos/parche.mp4video.mp4 HTTP/1.1" 206 162531
40.77.167.45 - - [07/Sep/2017:06:04:06 -0500] "GET /POT-2013/Cartografia/06_Mitigacion_Remasa_V1_2013.pdf HTTP/1.1" 200 4362311
201.245.192.253 - - [07/Sep/2017:06:04:31 -0500] "GET /galeria/nivo-slider/demo/undefined HTTP/1.1" 404 1314
35.189.215.158 - - [07/Sep/2017:06:04:42 -0500] "-" 408 -
66.249.69.201 - - [07/Sep/2017:06:04:50 -0500] "GET /BLA/resoluciones/RESOLUCIONES%202017/0141.pdf HTTP/1.1" 200 841867
201.245.192.253 - - [07/Sep/2017:06:04:51 -0500] "GET /galeria/nivo-slider/demo/undefined HTTP/1.1" 404 1314
217.182.132.51 - - [07/Sep/2017:06:05:06 -0500] "GET /BLA/resoluciones/RESOLUCIONES%202004/RES%202004%201851-1900/00001891.tif HTTP/1.1" 200 241156
69.162.124.233 - - [07/Sep/2017:06:05:32 -0500] "HEAD / HTTP/1.1" 200 -
66.249.69.203 - - [07/Sep/2017:06:05:36 -0500] "GET /BLA/resoluciones/AUTOS%202007/3776.pdf HTTP/1.1" 200 152017
192.168.175.104 - - [07/Sep/2017:06:05:42 -0500] "GET / HTTP/1.1" 200 9990
35.187.34.70 - - [07/Sep/2017:06:06:02 -0500] "-" 408 -
192.168.175.104 - - [07/Sep/2017:06:06:05 -0500] "GET / HTTP/1.0" 200 9990
164.132.161.5 - - [07/Sep/2017:06:06:15 -0500] "GET /BLA/resoluciones/RESOLUCIONES%202006/RES%202006%201301-1350/00001309.tif HTTP/1.1" 200 130018
66.249.69.201 - - [07/Sep/2017:06:06:21 -0500] "GET /BLA/resoluciones/RESOLUCIONES%202007/RES%202007%20801%20AL%20900/RESOLUCION%200895%20DE%202007.pdf HTTP/1.1" 200 269196
66.249.69.201 - - [07/Sep/2017:06:06:31 -0500] "GET /galeria/galeria/fotos/Soratama4P.jpg HTTP/1.1" 304 -
181.56.102.8 - - [07/Sep/2017:06:06:40 -0500] "GET /videos/galeria-cronicas/1videos/parche.mp4video.mp4 HTTP/1.1" 200 2821840
181.56.102.8 - - [07/Sep/2017:06:06:41 -0500] "GET /videos/galeria-cronicas/1videos/parche.mp4video.mp4 HTTP/1.1" 206 162531
181.56.102.8 - - [07/Sep/2017:06:06:41 -0500] "GET /videos/galeria-cronicas/1videos/parche.mp4video.mp4 HTTP/1.1" 200 2821840
181.56.102.8 - - [07/Sep/2017:06:06:42 -0500] "GET /videos/galeria-cronicas/1videos/parche.mp4video.mp4 HTTP/1.1" 200 2821840
181.56.102.8 - - [07/Sep/2017:06:06:43 -0500] "GET /videos/galeria-cronicas/1videos/parche.mp4video.mp4 HTTP/1.1" 206 162531
201.245.192.253 - - [07/Sep/2017:06:06:51 -0500] "GET /galeria/nivo-slider/demo/undefined HTTP/1.1" 404 1314
192.168.175.104 - - [07/Sep/2017:06:07:00 -0500] "GET / HTTP/1.1" 200 9990
66.249.69.201 - - [07/Sep/2017:06:07:07 -0500] "GET /BLA/resoluciones/AUTOS%202014/6720.pdf HTTP/1.1" 200 2841596
201.245.192.253 - - [07/Sep/2017:06:07:11 -0500] "GET /galeria/nivo-slider/demo/undefined HTTP/1.1" 404 1314
35.187.34.70 - - [07/Sep/2017:06:07:24 -0500] "-" 408 -
66.249.69.201 - - [07/Sep/2017:06:07:53 -0500] "GET /BLA/resoluciones/RESOLUCIONES%202014/0880.pdf HTTP/1.1" 200 523535
69.162.124.233 - - [07/Sep/2017:06:07:53 -0500] "HEAD / HTTP/1.1" 200 -
66.249.69.201 - - [07/Sep/2017:06:07:56 -0500] "GET /BLA/resoluciones/AUTOS%202006/AUTOS%202006%203301%20-%203418/00003325.tif HTTP/1.1" 200 54454
157.55.2.168 - - [07/Sep/2017:06:08:09 -0500] "GET /POT-2013/Cartografia/13_Est_Ordenam_D.pdf HTTP/1.1" 200 6417967
181.130.147.120 - - [07/Sep/2017:06:08:35 -0500] "GET /galeria/galeria/fotos/Humedal-Tibanica1G.jpg HTTP/1.1" 200 541579
181.130.147.120 - - [07/Sep/2017:06:08:36 -0500] "GET /galeria/galeria/fotos/Humedal-Tibanica4G.jpg HTTP/1.1" 200 442374
35.190.203.87 - - [07/Sep/2017:06:08:49 -0500] "-" 408 -
201.245.192.253 - - [07/Sep/2017:06:09:12 -0500] "GET /galeria/nivo-slider/demo/undefined HTTP/1.1" 404 1314
167.0.223.249 - - [07/Sep/2017:06:09:22 -0500] "GET /BLA/boletinlegal/jurisprudencia/analisis/CUADRO%20ANALISIS%20SENTENCIA%20T-411%20DE%201992.doc HTTP/1.1" 206 1
167.0.223.249 - - [07/Sep/2017:06:09:22 -0500] "GET /BLA/boletinlegal/jurisprudencia/analisis/CUADRO%20ANALISIS%20SENTENCIA%20T-411%20DE%201992.doc HTTP/1.1" 206 25600
66.249.69.203 - - [07/Sep/2017:06:09:25 -0500] "GET /BLA/resoluciones/Notificaciones/AUTOS%202015/2517.doc HTTP/1.1" 200 166912
201.245.192.253 - - [07/Sep/2017:06:09:32 -0500] "GET /galeria/nivo-slider/demo/undefined HTTP/1.1" 404 1314
157.55.39.81 - - [07/Sep/2017:06:09:40 -0500] "GET /BLA/boletinlegal/jurisprudencia/analisis/analisis%20sentencia%20C-596-10.doc HTTP/1.1" 200 36352
35.187.52.64 - - [07/Sep/2017:06:10:08 -0500] "-" 408 -
66.249.69.201 - - [07/Sep/2017:06:10:10 -0500] "GET /BLA/resoluciones/RESOLUCIONES%202007/RES%202007%20501%20AL%20600/RESOLUCION%200532%20DE%202007.pdf HTTP/1.1" 200 269347
192.168.175.104 - - [07/Sep/2017:06:10:40 -0500] "GET / HTTP/1.1" 200 9990
66.249.69.203 - - [07/Sep/2017:06:10:56 -0500] "GET /BLA/resoluciones/RESOLUCIONES%202007/RES%202007%20801%20AL%20900/RESOLUCION%200868%20DE%202007.pdf HTTP/1.1" 200 807189
192.168.175.104 - - [07/Sep/2017:06:11:03 -0500] "GET / HTTP/1.0" 200 9990
66.249.69.201 - - [07/Sep/2017:06:11:21 -0500] "GET /BLA/boletinlegal/images/arr_l.jpg HTTP/1.1" 304 -
35.190.201.122 - - [07/Sep/2017:06:11:32 -0500] "-" 408 -
201.245.192.253 - - [07/Sep/2017:06:11:32 -0500] "GET /galeria/nivo-slider/demo/undefined HTTP/1.1" 404 1314
66.249.69.201 - - [07/Sep/2017:06:11:42 -0500] "GET /BLA/resoluciones/RESOLUCIONES%202012/0703.pdf HTTP/1.1" 200 205276
201.245.192.253 - - [07/Sep/2017:06:11:52 -0500] "GET /galeria/nivo-slider/demo/undefined HTTP/1.1" 404 1314
192.168.175.104 - - [07/Sep/2017:06:11:58 -0500] "GET / HTTP/1.1" 200 9990
51.255.71.127 - - [07/Sep/2017:06:12:25 -0500] "GET /BLA/resoluciones/RESOLUCIONES%202004/RES%202004%202251-2300/00002261.tif HTTP/1.1" 200 115438
211.24.114.39 - - [07/Sep/2017:06:12:49 -0500] "GET /wp-login.php HTTP/1.1" 404 1018
211.24.114.39 - - [07/Sep/2017:06:12:50 -0500] "GET / HTTP/1.1" 200 9990
204.79.180.18 - - [07/Sep/2017:06:12:55 -0500] "GET /POT-2013/Cartografia/06_Mitigacion_Remasa_V1_2013.pdf HTTP/1.1" 200 4362311
35.190.207.132 - - [07/Sep/2017:06:13:08 -0500] "-" 408 -
164.132.161.18 - - [07/Sep/2017:06:13:11 -0500] "GET /BLA/resoluciones/RESOLUCIONES%202006/RES%202006%20101-150/00000136.tif HTTP/1.1" 200 96716
201.245.192.253 - - [07/Sep/2017:06:13:53 -0500] "GET /galeria/nivo-slider/demo/undefined HTTP/1.1" 404 1314
201.245.192.253 - - [07/Sep/2017:06:14:13 -0500] "GET /galeria/nivo-slider/demo/undefined HTTP/1.1" 404 1314
69.162.124.233 - - [07/Sep/2017:06:14:13 -0500] "HEAD / HTTP/1.1" 200 -
104.199.87.90 - - [07/Sep/2017:06:14:38 -0500] "-" 408 -
66.249.69.137 - - [07/Sep/2017:06:14:45 -0500] "GET /portalsiaccapacitaciones/Soportes%20Capacitaciones%20A%C3%B1o%202013/0033.%20PRESENTACION%20ESTACIONES%20DE%20SERVICIO%20-%2015%20de%20Agosto.pdf HTTP/1.1" 404 1015
42.236.99.206 - - [07/Sep/2017:06:14:55 -0500] "GET / HTTP/1.1" 200 9990
54.172.241.121 - - [07/Sep/2017:06:15:20 -0500] "GET /robots.txt HTTP/1.1" 404 1018
192.168.175.104 - - [07/Sep/2017:06:15:38 -0500] "GET / HTTP/1.1" 200 9990
66.249.88.63 - - [07/Sep/2017:06:15:42 -0500] "GET /galeria/galeria/jquery.fancybox.css?v=2.1.5 HTTP/1.1" 200 4895
66.249.88.33 - - [07/Sep/2017:06:15:42 -0500] "GET /galeria/galeria/jquery.fancybox.js?v=2.1.5 HTTP/1.1" 200 48706
66.249.88.33 - - [07/Sep/2017:06:15:42 -0500] "GET /BLA/boletinlegal/js/jquery.scrollShow.js HTTP/1.1" 200 4586
35.187.34.70 - - [07/Sep/2017:06:15:56 -0500] "-" 408 -
192.168.175.104 - - [07/Sep/2017:06:16:01 -0500] "GET / HTTP/1.0" 200 9990
201.245.192.253 - - [07/Sep/2017:06:16:13 -0500] "GET /galeria/nivo-slider/demo/undefined HTTP/1.1" 404 1314
66.249.69.201 - - [07/Sep/2017:06:16:14 -0500] "GET /BLA/boletinlegal/images/screen_1.png HTTP/1.1" 304 -
66.249.69.201 - - [07/Sep/2017:06:16:16 -0500] "GET /dama/libreria/php/decide.php?patron=00.01 HTTP/1.1" 404 1019
201.245.192.253 - - [07/Sep/2017:06:16:33 -0500] "GET /galeria/nivo-slider/demo/undefined HTTP/1.1" 404 1314
51.255.71.132 - - [07/Sep/2017:06:16:47 -0500] "GET /BLA/resoluciones/RESOLUCIONES%202006/RES%202006%20951-1000/00000956.tif HTTP/1.1" 200 248164
192.168.175.104 - - [07/Sep/2017:06:16:56 -0500] "GET / HTTP/1.1" 200 9990
35.189.215.158 - - [07/Sep/2017:06:17:15 -0500] "-" 408 -
181.113.144.217 - - [07/Sep/2017:06:18:02 -0500] "GET /galeria/galeria/jquery.fancybox.css?v=2.1.5 HTTP/1.1" 200 4895
181.113.144.217 - - [07/Sep/2017:06:18:02 -0500] "GET /BLA/boletinlegal/js/jquery.scrollShow.js HTTP/1.1" 200 4586
181.113.144.217 - - [07/Sep/2017:06:18:02 -0500] "GET /galeria/galeria/jquery.fancybox.js?v=2.1.5 HTTP/1.1" 200 48706
35.189.215.158 - - [07/Sep/2017:06:18:33 -0500] "-" 408 -
66.249.69.201 - - [07/Sep/2017:06:18:34 -0500] "GET /BLA/resoluciones/AUTOS%202013/1865.pdf HTTP/1.1" 200 1051727
201.245.192.253 - - [07/Sep/2017:06:18:34 -0500] "GET /galeria/nivo-slider/demo/undefined HTTP/1.1" 404 1314
35.189.215.158 - - [07/Sep/2017:06:18:43 -0500] "-" 408 -
201.245.192.253 - - [07/Sep/2017:06:18:54 -0500] "GET /galeria/nivo-slider/demo/undefined HTTP/1.1" 404 1314
66.249.69.201 - - [07/Sep/2017:06:19:19 -0500] "GET /BLA/resoluciones/RESOLUCIONES%202009/8265.pdf HTTP/1.1" 200 286533
69.162.124.233 - - [07/Sep/2017:06:19:25 -0500] "HEAD / HTTP/1.1" 200 -
66.249.69.201 - - [07/Sep/2017:06:20:05 -0500] "GET /BLA/resoluciones/RESOLUCIONES%202011/4685.pdf HTTP/1.1" 200 524775
192.168.175.104 - - [07/Sep/2017:06:20:36 -0500] "GET / HTTP/1.1" 200 9990
66.249.69.201 - - [07/Sep/2017:06:20:51 -0500] "GET /BLA/resoluciones/AUTOS%202010/2515.pdf HTTP/1.1" 200 132201
201.245.192.253 - - [07/Sep/2017:06:20:54 -0500] "GET /galeria/nivo-slider/demo/undefined HTTP/1.1" 404 1314
192.168.175.104 - - [07/Sep/2017:06:20:59 -0500] "GET / HTTP/1.0" 200 9990
35.190.207.132 - - [07/Sep/2017:06:21:10 -0500] "-" 408 -
201.245.192.253 - - [07/Sep/2017:06:21:14 -0500] "GET /galeria/nivo-slider/demo/undefined HTTP/1.1" 404 1314
66.249.69.205 - - [07/Sep/2017:06:21:37 -0500] "GET /BLA/resoluciones/AUTOS%202014/3039.pdf HTTP/1.1" 200 536788
192.168.175.104 - - [07/Sep/2017:06:21:55 -0500] "GET / HTTP/1.1" 200 9990
35.187.52.64 - - [07/Sep/2017:06:22:31 -0500] "-" 408 -
201.245.192.253 - - [07/Sep/2017:06:23:15 -0500] "GET /galeria/nivo-slider/demo/undefined HTTP/1.1" 404 1314
201.245.192.253 - - [07/Sep/2017:06:23:35 -0500] "GET /galeria/nivo-slider/demo/undefined HTTP/1.1" 404 1314
35.189.215.158 - - [07/Sep/2017:06:23:52 -0500] "-" 408 -
69.162.124.233 - - [07/Sep/2017:06:24:24 -0500] "HEAD / HTTP/1.1" 200 -
66.249.69.201 - - [07/Sep/2017:06:24:40 -0500] "GET /BLA/resoluciones/AUTOS%202015/4288.pdf HTTP/1.1" 200 720314
186.83.150.14 - - [07/Sep/2017:06:24:47 -0500] "GET /galeria/galeria/jquery.fancybox.css?v=2.1.5 HTTP/1.1" 200 4895
186.83.150.14 - - [07/Sep/2017:06:24:47 -0500] "GET /BLA/boletinlegal/js/jquery.scrollShow.js HTTP/1.1" 200 4586
186.83.150.14 - - [07/Sep/2017:06:24:47 -0500] "GET /galeria/galeria/jquery.fancybox.js?v=2.1.5 HTTP/1.1" 200 48706
35.190.203.87 - - [07/Sep/2017:06:25:14 -0500] "-" 408 -
199.30.24.251 - - [07/Sep/2017:06:25:26 -0500] "GET /BLA/boletinlegal/images/word.png HTTP/1.1" 200 50498
199.30.24.81 - - [07/Sep/2017:06:25:27 -0500] "GET /BLA/boletinlegal/images/menu_bg.jpg HTTP/1.1" 200 620
199.30.25.92 - - [07/Sep/2017:06:25:27 -0500] "GET /BLA/boletinlegal/images/background.gif HTTP/1.1" 200 -
192.168.175.104 - - [07/Sep/2017:06:25:34 -0500] "GET / HTTP/1.1" 200 9990
201.245.192.253 - - [07/Sep/2017:06:25:35 -0500] "GET /galeria/nivo-slider/demo/undefined HTTP/1.1" 404 1314
201.245.192.253 - - [07/Sep/2017:06:25:55 -0500] "GET /galeria/nivo-slider/demo/undefined HTTP/1.1" 404 1314
192.168.175.104 - - [07/Sep/2017:06:25:57 -0500] "GET / HTTP/1.0" 200 9990
66.249.69.201 - - [07/Sep/2017:06:26:11 -0500] "GET /BLA/resoluciones/RESOLUCIONES%202011/1618.pdf HTTP/1.1" 200 69955
186.155.13.52 - - [07/Sep/2017:06:26:22 -0500] "GET /galeria/galeria/jquery.fancybox.css?v=2.1.5 HTTP/1.1" 200 4895
186.155.13.52 - - [07/Sep/2017:06:26:22 -0500] "GET /BLA/boletinlegal/js/jquery.scrollShow.js HTTP/1.1" 200 4586
186.155.13.52 - - [07/Sep/2017:06:26:22 -0500] "GET /galeria/galeria/jquery.fancybox.js?v=2.1.5 HTTP/1.1" 200 48706
190.130.100.31 - - [07/Sep/2017:06:26:31 -0500] "GET /BLA/resoluciones/RESOLUCIONES%202007/RES%202007%201001%20AL%201100/RESOLUCION%201096%20DE%202007.pdf HTTP/1.1" 200 225016
35.189.215.158 - - [07/Sep/2017:06:26:31 -0500] "-" 408 -
192.168.175.104 - - [07/Sep/2017:06:26:53 -0500] "GET / HTTP/1.1" 200 9990
66.249.69.201 - - [07/Sep/2017:06:26:57 -0500] "GET /BLA/resoluciones/RESOLUCIONES%202013/0120.pdf HTTP/1.1" 200 7266053
66.249.69.201 - - [07/Sep/2017:06:27:11 -0500] "GET /BLA/resoluciones/AUTOS%202006/AUTOS%202006%203301%20-%203418/00003304.tif HTTP/1.1" 200 50700
131.253.27.19 - - [07/Sep/2017:06:27:30 -0500] "GET /BLA/boletinlegal/Directivas/2017/Directiva%20No.%2004%20del%2028%20de%20Abril%20de%202017.pdf HTTP/1.1" 200 8194919
66.249.69.201 - - [07/Sep/2017:06:27:43 -0500] "GET /BLA/resoluciones/RESOLUCIONES%202014/5704.pdf HTTP/1.1" 200 3092942
201.245.192.253 - - [07/Sep/2017:06:27:56 -0500] "GET /galeria/nivo-slider/demo/undefined HTTP/1.1" 404 1314
35.190.203.87 - - [07/Sep/2017:06:27:58 -0500] "-" 408 -
201.245.192.253 - - [07/Sep/2017:06:28:16 -0500] "GET /galeria/nivo-slider/demo/undefined HTTP/1.1" 404 1314
104.199.87.90 - - [07/Sep/2017:06:29:17 -0500] "-" 408 -
69.162.124.233 - - [07/Sep/2017:06:29:24 -0500] "HEAD / HTTP/1.1" 200 -
66.102.8.137 - - [07/Sep/2017:06:29:31 -0500] "GET /galeria/galeria/fotos/mirador4G.jpg HTTP/1.1" 200 159827
164.132.161.18 - - [07/Sep/2017:06:29:36 -0500] "GET /BLA/resoluciones/index.php?dir=AUTOS%202016/&sort=date&order=asc HTTP/1.1" 200 157651
201.245.192.253 - - [07/Sep/2017:06:30:16 -0500] "GET /galeria/nivo-slider/demo/undefined HTTP/1.1" 404 1314
192.168.175.104 - - [07/Sep/2017:06:30:32 -0500] "GET / HTTP/1.1" 200 9990
35.187.34.70 - - [07/Sep/2017:06:30:35 -0500] "-" 408 -
201.245.192.253 - - [07/Sep/2017:06:30:37 -0500] "GET /galeria/nivo-slider/demo/undefined HTTP/1.1" 404 1314
66.249.69.205 - - [07/Sep/2017:06:30:46 -0500] "GET /interaccion/0003.%20Presentaci%C3%B3n%20SPPA%20-SDA.pdf HTTP/1.1" 200 4756669
192.168.175.104 - - [07/Sep/2017:06:30:55 -0500] "GET / HTTP/1.0" 200 9990
157.55.39.81 - - [07/Sep/2017:06:31:31 -0500] "GET /POT-2013/Cartografia/19_Sistema%20de%20Acueducto_FEB.pdf HTTP/1.1" 200 4239798
66.249.69.201 - - [07/Sep/2017:06:31:31 -0500] "GET /BLA/resoluciones/RESOLUCIONES%202010/1955.pdf HTTP/1.1" 200 342308
192.168.175.104 - - [07/Sep/2017:06:31:50 -0500] "GET / HTTP/1.1" 200 9990
35.187.34.70 - - [07/Sep/2017:06:31:58 -0500] "-" 408 -
201.245.192.253 - - [07/Sep/2017:06:32:37 -0500] "GET /galeria/nivo-slider/demo/undefined HTTP/1.1" 404 1314
201.245.192.253 - - [07/Sep/2017:06:32:57 -0500] "GET /galeria/nivo-slider/demo/undefined HTTP/1.1" 404 1314
66.249.69.201 - - [07/Sep/2017:06:33:03 -0500] "GET /BLA/resoluciones/RESOLUCIONES%202007/RES%202007%203301%20AL%203400/RESOLUCION%203322%20DE%202007.pdf HTTP/1.1" 200 241192
54.172.241.121 - - [07/Sep/2017:06:33:10 -0500] "GET /robots.txt HTTP/1.1" 404 1018
35.187.52.64 - - [07/Sep/2017:06:33:29 -0500] "-" 408 -
66.249.69.203 - - [07/Sep/2017:06:33:49 -0500] "GET /BLA/resoluciones/AUTOS%202015/0531.pdf HTTP/1.1" 200 583525
181.57.250.79 - - [07/Sep/2017:06:34:13 -0500] "GET /BLA/boletinlegal/actos.php HTTP/1.1" 200 8698
181.57.250.79 - - [07/Sep/2017:06:34:22 -0500] "GET /BLA/boletinlegal/consulta_actos.php?tipo=resoluciones&no=0829&usuario=&sector=&fecha=2017&resuelve= HTTP/1.1" 200 626
69.162.124.233 - - [07/Sep/2017:06:34:24 -0500] "HEAD / HTTP/1.1" 200 -
181.57.250.79 - - [07/Sep/2017:06:34:11 -0500] "GET /BLA/boletinlegal/ HTTP/1.1" 200 16331
66.249.69.201 - - [07/Sep/2017:06:34:35 -0500] "GET /BLA/resoluciones/RESOLUCIONES%202007/RES%202007%201201%20AL%201300/RESOLUCION%201256%20DE%202007.pdf HTTP/1.1" 200 380999
201.245.192.253 - - [07/Sep/2017:06:34:57 -0500] "GET /galeria/nivo-slider/demo/undefined HTTP/1.1" 404 1314
217.182.132.157 - - [07/Sep/2017:06:35:05 -0500] "GET /BLA/resoluciones/RESOLUCIONES%202003/RES%202003%20951-1000/985.tif HTTP/1.1" 200 184028
35.189.218.56 - - [07/Sep/2017:06:35:06 -0500] "-" 408 -
201.245.192.253 - - [07/Sep/2017:06:35:18 -0500] "GET /galeria/nivo-slider/demo/undefined HTTP/1.1" 404 1314
66.249.69.203 - - [07/Sep/2017:06:35:20 -0500] "GET /BLA/resoluciones/RESOLUCIONES%202008/0531.pdf HTTP/1.1" 200 837326
192.168.175.104 - - [07/Sep/2017:06:35:29 -0500] "GET / HTTP/1.1" 200 9990
190.24.11.252 - - [07/Sep/2017:06:35:33 -0500] "GET /galeria/mapa/3MapaBogot%C3%A1.jpg HTTP/1.0" 200 688183
66.249.69.201 - - [07/Sep/2017:06:35:39 -0500] "GET /galeria/galeria/fotos/Jaboque3G.jpg HTTP/1.1" 304 -
192.168.175.104 - - [07/Sep/2017:06:35:53 -0500] "GET / HTTP/1.0" 200 9990
190.24.11.252 - - [07/Sep/2017:06:36:00 -0500] "GET /galeria/mapa/3MapaBogot%C3%A1.jpg HTTP/1.0" 200 688183
51.255.65.31 - - [07/Sep/2017:06:36:01 -0500] "GET /BLA/resoluciones/RESOLUCIONES%202003/RES%202003%20901-950/907.tif HTTP/1.1" 200 138780
66.249.69.201 - - [07/Sep/2017:06:36:06 -0500] "GET /BLA/resoluciones/RESOLUCIONES%202010/2274.pdf HTTP/1.1" 200 490505
35.189.218.56 - - [07/Sep/2017:06:36:38 -0500] "-" 408 -
192.168.175.104 - - [07/Sep/2017:06:36:48 -0500] "GET / HTTP/1.1" 200 9990
201.245.192.253 - - [07/Sep/2017:06:37:18 -0500] "GET /galeria/nivo-slider/demo/undefined HTTP/1.1" 404 1314
186.119.107.54 - - [07/Sep/2017:06:37:22 -0500] "GET /galeria/galeria/jquery.fancybox.css?v=2.1.5 HTTP/1.1" 200 4895
186.119.107.54 - - [07/Sep/2017:06:37:22 -0500] "GET /BLA/boletinlegal/js/jquery.scrollShow.js HTTP/1.1" 200 4586
186.119.107.54 - - [07/Sep/2017:06:37:22 -0500] "GET /galeria/galeria/jquery.fancybox.js?v=2.1.5 HTTP/1.1" 200 48706
66.249.69.203 - - [07/Sep/2017:06:37:38 -0500] "GET /BLA/resoluciones/AUTOS%202014/1349.pdf HTTP/1.1" 200 559964
201.245.192.253 - - [07/Sep/2017:06:37:38 -0500] "GET /galeria/nivo-slider/demo/undefined HTTP/1.1" 404 1314
35.189.218.56 - - [07/Sep/2017:06:37:56 -0500] "-" 408 -
69.89.31.56 - - [07/Sep/2017:06:38:21 -0500] "GET /sql.gz HTTP/1.1" 404 1139
66.249.69.203 - - [07/Sep/2017:06:38:23 -0500] "GET /BLA/resoluciones/RESOLUCIONES%202008/2504.pdf HTTP/1.1" 200 257396
186.154.33.36 - - [07/Sep/2017:06:38:24 -0500] "GET /galeria/galeria/jquery.fancybox.css?v=2.1.5 HTTP/1.1" 200 4895
186.154.33.36 - - [07/Sep/2017:06:38:24 -0500] "GET /BLA/boletinlegal/js/jquery.scrollShow.js HTTP/1.1" 200 4586
186.154.33.36 - - [07/Sep/2017:06:38:24 -0500] "GET /galeria/galeria/jquery.fancybox.js?v=2.1.5 HTTP/1.1" 200 48706
198.208.251.22 - - [07/Sep/2017:06:38:55 -0500] "GET /galeria/carrusel/Carrusel/jquery.thumbnailScroller.css HTTP/1.1" 200 2066
198.208.251.22 - - [07/Sep/2017:06:38:56 -0500] "GET /galeria/nivo-slider/demo/demo.html HTTP/1.1" 200 4376
198.208.251.22 - - [07/Sep/2017:06:38:56 -0500] "GET /galeria/nivo-slider/demo/images/dia-civico.jpg HTTP/1.1" 200 273112
198.208.251.22 - - [07/Sep/2017:06:38:56 -0500] "GET /galeria/nivo-slider/demo/images/BANNERCAMINASEP-OCT2017.jpg HTTP/1.1" 200 496401
198.208.251.22 - - [07/Sep/2017:06:38:56 -0500] "GET /galeria/nivo-slider/demo/images/Banner-aceite-vegetal.jpg HTTP/1.1" 304 -
198.208.251.22 - - [07/Sep/2017:06:38:56 -0500] "GET /galeria/nivo-slider/demo/images/BANNERCAMBIODESEDE2.jpg HTTP/1.1" 304 -
198.208.251.22 - - [07/Sep/2017:06:38:56 -0500] "GET /galeria/nivo-slider/demo/images/Urgente.jpg HTTP/1.1" 304 -
198.208.251.22 - - [07/Sep/2017:06:38:56 -0500] "GET /galeria/nivo-slider/demo/images/Impacto.jpg HTTP/1.1" 304 -
198.208.251.22 - - [07/Sep/2017:06:38:56 -0500] "GET /galeria/nivo-slider/demo/images/Encusta2017.jpg HTTP/1.1" 304 -
198.208.251.22 - - [07/Sep/2017:06:38:57 -0500] "GET /galeria/nivo-slider/themes/default/loading.gif HTTP/1.1" 200 1737
198.208.251.22 - - [07/Sep/2017:06:38:57 -0500] "GET /galeria/nivo-slider/demo/images/4Simple_Slider.png HTTP/1.1" 200 11722
198.208.251.22 - - [07/Sep/2017:06:38:57 -0500] "GET /galeria/nivo-slider/demo/images/maximavelocidad.png HTTP/1.1" 304 -
198.208.251.22 - - [07/Sep/2017:06:39:01 -0500] "GET /galeria/nivo-slider/themes/default/arrows.png HTTP/1.1" 200 824
198.208.251.22 - - [07/Sep/2017:06:39:01 -0500] "GET /galeria/nivo-slider/themes/default/bullets.png HTTP/1.1" 200 1281
66.249.69.203 - - [07/Sep/2017:06:39:09 -0500] "GET /BLA/resoluciones/RESOLUCIONES%202011/0899.pdf HTTP/1.1" 200 544090
35.189.218.56 - - [07/Sep/2017:06:39:14 -0500] "-" 408 -
69.162.124.233 - - [07/Sep/2017:06:39:24 -0500] "HEAD / HTTP/1.1" 200 -
199.30.25.109 - - [07/Sep/2017:06:39:28 -0500] "GET /POT-2013/Cartografia/05_Remocion_V1_2013.pdf HTTP/1.1" 200 4650227
201.245.192.253 - - [07/Sep/2017:06:39:39 -0500] "GET /galeria/nivo-slider/demo/undefined HTTP/1.1" 404 1314
190.147.82.129 - - [07/Sep/2017:06:39:39 -0500] "GET /autoliquidacion/index.php?dir=TR%C1MITES+VERTIMIENTOS%2F HTTP/1.1" 200 1989
190.147.82.129 - - [07/Sep/2017:06:39:41 -0500] "GET /autoliquidacion/index.php?dir=TR%C1MITES+VERTIMIENTOS%2FPERMISOS+DE+VERTIMIENTOS%2F HTTP/1.1" 200 3692
190.147.82.129 - - [07/Sep/2017:06:39:41 -0500] "GET /autoliquidacion/dlf/doc.gif HTTP/1.1" 200 1079
190.147.82.129 - - [07/Sep/2017:06:39:41 -0500] "GET /autoliquidacion/dlf/xls.gif HTTP/1.1" 200 636
190.147.82.129 - - [07/Sep/2017:06:39:51 -0500] "GET /autoliquidacion/TR%C3%81MITES%20VERTIMIENTOS/PERMISOS%20DE%20VERTIMIENTOS/Aplicativo.html HTTP/1.1" 200 359
66.249.69.201 - - [07/Sep/2017:06:39:55 -0500] "GET /BLA/resoluciones/RESOLUCIONES%202007/RES%202007%202601%20AL%202700/RESOLUCION%202651%20DE%202007.pdf HTTP/1.1" 200 770022
201.245.192.253 - - [07/Sep/2017:06:39:59 -0500] "GET /galeria/nivo-slider/demo/undefined HTTP/1.1" 404 1314
152.202.59.142 - - [07/Sep/2017:06:40:20 -0500] "GET /BLA/boletinlegal/js/jquery.scrollShow.js HTTP/1.1" 200 4586
152.202.59.142 - - [07/Sep/2017:06:40:20 -0500] "GET /galeria/galeria/jquery.fancybox.js?v=2.1.5 HTTP/1.1" 200 48706
152.202.59.142 - - [07/Sep/2017:06:40:20 -0500] "GET /galeria/galeria/jquery.fancybox.css?v=2.1.5 HTTP/1.1" 200 4895
190.147.82.129 - - [07/Sep/2017:06:40:23 -0500] "GET /galeria/nivo-slider/demo/demo.html HTTP/1.1" 200 4376
190.147.82.129 - - [07/Sep/2017:06:40:23 -0500] "GET /galeria/nivo-slider/demo/images/dia-civico.jpg HTTP/1.1" 200 273112
190.147.82.129 - - [07/Sep/2017:06:40:24 -0500] "GET /galeria/nivo-slider/demo/images/BANNERCAMINASEP-OCT2017.jpg HTTP/1.1" 304 -
87.125.45.101 - - [07/Sep/2017:06:40:26 -0500] "GET /BLA/boletinlegal/js/jquery.scrollShow.js HTTP/1.1" 200 4586
87.125.45.101 - - [07/Sep/2017:06:40:26 -0500] "GET /galeria/galeria/jquery.fancybox.js?v=2.1.5 HTTP/1.1" 200 48706
87.125.45.101 - - [07/Sep/2017:06:40:26 -0500] "GET /galeria/galeria/jquery.fancybox.css?v=2.1.5 HTTP/1.1" 200 4895
192.168.175.104 - - [07/Sep/2017:06:40:27 -0500] "GET / HTTP/1.1" 200 9990
66.249.69.201 - - [07/Sep/2017:06:40:42 -0500] "GET /BLA/resoluciones/AUTOS%202013/2059.pdf HTTP/1.1" 200 730126
181.60.106.165 - - [07/Sep/2017:06:40:49 -0500] "GET /galeria/galeria/jquery.fancybox.css?v=2.1.5 HTTP/1.1" 200 4895
181.60.106.165 - - [07/Sep/2017:06:40:49 -0500] "GET /BLA/boletinlegal/js/jquery.scrollShow.js HTTP/1.1" 200 4586
181.60.106.165 - - [07/Sep/2017:06:40:49 -0500] "GET /galeria/galeria/jquery.fancybox.js?v=2.1.5 HTTP/1.1" 200 48706
192.168.175.104 - - [07/Sep/2017:06:40:50 -0500] "GET / HTTP/1.0" 200 9990
87.125.45.101 - - [07/Sep/2017:06:40:53 -0500] "GET /BLA/boletinlegal/js/jquery.scrollShow.js HTTP/1.1" 200 4586
87.125.45.101 - - [07/Sep/2017:06:40:53 -0500] "GET /galeria/galeria/jquery.fancybox.js?v=2.1.5 HTTP/1.1" 200 48706
87.125.45.101 - - [07/Sep/2017:06:40:53 -0500] "GET /galeria/galeria/jquery.fancybox.css?v=2.1.5 HTTP/1.1" 200 4895
152.202.59.142 - - [07/Sep/2017:06:40:53 -0500] "GET /galeria/galeria/jquery.fancybox.js?v=2.1.5 HTTP/1.1" 304 -
152.202.59.142 - - [07/Sep/2017:06:40:53 -0500] "GET /galeria/galeria/jquery.fancybox.css?v=2.1.5 HTTP/1.1" 304 -
152.202.59.142 - - [07/Sep/2017:06:40:53 -0500] "GET /BLA/boletinlegal/js/jquery.scrollShow.js HTTP/1.1" 304 -
54.248.229.56 - - [07/Sep/2017:06:41:25 -0500] "-" 408 -
192.168.175.104 - - [07/Sep/2017:06:41:46 -0500] "GET / HTTP/1.1" 200 9990
35.187.96.204 - - [07/Sep/2017:06:41:47 -0500] "-" 408 -
35.187.96.204 - - [07/Sep/2017:06:41:57 -0500] "-" 408 -
201.245.192.253 - - [07/Sep/2017:06:41:59 -0500] "GET /galeria/nivo-slider/demo/undefined HTTP/1.1" 404 1314
66.249.69.201 - - [07/Sep/2017:06:42:03 -0500] "GET /BLA/resoluciones/AUTOS%202014/7090.pdf HTTP/1.1" 200 573274
66.249.69.137 - - [07/Sep/2017:06:42:12 -0500] "GET / HTTP/1.1" 200 9990
201.245.192.253 - - [07/Sep/2017:06:42:19 -0500] "GET /galeria/nivo-slider/demo/undefined HTTP/1.1" 404 1314
200.118.75.63 - - [07/Sep/2017:06:42:34 -0500] "GET /galeria/galeria/jquery.fancybox.css?v=2.1.5 HTTP/1.1" 200 4895
157.55.39.81 - - [07/Sep/2017:06:42:43 -0500] "GET /POT-2013/Cartografia/31_TRATAMIENTO_DE_CONSERVACION.pdf HTTP/1.1" 200 3564866
66.249.88.63 - - [07/Sep/2017:06:42:47 -0500] "GET /galeria/galeria/jquery.fancybox.css?v=2.1.5 HTTP/1.1" 200 4895
66.249.88.63 - - [07/Sep/2017:06:42:47 -0500] "GET /BLA/boletinlegal/js/jquery.scrollShow.js HTTP/1.1" 200 4586
66.249.88.33 - - [07/Sep/2017:06:42:47 -0500] "GET /galeria/galeria/jquery.fancybox.js?v=2.1.5 HTTP/1.1" 200 48706
66.249.69.199 - - [07/Sep/2017:06:42:58 -0500] "GET / HTTP/1.1" 200 9990
35.189.197.90 - - [07/Sep/2017:06:43:05 -0500] "-" 408 -
104.199.87.90 - - [07/Sep/2017:06:43:07 -0500] "-" 408 -
66.249.69.211 - - [07/Sep/2017:06:43:44 -0500] "GET / HTTP/1.1" 200 9990
200.118.75.63 - - [07/Sep/2017:06:43:52 -0500] "GET /isolucionsda/BancoConocimiento/S/Servicioalciudadanoycorrespondencia_v5/Servicioalciudadanoycorrespondencia_v5.asp?IdArticulo=10740 HTTP/1.1" 200 146
51.255.65.41 - - [07/Sep/2017:06:44:09 -0500] "GET /BLA/resoluciones/RESOLUCIONES%202005/RES%202005%20251-300/00000296.tif HTTP/1.1" 200 118140
54.248.229.56 - - [07/Sep/2017:06:44:11 -0500] "-" 408 -
190.131.194.135 - - [07/Sep/2017:06:44:16 -0500] "GET /galeria/nivo-slider/demo/images/banner-ACA-01.jpg HTTP/1.1" 304 -
181.112.204.188 - - [07/Sep/2017:06:44:17 -0500] "GET /galeria/galeria/jquery.fancybox.css?v=2.1.5 HTTP/1.1" 200 4895
181.112.204.188 - - [07/Sep/2017:06:44:17 -0500] "GET /BLA/boletinlegal/js/jquery.scrollShow.js HTTP/1.1" 200 4586
181.112.204.188 - - [07/Sep/2017:06:44:17 -0500] "GET /galeria/galeria/jquery.fancybox.js?v=2.1.5 HTTP/1.1" 200 48706
201.245.192.253 - - [07/Sep/2017:06:44:20 -0500] "GET /galeria/nivo-slider/demo/undefined HTTP/1.1" 404 1314
69.162.124.233 - - [07/Sep/2017:06:44:24 -0500] "HEAD / HTTP/1.1" 200 -
66.249.69.199 - - [07/Sep/2017:06:44:29 -0500] "GET / HTTP/1.1" 200 9990
181.112.204.188 - - [07/Sep/2017:06:44:31 -0500] "GET /BLA/boletinlegal/js/jquery.scrollShow.js HTTP/1.1" 304 -
181.112.204.188 - - [07/Sep/2017:06:44:31 -0500] "GET /galeria/galeria/jquery.fancybox.js?v=2.1.5 HTTP/1.1" 304 -
181.112.204.188 - - [07/Sep/2017:06:44:31 -0500] "GET /galeria/galeria/jquery.fancybox.css?v=2.1.5 HTTP/1.1" 304 -
35.190.203.87 - - [07/Sep/2017:06:44:31 -0500] "-" 408 -
54.248.229.56 - - [07/Sep/2017:06:44:40 -0500] "-" 408 -
201.245.192.253 - - [07/Sep/2017:06:44:40 -0500] "GET /galeria/nivo-slider/demo/undefined HTTP/1.1" 404 1314
181.63.109.253 - - [07/Sep/2017:06:45:02 -0500] "GET /galeria/galeria/jquery.fancybox.css?v=2.1.5 HTTP/1.1" 200 4895
181.63.109.253 - - [07/Sep/2017:06:45:02 -0500] "GET /galeria/carrusel/Carrusel/jquery.thumbnailScroller.css HTTP/1.1" 200 2066
181.63.109.253 - - [07/Sep/2017:06:45:02 -0500] "GET /galeria/galeria/jquery.fancybox.js?v=2.1.5 HTTP/1.1" 200 48706
181.63.109.253 - - [07/Sep/2017:06:45:02 -0500] "GET /BLA/boletinlegal/js/jquery.scrollShow.js HTTP/1.1" 200 4586
181.63.109.253 - - [07/Sep/2017:06:45:02 -0500] "GET /galeria/carrusel/Carrusel/jquery-ui-1.8.13.custom.min.js HTTP/1.1" 200 10800
181.63.109.253 - - [07/Sep/2017:06:45:02 -0500] "GET /galeria/carrusel/Carrusel/jquery.thumbnailScroller.js HTTP/1.1" 200 8157
181.63.109.253 - - [07/Sep/2017:06:45:02 -0500] "GET /galeria/nivo-slider/demo/demo.html HTTP/1.1" 200 4376
181.63.109.253 - - [07/Sep/2017:06:45:03 -0500] "GET /galeria/nivo-slider/themes/orman/orman.css HTTP/1.1" 200 2152
181.63.109.253 - - [07/Sep/2017:06:45:03 -0500] "GET /galeria/nivo-slider/themes/pascal/pascal.css HTTP/1.1" 200 2258
181.63.109.253 - - [07/Sep/2017:06:45:03 -0500] "GET /galeria/nivo-slider/themes/default/default.css HTTP/1.1" 200 1569
181.63.109.253 - - [07/Sep/2017:06:45:03 -0500] "GET /galeria/nivo-slider/nivo-slider.css HTTP/1.1" 200 1507
181.63.109.253 - - [07/Sep/2017:06:45:03 -0500] "GET /galeria/nivo-slider/demo/images/dia-civico.jpg HTTP/1.1" 200 273112
181.63.109.253 - - [07/Sep/2017:06:45:03 -0500] "GET /galeria/nivo-slider/demo/style.css HTTP/1.1" 200 2222
181.63.109.253 - - [07/Sep/2017:06:45:03 -0500] "GET /galeria/nivo-slider/demo/scripts/jquery-1.7.1.min.js HTTP/1.1" 200 93868
181.63.109.253 - - [07/Sep/2017:06:45:03 -0500] "GET /galeria/nivo-slider/jquery.nivo.slider.pack.js HTTP/1.1" 200 11561
181.63.109.253 - - [07/Sep/2017:06:45:03 -0500] "GET /galeria/nivo-slider/demo/images/Banner-aceite-vegetal.jpg HTTP/1.1" 200 66152
181.63.109.253 - - [07/Sep/2017:06:45:03 -0500] "GET /galeria/nivo-slider/demo/images/Urgente.jpg HTTP/1.1" 200 249232
181.63.109.253 - - [07/Sep/2017:06:45:03 -0500] "GET /galeria/nivo-slider/themes/default/loading.gif HTTP/1.1" 200 1737
181.63.109.253 - - [07/Sep/2017:06:45:03 -0500] "GET /galeria/nivo-slider/demo/images/4Simple_Slider.png HTTP/1.1" 200 11722
181.63.109.253 - - [07/Sep/2017:06:45:03 -0500] "GET /galeria/nivo-slider/demo/images/BANNERCAMBIODESEDE2.jpg HTTP/1.1" 200 120178
181.63.109.253 - - [07/Sep/2017:06:45:04 -0500] "GET /galeria/nivo-slider/demo/images/Impacto.jpg HTTP/1.1" 200 54793
181.63.109.253 - - [07/Sep/2017:06:45:04 -0500] "GET /galeria/nivo-slider/demo/images/Encusta2017.jpg HTTP/1.1" 200 212313
181.63.109.253 - - [07/Sep/2017:06:45:05 -0500] "GET /galeria/nivo-slider/demo/images/maximavelocidad.png HTTP/1.1" 200 880272
181.63.109.253 - - [07/Sep/2017:06:45:05 -0500] "GET /galeria/nivo-slider/demo/images/RIOBOGOTA.jpg HTTP/1.1" 200 126440
181.63.109.253 - - [07/Sep/2017:06:45:05 -0500] "GET /galeria/nivo-slider/demo/images/BANNERCAMINASEP-OCT2017.jpg HTTP/1.1" 200 496401
181.63.109.253 - - [07/Sep/2017:06:45:06 -0500] "GET /galeria/nivo-slider/demo/images/banner%20aceite%20vegetal%20usado.jpg HTTP/1.1" 200 169350
181.63.109.253 - - [07/Sep/2017:06:45:06 -0500] "GET /galeria/nivo-slider/demo/images/bannerlumina2017web.jpg HTTP/1.1" 200 198918
181.63.109.253 - - [07/Sep/2017:06:45:07 -0500] "GET /galeria/nivo-slider/demo/images/BANNERRUTADEVERTIMIENTOS.jpg HTTP/1.1" 200 98506
181.63.109.253 - - [07/Sep/2017:06:45:08 -0500] "GET /galeria/nivo-slider/demo/images/bolsas-06.jpg HTTP/1.1" 200 210950
181.63.109.253 - - [07/Sep/2017:06:45:10 -0500] "GET /galeria/nivo-slider/themes/default/arrows.png HTTP/1.1" 200 824
181.63.109.253 - - [07/Sep/2017:06:45:10 -0500] "GET /galeria/nivo-slider/themes/default/bullets.png HTTP/1.1" 200 1281
66.249.69.137 - - [07/Sep/2017:06:45:15 -0500] "GET /portalsiaccapacitaciones/Soportes%20Capacitaciones%20A%C3%B1o%202013/0010.%20Presentaci%C3%B3n%20Guia%20Ambiental%20Sector%20Construcci%C3%B3n%2023-05-13.pdf HTTP/1.1" 404 1015
192.168.175.104 - - [07/Sep/2017:06:45:25 -0500] "GET / HTTP/1.1" 200 9990
40.77.167.45 - - [07/Sep/2017:06:45:35 -0500] "GET /SIG/ECS/126PM04-PR48.pdf HTTP/1.1" 200 4031352
192.168.175.104 - - [07/Sep/2017:06:45:48 -0500] "GET / HTTP/1.0" 200 9990
35.187.34.70 - - [07/Sep/2017:06:45:54 -0500] "-" 408 -
66.102.8.137 - - [07/Sep/2017:06:45:58 -0500] "GET /galeria/galeria/fotos/mirador4G.jpg HTTP/1.1" 200 159827
186.147.152.187 - - [07/Sep/2017:06:46:34 -0500] "GET /galeria/galeria/fotos/GuaymaralTorca1G.jpg HTTP/1.1" 200 539636
201.245.192.253 - - [07/Sep/2017:06:46:40 -0500] "GET /galeria/nivo-slider/demo/undefined HTTP/1.1" 404 1314
192.168.175.104 - - [07/Sep/2017:06:46:44 -0500] "GET / HTTP/1.1" 200 9990
66.249.69.201 - - [07/Sep/2017:06:46:47 -0500] "GET /BLA/resoluciones/RESOLUCIONES%202010/1307.pdf HTTP/1.1" 200 112106
190.217.55.173 - - [07/Sep/2017:06:46:54 -0500] "GET /galeria/nivo-slider/demo/demo.html HTTP/1.1" 200 4376
190.217.55.173 - - [07/Sep/2017:06:46:54 -0500] "GET /galeria/nivo-slider/demo/images/dia-civico.jpg HTTP/1.1" 200 273112
190.217.55.173 - - [07/Sep/2017:06:46:55 -0500] "GET /galeria/nivo-slider/demo/images/Encusta2017.jpg HTTP/1.1" 304 -
190.217.55.173 - - [07/Sep/2017:06:46:55 -0500] "GET /galeria/nivo-slider/demo/images/Banner-aceite-vegetal.jpg HTTP/1.1" 304 -
190.217.55.173 - - [07/Sep/2017:06:46:55 -0500] "GET /galeria/nivo-slider/demo/images/Urgente.jpg HTTP/1.1" 304 -
190.217.55.173 - - [07/Sep/2017:06:46:55 -0500] "GET /galeria/nivo-slider/demo/images/BANNERCAMBIODESEDE2.jpg HTTP/1.1" 304 -
190.217.55.173 - - [07/Sep/2017:06:46:55 -0500] "GET /galeria/nivo-slider/demo/images/Impacto.jpg HTTP/1.1" 304 -
