66.249.88.1 - - [28/Sep/2017:00:48:44 -0500] "GET /Residuos/impresion/files/guia_impresion-lit.pdf HTTP/1.1" 206 1000000
69.162.124.233 - - [28/Sep/2017:00:48:46 -0500] "HEAD / HTTP/1.1" 200 -
66.249.88.4 - - [28/Sep/2017:00:48:48 -0500] "GET /Residuos/impresion/files/guia_impresion-lit.pdf HTTP/1.1" 206 1000000
66.249.88.4 - - [28/Sep/2017:00:48:51 -0500] "GET /Residuos/impresion/files/guia_impresion-lit.pdf HTTP/1.1" 206 1000000
66.249.88.7 - - [28/Sep/2017:00:48:52 -0500] "GET /Residuos/impresion/files/guia_impresion-lit.pdf HTTP/1.1" 206 1000000
66.249.88.7 - - [28/Sep/2017:00:48:52 -0500] "GET /Residuos/impresion/files/guia_impresion-lit.pdf HTTP/1.1" 206 1000000
77.220.213.173 - - [28/Sep/2017:00:48:57 -0500] "HEAD / HTTP/1.1" 200 -
180.76.15.31 - - [28/Sep/2017:00:48:58 -0500] "GET /BLA/resoluciones/index.php?dir=RESOLUCIONES+2010%2F HTTP/1.1" 200 557003
66.249.64.19 - - [28/Sep/2017:00:49:10 -0500] "GET /portel_dama/libreria/php/2006/ECOSISTEMAS%20FINAL%20web_mz27/restauracion/sitio/22_proye/xtras_in/cni_3.pdf HTTP/1.1" 404 1019
35.187.96.204 - - [28/Sep/2017:00:49:33 -0500] "-" 408 -
181.57.251.33 - - [28/Sep/2017:00:49:29 -0500] "POST /isolucionsda/Administracion/SalaEdicion/Articulo.asp HTTP/1.1" 302 249
181.57.251.33 - - [28/Sep/2017:00:49:36 -0500] "GET /isolucionsda/Administracion/SalaEdicion/ArticuloAdicionarTipo.asp?Id_Articulo=11365&Contenido=ContenidoActividad&OrdenTipo=100&Tipo=Actividad&Cantidad=9 HTTP/1.1" 302 180
181.57.251.33 - - [28/Sep/2017:00:49:36 -0500] "GET /isolucionsda/javascript/ClickValidation.js HTTP/1.1" 404 5241
181.57.251.33 - - [28/Sep/2017:00:49:36 -0500] "GET /isolucionsda/Administracion/SalaEdicion/g/GifTransparente.gif HTTP/1.1" 404 5279
181.57.251.33 - - [28/Sep/2017:00:49:36 -0500] "GET /isolucionsda/Administracion/Graficas/vacio1x1.gif HTTP/1.1" 404 5255
181.57.251.33 - - [28/Sep/2017:00:49:36 -0500] "GET /isolucionsda/Administracion/SalaEdicion/Articulo.asp?Id_Articulo=11365&Ancla=ContenidoActividad HTTP/1.1" 200 495746
66.249.64.137 - - [28/Sep/2017:00:50:17 -0500] "GET /BLA/resoluciones/RESOLUCIONES%202009/8730.pdf HTTP/1.1" 200 524720
51.255.71.125 - - [28/Sep/2017:00:50:34 -0500] "GET /BLA/resoluciones/RESOLUCIONES%202003/RES%202003%201351-1400/20031361.tif HTTP/1.1" 200 104936
68.180.228.168 - - [28/Sep/2017:00:50:38 -0500] "GET /robots.txt HTTP/1.1" 404 1019
68.180.228.168 - - [28/Sep/2017:00:50:38 -0500] "GET /catalogoisis/ HTTP/1.1" 200 8575
35.187.96.204 - - [28/Sep/2017:00:50:46 -0500] "-" 408 -
181.53.13.138 - - [28/Sep/2017:00:50:47 -0500] "GET /galeria/galeria/jquery.fancybox.css?v=2.1.5 HTTP/1.1" 200 4895
181.53.13.138 - - [28/Sep/2017:00:50:47 -0500] "GET /BLA/boletinlegal/js/jquery.scrollShow.js HTTP/1.1" 200 4586
181.53.13.138 - - [28/Sep/2017:00:50:47 -0500] "GET /galeria/galeria/jquery.fancybox.js?v=2.1.5 HTTP/1.1" 200 48706
24.250.208.213 - - [28/Sep/2017:00:51:10 -0500] "PUT /webdav/UDP.php HTTP/1.1" 405 938
192.168.175.104 - - [28/Sep/2017:00:51:29 -0500] "GET / HTTP/1.1" 200 9990
35.189.242.65 - - [28/Sep/2017:00:51:53 -0500] "-" 408 -
181.57.251.33 - - [28/Sep/2017:00:52:01 -0500] "-" 408 -
181.57.251.33 - - [28/Sep/2017:00:52:16 -0500] "GET /isolucionsda/Administracion/SalaEdicion/BuscarVarios.asp?Form=Admon&Campo1=textoObjeto108_9&Campo2=Objeto108_9&ListaSucursales=1&items=&tabla=Cargo&primeravez=true HTTP/1.1" 200 52822
181.57.251.33 - - [28/Sep/2017:00:52:20 -0500] "POST /isolucionsda/Administracion/SalaEdicion/BuscarVarios.asp HTTP/1.1" 200 19821
181.57.251.33 - - [28/Sep/2017:00:52:28 -0500] "GET /isolucionsda/Administracion/SalaEdicion/BuscarVarios.asp?Form=Admon&Campo1=textoObjeto108_8&Campo2=Objeto108_8&ListaSucursales=1&items=&tabla=Area&primeravez=true HTTP/1.1" 200 27709
181.57.251.33 - - [28/Sep/2017:00:52:31 -0500] "POST /isolucionsda/Administracion/SalaEdicion/BuscarVarios.asp HTTP/1.1" 200 16674
192.168.175.104 - - [28/Sep/2017:00:52:40 -0500] "GET / HTTP/1.1" 200 9990
66.249.64.137 - - [28/Sep/2017:00:52:49 -0500] "GET /BLA/resoluciones/RESOLUCIONES%202007/RES%202007%202801%20AL%202900/RESOLUCION%202873%20DE%202007.pdf HTTP/1.1" 200 351498
181.57.251.33 - - [28/Sep/2017:00:52:50 -0500] "-" 408 -
192.168.175.104 - - [28/Sep/2017:00:52:52 -0500] "GET / HTTP/1.0" 200 9990
35.189.242.65 - - [28/Sep/2017:00:53:05 -0500] "-" 408 -
66.249.64.137 - - [28/Sep/2017:00:53:05 -0500] "GET /BLA/resoluciones/RESOLUCIONES%202009/4408.pdf HTTP/1.1" 200 107530
66.249.64.137 - - [28/Sep/2017:00:53:07 -0500] "GET /resoluciones/RESOLUCIONES%202009/0555.pdf HTTP/1.1" 404 1018
66.249.64.31 - - [28/Sep/2017:00:53:31 -0500] "GET /dama/libreria/pdf/reportesredaire/anuales/2000.pdf HTTP/1.1" 404 1019
66.249.64.137 - - [28/Sep/2017:00:53:47 -0500] "GET /BLA/resoluciones/RESOLUCIONES%202009/4449.pdf HTTP/1.1" 200 376694
66.249.64.137 - - [28/Sep/2017:00:53:51 -0500] "GET /BLA/resoluciones/RESOLUCIONES%202009/6364.pdf HTTP/1.1" 200 490779
69.162.124.233 - - [28/Sep/2017:00:53:53 -0500] "HEAD / HTTP/1.1" 200 -
181.57.251.33 - - [28/Sep/2017:00:54:03 -0500] "-" 408 -
35.190.201.122 - - [28/Sep/2017:00:54:14 -0500] "-" 408 -
167.0.112.189 - - [28/Sep/2017:00:54:14 -0500] "GET /BLA/resoluciones/RESOLUCIONES%202007/RES%202007%20701%20AL%20800/RESOLUCION%200705%20DE%202007.pdf HTTP/1.1" 200 1060513
167.0.112.189 - - [28/Sep/2017:00:54:15 -0500] "GET /favicon.ico HTTP/1.1" 200 7782
51.255.65.23 - - [28/Sep/2017:00:54:15 -0500] "GET /BLA/resoluciones/AUTOS%202006/AUTOS%202006%201601%20-%201700/00001616.tif HTTP/1.1" 200 240136
181.57.251.33 - - [28/Sep/2017:00:54:20 -0500] "-" 408 -
35.190.201.122 - - [28/Sep/2017:00:54:24 -0500] "-" 408 -
217.182.132.57 - - [28/Sep/2017:00:54:48 -0500] "GET /BLA/resoluciones/RESOLUCIONES%202006/RES%202006%20%203001-3054/00003027.tif HTTP/1.1" 200 324276
66.249.64.137 - - [28/Sep/2017:00:54:50 -0500] "GET /BLA/resoluciones/RESOLUCIONES%202009/4047.pdf HTTP/1.1" 200 481171
181.57.251.33 - - [28/Sep/2017:00:55:09 -0500] "-" 408 -
179.51.101.58 - - [28/Sep/2017:00:55:13 -0500] "GET /BLA/resoluciones/RESOLUCIONES%202007/RES%202007%204301%20AL%204352/RESOLUCION%204326%20DE%202007.pdf HTTP/1.1" 200 235895
179.51.101.58 - - [28/Sep/2017:00:55:13 -0500] "GET /favicon.ico HTTP/1.1" 200 7782
66.249.64.137 - - [28/Sep/2017:00:55:18 -0500] "GET /BLA/resoluciones/RESOLUCIONES%202008/2779.pdf HTTP/1.1" 200 258156
181.57.251.33 - - [28/Sep/2017:00:55:23 -0500] "-" 408 -
181.57.251.33 - - [28/Sep/2017:00:55:23 -0500] "GET /isolucionsda/Administracion/SalaEdicion/BuscarVarios.asp?Form=Admon&Campo1=textoObjeto106_8&Campo2=Objeto106_8&ListaSucursales=1&items=&tabla=Area&primeravez=true HTTP/1.1" 200 27709
35.190.203.87 - - [28/Sep/2017:00:55:24 -0500] "-" 408 -
181.57.251.33 - - [28/Sep/2017:00:55:25 -0500] "POST /isolucionsda/Administracion/SalaEdicion/BuscarVarios.asp HTTP/1.1" 200 16674
66.249.64.137 - - [28/Sep/2017:00:55:28 -0500] "GET /BLA/resoluciones/RESOLUCIONES%202012/0725.pdf HTTP/1.1" 200 376644
66.249.64.137 - - [28/Sep/2017:00:55:30 -0500] "GET /BLA/resoluciones/RESOLUCIONES%202008/0575.pdf HTTP/1.1" 200 149641
181.57.251.33 - - [28/Sep/2017:00:55:31 -0500] "GET /isolucionsda/Administracion/SalaEdicion/BuscarVarios.asp?Form=Admon&Campo1=textoObjeto106_9&Campo2=Objeto106_9&ListaSucursales=1&items=&tabla=Cargo&primeravez=true HTTP/1.1" 200 52822
181.57.251.33 - - [28/Sep/2017:00:55:33 -0500] "POST /isolucionsda/Administracion/SalaEdicion/BuscarVarios.asp HTTP/1.1" 200 19821
181.57.251.33 - - [28/Sep/2017:00:55:36 -0500] "-" 408 -
66.249.64.139 - - [28/Sep/2017:00:55:44 -0500] "GET /BLA/resoluciones/RESOLUCIONES%202009/3324.pdf HTTP/1.1" 200 520159
66.249.64.139 - - [28/Sep/2017:00:55:52 -0500] "GET /BLA/resoluciones/AUTOS%202007/0529.pdf HTTP/1.1" 200 92702
66.249.64.139 - - [28/Sep/2017:00:55:54 -0500] "GET /BLA/resoluciones/RESOLUCIONES%202008/5705.pdf HTTP/1.1" 200 17895
181.57.251.33 - - [28/Sep/2017:00:56:06 -0500] "-" 408 -
66.249.64.139 - - [28/Sep/2017:00:56:07 -0500] "GET /BLA/resoluciones/RESOLUCIONES%202008/2452.pdf HTTP/1.1" 200 196913
65.128.95.240 - - [28/Sep/2017:00:56:09 -0500] "GET /webdav/x32.php?host=73.136.235.129&time=60&port=3658 HTTP/1.1" 404 1018
66.249.64.137 - - [28/Sep/2017:00:56:09 -0500] "GET /BLA/resoluciones/RESOLUCIONES%202007/RES%202007%201726%20AL%201800/RESOLUCION%201791%20DE%202007.pdf HTTP/1.1" 200 305280
181.52.110.147 - - [28/Sep/2017:00:56:21 -0500] "GET /BLA/boletinlegal/jurisprudencia/analisis/analisis%20C-595-2010.doc HTTP/1.1" 200 39424
192.168.175.104 - - [28/Sep/2017:00:56:27 -0500] "GET / HTTP/1.1" 200 9990
104.199.87.90 - - [28/Sep/2017:00:56:33 -0500] "-" 408 -
181.57.251.33 - - [28/Sep/2017:00:56:40 -0500] "GET /isolucionsda/Administracion/SalaEdicion/BuscarVarios.asp?Form=Admon&Campo1=textoObjeto101_8&Campo2=Objeto101_8&ListaSucursales=1&items=&tabla=Area&primeravez=true HTTP/1.1" 200 27709
181.57.251.33 - - [28/Sep/2017:00:56:45 -0500] "POST /isolucionsda/Administracion/SalaEdicion/BuscarVarios.asp HTTP/1.1" 200 12018
181.57.251.33 - - [28/Sep/2017:00:56:49 -0500] "GET /isolucionsda/Administracion/SalaEdicion/BuscarVarios.asp?Form=Admon&Campo1=textoObjeto101_9&Campo2=Objeto101_9&ListaSucursales=1&items=&tabla=Cargo&primeravez=true HTTP/1.1" 200 52822
181.57.251.33 - - [28/Sep/2017:00:56:58 -0500] "POST /isolucionsda/Administracion/SalaEdicion/BuscarVarios.asp HTTP/1.1" 200 14050
186.80.31.244 - - [28/Sep/2017:00:56:59 -0500] "GET /BLA/resoluciones/RESOLUCIONES%202010/0514.pdf HTTP/1.1" 200 373772
186.80.31.244 - - [28/Sep/2017:00:57:00 -0500] "GET /favicon.ico HTTP/1.1" 200 7782
181.57.251.33 - - [28/Sep/2017:00:57:20 -0500] "-" 408 -
192.168.175.104 - - [28/Sep/2017:00:57:37 -0500] "GET / HTTP/1.1" 200 9990
181.57.251.33 - - [28/Sep/2017:00:57:37 -0500] "GET /isolucionsda/Administracion/SalaEdicion/BuscarVarios.asp?Form=Admon&Campo1=textoObjeto102_8&Campo2=Objeto102_8&ListaSucursales=1&items=&tabla=Area&primeravez=true HTTP/1.1" 200 27709
35.189.218.56 - - [28/Sep/2017:00:57:42 -0500] "-" 408 -
181.57.251.33 - - [28/Sep/2017:00:57:43 -0500] "POST /isolucionsda/Administracion/SalaEdicion/BuscarVarios.asp HTTP/1.1" 200 12018
181.57.251.33 - - [28/Sep/2017:00:57:48 -0500] "GET /isolucionsda/Administracion/SalaEdicion/BuscarVarios.asp?Form=Admon&Campo1=textoObjeto102_9&Campo2=Objeto102_9&ListaSucursales=1&items=&tabla=Cargo&primeravez=true HTTP/1.1" 200 52822
192.168.175.104 - - [28/Sep/2017:00:57:50 -0500] "GET / HTTP/1.0" 200 9990
181.57.251.33 - - [28/Sep/2017:00:57:51 -0500] "POST /isolucionsda/Administracion/SalaEdicion/BuscarVarios.asp HTTP/1.1" 200 12021
66.249.64.139 - - [28/Sep/2017:00:57:58 -0500] "GET /resoluciones/RESOLUCIONES%202007/RES%202007%203101%20AL%203200/RESOLUCION%203170%20%20DE%202007.pdf HTTP/1.1" 404 1018
40.77.167.28 - - [28/Sep/2017:00:58:03 -0500] "GET / HTTP/1.1" 200 9990
66.249.64.137 - - [28/Sep/2017:00:58:11 -0500] "GET /BLA/resoluciones/RESOLUCIONES%202008/5694.pdf HTTP/1.1" 200 158202
176.31.231.10 - - [28/Sep/2017:00:58:34 -0500] "GET /BLA/resoluciones/RESOLUCIONES%202006/RES%202006%20901-950/00000936.tif HTTP/1.1" 200 168600
181.57.251.33 - - [28/Sep/2017:00:58:43 -0500] "-" 408 -
66.249.64.137 - - [28/Sep/2017:00:58:47 -0500] "GET /resoluciones/RESOLUCIONES%202008/1042.pdf HTTP/1.1" 404 1018
35.189.215.158 - - [28/Sep/2017:00:58:51 -0500] "-" 408 -
69.162.124.233 - - [28/Sep/2017:00:58:53 -0500] "HEAD / HTTP/1.1" 200 -
66.249.64.139 - - [28/Sep/2017:00:59:02 -0500] "GET /resoluciones/RESOLUCIONES%202008/3167.pdf HTTP/1.1" 404 1018
66.249.64.139 - - [28/Sep/2017:00:59:07 -0500] "GET /BLA/resoluciones/RESOLUCIONES%202008/0810.pdf HTTP/1.1" 200 34612
66.249.64.139 - - [28/Sep/2017:00:59:18 -0500] "GET /BLA/resoluciones/RESOLUCIONES%202009/0019.pdf HTTP/1.1" 200 255412
66.249.64.137 - - [28/Sep/2017:00:59:33 -0500] "GET /BLA/resoluciones/RESOLUCIONES%202008/3022.pdf HTTP/1.1" 200 385196
181.57.251.33 - - [28/Sep/2017:00:59:42 -0500] "GET /isolucionsda/Administracion/SalaEdicion/BuscarVarios.asp?Form=Admon&Campo1=textoObjeto104_8&Campo2=Objeto104_8&ListaSucursales=1&items=&tabla=Area&primeravez=true HTTP/1.1" 200 27709
181.57.251.33 - - [28/Sep/2017:00:59:47 -0500] "POST /isolucionsda/Administracion/SalaEdicion/BuscarVarios.asp HTTP/1.1" 200 12018
66.249.88.7 - - [28/Sep/2017:00:59:49 -0500] "GET /galeria/galeria/jquery.fancybox.css?v=2.1.5 HTTP/1.1" 200 4895
66.249.88.4 - - [28/Sep/2017:00:59:49 -0500] "GET /galeria/galeria/jquery.fancybox.js?v=2.1.5 HTTP/1.1" 200 48706
66.249.88.1 - - [28/Sep/2017:00:59:49 -0500] "GET /galeria/carrusel/Carrusel/jquery.thumbnailScroller.css HTTP/1.1" 200 2066
66.249.88.1 - - [28/Sep/2017:00:59:49 -0500] "GET /BLA/boletinlegal/js/jquery.scrollShow.js HTTP/1.1" 200 4586
66.249.88.4 - - [28/Sep/2017:00:59:49 -0500] "GET /galeria/carrusel/Carrusel/jquery-ui-1.8.13.custom.min.js HTTP/1.1" 200 10800
66.249.88.7 - - [28/Sep/2017:00:59:49 -0500] "GET /galeria/carrusel/Carrusel/jquery.thumbnailScroller.js HTTP/1.1" 200 8157
66.249.88.1 - - [28/Sep/2017:00:59:50 -0500] "GET /galeria/nivo-slider/demo/demo.html HTTP/1.1" 200 4671
66.249.88.7 - - [28/Sep/2017:00:59:51 -0500] "GET /galeria/nivo-slider/themes/default/default.css HTTP/1.1" 200 1569
66.249.88.4 - - [28/Sep/2017:00:59:51 -0500] "GET /galeria/nivo-slider/themes/pascal/pascal.css HTTP/1.1" 200 2258
66.249.88.1 - - [28/Sep/2017:00:59:51 -0500] "GET /galeria/nivo-slider/themes/orman/orman.css HTTP/1.1" 200 2152
66.249.88.4 - - [28/Sep/2017:00:59:51 -0500] "GET /galeria/nivo-slider/demo/style.css HTTP/1.1" 200 2222
66.249.88.1 - - [28/Sep/2017:00:59:51 -0500] "GET /galeria/nivo-slider/nivo-slider.css HTTP/1.1" 200 1507
66.249.88.7 - - [28/Sep/2017:00:59:51 -0500] "GET /galeria/nivo-slider/demo/images/Atencion-de-emergencias-ambientale.jpg HTTP/1.1" 200 129141
66.249.88.4 - - [28/Sep/2017:00:59:51 -0500] "GET /galeria/nivo-slider/demo/images/Urgente.jpg HTTP/1.1" 200 249232
66.249.88.4 - - [28/Sep/2017:00:59:51 -0500] "GET /galeria/nivo-slider/demo/images/BANNERCAMBIODESEDE2.jpg HTTP/1.1" 200 120178
66.249.88.1 - - [28/Sep/2017:00:59:51 -0500] "GET /galeria/nivo-slider/demo/images/cuerso-incendios-forestales.jpg HTTP/1.1" 200 235744
66.249.88.4 - - [28/Sep/2017:00:59:51 -0500] "GET /galeria/nivo-slider/demo/images/Impacto.jpg HTTP/1.1" 200 54793
66.249.88.7 - - [28/Sep/2017:00:59:51 -0500] "GET /galeria/nivo-slider/demo/images/Encusta2017.jpg HTTP/1.1" 200 212313
66.249.88.1 - - [28/Sep/2017:00:59:51 -0500] "GET /galeria/nivo-slider/demo/images/maximavelocidad.png HTTP/1.1" 200 880272
66.249.88.7 - - [28/Sep/2017:00:59:51 -0500] "GET /galeria/nivo-slider/demo/images/banner%20aceite%20vegetal%20usado.jpg HTTP/1.1" 200 169350
66.249.88.1 - - [28/Sep/2017:00:59:51 -0500] "GET /galeria/nivo-slider/demo/images/bannerlumina2017web.jpg HTTP/1.1" 200 198918
66.249.88.1 - - [28/Sep/2017:00:59:51 -0500] "GET /galeria/nivo-slider/demo/images/RIOBOGOTA.jpg HTTP/1.1" 200 126440
66.249.88.4 - - [28/Sep/2017:00:59:51 -0500] "GET /galeria/nivo-slider/demo/images/BANNERRUTADEVERTIMIENTOS.jpg HTTP/1.1" 200 98506
66.249.88.4 - - [28/Sep/2017:00:59:51 -0500] "GET /galeria/nivo-slider/demo/images/BANNERCAMINASEP-OCT2017.jpg HTTP/1.1" 200 496401
66.249.88.4 - - [28/Sep/2017:00:59:51 -0500] "GET /galeria/nivo-slider/demo/images/bolsas-06.jpg HTTP/1.1" 200 210950
66.249.88.4 - - [28/Sep/2017:00:59:51 -0500] "GET /galeria/nivo-slider/demo/scripts/jquery-1.7.1.min.js HTTP/1.1" 200 93868
66.249.88.7 - - [28/Sep/2017:00:59:51 -0500] "GET /galeria/nivo-slider/jquery.nivo.slider.pack.js HTTP/1.1" 200 11561
66.249.88.1 - - [28/Sep/2017:00:59:51 -0500] "GET /galeria/nivo-slider/themes/default/loading.gif HTTP/1.1" 200 1737
66.249.88.4 - - [28/Sep/2017:00:59:51 -0500] "GET /galeria/nivo-slider/demo/images/4Simple_Slider.png HTTP/1.1" 200 11722
66.249.88.1 - - [28/Sep/2017:00:59:55 -0500] "GET /galeria/nivo-slider/themes/default/arrows.png HTTP/1.1" 200 824
66.249.88.7 - - [28/Sep/2017:00:59:55 -0500] "GET /galeria/nivo-slider/themes/default/bullets.png HTTP/1.1" 200 1281
181.57.251.33 - - [28/Sep/2017:00:59:57 -0500] "GET /isolucionsda/Administracion/SalaEdicion/BuscarVarios.asp?Form=Admon&Campo1=textoObjeto104_9&Campo2=Objeto104_9&ListaSucursales=1&items=&tabla=Cargo&primeravez=true HTTP/1.1" 200 52822
104.199.87.90 - - [28/Sep/2017:01:00:00 -0500] "-" 408 -
66.249.64.139 - - [28/Sep/2017:01:00:01 -0500] "GET /BLA/resoluciones/RESOLUCIONES%202008/4737.pdf HTTP/1.1" 200 370304
181.57.251.33 - - [28/Sep/2017:01:00:03 -0500] "POST /isolucionsda/Administracion/SalaEdicion/BuscarVarios.asp HTTP/1.1" 200 14050
164.132.161.29 - - [28/Sep/2017:01:00:08 -0500] "GET /BLA/resoluciones/index.php?dir=AUTOS+2006%2FAUTOS+2006+701-800%2F HTTP/1.1" 200 21969
217.182.132.14 - - [28/Sep/2017:01:00:10 -0500] "GET /BLA/resoluciones/RESOLUCIONES%202005/RES%202005%20651-700/00000675.tif HTTP/1.1" 200 189100
66.249.64.139 - - [28/Sep/2017:01:00:12 -0500] "GET /BLA/resoluciones/RESOLUCIONES%202011/3374.pdf HTTP/1.1" 200 621456
217.182.132.181 - - [28/Sep/2017:01:00:20 -0500] "GET /BLA/resoluciones/RESOLUCIONES%202006/RES%202006%202251-2300/00002297.tif HTTP/1.1" 200 153236
66.249.64.137 - - [28/Sep/2017:01:00:24 -0500] "GET /BLA/resoluciones/RESOLUCIONES%202008/3363.pdf HTTP/1.1" 200 232919
66.249.64.137 - - [28/Sep/2017:01:00:34 -0500] "GET /resoluciones/RESOLUCIONES%202009/7800.pdf HTTP/1.1" 404 1018
66.249.64.137 - - [28/Sep/2017:01:00:36 -0500] "GET /BLA/resoluciones/RESOLUCIONES%202009/1831.pdf HTTP/1.1" 200 467103
66.249.64.137 - - [28/Sep/2017:01:00:40 -0500] "GET /BLA/resoluciones/RESOLUCIONES%202011/2546.pdf HTTP/1.1" 200 761300
66.249.64.137 - - [28/Sep/2017:01:00:42 -0500] "GET /BLA/resoluciones/AUTOS%202015/2256.pdf HTTP/1.1" 200 567379
66.249.64.137 - - [28/Sep/2017:01:01:00 -0500] "GET /portel_dama/libreria/php/2006/ECOSISTEMAS%20FINAL%20web_mz27/x%20restauracion/sitio/22_proye/xtras_in/cni_3.pdf HTTP/1.1" 404 1018
181.57.251.33 - - [28/Sep/2017:01:01:04 -0500] "GET /isolucionsda/Session.asp HTTP/1.1" 200 6278
181.57.251.33 - - [28/Sep/2017:01:01:05 -0500] "GET /isolucionsda/SesionExpira.asp HTTP/1.1" 200 7310
181.57.251.33 - - [28/Sep/2017:01:01:05 -0500] "GET /isolucionsda/SesionNeutra.asp HTTP/1.1" 200 243
35.187.34.70 - - [28/Sep/2017:01:01:06 -0500] "-" 408 -
35.187.34.70 - - [28/Sep/2017:01:01:16 -0500] "-" 408 -
181.57.251.33 - - [28/Sep/2017:01:01:25 -0500] "GET /isolucionsda/Administracion/SalaEdicion/BuscarVarios.asp?Form=Admon&Campo1=textoObjeto105_8&Campo2=Objeto105_8&ListaSucursales=1&items=&tabla=Area&primeravez=true HTTP/1.1" 200 27709
192.168.175.104 - - [28/Sep/2017:01:01:25 -0500] "GET / HTTP/1.1" 200 9990
181.57.251.33 - - [28/Sep/2017:01:01:31 -0500] "POST /isolucionsda/Administracion/SalaEdicion/BuscarVarios.asp HTTP/1.1" 200 12018
181.57.251.33 - - [28/Sep/2017:01:01:36 -0500] "GET /isolucionsda/Administracion/SalaEdicion/BuscarVarios.asp?Form=Admon&Campo1=textoObjeto105_9&Campo2=Objeto105_9&ListaSucursales=1&items=&tabla=Cargo&primeravez=true HTTP/1.1" 200 52822
181.57.251.33 - - [28/Sep/2017:01:01:39 -0500] "POST /isolucionsda/Administracion/SalaEdicion/BuscarVarios.asp HTTP/1.1" 200 18810
66.249.64.137 - - [28/Sep/2017:01:01:45 -0500] "GET /BLA/resoluciones/AUTOS%202009/0891.pdf HTTP/1.1" 200 121499
181.57.248.218 - - [28/Sep/2017:01:01:49 -0500] "GET /galeria/galeria/fotos/Capellania3G.jpg HTTP/1.1" 200 515718
66.249.64.137 - - [28/Sep/2017:01:02:06 -0500] "GET /BLA/resoluciones/RESOLUCIONES%202009/1661.pdf HTTP/1.1" 200 394019
104.199.87.90 - - [28/Sep/2017:01:02:16 -0500] "-" 408 -
181.57.251.33 - - [28/Sep/2017:01:02:31 -0500] "GET /isolucionsda/javascript/ClickValidation.js HTTP/1.1" 404 5241
181.57.251.33 - - [28/Sep/2017:01:02:31 -0500] "GET /isolucionsda/Administracion/SalaEdicion/g/GifTransparente.gif HTTP/1.1" 404 5279
181.57.251.33 - - [28/Sep/2017:01:02:31 -0500] "GET /isolucionsda/Administracion/Graficas/vacio1x1.gif HTTP/1.1" 404 5255
192.168.175.104 - - [28/Sep/2017:01:02:36 -0500] "GET / HTTP/1.1" 200 9990
181.57.251.33 - - [28/Sep/2017:01:02:21 -0500] "POST /isolucionsda/Administracion/SalaEdicion/Articulo.asp HTTP/1.1" 200 498229
192.168.175.104 - - [28/Sep/2017:01:02:49 -0500] "GET / HTTP/1.0" 200 9990
181.57.251.33 - - [28/Sep/2017:01:02:49 -0500] "GET /isolucionsda/FrameSetGeneral.asp?Pagina=Menu.asp&IdModulo=4 HTTP/1.1" 200 6455
181.57.251.33 - - [28/Sep/2017:01:02:50 -0500] "GET /isolucionsda/Encabezado.asp?Pagina=Menu.asp&IdModulo=4 HTTP/1.1" 200 15516
181.57.251.33 - - [28/Sep/2017:01:02:50 -0500] "GET /isolucionsda/BarraFavoritos.asp HTTP/1.1" 200 911
181.57.251.33 - - [28/Sep/2017:01:02:50 -0500] "GET /isolucionsda/BarraTitulos.asp?Pagina=Menu.asp&IdModulo=4 HTTP/1.1" 200 6857
181.57.251.33 - - [28/Sep/2017:01:02:50 -0500] "GET /isolucionsda/Session.asp?Continue=1 HTTP/1.1" 200 6195
181.57.251.33 - - [28/Sep/2017:01:02:50 -0500] "GET /isolucionsda/Menu.asp?Pagina=Menu.asp&IdModulo=4 HTTP/1.1" 200 17869
181.57.251.33 - - [28/Sep/2017:01:02:51 -0500] "GET /isolucionsda/FrameSetGeneral.asp?Pagina=Administracion/SalaEdicion/Magazines.asp HTTP/1.1" 200 6550
181.57.251.33 - - [28/Sep/2017:01:02:51 -0500] "GET /isolucionsda/BarraTitulos.asp?Pagina=Administracion/SalaEdicion/Magazines.asp HTTP/1.1" 200 6857
181.57.251.33 - - [28/Sep/2017:01:02:51 -0500] "GET /isolucionsda/Administracion/SalaEdicion/Magazines.asp?Pagina=Administracion/SalaEdicion/Magazines.asp HTTP/1.1" 200 8591
181.57.251.33 - - [28/Sep/2017:01:02:51 -0500] "GET /isolucionsda/Encabezado.asp?Pagina=Administracion/SalaEdicion/Magazines.asp HTTP/1.1" 200 15491
181.57.251.33 - - [28/Sep/2017:01:02:51 -0500] "GET /isolucionsda/BarraFavoritos.asp HTTP/1.1" 200 911
181.57.251.33 - - [28/Sep/2017:01:02:52 -0500] "GET /isolucionsda/Session.asp?Continue=1 HTTP/1.1" 200 6195
181.57.251.33 - - [28/Sep/2017:01:02:58 -0500] "GET /isolucionsda/Administracion/SalaEdicion/ArticuloNuevo.asp?Plantilla=Instructivo&Adicionar=Adicionar HTTP/1.1" 200 12524
66.249.64.139 - - [28/Sep/2017:01:03:07 -0500] "GET /BLA/resoluciones/RESOLUCIONES%202009/6091.pdf HTTP/1.1" 200 530247
35.187.96.204 - - [28/Sep/2017:01:03:28 -0500] "-" 408 -
66.249.64.137 - - [28/Sep/2017:01:03:30 -0500] "GET /BLA/resoluciones/AUTOS%202014/5789.pdf HTTP/1.1" 200 208276
194.87.236.223 - - [28/Sep/2017:01:03:41 -0500] "HEAD / HTTP/1.1" 200 -
181.57.251.33 - - [28/Sep/2017:01:03:45 -0500] "POST /isolucionsda/Administracion/SalaEdicion/ArticuloNuevo.asp HTTP/1.1" 200 11691
181.57.251.33 - - [28/Sep/2017:01:03:45 -0500] "POST /isolucionsda/Administracion/SalaEdicion/Articulo.asp?Atras= HTTP/1.1" 200 51192
181.57.251.33 - - [28/Sep/2017:01:03:45 -0500] "GET /isolucionsda/javascript/ClickValidation.js HTTP/1.1" 404 5241
181.57.251.33 - - [28/Sep/2017:01:03:45 -0500] "GET /isolucionsda/g/Ico_EnviarFlujoDes.gif HTTP/1.1" 200 112
181.57.251.33 - - [28/Sep/2017:01:03:45 -0500] "GET /isolucionsda/Administracion/SalaEdicion/g/GifTransparente.gif HTTP/1.1" 404 5279
181.57.251.33 - - [28/Sep/2017:01:03:45 -0500] "GET /isolucionsda/Administracion/Graficas/vacio1x1.gif HTTP/1.1" 404 5255
181.57.251.33 - - [28/Sep/2017:01:03:46 -0500] "GET /isolucionsda/g/Ico_MarcarNuevoOver.gif HTTP/1.1" 200 256
181.57.251.33 - - [28/Sep/2017:01:03:51 -0500] "GET /isolucionsda/g/Ico_EliminarDocOver.gif HTTP/1.1" 200 259
69.162.124.233 - - [28/Sep/2017:01:03:53 -0500] "HEAD / HTTP/1.1" 200 -
181.57.251.33 - - [28/Sep/2017:01:03:54 -0500] "POST /isolucionsda/Administracion/SalaEdicion/Articulo.asp HTTP/1.1" 302 561
181.57.251.33 - - [28/Sep/2017:01:03:54 -0500] "GET /ISOlucionSDA//Administracion/Upload/Upload.asp?Id_Articulo=11368&UPLDQuerystring=Id_Articulo=11368&UPLDMODO=SubirArchivoADocumento&UPLDRuta=E:\\Isolucion\\Web\\BancoConocimiento\\1\\126PG01-PR18-M-1Flujogramadelprocedimiento_v3_0\\&UPLDAtras=http://190.27.245.106/ISOlucionSDA/Administracion/SalaEdicion/Articulo.asp&UPLDAdelante=http://190.27.245.106/ISOlucionSDA/Administracion/SalaEdicion/Articulo.asp HTTP/1.1" 200 11640
66.249.64.20 - - [28/Sep/2017:01:04:08 -0500] "GET /galeria/nivo-slider/demo/images/Recorrido1.jpg HTTP/1.1" 200 406353
66.249.64.137 - - [28/Sep/2017:01:04:19 -0500] "GET /BLA/resoluciones/RESOLUCIONES%202008/3943.pdf HTTP/1.1" 200 17460
66.249.64.137 - - [28/Sep/2017:01:04:23 -0500] "GET /BLA/resoluciones/RESOLUCIONES%202010/5867.pdf HTTP/1.1" 200 136492
66.249.64.137 - - [28/Sep/2017:01:04:27 -0500] "GET /BLA/resoluciones/AUTOS%202011/6243.pdf HTTP/1.1" 200 216605
181.57.251.33 - - [28/Sep/2017:01:04:34 -0500] "GET /isolucionsda/Administracion/Graficas/vacio1x1.gif HTTP/1.1" 404 5255
35.190.201.122 - - [28/Sep/2017:01:04:37 -0500] "-" 408 -
181.57.251.33 - - [28/Sep/2017:01:04:40 -0500] "GET /isolucionsda/javascript/ClickValidation.js HTTP/1.1" 404 5241
181.57.251.33 - - [28/Sep/2017:01:04:40 -0500] "POST /isolucionsda/Administracion/SalaEdicion/Articulo.asp HTTP/1.1" 200 51416
181.57.251.33 - - [28/Sep/2017:01:04:40 -0500] "GET /isolucionsda/Administracion/SalaEdicion/g/GifTransparente.gif HTTP/1.1" 404 5279
181.57.251.33 - - [28/Sep/2017:01:04:40 -0500] "GET /isolucionsda/Administracion/Graficas/vacio1x1.gif HTTP/1.1" 404 5255
66.249.64.158 - - [28/Sep/2017:01:04:48 -0500] "GET /portel_dama/libreria/php/2006/restauracion/55_artic/xtras/13.pdf HTTP/1.1" 404 1018
181.57.251.33 - - [28/Sep/2017:01:04:58 -0500] "GET /isolucionsda/FrameSetGeneral.asp?Pagina=Menu.asp&IdModulo=4 HTTP/1.1" 200 6455
181.57.251.33 - - [28/Sep/2017:01:04:58 -0500] "GET /isolucionsda/Encabezado.asp?Pagina=Menu.asp&IdModulo=4 HTTP/1.1" 200 15516
181.57.251.33 - - [28/Sep/2017:01:04:58 -0500] "GET /isolucionsda/BarraTitulos.asp?Pagina=Menu.asp&IdModulo=4 HTTP/1.1" 200 6857
181.57.251.33 - - [28/Sep/2017:01:04:58 -0500] "GET /isolucionsda/BarraFavoritos.asp HTTP/1.1" 200 911
181.57.251.33 - - [28/Sep/2017:01:04:58 -0500] "GET /isolucionsda/Session.asp?Continue=1 HTTP/1.1" 200 6195
181.57.251.33 - - [28/Sep/2017:01:04:58 -0500] "GET /isolucionsda/Menu.asp?Pagina=Menu.asp&IdModulo=4 HTTP/1.1" 200 17869
181.57.251.33 - - [28/Sep/2017:01:05:00 -0500] "GET /isolucionsda/FrameSetGeneral.asp?Pagina=Administracion/SalaEdicion/Magazines.asp HTTP/1.1" 200 6550
181.57.251.33 - - [28/Sep/2017:01:05:00 -0500] "GET /isolucionsda/Encabezado.asp?Pagina=Administracion/SalaEdicion/Magazines.asp HTTP/1.1" 200 15491
181.57.251.33 - - [28/Sep/2017:01:05:00 -0500] "GET /isolucionsda/Administracion/SalaEdicion/Magazines.asp?Pagina=Administracion/SalaEdicion/Magazines.asp HTTP/1.1" 200 8591
181.57.251.33 - - [28/Sep/2017:01:05:00 -0500] "GET /isolucionsda/BarraTitulos.asp?Pagina=Administracion/SalaEdicion/Magazines.asp HTTP/1.1" 200 6857
181.57.251.33 - - [28/Sep/2017:01:05:00 -0500] "GET /isolucionsda/BarraFavoritos.asp HTTP/1.1" 200 911
181.57.251.33 - - [28/Sep/2017:01:05:00 -0500] "GET /isolucionsda/Session.asp?Continue=1 HTTP/1.1" 200 6195
181.57.251.33 - - [28/Sep/2017:01:05:19 -0500] "GET /isolucionsda/Administracion/SalaEdicion/ArticuloNuevo.asp?Plantilla=Modelo&Adicionar=Adicionar HTTP/1.1" 200 12514
66.249.64.141 - - [28/Sep/2017:01:05:26 -0500] "GET /BLA/resoluciones/RESOLUCIONES%202009/4566.pdf HTTP/1.1" 200 639737
24.250.208.213 - - [28/Sep/2017:01:05:29 -0500] "GET /webdav/?act=phptools&host=68.170.101.246&port=&time=1000 HTTP/1.1" 404 1018
66.249.64.141 - - [28/Sep/2017:01:05:30 -0500] "GET /BLA/resoluciones/Autos%202008/1818.pdf HTTP/1.1" 200 144095
66.249.64.137 - - [28/Sep/2017:01:05:34 -0500] "GET /BLA/resoluciones/AUTOS%202011/0076.pdf HTTP/1.1" 200 476169
181.57.251.33 - - [28/Sep/2017:01:05:40 -0500] "POST /isolucionsda/Administracion/SalaEdicion/ArticuloNuevo.asp HTTP/1.1" 200 12693
35.187.34.70 - - [28/Sep/2017:01:05:46 -0500] "-" 408 -
66.249.64.141 - - [28/Sep/2017:01:05:50 -0500] "GET /BLA/boletinlegal/Directivas/2016/Directiva%20No.%2003%20del%2026%20de%20Julio%20de%202016.pdf HTTP/1.1" 200 370200
181.57.251.33 - - [28/Sep/2017:01:05:53 -0500] "GET /isolucionsda/FrameSetGeneral.asp?Pagina=Menu.asp&IdModulo=4 HTTP/1.1" 200 6455
181.57.251.33 - - [28/Sep/2017:01:05:53 -0500] "GET /isolucionsda/Encabezado.asp?Pagina=Menu.asp&IdModulo=4 HTTP/1.1" 200 15516
181.57.251.33 - - [28/Sep/2017:01:05:53 -0500] "GET /isolucionsda/BarraTitulos.asp?Pagina=Menu.asp&IdModulo=4 HTTP/1.1" 200 6857
181.57.251.33 - - [28/Sep/2017:01:05:53 -0500] "GET /isolucionsda/BarraFavoritos.asp HTTP/1.1" 200 911
181.57.251.33 - - [28/Sep/2017:01:05:53 -0500] "GET /isolucionsda/Session.asp?Continue=1 HTTP/1.1" 200 6195
181.57.251.33 - - [28/Sep/2017:01:05:53 -0500] "GET /isolucionsda/Menu.asp?Pagina=Menu.asp&IdModulo=4 HTTP/1.1" 200 17869
181.57.251.33 - - [28/Sep/2017:01:05:55 -0500] "GET /isolucionsda/FrameSetGeneral.asp?Pagina=Administracion/SalaEdicion/Magazines.asp HTTP/1.1" 200 6550
181.57.251.33 - - [28/Sep/2017:01:05:55 -0500] "GET /isolucionsda/BarraTitulos.asp?Pagina=Administracion/SalaEdicion/Magazines.asp HTTP/1.1" 200 6857
181.57.251.33 - - [28/Sep/2017:01:05:55 -0500] "GET /isolucionsda/Encabezado.asp?Pagina=Administracion/SalaEdicion/Magazines.asp HTTP/1.1" 200 15491
181.57.251.33 - - [28/Sep/2017:01:05:55 -0500] "GET /isolucionsda/BarraFavoritos.asp HTTP/1.1" 200 911
181.57.251.33 - - [28/Sep/2017:01:05:55 -0500] "GET /isolucionsda/Administracion/SalaEdicion/Magazines.asp?Pagina=Administracion/SalaEdicion/Magazines.asp HTTP/1.1" 200 8591
181.57.251.33 - - [28/Sep/2017:01:05:55 -0500] "GET /isolucionsda/Session.asp?Continue=1 HTTP/1.1" 200 6195
181.57.251.33 - - [28/Sep/2017:01:05:57 -0500] "GET /isolucionsda/Administracion/SalaEdicion/ArticuloMenu.asp?Letra=TODO HTTP/1.1" 200 59832
66.249.64.137 - - [28/Sep/2017:01:05:58 -0500] "GET /BLA/resoluciones/Autos%202008/1964.pdf HTTP/1.1" 200 91704
181.57.251.33 - - [28/Sep/2017:01:06:02 -0500] "GET /IsolucionSDA/Jerarquia.asp?Tabla=Proceso&Form=ArticuloMenu&CampoDisplay=ProcesoDisplayObjetoProceso&CampoHidden=Proceso&bSubmit=True&items= HTTP/1.1" 200 10488
181.57.251.33 - - [28/Sep/2017:01:06:04 -0500] "POST /IsolucionSDA/Jerarquia.asp HTTP/1.1" 200 8010
181.57.251.33 - - [28/Sep/2017:01:06:04 -0500] "POST /isolucionsda/Administracion/SalaEdicion/ArticuloMenu.asp HTTP/1.1" 200 25778
181.57.251.33 - - [28/Sep/2017:01:06:06 -0500] "-" 408 -
181.57.251.33 - - [28/Sep/2017:01:06:07 -0500] "POST /isolucionsda/Administracion/SalaEdicion/ArticuloMenu.asp HTTP/1.1" 200 18611
157.55.39.63 - - [28/Sep/2017:01:06:17 -0500] "GET /POT-2013/Cartografia/10_EEP_Urbana.pdf HTTP/1.1" 200 5413968
66.249.64.137 - - [28/Sep/2017:01:06:21 -0500] "GET /BLA/resoluciones/RESOLUCIONES%202009/3720.pdf HTTP/1.1" 200 623231
192.168.175.104 - - [28/Sep/2017:01:06:23 -0500] "GET / HTTP/1.1" 200 9990
35.189.197.90 - - [28/Sep/2017:01:06:27 -0500] "-" 408 -
66.249.64.20 - - [28/Sep/2017:01:06:46 -0500] "GET /portel_dama/libreria/php/2006/restauracion/55_artic/xtras/10.pdf HTTP/1.1" 404 1019
66.249.64.20 - - [28/Sep/2017:01:06:49 -0500] "GET /portel_dama/libreria/pdf/polit_humedales.pdf HTTP/1.1" 404 1019
181.57.251.33 - - [28/Sep/2017:01:06:55 -0500] "GET /isolucionsda/FrameSetGeneral.asp?Pagina=Menu.asp&IdModulo=4 HTTP/1.1" 200 6455
181.57.251.33 - - [28/Sep/2017:01:06:55 -0500] "GET /isolucionsda/Encabezado.asp?Pagina=Menu.asp&IdModulo=4 HTTP/1.1" 200 15516
181.57.251.33 - - [28/Sep/2017:01:06:55 -0500] "GET /isolucionsda/BarraTitulos.asp?Pagina=Menu.asp&IdModulo=4 HTTP/1.1" 200 6857
181.57.251.33 - - [28/Sep/2017:01:06:55 -0500] "GET /isolucionsda/BarraFavoritos.asp HTTP/1.1" 200 911
181.57.251.33 - - [28/Sep/2017:01:06:55 -0500] "GET /isolucionsda/Session.asp?Continue=1 HTTP/1.1" 200 6195
181.57.251.33 - - [28/Sep/2017:01:06:55 -0500] "GET /isolucionsda/Menu.asp?Pagina=Menu.asp&IdModulo=4 HTTP/1.1" 200 17869
66.249.64.143 - - [28/Sep/2017:01:06:55 -0500] "GET /BLA/resoluciones/RESOLUCIONES%202009/1934.pdf HTTP/1.1" 200 424860
35.190.203.87 - - [28/Sep/2017:01:06:56 -0500] "-" 408 -
181.57.251.33 - - [28/Sep/2017:01:06:58 -0500] "GET /isolucionsda/FrameSetGeneral.asp?Pagina=Administracion/SalaEdicion/Magazines.asp HTTP/1.1" 200 6550
181.57.251.33 - - [28/Sep/2017:01:06:58 -0500] "GET /isolucionsda/Encabezado.asp?Pagina=Administracion/SalaEdicion/Magazines.asp HTTP/1.1" 200 15491
181.57.251.33 - - [28/Sep/2017:01:06:58 -0500] "GET /isolucionsda/BarraTitulos.asp?Pagina=Administracion/SalaEdicion/Magazines.asp HTTP/1.1" 200 6857
181.57.251.33 - - [28/Sep/2017:01:06:58 -0500] "GET /isolucionsda/Administracion/SalaEdicion/Magazines.asp?Pagina=Administracion/SalaEdicion/Magazines.asp HTTP/1.1" 200 8591
181.57.251.33 - - [28/Sep/2017:01:06:58 -0500] "GET /isolucionsda/BarraFavoritos.asp HTTP/1.1" 200 911
181.57.251.33 - - [28/Sep/2017:01:06:58 -0500] "GET /isolucionsda/Session.asp?Continue=1 HTTP/1.1" 200 6195
66.249.64.137 - - [28/Sep/2017:01:07:01 -0500] "GET /BLA/resoluciones/AUTOS%202015/1032.pdf HTTP/1.1" 200 647525
181.57.251.33 - - [28/Sep/2017:01:07:01 -0500] "GET /isolucionsda/Administracion/SalaEdicion/ArticuloMenu.asp?Letra=TODO HTTP/1.1" 200 59832
66.249.64.137 - - [28/Sep/2017:01:07:03 -0500] "GET /BLA/resoluciones/RESOLUCIONES%202009/4962.pdf HTTP/1.1" 200 344164
66.249.64.137 - - [28/Sep/2017:01:07:05 -0500] "GET /BLA/resoluciones/RESOLUCIONES%202009/8567.pdf HTTP/1.1" 200 75625
66.249.64.145 - - [28/Sep/2017:01:07:06 -0500] "GET /BLA/resoluciones/RESOLUCIONES%202008/2051.pdf HTTP/1.1" 200 295418
66.249.64.147 - - [28/Sep/2017:01:07:10 -0500] "GET /BLA/resoluciones/RESOLUCIONES%202013/1619.pdf HTTP/1.1" 200 643986
66.249.64.141 - - [28/Sep/2017:01:07:12 -0500] "GET /BLA/resoluciones/RESOLUCIONES%202008/1012.pdf HTTP/1.1" 200 548953
66.249.64.145 - - [28/Sep/2017:01:07:14 -0500] "GET /BLA/resoluciones/RESOLUCIONES%202009/9606.pdf HTTP/1.1" 200 393535
66.249.64.137 - - [28/Sep/2017:01:07:16 -0500] "GET /BLA/resoluciones/RESOLUCIONES%202008/5728.pdf HTTP/1.1" 200 383693
66.249.64.143 - - [28/Sep/2017:01:07:18 -0500] "GET /BLA/resoluciones/RESOLUCIONES%202008/2109.pdf HTTP/1.1" 200 58687
181.57.251.33 - - [28/Sep/2017:01:07:20 -0500] "POST /isolucionsda/Administracion/SalaEdicion/ArticuloMenu.asp HTTP/1.1" 200 21548
192.168.175.104 - - [28/Sep/2017:01:07:34 -0500] "GET / HTTP/1.1" 200 9990
181.57.251.33 - - [28/Sep/2017:01:07:35 -0500] "GET /isolucionsda/javascript/ClickValidation.js HTTP/1.1" 404 5241
181.57.251.33 - - [28/Sep/2017:01:07:35 -0500] "GET /isolucionsda/Administracion/SalaEdicion/Articulo.asp?Id_Articulo=11368 HTTP/1.1" 200 51416
181.57.251.33 - - [28/Sep/2017:01:07:35 -0500] "GET /isolucionsda/Administracion/Graficas/vacio1x1.gif HTTP/1.1" 404 5255
181.57.251.33 - - [28/Sep/2017:01:07:35 -0500] "GET /isolucionsda/Administracion/SalaEdicion/g/GifTransparente.gif HTTP/1.1" 404 5279
66.249.64.137 - - [28/Sep/2017:01:07:36 -0500] "GET /BLA/resoluciones/RESOLUCIONES%202009/9670.pdf HTTP/1.1" 200 510594
186.81.153.127 - - [28/Sep/2017:01:07:37 -0500] "GET /BLA/boletinlegal/js/jquery.scrollShow.js HTTP/1.1" 200 4586
186.81.153.127 - - [28/Sep/2017:01:07:37 -0500] "GET /galeria/galeria/jquery.fancybox.css?v=2.1.5 HTTP/1.1" 200 4895
186.81.153.127 - - [28/Sep/2017:01:07:37 -0500] "GET /galeria/galeria/jquery.fancybox.js?v=2.1.5 HTTP/1.1" 200 48706
181.57.251.33 - - [28/Sep/2017:01:07:42 -0500] "GET /isolucionsda/g/Ico_EliminarDocOver.gif HTTP/1.1" 200 259
181.57.251.33 - - [28/Sep/2017:01:07:42 -0500] "GET /isolucionsda/g/Ico_EliminarDocOver.gif HTTP/1.1" 200 259
181.57.251.33 - - [28/Sep/2017:01:07:46 -0500] "POST /isolucionsda/Administracion/SalaEdicion/Articulo.asp HTTP/1.1" 302 157
181.57.251.33 - - [28/Sep/2017:01:07:46 -0500] "GET /isolucionsda/Administracion/SalaEdicion/ArticuloBorrar.asp?Id_Articulo=11368 HTTP/1.1" 200 7209
192.168.175.104 - - [28/Sep/2017:01:07:46 -0500] "GET / HTTP/1.0" 200 9990
66.249.64.139 - - [28/Sep/2017:01:07:49 -0500] "GET /BLA/resoluciones/RESOLUCIONES%202009/5030.pdf HTTP/1.1" 200 54566
181.57.251.33 - - [28/Sep/2017:01:07:51 -0500] "POST /isolucionsda/Administracion/SalaEdicion/ArticuloBorrar.asp HTTP/1.1" 302 137
181.57.251.33 - - [28/Sep/2017:01:07:51 -0500] "GET /isolucionsda/Administracion/SalaEdicion/ArticuloMenu.asp HTTP/1.1" 200 27690
66.249.64.137 - - [28/Sep/2017:01:07:53 -0500] "GET /BLA/resoluciones/AUTOS%202014/5668.pdf HTTP/1.1" 200 228818
66.249.64.95 - - [28/Sep/2017:01:07:57 -0500] "GET /robots.txt HTTP/1.1" 404 1015
181.57.251.33 - - [28/Sep/2017:01:08:01 -0500] "POST /isolucionsda/Administracion/SalaEdicion/ArticuloMenu.asp HTTP/1.1" 200 25013
66.249.64.93 - - [28/Sep/2017:01:08:02 -0500] "GET /dama/libreria/pdf/reportesredaire/anuales/1999.pdf HTTP/1.1" 404 1015
35.190.207.132 - - [28/Sep/2017:01:08:06 -0500] "-" 408 -
66.249.64.137 - - [28/Sep/2017:01:08:06 -0500] "GET /BLA/resoluciones/RESOLUCIONES%202009/6940.pdf HTTP/1.1" 200 425166
181.57.251.33 - - [28/Sep/2017:01:08:06 -0500] "POST /isolucionsda/Administracion/SalaEdicion/ArticuloMenu.asp HTTP/1.1" 200 16995
66.249.64.139 - - [28/Sep/2017:01:08:08 -0500] "GET /BLA/resoluciones/AUTOS%202011/6755.pdf HTTP/1.1" 200 234042
181.57.251.33 - - [28/Sep/2017:01:08:10 -0500] "POST /isolucionsda/Administracion/SalaEdicion/ArticuloMenu.asp HTTP/1.1" 200 17005
66.249.64.141 - - [28/Sep/2017:01:08:11 -0500] "GET /resoluciones/AUTOS%202007/3246.pdf HTTP/1.1" 404 1018
181.57.251.33 - - [28/Sep/2017:01:08:14 -0500] "POST /isolucionsda/Administracion/SalaEdicion/ArticuloMenu.asp HTTP/1.1" 200 37095
66.249.64.137 - - [28/Sep/2017:01:08:23 -0500] "GET /BLA/resoluciones/RESOLUCIONES%202009/5438.pdf HTTP/1.1" 200 525069
66.249.64.139 - - [28/Sep/2017:01:08:26 -0500] "GET /BLA/resoluciones/RESOLUCIONES%202009/0837.pdf HTTP/1.1" 200 179111
181.57.251.33 - - [28/Sep/2017:01:08:26 -0500] "POST /isolucionsda/Administracion/SalaEdicion/ArticuloMenu.asp HTTP/1.1" 200 18743
181.57.251.33 - - [28/Sep/2017:01:08:33 -0500] "GET /isolucionsda/Administracion/SalaEdicion/Articulo.asp?Id_Articulo=11367 HTTP/1.1" 200 53690
181.57.251.33 - - [28/Sep/2017:01:08:33 -0500] "GET /isolucionsda/javascript/ClickValidation.js HTTP/1.1" 404 5241
181.57.251.33 - - [28/Sep/2017:01:08:33 -0500] "GET /isolucionsda/g/Buscar.gif HTTP/1.1" 200 753
181.57.251.33 - - [28/Sep/2017:01:08:33 -0500] "GET /isolucionsda/Administracion/Graficas/vacio1x1.gif HTTP/1.1" 404 5255
181.57.251.33 - - [28/Sep/2017:01:08:33 -0500] "GET /isolucionsda/Administracion/SalaEdicion/g/GifTransparente.gif HTTP/1.1" 404 5279
181.57.251.33 - - [28/Sep/2017:01:08:35 -0500] "POST /isolucionsda/Administracion/SalaEdicion/Articulo.asp HTTP/1.1" 302 157
181.57.251.33 - - [28/Sep/2017:01:08:35 -0500] "GET /isolucionsda/Administracion/SalaEdicion/ArticuloBorrar.asp?Id_Articulo=11367 HTTP/1.1" 200 7190
181.57.251.33 - - [28/Sep/2017:01:08:36 -0500] "POST /isolucionsda/Administracion/SalaEdicion/ArticuloBorrar.asp HTTP/1.1" 302 137
66.249.64.137 - - [28/Sep/2017:01:08:37 -0500] "GET /BLA/resoluciones/AUTOS%202007/3632.pdf HTTP/1.1" 200 235649
181.57.251.33 - - [28/Sep/2017:01:08:36 -0500] "GET /isolucionsda/Administracion/SalaEdicion/ArticuloMenu.asp HTTP/1.1" 200 27690
66.249.64.137 - - [28/Sep/2017:01:08:39 -0500] "GET /BLA/resoluciones/RESOLUCIONES%202008/0060.pdf HTTP/1.1" 200 246165
66.249.64.143 - - [28/Sep/2017:01:08:42 -0500] "GET /BLA/resoluciones/AUTOS%202012/1410.pdf HTTP/1.1" 200 495713
181.57.251.33 - - [28/Sep/2017:01:08:43 -0500] "POST /isolucionsda/Administracion/SalaEdicion/ArticuloMenu.asp HTTP/1.1" 200 16904
66.249.64.139 - - [28/Sep/2017:01:08:44 -0500] "GET /BLA/resoluciones/RESOLUCIONES%202009/2036.pdf HTTP/1.1" 200 843487
181.57.251.33 - - [28/Sep/2017:01:08:46 -0500] "POST /isolucionsda/Administracion/SalaEdicion/ArticuloMenu.asp HTTP/1.1" 200 16904
66.249.64.145 - - [28/Sep/2017:01:08:47 -0500] "GET /BLA/resoluciones/RESOLUCIONES%202017/0262.pdf HTTP/1.1" 200 461094
181.57.251.33 - - [28/Sep/2017:01:08:49 -0500] "POST /isolucionsda/Administracion/SalaEdicion/ArticuloMenu.asp HTTP/1.1" 200 16908
181.57.251.33 - - [28/Sep/2017:01:08:50 -0500] "POST /isolucionsda/Administracion/SalaEdicion/ArticuloMenu.asp HTTP/1.1" 200 16908
69.162.124.233 - - [28/Sep/2017:01:08:54 -0500] "HEAD / HTTP/1.1" 200 -
66.249.64.139 - - [28/Sep/2017:01:08:55 -0500] "GET /BLA/resoluciones/RESOLUCIONES%202008/2384.pdf HTTP/1.1" 200 265311
181.57.251.33 - - [28/Sep/2017:01:08:56 -0500] "POST /isolucionsda/Administracion/SalaEdicion/ArticuloMenu.asp HTTP/1.1" 200 16904
181.57.251.33 - - [28/Sep/2017:01:08:57 -0500] "POST /isolucionsda/Administracion/SalaEdicion/ArticuloMenu.asp HTTP/1.1" 200 16904
66.249.64.139 - - [28/Sep/2017:01:08:59 -0500] "GET /BLA/resoluciones/RESOLUCIONES%202009/4567.pdf HTTP/1.1" 200 638619
164.132.161.15 - - [28/Sep/2017:01:09:00 -0500] "GET /BLA/resoluciones/RESOLUCIONES%202002/RES%202002%201251-1301/20021263.tif HTTP/1.1" 200 99512
181.57.251.33 - - [28/Sep/2017:01:09:15 -0500] "POST /isolucionsda/Administracion/SalaEdicion/ArticuloMenu.asp HTTP/1.1" 200 16971
35.190.207.132 - - [28/Sep/2017:01:09:15 -0500] "-" 408 -
66.249.64.143 - - [28/Sep/2017:01:09:18 -0500] "GET /BLA/resoluciones/AUTOS%202014/0990.pdf HTTP/1.1" 200 292484
181.57.251.33 - - [28/Sep/2017:01:09:22 -0500] "POST /isolucionsda/Administracion/SalaEdicion/ArticuloMenu.asp HTTP/1.1" 200 16971
181.57.251.33 - - [28/Sep/2017:01:09:24 -0500] "POST /isolucionsda/Administracion/SalaEdicion/ArticuloMenu.asp HTTP/1.1" 200 17997
181.57.251.33 - - [28/Sep/2017:01:09:31 -0500] "GET /isolucionsda/Administracion/SalaEdicion/Articulo.asp?Id_Articulo=11366 HTTP/1.1" 200 53687
181.57.251.33 - - [28/Sep/2017:01:09:31 -0500] "GET /isolucionsda/javascript/ClickValidation.js HTTP/1.1" 404 5241
181.57.251.33 - - [28/Sep/2017:01:09:31 -0500] "GET /isolucionsda/Administracion/Graficas/vacio1x1.gif HTTP/1.1" 404 5255
181.57.251.33 - - [28/Sep/2017:01:09:31 -0500] "GET /isolucionsda/Administracion/SalaEdicion/g/GifTransparente.gif HTTP/1.1" 404 5279
181.57.251.33 - - [28/Sep/2017:01:09:34 -0500] "POST /isolucionsda/Administracion/SalaEdicion/Articulo.asp HTTP/1.1" 302 157
181.57.251.33 - - [28/Sep/2017:01:09:34 -0500] "GET /isolucionsda/Administracion/SalaEdicion/ArticuloBorrar.asp?Id_Articulo=11366 HTTP/1.1" 200 7188
66.249.64.139 - - [28/Sep/2017:01:09:34 -0500] "GET /BLA/resoluciones/RESOLUCIONES%202009/7206.pdf HTTP/1.1" 200 96623
181.57.251.33 - - [28/Sep/2017:01:09:36 -0500] "POST /isolucionsda/Administracion/SalaEdicion/ArticuloBorrar.asp HTTP/1.1" 302 137
181.57.251.33 - - [28/Sep/2017:01:09:36 -0500] "GET /isolucionsda/Administracion/SalaEdicion/ArticuloMenu.asp HTTP/1.1" 200 27690
181.57.251.33 - - [28/Sep/2017:01:09:41 -0500] "GET /IsolucionSDA/Jerarquia.asp?Tabla=Proceso&Form=ArticuloMenu&CampoDisplay=ProcesoDisplayObjetoProceso&CampoHidden=Proceso&bSubmit=True&items= HTTP/1.1" 200 10488
181.57.251.33 - - [28/Sep/2017:01:09:43 -0500] "POST /IsolucionSDA/Jerarquia.asp HTTP/1.1" 200 8010
181.57.251.33 - - [28/Sep/2017:01:09:43 -0500] "POST /isolucionsda/Administracion/SalaEdicion/ArticuloMenu.asp HTTP/1.1" 200 24636
66.249.64.66 - - [28/Sep/2017:01:09:45 -0500] "GET / HTTP/1.1" 200 9990
181.57.251.33 - - [28/Sep/2017:01:09:47 -0500] "POST /isolucionsda/Administracion/SalaEdicion/ArticuloMenu.asp HTTP/1.1" 200 17013
66.249.64.139 - - [28/Sep/2017:01:09:49 -0500] "GET /BLA/resoluciones/RESOLUCIONES%202008/2141.pdf HTTP/1.1" 200 211712
66.249.64.139 - - [28/Sep/2017:01:09:50 -0500] "GET /BLA/resoluciones/RESOLUCIONES%202008/2751.pdf HTTP/1.1" 200 196901
181.57.251.33 - - [28/Sep/2017:01:09:51 -0500] "POST /isolucionsda/Administracion/SalaEdicion/ArticuloMenu.asp HTTP/1.1" 200 18612
66.249.64.137 - - [28/Sep/2017:01:10:10 -0500] "GET /BLA/resoluciones/RESOLUCIONES%202009/7223.pdf HTTP/1.1" 200 200627
181.57.251.33 - - [28/Sep/2017:01:10:13 -0500] "GET /isolucionsda/FrameSetGeneral.asp?Pagina=Menu.asp&IdModulo=4 HTTP/1.1" 200 6455
181.57.251.33 - - [28/Sep/2017:01:10:13 -0500] "GET /isolucionsda/Encabezado.asp?Pagina=Menu.asp&IdModulo=4 HTTP/1.1" 200 15516
181.57.251.33 - - [28/Sep/2017:01:10:13 -0500] "GET /isolucionsda/BarraTitulos.asp?Pagina=Menu.asp&IdModulo=4 HTTP/1.1" 200 6857
181.57.251.33 - - [28/Sep/2017:01:10:13 -0500] "GET /isolucionsda/BarraFavoritos.asp HTTP/1.1" 200 911
181.57.251.33 - - [28/Sep/2017:01:10:13 -0500] "GET /isolucionsda/Session.asp?Continue=1 HTTP/1.1" 200 6195
181.57.251.33 - - [28/Sep/2017:01:10:13 -0500] "GET /isolucionsda/Menu.asp?Pagina=Menu.asp&IdModulo=4 HTTP/1.1" 200 17869
181.57.251.33 - - [28/Sep/2017:01:10:16 -0500] "GET /isolucionsda/FrameSetGeneral.asp?Pagina=Administracion/SalaEdicion/Magazines.asp HTTP/1.1" 200 6550
181.57.251.33 - - [28/Sep/2017:01:10:16 -0500] "GET /isolucionsda/Encabezado.asp?Pagina=Administracion/SalaEdicion/Magazines.asp HTTP/1.1" 200 15491
181.57.251.33 - - [28/Sep/2017:01:10:16 -0500] "GET /isolucionsda/BarraTitulos.asp?Pagina=Administracion/SalaEdicion/Magazines.asp HTTP/1.1" 200 6857
181.57.251.33 - - [28/Sep/2017:01:10:16 -0500] "GET /isolucionsda/BarraFavoritos.asp HTTP/1.1" 200 911
181.57.251.33 - - [28/Sep/2017:01:10:16 -0500] "GET /isolucionsda/Administracion/SalaEdicion/Magazines.asp?Pagina=Administracion/SalaEdicion/Magazines.asp HTTP/1.1" 200 8591
181.57.251.33 - - [28/Sep/2017:01:10:16 -0500] "GET /isolucionsda/Session.asp?Continue=1 HTTP/1.1" 200 6195
123.126.113.85 - - [28/Sep/2017:01:10:21 -0500] "GET /resoluciones/RESOLUCIONES%202009/0685.pdf HTTP/1.1" 404 1018
181.57.251.33 - - [28/Sep/2017:01:10:25 -0500] "GET /isolucionsda/Administracion/SalaEdicion/ArticuloNuevo.asp?Plantilla=Modelo&Adicionar=Adicionar HTTP/1.1" 200 12514
35.190.203.87 - - [28/Sep/2017:01:10:25 -0500] "-" 408 -
66.249.64.95 - - [28/Sep/2017:01:10:26 -0500] "GET /portel_dama/libreria/pdf/ecosistemas/restauracion/sitio/22_proye/xtras_in/2a.pdf HTTP/1.1" 404 1015
123.126.113.85 - - [28/Sep/2017:01:10:31 -0500] "GET / HTTP/1.1" 304 -
181.57.251.33 - - [28/Sep/2017:01:10:38 -0500] "POST /isolucionsda/Administracion/SalaEdicion/ArticuloNuevo.asp HTTP/1.1" 200 11691
66.249.64.137 - - [28/Sep/2017:01:10:38 -0500] "GET /BLA/resoluciones/RESOLUCIONES%202009/8714.pdf HTTP/1.1" 200 498258
181.57.251.33 - - [28/Sep/2017:01:10:38 -0500] "POST /isolucionsda/Administracion/SalaEdicion/Articulo.asp?Atras= HTTP/1.1" 200 51182
181.57.251.33 - - [28/Sep/2017:01:10:38 -0500] "GET /isolucionsda/javascript/ClickValidation.js HTTP/1.1" 404 5241
181.57.251.33 - - [28/Sep/2017:01:10:39 -0500] "GET /isolucionsda/Administracion/Graficas/vacio1x1.gif HTTP/1.1" 404 5255
181.57.251.33 - - [28/Sep/2017:01:10:39 -0500] "GET /isolucionsda/Administracion/SalaEdicion/g/GifTransparente.gif HTTP/1.1" 404 5279
123.126.113.85 - - [28/Sep/2017:01:10:41 -0500] "GET /resoluciones/RESOLUCIONES%202009/0668.pdf HTTP/1.1" 404 1018
181.57.251.33 - - [28/Sep/2017:01:10:47 -0500] "GET /IsolucionSDA/Jerarquia.asp?Tabla=Proceso&Form=Admon&CampoHidden=Objeto2_1&CampoDisplay=textoObjeto2_1&ModoDevolucion=1&ModoNombre=1&ListaSucursales=1 HTTP/1.1" 200 10466
181.57.251.33 - - [28/Sep/2017:01:10:50 -0500] "POST /IsolucionSDA/Jerarquia.asp HTTP/1.1" 200 7881
123.126.113.85 - - [28/Sep/2017:01:10:51 -0500] "GET /galeria/nivo-slider/demo/demo.html HTTP/1.1" 304 -
181.57.251.33 - - [28/Sep/2017:01:10:53 -0500] "POST /isolucionsda/Administracion/SalaEdicion/Articulo.asp HTTP/1.1" 200 51206
181.57.251.33 - - [28/Sep/2017:01:10:53 -0500] "GET /isolucionsda/javascript/ClickValidation.js HTTP/1.1" 404 5241
181.57.251.33 - - [28/Sep/2017:01:10:53 -0500] "GET /isolucionsda/Administracion/SalaEdicion/g/GifTransparente.gif HTTP/1.1" 404 5279
181.57.251.33 - - [28/Sep/2017:01:10:53 -0500] "GET /isolucionsda/Administracion/Graficas/vacio1x1.gif HTTP/1.1" 404 5255
66.249.64.137 - - [28/Sep/2017:01:10:55 -0500] "GET /BLA/resoluciones/RESOLUCIONES%202009/2845.pdf HTTP/1.1" 200 311247
181.57.251.33 - - [28/Sep/2017:01:10:58 -0500] "GET /isolucionsda/javascript/ClickValidation.js HTTP/1.1" 404 5241
181.57.251.33 - - [28/Sep/2017:01:10:58 -0500] "GET /isolucionsda/Administracion/Graficas/vacio1x1.gif HTTP/1.1" 404 5255
181.57.251.33 - - [28/Sep/2017:01:11:02 -0500] "GET /isolucionsda/g/Bot_ImprimirOver.jpg HTTP/1.1" 200 1774
66.249.64.137 - - [28/Sep/2017:01:11:13 -0500] "GET /BLA/resoluciones/RESOLUCIONES%202008/4444.pdf HTTP/1.1" 200 27358
192.168.175.104 - - [28/Sep/2017:01:11:21 -0500] "GET / HTTP/1.1" 200 9990
35.187.34.70 - - [28/Sep/2017:01:11:34 -0500] "-" 408 -
181.57.251.33 - - [28/Sep/2017:01:11:35 -0500] "GET /isolucionsda/g/Bot_ManualOver_ESP.jpg HTTP/1.1" 200 4732
181.57.251.33 - - [28/Sep/2017:01:11:36 -0500] "GET /isolucionsda/g/Bot_ManualOver_ESP.jpg HTTP/1.1" 200 4732
181.57.251.33 - - [28/Sep/2017:01:11:38 -0500] "GET /isolucionsda/FrameSetGeneral.asp?Pagina=Menu.asp&IdModulo=4 HTTP/1.1" 200 6455
181.57.251.33 - - [28/Sep/2017:01:11:38 -0500] "GET /isolucionsda/Encabezado.asp?Pagina=Menu.asp&IdModulo=4 HTTP/1.1" 200 15516
181.57.251.33 - - [28/Sep/2017:01:11:38 -0500] "GET /isolucionsda/BarraTitulos.asp?Pagina=Menu.asp&IdModulo=4 HTTP/1.1" 200 6857
181.57.251.33 - - [28/Sep/2017:01:11:38 -0500] "GET /isolucionsda/BarraFavoritos.asp HTTP/1.1" 200 911
181.57.251.33 - - [28/Sep/2017:01:11:38 -0500] "GET /isolucionsda/Session.asp?Continue=1 HTTP/1.1" 200 6195
181.57.251.33 - - [28/Sep/2017:01:11:38 -0500] "GET /isolucionsda/Menu.asp?Pagina=Menu.asp&IdModulo=4 HTTP/1.1" 200 17869
181.57.251.33 - - [28/Sep/2017:01:11:41 -0500] "GET /isolucionsda/FrameSetGeneral.asp?Pagina=Administracion/SalaEdicion/Magazines.asp HTTP/1.1" 200 6550
181.57.251.33 - - [28/Sep/2017:01:11:41 -0500] "GET /isolucionsda/BarraTitulos.asp?Pagina=Administracion/SalaEdicion/Magazines.asp HTTP/1.1" 200 6857
181.57.251.33 - - [28/Sep/2017:01:11:41 -0500] "GET /isolucionsda/Encabezado.asp?Pagina=Administracion/SalaEdicion/Magazines.asp HTTP/1.1" 200 15491
181.57.251.33 - - [28/Sep/2017:01:11:41 -0500] "GET /isolucionsda/BarraFavoritos.asp HTTP/1.1" 200 911
181.57.251.33 - - [28/Sep/2017:01:11:41 -0500] "GET /isolucionsda/Administracion/SalaEdicion/Magazines.asp?Pagina=Administracion/SalaEdicion/Magazines.asp HTTP/1.1" 200 8591
181.57.251.33 - - [28/Sep/2017:01:11:42 -0500] "GET /isolucionsda/Session.asp?Continue=1 HTTP/1.1" 200 6195
181.57.251.33 - - [28/Sep/2017:01:11:49 -0500] "GET /isolucionsda/Administracion/SalaEdicion/ArticuloNuevo.asp?Plantilla=Instructivo&Adicionar=Adicionar HTTP/1.1" 200 12524
181.57.251.33 - - [28/Sep/2017:01:12:01 -0500] "POST /isolucionsda/Administracion/SalaEdicion/ArticuloNuevo.asp HTTP/1.1" 200 11691
