192.168.175.104 - - [15/Oct/2017:03:56:59 -0500] "GET / HTTP/1.1" 200 9990
172.58.43.239 - - [15/Oct/2017:03:57:02 -0500] "GET /webdav/x32.php?host=124.109.13.160&time=60&port=80 HTTP/1.1" 404 1018
66.249.66.155 - - [15/Oct/2017:03:57:11 -0500] "GET /BLA/resoluciones/RESOLUCIONES%202008/0206.pdf HTTP/1.1" 200 392384
172.58.43.239 - - [15/Oct/2017:03:57:18 -0500] "GET /webdav/x32.php?host=124.109.13.160&time=60&port=80 HTTP/1.1" 404 1018
35.190.201.122 - - [15/Oct/2017:03:57:47 -0500] "-" 408 -
66.249.66.155 - - [15/Oct/2017:03:57:55 -0500] "GET /BLA/resoluciones/AUTOS%202008/0142.pdf HTTP/1.1" 200 134360
65.208.151.112 - - [15/Oct/2017:03:58:05 -0500] "GET /icons/unknown.gif HTTP/1.1" 200 245
65.208.151.118 - - [15/Oct/2017:03:58:27 -0500] "GET /BLA/resoluciones/Notificaciones/AUTOS%202015/06001.doc HTTP/1.1" 200 154900
201.245.192.253 - - [15/Oct/2017:03:58:36 -0500] "GET /galeria/nivo-slider/demo/images/simulacro-2017.jpg HTTP/1.1" 304 -
66.249.66.149 - - [15/Oct/2017:03:58:40 -0500] "GET / HTTP/1.1" 200 9990
69.162.124.233 - - [15/Oct/2017:03:58:44 -0500] "HEAD / HTTP/1.1" 200 -
35.190.203.87 - - [15/Oct/2017:03:58:55 -0500] "-" 408 -
217.182.132.88 - - [15/Oct/2017:03:59:05 -0500] "GET /BLA/resoluciones/RESOLUCIONES%202006/RES%202006%201301-1350/00001320.tif HTTP/1.1" 200 167580
40.77.178.136 - - [15/Oct/2017:03:59:07 -0500] "GET /galeria/nivo-slider/demo/demo.html HTTP/1.1" 200 5747
40.77.178.136 - - [15/Oct/2017:03:59:12 -0500] "GET /galeria/nivo-slider/themes/default/default.css HTTP/1.1" 200 1569
40.77.178.136 - - [15/Oct/2017:03:59:13 -0500] "GET /galeria/nivo-slider/themes/orman/orman.css HTTP/1.1" 200 2152
40.77.178.136 - - [15/Oct/2017:03:59:14 -0500] "GET /galeria/nivo-slider/nivo-slider.css HTTP/1.1" 200 1507
40.77.178.136 - - [15/Oct/2017:03:59:17 -0500] "GET /galeria/nivo-slider/demo/style.css HTTP/1.1" 200 2222
40.77.178.136 - - [15/Oct/2017:03:59:17 -0500] "GET /galeria/nivo-slider/demo/scripts/jquery-1.7.1.min.js HTTP/1.1" 200 93868
66.249.66.156 - - [15/Oct/2017:03:59:25 -0500] "GET / HTTP/1.1" 200 9990
65.208.151.116 - - [15/Oct/2017:03:59:26 -0500] "GET /icons/unknown.gif HTTP/1.1" 200 245
40.77.178.136 - - [15/Oct/2017:03:59:33 -0500] "GET /galeria/nivo-slider/jquery.nivo.slider.pack.js HTTP/1.1" 200 11561
65.208.151.118 - - [15/Oct/2017:03:59:47 -0500] "GET /BLA/resoluciones/Notificaciones/AUTOS%202015/05550.doc HTTP/1.1" 200 109957
192.168.175.104 - - [15/Oct/2017:03:59:59 -0500] "GET / HTTP/1.0" 200 9990
35.189.197.90 - - [15/Oct/2017:04:00:04 -0500] "-" 408 -
35.187.34.70 - - [15/Oct/2017:04:00:05 -0500] "-" 408 -
66.249.66.129 - - [15/Oct/2017:04:00:10 -0500] "GET / HTTP/1.1" 200 9990
35.187.34.70 - - [15/Oct/2017:04:00:15 -0500] "-" 408 -
137.74.207.120 - - [15/Oct/2017:04:00:31 -0500] "GET /BLA/resoluciones/RESOLUCIONES%202005/RES%202005%201451-1500/00001464.tif HTTP/1.1" 200 132572
192.168.175.104 - - [15/Oct/2017:04:00:41 -0500] "GET / HTTP/1.1" 200 9990
65.208.151.112 - - [15/Oct/2017:04:00:46 -0500] "GET /icons/unknown.gif HTTP/1.1" 200 245
66.249.66.153 - - [15/Oct/2017:04:00:54 -0500] "GET /BLA/resoluciones/RESOLUCIONES%202007/RES%202007%201101%20AL%201200/RESOLUCION%201171%20DE%202007.pdf HTTP/1.1" 200 1224669
65.208.151.119 - - [15/Oct/2017:04:01:00 -0500] "GET /BLA/resoluciones/Notificaciones/AUTOS%202015/2555.doc HTTP/1.1" 200 187904
35.187.34.70 - - [15/Oct/2017:04:01:14 -0500] "-" 408 -
217.182.132.66 - - [15/Oct/2017:04:01:20 -0500] "GET /BLA/resoluciones/RESOLUCIONES%202005/RES%202005%20%201601-1650/00001640.tif HTTP/1.1" 200 152392
66.249.66.156 - - [15/Oct/2017:04:01:39 -0500] "GET /BLA/resoluciones/RESOLUCIONES%202009/8198.pdf HTTP/1.1" 200 997244
65.208.151.116 - - [15/Oct/2017:04:01:49 -0500] "GET /icons/unknown.gif HTTP/1.1" 200 245
192.168.175.104 - - [15/Oct/2017:04:01:58 -0500] "GET / HTTP/1.1" 200 9990
35.189.242.65 - - [15/Oct/2017:04:02:24 -0500] "-" 408 -
66.249.66.155 - - [15/Oct/2017:04:02:24 -0500] "GET /BLA/resoluciones/RESOLUCIONES%202013/0114.pdf HTTP/1.1" 200 621463
65.208.151.118 - - [15/Oct/2017:04:02:40 -0500] "GET /BLA/resoluciones/Notificaciones/AUTOS%202015/0618.doc HTTP/1.1" 200 160768
164.132.161.24 - - [15/Oct/2017:04:03:06 -0500] "GET /BLA/resoluciones/AUTOS%202006/AUTOS%202006%203101%20-%203200/00003177.tif HTTP/1.1" 200 55672
66.249.66.153 - - [15/Oct/2017:04:03:08 -0500] "GET /BLA/resoluciones/RESOLUCIONES%202015/0800.pdf HTTP/1.1" 200 1111673
35.184.189.105 - - [15/Oct/2017:04:03:09 -0500] "GET /robots.txt HTTP/1.1" 404 1018
65.208.151.116 - - [15/Oct/2017:04:03:30 -0500] "GET /icons/unknown.gif HTTP/1.1" 200 245
35.190.201.122 - - [15/Oct/2017:04:03:33 -0500] "-" 408 -
69.162.124.233 - - [15/Oct/2017:04:03:44 -0500] "HEAD / HTTP/1.1" 200 -
65.208.151.115 - - [15/Oct/2017:04:03:46 -0500] "GET /BLA/resoluciones/Notificaciones/AUTOS%202015/0849.doc HTTP/1.1" 200 166912
201.245.192.245 - - [15/Oct/2017:04:03:45 -0500] "POST /kwsrmcab/Wsrmcab HTTP/1.1" 200 27673
35.184.189.105 - - [15/Oct/2017:04:04:30 -0500] "GET /transparencia/directorioservidores/2016/agosto2016.xlsx HTTP/1.1" 200 89238
35.189.242.65 - - [15/Oct/2017:04:04:42 -0500] "-" 408 -
164.132.161.4 - - [15/Oct/2017:04:04:41 -0500] "GET /BLA/resoluciones/index.php?dir=RESOLUCIONES%202003/RES%202003%20601-650/&sort=size&order=desc HTTP/1.1" 200 11291
201.245.192.245 - - [15/Oct/2017:04:04:18 -0500] "POST /kwsrmcab/Wsrmcab HTTP/1.1" 200 21413
192.168.175.104 - - [15/Oct/2017:04:04:58 -0500] "GET / HTTP/1.0" 200 9990
65.208.151.115 - - [15/Oct/2017:04:05:00 -0500] "GET /icons/unknown.gif HTTP/1.1" 200 245
217.182.132.71 - - [15/Oct/2017:04:05:12 -0500] "GET /BLA/resoluciones/AUTOS%202006/AUTOS%202006%201001-1100/00001031.tif HTTP/1.1" 200 37216
51.255.65.3 - - [15/Oct/2017:04:05:33 -0500] "GET /BLA/resoluciones/RESOLUCIONES%202003/RES%202003%201251-1300/20031263.tif HTTP/1.1" 200 83776
192.168.175.104 - - [15/Oct/2017:04:05:39 -0500] "GET / HTTP/1.1" 200 9990
35.189.215.158 - - [15/Oct/2017:04:05:52 -0500] "-" 408 -
95.93.168.65 - - [15/Oct/2017:04:05:57 -0500] "GET /wp-login.php HTTP/1.1" 404 1018
164.132.161.71 - - [15/Oct/2017:04:06:02 -0500] "GET /BLA/resoluciones/RESOLUCIONES%202005/RES%202005%201001-1050/00001020.tif HTTP/1.1" 200 233156
65.208.151.118 - - [15/Oct/2017:04:06:24 -0500] "GET /icons/unknown.gif HTTP/1.1" 200 245
51.255.65.30 - - [15/Oct/2017:04:06:51 -0500] "GET /BLA/resoluciones/RESOLUCIONES%202003/RES%202003%201751-1800/20031797.tif HTTP/1.1" 200 57620
192.168.175.104 - - [15/Oct/2017:04:06:56 -0500] "GET / HTTP/1.1" 200 9990
35.189.215.158 - - [15/Oct/2017:04:07:04 -0500] "-" 408 -
66.249.66.153 - - [15/Oct/2017:04:07:37 -0500] "GET /BLA/resoluciones/AUTOS%202015/2287.pdf HTTP/1.1" 200 690858
65.208.151.113 - - [15/Oct/2017:04:08:03 -0500] "GET /icons/unknown.gif HTTP/1.1" 200 245
35.190.203.87 - - [15/Oct/2017:04:08:18 -0500] "-" 408 -
51.255.65.96 - - [15/Oct/2017:04:08:43 -0500] "GET /BLA/resoluciones/RESOLUCIONES%202005/RES%202005%202251-2300/00002266.tif HTTP/1.1" 200 40136
69.162.124.233 - - [15/Oct/2017:04:08:43 -0500] "HEAD / HTTP/1.1" 200 -
164.132.161.52 - - [15/Oct/2017:04:08:55 -0500] "GET /BLA/resoluciones/RESOLUCIONES%202006/RES%202006%202101-2150/00002132.tif HTTP/1.1" 200 196802
66.249.66.155 - - [15/Oct/2017:04:09:06 -0500] "GET /BLA/resoluciones/Notificaciones/AUTOS%202014/4980.doc HTTP/1.1" 200 139776
65.208.151.118 - - [15/Oct/2017:04:09:25 -0500] "GET /icons/unknown.gif HTTP/1.1" 200 245
35.189.215.158 - - [15/Oct/2017:04:09:29 -0500] "-" 408 -
66.249.66.155 - - [15/Oct/2017:04:09:42 -0500] "GET /BLA/resoluciones/RESOLUCIONES%202005/RES%202005%20%201601-1650/00001625.tif HTTP/1.1" 200 149446
66.249.66.155 - - [15/Oct/2017:04:09:51 -0500] "GET /BLA/resoluciones/AUTOS%202017/0641.pdf HTTP/1.1" 200 7464471
192.168.175.104 - - [15/Oct/2017:04:09:56 -0500] "GET / HTTP/1.0" 200 9990
65.208.151.117 - - [15/Oct/2017:04:10:28 -0500] "GET /icons/unknown.gif HTTP/1.1" 200 245
66.249.66.158 - - [15/Oct/2017:04:10:36 -0500] "GET / HTTP/1.1" 200 9990
192.168.175.104 - - [15/Oct/2017:04:10:37 -0500] "GET / HTTP/1.1" 200 9990
35.187.52.64 - - [15/Oct/2017:04:10:37 -0500] "-" 408 -
66.249.66.156 - - [15/Oct/2017:04:11:20 -0500] "GET /BLA/resoluciones/RESOLUCIONES%202011/0832.pdf HTTP/1.1" 200 535042
51.255.65.90 - - [15/Oct/2017:04:11:41 -0500] "GET /BLA/resoluciones/RESOLUCIONES%202002/RES%202002%201651-1700/20021685.tif HTTP/1.1" 200 59304
65.208.151.115 - - [15/Oct/2017:04:11:42 -0500] "GET /icons/unknown.gif HTTP/1.1" 200 245
35.187.96.204 - - [15/Oct/2017:04:11:42 -0500] "-" 408 -
35.187.96.204 - - [15/Oct/2017:04:11:52 -0500] "-" 408 -
192.168.175.104 - - [15/Oct/2017:04:11:54 -0500] "GET / HTTP/1.1" 200 9990
66.249.66.153 - - [15/Oct/2017:04:12:05 -0500] "GET /BLA/resoluciones/AUTOS%202015/0570.pdf HTTP/1.1" 200 485737
35.187.34.70 - - [15/Oct/2017:04:12:54 -0500] "-" 408 -
65.208.151.118 - - [15/Oct/2017:04:12:58 -0500] "GET /icons/unknown.gif HTTP/1.1" 200 245
66.249.66.155 - - [15/Oct/2017:04:13:34 -0500] "GET /BLA/resoluciones/AUTOS%202014/5553.pdf HTTP/1.1" 200 274155
164.132.161.85 - - [15/Oct/2017:04:13:42 -0500] "GET /BLA/resoluciones/index.php?dir=RESOLUCIONES%202007/RES%202007%201001%20AL%201100/&sort=name&order=desc HTTP/1.1" 200 26837
66.249.66.157 - - [15/Oct/2017:04:13:43 -0500] "GET /galeria/nivo-slider/demo/images/motoscontrol2.jpg HTTP/1.1" 200 113810
69.162.124.233 - - [15/Oct/2017:04:13:43 -0500] "HEAD / HTTP/1.1" 200 -
35.187.96.204 - - [15/Oct/2017:04:14:00 -0500] "-" 408 -
201.245.192.245 - - [15/Oct/2017:04:13:46 -0500] "POST /kwsrmcab/Wsrmcab HTTP/1.1" 200 27673
164.132.161.92 - - [15/Oct/2017:04:14:17 -0500] "GET /BLA/resoluciones/RESOLUCIONES%202006/RES%202006%201651-1700/00001658.tif HTTP/1.1" 200 56688
66.249.66.156 - - [15/Oct/2017:04:14:19 -0500] "GET /BLA/resoluciones/RESOLUCIONES%202014/1090.pdf HTTP/1.1" 200 2743899
65.208.151.112 - - [15/Oct/2017:04:14:20 -0500] "GET /icons/unknown.gif HTTP/1.1" 200 245
66.249.66.155 - - [15/Oct/2017:04:14:42 -0500] "GET /galeria/nivo-slider/demo/images/BANNERCAMBIODESEDE2.jpg HTTP/1.1" 304 -
192.168.175.104 - - [15/Oct/2017:04:14:54 -0500] "GET / HTTP/1.0" 200 9990
66.249.66.155 - - [15/Oct/2017:04:15:04 -0500] "GET /BLA/resoluciones/RESOLUCIONES%202011/5315.pdf HTTP/1.1" 200 291483
35.189.242.65 - - [15/Oct/2017:04:15:12 -0500] "-" 408 -
192.168.175.104 - - [15/Oct/2017:04:15:35 -0500] "GET / HTTP/1.1" 200 9990
69.162.124.233 - - [15/Oct/2017:04:15:37 -0500] "HEAD / HTTP/1.1" 200 -
65.208.151.115 - - [15/Oct/2017:04:15:46 -0500] "GET /icons/unknown.gif HTTP/1.1" 200 245
66.249.66.156 - - [15/Oct/2017:04:15:49 -0500] "GET /BLA/resoluciones/AUTOS%202009/3036.pdf HTTP/1.1" 200 112023
35.189.242.65 - - [15/Oct/2017:04:16:21 -0500] "-" 408 -
66.249.66.153 - - [15/Oct/2017:04:16:33 -0500] "GET /BLA/resoluciones/RESOLUCIONES%202007/RES%202007%202501%20AL%202600/RESOLUCION%202516%20DE%202007.pdf HTTP/1.1" 200 188579
35.189.197.90 - - [15/Oct/2017:04:16:45 -0500] "-" 408 -
192.168.175.104 - - [15/Oct/2017:04:16:52 -0500] "GET / HTTP/1.1" 200 9990
35.189.197.90 - - [15/Oct/2017:04:16:55 -0500] "-" 408 -
65.208.151.119 - - [15/Oct/2017:04:17:09 -0500] "GET /icons/unknown.gif HTTP/1.1" 200 245
66.249.66.155 - - [15/Oct/2017:04:17:18 -0500] "GET /BLA/resoluciones/RESOLUCIONES%202007/RES%202007%20201%20AL%20300/RESOLUCION%200283%20DE%202007.pdf HTTP/1.1" 200 333489
35.187.96.204 - - [15/Oct/2017:04:17:27 -0500] "-" 408 -
66.249.66.155 - - [15/Oct/2017:04:18:03 -0500] "GET /BLA/resoluciones/AUTOS%202013/0345.pdf HTTP/1.1" 200 278958
164.132.161.40 - - [15/Oct/2017:04:18:29 -0500] "GET /BLA/resoluciones/RESOLUCIONES%202005/RES%202005%202401-2450/00002416.tif HTTP/1.1" 200 298414
65.208.151.117 - - [15/Oct/2017:04:18:29 -0500] "GET /icons/unknown.gif HTTP/1.1" 200 245
35.190.201.122 - - [15/Oct/2017:04:18:40 -0500] "-" 408 -
66.249.66.153 - - [15/Oct/2017:04:18:48 -0500] "GET /BLA/resoluciones/AUTOS%202007/0215.pdf HTTP/1.1" 200 16795
65.208.151.112 - - [15/Oct/2017:04:19:14 -0500] "GET /icons/unknown.gif HTTP/1.1" 200 245
51.255.65.41 - - [15/Oct/2017:04:19:23 -0500] "GET /BLA/resoluciones/RESOLUCIONES%202005/RES%202005%20201-250/00000250.tif HTTP/1.1" 200 131498
66.249.66.155 - - [15/Oct/2017:04:19:32 -0500] "GET /BLA/resoluciones/RESOLUCIONES%202014/0083.pdf HTTP/1.1" 200 451616
35.190.207.132 - - [15/Oct/2017:04:19:48 -0500] "-" 408 -
192.168.175.104 - - [15/Oct/2017:04:19:52 -0500] "GET / HTTP/1.0" 200 9990
186.154.37.141 - - [15/Oct/2017:04:20:15 -0500] "GET /galeria/galeria/jquery.fancybox.css?v=2.1.5 HTTP/1.1" 200 4895
66.249.66.155 - - [15/Oct/2017:04:20:17 -0500] "GET /BLA/resoluciones/AUTOS%202013/0381.pdf HTTP/1.1" 200 3077534
192.168.175.104 - - [15/Oct/2017:04:20:33 -0500] "GET / HTTP/1.1" 200 9990
65.208.151.114 - - [15/Oct/2017:04:20:35 -0500] "GET /icons/unknown.gif HTTP/1.1" 200 245
69.162.124.233 - - [15/Oct/2017:04:20:37 -0500] "HEAD / HTTP/1.1" 200 -
51.255.71.110 - - [15/Oct/2017:04:20:47 -0500] "GET /BLA/resoluciones/AUTOS%202006/AUTOS%202006%202901%20-%203000/00002981.tif HTTP/1.1" 200 56692
35.189.218.56 - - [15/Oct/2017:04:20:57 -0500] "-" 408 -
66.249.66.153 - - [15/Oct/2017:04:21:02 -0500] "GET /BLA/resoluciones/RESOLUCIONES%202010/3703.pdf HTTP/1.1" 200 765705
51.255.71.111 - - [15/Oct/2017:04:21:15 -0500] "GET /BLA/resoluciones/RESOLUCIONES%202005/RES%202005%202101-2150/00002114.tif HTTP/1.1" 200 611636
65.208.151.114 - - [15/Oct/2017:04:21:37 -0500] "GET /icons/unknown.gif HTTP/1.1" 200 245
66.249.66.153 - - [15/Oct/2017:04:21:46 -0500] "GET /BLA/resoluciones/RESOLUCIONES%202011/0087.pdf HTTP/1.1" 200 391227
192.168.175.104 - - [15/Oct/2017:04:21:50 -0500] "GET / HTTP/1.1" 200 9990
217.182.132.97 - - [15/Oct/2017:04:21:51 -0500] "GET /BLA/resoluciones/RESOLUCIONES%202005/RES%202005%20251-300/00000272.tif HTTP/1.1" 200 131026
35.190.207.132 - - [15/Oct/2017:04:22:07 -0500] "-" 408 -
66.249.66.155 - - [15/Oct/2017:04:22:31 -0500] "GET /BLA/resoluciones/AUTOS%202009/0040.pdf HTTP/1.1" 200 104675
65.208.151.114 - - [15/Oct/2017:04:22:52 -0500] "GET /icons/unknown.gif HTTP/1.1" 200 245
35.189.242.65 - - [15/Oct/2017:04:23:16 -0500] "-" 408 -
66.249.66.155 - - [15/Oct/2017:04:23:16 -0500] "GET /BLA/resoluciones/AUTOS%202015/1397.pdf HTTP/1.1" 200 628028
217.182.132.192 - - [15/Oct/2017:04:23:56 -0500] "GET /BLA/resoluciones/RESOLUCIONES%202006/RES%202006%202201-2250/00002212.tif HTTP/1.1" 200 252062
201.245.192.253 - - [15/Oct/2017:04:23:57 -0500] "GET /galeria/nivo-slider/demo/images/caminata-mes-octubre.jpg HTTP/1.1" 304 -
66.249.66.155 - - [15/Oct/2017:04:24:01 -0500] "GET /BLA/resoluciones/AUTOS%202015/0916.pdf HTTP/1.1" 200 708076
65.208.151.113 - - [15/Oct/2017:04:24:11 -0500] "GET /icons/unknown.gif HTTP/1.1" 200 245
201.245.192.245 - - [15/Oct/2017:04:23:46 -0500] "POST /kwsrmcab/Wsrmcab HTTP/1.1" 200 27673
35.190.201.122 - - [15/Oct/2017:04:24:25 -0500] "-" 408 -
217.182.132.50 - - [15/Oct/2017:04:24:29 -0500] "GET /BLA/resoluciones/RESOLUCIONES%202006/RES%202006%201701-1751/00001749.tif HTTP/1.1" 200 188614
66.249.66.155 - - [15/Oct/2017:04:24:45 -0500] "GET /BLA/resoluciones/AUTOS%202015/3953.pdf HTTP/1.1" 200 493509
192.168.175.104 - - [15/Oct/2017:04:24:50 -0500] "GET / HTTP/1.0" 200 9990
66.249.66.156 - - [15/Oct/2017:04:25:30 -0500] "GET /BLA/resoluciones/RESOLUCIONES%202008/0651.pdf HTTP/1.1" 200 97963
192.168.175.104 - - [15/Oct/2017:04:25:31 -0500] "GET / HTTP/1.1" 200 9990
104.199.87.90 - - [15/Oct/2017:04:25:36 -0500] "-" 408 -
69.162.124.233 - - [15/Oct/2017:04:25:37 -0500] "HEAD / HTTP/1.1" 200 -
65.208.151.115 - - [15/Oct/2017:04:25:51 -0500] "GET /icons/unknown.gif HTTP/1.1" 200 245
164.132.161.19 - - [15/Oct/2017:04:26:05 -0500] "GET /BLA/resoluciones/RESOLUCIONES%202003/RES%202003%202101-2150/20032113.tif HTTP/1.1" 200 86868
66.249.66.157 - - [15/Oct/2017:04:26:11 -0500] "GET /respira.htm HTTP/1.1" 404 1019
66.249.66.155 - - [15/Oct/2017:04:26:15 -0500] "GET /BLA/resoluciones/RESOLUCIONES%202007/RES%202007%204201%20AL%204300/RESOLUCION%204246%20DE%202007.pdf HTTP/1.1" 200 250794
192.168.175.104 - - [15/Oct/2017:04:26:48 -0500] "GET / HTTP/1.1" 200 9990
104.199.87.90 - - [15/Oct/2017:04:26:54 -0500] "-" 408 -
66.249.66.153 - - [15/Oct/2017:04:26:59 -0500] "GET /BLA/resoluciones/RESOLUCIONES%202014/2746.pdf HTTP/1.1" 200 186499
65.208.151.114 - - [15/Oct/2017:04:27:06 -0500] "GET /icons/unknown.gif HTTP/1.1" 200 245
217.182.132.176 - - [15/Oct/2017:04:27:14 -0500] "GET /BLA/resoluciones/RESOLUCIONES%202002/RES%202002%20351-400/00000369.tif HTTP/1.1" 200 60614
66.249.66.156 - - [15/Oct/2017:04:27:44 -0500] "GET /BLA/resoluciones/RESOLUCIONES%202010/7251.pdf HTTP/1.1" 200 120352
104.199.87.90 - - [15/Oct/2017:04:28:09 -0500] "-" 408 -
65.208.151.119 - - [15/Oct/2017:04:28:32 -0500] "GET /icons/unknown.gif HTTP/1.1" 200 245
217.182.132.192 - - [15/Oct/2017:04:28:47 -0500] "GET /BLA/resoluciones/AUTOS%202006/AUTOS%202006%20301-400/00000333.tif HTTP/1.1" 200 55810
204.79.180.12 - - [15/Oct/2017:04:29:04 -0500] "GET /SIG/Gestion%20Recursos%20Financieros/126PA02-PR07%20TRAMITE%20Y%20PAGO%20PASIVOS%20EXIGIBLES.pdf HTTP/1.1" 200 302703
35.189.215.158 - - [15/Oct/2017:04:29:23 -0500] "-" 408 -
181.49.19.190 - - [15/Oct/2017:04:29:33 -0500] "GET /galeria/nivo-slider/demo/images/banner-ACA-01.jpg HTTP/1.1" 304 -
35.189.215.158 - - [15/Oct/2017:04:29:33 -0500] "-" 408 -
192.168.175.104 - - [15/Oct/2017:04:29:48 -0500] "GET / HTTP/1.0" 200 9990
157.55.39.61 - - [15/Oct/2017:04:30:03 -0500] "GET / HTTP/1.1" 200 9990
65.208.151.113 - - [15/Oct/2017:04:30:26 -0500] "GET /icons/unknown.gif HTTP/1.1" 200 245
192.168.175.104 - - [15/Oct/2017:04:30:29 -0500] "GET / HTTP/1.1" 200 9990
217.182.132.75 - - [15/Oct/2017:04:30:33 -0500] "GET /BLA/resoluciones/RESOLUCIONES%202003/RES%202003%202101-2150/20032132.tif HTTP/1.1" 200 80718
35.190.201.122 - - [15/Oct/2017:04:30:34 -0500] "-" 408 -
69.162.124.233 - - [15/Oct/2017:04:30:37 -0500] "HEAD / HTTP/1.1" 200 -
66.249.66.155 - - [15/Oct/2017:04:30:43 -0500] "GET /BLA/resoluciones/RESOLUCIONES%202011/4836.pdf HTTP/1.1" 200 792849
164.132.161.31 - - [15/Oct/2017:04:31:14 -0500] "GET /BLA/resoluciones/RESOLUCIONES%202002/RES%202002%201651-1700/20021700.tif HTTP/1.1" 200 135622
65.208.151.112 - - [15/Oct/2017:04:31:35 -0500] "GET /icons/unknown.gif HTTP/1.1" 200 245
217.182.132.6 - - [15/Oct/2017:04:31:35 -0500] "GET /BLA/resoluciones/RESOLUCIONES%202006/RES%202006%202701-2750/00002709.tif HTTP/1.1" 200 84488
35.187.96.204 - - [15/Oct/2017:04:31:42 -0500] "-" 408 -
192.168.175.104 - - [15/Oct/2017:04:31:46 -0500] "GET / HTTP/1.1" 200 9990
217.182.132.57 - - [15/Oct/2017:04:32:10 -0500] "GET /galeria/galeria/fotos/BORONAS3gra.jpg HTTP/1.1" 200 2156906
66.249.66.155 - - [15/Oct/2017:04:32:12 -0500] "GET /BLA/resoluciones/AUTOS%202009/0440.pdf HTTP/1.1" 200 101969
65.208.151.117 - - [15/Oct/2017:04:32:46 -0500] "GET /icons/unknown.gif HTTP/1.1" 200 245
35.189.218.56 - - [15/Oct/2017:04:32:49 -0500] "-" 408 -
66.249.66.156 - - [15/Oct/2017:04:32:57 -0500] "GET /ecodirectorio/files/res/pages/page_0162.swf HTTP/1.1" 200 72445
66.249.66.158 - - [15/Oct/2017:04:33:00 -0500] "GET /ecodirectorio/files/res/pages/page_0162.swf HTTP/1.1" 200 72445
66.249.66.153 - - [15/Oct/2017:04:33:03 -0500] "GET /galeria/nivo-slider/demo/images/Atencion-de-emergencias-ambientale.jpg HTTP/1.1" 304 -
66.249.66.156 - - [15/Oct/2017:04:33:42 -0500] "GET /BLA/resoluciones/RESOLUCIONES%202009/8502.pdf HTTP/1.1" 200 688644
35.187.34.70 - - [15/Oct/2017:04:33:57 -0500] "-" 408 -
66.249.66.153 - - [15/Oct/2017:04:34:27 -0500] "GET /BLA/resoluciones/RESOLUCIONES%202010/7809.pdf HTTP/1.1" 200 603017
65.208.151.118 - - [15/Oct/2017:04:34:34 -0500] "GET /icons/unknown.gif HTTP/1.1" 200 245
51.255.65.7 - - [15/Oct/2017:04:34:41 -0500] "GET /BLA/resoluciones/index.php?dir=RESOLUCIONES+2002%2FRES+2002+901-950%2F HTTP/1.1" 200 12227
192.168.175.104 - - [15/Oct/2017:04:34:46 -0500] "GET / HTTP/1.0" 200 9990
35.190.207.132 - - [15/Oct/2017:04:35:08 -0500] "-" 408 -
66.249.66.155 - - [15/Oct/2017:04:35:11 -0500] "GET /BLA/resoluciones/AUTOS%202015/1378.pdf HTTP/1.1" 200 620415
192.168.175.104 - - [15/Oct/2017:04:35:26 -0500] "GET / HTTP/1.1" 200 9990
69.162.124.233 - - [15/Oct/2017:04:35:37 -0500] "HEAD / HTTP/1.1" 200 -
66.249.66.153 - - [15/Oct/2017:04:35:56 -0500] "GET /BLA/resoluciones/Notificaciones/RESOLUCIONES%202014/1323.doc HTTP/1.1" 200 440832
35.189.197.90 - - [15/Oct/2017:04:36:08 -0500] "-" 408 -
65.208.151.112 - - [15/Oct/2017:04:36:09 -0500] "GET /icons/unknown.gif HTTP/1.1" 200 245
35.189.242.65 - - [15/Oct/2017:04:36:13 -0500] "-" 408 -
137.74.201.99 - - [15/Oct/2017:04:36:14 -0500] "GET /BLA/resoluciones/RESOLUCIONES%202005/RES%202005%20851-900/00000900.tif HTTP/1.1" 200 81780
66.249.66.155 - - [15/Oct/2017:04:36:25 -0500] "GET /BLA/resoluciones/RESOLUCIONES%202005/RES%202005%20%201601-1650/00001604.tif HTTP/1.1" 200 42380
66.249.66.158 - - [15/Oct/2017:04:36:41 -0500] "GET /dama/libreria/php/decide.php?patron=03.1305020113&numm=11 HTTP/1.1" 404 1019
192.168.175.104 - - [15/Oct/2017:04:36:44 -0500] "GET / HTTP/1.1" 200 9990
66.249.66.153 - - [15/Oct/2017:04:36:52 -0500] "GET /autoliquidacion/dlf/styles.css HTTP/1.1" 200 3045
66.249.66.155 - - [15/Oct/2017:04:37:25 -0500] "GET /autoliquidacion/Grupo%20Forestal%20-%20Industria%20de%20la%20Madera/Lista%20de%20chequeo%20-%20Certificaci%C3%B3n.pdf HTTP/1.1" 404 1018
35.190.203.87 - - [15/Oct/2017:04:37:29 -0500] "-" 408 -
65.208.151.116 - - [15/Oct/2017:04:37:44 -0500] "GET /icons/unknown.gif HTTP/1.1" 200 245
217.182.132.53 - - [15/Oct/2017:04:38:03 -0500] "GET /BLA/resoluciones/RESOLUCIONES%202005/RES%202005%20301-351/00000316.tif HTTP/1.1" 200 156722
35.189.215.158 - - [15/Oct/2017:04:38:36 -0500] "-" 408 -
66.249.66.155 - - [15/Oct/2017:04:38:55 -0500] "GET /autoliquidacion/TR%C3%81MITES%20AGUAS%20SUBTERR%C3%81NEAS/126PM04-PR91-CONCESI%C3%92N%20DE%20AGUAS%20SUBTERRANEAS/-PR91-F-A2-V1(1)%20-%20LISTA%20DE%20CHEQUEO.xls HTTP/1.1" 404 1018
65.208.151.115 - - [15/Oct/2017:04:39:38 -0500] "GET /icons/unknown.gif HTTP/1.1" 200 245
66.249.66.158 - - [15/Oct/2017:04:39:40 -0500] "GET /ecodirectorio/files/res/downloads/download_0011.pdf HTTP/1.1" 304 -
192.168.175.104 - - [15/Oct/2017:04:39:44 -0500] "GET / HTTP/1.0" 200 9990
35.190.201.122 - - [15/Oct/2017:04:39:46 -0500] "-" 408 -
51.255.71.121 - - [15/Oct/2017:04:40:06 -0500] "GET /BLA/resoluciones/AUTOS%202006/AUTOS%202006%202101%20-%202200/00002154.tif HTTP/1.1" 200 55692
51.255.65.93 - - [15/Oct/2017:04:40:10 -0500] "GET /BLA/resoluciones/RESOLUCIONES%202006/RES%202006%201601-1650/00001624.tif HTTP/1.1" 200 143346
66.249.66.155 - - [15/Oct/2017:04:40:24 -0500] "GET /BLA/resoluciones/AUTOS%202015/5781.pdf HTTP/1.1" 200 584440
192.168.175.104 - - [15/Oct/2017:04:40:25 -0500] "GET / HTTP/1.1" 200 9990
69.162.124.233 - - [15/Oct/2017:04:40:37 -0500] "HEAD / HTTP/1.1" 200 -
35.190.203.87 - - [15/Oct/2017:04:40:55 -0500] "-" 408 -
65.208.151.114 - - [15/Oct/2017:04:41:05 -0500] "GET /icons/unknown.gif HTTP/1.1" 200 245
66.249.66.153 - - [15/Oct/2017:04:41:09 -0500] "GET /BLA/resoluciones/AUTOS%202015/3964.pdf HTTP/1.1" 200 598860
192.168.175.104 - - [15/Oct/2017:04:41:42 -0500] "GET / HTTP/1.1" 200 9990
66.249.66.156 - - [15/Oct/2017:04:41:54 -0500] "GET /BLA/resoluciones/AUTOS%202014/5200.pdf HTTP/1.1" 200 565473
35.190.207.132 - - [15/Oct/2017:04:42:05 -0500] "-" 408 -
66.249.66.156 - - [15/Oct/2017:04:42:39 -0500] "GET /Autoliquidacion/index.php?dir=Plan+de+manejo+ambiental+para+sitios+de+aprovechamiento+y+o+disposicion+final+de+escombros%2F HTTP/1.1" 200 2472
65.208.151.116 - - [15/Oct/2017:04:42:52 -0500] "GET /icons/unknown.gif HTTP/1.1" 200 245
35.189.215.158 - - [15/Oct/2017:04:43:14 -0500] "-" 408 -
66.249.66.156 - - [15/Oct/2017:04:43:23 -0500] "GET /BLA/resoluciones/AUTOS%202014/0830.pdf HTTP/1.1" 200 588048
66.249.66.155 - - [15/Oct/2017:04:43:34 -0500] "GET /galeria/nivo-slider/demo/images/motoscontrol4.jpg HTTP/1.1" 200 88920
66.249.66.157 - - [15/Oct/2017:04:44:08 -0500] "GET /videos/galeria-cronicas/skin/circle.skin/?C=S;O=A HTTP/1.1" 200 2125
65.208.151.118 - - [15/Oct/2017:04:44:11 -0500] "GET /icons/unknown.gif HTTP/1.1" 200 245
51.255.65.9 - - [15/Oct/2017:04:44:22 -0500] "GET /BLA/resoluciones/AUTOS%202006/AUTOS%202006%202401%20-%202500/00002414.tif HTTP/1.1" 200 79328
35.190.203.87 - - [15/Oct/2017:04:44:25 -0500] "-" 408 -
192.168.175.104 - - [15/Oct/2017:04:44:42 -0500] "GET / HTTP/1.0" 200 9990
66.249.66.156 - - [15/Oct/2017:04:44:53 -0500] "GET /galeria/galeria/?C=D;O=D HTTP/1.1" 200 3182
192.168.175.104 - - [15/Oct/2017:04:45:22 -0500] "GET / HTTP/1.1" 200 9990
169.60.128.99 - - [15/Oct/2017:04:45:24 -0500] "GET /robots.txt HTTP/1.0" 404 1018
169.60.128.99 - - [15/Oct/2017:04:45:24 -0500] "GET /BLA/boletinlegal/jurisprudencia/analisis/CUADRO%20SENTENCIA%20C-222%20DE%202011.doc HTTP/1.0" 200 34816
65.208.151.112 - - [15/Oct/2017:04:45:26 -0500] "GET /icons/unknown.gif HTTP/1.1" 200 245
35.189.242.65 - - [15/Oct/2017:04:45:32 -0500] "-" 408 -
69.162.124.233 - - [15/Oct/2017:04:45:37 -0500] "HEAD / HTTP/1.1" 200 -
66.249.66.155 - - [15/Oct/2017:04:46:22 -0500] "GET /BLA/resoluciones/RESOLUCIONES%202014/2414.pdf HTTP/1.1" 200 263555
192.168.175.104 - - [15/Oct/2017:04:46:40 -0500] "GET / HTTP/1.1" 200 9990
35.189.242.65 - - [15/Oct/2017:04:46:41 -0500] "-" 408 -
65.208.151.119 - - [15/Oct/2017:04:46:50 -0500] "GET /icons/unknown.gif HTTP/1.1" 200 245
66.249.66.155 - - [15/Oct/2017:04:47:07 -0500] "GET /BLA/resoluciones/AUTOS%202014/1185.pdf HTTP/1.1" 200 221525
47.60.38.141 - - [15/Oct/2017:04:47:46 -0500] "GET /galeria/galeria/jquery.fancybox.js?v=2.1.5 HTTP/1.1" 200 48706
47.60.38.141 - - [15/Oct/2017:04:47:46 -0500] "GET /BLA/boletinlegal/js/jquery.scrollShow.js HTTP/1.1" 200 4586
47.60.38.141 - - [15/Oct/2017:04:47:46 -0500] "GET /galeria/galeria/jquery.fancybox.css?v=2.1.5 HTTP/1.1" 200 4895
35.187.52.64 - - [15/Oct/2017:04:47:48 -0500] "-" 408 -
66.249.66.155 - - [15/Oct/2017:04:47:52 -0500] "GET /BLA/resoluciones/RESOLUCIONES%202007/RES%202007%20401%20AL%20500/RESOLUCION%200475%20DE%202007.pdf HTTP/1.1" 200 325405
65.208.151.118 - - [15/Oct/2017:04:47:55 -0500] "GET /icons/unknown.gif HTTP/1.1" 200 245
47.60.38.141 - - [15/Oct/2017:04:47:57 -0500] "GET /BLA/boletinlegal/js/jquery.scrollShow.js HTTP/1.1" 304 -
47.60.38.141 - - [15/Oct/2017:04:47:57 -0500] "GET /galeria/galeria/jquery.fancybox.css?v=2.1.5 HTTP/1.1" 304 -
47.60.38.141 - - [15/Oct/2017:04:47:57 -0500] "GET /galeria/galeria/jquery.fancybox.js?v=2.1.5 HTTP/1.1" 304 -
35.187.52.64 - - [15/Oct/2017:04:47:58 -0500] "-" 408 -
66.249.66.156 - - [15/Oct/2017:04:48:36 -0500] "GET /BLA/resoluciones/AUTOS%202013/3296.pdf HTTP/1.1" 200 839024
164.132.161.10 - - [15/Oct/2017:04:48:57 -0500] "GET /BLA/resoluciones/RESOLUCIONES%202005/RES%202005%20851-900/00000880.tif HTTP/1.1" 200 146612
35.190.201.122 - - [15/Oct/2017:04:48:58 -0500] "-" 408 -
65.208.151.112 - - [15/Oct/2017:04:49:03 -0500] "GET /icons/unknown.gif HTTP/1.1" 200 245
66.249.66.153 - - [15/Oct/2017:04:49:21 -0500] "GET /BLA/resoluciones/AUTOS%202012/2266.pdf HTTP/1.1" 200 2583383
192.168.175.104 - - [15/Oct/2017:04:49:40 -0500] "GET / HTTP/1.0" 200 9990
188.167.251.63 - - [15/Oct/2017:04:50:00 -0500] "GET /galeria/mapa2/3MapaBogot%C3%A1.jpg HTTP/1.1" 200 641419
35.190.203.87 - - [15/Oct/2017:04:50:07 -0500] "-" 408 -
188.167.251.63 - - [15/Oct/2017:04:50:14 -0500] "GET /favicon.ico HTTP/1.1" 200 7782
192.168.175.104 - - [15/Oct/2017:04:50:20 -0500] "GET / HTTP/1.1" 200 9990
217.182.132.33 - - [15/Oct/2017:04:50:23 -0500] "GET /BLA/resoluciones/AUTOS%202006/AUTOS%202006%201601%20-%201700/00001656.tif HTTP/1.1" 200 161048
65.208.151.117 - - [15/Oct/2017:04:50:28 -0500] "GET /icons/unknown.gif HTTP/1.1" 200 245
69.162.124.233 - - [15/Oct/2017:04:50:37 -0500] "HEAD / HTTP/1.1" 200 -
66.249.66.153 - - [15/Oct/2017:04:50:50 -0500] "GET /BLA/resoluciones/AUTOS%202011/5651.pdf HTTP/1.1" 200 242471
35.190.203.87 - - [15/Oct/2017:04:51:15 -0500] "-" 408 -
35.190.203.87 - - [15/Oct/2017:04:51:25 -0500] "-" 408 -
66.249.66.155 - - [15/Oct/2017:04:51:35 -0500] "GET /BLA/resoluciones/RESOLUCIONES%202009/1407.pdf HTTP/1.1" 200 351313
217.182.132.193 - - [15/Oct/2017:04:51:37 -0500] "GET /BLA/resoluciones/AUTOS%202006/AUTOS%202006%202101%20-%202200/00002120.tif HTTP/1.1" 200 58140
192.168.175.104 - - [15/Oct/2017:04:51:38 -0500] "GET / HTTP/1.1" 200 9990
164.132.161.2 - - [15/Oct/2017:04:51:53 -0500] "GET /BLA/resoluciones/AUTOS%202006/AUTOS%202006%20601-700/00000618.tif HTTP/1.1" 200 55660
65.208.151.115 - - [15/Oct/2017:04:51:58 -0500] "GET /icons/unknown.gif HTTP/1.1" 200 245
164.132.161.7 - - [15/Oct/2017:04:52:13 -0500] "GET /BLA/resoluciones/RESOLUCIONES%202006/RES%202006%202301-2350/INDEX.DAT HTTP/1.1" 200 2000
66.249.66.155 - - [15/Oct/2017:04:52:20 -0500] "GET /BLA/resoluciones/RESOLUCIONES%202008/2926.pdf HTTP/1.1" 200 258728
104.199.87.90 - - [15/Oct/2017:04:52:25 -0500] "-" 408 -
188.167.251.63 - - [15/Oct/2017:04:52:51 -0500] "GET /galeria/galeria/jquery.fancybox.css?v=2.1.5 HTTP/1.1" 200 4895
188.167.251.63 - - [15/Oct/2017:04:52:51 -0500] "GET /BLA/boletinlegal/js/jquery.scrollShow.js HTTP/1.1" 200 4586
188.167.251.63 - - [15/Oct/2017:04:52:51 -0500] "GET /galeria/galeria/jquery.fancybox.js?v=2.1.5 HTTP/1.1" 200 48706
188.167.251.63 - - [15/Oct/2017:04:53:01 -0500] "GET /galeria/mapa2/humedal.html? HTTP/1.1" 200 11166
188.167.251.63 - - [15/Oct/2017:04:53:01 -0500] "GET /galeria/mapa2/TORCA12.jpg HTTP/1.1" 200 24337
188.167.251.63 - - [15/Oct/2017:04:53:01 -0500] "GET /galeria/mapa2/Guaymaral12.jpg HTTP/1.1" 200 53686
188.167.251.63 - - [15/Oct/2017:04:53:01 -0500] "GET /galeria/mapa2/CONEJERA12.jpg HTTP/1.1" 200 21841
188.167.251.63 - - [15/Oct/2017:04:53:01 -0500] "GET /galeria/mapa2/CORDOBA12.jpg HTTP/1.1" 200 23380
188.167.251.63 - - [15/Oct/2017:04:53:01 -0500] "GET /galeria/mapa2/JUANAMARILLO12.jpg HTTP/1.1" 200 21131
188.167.251.63 - - [15/Oct/2017:04:53:01 -0500] "GET /galeria/mapa2/SANTAMARIA22.jpg HTTP/1.1" 200 22321
188.167.251.63 - - [15/Oct/2017:04:53:01 -0500] "GET /galeria/mapa2/JABOQUE12.jpg HTTP/1.1" 200 21815
188.167.251.63 - - [15/Oct/2017:04:53:01 -0500] "GET /galeria/mapa2/capellania12.jpg HTTP/1.1" 200 22811
188.167.251.63 - - [15/Oct/2017:04:53:01 -0500] "GET /galeria/mapa2/MEANDRO12.jpg HTTP/1.1" 200 22732
188.167.251.63 - - [15/Oct/2017:04:53:02 -0500] "GET /galeria/mapa2/TECHO12.jpg HTTP/1.1" 200 27716
188.167.251.63 - - [15/Oct/2017:04:53:02 -0500] "GET /galeria/mapa2/BURRO12.jpg HTTP/1.1" 200 24169
188.167.251.63 - - [15/Oct/2017:04:53:02 -0500] "GET /galeria/mapa2/VACA12.jpg HTTP/1.1" 200 22491
188.167.251.63 - - [15/Oct/2017:04:53:02 -0500] "GET /galeria/mapa2/TIBANICA12.jpg HTTP/1.1" 200 23039
188.167.251.63 - - [15/Oct/2017:04:53:02 -0500] "GET /galeria/mapa2/Aula-Soratama.jpg HTTP/1.1" 200 51270
188.167.251.63 - - [15/Oct/2017:04:53:02 -0500] "GET /galeria/mapa2/Aula-Nevados.jpg HTTP/1.1" 200 64761
188.167.251.63 - - [15/Oct/2017:04:53:02 -0500] "GET /galeria/mapa2/Montana-Entrenubes.jpg HTTP/1.1" 200 42011
188.167.251.63 - - [15/Oct/2017:04:53:02 -0500] "GET /galeria/mapa2/aulaSantaM.jpg HTTP/1.1" 200 69216
65.208.151.119 - - [15/Oct/2017:04:53:03 -0500] "GET /icons/unknown.gif HTTP/1.1" 200 245
66.249.66.155 - - [15/Oct/2017:04:53:05 -0500] "GET /BLA/resoluciones/RESOLUCIONES%202010/1830.pdf HTTP/1.1" 200 497793
35.189.197.90 - - [15/Oct/2017:04:53:07 -0500] "-" 408 -
35.190.201.122 - - [15/Oct/2017:04:53:30 -0500] "-" 408 -
66.249.66.155 - - [15/Oct/2017:04:53:49 -0500] "GET /BLA/resoluciones/AUTOS%202014/1232.pdf HTTP/1.1" 304 -
217.182.132.88 - - [15/Oct/2017:04:54:00 -0500] "GET /BLA/resoluciones/RESOLUCIONES%202006/RES%202006%202301-2350/00002339.tif HTTP/1.1" 200 225890
51.255.65.47 - - [15/Oct/2017:04:54:30 -0500] "GET /BLA/resoluciones/index.php?dir=AUTOS%202006/AUTOS%202006%201301-1400/&sort=name&order=desc HTTP/1.1" 200 22001
66.249.66.153 - - [15/Oct/2017:04:54:34 -0500] "GET /BLA/resoluciones/RESOLUCIONES%202017/0310.pdf HTTP/1.1" 200 412082
192.168.175.104 - - [15/Oct/2017:04:54:38 -0500] "GET / HTTP/1.0" 200 9990
35.187.52.64 - - [15/Oct/2017:04:54:40 -0500] "-" 408 -
65.208.151.112 - - [15/Oct/2017:04:54:47 -0500] "GET /icons/unknown.gif HTTP/1.1" 200 245
192.168.175.104 - - [15/Oct/2017:04:55:18 -0500] "GET / HTTP/1.1" 200 9990
217.182.132.192 - - [15/Oct/2017:04:55:36 -0500] "GET /BLA/resoluciones/RESOLUCIONES%202002/RES%202002%20501-550/00000548.tif HTTP/1.1" 200 96732
69.162.124.233 - - [15/Oct/2017:04:55:37 -0500] "HEAD / HTTP/1.1" 200 -
35.189.242.65 - - [15/Oct/2017:04:55:50 -0500] "-" 408 -
66.249.66.153 - - [15/Oct/2017:04:56:03 -0500] "GET /BLA/resoluciones/RESOLUCIONES%202014/1089.pdf HTTP/1.1" 200 2544414
192.168.175.104 - - [15/Oct/2017:04:56:36 -0500] "GET / HTTP/1.1" 200 9990
66.249.66.156 - - [15/Oct/2017:04:56:48 -0500] "GET /BLA/resoluciones/AUTOS%202007/3260.pdf HTTP/1.1" 200 456252
65.208.151.116 - - [15/Oct/2017:04:56:52 -0500] "GET /icons/unknown.gif HTTP/1.1" 200 245
35.189.215.158 - - [15/Oct/2017:04:56:58 -0500] "-" 408 -
66.249.66.156 - - [15/Oct/2017:04:57:33 -0500] "GET /BLA/resoluciones/RESOLUCIONES%202010/0603.pdf HTTP/1.1" 200 506603
51.255.65.10 - - [15/Oct/2017:04:57:36 -0500] "GET /BLA/resoluciones/RESOLUCIONES%202006/RES%202006%202751-2800/00002783.tif HTTP/1.1" 200 87968
35.190.201.122 - - [15/Oct/2017:04:58:09 -0500] "-" 408 -
66.249.66.155 - - [15/Oct/2017:04:58:18 -0500] "GET /BLA/resoluciones/RESOLUCIONES%202009/0122.pdf HTTP/1.1" 200 263224
65.208.151.117 - - [15/Oct/2017:04:58:28 -0500] "GET /icons/unknown.gif HTTP/1.1" 200 245
66.249.66.153 - - [15/Oct/2017:04:58:39 -0500] "GET /BLA/resoluciones/RESOLUCIONES%202005/RES%202005%20%201601-1650/00001646.tif HTTP/1.1" 200 161054
66.249.66.153 - - [15/Oct/2017:04:59:02 -0500] "GET /BLA/resoluciones/RESOLUCIONES%202010/4133.pdf HTTP/1.1" 200 759265
35.190.203.87 - - [15/Oct/2017:04:59:17 -0500] "-" 408 -
192.168.175.104 - - [15/Oct/2017:04:59:37 -0500] "GET / HTTP/1.0" 200 9990
66.249.66.153 - - [15/Oct/2017:04:59:47 -0500] "GET /BLA/resoluciones/RESOLUCIONES%202010/2967.pdf HTTP/1.1" 200 356548
65.208.151.115 - - [15/Oct/2017:04:59:52 -0500] "GET /icons/unknown.gif HTTP/1.1" 200 245
51.255.65.29 - - [15/Oct/2017:05:00:03 -0500] "GET /BLA/resoluciones/index.php?dir=Notificaciones%2FAUTOS+2015%2F HTTP/1.1" 200 101172
192.168.175.104 - - [15/Oct/2017:05:00:16 -0500] "GET / HTTP/1.1" 200 9990
35.187.34.70 - - [15/Oct/2017:05:00:27 -0500] "-" 408 -
66.249.66.156 - - [15/Oct/2017:05:00:32 -0500] "GET /BLA/resoluciones/AUTOS%202013/3591.pdf HTTP/1.1" 200 928045
69.162.124.233 - - [15/Oct/2017:05:00:37 -0500] "HEAD / HTTP/1.1" 200 -
65.208.151.115 - - [15/Oct/2017:05:01:05 -0500] "GET /icons/unknown.gif HTTP/1.1" 200 245
191.109.207.188 - - [15/Oct/2017:05:01:10 -0500] "GET /BLA/boletinlegal/js/jquery.scrollShow.js HTTP/1.1" 200 4586
191.109.207.188 - - [15/Oct/2017:05:01:10 -0500] "GET /galeria/galeria/jquery.fancybox.js?v=2.1.5 HTTP/1.1" 200 48706
191.109.207.188 - - [15/Oct/2017:05:01:10 -0500] "GET /galeria/galeria/jquery.fancybox.css?v=2.1.5 HTTP/1.1" 200 4895
66.249.66.153 - - [15/Oct/2017:05:01:16 -0500] "GET /BLA/resoluciones/AUTOS%202013/2290.pdf HTTP/1.1" 200 716527
35.193.114.205 - - [15/Oct/2017:05:01:23 -0500] "GET /robots.txt HTTP/1.1" 404 1018
192.168.175.104 - - [15/Oct/2017:05:01:34 -0500] "GET / HTTP/1.1" 200 9990
35.190.203.87 - - [15/Oct/2017:05:01:36 -0500] "-" 408 -
35.190.203.87 - - [15/Oct/2017:05:01:46 -0500] "-" 408 -
66.249.66.153 - - [15/Oct/2017:05:02:01 -0500] "GET /BLA/resoluciones/RESOLUCIONES%202013/2726.pdf HTTP/1.1" 200 872032
65.208.151.112 - - [15/Oct/2017:05:02:28 -0500] "GET /icons/unknown.gif HTTP/1.1" 200 245
35.187.34.70 - - [15/Oct/2017:05:02:45 -0500] "-" 408 -
66.249.66.155 - - [15/Oct/2017:05:03:12 -0500] "GET /images/CORREO.jpg HTTP/1.1" 304 -
104.199.87.90 - - [15/Oct/2017:05:03:53 -0500] "-" 408 -
65.208.151.115 - - [15/Oct/2017:05:03:56 -0500] "GET /icons/unknown.gif HTTP/1.1" 200 245
35.193.114.205 - - [15/Oct/2017:05:02:45 -0500] "GET /BLA/boletinlegal/index.php HTTP/1.1" 200 58320
104.199.87.90 - - [15/Oct/2017:05:04:03 -0500] "-" 408 -
66.249.66.156 - - [15/Oct/2017:05:04:15 -0500] "GET / HTTP/1.1" 200 9990
201.245.192.245 - - [15/Oct/2017:05:03:46 -0500] "POST /kwsrmcab/Wsrmcab HTTP/1.1" 200 27519
192.168.175.104 - - [15/Oct/2017:05:04:35 -0500] "GET / HTTP/1.0" 200 9990
69.162.124.233 - - [15/Oct/2017:05:04:45 -0500] "HEAD / HTTP/1.1" 200 -
201.245.192.245 - - [15/Oct/2017:05:04:19 -0500] "POST /kwsrmcab/Wsrmcab HTTP/1.1" 200 21418
35.190.207.132 - - [15/Oct/2017:05:05:02 -0500] "-" 408 -
65.208.151.115 - - [15/Oct/2017:05:05:05 -0500] "GET /icons/unknown.gif HTTP/1.1" 200 245
192.168.175.104 - - [15/Oct/2017:05:05:14 -0500] "GET / HTTP/1.1" 200 9990
164.132.161.41 - - [15/Oct/2017:05:05:24 -0500] "GET /BLA/resoluciones/RESOLUCIONES%202005/RES%202005%20%201651-1700/00001653.tif HTTP/1.1" 200 101110
216.244.66.203 - - [15/Oct/2017:05:05:31 -0500] "GET /robots.txt HTTP/1.1" 404 1019
35.193.114.205 - - [15/Oct/2017:05:05:43 -0500] "GET /robots.txt HTTP/1.1" 404 1018
35.189.242.65 - - [15/Oct/2017:05:06:11 -0500] "-" 408 -
65.208.151.113 - - [15/Oct/2017:05:06:19 -0500] "GET /icons/unknown.gif HTTP/1.1" 200 245
192.168.175.104 - - [15/Oct/2017:05:06:32 -0500] "GET / HTTP/1.1" 200 9990
35.193.114.205 - - [15/Oct/2017:05:06:42 -0500] "GET /BLA/boletinlegal/Directivas/2011/Directiva%20No.%204%20del%2028%20de%20Junio%20de%202011.pdf HTTP/1.1" 200 960158
104.199.87.90 - - [15/Oct/2017:05:07:19 -0500] "-" 408 -
65.208.151.116 - - [15/Oct/2017:05:07:23 -0500] "GET /icons/unknown.gif HTTP/1.1" 200 245
137.74.207.159 - - [15/Oct/2017:05:07:33 -0500] "GET /BLA/resoluciones/RESOLUCIONES%202005/RES%202005%20701-750/00000723.tif HTTP/1.1" 200 246538
51.255.65.88 - - [15/Oct/2017:05:07:39 -0500] "GET /BLA/resoluciones/RESOLUCIONES%202006/RES%202006%201701-1751/00001742.tif HTTP/1.1" 200 183806
151.80.39.136 - - [15/Oct/2017:05:07:40 -0500] "GET /robots.txt HTTP/1.1" 404 1019
217.182.132.93 - - [15/Oct/2017:05:07:40 -0500] "GET / HTTP/1.1" 200 9990
35.190.201.122 - - [15/Oct/2017:05:08:28 -0500] "-" 408 -
207.46.13.42 - - [15/Oct/2017:05:08:29 -0500] "GET /ecodirectorio/files/res/downloads/download_0029.pdf HTTP/1.1" 200 186135
66.249.66.156 - - [15/Oct/2017:05:08:44 -0500] "GET /BLA/resoluciones/AUTOS%202015/4936.pdf HTTP/1.1" 200 463787
65.208.151.117 - - [15/Oct/2017:05:09:03 -0500] "GET /icons/unknown.gif HTTP/1.1" 200 245
66.249.66.156 - - [15/Oct/2017:05:09:28 -0500] "GET /BLA/resoluciones/RESOLUCIONES%202011/2088.pdf HTTP/1.1" 200 591482
192.168.175.104 - - [15/Oct/2017:05:09:33 -0500] "GET / HTTP/1.0" 200 9990
35.189.218.56 - - [15/Oct/2017:05:09:37 -0500] "-" 408 -
69.162.124.233 - - [15/Oct/2017:05:09:45 -0500] "HEAD / HTTP/1.1" 200 -
192.168.175.104 - - [15/Oct/2017:05:10:12 -0500] "GET / HTTP/1.1" 200 9990
65.208.151.115 - - [15/Oct/2017:05:10:12 -0500] "GET /icons/unknown.gif HTTP/1.1" 200 245
217.182.132.174 - - [15/Oct/2017:05:10:19 -0500] "GET /BLA/resoluciones/AUTOS%202006/AUTOS%202006%201201-1300/00001290.tif HTTP/1.1" 200 51462
217.182.132.88 - - [15/Oct/2017:05:10:27 -0500] "GET /BLA/resoluciones/RESOLUCIONES%202006/RES%202006%201701-1751/00001726.tif HTTP/1.1" 200 162420
104.199.87.90 - - [15/Oct/2017:05:10:47 -0500] "-" 408 -
192.168.175.104 - - [15/Oct/2017:05:11:31 -0500] "GET / HTTP/1.1" 200 9990
35.190.201.122 - - [15/Oct/2017:05:11:56 -0500] "-" 408 -
65.208.151.119 - - [15/Oct/2017:05:11:59 -0500] "GET /icons/unknown.gif HTTP/1.1" 200 245
51.255.65.41 - - [15/Oct/2017:05:11:59 -0500] "GET /BLA/resoluciones/RESOLUCIONES%202003/RES%202003%201951-2000/00001980.tif HTTP/1.1" 200 107074
35.189.197.90 - - [15/Oct/2017:05:12:40 -0500] "-" 408 -
65.208.151.116 - - [15/Oct/2017:05:12:47 -0500] "GET /icons/unknown.gif HTTP/1.1" 200 245
104.223.65.54 - - [15/Oct/2017:05:12:51 -0500] "GET /galeria/galeria/jquery.fancybox.css?v=2.1.5 HTTP/1.1" 200 4895
104.223.65.54 - - [15/Oct/2017:05:12:51 -0500] "GET /BLA/boletinlegal/js/jquery.scrollShow.js HTTP/1.1" 200 4586
104.223.65.54 - - [15/Oct/2017:05:12:51 -0500] "GET /galeria/galeria/jquery.fancybox.js?v=2.1.5 HTTP/1.1" 200 48706
104.223.65.54 - - [15/Oct/2017:05:12:53 -0500] "GET /galeria/nivo-slider/demo/demo.html HTTP/1.1" 200 5747
104.223.65.54 - - [15/Oct/2017:05:12:53 -0500] "GET /galeria/nivo-slider/themes/orman/orman.css HTTP/1.1" 200 2152
104.223.65.54 - - [15/Oct/2017:05:12:53 -0500] "GET /galeria/nivo-slider/themes/pascal/pascal.css HTTP/1.1" 200 2258
104.223.65.54 - - [15/Oct/2017:05:12:53 -0500] "GET /galeria/nivo-slider/themes/default/default.css HTTP/1.1" 200 1569
104.223.65.54 - - [15/Oct/2017:05:12:53 -0500] "GET /galeria/nivo-slider/nivo-slider.css HTTP/1.1" 200 1507
104.223.65.54 - - [15/Oct/2017:05:12:53 -0500] "GET /galeria/nivo-slider/demo/style.css HTTP/1.1" 200 2222
104.223.65.54 - - [15/Oct/2017:05:12:53 -0500] "GET /galeria/nivo-slider/demo/scripts/jquery-1.7.1.min.js HTTP/1.1" 200 93868
104.223.65.54 - - [15/Oct/2017:05:12:53 -0500] "GET /galeria/nivo-slider/jquery.nivo.slider.pack.js HTTP/1.1" 200 11561
104.223.65.54 - - [15/Oct/2017:05:12:58 -0500] "GET /BLA/boletinlegal/js/jquery.scrollShow.js HTTP/1.1" 200 4586
104.223.65.54 - - [15/Oct/2017:05:12:58 -0500] "GET /galeria/galeria/jquery.fancybox.js?v=2.1.5 HTTP/1.1" 200 48706
104.223.65.54 - - [15/Oct/2017:05:12:58 -0500] "GET /galeria/galeria/jquery.fancybox.css?v=2.1.5 HTTP/1.1" 200 4895
104.223.65.54 - - [15/Oct/2017:05:12:59 -0500] "GET /galeria/nivo-slider/demo/demo.html HTTP/1.1" 200 5747
104.223.65.54 - - [15/Oct/2017:05:13:00 -0500] "GET /galeria/nivo-slider/themes/orman/orman.css HTTP/1.1" 200 2152
104.223.65.54 - - [15/Oct/2017:05:13:00 -0500] "GET /galeria/nivo-slider/themes/default/default.css HTTP/1.1" 200 1569
104.223.65.54 - - [15/Oct/2017:05:13:00 -0500] "GET /galeria/nivo-slider/nivo-slider.css HTTP/1.1" 200 1507
104.223.65.54 - - [15/Oct/2017:05:13:00 -0500] "GET /galeria/nivo-slider/themes/pascal/pascal.css HTTP/1.1" 200 2258
104.223.65.54 - - [15/Oct/2017:05:13:00 -0500] "GET /galeria/nivo-slider/demo/style.css HTTP/1.1" 200 2222
104.223.65.54 - - [15/Oct/2017:05:13:00 -0500] "GET /galeria/nivo-slider/demo/scripts/jquery-1.7.1.min.js HTTP/1.1" 200 93868
104.223.65.54 - - [15/Oct/2017:05:13:00 -0500] "GET /galeria/nivo-slider/jquery.nivo.slider.pack.js HTTP/1.1" 200 11561
35.190.203.87 - - [15/Oct/2017:05:13:05 -0500] "-" 408 -
51.255.65.85 - - [15/Oct/2017:05:13:17 -0500] "GET /BLA/resoluciones/RESOLUCIONES%202005/RES%202005%20801-850/00000817.tif HTTP/1.1" 200 176998
66.249.66.157 - - [15/Oct/2017:05:13:24 -0500] "GET /galeria/nivo-slider/demo/images/astromirador4.jpg HTTP/1.1" 200 156727
66.249.66.153 - - [15/Oct/2017:05:13:57 -0500] "GET /BLA/resoluciones/RESOLUCIONES%202011/5940.pdf HTTP/1.1" 200 1254664
66.249.66.153 - - [15/Oct/2017:05:14:04 -0500] "GET /BLA/resoluciones/RESOLUCIONES%202008/3250.pdf HTTP/1.1" 200 524543
65.208.151.115 - - [15/Oct/2017:05:14:09 -0500] "GET /icons/unknown.gif HTTP/1.1" 200 245
35.189.218.56 - - [15/Oct/2017:05:14:14 -0500] "-" 408 -
201.245.192.245 - - [15/Oct/2017:05:13:46 -0500] "POST /kwsrmcab/Wsrmcab HTTP/1.1" 200 27519
192.168.175.104 - - [15/Oct/2017:05:14:31 -0500] "GET / HTTP/1.0" 200 9990
66.249.66.156 - - [15/Oct/2017:05:14:41 -0500] "GET /BLA/resoluciones/RESOLUCIONES%202014/2261.pdf HTTP/1.1" 200 724994
69.162.124.233 - - [15/Oct/2017:05:14:45 -0500] "HEAD / HTTP/1.1" 200 -
217.182.132.75 - - [15/Oct/2017:05:14:59 -0500] "GET /BLA/resoluciones/RESOLUCIONES%202004/RES%202004%20351-400/00000397.tif HTTP/1.1" 200 192794
192.168.175.104 - - [15/Oct/2017:05:15:10 -0500] "GET / HTTP/1.1" 200 9990
65.208.151.119 - - [15/Oct/2017:05:15:20 -0500] "GET /icons/unknown.gif HTTP/1.1" 200 245
35.189.215.158 - - [15/Oct/2017:05:15:23 -0500] "-" 408 -
66.249.66.153 - - [15/Oct/2017:05:15:26 -0500] "GET /transparencia/directorioservidores/agosto2015.xlsx HTTP/1.1" 304 -
204.79.180.6 - - [15/Oct/2017:05:15:26 -0500] "GET /BLA/boletinlegal/actas/079-2013.pdf HTTP/1.1" 200 1500109
192.168.175.104 - - [15/Oct/2017:05:16:29 -0500] "GET / HTTP/1.1" 200 9990
35.187.34.70 - - [15/Oct/2017:05:16:32 -0500] "-" 408 -
65.208.151.114 - - [15/Oct/2017:05:16:45 -0500] "GET /icons/unknown.gif HTTP/1.1" 200 245
66.249.66.153 - - [15/Oct/2017:05:16:56 -0500] "GET /BLA/resoluciones/AUTOS%202013/1873.pdf HTTP/1.1" 304 -
217.182.132.37 - - [15/Oct/2017:05:17:10 -0500] "GET /BLA/resoluciones/AUTOS%202006/AUTOS%202006%202601%20-%202700/00002624.tif HTTP/1.1" 200 49920
66.249.66.157 - - [15/Oct/2017:05:17:29 -0500] "GET /Residuos/metalmecanica/metalmecanica.swf HTTP/1.1" 200 400859
66.249.66.156 - - [15/Oct/2017:05:17:38 -0500] "GET /Residuos/metalmecanica/files/info.xml?rnd=bc9b59e2-eba5-4734-ac9c-86f65f1317d9 HTTP/1.1" 200 71799
66.249.66.157 - - [15/Oct/2017:05:17:38 -0500] "GET /Residuos/metalmecanica/files/search/searchtext.xml HTTP/1.1" 200 201331
35.190.207.132 - - [15/Oct/2017:05:17:42 -0500] "-" 408 -
65.208.151.112 - - [15/Oct/2017:05:17:59 -0500] "GET /icons/unknown.gif HTTP/1.1" 200 245
66.249.66.155 - - [15/Oct/2017:05:18:11 -0500] "GET /galeria/galeria/fotos/Humedal-la-conejera5P.jpg HTTP/1.1" 200 32699
217.182.132.55 - - [15/Oct/2017:05:18:22 -0500] "GET /BLA/resoluciones/RESOLUCIONES%202005/RES%202005%201551-1600/00001587.tif HTTP/1.1" 200 153364
35.187.34.70 - - [15/Oct/2017:05:18:51 -0500] "-" 408 -
35.187.34.70 - - [15/Oct/2017:05:19:01 -0500] "-" 408 -
65.208.151.116 - - [15/Oct/2017:05:19:26 -0500] "GET /icons/unknown.gif HTTP/1.1" 200 245
192.168.175.104 - - [15/Oct/2017:05:19:29 -0500] "GET / HTTP/1.0" 200 9990
69.162.124.233 - - [15/Oct/2017:05:19:44 -0500] "HEAD / HTTP/1.1" 200 -
66.249.66.153 - - [15/Oct/2017:05:19:54 -0500] "GET /BLA/resoluciones/AUTOS%202013/0394.pdf HTTP/1.1" 304 -
35.187.52.64 - - [15/Oct/2017:05:19:59 -0500] "-" 408 -
192.168.175.104 - - [15/Oct/2017:05:20:08 -0500] "GET / HTTP/1.1" 200 9990
164.132.161.72 - - [15/Oct/2017:05:20:18 -0500] "GET /BLA/resoluciones/RESOLUCIONES%202003/RES%202003%20101-150/2003RES101.tif HTTP/1.1" 200 167144
35.190.203.87 - - [15/Oct/2017:05:21:09 -0500] "-" 408 -
65.208.151.113 - - [15/Oct/2017:05:21:14 -0500] "GET /icons/unknown.gif HTTP/1.1" 200 245
66.249.66.153 - - [15/Oct/2017:05:21:24 -0500] "GET /BLA/resoluciones/RESOLUCIONES%202007/RES%202007%201201%20AL%201300/RESOLUCION%201243%20DE%202007.pdf HTTP/1.1" 200 533280
217.182.132.175 - - [15/Oct/2017:05:21:25 -0500] "GET /BLA/resoluciones/RESOLUCIONES%202006/RES%202006%201451-1500/00001472.tif HTTP/1.1" 200 199562
192.168.175.104 - - [15/Oct/2017:05:21:26 -0500] "GET / HTTP/1.1" 200 9990
217.182.132.146 - - [15/Oct/2017:05:21:41 -0500] "GET /BLA/resoluciones/RESOLUCIONES%202005/RES%202005%202201-2250/00002244.tif HTTP/1.1" 200 287970
35.187.34.70 - - [15/Oct/2017:05:22:18 -0500] "-" 408 -
65.208.151.112 - - [15/Oct/2017:05:22:28 -0500] "GET /icons/unknown.gif HTTP/1.1" 200 245
131.253.25.83 - - [15/Oct/2017:05:22:53 -0500] "GET /galeria/galeria/jquery.fancybox.js?v=2.1.5 HTTP/1.1" 200 48706
131.253.25.67 - - [15/Oct/2017:05:22:53 -0500] "GET /BLA/boletinlegal/js/jquery.scrollShow.js HTTP/1.1" 200 4586
131.253.25.67 - - [15/Oct/2017:05:22:54 -0500] "GET /galeria/galeria/jquery.fancybox.css?v=2.1.5 HTTP/1.1" 200 4895
35.189.218.56 - - [15/Oct/2017:05:23:27 -0500] "-" 408 -
65.208.151.113 - - [15/Oct/2017:05:23:59 -0500] "GET /icons/unknown.gif HTTP/1.1" 200 245
201.245.192.245 - - [15/Oct/2017:05:23:45 -0500] "POST /kwsrmcab/Wsrmcab HTTP/1.1" 200 27519
51.255.65.92 - - [15/Oct/2017:05:24:28 -0500] "GET /BLA/resoluciones/RESOLUCIONES%202006/RES%202006%201701-1751/00001704.tif HTTP/1.1" 200 195456
192.168.175.104 - - [15/Oct/2017:05:24:28 -0500] "GET / HTTP/1.0" 200 9990
35.189.215.158 - - [15/Oct/2017:05:24:35 -0500] "-" 408 -
69.162.124.233 - - [15/Oct/2017:05:24:44 -0500] "HEAD / HTTP/1.1" 200 -
93.159.230.87 - - [15/Oct/2017:05:25:03 -0500] "GET / HTTP/1.1" 200 9990
93.159.230.87 - - [15/Oct/2017:05:25:03 -0500] "GET /css/bootstrap.min.css HTTP/1.1" 200 105939
93.159.230.87 - - [15/Oct/2017:05:25:03 -0500] "GET /css/style.css HTTP/1.1" 200 3610
93.159.230.87 - - [15/Oct/2017:05:25:03 -0500] "GET /js/jquery.js HTTP/1.1" 200 97120
93.159.230.87 - - [15/Oct/2017:05:25:03 -0500] "GET /js/bootstrap.min.js HTTP/1.1" 200 28538
93.159.230.87 - - [15/Oct/2017:05:25:04 -0500] "GET /js/jquery.js HTTP/1.1" 200 97120
93.159.230.87 - - [15/Oct/2017:05:25:05 -0500] "GET /js/bootstrap.min.js HTTP/1.1" 200 28538
192.168.175.104 - - [15/Oct/2017:05:25:06 -0500] "GET / HTTP/1.1" 200 9990
65.208.151.118 - - [15/Oct/2017:05:25:20 -0500] "GET /icons/unknown.gif HTTP/1.1" 200 245
35.189.218.56 - - [15/Oct/2017:05:25:44 -0500] "-" 408 -
66.249.66.153 - - [15/Oct/2017:05:26:22 -0500] "GET /BLA/resoluciones/RESOLUCIONES%202005/RES%202005%20%201601-1650/00001606.tif HTTP/1.1" 200 540136
192.168.175.104 - - [15/Oct/2017:05:26:24 -0500] "GET / HTTP/1.1" 200 9990
66.249.66.156 - - [15/Oct/2017:05:26:37 -0500] "GET / HTTP/1.1" 200 9990
65.208.151.119 - - [15/Oct/2017:05:26:44 -0500] "GET /icons/unknown.gif HTTP/1.1" 200 245
104.199.87.90 - - [15/Oct/2017:05:26:53 -0500] "-" 408 -
104.199.87.90 - - [15/Oct/2017:05:27:03 -0500] "-" 408 -
66.249.66.158 - - [15/Oct/2017:05:27:22 -0500] "GET / HTTP/1.1" 200 9990
217.182.132.178 - - [15/Oct/2017:05:27:23 -0500] "GET /BLA/resoluciones/RESOLUCIONES%202006/RES%202006%202401-2450/00002435.tif HTTP/1.1" 200 205660
35.189.218.56 - - [15/Oct/2017:05:28:02 -0500] "-" 408 -
66.249.66.151 - - [15/Oct/2017:05:28:06 -0500] "GET /robots.txt HTTP/1.1" 404 1015
66.249.66.151 - - [15/Oct/2017:05:28:06 -0500] "GET / HTTP/1.1" 200 9990
35.189.197.90 - - [15/Oct/2017:05:28:31 -0500] "-" 408 -
65.208.151.115 - - [15/Oct/2017:05:28:53 -0500] "GET /icons/unknown.gif HTTP/1.1" 200 245
35.187.52.64 - - [15/Oct/2017:05:29:11 -0500] "-" 408 -
192.168.175.104 - - [15/Oct/2017:05:29:26 -0500] "GET / HTTP/1.0" 200 9990
69.162.124.233 - - [15/Oct/2017:05:29:44 -0500] "HEAD / HTTP/1.1" 200 -
65.208.151.113 - - [15/Oct/2017:05:29:57 -0500] "GET /icons/unknown.gif HTTP/1.1" 200 245
192.168.175.104 - - [15/Oct/2017:05:30:03 -0500] "GET / HTTP/1.1" 200 9990
