104.144.110.164 - - [15/Oct/2017:07:28:59 -0500] "GET /BLA/boletinlegal/images/subscribe-icon-big.png HTTP/1.1" 200 47702
104.144.110.164 - - [15/Oct/2017:07:28:59 -0500] "GET /BLA/boletinlegal/images/historia.png HTTP/1.1" 200 52775
104.144.110.164 - - [15/Oct/2017:07:28:59 -0500] "GET /BLA/boletinlegal/images/registro-usuarios.png HTTP/1.1" 200 8106
104.144.110.164 - - [15/Oct/2017:07:28:59 -0500] "GET /BLA/boletinlegal/images/text.jpg HTTP/1.1" 200 568
104.144.110.164 - - [15/Oct/2017:07:28:59 -0500] "GET /BLA/boletinlegal/images/menu_bg.jpg HTTP/1.1" 200 620
104.144.110.164 - - [15/Oct/2017:07:28:59 -0500] "GET /BLA/boletinlegal/images/bg_top.jpg HTTP/1.1" 200 522
104.144.110.164 - - [15/Oct/2017:07:28:59 -0500] "GET /BLA/boletinlegal/images/menu_rght.gif HTTP/1.1" 200 1627
104.144.110.164 - - [15/Oct/2017:07:28:59 -0500] "GET /BLA/boletinlegal/images/body_bg.jpg HTTP/1.1" 200 1601
104.144.110.164 - - [15/Oct/2017:07:28:59 -0500] "GET /BLA/boletinlegal/images/launch.jpg HTTP/1.1" 200 14577
104.144.110.164 - - [15/Oct/2017:07:28:59 -0500] "GET /BLA/boletinlegal/images/screen_1.png HTTP/1.1" 200 202547
104.144.110.164 - - [15/Oct/2017:07:28:59 -0500] "GET /BLA/boletinlegal/images/hover.jpg HTTP/1.1" 200 640
104.144.110.164 - - [15/Oct/2017:07:28:59 -0500] "GET /BLA/boletinlegal/images/menu_lft.gif HTTP/1.1" 200 1713
104.144.110.164 - - [15/Oct/2017:07:29:04 -0500] "GET /BLA/boletinlegal/images/screen_2.png HTTP/1.1" 200 362502
104.144.110.164 - - [15/Oct/2017:07:29:04 -0500] "GET /BLA/boletinlegal/images/screen_3.png HTTP/1.1" 200 210620
104.144.110.164 - - [15/Oct/2017:07:29:04 -0500] "GET /BLA/boletinlegal/images/screen_5.png HTTP/1.1" 200 368876
104.144.110.164 - - [15/Oct/2017:07:29:04 -0500] "GET /BLA/boletinlegal/images/arr_r.jpg HTTP/1.1" 200 1998
104.144.110.164 - - [15/Oct/2017:07:29:04 -0500] "GET /BLA/boletinlegal/images/footer_bg.jpg HTTP/1.1" 200 586
104.144.110.164 - - [15/Oct/2017:07:29:12 -0500] "GET /BLA/boletinlegal/images/pdf.gif HTTP/1.1" 200 567
192.168.175.104 - - [15/Oct/2017:07:29:15 -0500] "GET / HTTP/1.1" 200 9990
35.187.34.70 - - [15/Oct/2017:07:29:18 -0500] "-" 408 -
186.82.252.161 - - [15/Oct/2017:07:29:31 -0500] "GET /galeria/galeria/jquery.fancybox.js?v=2.1.5 HTTP/1.1" 200 48706
104.144.110.164 - - [15/Oct/2017:07:28:58 -0500] "GET /BLA/boletinlegal/index.php? HTTP/1.1" 200 40907
66.249.66.156 - - [15/Oct/2017:07:30:20 -0500] "GET /BLA/resoluciones/RESOLUCIONES%202007/RES%202007%202601%20AL%202700/RESOLUCION%202646%20DE%202007.pdf HTTP/1.1" 304 -
104.199.87.90 - - [15/Oct/2017:07:30:24 -0500] "-" 408 -
192.168.175.104 - - [15/Oct/2017:07:30:34 -0500] "GET / HTTP/1.1" 200 9990
104.199.87.90 - - [15/Oct/2017:07:30:34 -0500] "-" 408 -
65.208.151.113 - - [15/Oct/2017:07:30:42 -0500] "GET /icons/unknown.gif HTTP/1.1" 200 245
65.208.151.118 - - [15/Oct/2017:07:31:30 -0500] "GET /icons/unknown.gif HTTP/1.1" 200 245
66.249.66.157 - - [15/Oct/2017:07:31:31 -0500] "GET / HTTP/1.1" 200 9990
104.199.87.90 - - [15/Oct/2017:07:31:34 -0500] "-" 408 -
186.154.137.167 - - [15/Oct/2017:07:31:38 -0500] "GET /BLA/resoluciones/RESOLUCIONES%202009/4848.pdf HTTP/1.1" 200 865543
186.154.137.167 - - [15/Oct/2017:07:31:39 -0500] "GET /favicon.ico HTTP/1.1" 200 7782
69.162.124.233 - - [15/Oct/2017:07:31:42 -0500] "HEAD / HTTP/1.1" 200 -
186.80.150.102 - - [15/Oct/2017:07:32:35 -0500] "GET /galeria/galeria/jquery.fancybox.css?v=2.1.5 HTTP/1.1" 200 4895
186.80.150.102 - - [15/Oct/2017:07:32:35 -0500] "GET /galeria/galeria/jquery.fancybox.js?v=2.1.5 HTTP/1.1" 200 48706
186.80.150.102 - - [15/Oct/2017:07:32:35 -0500] "GET /BLA/boletinlegal/js/jquery.scrollShow.js HTTP/1.1" 200 4586
35.190.201.122 - - [15/Oct/2017:07:32:44 -0500] "-" 408 -
186.31.63.239 - - [15/Oct/2017:07:32:46 -0500] "GET /BLA/resoluciones/AUTOS%202014/3144.pdf HTTP/1.1" 200 452552
65.208.151.118 - - [15/Oct/2017:07:32:50 -0500] "GET /icons/unknown.gif HTTP/1.1" 200 245
35.189.197.90 - - [15/Oct/2017:07:32:53 -0500] "-" 408 -
186.155.149.229 - - [15/Oct/2017:07:33:30 -0500] "GET /galeria/galeria/jquery.fancybox.js?v=2.1.5 HTTP/1.1" 200 48706
186.155.149.229 - - [15/Oct/2017:07:33:30 -0500] "GET /BLA/boletinlegal/js/jquery.scrollShow.js HTTP/1.1" 200 4586
186.155.149.229 - - [15/Oct/2017:07:33:30 -0500] "GET /galeria/galeria/jquery.fancybox.css?v=2.1.5 HTTP/1.1" 200 4895
186.155.149.229 - - [15/Oct/2017:07:33:36 -0500] "GET /BLA/boletinlegal/js/jquery.scrollShow.js HTTP/1.1" 304 -
186.155.149.229 - - [15/Oct/2017:07:33:36 -0500] "GET /galeria/galeria/jquery.fancybox.js?v=2.1.5 HTTP/1.1" 304 -
186.155.149.229 - - [15/Oct/2017:07:33:36 -0500] "GET /galeria/galeria/jquery.fancybox.css?v=2.1.5 HTTP/1.1" 304 -
192.168.175.104 - - [15/Oct/2017:07:33:37 -0500] "GET / HTTP/1.0" 200 9990
66.249.88.4 - - [15/Oct/2017:07:33:48 -0500] "GET /galeria/galeria/jquery.fancybox.js?v=2.1.5 HTTP/1.1" 200 48706
66.249.88.1 - - [15/Oct/2017:07:33:48 -0500] "GET /galeria/galeria/jquery.fancybox.css?v=2.1.5 HTTP/1.1" 200 4895
66.249.88.7 - - [15/Oct/2017:07:33:48 -0500] "GET /BLA/boletinlegal/js/jquery.scrollShow.js HTTP/1.1" 200 4586
66.249.66.153 - - [15/Oct/2017:07:33:50 -0500] "GET /galeria/galeria/fotos/diaSC13Peq.jpg HTTP/1.1" 304 -
65.208.151.113 - - [15/Oct/2017:07:33:50 -0500] "GET /icons/unknown.gif HTTP/1.1" 200 245
35.189.242.65 - - [15/Oct/2017:07:33:53 -0500] "-" 408 -
181.130.109.136 - - [15/Oct/2017:07:34:01 -0500] "GET /galeria/galeria/jquery.fancybox.css?v=2.1.5 HTTP/1.1" 200 4895
181.130.109.136 - - [15/Oct/2017:07:34:01 -0500] "GET /BLA/boletinlegal/js/jquery.scrollShow.js HTTP/1.1" 200 4586
181.130.109.136 - - [15/Oct/2017:07:34:01 -0500] "GET /galeria/galeria/jquery.fancybox.js?v=2.1.5 HTTP/1.1" 200 48706
192.168.175.104 - - [15/Oct/2017:07:34:13 -0500] "GET / HTTP/1.1" 200 9990
190.67.252.39 - - [15/Oct/2017:07:34:32 -0500] "GET /galeria/galeria/jquery.fancybox.css?v=2.1.5 HTTP/1.1" 200 4895
190.67.252.39 - - [15/Oct/2017:07:34:32 -0500] "GET /BLA/boletinlegal/js/jquery.scrollShow.js HTTP/1.1" 200 4586
190.67.252.39 - - [15/Oct/2017:07:34:32 -0500] "GET /galeria/galeria/jquery.fancybox.js?v=2.1.5 HTTP/1.1" 200 48706
35.187.52.64 - - [15/Oct/2017:07:35:03 -0500] "-" 408 -
66.249.66.155 - - [15/Oct/2017:07:35:12 -0500] "GET /portalsiaccapacitaciones/Listas%20de%20Asistencia%202016/RELACION%20DE%20ASIST.31-03-2016.pdf HTTP/1.1" 200 577991
35.193.114.205 - - [15/Oct/2017:07:35:15 -0500] "GET /robots.txt HTTP/1.1" 404 1018
66.249.66.155 - - [15/Oct/2017:07:35:20 -0500] "GET /galeria/nivo-slider/demo/images/operativogas1.jpg HTTP/1.1" 200 112089
65.208.151.119 - - [15/Oct/2017:07:35:26 -0500] "GET /icons/unknown.gif HTTP/1.1" 200 245
192.168.175.104 - - [15/Oct/2017:07:35:32 -0500] "GET / HTTP/1.1" 200 9990
169.48.66.91 - - [15/Oct/2017:07:35:42 -0500] "GET /robots.txt HTTP/1.0" 404 1018
169.48.66.91 - - [15/Oct/2017:07:35:42 -0500] "GET /Residuos/lavanderias/lavanderias.html HTTP/1.0" 200 1965
35.193.114.205 - - [15/Oct/2017:07:35:55 -0500] "GET /transparencia/directorioservidores/2017/mayo.xlsx HTTP/1.1" 200 88321
66.249.66.153 - - [15/Oct/2017:07:35:59 -0500] "GET /BLA/resoluciones/RESOLUCIONES%202014/3696.pdf HTTP/1.1" 200 7148762
186.83.193.80 - - [15/Oct/2017:07:36:07 -0500] "GET /BLA/resoluciones/index.php?dir=RESOLUCIONES+2017%2F HTTP/1.1" 200 47612
35.189.218.56 - - [15/Oct/2017:07:36:09 -0500] "-" 408 -
69.162.124.233 - - [15/Oct/2017:07:36:42 -0500] "HEAD / HTTP/1.1" 200 -
169.48.66.91 - - [15/Oct/2017:07:36:46 -0500] "GET /BLA/boletinlegal/jurisprudencia/analisis/analisis%20sentencia%20C-1007-2011-1.doc HTTP/1.0" 200 35328
186.83.193.80 - - [15/Oct/2017:07:36:47 -0500] "GET /BLA/resoluciones/index.php?dir= HTTP/1.1" 200 9152
66.249.66.153 - - [15/Oct/2017:07:36:49 -0500] "GET /BLA/resoluciones/RESOLUCIONES%202007/RES%202007%201601%20AL%201725/RESOLUCION%201601%20DE%202007.pdf HTTP/1.1" 200 711290
35.193.114.205 - - [15/Oct/2017:07:36:50 -0500] "GET /transparencia/directorioservidores/2016/septiembre2016.xlsx HTTP/1.1" 200 88994
65.208.151.117 - - [15/Oct/2017:07:36:52 -0500] "GET /icons/unknown.gif HTTP/1.1" 200 245
186.83.193.80 - - [15/Oct/2017:07:36:53 -0500] "GET /BLA/resoluciones/index.php?dir=RESOLUCIONES+2013%2F HTTP/1.1" 200 226356
35.193.114.205 - - [15/Oct/2017:07:37:07 -0500] "GET /transparencia/directorioservidores/abril2015.pdf HTTP/1.1" 200 325020
186.83.193.80 - - [15/Oct/2017:07:37:12 -0500] "GET /BLA/resoluciones/RESOLUCIONES%202013/1135.pdf HTTP/1.1" 200 3363416
186.83.193.80 - - [15/Oct/2017:07:37:15 -0500] "GET /BLA/resoluciones/RESOLUCIONES%202013/1135.pdf HTTP/1.1" 206 1651110
35.190.207.132 - - [15/Oct/2017:07:37:20 -0500] "-" 408 -
66.249.66.153 - - [15/Oct/2017:07:37:26 -0500] "GET /BLA/resoluciones/RESOLUCIONES%202010/7766.pdf HTTP/1.1" 200 66711
217.182.132.97 - - [15/Oct/2017:07:37:55 -0500] "GET /BLA/resoluciones/RESOLUCIONES%202004/RES%202004%2001-%2050/00000043.tif HTTP/1.1" 200 88606
93.158.48.41 - - [15/Oct/2017:07:37:57 -0500] "GET /galeria/galeria/jquery.fancybox.css?v=2.1.5 HTTP/1.1" 200 4895
93.158.48.41 - - [15/Oct/2017:07:37:57 -0500] "GET /galeria/galeria/jquery.fancybox.js?v=2.1.5 HTTP/1.1" 200 48706
93.158.48.41 - - [15/Oct/2017:07:37:57 -0500] "GET /BLA/boletinlegal/js/jquery.scrollShow.js HTTP/1.1" 200 4586
66.249.66.153 - - [15/Oct/2017:07:38:14 -0500] "GET /BLA/resoluciones/RESOLUCIONES%202013/1172.pdf HTTP/1.1" 200 320552
186.83.193.80 - - [15/Oct/2017:07:38:15 -0500] "GET /BLA/resoluciones/RESOLUCIONES%202013/1135.pdf HTTP/1.1" 206 1713152
65.208.151.116 - - [15/Oct/2017:07:38:18 -0500] "GET /icons/unknown.gif HTTP/1.1" 200 245
35.187.34.70 - - [15/Oct/2017:07:38:29 -0500] "-" 408 -
192.168.175.104 - - [15/Oct/2017:07:38:36 -0500] "GET / HTTP/1.0" 200 9990
66.249.66.153 - - [15/Oct/2017:07:38:56 -0500] "GET /BLA/resoluciones/RESOLUCIONES%202012/1067.pdf HTTP/1.1" 200 593977
192.168.175.104 - - [15/Oct/2017:07:39:11 -0500] "GET / HTTP/1.1" 200 9990
35.187.96.204 - - [15/Oct/2017:07:39:39 -0500] "-" 408 -
66.249.66.153 - - [15/Oct/2017:07:39:43 -0500] "GET /BLA/resoluciones/AUTOS%202010/0857.pdf HTTP/1.1" 200 185963
65.208.151.116 - - [15/Oct/2017:07:39:44 -0500] "GET /icons/unknown.gif HTTP/1.1" 200 245
186.83.193.80 - - [15/Oct/2017:07:39:49 -0500] "GET /BLA/resoluciones/RESOLUCIONES%202013/1123.pdf HTTP/1.1" 200 741396
186.83.193.80 - - [15/Oct/2017:07:40:14 -0500] "GET /BLA/resoluciones/index.php?dir=RESOLUCIONES+2013%2F HTTP/1.1" 200 226356
66.249.66.153 - - [15/Oct/2017:07:40:29 -0500] "GET /BLA/resoluciones/AUTOS%202010/0104.pdf HTTP/1.1" 200 255747
192.168.175.104 - - [15/Oct/2017:07:40:30 -0500] "GET / HTTP/1.1" 200 9990
66.249.66.153 - - [15/Oct/2017:07:40:46 -0500] "GET /BLA/resoluciones/RESOLUCIONES%202010/0845.pdf HTTP/1.1" 200 108436
35.189.215.158 - - [15/Oct/2017:07:40:47 -0500] "-" 408 -
65.208.151.119 - - [15/Oct/2017:07:40:51 -0500] "GET /icons/unknown.gif HTTP/1.1" 200 245
186.179.97.82 - - [15/Oct/2017:07:41:01 -0500] "GET /BLA/boletinlegal/js/jquery.scrollShow.js HTTP/1.1" 200 4586
186.179.97.82 - - [15/Oct/2017:07:41:02 -0500] "GET /galeria/galeria/jquery.fancybox.css?v=2.1.5 HTTP/1.1" 200 4895
186.179.97.82 - - [15/Oct/2017:07:41:02 -0500] "GET /galeria/galeria/jquery.fancybox.js?v=2.1.5 HTTP/1.1" 200 48706
69.162.124.233 - - [15/Oct/2017:07:41:42 -0500] "HEAD / HTTP/1.1" 200 -
35.190.203.87 - - [15/Oct/2017:07:41:58 -0500] "-" 408 -
181.49.74.234 - - [15/Oct/2017:07:42:03 -0500] "GET /BLA/boletinlegal/js/jquery.scrollShow.js HTTP/1.1" 200 4586
181.49.74.234 - - [15/Oct/2017:07:42:03 -0500] "GET /galeria/galeria/jquery.fancybox.js?v=2.1.5 HTTP/1.1" 200 48706
181.49.74.234 - - [15/Oct/2017:07:42:03 -0500] "GET /galeria/galeria/jquery.fancybox.css?v=2.1.5 HTTP/1.1" 200 4895
181.49.74.234 - - [15/Oct/2017:07:42:14 -0500] "GET /galeria/galeria/jquery.fancybox.css?v=2.1.5 HTTP/1.1" 304 -
181.49.74.234 - - [15/Oct/2017:07:42:14 -0500] "GET /BLA/boletinlegal/js/jquery.scrollShow.js HTTP/1.1" 304 -
181.49.74.234 - - [15/Oct/2017:07:42:14 -0500] "GET /galeria/galeria/jquery.fancybox.js?v=2.1.5 HTTP/1.1" 304 -
51.255.65.84 - - [15/Oct/2017:07:42:32 -0500] "GET /BLA/resoluciones/AUTOS%202006/AUTOS%202006%20901-1000/00000947.tif HTTP/1.1" 200 93122
65.208.151.117 - - [15/Oct/2017:07:42:32 -0500] "GET /icons/unknown.gif HTTP/1.1" 200 245
78.129.240.69 - - [15/Oct/2017:07:42:47 -0500] "GET / HTTP/1.1" 200 9990
190.84.36.112 - - [15/Oct/2017:07:42:58 -0500] "GET /galeria/galeria/jquery.fancybox.css?v=2.1.5 HTTP/1.1" 200 4895
190.84.36.112 - - [15/Oct/2017:07:42:58 -0500] "GET /BLA/boletinlegal/js/jquery.scrollShow.js HTTP/1.1" 200 4586
190.84.36.112 - - [15/Oct/2017:07:42:58 -0500] "GET /galeria/galeria/jquery.fancybox.js?v=2.1.5 HTTP/1.1" 200 48706
66.249.66.153 - - [15/Oct/2017:07:43:00 -0500] "GET /BLA/resoluciones/RESOLUCIONES%202009/1886.pdf HTTP/1.1" 304 -
35.189.215.158 - - [15/Oct/2017:07:43:07 -0500] "-" 408 -
65.208.151.112 - - [15/Oct/2017:07:43:13 -0500] "GET /icons/unknown.gif HTTP/1.1" 200 245
35.189.215.158 - - [15/Oct/2017:07:43:17 -0500] "-" 408 -
192.168.175.104 - - [15/Oct/2017:07:43:33 -0500] "GET / HTTP/1.0" 200 9990
35.193.114.205 - - [15/Oct/2017:07:43:38 -0500] "GET /robots.txt HTTP/1.1" 404 1018
181.49.74.43 - - [15/Oct/2017:07:44:01 -0500] "GET /BLA/boletinlegal/js/jquery.scrollShow.js HTTP/1.1" 200 4586
181.49.74.43 - - [15/Oct/2017:07:44:01 -0500] "GET /galeria/galeria/jquery.fancybox.js?v=2.1.5 HTTP/1.1" 200 48706
181.49.74.43 - - [15/Oct/2017:07:44:01 -0500] "GET /galeria/galeria/jquery.fancybox.css?v=2.1.5 HTTP/1.1" 200 4895
192.168.175.104 - - [15/Oct/2017:07:44:09 -0500] "GET / HTTP/1.1" 200 9990
35.187.52.64 - - [15/Oct/2017:07:44:17 -0500] "-" 408 -
186.28.212.145 - - [15/Oct/2017:07:44:22 -0500] "GET /galeria/galeria/fotos/GuaymaralTorca4G.jpg HTTP/1.1" 200 373786
66.249.66.153 - - [15/Oct/2017:07:44:30 -0500] "GET /BLA/resoluciones/Notificaciones/AUTOS%202015/2989.doc HTTP/1.1" 200 188928
66.249.66.155 - - [15/Oct/2017:07:45:16 -0500] "GET /Autoliquidacion/dlf/styles.css HTTP/1.1" 200 3045
65.208.151.119 - - [15/Oct/2017:07:45:18 -0500] "GET /icons/unknown.gif HTTP/1.1" 200 245
35.189.215.158 - - [15/Oct/2017:07:45:24 -0500] "-" 408 -
192.168.175.104 - - [15/Oct/2017:07:45:29 -0500] "GET / HTTP/1.1" 200 9990
186.28.212.145 - - [15/Oct/2017:07:45:46 -0500] "GET /galeria/galeria/fotos/juan-amarillo4G.jpg HTTP/1.1" 200 202445
216.244.66.203 - - [15/Oct/2017:07:46:31 -0500] "GET /robots.txt HTTP/1.1" 404 1019
35.187.34.70 - - [15/Oct/2017:07:46:33 -0500] "-" 408 -
65.208.151.116 - - [15/Oct/2017:07:46:34 -0500] "GET /icons/unknown.gif HTTP/1.1" 200 245
69.162.124.233 - - [15/Oct/2017:07:46:42 -0500] "HEAD / HTTP/1.1" 200 -
164.132.161.47 - - [15/Oct/2017:07:46:53 -0500] "GET /BLA/resoluciones/RESOLUCIONES%202006/RES%202006%201201-1250/00001231.tif HTTP/1.1" 200 192190
186.146.155.193 - - [15/Oct/2017:07:47:13 -0500] "GET /galeria/galeria/jquery.fancybox.css?v=2.1.5 HTTP/1.1" 200 4895
186.146.155.193 - - [15/Oct/2017:07:47:13 -0500] "GET /BLA/boletinlegal/js/jquery.scrollShow.js HTTP/1.1" 200 4586
186.146.155.193 - - [15/Oct/2017:07:47:13 -0500] "GET /galeria/galeria/jquery.fancybox.js?v=2.1.5 HTTP/1.1" 200 48706
186.146.155.193 - - [15/Oct/2017:07:47:14 -0500] "GET /galeria/nivo-slider/demo/demo.html HTTP/1.1" 200 5747
186.146.155.193 - - [15/Oct/2017:07:47:15 -0500] "GET /galeria/nivo-slider/themes/pascal/pascal.css HTTP/1.1" 200 2258
186.146.155.193 - - [15/Oct/2017:07:47:15 -0500] "GET /galeria/nivo-slider/themes/orman/orman.css HTTP/1.1" 200 2152
186.146.155.193 - - [15/Oct/2017:07:47:15 -0500] "GET /galeria/nivo-slider/themes/default/default.css HTTP/1.1" 200 1569
186.146.155.193 - - [15/Oct/2017:07:47:15 -0500] "GET /galeria/nivo-slider/nivo-slider.css HTTP/1.1" 200 1507
186.146.155.193 - - [15/Oct/2017:07:47:15 -0500] "GET /galeria/nivo-slider/demo/scripts/jquery-1.7.1.min.js HTTP/1.1" 200 93868
186.146.155.193 - - [15/Oct/2017:07:47:15 -0500] "GET /galeria/nivo-slider/demo/style.css HTTP/1.1" 200 2222
186.146.155.193 - - [15/Oct/2017:07:47:15 -0500] "GET /galeria/nivo-slider/demo/images/semana-eco-ambiental-2017.jpg HTTP/1.1" 200 404683
186.146.155.193 - - [15/Oct/2017:07:47:15 -0500] "GET /galeria/nivo-slider/jquery.nivo.slider.pack.js HTTP/1.1" 200 11561
186.146.155.193 - - [15/Oct/2017:07:47:15 -0500] "GET /galeria/nivo-slider/demo/images/caminata-mes-octubre.jpg HTTP/1.1" 200 366890
186.146.155.193 - - [15/Oct/2017:07:47:16 -0500] "GET /galeria/nivo-slider/demo/images/4Simple_Slider.png HTTP/1.1" 200 11722
186.146.155.193 - - [15/Oct/2017:07:47:16 -0500] "GET /galeria/nivo-slider/themes/default/loading.gif HTTP/1.1" 200 1737
186.146.155.193 - - [15/Oct/2017:07:47:16 -0500] "GET /galeria/nivo-slider/demo/images/simulacro-2017.jpg HTTP/1.1" 200 127800
186.146.155.193 - - [15/Oct/2017:07:47:16 -0500] "GET /galeria/nivo-slider/demo/images/BANNERCAMBIODESEDE2.jpg HTTP/1.1" 200 120178
186.146.155.193 - - [15/Oct/2017:07:47:19 -0500] "GET /galeria/nivo-slider/demo/images/Rio-bogta.jpg HTTP/1.1" 200 223392
186.146.155.193 - - [15/Oct/2017:07:47:19 -0500] "GET /galeria/nivo-slider/demo/images/cuerso-incendios-forestales.jpg HTTP/1.1" 200 235744
186.146.155.193 - - [15/Oct/2017:07:47:19 -0500] "GET /galeria/nivo-slider/demo/images/reciclaton.jpg HTTP/1.1" 200 218030
186.146.155.193 - - [15/Oct/2017:07:47:21 -0500] "GET /galeria/nivo-slider/demo/images/Atencion-de-emergencias-ambientale.jpg HTTP/1.1" 200 129141
186.146.155.193 - - [15/Oct/2017:07:47:21 -0500] "GET /galeria/nivo-slider/demo/images/Urgente.jpg HTTP/1.1" 200 249232
186.146.155.193 - - [15/Oct/2017:07:47:22 -0500] "GET /galeria/nivo-slider/demo/images/Encusta2017.jpg HTTP/1.1" 200 212313
186.146.155.193 - - [15/Oct/2017:07:47:22 -0500] "GET /galeria/nivo-slider/demo/images/maximavelocidad.png HTTP/1.1" 200 880272
186.146.155.193 - - [15/Oct/2017:07:47:22 -0500] "GET /galeria/nivo-slider/demo/images/RIOBOGOTA.jpg HTTP/1.1" 200 126440
186.146.155.193 - - [15/Oct/2017:07:47:24 -0500] "GET /galeria/nivo-slider/demo/images/BANNERCAMINASEP-OCT2017.jpg HTTP/1.1" 200 496401
186.146.155.193 - - [15/Oct/2017:07:47:24 -0500] "GET /galeria/nivo-slider/demo/images/banner%20aceite%20vegetal%20usado.jpg HTTP/1.1" 200 169350
186.146.155.193 - - [15/Oct/2017:07:47:24 -0500] "GET /galeria/nivo-slider/demo/images/bannerlumina2017web.jpg HTTP/1.1" 200 198918
186.146.155.193 - - [15/Oct/2017:07:47:25 -0500] "GET /galeria/nivo-slider/demo/images/BANNERRUTADEVERTIMIENTOS.jpg HTTP/1.1" 200 98506
186.146.155.193 - - [15/Oct/2017:07:47:26 -0500] "GET /galeria/nivo-slider/demo/images/bolsas-06.jpg HTTP/1.1" 200 210950
66.249.66.155 - - [15/Oct/2017:07:47:29 -0500] "GET /BLA/resoluciones/RESOLUCIONES%202010/2175.pdf HTTP/1.1" 304 -
186.146.155.193 - - [15/Oct/2017:07:47:32 -0500] "GET /galeria/nivo-slider/themes/default/arrows.png HTTP/1.1" 200 824
186.146.155.193 - - [15/Oct/2017:07:47:32 -0500] "GET /galeria/nivo-slider/themes/default/bullets.png HTTP/1.1" 200 1281
51.255.65.90 - - [15/Oct/2017:07:47:32 -0500] "GET /BLA/resoluciones/RESOLUCIONES%202002/RES%202002%20801-850/00000827.tif HTTP/1.1" 200 76326
186.83.193.80 - - [15/Oct/2017:07:47:34 -0500] "GET /BLA/resoluciones/index.php?dir= HTTP/1.1" 200 9152
35.190.201.122 - - [15/Oct/2017:07:47:43 -0500] "-" 408 -
186.83.193.80 - - [15/Oct/2017:07:47:43 -0500] "GET /BLA/resoluciones/index.php?dir=RESOLUCIONES+2004%2F HTTP/1.1" 200 13000
65.208.151.116 - - [15/Oct/2017:07:47:58 -0500] "GET /icons/unknown.gif HTTP/1.1" 200 245
186.83.193.80 - - [15/Oct/2017:07:48:25 -0500] "GET /BLA/resoluciones/index.php?dir=RESOLUCIONES+2004%2FRES+2004+901-950%2F HTTP/1.1" 200 12049
186.83.193.80 - - [15/Oct/2017:07:48:26 -0500] "GET /BLA/resoluciones/dlf/unknown.png HTTP/1.1" 200 266
186.83.193.80 - - [15/Oct/2017:07:48:31 -0500] "GET /BLA/resoluciones/index.php?dir=RESOLUCIONES+2004%2FRES+2004+951-1000%2F HTTP/1.1" 200 12101
66.249.66.155 - - [15/Oct/2017:07:48:31 -0500] "GET /BLA/resoluciones/RESOLUCIONES%202005/RES%202005%20%201601-1650/00001640.tif HTTP/1.1" 200 152392
192.168.175.104 - - [15/Oct/2017:07:48:31 -0500] "GET / HTTP/1.0" 200 9990
186.83.193.80 - - [15/Oct/2017:07:48:43 -0500] "GET /BLA/resoluciones/RESOLUCIONES%202004/RES%202004%20951-1000/00000989.tif HTTP/1.1" 200 375422
186.80.41.158 - - [15/Oct/2017:07:48:48 -0500] "GET /galeria/galeria/jquery.fancybox.css?v=2.1.5 HTTP/1.1" 200 4895
186.80.41.158 - - [15/Oct/2017:07:48:48 -0500] "GET /BLA/boletinlegal/js/jquery.scrollShow.js HTTP/1.1" 200 4586
186.80.41.158 - - [15/Oct/2017:07:48:48 -0500] "GET /galeria/galeria/jquery.fancybox.js?v=2.1.5 HTTP/1.1" 200 48706
35.190.207.132 - - [15/Oct/2017:07:48:52 -0500] "-" 408 -
192.168.175.104 - - [15/Oct/2017:07:49:07 -0500] "GET / HTTP/1.1" 200 9990
180.76.15.140 - - [15/Oct/2017:07:49:07 -0500] "GET /robots.txt HTTP/1.1" 404 1015
180.76.15.141 - - [15/Oct/2017:07:49:08 -0500] "GET /robots.txt HTTP/1.1" 404 1015
65.208.151.116 - - [15/Oct/2017:07:49:15 -0500] "GET /icons/unknown.gif HTTP/1.1" 200 245
35.187.34.70 - - [15/Oct/2017:07:49:59 -0500] "-" 408 -
186.83.16.141 - - [15/Oct/2017:07:50:21 -0500] "GET /galeria/galeria/jquery.fancybox.css?v=2.1.5 HTTP/1.1" 200 4895
186.83.16.141 - - [15/Oct/2017:07:50:21 -0500] "GET /BLA/boletinlegal/js/jquery.scrollShow.js HTTP/1.1" 200 4586
186.83.16.141 - - [15/Oct/2017:07:50:21 -0500] "GET /galeria/galeria/jquery.fancybox.js?v=2.1.5 HTTP/1.1" 200 48706
192.168.175.104 - - [15/Oct/2017:07:50:27 -0500] "GET / HTTP/1.1" 200 9990
65.208.151.113 - - [15/Oct/2017:07:50:50 -0500] "GET /icons/unknown.gif HTTP/1.1" 200 245
35.187.34.70 - - [15/Oct/2017:07:51:16 -0500] "-" 408 -
186.83.193.80 - - [15/Oct/2017:07:51:22 -0500] "GET /BLA/resoluciones/index.php?dir=RESOLUCIONES%202004/RES%202004%20951-1000/&sort=name&order=desc HTTP/1.1" 200 12100
186.83.193.80 - - [15/Oct/2017:07:51:24 -0500] "GET /BLA/resoluciones/index.php?dir=RESOLUCIONES+2004%2F HTTP/1.1" 200 13000
186.83.193.80 - - [15/Oct/2017:07:51:26 -0500] "GET /BLA/resoluciones/index.php?dir= HTTP/1.1" 200 9152
186.83.193.80 - - [15/Oct/2017:07:51:31 -0500] "GET /BLA/resoluciones/index.php?dir=RESOLUCIONES+2009%2F HTTP/1.1" 200 1672742
69.162.124.233 - - [15/Oct/2017:07:51:42 -0500] "HEAD / HTTP/1.1" 200 -
180.76.15.31 - - [15/Oct/2017:07:51:43 -0500] "GET /POT-2013/DTS/DTS_20FEB2013_300pm.pdf HTTP/1.1" 200 10600308
181.49.74.234 - - [15/Oct/2017:07:51:48 -0500] "GET /BLA/boletinlegal/js/jquery.scrollShow.js HTTP/1.1" 200 4586
181.49.74.234 - - [15/Oct/2017:07:51:48 -0500] "GET /galeria/galeria/jquery.fancybox.css?v=2.1.5 HTTP/1.1" 200 4895
65.208.151.112 - - [15/Oct/2017:07:51:52 -0500] "GET /icons/unknown.gif HTTP/1.1" 200 245
181.49.74.234 - - [15/Oct/2017:07:51:53 -0500] "GET /galeria/galeria/jquery.fancybox.css?v=2.1.5 HTTP/1.1" 304 -
181.49.74.234 - - [15/Oct/2017:07:51:53 -0500] "GET /BLA/boletinlegal/js/jquery.scrollShow.js HTTP/1.1" 304 -
181.49.74.234 - - [15/Oct/2017:07:51:53 -0500] "GET /galeria/galeria/jquery.fancybox.js?v=2.1.5 HTTP/1.1" 304 -
66.249.66.153 - - [15/Oct/2017:07:51:57 -0500] "GET /BLA/resoluciones/RESOLUCIONES%202014/5535.pdf HTTP/1.1" 200 3486390
186.83.193.80 - - [15/Oct/2017:07:52:04 -0500] "GET /BLA/resoluciones/RESOLUCIONES%202009/5691.pdf HTTP/1.1" 200 1001593
190.24.78.61 - - [15/Oct/2017:07:52:10 -0500] "GET /galeria/galeria/jquery.fancybox.css?v=2.1.5 HTTP/1.1" 200 4895
190.24.78.61 - - [15/Oct/2017:07:52:10 -0500] "GET /BLA/boletinlegal/js/jquery.scrollShow.js HTTP/1.1" 200 4586
190.24.78.61 - - [15/Oct/2017:07:52:10 -0500] "GET /galeria/galeria/jquery.fancybox.js?v=2.1.5 HTTP/1.1" 200 48706
148.101.254.165 - - [15/Oct/2017:07:52:13 -0500] "GET /BLA/boletinlegal/js/jquery.scrollShow.js HTTP/1.1" 200 4586
148.101.254.165 - - [15/Oct/2017:07:52:13 -0500] "GET /galeria/galeria/jquery.fancybox.css?v=2.1.5 HTTP/1.1" 200 4895
148.101.254.165 - - [15/Oct/2017:07:52:13 -0500] "GET /galeria/galeria/jquery.fancybox.js?v=2.1.5 HTTP/1.1" 200 48706
35.190.201.122 - - [15/Oct/2017:07:52:20 -0500] "-" 408 -
35.189.197.90 - - [15/Oct/2017:07:52:33 -0500] "-" 408 -
190.233.166.203 - - [15/Oct/2017:07:53:08 -0500] "GET /SIG/Gesti%C3%B3n%20Talento%20Humano/Gesti%C3%B3n%20Talento%20Humano/126PA01-PR22.pdf HTTP/1.1" 200 322883
190.233.166.203 - - [15/Oct/2017:07:53:09 -0500] "GET /favicon.ico HTTP/1.1" 200 7782
190.233.166.203 - - [15/Oct/2017:07:53:09 -0500] "GET /SIG/Gesti%C3%B3n%20Talento%20Humano/Gesti%C3%B3n%20Talento%20Humano/126PA01-PR22.pdf HTTP/1.1" 206 285195
186.83.193.80 - - [15/Oct/2017:07:53:26 -0500] "GET /BLA/resoluciones/index.php?dir= HTTP/1.1" 200 9152
66.249.66.153 - - [15/Oct/2017:07:53:26 -0500] "GET /BLA/resoluciones/RESOLUCIONES%202011/1253.pdf HTTP/1.1" 200 766045
186.83.193.80 - - [15/Oct/2017:07:53:27 -0500] "GET /BLA/resoluciones/index.php?dir=Acuerdos%2F HTTP/1.1" 200 2840
186.83.193.80 - - [15/Oct/2017:07:53:28 -0500] "GET /BLA/resoluciones/index.php?dir= HTTP/1.1" 200 9152
35.189.215.158 - - [15/Oct/2017:07:53:28 -0500] "-" 408 -
65.208.151.118 - - [15/Oct/2017:07:53:29 -0500] "GET /icons/unknown.gif HTTP/1.1" 200 245
192.168.175.104 - - [15/Oct/2017:07:53:29 -0500] "GET / HTTP/1.0" 200 9990
186.83.193.80 - - [15/Oct/2017:07:53:37 -0500] "GET /BLA/resoluciones/index.php?dir=RESOLUCIONES+2013%2F HTTP/1.1" 200 226356
186.83.193.80 - - [15/Oct/2017:07:53:48 -0500] "GET /BLA/resoluciones/RESOLUCIONES%202013/1132.pdf HTTP/1.1" 200 2862937
186.83.193.80 - - [15/Oct/2017:07:53:51 -0500] "GET /BLA/resoluciones/RESOLUCIONES%202013/1132.pdf HTTP/1.1" 206 1179831
181.57.247.119 - - [15/Oct/2017:07:53:58 -0500] "GET /galeria/galeria/jquery.fancybox.css?v=2.1.5 HTTP/1.1" 200 4895
181.57.247.119 - - [15/Oct/2017:07:53:58 -0500] "GET /galeria/galeria/jquery.fancybox.js?v=2.1.5 HTTP/1.1" 200 48706
181.57.247.119 - - [15/Oct/2017:07:54:00 -0500] "GET /videos/galeria-cronicas/1V3wnplaylist.htm? HTTP/1.1" 200 4013
181.57.247.119 - - [15/Oct/2017:07:54:01 -0500] "GET /videos/galeria-cronicas/js/jquery.jplayer.min.js HTTP/1.1" 200 43668
181.57.247.119 - - [15/Oct/2017:07:54:01 -0500] "GET /videos/galeria-cronicas/skin/blue.monday/jplayer.blue.monday.css HTTP/1.1" 200 12518
181.57.247.119 - - [15/Oct/2017:07:54:01 -0500] "GET /videos/galeria-cronicas/js/jplayer.playlist.min.js HTTP/1.1" 200 8608
181.57.247.119 - - [15/Oct/2017:07:54:03 -0500] "GET /videos/galeria-cronicas/skin/blue.monday/jplayer.blue.monday.video.play.png HTTP/1.1" 200 14424
181.57.247.119 - - [15/Oct/2017:07:54:03 -0500] "GET /videos/galeria-cronicas/skin/blue.monday/jplayer.blue.monday.jpg HTTP/1.1" 200 23189
181.57.247.119 - - [15/Oct/2017:07:54:04 -0500] "GET /videos/galeria-cronicas/1videos/parche.mp4video.mp4 HTTP/1.1" 206 2821840
181.57.247.119 - - [15/Oct/2017:07:54:04 -0500] "GET /videos/galeria-cronicas/1videos/parche.mp4video.mp4 HTTP/1.1" 206 65537
192.168.175.104 - - [15/Oct/2017:07:54:05 -0500] "GET / HTTP/1.1" 200 9990
181.57.247.119 - - [15/Oct/2017:07:54:07 -0500] "GET /videos/galeria-cronicas/1videos/parche.mp4video.mp4 HTTP/1.1" 206 36560
181.57.247.119 - - [15/Oct/2017:07:54:08 -0500] "GET /videos/galeria-cronicas/1videos/parche.mp4video.mp4 HTTP/1.1" 206 36560
181.57.247.119 - - [15/Oct/2017:07:54:08 -0500] "GET /videos/galeria-cronicas/1videos/parche.mp4video.mp4 HTTP/1.1" 206 2747857
181.57.247.119 - - [15/Oct/2017:07:54:09 -0500] "GET /videos/galeria-cronicas/1videos/parche.mp4video.mp4 HTTP/1.1" 206 2717178
181.57.247.119 - - [15/Oct/2017:07:54:09 -0500] "GET /videos/galeria-cronicas/1videos/parche.mp4video.mp4 HTTP/1.1" 206 2651451
181.57.247.119 - - [15/Oct/2017:07:54:09 -0500] "GET /videos/galeria-cronicas/1videos/parche.mp4video.mp4 HTTP/1.1" 206 2651451
181.57.247.119 - - [15/Oct/2017:07:54:10 -0500] "GET /videos/galeria-cronicas/1videos/parche.mp4video.mp4 HTTP/1.1" 206 2618077
181.57.247.119 - - [15/Oct/2017:07:54:11 -0500] "GET /videos/galeria-cronicas/1videos/parche.mp4video.mp4 HTTP/1.1" 206 2587399
66.249.66.153 - - [15/Oct/2017:07:54:11 -0500] "GET /BLA/resoluciones/RESOLUCIONES%202009/9474.pdf HTTP/1.1" 200 354194
35.190.207.132 - - [15/Oct/2017:07:54:38 -0500] "-" 408 -
65.208.151.114 - - [15/Oct/2017:07:55:12 -0500] "GET /icons/unknown.gif HTTP/1.1" 200 245
186.83.193.80 - - [15/Oct/2017:07:55:14 -0500] "GET /BLA/resoluciones/RESOLUCIONES%202013/1132.pdf HTTP/1.1" 206 1683456
207.46.13.79 - - [15/Oct/2017:07:55:19 -0500] "GET /portalsiaccapacitaciones/Soportes%20Capacitaciones%202016/Mesas%20de%20Trabajo%202016/PRESENTACI%C3%83%E2%80%9CN%20NORMAL%20PEV%202016%20ENTIDADES%20DISTRITALES.pdf HTTP/1.1" 404 1019
51.255.71.114 - - [15/Oct/2017:07:55:25 -0500] "GET /BLA/resoluciones/AUTOS%202006/AUTOS%202006%20301-400/00000349.tif HTTP/1.1" 200 56812
192.168.175.104 - - [15/Oct/2017:07:55:26 -0500] "GET / HTTP/1.1" 200 9990
35.190.203.87 - - [15/Oct/2017:07:55:44 -0500] "-" 408 -
66.102.8.139 - - [15/Oct/2017:07:55:50 -0500] "GET /galeria/galeria/fotos/Humedal-la-conejera1G.jpg HTTP/1.1" 200 340987
65.208.151.112 - - [15/Oct/2017:07:56:30 -0500] "GET /icons/unknown.gif HTTP/1.1" 200 245
69.162.124.233 - - [15/Oct/2017:07:56:42 -0500] "HEAD / HTTP/1.1" 200 -
35.187.52.64 - - [15/Oct/2017:07:56:59 -0500] "-" 408 -
66.102.8.137 - - [15/Oct/2017:07:57:05 -0500] "GET /galeria/galeria/fotos/Humedal-Santa-Mar%C3%ADa-del-Lago4G.jpg HTTP/1.1" 200 361652
217.182.132.74 - - [15/Oct/2017:07:57:15 -0500] "GET /BLA/resoluciones/RESOLUCIONES%202004/RES%202004%20851-900/00000869.tif HTTP/1.1" 200 88126
51.255.65.96 - - [15/Oct/2017:07:57:41 -0500] "GET /BLA/resoluciones/RESOLUCIONES%202005/RES%202005%202301-2350/00002335.tif HTTP/1.1" 200 305320
66.249.66.156 - - [15/Oct/2017:07:57:55 -0500] "GET / HTTP/1.1" 200 9990
65.208.151.116 - - [15/Oct/2017:07:57:56 -0500] "GET /icons/unknown.gif HTTP/1.1" 200 245
35.187.96.204 - - [15/Oct/2017:07:58:14 -0500] "-" 408 -
35.187.96.204 - - [15/Oct/2017:07:58:19 -0500] "-" 408 -
192.168.175.104 - - [15/Oct/2017:07:58:28 -0500] "GET / HTTP/1.0" 200 9990
66.249.66.154 - - [15/Oct/2017:07:58:40 -0500] "GET /robots.txt HTTP/1.1" 404 1018
66.249.66.152 - - [15/Oct/2017:07:58:40 -0500] "GET / HTTP/1.1" 200 9990
186.83.193.80 - - [15/Oct/2017:07:58:42 -0500] "GET /BLA/resoluciones/index.php?dir= HTTP/1.1" 200 9152
186.83.193.80 - - [15/Oct/2017:07:58:47 -0500] "GET /BLA/resoluciones/index.php?dir=RESOLUCIONES+2014%2F HTTP/1.1" 200 306082
192.168.175.104 - - [15/Oct/2017:07:59:03 -0500] "GET / HTTP/1.1" 200 9990
35.190.207.132 - - [15/Oct/2017:07:59:19 -0500] "-" 408 -
217.182.132.93 - - [15/Oct/2017:07:59:19 -0500] "GET /BLA/resoluciones/RESOLUCIONES%202005/RES%202005%20851-900/00000861.tif HTTP/1.1" 200 128612
66.249.66.156 - - [15/Oct/2017:07:59:24 -0500] "GET / HTTP/1.1" 200 9990
65.208.151.118 - - [15/Oct/2017:07:59:46 -0500] "GET /icons/unknown.gif HTTP/1.1" 200 245
186.28.101.94 - - [15/Oct/2017:08:00:08 -0500] "GET /galeria/galeria/jquery.fancybox.css?v=2.1.5 HTTP/1.1" 200 4895
186.28.101.94 - - [15/Oct/2017:08:00:08 -0500] "GET /BLA/boletinlegal/js/jquery.scrollShow.js HTTP/1.1" 200 4586
186.28.101.94 - - [15/Oct/2017:08:00:08 -0500] "GET /galeria/galeria/jquery.fancybox.js?v=2.1.5 HTTP/1.1" 200 48706
186.114.6.92 - - [15/Oct/2017:08:00:21 -0500] "GET /ecodirectorio/files/res/downloads/download_0015.pdf HTTP/1.1" 200 175615
186.114.6.92 - - [15/Oct/2017:08:00:21 -0500] "GET /favicon.ico HTTP/1.1" 200 7782
192.168.175.104 - - [15/Oct/2017:08:00:24 -0500] "GET / HTTP/1.1" 200 9990
35.189.242.65 - - [15/Oct/2017:08:00:29 -0500] "-" 408 -
186.83.193.80 - - [15/Oct/2017:08:00:40 -0500] "GET /BLA/resoluciones/index.php?dir= HTTP/1.1" 200 9152
186.83.193.80 - - [15/Oct/2017:08:00:45 -0500] "GET /BLA/resoluciones/index.php?dir=AUTOS+1997%2F HTTP/1.1" 200 1812
186.83.193.80 - - [15/Oct/2017:08:00:53 -0500] "GET /BLA/resoluciones/index.php?dir= HTTP/1.1" 200 9152
66.249.66.153 - - [15/Oct/2017:08:00:54 -0500] "GET /BLA/resoluciones/AUTOS%202015/0730.pdf HTTP/1.1" 200 498841
186.83.193.80 - - [15/Oct/2017:08:01:01 -0500] "GET /BLA/resoluciones/index.php?dir=RESOLUCIONES+2007%2F HTTP/1.1" 200 12504
65.208.151.115 - - [15/Oct/2017:08:01:06 -0500] "GET /icons/unknown.gif HTTP/1.1" 200 245
35.193.114.205 - - [15/Oct/2017:08:01:10 -0500] "GET /robots.txt HTTP/1.1" 404 1018
207.46.13.57 - - [15/Oct/2017:08:01:14 -0500] "GET /galeria/nivo-slider/nivo-slider.css HTTP/1.1" 200 1507
40.77.167.30 - - [15/Oct/2017:08:01:15 -0500] "GET /galeria/nivo-slider/themes/default/default.css HTTP/1.1" 200 1569
157.55.39.180 - - [15/Oct/2017:08:01:18 -0500] "GET /galeria/nivo-slider/themes/pascal/pascal.css HTTP/1.1" 200 2258
66.249.88.4 - - [15/Oct/2017:08:01:19 -0500] "GET /galeria/galeria/jquery.fancybox.js?v=2.1.5 HTTP/1.1" 200 48706
66.249.88.1 - - [15/Oct/2017:08:01:19 -0500] "GET /galeria/galeria/jquery.fancybox.css?v=2.1.5 HTTP/1.1" 200 4895
66.249.88.4 - - [15/Oct/2017:08:01:19 -0500] "GET /BLA/boletinlegal/js/jquery.scrollShow.js HTTP/1.1" 200 4586
186.83.193.80 - - [15/Oct/2017:08:01:20 -0500] "GET /BLA/resoluciones/index.php?dir=RESOLUCIONES+2007%2FRES+2007+101+AL+200%2F HTTP/1.1" 200 26931
181.61.244.157 - - [15/Oct/2017:08:01:22 -0500] "GET /BLA/resoluciones/AUTOS%202017/0775.pdf HTTP/1.1" 200 317668
157.55.39.246 - - [15/Oct/2017:08:01:29 -0500] "GET /galeria/nivo-slider/jquery.nivo.slider.pack.js HTTP/1.1" 200 11561
157.55.39.246 - - [15/Oct/2017:08:01:29 -0500] "GET /galeria/nivo-slider/themes/orman/orman.css HTTP/1.1" 200 2152
186.83.193.80 - - [15/Oct/2017:08:01:34 -0500] "GET /BLA/resoluciones/RESOLUCIONES%202007/RES%202007%20101%20AL%20200/RESOLUCION%200188%20DE%202007.pdf HTTP/1.1" 200 195171
35.193.114.205 - - [15/Oct/2017:08:01:35 -0500] "GET /BLA/boletinlegal/Circulares/2011/Circular%20No.%206%20del%2029%20de%20Julio%20de%202011.pdf HTTP/1.1" 200 262144
35.190.203.87 - - [15/Oct/2017:08:01:35 -0500] "-" 408 -
66.249.66.156 - - [15/Oct/2017:08:01:38 -0500] "GET /BLA/resoluciones/AUTOS%202016/0255.pdf HTTP/1.1" 200 571528
69.162.124.233 - - [15/Oct/2017:08:01:42 -0500] "HEAD / HTTP/1.1" 200 -
35.193.114.205 - - [15/Oct/2017:08:01:47 -0500] "GET /transparencia/directorioservidores/mayo2015.xlsx HTTP/1.1" 200 32554
65.208.151.118 - - [15/Oct/2017:08:02:45 -0500] "GET /icons/unknown.gif HTTP/1.1" 200 245
186.84.178.245 - - [15/Oct/2017:08:02:46 -0500] "GET /galeria/galeria/jquery.fancybox.css?v=2.1.5 HTTP/1.1" 200 4895
186.84.178.245 - - [15/Oct/2017:08:02:46 -0500] "GET /BLA/boletinlegal/js/jquery.scrollShow.js HTTP/1.1" 200 4586
186.84.178.245 - - [15/Oct/2017:08:02:46 -0500] "GET /galeria/galeria/jquery.fancybox.js?v=2.1.5 HTTP/1.1" 200 48706
35.189.215.158 - - [15/Oct/2017:08:02:48 -0500] "-" 408 -
181.61.232.238 - - [15/Oct/2017:08:02:56 -0500] "GET /galeria/galeria/fotos/Entrenube2P.jpg HTTP/1.1" 200 8416
181.61.232.238 - - [15/Oct/2017:08:02:56 -0500] "GET /galeria/galeria/jquery.fancybox.js?v=2.1.5 HTTP/1.1" 200 48706
181.61.232.238 - - [15/Oct/2017:08:02:56 -0500] "GET /galeria/galeria/fotos/Entrenube1P.jpg HTTP/1.1" 200 6959
181.61.232.238 - - [15/Oct/2017:08:02:56 -0500] "GET /galeria/galeria/jquery.fancybox.css?v=2.1.5 HTTP/1.1" 200 4895
181.61.232.238 - - [15/Oct/2017:08:02:56 -0500] "GET /galeria/galeria/fotos/Entrenube3P.jpg HTTP/1.1" 200 8487
181.61.232.238 - - [15/Oct/2017:08:02:56 -0500] "GET /galeria/galeria/fotos/Entrenube4P.jpg HTTP/1.1" 200 10881
186.146.120.138 - - [15/Oct/2017:08:03:03 -0500] "GET /BLA/resoluciones/RESOLUCIONES%202009/6591.pdf HTTP/1.1" 200 586458
66.249.66.155 - - [15/Oct/2017:08:03:08 -0500] "GET /BLA/resoluciones/RESOLUCIONES%202010/7751.pdf HTTP/1.1" 304 -
217.182.132.97 - - [15/Oct/2017:08:03:09 -0500] "GET /BLA/resoluciones/AUTOS%202006/AUTOS%202006%201001-1100/00001091.tif HTTP/1.1" 200 40474
186.83.193.80 - - [15/Oct/2017:08:03:14 -0500] "GET /BLA/resoluciones/index.php?dir=RESOLUCIONES+2007%2F HTTP/1.1" 200 12504
35.193.114.205 - - [15/Oct/2017:08:03:20 -0500] "GET /BLA/ HTTP/1.1" 200 538
192.168.175.104 - - [15/Oct/2017:08:03:27 -0500] "GET / HTTP/1.0" 200 9990
66.249.88.1 - - [15/Oct/2017:08:03:37 -0500] "GET /galeria/galeria/jquery.fancybox.css?v=2.1.5 HTTP/1.1" 200 4895
66.249.88.4 - - [15/Oct/2017:08:03:37 -0500] "GET /BLA/boletinlegal/js/jquery.scrollShow.js HTTP/1.1" 200 4586
66.249.88.1 - - [15/Oct/2017:08:03:37 -0500] "GET /galeria/galeria/jquery.fancybox.js?v=2.1.5 HTTP/1.1" 200 48706
181.52.100.194 - - [15/Oct/2017:08:03:39 -0500] "GET /BLA/boletinlegal/js/jquery.scrollShow.js HTTP/1.1" 200 4586
181.52.100.194 - - [15/Oct/2017:08:03:39 -0500] "GET /galeria/galeria/jquery.fancybox.js?v=2.1.5 HTTP/1.1" 200 48706
181.52.100.194 - - [15/Oct/2017:08:03:39 -0500] "GET /galeria/galeria/jquery.fancybox.css?v=2.1.5 HTTP/1.1" 200 4895
186.83.193.80 - - [15/Oct/2017:08:03:49 -0500] "GET /BLA/resoluciones/index.php?dir=RESOLUCIONES+2007%2FRES+2007+3601+AL+3700%2F HTTP/1.1" 200 26855
66.249.66.156 - - [15/Oct/2017:08:03:53 -0500] "GET /BLA/resoluciones/AUTOS%202009/3989.pdf HTTP/1.1" 200 167177
35.193.114.205 - - [15/Oct/2017:08:03:53 -0500] "GET /silvicultura/9.pdf HTTP/1.1" 404 1018
104.199.87.90 - - [15/Oct/2017:08:03:59 -0500] "-" 408 -
192.168.175.104 - - [15/Oct/2017:08:04:01 -0500] "GET / HTTP/1.1" 200 9990
186.83.193.80 - - [15/Oct/2017:08:04:01 -0500] "GET /BLA/resoluciones/RESOLUCIONES%202007/RES%202007%203601%20AL%203700/RESOLUCION%203664%20DE%202007.pdf HTTP/1.1" 200 535401
186.28.146.67 - - [15/Oct/2017:08:04:05 -0500] "GET /galeria/galeria/jquery.fancybox.css?v=2.1.5 HTTP/1.1" 200 4895
186.28.146.67 - - [15/Oct/2017:08:04:05 -0500] "GET /BLA/boletinlegal/js/jquery.scrollShow.js HTTP/1.1" 200 4586
186.28.146.67 - - [15/Oct/2017:08:04:05 -0500] "GET /galeria/galeria/jquery.fancybox.js?v=2.1.5 HTTP/1.1" 200 48706
66.249.66.155 - - [15/Oct/2017:08:04:06 -0500] "GET /galeria/nivo-slider/demo/images/constructores.jpg HTTP/1.1" 200 61344
65.208.151.119 - - [15/Oct/2017:08:04:09 -0500] "GET /icons/unknown.gif HTTP/1.1" 200 245
201.245.192.245 - - [15/Oct/2017:08:03:45 -0500] "POST /kwsrmcab/Wsrmcab HTTP/1.1" 200 27665
164.132.161.5 - - [15/Oct/2017:08:04:27 -0500] "GET /BLA/resoluciones/RESOLUCIONES%202006/RES%202006%20851-900/00000856.tif HTTP/1.1" 200 98600
201.245.192.245 - - [15/Oct/2017:08:04:17 -0500] "POST /kwsrmcab/Wsrmcab HTTP/1.1" 200 18360
35.189.218.56 - - [15/Oct/2017:08:05:08 -0500] "-" 408 -
186.83.193.80 - - [15/Oct/2017:08:05:10 -0500] "GET /BLA/resoluciones/index.php?dir=RESOLUCIONES+2007%2F HTTP/1.1" 200 12504
186.83.193.80 - - [15/Oct/2017:08:05:12 -0500] "GET /BLA/resoluciones/index.php?dir= HTTP/1.1" 200 9152
186.83.193.80 - - [15/Oct/2017:08:05:17 -0500] "GET /BLA/resoluciones/index.php?dir=RESOLUCIONES+2012%2F HTTP/1.1" 200 134963
52.27.2.86 - - [15/Oct/2017:08:05:22 -0500] "GET /BLA/resoluciones/RESOLUCIONES%202009/6591.pdf HTTP/1.1" 200 586458
192.168.175.104 - - [15/Oct/2017:08:05:22 -0500] "GET / HTTP/1.1" 200 9990
66.249.66.153 - - [15/Oct/2017:08:05:22 -0500] "GET /BLA/resoluciones/AUTOS%202014/0638.pdf HTTP/1.1" 200 338698
186.83.193.80 - - [15/Oct/2017:08:05:21 -0500] "GET /BLA/resoluciones/index.php?dir=RESOLUCIONES+2013%2F HTTP/1.1" 200 226356
65.208.151.119 - - [15/Oct/2017:08:05:29 -0500] "GET /icons/unknown.gif HTTP/1.1" 200 245
181.49.55.70 - - [15/Oct/2017:08:05:45 -0500] "GET /BLA/boletinlegal/js/jquery.scrollShow.js HTTP/1.1" 200 4586
181.49.55.70 - - [15/Oct/2017:08:05:45 -0500] "GET /galeria/galeria/jquery.fancybox.js?v=2.1.5 HTTP/1.1" 200 48706
181.49.55.70 - - [15/Oct/2017:08:05:45 -0500] "GET /galeria/galeria/jquery.fancybox.css?v=2.1.5 HTTP/1.1" 200 4895
186.83.193.80 - - [15/Oct/2017:08:05:52 -0500] "GET /BLA/resoluciones/RESOLUCIONES%202013/1690.pdf HTTP/1.1" 200 2755175
186.83.193.80 - - [15/Oct/2017:08:05:55 -0500] "GET /BLA/resoluciones/RESOLUCIONES%202013/1690.pdf HTTP/1.1" 206 65536
186.83.193.80 - - [15/Oct/2017:08:05:55 -0500] "GET /BLA/resoluciones/RESOLUCIONES%202013/1690.pdf HTTP/1.1" 206 2624103
164.132.161.65 - - [15/Oct/2017:08:05:57 -0500] "GET /BLA/resoluciones/RESOLUCIONES%202002/RES%202002%20951-1000/00000988.tif HTTP/1.1" 200 274760
217.182.132.191 - - [15/Oct/2017:08:06:09 -0500] "GET /BLA/resoluciones/RESOLUCIONES%202006/RES%202006%202701-2750/00002737.tif HTTP/1.1" 200 142310
35.187.96.204 - - [15/Oct/2017:08:06:16 -0500] "-" 408 -
186.31.186.60 - - [15/Oct/2017:08:06:20 -0500] "GET /galeria/galeria/jquery.fancybox.css?v=2.1.5 HTTP/1.1" 200 4895
186.31.186.60 - - [15/Oct/2017:08:06:20 -0500] "GET /galeria/galeria/jquery.fancybox.js?v=2.1.5 HTTP/1.1" 200 48706
186.31.186.60 - - [15/Oct/2017:08:06:21 -0500] "GET /galeria/galeria/fotos/Humedal-la-conejera1P.jpg HTTP/1.1" 200 31504
186.31.186.60 - - [15/Oct/2017:08:06:21 -0500] "GET /galeria/galeria/fotos/Humedal-la-conejera2P.jpg HTTP/1.1" 200 31007
186.31.186.60 - - [15/Oct/2017:08:06:21 -0500] "GET /galeria/galeria/fotos/Humedal-la-conejera3P.jpg HTTP/1.1" 200 31355
186.31.186.60 - - [15/Oct/2017:08:06:21 -0500] "GET /galeria/galeria/fotos/Humedal-la-conejera4P.jpg HTTP/1.1" 200 33365
65.208.151.113 - - [15/Oct/2017:08:06:34 -0500] "GET /icons/unknown.gif HTTP/1.1" 200 245
69.162.124.233 - - [15/Oct/2017:08:06:42 -0500] "HEAD / HTTP/1.1" 200 -
52.183.117.33 - - [15/Oct/2017:08:06:47 -0500] "GET /Autoliquidacion/Grupo%20Forestal%20-%20Industria%20de%20la%20Madera/Solicitud%20de%20certificacion%20de%20empresas%20forestales%20y%20lista%20de%20chequeo0.xlsx HTTP/1.1" 200 52624
52.183.117.33 - - [15/Oct/2017:08:06:47 -0500] "GET /Autoliquidacion/Grupo%20Forestal%20-%20Industria%20de%20la%20Madera/Consolidado%20de%20movimientos,%20existencias%20y%20relacion%20de%20documentos.xlsx HTTP/1.1" 200 54480
52.183.117.33 - - [15/Oct/2017:08:06:47 -0500] "GET /Autoliquidacion/Grupo%20Forestal%20-%20Silvicultura/Lista%20de%20chequeo%20-%20Salvoconducto%20para%20la%20movilizacion%20de%20flora.xlsx HTTP/1.1" 200 58958
186.31.186.60 - - [15/Oct/2017:08:06:59 -0500] "GET /BLA/boletinlegal/js/jquery.scrollShow.js HTTP/1.1" 200 4586
181.192.144.164 - - [15/Oct/2017:08:07:10 -0500] "GET /galeria/galeria/jquery.fancybox.css?v=2.1.5 HTTP/1.1" 200 4895
181.192.144.164 - - [15/Oct/2017:08:07:10 -0500] "GET /BLA/boletinlegal/js/jquery.scrollShow.js HTTP/1.1" 200 4586
181.192.144.164 - - [15/Oct/2017:08:07:10 -0500] "GET /galeria/galeria/jquery.fancybox.js?v=2.1.5 HTTP/1.1" 200 48706
35.187.34.70 - - [15/Oct/2017:08:07:21 -0500] "-" 408 -
180.76.15.137 - - [15/Oct/2017:08:07:22 -0500] "GET /BLA/resoluciones/RESOLUCIONES%202009/0190.pdf HTTP/1.1" 200 273583
66.249.66.153 - - [15/Oct/2017:08:07:36 -0500] "GET /BLA/resoluciones/RESOLUCIONES%202010/0512.pdf HTTP/1.1" 200 105006
65.208.151.113 - - [15/Oct/2017:08:07:48 -0500] "GET /icons/unknown.gif HTTP/1.1" 200 245
181.192.144.164 - - [15/Oct/2017:08:07:59 -0500] "GET /galeria/nivo-slider/demo/demo.html HTTP/1.1" 200 5747
181.192.144.164 - - [15/Oct/2017:08:07:59 -0500] "GET /galeria/nivo-slider/themes/default/default.css HTTP/1.1" 200 1569
181.192.144.164 - - [15/Oct/2017:08:07:59 -0500] "GET /galeria/nivo-slider/themes/pascal/pascal.css HTTP/1.1" 200 2258
181.192.144.164 - - [15/Oct/2017:08:08:00 -0500] "GET /galeria/nivo-slider/themes/orman/orman.css HTTP/1.1" 200 2152
181.192.144.164 - - [15/Oct/2017:08:08:00 -0500] "GET /galeria/nivo-slider/nivo-slider.css HTTP/1.1" 200 1507
181.192.144.164 - - [15/Oct/2017:08:08:00 -0500] "GET /galeria/nivo-slider/demo/style.css HTTP/1.1" 200 2222
181.192.144.164 - - [15/Oct/2017:08:08:00 -0500] "GET /galeria/nivo-slider/demo/images/semana-eco-ambiental-2017.jpg HTTP/1.1" 200 404683
181.192.144.164 - - [15/Oct/2017:08:08:00 -0500] "GET /galeria/nivo-slider/demo/scripts/jquery-1.7.1.min.js HTTP/1.1" 200 93868
181.192.144.164 - - [15/Oct/2017:08:08:00 -0500] "GET /galeria/nivo-slider/jquery.nivo.slider.pack.js HTTP/1.1" 200 11561
181.192.144.164 - - [15/Oct/2017:08:08:00 -0500] "GET /galeria/nivo-slider/demo/images/caminata-mes-octubre.jpg HTTP/1.1" 200 366890
181.192.144.164 - - [15/Oct/2017:08:08:00 -0500] "GET /galeria/nivo-slider/demo/images/simulacro-2017.jpg HTTP/1.1" 200 127800
181.192.144.164 - - [15/Oct/2017:08:08:00 -0500] "GET /galeria/nivo-slider/demo/images/BANNERCAMBIODESEDE2.jpg HTTP/1.1" 200 120178
181.192.144.164 - - [15/Oct/2017:08:08:01 -0500] "GET /galeria/nivo-slider/demo/images/4Simple_Slider.png HTTP/1.1" 200 11722
181.192.144.164 - - [15/Oct/2017:08:08:01 -0500] "GET /galeria/nivo-slider/themes/default/loading.gif HTTP/1.1" 200 1737
181.192.144.164 - - [15/Oct/2017:08:08:01 -0500] "GET /galeria/nivo-slider/demo/images/Rio-bogta.jpg HTTP/1.1" 200 223392
181.192.144.164 - - [15/Oct/2017:08:08:01 -0500] "GET /galeria/nivo-slider/demo/images/cuerso-incendios-forestales.jpg HTTP/1.1" 200 235744
181.192.144.164 - - [15/Oct/2017:08:08:01 -0500] "GET /galeria/nivo-slider/demo/images/reciclaton.jpg HTTP/1.1" 200 218030
181.192.144.164 - - [15/Oct/2017:08:08:01 -0500] "GET /galeria/nivo-slider/demo/images/Atencion-de-emergencias-ambientale.jpg HTTP/1.1" 200 129141
181.192.144.164 - - [15/Oct/2017:08:08:03 -0500] "GET /galeria/nivo-slider/demo/images/Urgente.jpg HTTP/1.1" 200 249232
181.192.144.164 - - [15/Oct/2017:08:08:03 -0500] "GET /galeria/nivo-slider/demo/images/Encusta2017.jpg HTTP/1.1" 200 212313
181.192.144.164 - - [15/Oct/2017:08:08:04 -0500] "GET /galeria/nivo-slider/demo/images/maximavelocidad.png HTTP/1.1" 200 880272
181.192.144.164 - - [15/Oct/2017:08:08:04 -0500] "GET /galeria/nivo-slider/demo/images/RIOBOGOTA.jpg HTTP/1.1" 200 126440
181.192.144.164 - - [15/Oct/2017:08:08:05 -0500] "GET /galeria/nivo-slider/demo/images/BANNERCAMINASEP-OCT2017.jpg HTTP/1.1" 200 496401
181.192.144.164 - - [15/Oct/2017:08:08:06 -0500] "GET /galeria/nivo-slider/demo/images/banner%20aceite%20vegetal%20usado.jpg HTTP/1.1" 200 169350
181.192.144.164 - - [15/Oct/2017:08:08:07 -0500] "GET /galeria/nivo-slider/demo/images/bannerlumina2017web.jpg HTTP/1.1" 200 198918
181.192.144.164 - - [15/Oct/2017:08:08:07 -0500] "GET /galeria/nivo-slider/demo/images/BANNERRUTADEVERTIMIENTOS.jpg HTTP/1.1" 200 98506
181.192.144.164 - - [15/Oct/2017:08:08:08 -0500] "GET /galeria/nivo-slider/demo/images/bolsas-06.jpg HTTP/1.1" 200 210950
186.31.216.94 - - [15/Oct/2017:08:08:11 -0500] "GET /BLA/boletinlegal/js/jquery.scrollShow.js HTTP/1.1" 200 4586
186.31.216.94 - - [15/Oct/2017:08:08:11 -0500] "GET /galeria/galeria/jquery.fancybox.css?v=2.1.5 HTTP/1.1" 200 4895
186.31.216.94 - - [15/Oct/2017:08:08:11 -0500] "GET /galeria/galeria/jquery.fancybox.js?v=2.1.5 HTTP/1.1" 200 48706
181.192.144.164 - - [15/Oct/2017:08:08:12 -0500] "GET /galeria/nivo-slider/themes/default/arrows.png HTTP/1.1" 200 824
181.192.144.164 - - [15/Oct/2017:08:08:12 -0500] "GET /galeria/nivo-slider/themes/default/bullets.png HTTP/1.1" 200 1281
51.255.65.83 - - [15/Oct/2017:08:08:16 -0500] "GET /BLA/resoluciones/AUTOS%202006/AUTOS%202006%202901%20-%203000/00002950.tif HTTP/1.1" 200 53356
66.249.88.7 - - [15/Oct/2017:08:08:17 -0500] "GET /galeria/galeria/fotos/Entrenube4P.jpg HTTP/1.1" 200 10881
66.249.88.4 - - [15/Oct/2017:08:08:17 -0500] "GET /galeria/galeria/fotos/Entrenube2P.jpg HTTP/1.1" 200 8416
66.249.88.4 - - [15/Oct/2017:08:08:17 -0500] "GET /galeria/galeria/fotos/Entrenube3P.jpg HTTP/1.1" 200 8487
66.249.88.1 - - [15/Oct/2017:08:08:17 -0500] "GET /galeria/galeria/fotos/Entrenube1P.jpg HTTP/1.1" 200 6959
66.249.66.153 - - [15/Oct/2017:08:08:21 -0500] "GET /BLA/resoluciones/RESOLUCIONES%202007/RES%202007%203001%20AL%203100/RESOLUCION%203015%20DE%202007.pdf HTTP/1.1" 200 1538621
192.168.175.104 - - [15/Oct/2017:08:08:25 -0500] "GET / HTTP/1.0" 200 9990
190.158.188.159 - - [15/Oct/2017:08:08:29 -0500] "GET /BLA/resoluciones/RESOLUCIONES%202011/5538.pdf HTTP/1.1" 200 1147008
190.158.188.159 - - [15/Oct/2017:08:08:30 -0500] "GET /favicon.ico HTTP/1.1" 200 7782
35.189.218.56 - - [15/Oct/2017:08:08:34 -0500] "-" 408 -
192.168.175.104 - - [15/Oct/2017:08:08:59 -0500] "GET / HTTP/1.1" 200 9990
69.162.124.233 - - [15/Oct/2017:08:08:59 -0500] "HEAD / HTTP/1.1" 200 -
65.208.151.117 - - [15/Oct/2017:08:09:05 -0500] "GET /icons/unknown.gif HTTP/1.1" 200 245
186.83.193.80 - - [15/Oct/2017:08:09:06 -0500] "GET /BLA/resoluciones/RESOLUCIONES%202013/1690.pdf HTTP/1.1" 206 65536
186.83.193.80 - - [15/Oct/2017:08:09:06 -0500] "GET /BLA/resoluciones/RESOLUCIONES%202013/1690.pdf HTTP/1.1" 206 65536
35.189.197.90 - - [15/Oct/2017:08:09:09 -0500] "-" 408 -
35.187.96.204 - - [15/Oct/2017:08:09:43 -0500] "-" 408 -
167.0.140.1 - - [15/Oct/2017:08:09:44 -0500] "GET /galeria/galeria/fotos/mirador2G.jpg HTTP/1.1" 200 115084
167.0.140.1 - - [15/Oct/2017:08:09:53 -0500] "GET /galeria/galeria/fotos/mirador3G.jpg HTTP/1.1" 200 131992
192.168.175.104 - - [15/Oct/2017:08:10:20 -0500] "GET / HTTP/1.1" 200 9990
65.208.151.119 - - [15/Oct/2017:08:10:31 -0500] "GET /icons/unknown.gif HTTP/1.1" 200 245
66.249.66.153 - - [15/Oct/2017:08:10:35 -0500] "GET /BLA/resoluciones/RESOLUCIONES%202014/2404.pdf HTTP/1.1" 200 5625083
217.182.132.176 - - [15/Oct/2017:08:10:48 -0500] "GET /galeria/galeria/fotos/Kira.jpg HTTP/1.1" 200 2084845
35.190.207.132 - - [15/Oct/2017:08:10:52 -0500] "-" 408 -
66.249.66.153 - - [15/Oct/2017:08:11:20 -0500] "GET /BLA/resoluciones/RESOLUCIONES%202013/0695.pdf HTTP/1.1" 200 599895
66.249.66.153 - - [15/Oct/2017:08:11:33 -0500] "GET /BLA/resoluciones/RESOLUCIONES%202005/RES%202005%20%201601-1650/00001641.tif HTTP/1.1" 200 215888
65.208.151.112 - - [15/Oct/2017:08:11:52 -0500] "GET /icons/unknown.gif HTTP/1.1" 200 245
104.199.87.90 - - [15/Oct/2017:08:12:01 -0500] "-" 408 -
66.249.66.153 - - [15/Oct/2017:08:12:04 -0500] "GET /BLA/resoluciones/RESOLUCIONES%202010/4000.pdf HTTP/1.1" 200 374861
66.102.8.137 - - [15/Oct/2017:08:12:29 -0500] "GET /galeria/galeria/fotos/Humedal-la-conejera1G.jpg HTTP/1.1" 200 340987
66.102.8.141 - - [15/Oct/2017:08:12:29 -0500] "GET /galeria/galeria/fotos/Humedal-la-conejera1G.jpg HTTP/1.1" 200 340987
66.249.66.153 - - [15/Oct/2017:08:12:49 -0500] "GET /BLA/resoluciones/AUTOS%202012/0041.pdf HTTP/1.1" 200 166444
164.132.161.61 - - [15/Oct/2017:08:12:51 -0500] "GET /BLA/resoluciones/AUTOS%202006/AUTOS%202006%202901%20-%203000/00002919.tif HTTP/1.1" 200 90688
35.189.242.65 - - [15/Oct/2017:08:13:10 -0500] "-" 408 -
192.168.175.104 - - [15/Oct/2017:08:13:22 -0500] "GET / HTTP/1.0" 200 9990
217.182.132.14 - - [15/Oct/2017:08:13:35 -0500] "GET /BLA/resoluciones/RESOLUCIONES%202005/RES%202005%202701%20-2750/00002735.tif HTTP/1.1" 200 37156
