69.162.124.233 - - [15/Oct/2017:01:02:20 -0500] "HEAD / HTTP/1.1" 200 -
152.200.230.142 - - [15/Oct/2017:01:02:23 -0500] "GET /BLA/resoluciones/Notificaciones/AUTOS%202014/7080.doc HTTP/1.1" 200 178688
35.187.34.70 - - [15/Oct/2017:01:02:29 -0500] "-" 408 -
201.245.192.253 - - [15/Oct/2017:01:02:37 -0500] "GET /galeria/nivo-slider/demo/images/semana-eco-ambiental-2017.jpg HTTP/1.1" 304 -
65.208.151.114 - - [15/Oct/2017:01:02:59 -0500] "GET /icons/unknown.gif HTTP/1.1" 200 245
192.168.175.104 - - [15/Oct/2017:01:03:09 -0500] "GET / HTTP/1.1" 200 9990
66.249.66.153 - - [15/Oct/2017:01:03:09 -0500] "GET /BLA/resoluciones/AUTOS%202011/0127.pdf HTTP/1.1" 200 145547
66.249.66.156 - - [15/Oct/2017:01:03:17 -0500] "GET /BLA/resoluciones/RESOLUCIONES%202009/8509.pdf HTTP/1.1" 200 366620
66.249.66.155 - - [15/Oct/2017:01:03:31 -0500] "GET /BLA/resoluciones/RESOLUCIONES%202009/3812.pdf HTTP/1.1" 200 878883
66.249.66.155 - - [15/Oct/2017:01:03:33 -0500] "GET /BLA/resoluciones/RESOLUCIONES%202011/1032.pdf HTTP/1.1" 200 61533
104.199.87.90 - - [15/Oct/2017:01:03:39 -0500] "-" 408 -
66.249.66.153 - - [15/Oct/2017:01:04:16 -0500] "GET /BLA/resoluciones/RESOLUCIONES%202010/0896.pdf HTTP/1.1" 200 105038
201.245.192.245 - - [15/Oct/2017:01:03:46 -0500] "POST /kwsrmcab/Wsrmcab HTTP/1.1" 200 27339
65.208.151.118 - - [15/Oct/2017:01:04:18 -0500] "GET /icons/unknown.gif HTTP/1.1" 200 245
66.249.66.153 - - [15/Oct/2017:01:04:27 -0500] "GET /BLA/resoluciones/RESOLUCIONES%202007/RES%202007%20401%20AL%20500/RESOLUCION%200418%20DE%202007.pdf HTTP/1.1" 200 438719
35.187.96.204 - - [15/Oct/2017:01:04:46 -0500] "-" 408 -
66.249.66.153 - - [15/Oct/2017:01:04:48 -0500] "GET /BLA/resoluciones/RESOLUCIONES%202009/3036.pdf HTTP/1.1" 200 423976
201.245.192.245 - - [15/Oct/2017:01:04:18 -0500] "POST /kwsrmcab/Wsrmcab HTTP/1.1" 200 21415
66.249.66.153 - - [15/Oct/2017:01:04:53 -0500] "GET /BLA/resoluciones/RESOLUCIONES%202011/1647.pdf HTTP/1.1" 200 42316
186.82.203.64 - - [15/Oct/2017:01:05:10 -0500] "GET /galeria/galeria/jquery.fancybox.css?v=2.1.5 HTTP/1.1" 200 4895
186.82.203.64 - - [15/Oct/2017:01:05:10 -0500] "GET /BLA/boletinlegal/js/jquery.scrollShow.js HTTP/1.1" 200 4586
186.82.203.64 - - [15/Oct/2017:01:05:10 -0500] "GET /galeria/galeria/jquery.fancybox.js?v=2.1.5 HTTP/1.1" 200 48706
66.249.66.153 - - [15/Oct/2017:01:05:11 -0500] "GET /BLA/resoluciones/RESOLUCIONES%202011/1598.pdf HTTP/1.1" 200 90729
186.82.203.64 - - [15/Oct/2017:01:05:13 -0500] "GET /galeria/nivo-slider/demo/demo.html HTTP/1.1" 200 5747
186.82.203.64 - - [15/Oct/2017:01:05:16 -0500] "GET /galeria/nivo-slider/themes/default/default.css HTTP/1.1" 200 1569
186.82.203.64 - - [15/Oct/2017:01:05:16 -0500] "GET /galeria/nivo-slider/themes/pascal/pascal.css HTTP/1.1" 200 2258
186.82.203.64 - - [15/Oct/2017:01:05:16 -0500] "GET /galeria/nivo-slider/themes/orman/orman.css HTTP/1.1" 200 2152
186.82.203.64 - - [15/Oct/2017:01:05:16 -0500] "GET /galeria/nivo-slider/nivo-slider.css HTTP/1.1" 200 1507
186.82.203.64 - - [15/Oct/2017:01:05:16 -0500] "GET /galeria/nivo-slider/demo/style.css HTTP/1.1" 200 2222
186.82.203.64 - - [15/Oct/2017:01:05:16 -0500] "GET /galeria/nivo-slider/demo/images/semana-eco-ambiental-2017.jpg HTTP/1.1" 200 404683
186.82.203.64 - - [15/Oct/2017:01:05:16 -0500] "GET /galeria/nivo-slider/demo/scripts/jquery-1.7.1.min.js HTTP/1.1" 200 93868
186.82.203.64 - - [15/Oct/2017:01:05:16 -0500] "GET /galeria/nivo-slider/jquery.nivo.slider.pack.js HTTP/1.1" 200 11561
186.82.203.64 - - [15/Oct/2017:01:05:17 -0500] "GET /galeria/nivo-slider/demo/images/simulacro-2017.jpg HTTP/1.1" 200 127800
186.82.203.64 - - [15/Oct/2017:01:05:17 -0500] "GET /galeria/nivo-slider/demo/images/caminata-mes-octubre.jpg HTTP/1.1" 200 366890
186.82.203.64 - - [15/Oct/2017:01:05:17 -0500] "GET /galeria/nivo-slider/demo/images/BANNERCAMBIODESEDE2.jpg HTTP/1.1" 200 120178
186.82.203.64 - - [15/Oct/2017:01:05:18 -0500] "GET /galeria/nivo-slider/demo/images/Rio-bogta.jpg HTTP/1.1" 200 223392
186.82.203.64 - - [15/Oct/2017:01:05:18 -0500] "GET /galeria/nivo-slider/demo/images/cuerso-incendios-forestales.jpg HTTP/1.1" 200 235744
186.82.203.64 - - [15/Oct/2017:01:05:18 -0500] "GET /galeria/nivo-slider/demo/images/reciclaton.jpg HTTP/1.1" 200 218030
186.82.203.64 - - [15/Oct/2017:01:05:18 -0500] "GET /galeria/nivo-slider/demo/images/Atencion-de-emergencias-ambientale.jpg HTTP/1.1" 200 129141
186.82.203.64 - - [15/Oct/2017:01:05:18 -0500] "GET /galeria/nivo-slider/themes/default/loading.gif HTTP/1.1" 200 1737
186.82.203.64 - - [15/Oct/2017:01:05:18 -0500] "GET /galeria/nivo-slider/demo/images/4Simple_Slider.png HTTP/1.1" 200 11722
186.82.203.64 - - [15/Oct/2017:01:05:18 -0500] "GET /galeria/nivo-slider/demo/images/Urgente.jpg HTTP/1.1" 200 249232
186.82.203.64 - - [15/Oct/2017:01:05:19 -0500] "GET /galeria/nivo-slider/demo/images/Encusta2017.jpg HTTP/1.1" 200 212313
186.82.203.64 - - [15/Oct/2017:01:05:19 -0500] "GET /galeria/nivo-slider/demo/images/maximavelocidad.png HTTP/1.1" 200 880272
186.82.203.64 - - [15/Oct/2017:01:05:19 -0500] "GET /galeria/nivo-slider/demo/images/RIOBOGOTA.jpg HTTP/1.1" 200 126440
186.82.203.64 - - [15/Oct/2017:01:05:19 -0500] "GET /galeria/nivo-slider/demo/images/BANNERCAMINASEP-OCT2017.jpg HTTP/1.1" 200 496401
186.82.203.64 - - [15/Oct/2017:01:05:19 -0500] "GET /galeria/nivo-slider/demo/images/banner%20aceite%20vegetal%20usado.jpg HTTP/1.1" 200 169350
186.82.203.64 - - [15/Oct/2017:01:05:19 -0500] "GET /galeria/nivo-slider/demo/images/bannerlumina2017web.jpg HTTP/1.1" 200 198918
186.82.203.64 - - [15/Oct/2017:01:05:20 -0500] "GET /galeria/nivo-slider/demo/images/BANNERRUTADEVERTIMIENTOS.jpg HTTP/1.1" 200 98506
186.82.203.64 - - [15/Oct/2017:01:05:20 -0500] "GET /galeria/nivo-slider/demo/images/bolsas-06.jpg HTTP/1.1" 200 210950
186.82.203.64 - - [15/Oct/2017:01:05:35 -0500] "GET /galeria/nivo-slider/themes/default/arrows.png HTTP/1.1" 200 824
186.82.203.64 - - [15/Oct/2017:01:05:35 -0500] "GET /galeria/nivo-slider/themes/default/bullets.png HTTP/1.1" 200 1281
65.208.151.118 - - [15/Oct/2017:01:05:39 -0500] "GET /icons/unknown.gif HTTP/1.1" 200 245
35.190.203.87 - - [15/Oct/2017:01:05:52 -0500] "-" 408 -
66.249.66.153 - - [15/Oct/2017:01:05:54 -0500] "GET /BLA/resoluciones/RESOLUCIONES%202011/1408.pdf HTTP/1.1" 200 71873
192.168.175.104 - - [15/Oct/2017:01:06:04 -0500] "GET / HTTP/1.0" 200 9990
66.249.66.155 - - [15/Oct/2017:01:06:30 -0500] "GET /BLA/resoluciones/AUTOS%202011/0139.pdf HTTP/1.1" 200 207207
65.208.151.112 - - [15/Oct/2017:01:06:35 -0500] "GET /icons/unknown.gif HTTP/1.1" 200 245
192.168.175.104 - - [15/Oct/2017:01:06:48 -0500] "GET / HTTP/1.1" 200 9990
104.199.87.90 - - [15/Oct/2017:01:07:04 -0500] "-" 408 -
66.249.66.156 - - [15/Oct/2017:01:07:15 -0500] "GET /BLA/resoluciones/AUTOS%202015/0260.pdf HTTP/1.1" 200 741813
157.55.39.5 - - [15/Oct/2017:01:07:45 -0500] "GET /BLA/boletinlegal/js/jquery.scrollShow.js HTTP/1.1" 200 4586
66.249.66.153 - - [15/Oct/2017:01:07:51 -0500] "GET /BLA/resoluciones/RESOLUCIONES%202009/4192.pdf HTTP/1.1" 200 1052595
65.208.151.119 - - [15/Oct/2017:01:07:54 -0500] "GET /icons/unknown.gif HTTP/1.1" 200 245
65.208.151.118 - - [15/Oct/2017:01:07:57 -0500] "GET /BLA/resoluciones/Notificaciones/AUTOS%202015/ HTTP/1.1" 200 118430
192.168.175.104 - - [15/Oct/2017:01:08:07 -0500] "GET / HTTP/1.1" 200 9990
35.190.207.132 - - [15/Oct/2017:01:08:12 -0500] "-" 408 -
66.249.66.153 - - [15/Oct/2017:01:08:44 -0500] "GET /BLA/resoluciones/RESOLUCIONES%202007/RES%202007%202601%20AL%202700/RESOLUCION%202607%20DE%202007.pdf HTTP/1.1" 200 575704
65.208.151.116 - - [15/Oct/2017:01:09:13 -0500] "GET /icons/unknown.gif HTTP/1.1" 200 245
35.189.218.56 - - [15/Oct/2017:01:09:21 -0500] "-" 408 -
69.162.124.233 - - [15/Oct/2017:01:09:22 -0500] "HEAD / HTTP/1.1" 200 -
66.249.66.153 - - [15/Oct/2017:01:09:29 -0500] "GET /BLA/resoluciones/RESOLUCIONES%202007/RES%202007%204101%20AL%204200/RESOLUCION%204129%20DE%202007.pdf HTTP/1.1" 200 298517
66.249.66.153 - - [15/Oct/2017:01:09:54 -0500] "GET /BLA/resoluciones/RESOLUCIONES%202009/8525.pdf HTTP/1.1" 200 100575
65.208.151.113 - - [15/Oct/2017:01:10:10 -0500] "GET /BLA/resoluciones/Notificaciones/AUTOS%202015/12.php...............................................................................................'.doc HTTP/1.1" 200 379
66.249.66.153 - - [15/Oct/2017:01:10:14 -0500] "GET /BLA/resoluciones/AUTOS%202014/2121.pdf HTTP/1.1" 200 646698
65.208.151.112 - - [15/Oct/2017:01:10:15 -0500] "GET /icons/unknown.gif HTTP/1.1" 200 245
35.187.34.70 - - [15/Oct/2017:01:10:27 -0500] "-" 408 -
66.249.66.153 - - [15/Oct/2017:01:10:58 -0500] "GET /BLA/resoluciones/AUTOS%202016/0884.pdf HTTP/1.1" 200 627120
192.168.175.104 - - [15/Oct/2017:01:11:02 -0500] "GET / HTTP/1.0" 200 9990
66.249.66.156 - - [15/Oct/2017:01:11:10 -0500] "GET /galeria/galeria/fancybox_sprite@2x.png HTTP/1.1" 200 6553
65.208.151.117 - - [15/Oct/2017:01:11:36 -0500] "GET /icons/back.gif HTTP/1.1" 200 216
35.187.34.70 - - [15/Oct/2017:01:11:38 -0500] "-" 408 -
66.249.66.153 - - [15/Oct/2017:01:11:43 -0500] "GET /BLA/resoluciones/AUTOS%202014/6941.pdf HTTP/1.1" 304 -
192.168.175.104 - - [15/Oct/2017:01:11:46 -0500] "GET / HTTP/1.1" 200 9990
65.208.151.119 - - [15/Oct/2017:01:12:00 -0500] "GET /icons/unknown.gif HTTP/1.1" 200 245
190.24.18.47 - - [15/Oct/2017:01:12:20 -0500] "GET /galeria/galeria/jquery.fancybox.css?v=2.1.5 HTTP/1.1" 200 4895
190.24.18.47 - - [15/Oct/2017:01:12:20 -0500] "GET /BLA/boletinlegal/js/jquery.scrollShow.js HTTP/1.1" 200 4586
190.24.18.47 - - [15/Oct/2017:01:12:20 -0500] "GET /galeria/galeria/jquery.fancybox.js?v=2.1.5 HTTP/1.1" 200 48706
190.24.18.47 - - [15/Oct/2017:01:12:25 -0500] "GET /BLA/boletinlegal/js/jquery.scrollShow.js HTTP/1.1" 304 -
190.24.18.47 - - [15/Oct/2017:01:12:25 -0500] "GET /galeria/galeria/jquery.fancybox.js?v=2.1.5 HTTP/1.1" 304 -
190.24.18.47 - - [15/Oct/2017:01:12:25 -0500] "GET /galeria/galeria/jquery.fancybox.css?v=2.1.5 HTTP/1.1" 304 -
66.249.66.155 - - [15/Oct/2017:01:12:28 -0500] "GET /BLA/resoluciones/RESOLUCIONES%202009/9776.pdf HTTP/1.1" 200 263655
65.208.151.116 - - [15/Oct/2017:01:12:44 -0500] "GET /icons/blank.gif HTTP/1.1" 200 148
35.189.242.65 - - [15/Oct/2017:01:12:44 -0500] "-" 408 -
35.189.197.90 - - [15/Oct/2017:01:13:01 -0500] "-" 408 -
192.168.175.104 - - [15/Oct/2017:01:13:05 -0500] "GET / HTTP/1.1" 200 9990
37.59.128.44 - - [15/Oct/2017:01:13:34 -0500] "GET /web/wp-login.php HTTP/1.1" 404 1019
65.208.151.113 - - [15/Oct/2017:01:13:41 -0500] "GET /icons/unknown.gif HTTP/1.1" 200 245
35.190.201.122 - - [15/Oct/2017:01:13:55 -0500] "-" 408 -
35.190.201.122 - - [15/Oct/2017:01:14:05 -0500] "-" 408 -
201.245.192.245 - - [15/Oct/2017:01:13:46 -0500] "POST /kwsrmcab/Wsrmcab HTTP/1.1" 200 27339
65.208.151.115 - - [15/Oct/2017:01:14:27 -0500] "GET /icons/unknown.gif HTTP/1.1" 200 245
65.208.151.118 - - [15/Oct/2017:01:14:39 -0500] "GET /icons/unknown.gif HTTP/1.1" 200 245
104.199.87.90 - - [15/Oct/2017:01:15:05 -0500] "-" 408 -
66.249.66.153 - - [15/Oct/2017:01:15:27 -0500] "GET /BLA/resoluciones/RESOLUCIONES%202007/RES%202007%202801%20AL%202900/RESOLUCION%202890%20DE%202007.pdf HTTP/1.1" 200 405448
66.249.66.153 - - [15/Oct/2017:01:15:33 -0500] "GET /galeria/nivo-slider/demo/images/BANNERRUTADEVERTIMIENTOS.jpg HTTP/1.1" 304 -
192.168.175.104 - - [15/Oct/2017:01:16:00 -0500] "GET / HTTP/1.0" 200 9990
65.208.151.114 - - [15/Oct/2017:01:16:08 -0500] "GET /icons/unknown.gif HTTP/1.1" 200 245
65.208.151.118 - - [15/Oct/2017:01:16:11 -0500] "GET /icons/unknown.gif HTTP/1.1" 200 245
35.189.242.65 - - [15/Oct/2017:01:16:12 -0500] "-" 408 -
40.77.167.30 - - [15/Oct/2017:01:16:30 -0500] "GET /galeria/galeria/fotos/Pacto_Madera3G.jpg HTTP/1.1" 200 89638
192.168.175.104 - - [15/Oct/2017:01:16:44 -0500] "GET / HTTP/1.1" 200 9990
65.208.151.115 - - [15/Oct/2017:01:17:07 -0500] "GET /icons/unknown.gif HTTP/1.1" 200 245
35.187.52.64 - - [15/Oct/2017:01:17:23 -0500] "-" 408 -
65.208.151.116 - - [15/Oct/2017:01:17:23 -0500] "GET /icons/unknown.gif HTTP/1.1" 200 245
157.55.39.177 - - [15/Oct/2017:01:17:31 -0500] "GET /BLA/boletinlegal/images/nuevo.gif HTTP/1.1" 200 26475
66.249.66.156 - - [15/Oct/2017:01:17:41 -0500] "GET /BLA/resoluciones/AUTOS%202014/3036.pdf HTTP/1.1" 200 211590
192.168.175.104 - - [15/Oct/2017:01:18:02 -0500] "GET / HTTP/1.1" 200 9990
65.208.151.113 - - [15/Oct/2017:01:18:12 -0500] "GET /icons/unknown.gif HTTP/1.1" 200 245
66.249.88.1 - - [15/Oct/2017:01:18:16 -0500] "GET /BLA/resoluciones/RESOLUCIONES%202009/9701.pdf HTTP/1.1" 200 335242
66.249.66.157 - - [15/Oct/2017:01:18:26 -0500] "GET /videos/galeria-cronicas/skin/blue.monday/?C=S;O=A HTTP/1.1" 200 1759
65.208.151.116 - - [15/Oct/2017:01:18:30 -0500] "GET /icons/unknown.gif HTTP/1.1" 200 245
35.187.34.70 - - [15/Oct/2017:01:18:30 -0500] "-" 408 -
35.187.34.70 - - [15/Oct/2017:01:18:40 -0500] "-" 408 -
181.130.144.230 - - [15/Oct/2017:01:18:55 -0500] "GET /sipse/ HTTP/1.1" 302 -
181.130.144.230 - - [15/Oct/2017:01:18:55 -0500] "GET /sipse/faces/autenticacion.xhtml HTTP/1.1" 200 10849
181.130.144.230 - - [15/Oct/2017:01:18:55 -0500] "GET /sipse/css/custom_css_sg.css HTTP/1.1" 200 9430
181.130.144.230 - - [15/Oct/2017:01:18:55 -0500] "GET /sipse/css/custom_css_sg_prime_login.css HTTP/1.1" 200 443
181.130.144.230 - - [15/Oct/2017:01:18:55 -0500] "GET /sipse/faces/javax.faces.resource/layout/layout.css?ln=primefaces&v=4.0 HTTP/1.1" 200 542
181.130.144.230 - - [15/Oct/2017:01:18:55 -0500] "GET /sipse/js/disable_browser_buttons.js HTTP/1.1" 200 3230
181.130.144.230 - - [15/Oct/2017:01:18:55 -0500] "GET /sipse/js/funciones.js HTTP/1.1" 200 7861
181.130.144.230 - - [15/Oct/2017:01:18:55 -0500] "GET /sipse/faces/javax.faces.resource/jquery/jquery-plugins.js?ln=primefaces&v=4.0 HTTP/1.1" 200 220526
181.130.144.230 - - [15/Oct/2017:01:18:55 -0500] "GET /sipse/faces/javax.faces.resource/theme.css?ln=primefaces-sipse HTTP/1.1" 200 50058
181.130.144.230 - - [15/Oct/2017:01:18:55 -0500] "GET /sipse/faces/javax.faces.resource/primefaces.js?ln=primefaces&v=4.0 HTTP/1.1" 200 276924
181.130.144.230 - - [15/Oct/2017:01:18:55 -0500] "GET /sipse/faces/javax.faces.resource/primefaces.css?ln=primefaces&v=4.0 HTTP/1.1" 200 53295
181.130.144.230 - - [15/Oct/2017:01:18:55 -0500] "GET /sipse/faces/javax.faces.resource/layout/layout.js?ln=primefaces&v=4.0 HTTP/1.1" 200 87560
181.130.144.230 - - [15/Oct/2017:01:18:55 -0500] "GET /sipse/faces/javax.faces.resource/jquery/jquery.js?ln=primefaces&v=4.0 HTTP/1.1" 200 105384
181.130.144.230 - - [15/Oct/2017:01:18:56 -0500] "GET /sipse/faces/javax.faces.resource/images/ui-icons_898989_256x240.png?ln=primefaces-aristo HTTP/1.1" 200 5355
181.130.144.230 - - [15/Oct/2017:01:18:56 -0500] "GET /sipse/css/imagen/logoSDG.png HTTP/1.1" 200 18199
181.130.144.230 - - [15/Oct/2017:01:18:56 -0500] "GET /sipse/css/imagen/loginimg.png HTTP/1.1" 200 104836
181.130.144.230 - - [15/Oct/2017:01:18:57 -0500] "GET /favicon.ico HTTP/1.1" 200 7782
181.130.144.230 - - [15/Oct/2017:01:18:57 -0500] "GET /sipse/faces/index.xhtml HTTP/1.1" 200 728
181.130.144.230 - - [15/Oct/2017:01:18:57 -0500] "GET /sipse/faces/javax.faces.resource/theme.css?ln=primefaces-sipse HTTP/1.1" 304 -
69.162.124.233 - - [15/Oct/2017:01:19:01 -0500] "HEAD / HTTP/1.1" 200 -
65.208.151.114 - - [15/Oct/2017:01:19:10 -0500] "GET /icons/unknown.gif HTTP/1.1" 200 245
66.249.66.153 - - [15/Oct/2017:01:19:10 -0500] "GET /BLA/resoluciones/Notificaciones/AUTOS%202014/4207.doc HTTP/1.1" 200 112128
181.130.144.230 - - [15/Oct/2017:01:19:17 -0500] "GET /sipse/ HTTP/1.1" 302 -
181.130.144.230 - - [15/Oct/2017:01:19:17 -0500] "GET /sipse/faces/autenticacion.xhtml HTTP/1.1" 200 10849
181.130.144.230 - - [15/Oct/2017:01:19:17 -0500] "GET /sipse/faces/javax.faces.resource/theme.css?ln=primefaces-sipse HTTP/1.1" 304 -
181.130.144.230 - - [15/Oct/2017:01:19:17 -0500] "GET /sipse/faces/javax.faces.resource/primefaces.css?ln=primefaces&v=4.0 HTTP/1.1" 304 -
181.130.144.230 - - [15/Oct/2017:01:19:17 -0500] "GET /sipse/faces/javax.faces.resource/jquery/jquery.js?ln=primefaces&v=4.0 HTTP/1.1" 304 -
181.130.144.230 - - [15/Oct/2017:01:19:17 -0500] "GET /sipse/faces/javax.faces.resource/layout/layout.css?ln=primefaces&v=4.0 HTTP/1.1" 304 -
181.130.144.230 - - [15/Oct/2017:01:19:17 -0500] "GET /sipse/faces/javax.faces.resource/jquery/jquery-plugins.js?ln=primefaces&v=4.0 HTTP/1.1" 304 -
181.130.144.230 - - [15/Oct/2017:01:19:17 -0500] "GET /sipse/faces/javax.faces.resource/primefaces.js?ln=primefaces&v=4.0 HTTP/1.1" 304 -
181.130.144.230 - - [15/Oct/2017:01:19:17 -0500] "GET /sipse/faces/javax.faces.resource/layout/layout.js?ln=primefaces&v=4.0 HTTP/1.1" 304 -
181.130.144.230 - - [15/Oct/2017:01:19:17 -0500] "GET /sipse/faces/index.xhtml HTTP/1.1" 200 728
181.130.144.230 - - [15/Oct/2017:01:19:18 -0500] "GET /sipse/faces/javax.faces.resource/theme.css?ln=primefaces-sipse HTTP/1.1" 304 -
181.130.144.230 - - [15/Oct/2017:01:19:36 -0500] "GET /sipse/ HTTP/1.1" 302 -
181.130.144.230 - - [15/Oct/2017:01:19:36 -0500] "GET /sipse/faces/autenticacion.xhtml HTTP/1.1" 200 10848
181.130.144.230 - - [15/Oct/2017:01:19:36 -0500] "GET /sipse/faces/javax.faces.resource/primefaces.css?ln=primefaces&v=4.0 HTTP/1.1" 304 -
181.130.144.230 - - [15/Oct/2017:01:19:36 -0500] "GET /sipse/faces/javax.faces.resource/theme.css?ln=primefaces-sipse HTTP/1.1" 304 -
181.130.144.230 - - [15/Oct/2017:01:19:36 -0500] "GET /sipse/faces/javax.faces.resource/layout/layout.css?ln=primefaces&v=4.0 HTTP/1.1" 304 -
181.130.144.230 - - [15/Oct/2017:01:19:36 -0500] "GET /sipse/faces/javax.faces.resource/jquery/jquery.js?ln=primefaces&v=4.0 HTTP/1.1" 304 -
181.130.144.230 - - [15/Oct/2017:01:19:36 -0500] "GET /sipse/faces/javax.faces.resource/jquery/jquery-plugins.js?ln=primefaces&v=4.0 HTTP/1.1" 304 -
181.130.144.230 - - [15/Oct/2017:01:19:36 -0500] "GET /sipse/faces/javax.faces.resource/layout/layout.js?ln=primefaces&v=4.0 HTTP/1.1" 304 -
181.130.144.230 - - [15/Oct/2017:01:19:36 -0500] "GET /sipse/faces/javax.faces.resource/primefaces.js?ln=primefaces&v=4.0 HTTP/1.1" 304 -
181.130.144.230 - - [15/Oct/2017:01:19:37 -0500] "GET /sipse/faces/index.xhtml HTTP/1.1" 200 728
181.130.144.230 - - [15/Oct/2017:01:19:37 -0500] "GET /sipse/faces/javax.faces.resource/theme.css?ln=primefaces-sipse HTTP/1.1" 304 -
181.130.144.230 - - [15/Oct/2017:01:19:37 -0500] "GET /sipse/faces/faces/autenticacion.xhtml HTTP/1.1" 200 10849
181.130.144.230 - - [15/Oct/2017:01:19:37 -0500] "GET /sipse/faces/javax.faces.resource/theme.css?ln=primefaces-sipse HTTP/1.1" 304 -
181.130.144.230 - - [15/Oct/2017:01:19:37 -0500] "GET /sipse/faces/javax.faces.resource/jquery/jquery-plugins.js?ln=primefaces&v=4.0 HTTP/1.1" 304 -
181.130.144.230 - - [15/Oct/2017:01:19:37 -0500] "GET /sipse/faces/javax.faces.resource/jquery/jquery.js?ln=primefaces&v=4.0 HTTP/1.1" 304 -
181.130.144.230 - - [15/Oct/2017:01:19:37 -0500] "GET /sipse/faces/javax.faces.resource/primefaces.css?ln=primefaces&v=4.0 HTTP/1.1" 304 -
181.130.144.230 - - [15/Oct/2017:01:19:37 -0500] "GET /sipse/faces/javax.faces.resource/layout/layout.js?ln=primefaces&v=4.0 HTTP/1.1" 304 -
181.130.144.230 - - [15/Oct/2017:01:19:37 -0500] "GET /sipse/faces/javax.faces.resource/primefaces.js?ln=primefaces&v=4.0 HTTP/1.1" 304 -
181.130.144.230 - - [15/Oct/2017:01:19:37 -0500] "GET /sipse/faces/javax.faces.resource/layout/layout.css?ln=primefaces&v=4.0 HTTP/1.1" 304 -
35.190.201.122 - - [15/Oct/2017:01:19:38 -0500] "-" 408 -
181.130.144.230 - - [15/Oct/2017:01:19:45 -0500] "POST /sipse/faces/autenticacion.xhtml HTTP/1.1" 200 16300
181.130.144.230 - - [15/Oct/2017:01:19:45 -0500] "GET /sipse/css/custom_css_sg_prime.css HTTP/1.1" 200 5049
181.130.144.230 - - [15/Oct/2017:01:19:45 -0500] "GET /sipse/faces/javax.faces.resource/primefaces.css?ln=primefaces&v=4.0 HTTP/1.1" 304 -
181.130.144.230 - - [15/Oct/2017:01:19:45 -0500] "GET /sipse/faces/javax.faces.resource/theme.css?ln=primefaces-sipse HTTP/1.1" 304 -
181.130.144.230 - - [15/Oct/2017:01:19:45 -0500] "GET /sipse/faces/javax.faces.resource/layout/layout.css?ln=primefaces&v=4.0 HTTP/1.1" 304 -
181.130.144.230 - - [15/Oct/2017:01:19:45 -0500] "GET /sipse/js/jquery.min.js HTTP/1.1" 200 85582
181.130.144.230 - - [15/Oct/2017:01:19:46 -0500] "GET /sipse/faces/javax.faces.resource/jquery/jquery.js?ln=primefaces&v=4.0 HTTP/1.1" 304 -
181.130.144.230 - - [15/Oct/2017:01:19:46 -0500] "GET /sipse/faces/javax.faces.resource/jquery/jquery-plugins.js?ln=primefaces&v=4.0 HTTP/1.1" 304 -
181.130.144.230 - - [15/Oct/2017:01:19:46 -0500] "GET /sipse/faces/javax.faces.resource/primefaces.js?ln=primefaces&v=4.0 HTTP/1.1" 304 -
181.130.144.230 - - [15/Oct/2017:01:19:46 -0500] "GET /sipse/faces/javax.faces.resource/layout/layout.js?ln=primefaces&v=4.0 HTTP/1.1" 304 -
181.130.144.230 - - [15/Oct/2017:01:19:46 -0500] "GET /sipse/css/imagen/contrasena.png HTTP/1.1" 404 383
181.130.144.230 - - [15/Oct/2017:01:19:46 -0500] "GET /sipse/imagenes/cargando.gif HTTP/1.1" 200 36959
181.130.144.230 - - [15/Oct/2017:01:19:46 -0500] "GET /sipse/imagenes/logoAplicacion.jpg HTTP/1.1" 200 155084
181.130.144.230 - - [15/Oct/2017:01:19:46 -0500] "GET /sipse/faces/javax.faces.resource/messages/messages.png?ln=primefaces&v=4.0 HTTP/1.1" 200 27209
181.130.144.230 - - [15/Oct/2017:01:19:50 -0500] "GET /sipse/faces/javax.faces.resource/images/ui-bg_flat_0_2d5972_40x100.png?ln=primefaces-aristo HTTP/1.1" 200 183
181.130.144.230 - - [15/Oct/2017:01:19:50 -0500] "POST /sipse/faces/bienvenido.xhtml HTTP/1.1" 200 959
181.130.144.230 - - [15/Oct/2017:01:19:53 -0500] "POST /sipse/faces/bienvenido.xhtml HTTP/1.1" 200 49075
181.130.144.230 - - [15/Oct/2017:01:19:54 -0500] "GET /sipse/faces/javax.faces.resource/layout/layout.css?ln=primefaces&v=4.0 HTTP/1.1" 304 -
181.130.144.230 - - [15/Oct/2017:01:19:54 -0500] "GET /sipse/faces/javax.faces.resource/theme.css?ln=primefaces-sipse HTTP/1.1" 304 -
181.130.144.230 - - [15/Oct/2017:01:19:54 -0500] "GET /sipse/faces/javax.faces.resource/primefaces.css?ln=primefaces&v=4.0 HTTP/1.1" 304 -
181.130.144.230 - - [15/Oct/2017:01:19:54 -0500] "GET /sipse/faces/javax.faces.resource/jquery/jquery.js?ln=primefaces&v=4.0 HTTP/1.1" 304 -
181.130.144.230 - - [15/Oct/2017:01:19:54 -0500] "GET /sipse/faces/javax.faces.resource/jquery/jquery-plugins.js?ln=primefaces&v=4.0 HTTP/1.1" 304 -
181.130.144.230 - - [15/Oct/2017:01:19:54 -0500] "GET /sipse/faces/javax.faces.resource/primefaces.js?ln=primefaces&v=4.0 HTTP/1.1" 304 -
181.130.144.230 - - [15/Oct/2017:01:19:54 -0500] "GET /sipse/faces/javax.faces.resource/layout/layout.js?ln=primefaces&v=4.0 HTTP/1.1" 304 -
181.130.144.230 - - [15/Oct/2017:01:19:54 -0500] "GET /sipse/css/imagen/contrasena.png HTTP/1.1" 404 383
181.130.144.230 - - [15/Oct/2017:01:19:55 -0500] "POST /sipse/faces/presentacion/financiero/solicitudProceso/listarSolicitudProceso.xhtml HTTP/1.1" 200 308
66.249.66.153 - - [15/Oct/2017:01:19:55 -0500] "GET /BLA/resoluciones/RESOLUCIONES%202015/1541.pdf HTTP/1.1" 200 666608
65.208.151.117 - - [15/Oct/2017:01:20:17 -0500] "GET /icons/unknown.gif HTTP/1.1" 200 245
35.190.203.87 - - [15/Oct/2017:01:20:46 -0500] "-" 408 -
66.249.66.156 - - [15/Oct/2017:01:20:55 -0500] "GET /galeria/nivo-slider/demo/images/pev7deagosto2.jpg HTTP/1.1" 200 81055
192.168.175.104 - - [15/Oct/2017:01:20:59 -0500] "GET / HTTP/1.0" 200 9990
181.130.144.230 - - [15/Oct/2017:01:21:04 -0500] "GET /sipse/faces/javax.faces.resource/images/ui-icons_898989_256x240.png?ln=primefaces-aristo HTTP/1.1" 304 -
181.130.144.230 - - [15/Oct/2017:01:21:04 -0500] "POST /sipse/faces/presentacion/financiero/solicitudProceso/listarSolicitudProceso.xhtml HTTP/1.1" 200 122808
181.130.144.230 - - [15/Oct/2017:01:21:06 -0500] "GET /sipse/faces/javax.faces.resource/primefaces.css?ln=primefaces&v=4.0 HTTP/1.1" 304 -
181.130.144.230 - - [15/Oct/2017:01:21:06 -0500] "GET /sipse/faces/javax.faces.resource/theme.css?ln=primefaces-sipse HTTP/1.1" 304 -
181.130.144.230 - - [15/Oct/2017:01:21:06 -0500] "GET /sipse/faces/javax.faces.resource/layout/layout.css?ln=primefaces&v=4.0 HTTP/1.1" 304 -
181.130.144.230 - - [15/Oct/2017:01:21:06 -0500] "GET /sipse/faces/javax.faces.resource/jquery/jquery.js?ln=primefaces&v=4.0 HTTP/1.1" 304 -
181.130.144.230 - - [15/Oct/2017:01:21:06 -0500] "GET /sipse/faces/javax.faces.resource/jquery/jquery-plugins.js?ln=primefaces&v=4.0 HTTP/1.1" 304 -
181.130.144.230 - - [15/Oct/2017:01:21:06 -0500] "GET /sipse/faces/javax.faces.resource/primefaces.js?ln=primefaces&v=4.0 HTTP/1.1" 304 -
181.130.144.230 - - [15/Oct/2017:01:21:06 -0500] "GET /sipse/faces/javax.faces.resource/layout/layout.js?ln=primefaces&v=4.0 HTTP/1.1" 304 -
181.130.144.230 - - [15/Oct/2017:01:21:06 -0500] "GET /sipse/faces/javax.faces.resource/spacer/dot_clear.gif?ln=primefaces&v=4.0 HTTP/1.1" 200 42
181.130.144.230 - - [15/Oct/2017:01:21:06 -0500] "GET /sipse/css/imagen/contrasena.png HTTP/1.1" 404 383
65.208.151.118 - - [15/Oct/2017:01:21:09 -0500] "GET /icons/unknown.gif HTTP/1.1" 200 245
65.208.151.115 - - [15/Oct/2017:01:21:22 -0500] "GET /icons/unknown.gif HTTP/1.1" 200 245
66.249.66.153 - - [15/Oct/2017:01:21:24 -0500] "GET /BLA/resoluciones/AUTOS%202014/2122.pdf HTTP/1.1" 200 1471979
192.168.175.104 - - [15/Oct/2017:01:21:42 -0500] "GET / HTTP/1.1" 200 9990
35.190.207.132 - - [15/Oct/2017:01:21:54 -0500] "-" 408 -
66.249.66.158 - - [15/Oct/2017:01:22:09 -0500] "GET /Anexos%20estudio%20Organizacional%20SDA/index.php?dir=ANEXO+No.+8+-+MATRICES+DE+REGISTRO+Y+DE+SALIDA+MEDICI%D3N+CARGAS+LABORALES+SDA%2F HTTP/1.1" 200 5550
181.130.144.230 - - [15/Oct/2017:01:22:13 -0500] "POST /sipse/faces/presentacion/financiero/solicitudProceso/consultarSolicitudProceso.xhtml HTTP/1.1" 200 891497
65.208.151.118 - - [15/Oct/2017:01:22:36 -0500] "GET /icons/unknown.gif HTTP/1.1" 200 245
181.130.144.230 - - [15/Oct/2017:01:22:46 -0500] "POST /sipse/faces/presentacion/financiero/solicitudProceso/consultarSolicitudProceso.xhtml HTTP/1.1" 200 891497
66.249.66.155 - - [15/Oct/2017:01:22:54 -0500] "GET /BLA/resoluciones/AUTOS%202014/0590.pdf HTTP/1.1" 200 835264
192.168.175.104 - - [15/Oct/2017:01:23:00 -0500] "GET / HTTP/1.1" 200 9990
35.189.218.56 - - [15/Oct/2017:01:23:03 -0500] "-" 408 -
65.208.151.118 - - [15/Oct/2017:01:23:36 -0500] "GET /icons/unknown.gif HTTP/1.1" 200 245
66.249.66.155 - - [15/Oct/2017:01:23:39 -0500] "GET /BLA/resoluciones/AUTOS%202014/6439.pdf HTTP/1.1" 200 424508
65.208.151.117 - - [15/Oct/2017:01:23:42 -0500] "GET /icons/unknown.gif HTTP/1.1" 200 245
204.79.180.1 - - [15/Oct/2017:01:23:47 -0500] "GET /SIG/Comunicaciones/126PG02-PR09.pdf HTTP/1.1" 200 95162
69.162.124.233 - - [15/Oct/2017:01:24:01 -0500] "HEAD / HTTP/1.1" 200 -
37.59.128.44 - - [15/Oct/2017:01:24:06 -0500] "GET /wordpress/wp-login.php HTTP/1.1" 404 1015
35.189.242.65 - - [15/Oct/2017:01:24:10 -0500] "-" 408 -
201.245.192.245 - - [15/Oct/2017:01:23:47 -0500] "POST /kwsrmcab/Wsrmcab HTTP/1.1" 200 27339
66.249.66.156 - - [15/Oct/2017:01:24:23 -0500] "GET /BLA/resoluciones/AUTOS%202011/5129.pdf HTTP/1.1" 200 150084
65.208.151.119 - - [15/Oct/2017:01:24:42 -0500] "GET /icons/unknown.gif HTTP/1.1" 200 245
65.208.151.118 - - [15/Oct/2017:01:24:46 -0500] "GET /icons/unknown.gif HTTP/1.1" 200 245
37.59.128.44 - - [15/Oct/2017:01:24:59 -0500] "GET /news/wp-login.php HTTP/1.1" 404 1019
66.249.66.153 - - [15/Oct/2017:01:25:11 -0500] "GET /BLA/resoluciones/RESOLUCIONES%202012/0965.pdf HTTP/1.1" 200 541813
35.187.34.70 - - [15/Oct/2017:01:25:18 -0500] "-" 408 -
65.208.151.119 - - [15/Oct/2017:01:25:39 -0500] "GET /icons/unknown.gif HTTP/1.1" 200 245
66.249.66.155 - - [15/Oct/2017:01:25:53 -0500] "GET /BLA/resoluciones/RESOLUCIONES%202012/1586.pdf HTTP/1.1" 200 3145357
192.168.175.104 - - [15/Oct/2017:01:25:58 -0500] "GET / HTTP/1.0" 200 9990
104.199.87.90 - - [15/Oct/2017:01:26:27 -0500] "-" 408 -
65.208.151.112 - - [15/Oct/2017:01:26:38 -0500] "GET /icons/unknown.gif HTTP/1.1" 200 245
192.168.175.104 - - [15/Oct/2017:01:26:39 -0500] "GET / HTTP/1.1" 200 9990
189.135.109.1 - - [15/Oct/2017:01:26:51 -0500] "GET /galeria/galeria/jquery.fancybox.css?v=2.1.5 HTTP/1.1" 200 4895
189.135.109.1 - - [15/Oct/2017:01:26:51 -0500] "GET /BLA/boletinlegal/js/jquery.scrollShow.js HTTP/1.1" 200 4586
189.135.109.1 - - [15/Oct/2017:01:26:51 -0500] "GET /galeria/galeria/jquery.fancybox.js?v=2.1.5 HTTP/1.1" 200 48706
65.208.151.114 - - [15/Oct/2017:01:26:57 -0500] "GET /icons/unknown.gif HTTP/1.1" 200 245
23.254.11.161 - - [15/Oct/2017:01:27:12 -0500] "GET /BLA/boletinlegal/js/jquery.scrollShow.js HTTP/1.1" 200 4586
23.254.11.161 - - [15/Oct/2017:01:27:12 -0500] "GET /BLA/boletinlegal/styles2.css HTTP/1.1" 200 1838
23.254.11.161 - - [15/Oct/2017:01:27:12 -0500] "GET /BLA/boletinlegal/style.css HTTP/1.1" 200 9406
23.254.11.161 - - [15/Oct/2017:01:27:12 -0500] "GET /BLA/boletinlegal/js/jquery.js HTTP/1.1" 200 57254
23.254.11.161 - - [15/Oct/2017:01:27:12 -0500] "GET /BLA/boletinlegal/js/jquery.scrollTo-min.js HTTP/1.1" 200 1150
23.254.11.161 - - [15/Oct/2017:01:27:13 -0500] "GET /BLA/boletinlegal/images/cabezote%20BLEGAL.jpg HTTP/1.1" 200 118164
23.254.11.161 - - [15/Oct/2017:01:27:13 -0500] "GET /BLA/boletinlegal/images/registro-usuarios.png HTTP/1.1" 200 8106
23.254.11.161 - - [15/Oct/2017:01:27:13 -0500] "GET /BLA/boletinlegal/images/subscribe-icon-big.png HTTP/1.1" 200 47702
23.254.11.161 - - [15/Oct/2017:01:27:13 -0500] "GET /BLA/boletinlegal/images/historia.png HTTP/1.1" 200 52775
23.254.11.161 - - [15/Oct/2017:01:27:13 -0500] "GET /BLA/boletinlegal/images/arr_l.jpg HTTP/1.1" 200 1979
23.254.11.161 - - [15/Oct/2017:01:27:13 -0500] "GET /BLA/boletinlegal/images/text.jpg HTTP/1.1" 200 568
23.254.11.161 - - [15/Oct/2017:01:27:13 -0500] "GET /BLA/boletinlegal/images/menu_bg.jpg HTTP/1.1" 200 620
23.254.11.161 - - [15/Oct/2017:01:27:13 -0500] "GET /BLA/boletinlegal/images/bg_top.jpg HTTP/1.1" 200 522
23.254.11.161 - - [15/Oct/2017:01:27:13 -0500] "GET /BLA/boletinlegal/images/menu_rght.gif HTTP/1.1" 200 1627
23.254.11.161 - - [15/Oct/2017:01:27:13 -0500] "GET /BLA/boletinlegal/images/body_bg.jpg HTTP/1.1" 200 1601
23.254.11.161 - - [15/Oct/2017:01:27:13 -0500] "GET /BLA/boletinlegal/images/launch.jpg HTTP/1.1" 200 14577
23.254.11.161 - - [15/Oct/2017:01:27:14 -0500] "GET /BLA/boletinlegal/images/screen_1.png HTTP/1.1" 200 202547
23.254.11.161 - - [15/Oct/2017:01:27:14 -0500] "GET /BLA/boletinlegal/images/hover.jpg HTTP/1.1" 200 640
23.254.11.161 - - [15/Oct/2017:01:27:14 -0500] "GET /BLA/boletinlegal/images/menu_lft.gif HTTP/1.1" 200 1713
23.254.11.161 - - [15/Oct/2017:01:27:18 -0500] "GET /BLA/boletinlegal/images/screen_5.png HTTP/1.1" 200 368876
23.254.11.161 - - [15/Oct/2017:01:27:18 -0500] "GET /BLA/boletinlegal/images/screen_2.png HTTP/1.1" 200 362502
23.254.11.161 - - [15/Oct/2017:01:27:18 -0500] "GET /BLA/boletinlegal/images/screen_3.png HTTP/1.1" 200 210620
23.254.11.161 - - [15/Oct/2017:01:27:18 -0500] "GET /BLA/boletinlegal/images/arr_r.jpg HTTP/1.1" 200 1998
23.254.11.161 - - [15/Oct/2017:01:27:18 -0500] "GET /BLA/boletinlegal/images/footer_bg.jpg HTTP/1.1" 200 586
66.249.66.158 - - [15/Oct/2017:01:27:22 -0500] "GET / HTTP/1.1" 200 9990
23.254.11.161 - - [15/Oct/2017:01:27:26 -0500] "GET /BLA/boletinlegal/images/pdf.gif HTTP/1.1" 200 567
35.190.201.122 - - [15/Oct/2017:01:27:36 -0500] "-" 408 -
65.208.151.112 - - [15/Oct/2017:01:27:41 -0500] "GET /icons/unknown.gif HTTP/1.1" 200 245
35.184.189.105 - - [15/Oct/2017:01:27:50 -0500] "GET /robots.txt HTTP/1.1" 404 1018
69.30.234.2 - - [15/Oct/2017:01:27:54 -0500] "GET /robots.txt HTTP/1.1" 404 1015
69.30.234.2 - - [15/Oct/2017:01:27:58 -0500] "GET /Anexos%20estudio%20Organizacional%20SDA/index.php?dir=ANEXO%20No.%201-%20NORMAS%20LEGALES%20DE%20ESTRUCTURA%20Y%20PLANTA/&sort=date&order=desc HTTP/1.1" 200 11015
192.168.175.104 - - [15/Oct/2017:01:27:59 -0500] "GET / HTTP/1.1" 200 9990
69.30.234.2 - - [15/Oct/2017:01:28:04 -0500] "GET /Anexos%20estudio%20Organizacional%20SDA/index.php?dir=ANEXO%20No.%201-%20NORMAS%20LEGALES%20DE%20ESTRUCTURA%20Y%20PLANTA/&sort=name&order=asc HTTP/1.1" 200 11016
66.249.66.153 - - [15/Oct/2017:01:28:07 -0500] "GET /BLA/resoluciones/RESOLUCIONES%202009/7260.pdf HTTP/1.1" 200 264027
23.254.11.161 - - [15/Oct/2017:01:27:12 -0500] "GET /BLA/boletinlegal/index.php? HTTP/1.1" 200 45003
69.30.234.2 - - [15/Oct/2017:01:28:14 -0500] "GET /Anexos%20estudio%20Organizacional%20SDA/index.php?dir=ANEXO%20No.%201-%20NORMAS%20LEGALES%20DE%20ESTRUCTURA%20Y%20PLANTA/&sort=name&order=desc HTTP/1.1" 200 11015
69.30.234.2 - - [15/Oct/2017:01:28:16 -0500] "GET /Anexos%20estudio%20Organizacional%20SDA/index.php?dir=ANEXO%20No.%201-%20NORMAS%20LEGALES%20DE%20ESTRUCTURA%20Y%20PLANTA/&sort=size&order=asc HTTP/1.1" 200 11016
192.227.252.121 - - [15/Oct/2017:01:28:17 -0500] "GET /BLA/boletinlegal/style.css HTTP/1.1" 200 9406
192.227.252.121 - - [15/Oct/2017:01:28:17 -0500] "GET /BLA/boletinlegal/js/jquery.js HTTP/1.1" 200 57254
192.227.252.121 - - [15/Oct/2017:01:28:17 -0500] "GET /BLA/boletinlegal/styles2.css HTTP/1.1" 200 1838
192.227.252.121 - - [15/Oct/2017:01:28:17 -0500] "GET /BLA/boletinlegal/js/jquery.scrollShow.js HTTP/1.1" 200 4586
192.227.252.121 - - [15/Oct/2017:01:28:17 -0500] "GET /BLA/boletinlegal/js/jquery.scrollTo-min.js HTTP/1.1" 200 1150
192.227.252.121 - - [15/Oct/2017:01:28:18 -0500] "GET /BLA/boletinlegal/images/cabezote%20BLEGAL.jpg HTTP/1.1" 200 118164
192.227.252.121 - - [15/Oct/2017:01:28:18 -0500] "GET /BLA/boletinlegal/images/registro-usuarios.png HTTP/1.1" 200 8106
192.227.252.121 - - [15/Oct/2017:01:28:18 -0500] "GET /BLA/boletinlegal/images/subscribe-icon-big.png HTTP/1.1" 200 47702
192.227.252.121 - - [15/Oct/2017:01:28:18 -0500] "GET /BLA/boletinlegal/images/arr_l.jpg HTTP/1.1" 200 1979
192.227.252.121 - - [15/Oct/2017:01:28:18 -0500] "GET /BLA/boletinlegal/images/historia.png HTTP/1.1" 200 52775
192.227.252.121 - - [15/Oct/2017:01:28:18 -0500] "GET /BLA/boletinlegal/images/text.jpg HTTP/1.1" 200 568
192.227.252.121 - - [15/Oct/2017:01:28:18 -0500] "GET /BLA/boletinlegal/images/menu_bg.jpg HTTP/1.1" 200 620
192.227.252.121 - - [15/Oct/2017:01:28:18 -0500] "GET /BLA/boletinlegal/images/bg_top.jpg HTTP/1.1" 200 522
192.227.252.121 - - [15/Oct/2017:01:28:18 -0500] "GET /BLA/boletinlegal/images/menu_rght.gif HTTP/1.1" 200 1627
192.227.252.121 - - [15/Oct/2017:01:28:18 -0500] "GET /BLA/boletinlegal/images/body_bg.jpg HTTP/1.1" 200 1601
192.227.252.121 - - [15/Oct/2017:01:28:18 -0500] "GET /BLA/boletinlegal/images/launch.jpg HTTP/1.1" 200 14577
192.227.252.121 - - [15/Oct/2017:01:28:18 -0500] "GET /BLA/boletinlegal/images/screen_1.png HTTP/1.1" 200 202547
192.227.252.121 - - [15/Oct/2017:01:28:18 -0500] "GET /BLA/boletinlegal/images/hover.jpg HTTP/1.1" 200 640
192.227.252.121 - - [15/Oct/2017:01:28:19 -0500] "GET /BLA/boletinlegal/images/menu_lft.gif HTTP/1.1" 200 1713
69.30.234.2 - - [15/Oct/2017:01:28:19 -0500] "GET /Anexos%20estudio%20Organizacional%20SDA/index.php?dir=ANEXO%20No.%201-%20NORMAS%20LEGALES%20DE%20ESTRUCTURA%20Y%20PLANTA/Decreto%20109%20de%202009%20-%20Modifica%20la%20estructura%20de%20la%20SDA.jsp_files/ HTTP/1.1" 200 10511
69.30.234.2 - - [15/Oct/2017:01:28:22 -0500] "GET /Anexos%20estudio%20Organizacional%20SDA/index.php?dir=ANEXO%20No.%201-%20NORMAS%20LEGALES%20DE%20ESTRUCTURA%20Y%20PLANTA/Decreto%20175%20de%202009%20_files/ HTTP/1.1" 200 9181
192.227.252.121 - - [15/Oct/2017:01:28:23 -0500] "GET /BLA/boletinlegal/images/screen_2.png HTTP/1.1" 200 362502
192.227.252.121 - - [15/Oct/2017:01:28:23 -0500] "GET /BLA/boletinlegal/images/screen_3.png HTTP/1.1" 200 210620
192.227.252.121 - - [15/Oct/2017:01:28:23 -0500] "GET /BLA/boletinlegal/images/arr_r.jpg HTTP/1.1" 200 1998
192.227.252.121 - - [15/Oct/2017:01:28:23 -0500] "GET /BLA/boletinlegal/images/footer_bg.jpg HTTP/1.1" 200 586
192.227.252.121 - - [15/Oct/2017:01:28:23 -0500] "GET /BLA/boletinlegal/images/screen_5.png HTTP/1.1" 200 368876
69.30.234.2 - - [15/Oct/2017:01:28:27 -0500] "GET /Anexos%20estudio%20Organizacional%20SDA/index.php?dir=ANEXO%20No.%201-%20NORMAS%20LEGALES%20DE%20ESTRUCTURA%20Y%20PLANTA/Decreto%20308%20de%202001%20-%20Modifica%20estructura%20del%20DAMA.jsp_files/ HTTP/1.1" 200 10793
65.208.151.116 - - [15/Oct/2017:01:28:30 -0500] "GET /icons/unknown.gif HTTP/1.1" 200 245
192.227.252.121 - - [15/Oct/2017:01:28:31 -0500] "GET /BLA/boletinlegal/images/pdf.gif HTTP/1.1" 200 567
69.30.234.2 - - [15/Oct/2017:01:28:33 -0500] "GET /PORTAL_SIAC/?C=S;O=A HTTP/1.1" 200 1215
207.46.13.90 - - [15/Oct/2017:01:28:38 -0500] "GET /BLA/boletinlegal/jurisprudencia/analisis/Analisis%20Jurisprudencia%20Sent%202000-00005-01.doc HTTP/1.1" 200 52736
69.30.234.2 - - [15/Oct/2017:01:28:43 -0500] "GET /PruebasSTORM/StormSDA_pruebas/userFiles/user_files/formulas/2/21.xml HTTP/1.1" 200 2170
104.199.87.90 - - [15/Oct/2017:01:28:44 -0500] "-" 408 -
69.30.234.2 - - [15/Oct/2017:01:28:50 -0500] "GET /PruebasSTORM/StormSDA_pruebas/userFiles/user_files/formulas/2/22.xml HTTP/1.1" 200 3320
69.30.234.2 - - [15/Oct/2017:01:28:55 -0500] "GET /PruebasSTORM/StormSDA_pruebas/userFiles/user_files/formulas/2/23.xml HTTP/1.1" 200 3800
69.162.124.233 - - [15/Oct/2017:01:29:01 -0500] "HEAD / HTTP/1.1" 200 -
192.227.252.121 - - [15/Oct/2017:01:28:17 -0500] "GET /BLA/boletinlegal/index.php? HTTP/1.1" 200 36811
65.208.151.116 - - [15/Oct/2017:01:29:08 -0500] "GET /icons/unknown.gif HTTP/1.1" 200 245
65.208.151.118 - - [15/Oct/2017:01:29:24 -0500] "GET /icons/unknown.gif HTTP/1.1" 200 245
66.249.66.155 - - [15/Oct/2017:01:29:36 -0500] "GET /BLA/resoluciones/RESOLUCIONES%202014/1267.pdf HTTP/1.1" 200 694604
69.30.234.2 - - [15/Oct/2017:01:29:45 -0500] "GET /PruebasSTORM/StormSDA_pruebas/userFiles/user_files/formulas/2/24.xml HTTP/1.1" 200 4487
69.30.234.2 - - [15/Oct/2017:01:29:49 -0500] "GET /PruebasSTORM/StormSDA_pruebas/userFiles/user_files/formulas/2/25.xml HTTP/1.1" 200 1384
35.187.52.64 - - [15/Oct/2017:01:29:52 -0500] "-" 408 -
69.30.234.2 - - [15/Oct/2017:01:29:52 -0500] "GET /PruebasSTORM/StormSDA_pruebas/userFiles/user_files/formulas/2/26.xml HTTP/1.1" 200 2030
69.30.234.2 - - [15/Oct/2017:01:29:55 -0500] "GET /PruebasSTORM/StormSDA_pruebas/userFiles/user_files/formulas/2/27.xml HTTP/1.1" 200 3963
69.30.234.2 - - [15/Oct/2017:01:29:59 -0500] "GET /PruebasSTORM/StormSDA_pruebas/userFiles/user_files/formulas/2/29.xml HTTP/1.1" 200 1623
69.30.234.2 - - [15/Oct/2017:01:30:02 -0500] "GET /robots.txt HTTP/1.1" 404 1015
69.30.234.2 - - [15/Oct/2017:01:30:07 -0500] "GET /StormSDA/userFiles%20-%20Copy%2019-07-2012/user_files/1/?C=S;O=A HTTP/1.1" 200 1748
69.30.234.2 - - [15/Oct/2017:01:30:12 -0500] "GET /StormSDA/userFiles%20-%20Copy%2019-07-2012/user_files/1/asocia.xml HTTP/1.1" 200 315
69.30.234.2 - - [15/Oct/2017:01:30:15 -0500] "GET /StormSDA/userFiles%20-%20Copy%2019-07-2012/user_files/1/asociaFormula.xml HTTP/1.1" 200 55
151.80.39.123 - - [15/Oct/2017:01:30:16 -0500] "GET /robots.txt HTTP/1.1" 404 1018
164.132.161.15 - - [15/Oct/2017:01:30:17 -0500] "GET /BLA/resoluciones/RESOLUCIONES%202002/RES%202002%201151-1200/20021187.tif HTTP/1.1" 200 71242
69.30.234.2 - - [15/Oct/2017:01:30:19 -0500] "GET /StormSDA/userFiles%20-%20Copy%2019-07-2012/user_files/1/desasocia.xml HTTP/1.1" 200 58
66.249.66.156 - - [15/Oct/2017:01:30:21 -0500] "GET /BLA/resoluciones/RESOLUCIONES%202008/0882.pdf HTTP/1.1" 200 346161
69.30.234.2 - - [15/Oct/2017:01:30:23 -0500] "GET /StormSDA/userFiles%20-%20Copy%2019-07-2012/user_files/1/desasociaFormula.xml HTTP/1.1" 200 58
65.208.151.112 - - [15/Oct/2017:01:30:25 -0500] "GET /icons/unknown.gif HTTP/1.1" 200 245
200.118.246.53 - - [15/Oct/2017:01:30:30 -0500] "GET /galeria/galeria/jquery.fancybox.css?v=2.1.5 HTTP/1.1" 200 4895
200.118.246.53 - - [15/Oct/2017:01:30:30 -0500] "GET /BLA/boletinlegal/js/jquery.scrollShow.js HTTP/1.1" 200 4586
200.118.246.53 - - [15/Oct/2017:01:30:30 -0500] "GET /galeria/galeria/jquery.fancybox.js?v=2.1.5 HTTP/1.1" 200 48706
65.208.151.116 - - [15/Oct/2017:01:30:41 -0500] "GET /icons/unknown.gif HTTP/1.1" 200 245
69.30.234.2 - - [15/Oct/2017:01:30:41 -0500] "GET /StormSDA/userFiles%20-%20Copy%2019-07-2012/user_files/96/?C=N;O=D HTTP/1.1" 200 874
181.142.209.95 - - [15/Oct/2017:01:30:46 -0500] "GET /galeria/galeria/jquery.fancybox.css?v=2.1.5 HTTP/1.1" 200 4895
181.142.209.95 - - [15/Oct/2017:01:30:46 -0500] "GET /BLA/boletinlegal/js/jquery.scrollShow.js HTTP/1.1" 200 4586
181.142.209.95 - - [15/Oct/2017:01:30:46 -0500] "GET /galeria/galeria/jquery.fancybox.js?v=2.1.5 HTTP/1.1" 200 48706
192.168.175.104 - - [15/Oct/2017:01:30:56 -0500] "GET / HTTP/1.0" 200 9990
69.30.234.2 - - [15/Oct/2017:01:30:57 -0500] "GET /StormSDA/userFiles%20-%20Copy%2019-07-2012/user_files/97/?C=D;O=A HTTP/1.1" 200 874
40.77.167.30 - - [15/Oct/2017:01:30:58 -0500] "GET /galeria/nivo-slider/demo/style.css HTTP/1.1" 200 2222
35.190.207.132 - - [15/Oct/2017:01:30:59 -0500] "-" 408 -
66.249.66.156 - - [15/Oct/2017:01:31:06 -0500] "GET /BLA/boletinlegal/Circulares/2013/Circular%20No.%206%20del%2019%20de%20julio%20de%202013.pdf HTTP/1.1" 200 4210437
69.30.234.2 - - [15/Oct/2017:01:31:22 -0500] "GET /StormSDA/userFiles%20-%20Copy%2019-07-2012/user_files/98/?C=M;O=A HTTP/1.1" 200 874
69.30.234.2 - - [15/Oct/2017:01:31:26 -0500] "GET /StormSDA/userFiles%20-%20Copy%2019-07-2012/user_files/98/?C=N;O=D HTTP/1.1" 200 874
69.30.234.2 - - [15/Oct/2017:01:31:28 -0500] "GET /StormSDA/userFiles%20-%20Copy%2019-07-2012/user_files/formatos/1.xml HTTP/1.1" 200 3276
65.208.151.119 - - [15/Oct/2017:01:31:30 -0500] "GET /icons/unknown.gif HTTP/1.1" 200 245
69.30.234.2 - - [15/Oct/2017:01:31:32 -0500] "GET /StormSDA/userFiles%20-%20Copy%2019-07-2012/user_files/formatos/2.xml HTTP/1.1" 200 1629
69.30.234.2 - - [15/Oct/2017:01:31:37 -0500] "GET /StormSDA/userFiles%20-%20Copy%2019-07-2012/user_files/formatos/?C=D;O=A HTTP/1.1" 200 1515
192.168.175.104 - - [15/Oct/2017:01:31:37 -0500] "GET / HTTP/1.1" 200 9990
69.30.234.2 - - [15/Oct/2017:01:31:40 -0500] "GET /StormSDA/userFiles%20-%20Copy%2019-07-2012/user_files/formatos/?C=M;O=A HTTP/1.1" 200 1515
69.30.234.2 - - [15/Oct/2017:01:31:45 -0500] "GET /StormSDA/userFiles%20-%20Copy%2019-07-2012/user_files/formatos/?C=N;O=D HTTP/1.1" 200 1515
69.30.234.2 - - [15/Oct/2017:01:31:47 -0500] "GET /StormSDA/userFiles/user_files/1/?C=N;O=A HTTP/1.1" 200 1687
69.30.234.2 - - [15/Oct/2017:01:31:49 -0500] "GET /StormSDA/userFiles/user_files/97/?C=M;O=A HTTP/1.1" 200 813
66.249.66.153 - - [15/Oct/2017:01:31:51 -0500] "GET /BLA/resoluciones/AUTOS%202014/6068.pdf HTTP/1.1" 200 522452
69.30.234.2 - - [15/Oct/2017:01:31:52 -0500] "GET /StormSDA/userFiles/user_files/97/?C=M;O=D HTTP/1.1" 200 813
69.30.234.2 - - [15/Oct/2017:01:31:55 -0500] "GET /StormSDA/userFiles/user_files/formatos/eventos/?C=D;O=A HTTP/1.1" 200 851
69.30.234.2 - - [15/Oct/2017:01:31:58 -0500] "GET /StormSDA/userFiles/user_files/formulas/2/?C=M;O=A HTTP/1.1" 200 839
65.208.151.112 - - [15/Oct/2017:01:32:03 -0500] "GET /icons/unknown.gif HTTP/1.1" 200 245
69.30.234.2 - - [15/Oct/2017:01:32:04 -0500] "GET /StormSDA/userFiles/user_files/listas/?C=M;O=A HTTP/1.1" 200 1239
35.190.207.132 - - [15/Oct/2017:01:32:07 -0500] "-" 408 -
65.208.151.115 - - [15/Oct/2017:01:32:21 -0500] "GET /icons/unknown.gif HTTP/1.1" 200 245
69.30.234.2 - - [15/Oct/2017:01:32:26 -0500] "GET /robots.txt HTTP/1.1" 404 1019
35.189.197.90 - - [15/Oct/2017:01:32:30 -0500] "-" 408 -
189.135.109.1 - - [15/Oct/2017:01:32:30 -0500] "GET /galeria/galeria/jquery.fancybox.css?v=2.1.5 HTTP/1.1" 200 4895
189.135.109.1 - - [15/Oct/2017:01:32:31 -0500] "GET /BLA/boletinlegal/js/jquery.scrollShow.js HTTP/1.1" 200 4586
189.135.109.1 - - [15/Oct/2017:01:32:31 -0500] "GET /galeria/galeria/jquery.fancybox.js?v=2.1.5 HTTP/1.1" 200 48706
69.30.234.2 - - [15/Oct/2017:01:32:34 -0500] "GET /galeria/?C=D;O=D HTTP/1.1" 200 3300
66.249.66.153 - - [15/Oct/2017:01:32:35 -0500] "GET /BLA/resoluciones/AUTOS%202010/3087.pdf HTTP/1.1" 200 162781
69.30.234.2 - - [15/Oct/2017:01:32:36 -0500] "GET /robots.txt HTTP/1.1" 404 1019
69.30.234.2 - - [15/Oct/2017:01:32:38 -0500] "GET /galeria/?C=D;O=D HTTP/1.1" 200 3301
35.189.197.90 - - [15/Oct/2017:01:32:40 -0500] "-" 408 -
164.132.161.21 - - [15/Oct/2017:01:32:41 -0500] "GET /BLA/resoluciones/RESOLUCIONES%202005/RES%202005%202001-2050/00002021.tif HTTP/1.1" 200 70646
189.135.109.1 - - [15/Oct/2017:01:32:43 -0500] "GET /galeria/galeria/jquery.fancybox.css?v=2.1.5 HTTP/1.1" 200 4895
69.30.234.2 - - [15/Oct/2017:01:32:46 -0500] "GET /galeria/?C=M;O=A HTTP/1.1" 200 3301
69.30.234.2 - - [15/Oct/2017:01:32:52 -0500] "GET /galeria/?C=M;O=D HTTP/1.1" 200 3300
69.30.234.2 - - [15/Oct/2017:01:32:55 -0500] "GET /galeria/?C=M;O=D HTTP/1.1" 200 3301
192.168.175.104 - - [15/Oct/2017:01:32:56 -0500] "GET / HTTP/1.1" 200 9990
189.224.42.42 - - [15/Oct/2017:01:32:57 -0500] "GET /galeria/galeria/jquery.fancybox.css?v=2.1.5 HTTP/1.1" 200 4895
189.224.42.42 - - [15/Oct/2017:01:32:57 -0500] "GET /BLA/boletinlegal/js/jquery.scrollShow.js HTTP/1.1" 200 4586
189.224.42.42 - - [15/Oct/2017:01:32:57 -0500] "GET /galeria/galeria/jquery.fancybox.js?v=2.1.5 HTTP/1.1" 200 48706
69.30.234.2 - - [15/Oct/2017:01:32:59 -0500] "GET /galeria/?C=N;O=A HTTP/1.1" 200 3301
69.30.234.2 - - [15/Oct/2017:01:33:03 -0500] "GET /galeria/?C=N;O=D HTTP/1.1" 200 3300
69.30.234.2 - - [15/Oct/2017:01:33:08 -0500] "GET /galeria/?C=N;O=D HTTP/1.1" 200 3301
104.199.87.90 - - [15/Oct/2017:01:33:17 -0500] "-" 408 -
69.30.234.2 - - [15/Oct/2017:01:33:18 -0500] "GET /galeria/?C=S;O=A HTTP/1.1" 200 3301
66.249.66.155 - - [15/Oct/2017:01:33:20 -0500] "GET /BLA/resoluciones/AUTOS%202011/7369.pdf HTTP/1.1" 200 176852
65.208.151.114 - - [15/Oct/2017:01:33:24 -0500] "GET /icons/unknown.gif HTTP/1.1" 200 245
69.30.234.2 - - [15/Oct/2017:01:33:43 -0500] "GET /galeria/?C=S;O=D HTTP/1.1" 200 3300
65.208.151.117 - - [15/Oct/2017:01:33:57 -0500] "GET /icons/unknown.gif HTTP/1.1" 200 245
69.30.234.2 - - [15/Oct/2017:01:33:58 -0500] "GET /galeria/?C=S;O=D HTTP/1.1" 200 3301
69.162.124.233 - - [15/Oct/2017:01:34:01 -0500] "HEAD / HTTP/1.1" 200 -
69.30.234.2 - - [15/Oct/2017:01:34:03 -0500] "GET /galeria/Carrusel2/1jquery-ui-1.8.13.custom.min.js HTTP/1.1" 200 10800
69.30.234.2 - - [15/Oct/2017:01:34:07 -0500] "GET /galeria/Carrusel2/1jquery.thumbnailScroller.css HTTP/1.1" 200 2735
69.30.234.2 - - [15/Oct/2017:01:34:09 -0500] "GET /galeria/Carrusel2/1jquery.thumbnailScroller.js HTTP/1.1" 200 8157
69.30.234.2 - - [15/Oct/2017:01:34:11 -0500] "GET /galeria/Carrusel2/1jquery_thumbnail_scroller_multiple.html HTTP/1.1" 200 3543
69.30.234.2 - - [15/Oct/2017:01:34:13 -0500] "GET /galeria/Carrusel2/?C=D;O=A HTTP/1.1" 200 2148
69.30.234.2 - - [15/Oct/2017:01:34:15 -0500] "GET /galeria/Carrusel2/?C=M;O=A HTTP/1.1" 200 2148
35.189.215.158 - - [15/Oct/2017:01:34:24 -0500] "-" 408 -
69.30.234.2 - - [15/Oct/2017:01:34:26 -0500] "GET /galeria/Carrusel2/?C=N;O=D HTTP/1.1" 200 2148
69.30.234.2 - - [15/Oct/2017:01:34:28 -0500] "GET /galeria/Carrusel2/?C=S;O=A HTTP/1.1" 200 2148
69.30.234.2 - - [15/Oct/2017:01:34:31 -0500] "GET /galeria/carrusel/?C=D;O=D HTTP/1.1" 200 975
69.30.234.2 - - [15/Oct/2017:01:34:33 -0500] "GET /galeria/carrusel/?C=M;O=D HTTP/1.1" 200 975
35.189.215.158 - - [15/Oct/2017:01:34:34 -0500] "-" 408 -
69.30.234.2 - - [15/Oct/2017:01:34:42 -0500] "GET /galeria/carrusel/?C=S;O=D HTTP/1.1" 200 975
69.30.234.2 - - [15/Oct/2017:01:34:46 -0500] "GET /galeria/carrusel/Carrusel/?C=D;O=A HTTP/1.1" 200 2900
69.30.234.2 - - [15/Oct/2017:01:34:49 -0500] "GET /galeria/carrusel/Carrusel/?C=D;O=D HTTP/1.1" 200 2900
66.249.66.155 - - [15/Oct/2017:01:34:49 -0500] "GET /BLA/resoluciones/RESOLUCIONES%202009/8821.pdf HTTP/1.1" 200 1074274
65.208.151.116 - - [15/Oct/2017:01:34:59 -0500] "GET /icons/unknown.gif HTTP/1.1" 200 245
69.30.234.2 - - [15/Oct/2017:01:35:03 -0500] "GET /galeria/carrusel/Carrusel/?C=M;O=A HTTP/1.1" 200 2900
69.30.234.2 - - [15/Oct/2017:01:35:09 -0500] "GET /galeria/carrusel/Carrusel/?C=M;O=D HTTP/1.1" 200 2900
69.30.234.2 - - [15/Oct/2017:01:35:19 -0500] "GET /galeria/carrusel/Carrusel/?C=N;O=A HTTP/1.1" 200 2900
69.30.234.2 - - [15/Oct/2017:01:35:22 -0500] "GET /galeria/carrusel/Carrusel/?C=N;O=D HTTP/1.1" 200 2900
35.187.52.64 - - [15/Oct/2017:01:35:33 -0500] "-" 408 -
65.208.151.119 - - [15/Oct/2017:01:35:33 -0500] "GET /icons/unknown.gif HTTP/1.1" 200 245
66.249.66.156 - - [15/Oct/2017:01:35:34 -0500] "GET /BLA/resoluciones/RESOLUCIONES%202010/0594.pdf HTTP/1.1" 200 122668
69.30.234.2 - - [15/Oct/2017:01:35:34 -0500] "GET /galeria/carrusel/Carrusel/?C=S;O=A HTTP/1.1" 200 2900
69.30.234.2 - - [15/Oct/2017:01:35:39 -0500] "GET /galeria/carrusel/Carrusel/?C=S;O=D HTTP/1.1" 200 2900
217.182.132.34 - - [15/Oct/2017:01:35:44 -0500] "GET /BLA/resoluciones/RESOLUCIONES%202005/RES%202005%202851-2900/00002872.tif HTTP/1.1" 200 68900
69.30.234.2 - - [15/Oct/2017:01:35:44 -0500] "GET /galeria/carrusel/Carrusel/jquery-ui-1.8.13.custom.min.js HTTP/1.1" 200 10800
69.30.234.2 - - [15/Oct/2017:01:35:50 -0500] "GET /galeria/carrusel/Carrusel/jquery.thumbnailScroller.css HTTP/1.1" 200 2066
69.30.234.2 - - [15/Oct/2017:01:35:53 -0500] "GET /galeria/carrusel/Carrusel/jquery.thumbnailScroller.js HTTP/1.1" 200 8157
192.168.175.104 - - [15/Oct/2017:01:35:54 -0500] "GET / HTTP/1.0" 200 9990
69.30.234.2 - - [15/Oct/2017:01:35:57 -0500] "GET /galeria/galeria/?C=D;O=A HTTP/1.1" 200 3182
69.30.234.2 - - [15/Oct/2017:01:36:03 -0500] "GET /galeria/galeria/?C=M;O=A HTTP/1.1" 200 3182
65.208.151.113 - - [15/Oct/2017:01:36:23 -0500] "GET /icons/unknown.gif HTTP/1.1" 200 245
192.168.175.104 - - [15/Oct/2017:01:36:36 -0500] "GET / HTTP/1.1" 200 9990
35.190.203.87 - - [15/Oct/2017:01:36:41 -0500] "-" 408 -
65.208.151.113 - - [15/Oct/2017:01:36:53 -0500] "GET /icons/unknown.gif HTTP/1.1" 200 245
66.249.66.155 - - [15/Oct/2017:01:37:04 -0500] "GET /BLA/resoluciones/RESOLUCIONES%202013/1838.pdf HTTP/1.1" 200 211804
66.249.66.155 - - [15/Oct/2017:01:37:06 -0500] "GET /galeria/galeria/fancybox_loading@2x.gif HTTP/1.1" 200 13984
66.249.66.155 - - [15/Oct/2017:01:37:28 -0500] "GET /galeria/nivo-slider/demo/images/banner%20aceite%20vegetal%20usado.jpg HTTP/1.1" 304 -
69.30.234.2 - - [15/Oct/2017:01:37:35 -0500] "GET /galeria/galeria/?C=N;O=D HTTP/1.1" 200 3182
