181.61.173.150 - - [15/Oct/2017:06:23:10 -0500] "GET /BLA/boletinlegal/js/jquery.scrollShow.js HTTP/1.1" 200 4586
66.249.66.156 - - [15/Oct/2017:06:23:16 -0500] "GET /BLA/resoluciones/AUTOS%202015/7245.pdf HTTP/1.1" 200 553856
186.85.35.170 - - [15/Oct/2017:06:23:20 -0500] "GET /galeria/galeria/fotos/Humedal-Tibanica4G.jpg HTTP/1.1" 200 442374
186.85.35.170 - - [15/Oct/2017:06:23:20 -0500] "GET /galeria/galeria/fotos/Humedal-Tibanica2G.jpg HTTP/1.1" 200 535148
35.187.34.70 - - [15/Oct/2017:06:23:35 -0500] "-" 408 -
66.249.66.155 - - [15/Oct/2017:06:24:00 -0500] "GET /BLA/resoluciones/RESOLUCIONES%202009/9224.pdf HTTP/1.1" 200 491843
65.208.151.118 - - [15/Oct/2017:06:24:01 -0500] "GET /icons/unknown.gif HTTP/1.1" 200 245
192.168.175.104 - - [15/Oct/2017:06:24:05 -0500] "GET / HTTP/1.0" 200 9990
164.132.161.69 - - [15/Oct/2017:06:24:10 -0500] "GET /BLA/resoluciones/RESOLUCIONES%202006/RES%202006%201401-1450/00001425.tif HTTP/1.1" 200 463212
35.189.197.90 - - [15/Oct/2017:06:24:13 -0500] "-" 408 -
201.245.192.245 - - [15/Oct/2017:06:23:46 -0500] "POST /kwsrmcab/Wsrmcab HTTP/1.1" 200 27666
35.189.242.65 - - [15/Oct/2017:06:24:41 -0500] "-" 408 -
192.168.175.104 - - [15/Oct/2017:06:24:43 -0500] "GET / HTTP/1.1" 200 9990
66.249.66.156 - - [15/Oct/2017:06:24:45 -0500] "GET /BLA/resoluciones/RESOLUCIONES%202009/4264.pdf HTTP/1.1" 200 827906
164.132.161.74 - - [15/Oct/2017:06:24:51 -0500] "GET /BLA/resoluciones/RESOLUCIONES%202003/RES%202003%201651-1700/20031668.tif HTTP/1.1" 200 85052
65.208.151.117 - - [15/Oct/2017:06:25:07 -0500] "GET /icons/unknown.gif HTTP/1.1" 200 245
66.249.66.156 - - [15/Oct/2017:06:25:30 -0500] "GET /Autoliquidacion/index.php?dir=Fauna+Silvestre%2F HTTP/1.1" 200 3842
164.132.161.40 - - [15/Oct/2017:06:25:50 -0500] "GET /BLA/resoluciones/RESOLUCIONES%202003/RES%202003%20551-600/551.tif HTTP/1.1" 200 129792
35.190.203.87 - - [15/Oct/2017:06:25:55 -0500] "-" 408 -
192.168.175.104 - - [15/Oct/2017:06:26:00 -0500] "GET / HTTP/1.1" 200 9990
66.249.66.156 - - [15/Oct/2017:06:26:14 -0500] "GET /BLA/resoluciones/RESOLUCIONES%202009/0367.pdf HTTP/1.1" 200 270540
69.162.124.233 - - [15/Oct/2017:06:26:21 -0500] "HEAD / HTTP/1.1" 200 -
217.182.132.192 - - [15/Oct/2017:06:26:28 -0500] "GET /BLA/resoluciones/AUTOS%202006/AUTOS%202006%20601-700/00000614.tif HTTP/1.1" 200 67518
65.208.151.117 - - [15/Oct/2017:06:26:30 -0500] "GET /icons/unknown.gif HTTP/1.1" 200 245
35.193.114.205 - - [15/Oct/2017:06:26:59 -0500] "GET /robots.txt HTTP/1.1" 404 1018
66.249.66.153 - - [15/Oct/2017:06:26:59 -0500] "GET /BLA/resoluciones/RESOLUCIONES%202009/9768.pdf HTTP/1.1" 200 270631
35.187.34.70 - - [15/Oct/2017:06:27:05 -0500] "-" 408 -
35.187.34.70 - - [15/Oct/2017:06:27:16 -0500] "-" 408 -
35.193.114.205 - - [15/Oct/2017:06:27:27 -0500] "GET /Residuos/curtiembres/curtiembres.html HTTP/1.1" 200 1965
216.244.66.250 - - [15/Oct/2017:06:27:32 -0500] "GET /robots.txt HTTP/1.1" 404 1019
66.249.66.153 - - [15/Oct/2017:06:27:44 -0500] "GET /BLA/resoluciones/AUTOS%202011/6481.pdf HTTP/1.1" 200 224204
65.208.151.118 - - [15/Oct/2017:06:27:51 -0500] "GET /icons/unknown.gif HTTP/1.1" 200 245
35.189.242.65 - - [15/Oct/2017:06:28:15 -0500] "-" 408 -
66.249.66.153 - - [15/Oct/2017:06:28:29 -0500] "GET /BLA/resoluciones/RESOLUCIONES%202012/1221.pdf HTTP/1.1" 200 780810
65.208.151.119 - - [15/Oct/2017:06:28:51 -0500] "GET /icons/unknown.gif HTTP/1.1" 200 245
192.168.175.104 - - [15/Oct/2017:06:29:02 -0500] "GET / HTTP/1.0" 200 9990
66.249.66.156 - - [15/Oct/2017:06:29:13 -0500] "GET /BLA/resoluciones/AUTOS%202008/0612.pdf HTTP/1.1" 200 164852
35.190.207.132 - - [15/Oct/2017:06:29:23 -0500] "-" 408 -
192.168.175.104 - - [15/Oct/2017:06:29:41 -0500] "GET / HTTP/1.1" 200 9990
216.218.206.67 - - [15/Oct/2017:06:29:54 -0500] "GET / HTTP/1.1" 200 9990
66.249.66.157 - - [15/Oct/2017:06:29:58 -0500] "GET / HTTP/1.1" 200 9990
65.208.151.112 - - [15/Oct/2017:06:30:27 -0500] "GET /icons/unknown.gif HTTP/1.1" 200 245
35.189.215.158 - - [15/Oct/2017:06:30:32 -0500] "-" 408 -
157.55.39.180 - - [15/Oct/2017:06:30:55 -0500] "GET /www.bogota.gov.co/sdqs HTTP/1.1" 404 1018
192.168.175.104 - - [15/Oct/2017:06:30:59 -0500] "GET / HTTP/1.1" 200 9990
216.218.206.67 - - [15/Oct/2017:06:31:09 -0500] "GET / HTTP/1.1" 200 9990
137.74.207.188 - - [15/Oct/2017:06:31:20 -0500] "GET /BLA/resoluciones/AUTOS%202006/AUTOS%202006%202101%20-%202200/00002138.tif HTTP/1.1" 200 91390
69.162.124.233 - - [15/Oct/2017:06:31:21 -0500] "HEAD / HTTP/1.1" 200 -
66.249.66.155 - - [15/Oct/2017:06:31:27 -0500] "GET /BLA/resoluciones/AUTOS%202015/6563.pdf HTTP/1.1" 200 635429
164.132.161.17 - - [15/Oct/2017:06:31:32 -0500] "GET /BLA/resoluciones/index.php?dir=RESOLUCIONES%202007/RES%202007%20801%20AL%20900/&sort=date&order=desc HTTP/1.1" 200 26641
35.190.203.87 - - [15/Oct/2017:06:31:41 -0500] "-" 408 -
65.208.151.114 - - [15/Oct/2017:06:31:44 -0500] "GET /icons/unknown.gif HTTP/1.1" 200 245
164.132.161.45 - - [15/Oct/2017:06:31:51 -0500] "GET /BLA/resoluciones/index.php?dir=RESOLUCIONES%202006/RES%202006%20201-250/&sort=date&order=desc HTTP/1.1" 200 12237
35.190.201.122 - - [15/Oct/2017:06:32:51 -0500] "-" 408 -
65.208.151.113 - - [15/Oct/2017:06:32:52 -0500] "GET /icons/unknown.gif HTTP/1.1" 200 245
51.255.65.36 - - [15/Oct/2017:06:33:06 -0500] "GET /BLA/resoluciones/index.php?dir=AUTOS%202006/AUTOS%202006%202901%20-%203000/&sort=size&order=desc HTTP/1.1" 200 22190
66.249.66.153 - - [15/Oct/2017:06:33:42 -0500] "GET /BLA/resoluciones/RESOLUCIONES%202009/8940.pdf HTTP/1.1" 200 334979
65.208.151.117 - - [15/Oct/2017:06:33:57 -0500] "GET /icons/unknown.gif HTTP/1.1" 200 245
104.199.87.90 - - [15/Oct/2017:06:34:00 -0500] "-" 408 -
192.168.175.104 - - [15/Oct/2017:06:34:00 -0500] "GET / HTTP/1.0" 200 9990
104.199.87.90 - - [15/Oct/2017:06:34:10 -0500] "-" 408 -
66.102.8.139 - - [15/Oct/2017:06:34:14 -0500] "GET /galeria/galeria/fotos/Humedal-la-conejera1G.jpg HTTP/1.1" 200 340987
66.249.66.155 - - [15/Oct/2017:06:34:26 -0500] "GET /BLA/resoluciones/AUTOS%202013/0524.pdf HTTP/1.1" 200 1936963
192.168.175.104 - - [15/Oct/2017:06:34:39 -0500] "GET / HTTP/1.1" 200 9990
35.190.203.87 - - [15/Oct/2017:06:35:08 -0500] "-" 408 -
190.156.16.111 - - [15/Oct/2017:06:35:11 -0500] "GET /galeria/nivo-slider/demo/demo.html HTTP/1.1" 200 5747
190.156.16.111 - - [15/Oct/2017:06:35:11 -0500] "GET /galeria/nivo-slider/themes/default/default.css HTTP/1.1" 200 1569
190.156.16.111 - - [15/Oct/2017:06:35:11 -0500] "GET /galeria/nivo-slider/themes/pascal/pascal.css HTTP/1.1" 200 2258
190.156.16.111 - - [15/Oct/2017:06:35:11 -0500] "GET /galeria/nivo-slider/themes/orman/orman.css HTTP/1.1" 200 2152
190.156.16.111 - - [15/Oct/2017:06:35:11 -0500] "GET /galeria/nivo-slider/nivo-slider.css HTTP/1.1" 200 1507
190.156.16.111 - - [15/Oct/2017:06:35:11 -0500] "GET /galeria/nivo-slider/demo/style.css HTTP/1.1" 200 2222
190.156.16.111 - - [15/Oct/2017:06:35:11 -0500] "GET /galeria/nivo-slider/demo/images/semana-eco-ambiental-2017.jpg HTTP/1.1" 200 404683
190.156.16.111 - - [15/Oct/2017:06:35:11 -0500] "GET /galeria/nivo-slider/demo/scripts/jquery-1.7.1.min.js HTTP/1.1" 200 93868
190.156.16.111 - - [15/Oct/2017:06:35:11 -0500] "GET /galeria/nivo-slider/jquery.nivo.slider.pack.js HTTP/1.1" 200 11561
190.156.16.111 - - [15/Oct/2017:06:35:11 -0500] "GET /galeria/nivo-slider/demo/images/caminata-mes-octubre.jpg HTTP/1.1" 200 366890
190.156.16.111 - - [15/Oct/2017:06:35:11 -0500] "GET /galeria/nivo-slider/demo/images/simulacro-2017.jpg HTTP/1.1" 200 127800
66.249.66.155 - - [15/Oct/2017:06:35:11 -0500] "GET /BLA/resoluciones/RESOLUCIONES%202007/RES%202007%202901%20AL%203000/RESOLUCION%202907%20DE%202007.pdf HTTP/1.1" 200 322765
190.156.16.111 - - [15/Oct/2017:06:35:11 -0500] "GET /galeria/nivo-slider/demo/images/BANNERCAMBIODESEDE2.jpg HTTP/1.1" 200 120178
190.156.16.111 - - [15/Oct/2017:06:35:12 -0500] "GET /galeria/nivo-slider/themes/default/loading.gif HTTP/1.1" 200 1737
190.156.16.111 - - [15/Oct/2017:06:35:12 -0500] "GET /galeria/nivo-slider/demo/images/4Simple_Slider.png HTTP/1.1" 200 11722
190.156.16.111 - - [15/Oct/2017:06:35:12 -0500] "GET /galeria/nivo-slider/demo/images/Rio-bogta.jpg HTTP/1.1" 200 223392
190.156.16.111 - - [15/Oct/2017:06:35:13 -0500] "GET /galeria/nivo-slider/demo/images/cuerso-incendios-forestales.jpg HTTP/1.1" 200 235744
190.156.16.111 - - [15/Oct/2017:06:35:13 -0500] "GET /galeria/nivo-slider/demo/images/reciclaton.jpg HTTP/1.1" 200 218030
190.156.16.111 - - [15/Oct/2017:06:35:13 -0500] "GET /galeria/nivo-slider/demo/images/Atencion-de-emergencias-ambientale.jpg HTTP/1.1" 200 129141
190.156.16.111 - - [15/Oct/2017:06:35:13 -0500] "GET /galeria/nivo-slider/demo/images/Urgente.jpg HTTP/1.1" 200 249232
190.156.16.111 - - [15/Oct/2017:06:35:13 -0500] "GET /galeria/nivo-slider/demo/images/Encusta2017.jpg HTTP/1.1" 200 212313
190.156.16.111 - - [15/Oct/2017:06:35:14 -0500] "GET /galeria/nivo-slider/demo/images/maximavelocidad.png HTTP/1.1" 200 880272
190.156.16.111 - - [15/Oct/2017:06:35:14 -0500] "GET /galeria/nivo-slider/demo/images/RIOBOGOTA.jpg HTTP/1.1" 200 126440
190.156.16.111 - - [15/Oct/2017:06:35:14 -0500] "GET /galeria/nivo-slider/demo/images/BANNERCAMINASEP-OCT2017.jpg HTTP/1.1" 200 496401
190.156.16.111 - - [15/Oct/2017:06:35:15 -0500] "GET /galeria/nivo-slider/demo/images/banner%20aceite%20vegetal%20usado.jpg HTTP/1.1" 200 169350
190.156.16.111 - - [15/Oct/2017:06:35:15 -0500] "GET /galeria/nivo-slider/demo/images/bannerlumina2017web.jpg HTTP/1.1" 200 198918
190.156.16.111 - - [15/Oct/2017:06:35:15 -0500] "GET /galeria/nivo-slider/demo/images/BANNERRUTADEVERTIMIENTOS.jpg HTTP/1.1" 200 98506
190.156.16.111 - - [15/Oct/2017:06:35:15 -0500] "GET /galeria/nivo-slider/demo/images/bolsas-06.jpg HTTP/1.1" 200 210950
190.156.16.111 - - [15/Oct/2017:06:35:19 -0500] "GET /galeria/nivo-slider/themes/default/arrows.png HTTP/1.1" 200 824
190.156.16.111 - - [15/Oct/2017:06:35:19 -0500] "GET /galeria/nivo-slider/themes/default/bullets.png HTTP/1.1" 200 1281
65.208.151.113 - - [15/Oct/2017:06:35:36 -0500] "GET /icons/unknown.gif HTTP/1.1" 200 245
66.249.66.153 - - [15/Oct/2017:06:35:56 -0500] "GET /BLA/resoluciones/AUTOS%202013/1618.pdf HTTP/1.1" 200 2129875
192.168.175.104 - - [15/Oct/2017:06:35:57 -0500] "GET / HTTP/1.1" 200 9990
66.220.146.31 - - [15/Oct/2017:06:36:01 -0500] "GET /galeria/nivo-slider/demo/images/ecolecta2016.jpg HTTP/1.1" 200 147170
66.249.66.153 - - [15/Oct/2017:06:36:08 -0500] "GET /BLA/resoluciones/RESOLUCIONES%202005/RES%202005%20%201601-1650/00001616.tif HTTP/1.1" 200 140652
35.190.201.122 - - [15/Oct/2017:06:36:17 -0500] "-" 408 -
66.249.66.153 - - [15/Oct/2017:06:36:40 -0500] "GET /BLA/resoluciones/RESOLUCIONES%202008/4487.pdf HTTP/1.1" 200 339988
35.193.114.205 - - [15/Oct/2017:06:36:54 -0500] "GET /robots.txt HTTP/1.1" 404 1018
65.208.151.116 - - [15/Oct/2017:06:37:09 -0500] "GET /icons/unknown.gif HTTP/1.1" 200 245
35.187.34.70 - - [15/Oct/2017:06:37:25 -0500] "-" 408 -
66.249.66.155 - - [15/Oct/2017:06:37:25 -0500] "GET /BLA/resoluciones/RESOLUCIONES%202009/3957.pdf HTTP/1.1" 200 948979
217.182.132.16 - - [15/Oct/2017:06:37:33 -0500] "GET /BLA/resoluciones/RESOLUCIONES%202002/RES%202002%201751-1800/20021762.tif HTTP/1.1" 200 81868
66.249.66.155 - - [15/Oct/2017:06:37:42 -0500] "GET /galeria/nivo-slider/demo/images/VigiasKennedy.jpg HTTP/1.1" 200 70477
169.60.128.125 - - [15/Oct/2017:06:38:06 -0500] "GET /robots.txt HTTP/1.0" 404 1018
169.60.128.125 - - [15/Oct/2017:06:38:06 -0500] "GET /BLA/boletinlegal/sugerencias.php HTTP/1.0" 200 8615
65.208.151.112 - - [15/Oct/2017:06:38:12 -0500] "GET /icons/unknown.gif HTTP/1.1" 200 245
169.60.128.125 - - [15/Oct/2017:06:38:12 -0500] "GET /BLA/boletinlegal/jurisprudencia/analisis/analisis%20sentencia%20C%20401%20de%202010.doc HTTP/1.0" 200 34816
169.60.128.125 - - [15/Oct/2017:06:38:18 -0500] "GET /BLA/boletinlegal/jurisprudencia/analisis/G__Jurisp.%20Junio%202014_JURISPRUDENIA%2005-10-213%20CERROS%20BOGOTA.docx HTTP/1.0" 404 1018
169.60.128.125 - - [15/Oct/2017:06:38:23 -0500] "GET /galeria/mapa/humedal.html HTTP/1.0" 200 13190
204.79.180.10 - - [15/Oct/2017:06:38:33 -0500] "GET /Autoliquidacion/Solicitudes%20relacionadas%20con%20ocupaci%C3%83%C6%92%C3%82%C2%B3n%20de%20cauce/Lista%20de%20Chequeo%20Permiso%20Ocupacion%20de%20Cauce.pdf HTTP/1.1" 404 1019
35.187.96.204 - - [15/Oct/2017:06:38:38 -0500] "-" 408 -
192.168.175.104 - - [15/Oct/2017:06:38:59 -0500] "GET / HTTP/1.0" 200 9990
192.168.175.104 - - [15/Oct/2017:06:39:37 -0500] "GET / HTTP/1.1" 200 9990
51.255.65.26 - - [15/Oct/2017:06:39:41 -0500] "GET /BLA/resoluciones/RESOLUCIONES%202005/RES%202005%201901-1950/00001901.tif HTTP/1.1" 200 71950
65.208.151.117 - - [15/Oct/2017:06:39:55 -0500] "GET /icons/unknown.gif HTTP/1.1" 200 245
35.189.218.56 - - [15/Oct/2017:06:39:59 -0500] "-" 408 -
69.162.124.233 - - [15/Oct/2017:06:40:17 -0500] "HEAD / HTTP/1.1" 200 -
192.168.175.104 - - [15/Oct/2017:06:40:55 -0500] "GET / HTTP/1.1" 200 9990
35.193.114.205 - - [15/Oct/2017:06:41:02 -0500] "GET /robots.txt HTTP/1.1" 404 1018
190.217.110.130 - - [15/Oct/2017:06:41:20 -0500] "GET /BLA/boletinlegal/jurisprudencia/analisis/AnalisisC-746-12.docx HTTP/1.1" 200 22637
35.189.218.56 - - [15/Oct/2017:06:41:23 -0500] "-" 408 -
65.208.151.116 - - [15/Oct/2017:06:41:33 -0500] "GET /icons/unknown.gif HTTP/1.1" 200 245
35.189.197.90 - - [15/Oct/2017:06:41:42 -0500] "-" 408 -
217.182.132.21 - - [15/Oct/2017:06:42:19 -0500] "GET /BLA/resoluciones/AUTOS%202006/AUTOS%202006%20301-400/00000322.tif HTTP/1.1" 200 54290
151.80.31.153 - - [15/Oct/2017:06:42:24 -0500] "GET /galeria/galeria/fotos/14.jpg HTTP/1.1" 200 250194
66.249.66.153 - - [15/Oct/2017:06:42:38 -0500] "GET /BLA/resoluciones/AUTOS%202009/2674.pdf HTTP/1.1" 200 86619
164.132.161.22 - - [15/Oct/2017:06:42:40 -0500] "GET /BLA/resoluciones/AUTOS%202006/AUTOS%202006%202601%20-%202700/00002609.tif HTTP/1.1" 200 383748
35.193.114.205 - - [15/Oct/2017:06:42:41 -0500] "GET /BLA/boletinlegal/js/jquery.scrollShow.js HTTP/1.1" 200 4586
65.208.151.119 - - [15/Oct/2017:06:42:51 -0500] "GET /icons/unknown.gif HTTP/1.1" 200 245
35.187.34.70 - - [15/Oct/2017:06:42:52 -0500] "-" 408 -
217.182.132.147 - - [15/Oct/2017:06:43:19 -0500] "GET /BLA/resoluciones/RESOLUCIONES%202006/RES%202006%201701-1751/00001706.tif HTTP/1.1" 200 133252
66.249.66.155 - - [15/Oct/2017:06:43:23 -0500] "GET /BLA/resoluciones/AUTOS%202011/2066.pdf HTTP/1.1" 200 206577
75.86.177.103 - - [15/Oct/2017:06:43:39 -0500] "GET /webdav/x32.php HTTP/1.1" 404 1018
123.126.113.85 - - [15/Oct/2017:06:43:44 -0500] "GET /resoluciones/RESOLUCIONES%202009/0847.pdf HTTP/1.1" 404 1018
123.126.113.85 - - [15/Oct/2017:06:43:45 -0500] "GET / HTTP/1.1" 304 -
123.126.113.85 - - [15/Oct/2017:06:43:54 -0500] "GET / HTTP/1.1" 304 -
75.86.177.103 - - [15/Oct/2017:06:43:57 -0500] "GET /webdav/x32.php HTTP/1.1" 404 1018
192.168.175.104 - - [15/Oct/2017:06:43:57 -0500] "GET / HTTP/1.0" 200 9990
35.189.215.158 - - [15/Oct/2017:06:44:00 -0500] "-" 408 -
123.126.113.85 - - [15/Oct/2017:06:44:04 -0500] "GET /resoluciones/RESOLUCIONES%202009/0967.pdf HTTP/1.1" 404 1018
66.249.66.153 - - [15/Oct/2017:06:44:08 -0500] "GET /BLA/resoluciones/RESOLUCIONES%202010/2527.pdf HTTP/1.1" 200 487494
65.208.151.114 - - [15/Oct/2017:06:44:26 -0500] "GET /icons/unknown.gif HTTP/1.1" 200 245
192.168.175.104 - - [15/Oct/2017:06:44:35 -0500] "GET / HTTP/1.1" 200 9990
131.253.25.78 - - [15/Oct/2017:06:44:52 -0500] "GET /galeria/galeria/jquery.fancybox.js?v=2.1.5 HTTP/1.1" 200 48706
131.253.25.78 - - [15/Oct/2017:06:44:52 -0500] "GET /galeria/galeria/jquery.fancybox.css?v=2.1.5 HTTP/1.1" 200 4895
66.249.66.155 - - [15/Oct/2017:06:44:52 -0500] "GET /BLA/resoluciones/AUTOS%202012/1785.pdf HTTP/1.1" 200 274651
35.190.201.122 - - [15/Oct/2017:06:45:14 -0500] "-" 408 -
66.249.66.156 - - [15/Oct/2017:06:45:37 -0500] "GET /BLA/resoluciones/RESOLUCIONES%202009/9035.pdf HTTP/1.1" 200 373792
192.168.175.104 - - [15/Oct/2017:06:45:53 -0500] "GET / HTTP/1.1" 200 9990
66.249.66.153 - - [15/Oct/2017:06:46:22 -0500] "GET /BLA/resoluciones/RESOLUCIONES%202009/1097.pdf HTTP/1.1" 200 300998
65.208.151.118 - - [15/Oct/2017:06:46:26 -0500] "GET /icons/unknown.gif HTTP/1.1" 200 245
35.190.203.87 - - [15/Oct/2017:06:46:37 -0500] "-" 408 -
69.162.124.233 - - [15/Oct/2017:06:46:43 -0500] "HEAD / HTTP/1.1" 200 -
66.249.66.153 - - [15/Oct/2017:06:47:07 -0500] "GET /BLA/resoluciones/RESOLUCIONES%202009/7245.pdf HTTP/1.1" 200 119300
65.208.151.115 - - [15/Oct/2017:06:47:48 -0500] "GET /icons/unknown.gif HTTP/1.1" 200 245
217.182.132.172 - - [15/Oct/2017:06:47:49 -0500] "GET /BLA/resoluciones/AUTOS%202006/AUTOS%202006%201601%20-%201700/00001623.tif HTTP/1.1" 200 82904
66.249.66.155 - - [15/Oct/2017:06:47:51 -0500] "GET /BLA/resoluciones/RESOLUCIONES%202008/5544.pdf HTTP/1.1" 200 311132
186.154.122.51 - - [15/Oct/2017:06:47:56 -0500] "GET /galeria/galeria/jquery.fancybox.css?v=2.1.5 HTTP/1.1" 200 4895
186.154.122.51 - - [15/Oct/2017:06:47:56 -0500] "GET /BLA/boletinlegal/js/jquery.scrollShow.js HTTP/1.1" 200 4586
186.154.122.51 - - [15/Oct/2017:06:47:56 -0500] "GET /galeria/galeria/jquery.fancybox.js?v=2.1.5 HTTP/1.1" 200 48706
35.193.114.205 - - [15/Oct/2017:06:47:57 -0500] "GET /robots.txt HTTP/1.1" 404 1018
35.190.203.87 - - [15/Oct/2017:06:47:58 -0500] "-" 408 -
137.74.207.114 - - [15/Oct/2017:06:48:05 -0500] "GET /BLA/resoluciones/AUTOS%202006/AUTOS%202006%201801-%201900/00001821.tif HTTP/1.1" 200 100654
66.249.88.4 - - [15/Oct/2017:06:48:06 -0500] "GET /galeria/galeria/jquery.fancybox.css?v=2.1.5 HTTP/1.1" 200 4895
66.249.88.1 - - [15/Oct/2017:06:48:06 -0500] "GET /BLA/boletinlegal/js/jquery.scrollShow.js HTTP/1.1" 200 4586
66.249.88.7 - - [15/Oct/2017:06:48:06 -0500] "GET /galeria/galeria/jquery.fancybox.js?v=2.1.5 HTTP/1.1" 200 48706
38.80.23.239 - - [15/Oct/2017:06:48:26 -0500] "HEAD /BLA/resoluciones/AUTOS%202015/2463%2Epdf HTTP/1.1" 200 -
38.80.23.239 - - [15/Oct/2017:06:48:27 -0500] "GET /BLA/resoluciones/AUTOS%202015/2463%2Epdf HTTP/1.1" 200 731836
192.168.175.104 - - [15/Oct/2017:06:48:55 -0500] "GET / HTTP/1.0" 200 9990
51.255.65.8 - - [15/Oct/2017:06:49:01 -0500] "GET /BLA/resoluciones/RESOLUCIONES%202006/RES%202006%20701-750/00000701.tif HTTP/1.1" 200 94146
104.199.87.90 - - [15/Oct/2017:06:49:15 -0500] "-" 408 -
65.208.151.119 - - [15/Oct/2017:06:49:15 -0500] "GET /icons/unknown.gif HTTP/1.1" 200 245
66.249.66.153 - - [15/Oct/2017:06:49:21 -0500] "GET /BLA/resoluciones/RESOLUCIONES%202009/1857.pdf HTTP/1.1" 200 3968144
192.168.175.104 - - [15/Oct/2017:06:49:33 -0500] "GET / HTTP/1.1" 200 9990
66.249.88.7 - - [15/Oct/2017:06:49:40 -0500] "GET /galeria/galeria/jquery.fancybox.css?v=2.1.5 HTTP/1.1" 200 4895
66.249.88.7 - - [15/Oct/2017:06:49:40 -0500] "GET /BLA/boletinlegal/js/jquery.scrollShow.js HTTP/1.1" 200 4586
66.249.88.1 - - [15/Oct/2017:06:49:40 -0500] "GET /galeria/galeria/jquery.fancybox.js?v=2.1.5 HTTP/1.1" 200 48706
66.249.88.7 - - [15/Oct/2017:06:49:45 -0500] "GET /galeria/galeria/jquery.fancybox.js?v=2.1.5 HTTP/1.1" 304 -
66.249.88.4 - - [15/Oct/2017:06:49:45 -0500] "GET /galeria/galeria/jquery.fancybox.css?v=2.1.5 HTTP/1.1" 304 -
66.249.88.4 - - [15/Oct/2017:06:49:45 -0500] "GET /BLA/boletinlegal/js/jquery.scrollShow.js HTTP/1.1" 304 -
66.249.66.156 - - [15/Oct/2017:06:50:05 -0500] "GET /BLA/resoluciones/RESOLUCIONES%202010/6421.pdf HTTP/1.1" 200 3040206
35.189.215.158 - - [15/Oct/2017:06:50:30 -0500] "-" 408 -
65.208.151.118 - - [15/Oct/2017:06:50:44 -0500] "GET /icons/unknown.gif HTTP/1.1" 200 245
66.249.66.153 - - [15/Oct/2017:06:50:50 -0500] "GET /BLA/resoluciones/AUTOS%202009/0499.pdf HTTP/1.1" 200 185717
192.168.175.104 - - [15/Oct/2017:06:50:51 -0500] "GET / HTTP/1.1" 200 9990
66.249.66.153 - - [15/Oct/2017:06:51:35 -0500] "GET /BLA/resoluciones/Notificaciones/AUTOS%202014/0934.doc HTTP/1.1" 200 231424
51.255.65.82 - - [15/Oct/2017:06:51:38 -0500] "GET /BLA/resoluciones/RESOLUCIONES%202004/RES%202004%20351-400/00000394.tif HTTP/1.1" 200 175074
69.162.124.233 - - [15/Oct/2017:06:51:43 -0500] "HEAD / HTTP/1.1" 200 -
35.189.218.56 - - [15/Oct/2017:06:51:50 -0500] "-" 408 -
66.249.66.155 - - [15/Oct/2017:06:52:20 -0500] "GET /BLA/resoluciones/AUTOS%202007/1455.pdf HTTP/1.1" 200 39191
65.208.151.113 - - [15/Oct/2017:06:52:33 -0500] "GET /icons/unknown.gif HTTP/1.1" 200 245
181.57.18.141 - - [15/Oct/2017:06:52:47 -0500] "GET /BLA/boletinlegal/js/jquery.scrollShow.js HTTP/1.1" 200 4586
181.57.18.141 - - [15/Oct/2017:06:52:47 -0500] "GET /galeria/galeria/jquery.fancybox.js?v=2.1.5 HTTP/1.1" 200 48706
181.57.18.141 - - [15/Oct/2017:06:52:48 -0500] "GET /galeria/galeria/jquery.fancybox.css?v=2.1.5 HTTP/1.1" 200 4895
66.249.66.153 - - [15/Oct/2017:06:53:04 -0500] "GET /BLA/resoluciones/Notificaciones/AUTOS%202015/05807.doc HTTP/1.1" 200 142036
35.189.215.158 - - [15/Oct/2017:06:53:05 -0500] "-" 408 -
66.249.88.1 - - [15/Oct/2017:06:53:37 -0500] "GET /BLA/resoluciones/RESOLUCIONES%202009/7407.pdf HTTP/1.1" 200 1292842
192.168.175.104 - - [15/Oct/2017:06:53:53 -0500] "GET / HTTP/1.0" 200 9990
164.132.161.32 - - [15/Oct/2017:06:53:53 -0500] "GET /BLA/resoluciones/index.php?dir=RESOLUCIONES%202004/RES%202004%201451-1500/&sort=name&order=desc HTTP/1.1" 200 12352
65.208.151.118 - - [15/Oct/2017:06:54:01 -0500] "GET /icons/unknown.gif HTTP/1.1" 200 245
35.190.207.132 - - [15/Oct/2017:06:54:16 -0500] "-" 408 -
192.168.175.104 - - [15/Oct/2017:06:54:31 -0500] "GET / HTTP/1.1" 200 9990
190.9.209.247 - - [15/Oct/2017:06:55:15 -0500] "GET /BLA/resoluciones/RESOLUCIONES%202007/RES%202007%20601%20AL%20700/RESOLUCION%200636%20DE%202007.pdf HTTP/1.1" 200 425824
65.208.151.117 - - [15/Oct/2017:06:55:16 -0500] "GET /icons/unknown.gif HTTP/1.1" 200 245
66.249.66.155 - - [15/Oct/2017:06:55:18 -0500] "GET / HTTP/1.1" 200 9990
164.132.161.64 - - [15/Oct/2017:06:55:27 -0500] "GET /BLA/resoluciones/index.php?dir=RESOLUCIONES+2003%2FRES+2003+1501-1550%2F HTTP/1.1" 200 12137
35.187.34.70 - - [15/Oct/2017:06:55:32 -0500] "-" 408 -
192.168.175.104 - - [15/Oct/2017:06:55:49 -0500] "GET / HTTP/1.1" 200 9990
51.255.65.53 - - [15/Oct/2017:06:56:10 -0500] "GET /BLA/resoluciones/RESOLUCIONES%202005/RES%202005%201451-1500/00001457.tif HTTP/1.1" 200 207022
164.132.161.71 - - [15/Oct/2017:06:56:17 -0500] "GET /BLA/resoluciones/RESOLUCIONES%202006/RES%202006%202751-2800/00002769.tif HTTP/1.1" 200 197532
65.208.151.119 - - [15/Oct/2017:06:56:43 -0500] "GET /icons/unknown.gif HTTP/1.1" 200 245
69.162.124.233 - - [15/Oct/2017:06:56:43 -0500] "HEAD / HTTP/1.1" 200 -
35.189.218.56 - - [15/Oct/2017:06:56:47 -0500] "-" 408 -
66.249.66.155 - - [15/Oct/2017:06:56:48 -0500] "GET / HTTP/1.1" 200 9990
181.234.210.217 - - [15/Oct/2017:06:57:04 -0500] "GET /BLA/boletinlegal/js/jquery.scrollShow.js HTTP/1.1" 200 4586
181.234.210.217 - - [15/Oct/2017:06:57:04 -0500] "GET /galeria/galeria/jquery.fancybox.js?v=2.1.5 HTTP/1.1" 200 48706
181.234.210.217 - - [15/Oct/2017:06:57:04 -0500] "GET /galeria/galeria/jquery.fancybox.css?v=2.1.5 HTTP/1.1" 200 4895
217.182.132.86 - - [15/Oct/2017:06:57:09 -0500] "GET /BLA/resoluciones/index.php?dir=RESOLUCIONES%202005/RES%202005%201551-1600/&sort=size&order=asc HTTP/1.1" 200 12364
35.189.197.90 - - [15/Oct/2017:06:57:15 -0500] "-" 408 -
181.234.210.217 - - [15/Oct/2017:06:57:17 -0500] "GET /BLA/boletinlegal/js/jquery.scrollShow.js HTTP/1.1" 200 4586
181.234.210.217 - - [15/Oct/2017:06:57:17 -0500] "GET /galeria/galeria/jquery.fancybox.js?v=2.1.5 HTTP/1.1" 200 48706
181.234.210.217 - - [15/Oct/2017:06:57:17 -0500] "GET /galeria/galeria/jquery.fancybox.css?v=2.1.5 HTTP/1.1" 200 4895
164.132.161.85 - - [15/Oct/2017:06:57:35 -0500] "GET /BLA/resoluciones/AUTOS%202006/AUTOS%202006%20801-900/00000830.tif HTTP/1.1" 200 103610
35.193.114.205 - - [15/Oct/2017:06:57:46 -0500] "GET /robots.txt HTTP/1.1" 404 1018
35.189.218.56 - - [15/Oct/2017:06:58:02 -0500] "-" 408 -
164.132.164.180 - - [15/Oct/2017:06:58:10 -0500] "GET /BLA/resoluciones/RESOLUCIONES%202005/RES%202005%201901-1950/INDEX.DAT HTTP/1.1" 200 2000
186.31.208.204 - - [15/Oct/2017:06:58:10 -0500] "GET /BLA/boletinlegal/js/jquery.scrollShow.js HTTP/1.1" 304 -
186.31.208.204 - - [15/Oct/2017:06:58:10 -0500] "GET /galeria/galeria/jquery.fancybox.css?v=2.1.5 HTTP/1.1" 304 -
186.31.208.204 - - [15/Oct/2017:06:58:10 -0500] "GET /galeria/galeria/jquery.fancybox.js?v=2.1.5 HTTP/1.1" 304 -
35.189.218.56 - - [15/Oct/2017:06:58:12 -0500] "-" 408 -
186.31.208.204 - - [15/Oct/2017:06:58:13 -0500] "GET /galeria/galeria/jquery.fancybox.js?v=2.1.5 HTTP/1.1" 200 48706
186.31.208.204 - - [15/Oct/2017:06:58:13 -0500] "GET /BLA/boletinlegal/js/jquery.scrollShow.js HTTP/1.1" 200 4586
186.31.208.204 - - [15/Oct/2017:06:58:13 -0500] "GET /galeria/galeria/jquery.fancybox.css?v=2.1.5 HTTP/1.1" 200 4895
66.249.66.159 - - [15/Oct/2017:06:58:18 -0500] "GET / HTTP/1.1" 200 9990
186.147.247.14 - - [15/Oct/2017:06:58:20 -0500] "GET /BLA/boletinlegal/js/jquery.scrollShow.js HTTP/1.1" 200 4586
186.147.247.14 - - [15/Oct/2017:06:58:20 -0500] "GET /galeria/galeria/jquery.fancybox.css?v=2.1.5 HTTP/1.1" 200 4895
186.147.247.14 - - [15/Oct/2017:06:58:20 -0500] "GET /galeria/galeria/jquery.fancybox.js?v=2.1.5 HTTP/1.1" 200 48706
164.132.161.48 - - [15/Oct/2017:06:58:34 -0500] "GET /BLA/resoluciones/AUTOS%202006/AUTOS%202006%202601%20-%202700/00002647.tif HTTP/1.1" 200 48358
192.168.175.104 - - [15/Oct/2017:06:58:51 -0500] "GET / HTTP/1.0" 200 9990
66.249.66.149 - - [15/Oct/2017:06:59:02 -0500] "GET / HTTP/1.1" 200 9990
65.208.151.119 - - [15/Oct/2017:06:59:05 -0500] "GET /icons/unknown.gif HTTP/1.1" 200 245
35.189.215.158 - - [15/Oct/2017:06:59:20 -0500] "-" 408 -
192.168.175.104 - - [15/Oct/2017:06:59:29 -0500] "GET / HTTP/1.1" 200 9990
66.249.66.155 - - [15/Oct/2017:06:59:35 -0500] "GET /BLA/resoluciones/RESOLUCIONES%202005/RES%202005%20%201601-1650/00001636.tif HTTP/1.1" 200 157736
66.249.66.155 - - [15/Oct/2017:06:59:47 -0500] "GET /BLA/resoluciones/AUTOS%202013/0553.pdf HTTP/1.1" 200 1534935
190.195.73.144 - - [15/Oct/2017:07:00:23 -0500] "GET /galeria/galeria/jquery.fancybox.css?v=2.1.5 HTTP/1.1" 200 4895
190.195.73.144 - - [15/Oct/2017:07:00:23 -0500] "GET /BLA/boletinlegal/js/jquery.scrollShow.js HTTP/1.1" 200 4586
190.195.73.144 - - [15/Oct/2017:07:00:23 -0500] "GET /galeria/galeria/jquery.fancybox.js?v=2.1.5 HTTP/1.1" 200 48706
190.195.73.144 - - [15/Oct/2017:07:00:26 -0500] "GET /galeria/nivo-slider/demo/demo.html HTTP/1.1" 200 5747
190.195.73.144 - - [15/Oct/2017:07:00:28 -0500] "GET /galeria/nivo-slider/themes/default/default.css HTTP/1.1" 200 1569
190.195.73.144 - - [15/Oct/2017:07:00:28 -0500] "GET /galeria/nivo-slider/themes/pascal/pascal.css HTTP/1.1" 200 2258
190.195.73.144 - - [15/Oct/2017:07:00:28 -0500] "GET /galeria/nivo-slider/themes/orman/orman.css HTTP/1.1" 200 2152
190.195.73.144 - - [15/Oct/2017:07:00:28 -0500] "GET /galeria/nivo-slider/nivo-slider.css HTTP/1.1" 200 1507
190.195.73.144 - - [15/Oct/2017:07:00:28 -0500] "GET /galeria/nivo-slider/demo/style.css HTTP/1.1" 200 2222
190.195.73.144 - - [15/Oct/2017:07:00:28 -0500] "GET /galeria/nivo-slider/demo/images/semana-eco-ambiental-2017.jpg HTTP/1.1" 200 404683
190.195.73.144 - - [15/Oct/2017:07:00:28 -0500] "GET /galeria/nivo-slider/demo/scripts/jquery-1.7.1.min.js HTTP/1.1" 200 93868
190.195.73.144 - - [15/Oct/2017:07:00:29 -0500] "GET /galeria/nivo-slider/themes/default/loading.gif HTTP/1.1" 200 1737
190.195.73.144 - - [15/Oct/2017:07:00:29 -0500] "GET /galeria/nivo-slider/demo/images/4Simple_Slider.png HTTP/1.1" 200 11722
190.195.73.144 - - [15/Oct/2017:07:00:29 -0500] "GET /galeria/nivo-slider/jquery.nivo.slider.pack.js HTTP/1.1" 200 11561
190.195.73.144 - - [15/Oct/2017:07:00:29 -0500] "GET /galeria/nivo-slider/demo/images/caminata-mes-octubre.jpg HTTP/1.1" 200 366890
190.195.73.144 - - [15/Oct/2017:07:00:31 -0500] "GET /galeria/nivo-slider/demo/images/simulacro-2017.jpg HTTP/1.1" 200 127800
190.195.73.144 - - [15/Oct/2017:07:00:31 -0500] "GET /galeria/nivo-slider/demo/images/simulacro-2017.jpg HTTP/1.1" 200 127800
190.195.73.144 - - [15/Oct/2017:07:00:31 -0500] "GET /galeria/nivo-slider/demo/images/BANNERCAMBIODESEDE2.jpg HTTP/1.1" 200 120178
190.195.73.144 - - [15/Oct/2017:07:00:31 -0500] "GET /galeria/nivo-slider/demo/images/Rio-bogta.jpg HTTP/1.1" 200 223392
190.195.73.144 - - [15/Oct/2017:07:00:31 -0500] "GET /galeria/nivo-slider/demo/images/cuerso-incendios-forestales.jpg HTTP/1.1" 200 235744
66.249.66.156 - - [15/Oct/2017:07:00:31 -0500] "GET /BLA/resoluciones/RESOLUCIONES%202009/4734.pdf HTTP/1.1" 200 1481216
190.195.73.144 - - [15/Oct/2017:07:00:32 -0500] "GET /galeria/nivo-slider/demo/images/reciclaton.jpg HTTP/1.1" 200 218030
65.208.151.113 - - [15/Oct/2017:07:00:33 -0500] "GET /icons/unknown.gif HTTP/1.1" 200 245
190.195.73.144 - - [15/Oct/2017:07:00:33 -0500] "GET /galeria/nivo-slider/demo/images/Atencion-de-emergencias-ambientale.jpg HTTP/1.1" 200 129141
190.195.73.144 - - [15/Oct/2017:07:00:34 -0500] "GET /galeria/nivo-slider/demo/images/Urgente.jpg HTTP/1.1" 200 249232
190.195.73.144 - - [15/Oct/2017:07:00:35 -0500] "GET /galeria/nivo-slider/demo/images/Encusta2017.jpg HTTP/1.1" 200 212313
190.195.73.144 - - [15/Oct/2017:07:00:35 -0500] "GET /galeria/nivo-slider/demo/images/maximavelocidad.png HTTP/1.1" 200 880272
190.195.73.144 - - [15/Oct/2017:07:00:36 -0500] "GET /galeria/nivo-slider/demo/images/RIOBOGOTA.jpg HTTP/1.1" 200 126440
190.195.73.144 - - [15/Oct/2017:07:00:38 -0500] "GET /galeria/nivo-slider/demo/images/BANNERCAMINASEP-OCT2017.jpg HTTP/1.1" 200 496401
190.195.73.144 - - [15/Oct/2017:07:00:38 -0500] "GET /galeria/nivo-slider/demo/images/banner%20aceite%20vegetal%20usado.jpg HTTP/1.1" 200 169350
190.195.73.144 - - [15/Oct/2017:07:00:38 -0500] "GET /galeria/nivo-slider/demo/images/bannerlumina2017web.jpg HTTP/1.1" 200 198918
190.195.73.144 - - [15/Oct/2017:07:00:39 -0500] "GET /galeria/nivo-slider/demo/images/BANNERRUTADEVERTIMIENTOS.jpg HTTP/1.1" 200 98506
190.195.73.144 - - [15/Oct/2017:07:00:41 -0500] "GET /galeria/nivo-slider/demo/images/bolsas-06.jpg HTTP/1.1" 200 210950
190.195.73.144 - - [15/Oct/2017:07:00:43 -0500] "GET /galeria/nivo-slider/themes/default/arrows.png HTTP/1.1" 200 824
190.195.73.144 - - [15/Oct/2017:07:00:43 -0500] "GET /galeria/nivo-slider/themes/default/bullets.png HTTP/1.1" 200 1281
35.189.242.65 - - [15/Oct/2017:07:00:45 -0500] "-" 408 -
192.168.175.104 - - [15/Oct/2017:07:00:47 -0500] "GET / HTTP/1.1" 200 9990
66.249.66.153 - - [15/Oct/2017:07:01:16 -0500] "GET /BLA/resoluciones/AUTOS%202015/5186.pdf HTTP/1.1" 200 555754
37.13.70.45 - - [15/Oct/2017:07:01:21 -0500] "GET /galeria/galeria/jquery.fancybox.js?v=2.1.5 HTTP/1.1" 200 48706
37.13.70.45 - - [15/Oct/2017:07:01:21 -0500] "GET /BLA/boletinlegal/js/jquery.scrollShow.js HTTP/1.1" 200 4586
37.13.70.45 - - [15/Oct/2017:07:01:22 -0500] "GET /galeria/galeria/jquery.fancybox.css?v=2.1.5 HTTP/1.1" 200 4895
69.162.124.233 - - [15/Oct/2017:07:01:43 -0500] "HEAD / HTTP/1.1" 200 -
65.208.151.117 - - [15/Oct/2017:07:01:47 -0500] "GET /icons/unknown.gif HTTP/1.1" 200 245
35.190.207.132 - - [15/Oct/2017:07:01:59 -0500] "-" 408 -
164.132.161.4 - - [15/Oct/2017:07:02:09 -0500] "GET /BLA/resoluciones/RESOLUCIONES%202005/RES%202005%201751-1800/00001786.tif HTTP/1.1" 200 174974
66.249.88.1 - - [15/Oct/2017:07:02:33 -0500] "GET /galeria/galeria/jquery.fancybox.css?v=2.1.5 HTTP/1.1" 200 4895
66.249.88.4 - - [15/Oct/2017:07:02:33 -0500] "GET /BLA/boletinlegal/js/jquery.scrollShow.js HTTP/1.1" 200 4586
66.249.88.1 - - [15/Oct/2017:07:02:33 -0500] "GET /galeria/galeria/jquery.fancybox.js?v=2.1.5 HTTP/1.1" 200 48706
164.132.161.47 - - [15/Oct/2017:07:02:41 -0500] "GET /BLA/resoluciones/RESOLUCIONES%202006/RES%202006%201501-1550/00001510.tif HTTP/1.1" 200 172410
66.249.66.155 - - [15/Oct/2017:07:02:46 -0500] "GET /BLA/resoluciones/RESOLUCIONES%202013/1540.pdf HTTP/1.1" 200 647037
186.31.208.204 - - [15/Oct/2017:07:02:47 -0500] "GET /galeria/galeria/jquery.fancybox.css?v=2.1.5 HTTP/1.1" 200 4895
65.208.151.115 - - [15/Oct/2017:07:03:03 -0500] "GET /icons/unknown.gif HTTP/1.1" 200 245
35.190.207.132 - - [15/Oct/2017:07:03:12 -0500] "-" 408 -
192.168.175.104 - - [15/Oct/2017:07:03:49 -0500] "GET / HTTP/1.0" 200 9990
201.245.192.245 - - [15/Oct/2017:07:03:45 -0500] "POST /kwsrmcab/Wsrmcab HTTP/1.1" 200 27663
66.249.66.158 - - [15/Oct/2017:07:04:15 -0500] "GET /PORTAL_SIAC/swf/semana_internet.swf HTTP/1.1" 200 514133
65.208.151.113 - - [15/Oct/2017:07:04:19 -0500] "GET /icons/unknown.gif HTTP/1.1" 200 245
131.253.25.74 - - [15/Oct/2017:07:04:19 -0500] "GET /galeria/galeria/jquery.fancybox.css?v=2.1.5 HTTP/1.1" 200 4895
131.253.25.92 - - [15/Oct/2017:07:04:19 -0500] "GET /galeria/galeria/jquery.fancybox.js?v=2.1.5 HTTP/1.1" 200 48706
217.182.132.14 - - [15/Oct/2017:07:04:24 -0500] "GET /BLA/resoluciones/RESOLUCIONES%202003/RES%202003%20151-200/2003RES184.tif HTTP/1.1" 200 158640
192.168.175.104 - - [15/Oct/2017:07:04:26 -0500] "GET / HTTP/1.1" 200 9990
35.189.215.158 - - [15/Oct/2017:07:04:26 -0500] "-" 408 -
201.245.192.245 - - [15/Oct/2017:07:04:14 -0500] "POST /kwsrmcab/Wsrmcab HTTP/1.1" 200 15373
217.182.132.19 - - [15/Oct/2017:07:04:51 -0500] "GET /BLA/resoluciones/AUTOS%202006/AUTOS%202006%202301%20-%202400/00002390.tif HTTP/1.1" 200 72946
51.255.65.46 - - [15/Oct/2017:07:05:05 -0500] "GET /BLA/resoluciones/RESOLUCIONES%202002/RES%202002%201051-1100/00001068.tif HTTP/1.1" 200 38588
164.132.161.92 - - [15/Oct/2017:07:05:18 -0500] "GET /BLA/resoluciones/RESOLUCIONES%202006/RES%202006%201901-1950/00001913.tif HTTP/1.1" 200 156848
35.187.52.64 - - [15/Oct/2017:07:05:28 -0500] "-" 408 -
192.168.175.104 - - [15/Oct/2017:07:05:45 -0500] "GET / HTTP/1.1" 200 9990
190.217.110.130 - - [15/Oct/2017:07:05:47 -0500] "GET /BLA/boletinlegal/jurisprudencia/analisis/AnalisisC-746-12.docx HTTP/1.1" 200 22637
65.208.151.113 - - [15/Oct/2017:07:05:49 -0500] "GET /icons/unknown.gif HTTP/1.1" 200 245
66.249.66.156 - - [15/Oct/2017:07:06:31 -0500] "GET /galeria/nivo-slider/demo/images/buselectrico4.jpg HTTP/1.1" 200 266068
35.190.203.87 - - [15/Oct/2017:07:06:38 -0500] "-" 408 -
69.162.124.233 - - [15/Oct/2017:07:06:43 -0500] "HEAD / HTTP/1.1" 200 -
66.249.88.1 - - [15/Oct/2017:07:07:23 -0500] "GET /galeria/galeria/fotos/Humedal-la-conejera1G.jpg HTTP/1.1" 200 340987
35.193.114.205 - - [15/Oct/2017:07:07:28 -0500] "GET /robots.txt HTTP/1.1" 404 1018
65.208.151.113 - - [15/Oct/2017:07:07:40 -0500] "GET /icons/unknown.gif HTTP/1.1" 200 245
35.189.215.158 - - [15/Oct/2017:07:07:47 -0500] "-" 408 -
35.193.114.205 - - [15/Oct/2017:07:07:55 -0500] "GET /Residuos/lavanderias/lavanderias.html HTTP/1.1" 200 1965
66.249.66.158 - - [15/Oct/2017:07:07:59 -0500] "GET /PORTAL_SIAC/swf/contador_hora_planeta.swf HTTP/1.1" 200 61412
35.193.114.205 - - [15/Oct/2017:07:08:10 -0500] "GET /Residuos/metalmecanica/metalmecanica.html HTTP/1.1" 200 1969
109.96.229.177 - - [15/Oct/2017:07:08:11 -0500] "GET /wp-login.php HTTP/1.1" 404 1018
109.96.229.177 - - [15/Oct/2017:07:08:11 -0500] "GET / HTTP/1.1" 200 9990
66.249.66.155 - - [15/Oct/2017:07:08:43 -0500] "GET /BLA/resoluciones/AUTOS%202016/2332.pdf HTTP/1.1" 200 556108
192.168.175.104 - - [15/Oct/2017:07:08:48 -0500] "GET / HTTP/1.0" 200 9990
164.132.161.8 - - [15/Oct/2017:07:08:51 -0500] "GET /BLA/resoluciones/RESOLUCIONES%202005/RES%202005%201251-1300/00001298.tif HTTP/1.1" 200 53622
35.187.52.64 - - [15/Oct/2017:07:08:55 -0500] "-" 408 -
40.77.167.30 - - [15/Oct/2017:07:09:18 -0500] "GET /galeria/galeria/fotos/Humedal-vaca6G.jpg HTTP/1.1" 200 176858
192.168.175.104 - - [15/Oct/2017:07:09:24 -0500] "GET / HTTP/1.1" 200 9990
66.249.66.156 - - [15/Oct/2017:07:09:28 -0500] "GET /BLA/resoluciones/AUTOS%202014/0028.pdf HTTP/1.1" 200 499116
65.208.151.117 - - [15/Oct/2017:07:10:00 -0500] "GET /icons/unknown.gif HTTP/1.1" 200 245
35.193.114.205 - - [15/Oct/2017:07:10:04 -0500] "GET /Residuos/cosmeticos/cosmeticos.html HTTP/1.1" 200 1963
35.190.203.87 - - [15/Oct/2017:07:10:05 -0500] "-" 408 -
51.255.71.122 - - [15/Oct/2017:07:10:13 -0500] "GET /BLA/resoluciones/RESOLUCIONES%202006/RES%202006%201851-1900/00001851.tif HTTP/1.1" 200 234230
192.168.175.104 - - [15/Oct/2017:07:10:42 -0500] "GET / HTTP/1.1" 200 9990
186.155.84.131 - - [15/Oct/2017:07:10:58 -0500] "GET /BLA/resoluciones/AUTOS%202013/0710.pdf HTTP/1.1" 200 355255
186.155.84.131 - - [15/Oct/2017:07:10:59 -0500] "GET /favicon.ico HTTP/1.1" 200 7782
35.193.114.205 - - [15/Oct/2017:07:11:24 -0500] "GET /BLA/resoluciones/RESOLUCIONES%202015/1054.pdf HTTP/1.1" 200 487632
51.255.65.81 - - [15/Oct/2017:07:11:29 -0500] "GET /BLA/resoluciones/RESOLUCIONES%202004/RES%202004%202351-2401/INDEX.DAT HTTP/1.1" 200 2000
35.187.52.64 - - [15/Oct/2017:07:11:33 -0500] "-" 408 -
65.208.151.112 - - [15/Oct/2017:07:11:38 -0500] "GET /icons/unknown.gif HTTP/1.1" 200 245
66.249.66.156 - - [15/Oct/2017:07:11:42 -0500] "GET /BLA/resoluciones/AUTOS%202013/3684.pdf HTTP/1.1" 200 319339
69.162.124.233 - - [15/Oct/2017:07:11:43 -0500] "HEAD / HTTP/1.1" 200 -
35.193.114.205 - - [15/Oct/2017:07:11:52 -0500] "GET /Residuos/maderas/maderas.html HTTP/1.1" 200 1957
216.244.66.250 - - [15/Oct/2017:07:11:33 -0500] "GET /BLA/boletinlegal/ HTTP/1.1" 200 24523
66.249.66.156 - - [15/Oct/2017:07:12:27 -0500] "GET /BLA/resoluciones/AUTOS%202013/1129.pdf HTTP/1.1" 200 822870
65.208.151.117 - - [15/Oct/2017:07:12:29 -0500] "GET /icons/unknown.gif HTTP/1.1" 200 245
35.187.34.70 - - [15/Oct/2017:07:12:58 -0500] "-" 408 -
35.187.34.70 - - [15/Oct/2017:07:13:08 -0500] "-" 408 -
204.79.180.23 - - [15/Oct/2017:07:13:10 -0500] "GET /Anexos%20estudio%20Organizacional%20SDA/ANEXO%20No.%203-%20CONTRATACI%C3%93N%20%20OPS%C2%B4s%202008-2012/CONTRATOS%20SDA%202012%20POR%20DEPENDENCIA.xls HTTP/1.1" 200 269824
66.249.66.153 - - [15/Oct/2017:07:13:12 -0500] "GET /BLA/resoluciones/RESOLUCIONES%202014/0101.pdf HTTP/1.1" 200 833914
164.132.161.56 - - [15/Oct/2017:07:13:18 -0500] "GET /BLA/resoluciones/index.php?dir=RESOLUCIONES+2007%2FRES+2007+2501+AL+2600%2F HTTP/1.1" 200 26847
192.168.175.104 - - [15/Oct/2017:07:13:46 -0500] "GET / HTTP/1.0" 200 9990
186.82.252.161 - - [15/Oct/2017:07:13:56 -0500] "GET /BLA/boletinlegal/js/jquery.scrollShow.js HTTP/1.1" 200 4586
186.82.252.161 - - [15/Oct/2017:07:13:56 -0500] "GET /galeria/galeria/jquery.fancybox.js?v=2.1.5 HTTP/1.1" 200 48706
186.82.252.161 - - [15/Oct/2017:07:13:56 -0500] "GET /galeria/galeria/jquery.fancybox.css?v=2.1.5 HTTP/1.1" 200 4895
66.249.66.153 - - [15/Oct/2017:07:13:56 -0500] "GET /BLA/resoluciones/RESOLUCIONES%202007/RES%202007%201101%20AL%201200/RESOLUCION%201196%20DE%202007.pdf HTTP/1.1" 200 218411
186.82.252.161 - - [15/Oct/2017:07:13:59 -0500] "GET /galeria/galeria/jquery.fancybox.js?v=2.1.5 HTTP/1.1" 304 -
186.82.252.161 - - [15/Oct/2017:07:13:59 -0500] "GET /galeria/galeria/jquery.fancybox.css?v=2.1.5 HTTP/1.1" 304 -
186.82.252.161 - - [15/Oct/2017:07:13:59 -0500] "GET /BLA/boletinlegal/js/jquery.scrollShow.js HTTP/1.1" 304 -
65.208.151.119 - - [15/Oct/2017:07:14:16 -0500] "GET /icons/unknown.gif HTTP/1.1" 200 245
201.245.192.245 - - [15/Oct/2017:07:13:45 -0500] "POST /kwsrmcab/Wsrmcab HTTP/1.1" 200 27663
35.190.201.122 - - [15/Oct/2017:07:14:22 -0500] "-" 408 -
192.168.175.104 - - [15/Oct/2017:07:14:22 -0500] "GET / HTTP/1.1" 200 9990
66.249.66.153 - - [15/Oct/2017:07:14:41 -0500] "GET /BLA/resoluciones/RESOLUCIONES%202007/RES%202007%202801%20AL%202900/RESOLUCION%202849%20DE%202007.pdf HTTP/1.1" 200 333870
65.208.151.118 - - [15/Oct/2017:07:15:19 -0500] "GET /icons/unknown.gif HTTP/1.1" 200 245
66.249.66.153 - - [15/Oct/2017:07:15:26 -0500] "GET /BLA/resoluciones/AUTOS%202015/0200.pdf HTTP/1.1" 200 565902
217.182.132.86 - - [15/Oct/2017:07:15:26 -0500] "GET /BLA/resoluciones/AUTOS%202006/AUTOS%202006%20501-600/00000581.tif HTTP/1.1" 200 62332
35.189.218.56 - - [15/Oct/2017:07:15:33 -0500] "-" 408 -
192.168.175.104 - - [15/Oct/2017:07:15:40 -0500] "GET / HTTP/1.1" 200 9990
186.80.233.157 - - [15/Oct/2017:07:16:01 -0500] "GET /galeria/galeria/jquery.fancybox.css?v=2.1.5 HTTP/1.1" 200 4895
186.80.233.157 - - [15/Oct/2017:07:16:01 -0500] "GET /BLA/boletinlegal/js/jquery.scrollShow.js HTTP/1.1" 200 4586
186.80.233.157 - - [15/Oct/2017:07:16:01 -0500] "GET /galeria/galeria/jquery.fancybox.js?v=2.1.5 HTTP/1.1" 200 48706
66.249.66.155 - - [15/Oct/2017:07:16:11 -0500] "GET /BLA/resoluciones/RESOLUCIONES%202009/5735.pdf HTTP/1.1" 200 126010
51.255.71.133 - - [15/Oct/2017:07:16:30 -0500] "GET /BLA/resoluciones/AUTOS%202006/AUTOS%202006%20301-400/00000315.tif HTTP/1.1" 200 55778
186.82.252.161 - - [15/Oct/2017:07:16:35 -0500] "GET /galeria/galeria/jquery.fancybox.css?v=2.1.5 HTTP/1.1" 304 -
186.82.252.161 - - [15/Oct/2017:07:16:35 -0500] "GET /galeria/galeria/jquery.fancybox.js?v=2.1.5 HTTP/1.1" 304 -
186.82.252.161 - - [15/Oct/2017:07:16:35 -0500] "GET /BLA/boletinlegal/js/jquery.scrollShow.js HTTP/1.1" 304 -
35.189.218.56 - - [15/Oct/2017:07:16:36 -0500] "-" 408 -
186.83.193.80 - - [15/Oct/2017:07:15:24 -0500] "GET /BLA/boletinlegal/ HTTP/1.1" 200 58320
69.162.124.233 - - [15/Oct/2017:07:16:43 -0500] "HEAD / HTTP/1.1" 200 -
35.189.197.90 - - [15/Oct/2017:07:16:48 -0500] "-" 408 -
66.249.66.153 - - [15/Oct/2017:07:16:55 -0500] "GET /BLA/resoluciones/RESOLUCIONES%202007/RES%202007%202701%20AL%202800/RESOLUCION%202726%20DE%202007.pdf HTTP/1.1" 200 52960
51.255.65.73 - - [15/Oct/2017:07:16:56 -0500] "GET /BLA/resoluciones/RESOLUCIONES%202002/RES%202002%20601-650/00000640.tif HTTP/1.1" 200 105178
65.208.151.117 - - [15/Oct/2017:07:17:04 -0500] "GET /icons/unknown.gif HTTP/1.1" 200 245
66.249.66.155 - - [15/Oct/2017:07:17:40 -0500] "GET /BLA/resoluciones/RESOLUCIONES%202016/0701.pdf HTTP/1.1" 304 -
35.187.34.70 - - [15/Oct/2017:07:17:44 -0500] "-" 408 -
152.202.0.37 - - [15/Oct/2017:07:17:57 -0500] "GET /galeria/galeria/fotos/Humedal-Santa-Mar%C3%ADa-del-Lago4G.jpg HTTP/1.1" 200 361652
152.202.0.37 - - [15/Oct/2017:07:18:12 -0500] "GET /galeria/galeria/fotos/Humedal-Santa-Mar%C3%ADa-del-Lago1G.jpg HTTP/1.1" 200 290867
65.208.151.119 - - [15/Oct/2017:07:18:31 -0500] "GET /icons/unknown.gif HTTP/1.1" 200 245
192.168.175.104 - - [15/Oct/2017:07:18:43 -0500] "GET / HTTP/1.0" 200 9990
35.190.203.87 - - [15/Oct/2017:07:18:52 -0500] "-" 408 -
66.249.66.158 - - [15/Oct/2017:07:19:09 -0500] "GET /ecodirectorio/files/res/downloads/download_0092.pdf HTTP/1.1" 304 -
192.168.175.104 - - [15/Oct/2017:07:19:20 -0500] "GET / HTTP/1.1" 200 9990
65.208.151.119 - - [15/Oct/2017:07:19:38 -0500] "GET /icons/unknown.gif HTTP/1.1" 200 245
35.187.34.70 - - [15/Oct/2017:07:20:02 -0500] "-" 408 -
192.168.175.104 - - [15/Oct/2017:07:20:38 -0500] "GET / HTTP/1.1" 200 9990
65.208.151.119 - - [15/Oct/2017:07:20:49 -0500] "GET /icons/unknown.gif HTTP/1.1" 200 245
35.189.215.158 - - [15/Oct/2017:07:21:10 -0500] "-" 408 -
177.252.246.98 - - [15/Oct/2017:07:21:31 -0500] "GET /galeria/galeria/jquery.fancybox.css?v=2.1.5 HTTP/1.1" 200 4895
177.252.246.98 - - [15/Oct/2017:07:21:31 -0500] "GET /BLA/boletinlegal/js/jquery.scrollShow.js HTTP/1.1" 200 4586
177.252.246.98 - - [15/Oct/2017:07:21:31 -0500] "GET /galeria/galeria/jquery.fancybox.js?v=2.1.5 HTTP/1.1" 200 48706
125.209.235.185 - - [15/Oct/2017:07:21:35 -0500] "GET /robots.txt HTTP/1.1" 404 1099
125.209.235.176 - - [15/Oct/2017:07:21:36 -0500] "GET /www.ambientebogota.gov.co:81/ HTTP/1.1" 403 1090
69.162.124.233 - - [15/Oct/2017:07:21:43 -0500] "HEAD / HTTP/1.1" 200 -
35.187.96.204 - - [15/Oct/2017:07:22:19 -0500] "-" 408 -
65.208.151.113 - - [15/Oct/2017:07:22:27 -0500] "GET /icons/unknown.gif HTTP/1.1" 200 245
66.249.66.156 - - [15/Oct/2017:07:22:53 -0500] "GET /BLA/boletinlegal/jurisprudencia/analisis/AnalisisT-606-15.docx HTTP/1.1" 200 26698
51.255.65.42 - - [15/Oct/2017:07:23:10 -0500] "GET /BLA/resoluciones/RESOLUCIONES%202003/RES%202003%201601-1650/20031641.tif HTTP/1.1" 200 156340
186.83.193.80 - - [15/Oct/2017:07:23:12 -0500] "GET /BLA/boletinlegal/actos.php HTTP/1.1" 200 8698
186.83.193.80 - - [15/Oct/2017:07:23:12 -0500] "GET /BLA/boletinlegal/js/ajax_actos.js HTTP/1.1" 200 1322
186.83.193.80 - - [15/Oct/2017:07:23:12 -0500] "GET /BLA/boletinlegal/niceforms.js HTTP/1.1" 200 22876
186.83.193.80 - - [15/Oct/2017:07:23:12 -0500] "GET /BLA/boletinlegal/niceforms-default.css HTTP/1.1" 200 6694
186.83.193.80 - - [15/Oct/2017:07:23:12 -0500] "GET /BLA/boletinlegal/js/lib.js HTTP/1.1" 200 6474
186.83.193.80 - - [15/Oct/2017:07:23:12 -0500] "GET /BLA/boletinlegal/js/jquery1.js HTTP/1.1" 200 29846
186.83.193.80 - - [15/Oct/2017:07:23:12 -0500] "GET /BLA/boletinlegal/js/popup.js HTTP/1.1" 200 1270
186.83.193.80 - - [15/Oct/2017:07:23:12 -0500] "GET /BLA/boletinlegal/images/green-yellow-blue-pink-th.png HTTP/1.1" 200 7394
186.83.193.80 - - [15/Oct/2017:07:23:12 -0500] "GET /BLA/boletinlegal/images/abajo.png HTTP/1.1" 200 96676
186.83.193.80 - - [15/Oct/2017:07:23:13 -0500] "GET /BLA/boletinlegal/img/0.png HTTP/1.1" 200 110
186.83.193.80 - - [15/Oct/2017:07:23:13 -0500] "GET /BLA/boletinlegal/img/button-right.png HTTP/1.1" 200 57878
186.83.193.80 - - [15/Oct/2017:07:23:13 -0500] "GET /BLA/boletinlegal/img/button.png HTTP/1.1" 200 43241
186.83.193.80 - - [15/Oct/2017:07:23:13 -0500] "GET /BLA/boletinlegal/img/button-left.png HTTP/1.1" 200 57071
186.83.193.80 - - [15/Oct/2017:07:23:13 -0500] "GET /BLA/boletinlegal/img/select-left.png HTTP/1.1" 200 263
186.83.193.80 - - [15/Oct/2017:07:23:13 -0500] "GET /BLA/boletinlegal/img/select-right.png HTTP/1.1" 200 44019
217.182.132.87 - - [15/Oct/2017:07:23:28 -0500] "GET /BLA/resoluciones/AUTOS%202006/AUTOS%202006%201601%20-%201700/00001625.tif HTTP/1.1" 200 129216
65.208.151.116 - - [15/Oct/2017:07:23:28 -0500] "GET /icons/unknown.gif HTTP/1.1" 200 245
35.189.218.56 - - [15/Oct/2017:07:23:29 -0500] "-" 408 -
181.49.19.190 - - [15/Oct/2017:07:23:39 -0500] "GET /galeria/nivo-slider/demo/images/banner-anticorupcion2016.jpg HTTP/1.1" 304 -
186.83.193.80 - - [15/Oct/2017:07:23:39 -0500] "GET /BLA/boletinlegal/consulta_actos.php?tipo=resoluciones&no=2681&usuario=&sector=VERTIMIENTOS&fecha=2014&resuelve= HTTP/1.1" 200 1054
192.168.175.104 - - [15/Oct/2017:07:23:41 -0500] "GET / HTTP/1.0" 200 9990
186.83.193.80 - - [15/Oct/2017:07:23:43 -0500] "GET /BLA/resoluciones/ HTTP/1.1" 200 9152
186.83.193.80 - - [15/Oct/2017:07:23:43 -0500] "GET /BLA/resoluciones/dlf/folder.png HTTP/1.1" 200 410
186.83.193.80 - - [15/Oct/2017:07:23:43 -0500] "GET /BLA/resoluciones/dlf/styles.css HTTP/1.1" 200 3049
186.83.193.80 - - [15/Oct/2017:07:23:43 -0500] "GET /BLA/resoluciones/dlf/bg.gif HTTP/1.1" 200 54
186.83.193.80 - - [15/Oct/2017:07:23:53 -0500] "GET /BLA/resoluciones/dlf/dirup.png HTTP/1.1" 200 644
186.83.193.80 - - [15/Oct/2017:07:23:53 -0500] "GET /BLA/resoluciones/dlf/pdf.gif HTTP/1.1" 200 272
186.83.193.80 - - [15/Oct/2017:07:23:53 -0500] "GET /BLA/resoluciones/index.php?dir=RESOLUCIONES+2014%2F HTTP/1.1" 200 306082
164.132.161.41 - - [15/Oct/2017:07:24:01 -0500] "GET /BLA/resoluciones/RESOLUCIONES%202004/RES%202004%20551-600/00000584.tif HTTP/1.1" 200 174692
186.83.193.80 - - [15/Oct/2017:07:24:11 -0500] "GET /BLA/resoluciones/RESOLUCIONES%202014/2681.pdf HTTP/1.1" 200 557364
201.245.192.245 - - [15/Oct/2017:07:23:45 -0500] "POST /kwsrmcab/Wsrmcab HTTP/1.1" 200 27663
192.168.175.104 - - [15/Oct/2017:07:24:18 -0500] "GET / HTTP/1.1" 200 9990
35.189.242.65 - - [15/Oct/2017:07:24:37 -0500] "-" 408 -
51.255.71.115 - - [15/Oct/2017:07:24:42 -0500] "GET /BLA/resoluciones/RESOLUCIONES%202006/RES%202006%202351-2400/00002396.tif HTTP/1.1" 200 203144
65.208.151.115 - - [15/Oct/2017:07:24:45 -0500] "GET /icons/unknown.gif HTTP/1.1" 200 245
66.249.88.4 - - [15/Oct/2017:07:25:28 -0500] "GET /galeria/galeria/jquery.fancybox.css?v=2.1.5 HTTP/1.1" 200 4895
66.249.88.7 - - [15/Oct/2017:07:25:29 -0500] "GET /BLA/boletinlegal/js/jquery.scrollShow.js HTTP/1.1" 200 4586
66.249.88.7 - - [15/Oct/2017:07:25:29 -0500] "GET /galeria/galeria/jquery.fancybox.js?v=2.1.5 HTTP/1.1" 200 48706
192.168.175.104 - - [15/Oct/2017:07:25:36 -0500] "GET / HTTP/1.1" 200 9990
65.208.151.119 - - [15/Oct/2017:07:25:47 -0500] "GET /icons/unknown.gif HTTP/1.1" 200 245
35.190.201.122 - - [15/Oct/2017:07:25:48 -0500] "-" 408 -
66.249.66.153 - - [15/Oct/2017:07:25:52 -0500] "GET /BLA/resoluciones/RESOLUCIONES%202011/2672.pdf HTTP/1.1" 200 777582
217.182.132.58 - - [15/Oct/2017:07:26:02 -0500] "GET /BLA/resoluciones/RESOLUCIONES%202005/RES%202005%202101-2150/00002144.tif HTTP/1.1" 200 201812
66.249.66.153 - - [15/Oct/2017:07:26:06 -0500] "GET /BLA/resoluciones/RESOLUCIONES%202005/RES%202005%20%201601-1650/00001610.tif HTTP/1.1" 200 955734
65.208.151.116 - - [15/Oct/2017:07:26:31 -0500] "GET /icons/unknown.gif HTTP/1.1" 200 245
51.255.65.22 - - [15/Oct/2017:07:26:35 -0500] "GET /BLA/resoluciones/AUTOS%202006/AUTOS%202006%201801-%201900/00001826.tif HTTP/1.1" 200 220530
66.249.66.156 - - [15/Oct/2017:07:26:37 -0500] "GET /BLA/resoluciones/RESOLUCIONES%202009/3305.pdf HTTP/1.1" 200 653001
69.162.124.233 - - [15/Oct/2017:07:26:42 -0500] "HEAD / HTTP/1.1" 200 -
104.199.87.90 - - [15/Oct/2017:07:26:57 -0500] "-" 408 -
186.83.193.80 - - [15/Oct/2017:07:27:42 -0500] "GET /BLA/resoluciones/ HTTP/1.1" 200 9152
65.208.151.115 - - [15/Oct/2017:07:27:47 -0500] "GET /icons/unknown.gif HTTP/1.1" 200 245
35.189.218.56 - - [15/Oct/2017:07:28:07 -0500] "-" 408 -
192.168.175.104 - - [15/Oct/2017:07:28:39 -0500] "GET / HTTP/1.0" 200 9990
65.208.151.119 - - [15/Oct/2017:07:28:53 -0500] "GET /icons/unknown.gif HTTP/1.1" 200 245
104.144.110.164 - - [15/Oct/2017:07:28:58 -0500] "GET /BLA/boletinlegal/js/jquery.js HTTP/1.1" 200 57254
104.144.110.164 - - [15/Oct/2017:07:28:58 -0500] "GET /BLA/boletinlegal/styles2.css HTTP/1.1" 200 1838
104.144.110.164 - - [15/Oct/2017:07:28:58 -0500] "GET /BLA/boletinlegal/js/jquery.scrollTo-min.js HTTP/1.1" 200 1150
104.144.110.164 - - [15/Oct/2017:07:28:58 -0500] "GET /BLA/boletinlegal/style.css HTTP/1.1" 200 9406
104.144.110.164 - - [15/Oct/2017:07:28:58 -0500] "GET /BLA/boletinlegal/js/jquery.scrollShow.js HTTP/1.1" 200 4586
104.144.110.164 - - [15/Oct/2017:07:28:59 -0500] "GET /BLA/boletinlegal/images/cabezote%20BLEGAL.jpg HTTP/1.1" 200 118164
104.144.110.164 - - [15/Oct/2017:07:28:59 -0500] "GET /BLA/boletinlegal/images/arr_l.jpg HTTP/1.1" 200 1979
