66.249.64.157 - - [18/Jan/2018:02:58:50 -0500] "GET /siipev/Diseno%20de%20Elementos%20de%20Mobiliario%20Urbano/Otros%20Elementos/PARTE%20B/Dise%C3%B1o%20de%20Elementos%20M-70.pdf HTTP/1.1" 200 340520
186.154.36.108 - - [18/Jan/2018:02:59:07 -0500] "GET /galeria/nivo-slider/demo/images/caracolafricano2017.jpg HTTP/1.1" 200 222132
186.154.36.108 - - [18/Jan/2018:02:59:17 -0500] "GET /galeria/nivo-slider/demo/images/caracolafricano2017.jpg HTTP/1.1" 200 222132
35.187.34.70 - - [18/Jan/2018:02:59:43 -0500] "-" 408 -
69.162.124.233 - - [18/Jan/2018:03:00:32 -0500] "HEAD / HTTP/1.1" 200 -
192.168.175.104 - - [18/Jan/2018:03:00:34 -0500] "GET / HTTP/1.0" 200 9990
35.189.218.56 - - [18/Jan/2018:03:00:53 -0500] "-" 408 -
192.168.175.104 - - [18/Jan/2018:03:01:16 -0500] "GET / HTTP/1.1" 200 9990
186.154.36.108 - - [18/Jan/2018:03:01:37 -0500] "GET /galeria/nivo-slider/demo/images/caracolafricano2017.jpg HTTP/1.1" 200 222132
186.154.36.108 - - [18/Jan/2018:03:01:47 -0500] "GET /galeria/nivo-slider/demo/images/caracolafricano2017.jpg HTTP/1.1" 200 222132
35.187.52.64 - - [18/Jan/2018:03:01:54 -0500] "-" 408 -
186.113.10.143 - - [18/Jan/2018:03:02:02 -0500] "GET /galeria/nivo-slider/demo/images/caracolafricano2017.jpg HTTP/1.1" 304 -
35.187.34.70 - - [18/Jan/2018:03:02:52 -0500] "-" 408 -
192.168.175.104 - - [18/Jan/2018:03:03:16 -0500] "GET / HTTP/1.1" 200 9990
201.245.192.253 - - [18/Jan/2018:03:03:14 -0500] "POST /kwsrmcab/Wsrmcab HTTP/1.1" 200 27506
35.189.215.158 - - [18/Jan/2018:03:03:57 -0500] "-" 408 -
186.154.36.108 - - [18/Jan/2018:03:04:07 -0500] "GET /galeria/nivo-slider/demo/images/caracolafricano2017.jpg HTTP/1.1" 200 222132
186.154.36.108 - - [18/Jan/2018:03:04:17 -0500] "GET /galeria/nivo-slider/demo/images/caracolafricano2017.jpg HTTP/1.1" 200 222132
201.245.192.253 - - [18/Jan/2018:03:03:47 -0500] "POST /kwsrmcab/Wsrmcab HTTP/1.1" 200 213
35.187.96.204 - - [18/Jan/2018:03:04:57 -0500] "-" 408 -
69.162.124.233 - - [18/Jan/2018:03:05:32 -0500] "HEAD / HTTP/1.1" 200 -
192.168.175.104 - - [18/Jan/2018:03:05:32 -0500] "GET / HTTP/1.0" 200 9990
35.190.201.122 - - [18/Jan/2018:03:05:57 -0500] "-" 408 -
192.168.175.104 - - [18/Jan/2018:03:06:15 -0500] "GET / HTTP/1.1" 200 9990
186.154.36.108 - - [18/Jan/2018:03:06:37 -0500] "GET /galeria/nivo-slider/demo/images/caracolafricano2017.jpg HTTP/1.1" 200 222132
186.154.36.108 - - [18/Jan/2018:03:06:47 -0500] "GET /galeria/nivo-slider/demo/images/caracolafricano2017.jpg HTTP/1.1" 200 222132
66.249.64.29 - - [18/Jan/2018:03:06:50 -0500] "GET /galeria/nivo-slider/demo/images/trigilloweb.png HTTP/1.1" 200 573588
66.249.64.157 - - [18/Jan/2018:03:06:54 -0500] "GET /BLA/resoluciones/RESOLUCIONES%202007/RES%202007%202701%20AL%202800/RESOLUCION%202786%20%20DE%202007.pdf HTTP/1.1" 200 702851
66.249.64.157 - - [18/Jan/2018:03:06:57 -0500] "GET /siipev/Diseno%20de%20Elementos%20de%20Mobiliario%20Urbano/Otros%20Elementos/PARTE%20B/Dise%C3%B1o%20de%20Elementos%20M-142-M146.pdf HTTP/1.1" 200 760723
35.187.34.70 - - [18/Jan/2018:03:07:03 -0500] "-" 408 -
104.199.87.90 - - [18/Jan/2018:03:08:01 -0500] "-" 408 -
177.240.87.142 - - [18/Jan/2018:03:08:07 -0500] "GET /galeria/galeria/jquery.fancybox.css?v=2.1.5 HTTP/1.1" 200 4895
177.240.87.142 - - [18/Jan/2018:03:08:07 -0500] "GET /BLA/boletinlegal/js/jquery.scrollShow.js HTTP/1.1" 200 4586
177.240.87.142 - - [18/Jan/2018:03:08:07 -0500] "GET /galeria/galeria/jquery.fancybox.js?v=2.1.5 HTTP/1.1" 200 48706
192.168.175.104 - - [18/Jan/2018:03:08:14 -0500] "GET / HTTP/1.1" 200 9990
104.199.87.90 - - [18/Jan/2018:03:09:05 -0500] "-" 408 -
186.154.36.108 - - [18/Jan/2018:03:09:07 -0500] "GET /galeria/nivo-slider/demo/images/caracolafricano2017.jpg HTTP/1.1" 200 222132
186.154.36.108 - - [18/Jan/2018:03:09:17 -0500] "GET /galeria/nivo-slider/demo/images/caracolafricano2017.jpg HTTP/1.1" 200 222132
192.168.175.104 - - [18/Jan/2018:03:10:31 -0500] "GET / HTTP/1.0" 200 9990
69.162.124.233 - - [18/Jan/2018:03:10:32 -0500] "HEAD / HTTP/1.1" 200 -
157.55.39.231 - - [18/Jan/2018:03:10:45 -0500] "GET /pot-2013/memoria%20justificativa/anexo_1.pdf HTTP/1.1" 200 3808179
35.190.207.132 - - [18/Jan/2018:03:11:08 -0500] "-" 408 -
192.168.175.104 - - [18/Jan/2018:03:11:12 -0500] "GET / HTTP/1.1" 200 9990
186.154.36.108 - - [18/Jan/2018:03:11:37 -0500] "GET /galeria/nivo-slider/demo/images/caracolafricano2017.jpg HTTP/1.1" 200 222132
186.154.36.108 - - [18/Jan/2018:03:11:47 -0500] "GET /galeria/nivo-slider/demo/images/caracolafricano2017.jpg HTTP/1.1" 200 222132
104.199.87.90 - - [18/Jan/2018:03:12:14 -0500] "-" 408 -
139.162.78.135 - - [18/Jan/2018:03:12:45 -0500] "GET / HTTP/1.1" 200 9990
192.168.175.104 - - [18/Jan/2018:03:13:12 -0500] "GET / HTTP/1.1" 200 9990
35.187.52.64 - - [18/Jan/2018:03:13:22 -0500] "-" 408 -
201.245.192.253 - - [18/Jan/2018:03:13:15 -0500] "POST /kwsrmcab/Wsrmcab HTTP/1.1" 200 27506
186.154.36.108 - - [18/Jan/2018:03:14:07 -0500] "GET /galeria/nivo-slider/demo/images/caracolafricano2017.jpg HTTP/1.1" 200 222132
186.154.36.108 - - [18/Jan/2018:03:14:17 -0500] "GET /galeria/nivo-slider/demo/images/caracolafricano2017.jpg HTTP/1.1" 200 222132
201.245.192.253 - - [18/Jan/2018:03:13:47 -0500] "POST /kwsrmcab/Wsrmcab HTTP/1.1" 200 21856
35.190.207.132 - - [18/Jan/2018:03:14:22 -0500] "-" 408 -
66.249.64.129 - - [18/Jan/2018:03:14:57 -0500] "GET /BLA/resoluciones/RESOLUCIONES%202009/0107.pdf HTTP/1.1" 200 290937
66.249.64.129 - - [18/Jan/2018:03:14:58 -0500] "GET /BLA/resoluciones/AUTOS%202015/0416.pdf HTTP/1.1" 200 866437
66.249.64.129 - - [18/Jan/2018:03:15:01 -0500] "GET /siipev/Diseno%20de%20Elementos%20de%20Mobiliario%20Urbano/Otros%20Elementos/PARTE%20C/Dise%C3%B1o%20de%20Elementos%20MEA40.pdf HTTP/1.1" 200 491163
35.189.215.158 - - [18/Jan/2018:03:15:25 -0500] "-" 408 -
192.168.175.104 - - [18/Jan/2018:03:15:31 -0500] "GET / HTTP/1.0" 200 9990
69.162.124.233 - - [18/Jan/2018:03:15:32 -0500] "HEAD / HTTP/1.1" 200 -
192.168.175.104 - - [18/Jan/2018:03:16:11 -0500] "GET / HTTP/1.1" 200 9990
35.189.215.158 - - [18/Jan/2018:03:16:28 -0500] "-" 408 -
186.154.36.108 - - [18/Jan/2018:03:16:37 -0500] "GET /galeria/nivo-slider/demo/images/caracolafricano2017.jpg HTTP/1.1" 200 222132
186.154.36.108 - - [18/Jan/2018:03:16:47 -0500] "GET /galeria/nivo-slider/demo/images/caracolafricano2017.jpg HTTP/1.1" 200 222132
35.189.242.65 - - [18/Jan/2018:03:17:23 -0500] "-" 408 -
217.12.16.133 - - [18/Jan/2018:03:17:45 -0500] "GET /BLA/resoluciones/RESOLUCIONES%202014/1460.pdf HTTP/1.1" 200 519400
217.12.16.133 - - [18/Jan/2018:03:17:46 -0500] "GET /favicon.ico HTTP/1.1" 200 7782
181.51.98.212 - - [18/Jan/2018:03:17:50 -0500] "GET /BLA/resoluciones/AUTOS%202013/1053.pdf HTTP/1.1" 200 2304856
192.168.175.104 - - [18/Jan/2018:03:18:10 -0500] "GET / HTTP/1.1" 200 9990
104.199.87.90 - - [18/Jan/2018:03:18:24 -0500] "-" 408 -
186.154.36.108 - - [18/Jan/2018:03:19:07 -0500] "GET /galeria/nivo-slider/demo/images/caracolafricano2017.jpg HTTP/1.1" 200 222132
186.154.36.108 - - [18/Jan/2018:03:19:17 -0500] "GET /galeria/nivo-slider/demo/images/caracolafricano2017.jpg HTTP/1.1" 200 222132
35.189.215.158 - - [18/Jan/2018:03:19:37 -0500] "-" 408 -
192.168.175.104 - - [18/Jan/2018:03:20:29 -0500] "GET / HTTP/1.0" 200 9990
69.162.124.233 - - [18/Jan/2018:03:20:31 -0500] "HEAD / HTTP/1.1" 200 -
35.189.218.56 - - [18/Jan/2018:03:20:45 -0500] "-" 408 -
192.168.175.104 - - [18/Jan/2018:03:21:09 -0500] "GET / HTTP/1.1" 200 9990
186.154.36.108 - - [18/Jan/2018:03:21:37 -0500] "GET /galeria/nivo-slider/demo/images/caracolafricano2017.jpg HTTP/1.1" 200 222132
186.154.36.108 - - [18/Jan/2018:03:21:47 -0500] "GET /galeria/nivo-slider/demo/images/caracolafricano2017.jpg HTTP/1.1" 200 222132
66.249.64.157 - - [18/Jan/2018:03:21:52 -0500] "GET /siipev/Diseno%20de%20Elementos%20de%20Mobiliario%20Urbano/Otros%20Elementos/PARTE%20B/Dise%C3%B1o%20de%20Elementos%20M-140.pdf HTTP/1.1" 200 297012
35.189.218.56 - - [18/Jan/2018:03:22:56 -0500] "-" 408 -
192.168.175.104 - - [18/Jan/2018:03:23:08 -0500] "GET / HTTP/1.1" 200 9990
201.245.192.253 - - [18/Jan/2018:03:23:14 -0500] "POST /kwsrmcab/Wsrmcab HTTP/1.1" 200 27506
186.154.36.108 - - [18/Jan/2018:03:24:07 -0500] "GET /galeria/nivo-slider/demo/images/caracolafricano2017.jpg HTTP/1.1" 200 222132
186.154.36.108 - - [18/Jan/2018:03:24:17 -0500] "GET /galeria/nivo-slider/demo/images/caracolafricano2017.jpg HTTP/1.1" 200 222132
35.190.203.87 - - [18/Jan/2018:03:24:50 -0500] "-" 408 -
216.244.66.232 - - [18/Jan/2018:03:24:55 -0500] "GET /robots.txt HTTP/1.1" 404 1018
192.168.175.104 - - [18/Jan/2018:03:25:27 -0500] "GET / HTTP/1.0" 200 9990
69.162.124.233 - - [18/Jan/2018:03:25:31 -0500] "HEAD / HTTP/1.1" 200 -
192.168.175.104 - - [18/Jan/2018:03:26:07 -0500] "GET / HTTP/1.1" 200 9990
186.154.36.108 - - [18/Jan/2018:03:26:37 -0500] "GET /galeria/nivo-slider/demo/images/caracolafricano2017.jpg HTTP/1.1" 200 222132
186.154.36.108 - - [18/Jan/2018:03:26:47 -0500] "GET /galeria/nivo-slider/demo/images/caracolafricano2017.jpg HTTP/1.1" 200 222132
35.224.89.157 - - [18/Jan/2018:03:26:48 -0500] "GET /BLA/resoluciones/RESOLUCIONES%25202008/0202.pdf HTTP/1.1" 404 1018
35.189.218.56 - - [18/Jan/2018:03:26:56 -0500] "-" 408 -
35.224.89.157 - - [18/Jan/2018:03:27:26 -0500] "GET /BLA/resoluciones/RESOLUCIONES%25202008/0202.pdf HTTP/1.1" 404 1018
35.190.201.122 - - [18/Jan/2018:03:28:00 -0500] "-" 408 -
192.168.175.104 - - [18/Jan/2018:03:28:06 -0500] "GET / HTTP/1.1" 200 9990
35.187.96.204 - - [18/Jan/2018:03:29:03 -0500] "-" 408 -
186.154.36.108 - - [18/Jan/2018:03:29:07 -0500] "GET /galeria/nivo-slider/demo/images/caracolafricano2017.jpg HTTP/1.1" 200 222132
186.154.36.108 - - [18/Jan/2018:03:29:17 -0500] "GET /galeria/nivo-slider/demo/images/caracolafricano2017.jpg HTTP/1.1" 200 222132
66.249.64.157 - - [18/Jan/2018:03:29:41 -0500] "GET /BLA/resoluciones/AUTOS%202007/3413.pdf HTTP/1.1" 200 246477
66.249.64.157 - - [18/Jan/2018:03:29:43 -0500] "GET /siipev/Diseno%20de%20Elementos%20de%20Mobiliario%20Urbano/Diseno%20pertenecientes%20al%20mobiliario%20urbano%20M10-M160/PARTE%20A/Dise%C3%B1o%20de%20Elementos%20M-62.pdf HTTP/1.1" 200 520421
66.249.64.157 - - [18/Jan/2018:03:30:04 -0500] "GET /siipev/Diseno%20de%20Elementos%20de%20Mobiliario%20Urbano/Otros%20Elementos/PARTE%20B/Dise%C3%B1o%20de%20Elementos%20M41.pdf HTTP/1.1" 200 356457
35.187.34.70 - - [18/Jan/2018:03:30:09 -0500] "-" 408 -
192.168.175.104 - - [18/Jan/2018:03:30:25 -0500] "GET / HTTP/1.0" 200 9990
69.162.124.233 - - [18/Jan/2018:03:30:31 -0500] "HEAD / HTTP/1.1" 200 -
192.168.175.104 - - [18/Jan/2018:03:31:05 -0500] "GET / HTTP/1.1" 200 9990
35.187.96.204 - - [18/Jan/2018:03:31:09 -0500] "-" 408 -
186.154.36.108 - - [18/Jan/2018:03:31:37 -0500] "GET /galeria/nivo-slider/demo/images/caracolafricano2017.jpg HTTP/1.1" 200 222132
66.249.64.30 - - [18/Jan/2018:03:31:39 -0500] "GET /galeria/nivo-slider/demo/images/luciernaga4.jpg HTTP/1.1" 200 116991
186.154.36.108 - - [18/Jan/2018:03:31:47 -0500] "GET /galeria/nivo-slider/demo/images/caracolafricano2017.jpg HTTP/1.1" 200 222132
66.249.64.159 - - [18/Jan/2018:03:31:48 -0500] "GET /resoluciones/RESOLUCIONES%202008/2955.pdf HTTP/1.1" 404 1018
35.189.218.56 - - [18/Jan/2018:03:32:05 -0500] "-" 408 -
66.249.64.159 - - [18/Jan/2018:03:32:08 -0500] "GET /siipev/Diseno%20de%20Elementos%20de%20Mobiliario%20Urbano/Diseno%20pertenecientes%20al%20mobiliario%20urbano%20M10-M160/PARTE%20A/Dise%C3%B1o%20de%20Elementos%20M-81.pdf HTTP/1.1" 200 701332
207.46.13.152 - - [18/Jan/2018:03:33:04 -0500] "GET / HTTP/1.1" 200 9990
192.168.175.104 - - [18/Jan/2018:03:33:05 -0500] "GET / HTTP/1.1" 200 9990
35.190.201.122 - - [18/Jan/2018:03:33:06 -0500] "-" 408 -
69.162.124.233 - - [18/Jan/2018:03:33:51 -0500] "HEAD / HTTP/1.1" 200 -
186.154.36.108 - - [18/Jan/2018:03:34:07 -0500] "GET /galeria/nivo-slider/demo/images/caracolafricano2017.jpg HTTP/1.1" 200 222132
35.189.218.56 - - [18/Jan/2018:03:34:12 -0500] "-" 408 -
186.154.36.108 - - [18/Jan/2018:03:34:17 -0500] "GET /galeria/nivo-slider/demo/images/caracolafricano2017.jpg HTTP/1.1" 200 222132
66.249.64.157 - - [18/Jan/2018:03:34:39 -0500] "GET /siipev/Diseno%20de%20Elementos%20de%20Mobiliario%20Urbano/Otros%20Elementos/PARTE%20C/Dise%C3%B1o%20de%20Elementos%20MEA10.pdf HTTP/1.1" 200 784480
69.162.124.233 - - [18/Jan/2018:03:34:47 -0500] "HEAD / HTTP/1.1" 200 -
35.187.34.70 - - [18/Jan/2018:03:35:14 -0500] "-" 408 -
192.168.175.104 - - [18/Jan/2018:03:35:23 -0500] "GET / HTTP/1.0" 200 9990
66.249.64.157 - - [18/Jan/2018:03:35:45 -0500] "GET /BLA/resoluciones/AUTOS%202012/0493.pdf HTTP/1.1" 200 347044
192.168.175.104 - - [18/Jan/2018:03:36:08 -0500] "GET / HTTP/1.1" 200 9990
35.190.207.132 - - [18/Jan/2018:03:36:15 -0500] "-" 408 -
186.154.36.108 - - [18/Jan/2018:03:36:37 -0500] "GET /galeria/nivo-slider/demo/images/caracolafricano2017.jpg HTTP/1.1" 200 222132
66.249.64.159 - - [18/Jan/2018:03:36:39 -0500] "GET /siipev/Diseno%20de%20Elementos%20de%20Mobiliario%20Urbano/Diseno%20pertenecientes%20al%20mobiliario%20urbano%20M10-M160/PARTE%20A/Dise%C3%B1o%20de%20Elementos%20M-41.pdf HTTP/1.1" 200 313556
186.154.36.108 - - [18/Jan/2018:03:36:47 -0500] "GET /galeria/nivo-slider/demo/images/caracolafricano2017.jpg HTTP/1.1" 200 222132
104.199.87.90 - - [18/Jan/2018:03:37:26 -0500] "-" 408 -
192.168.175.104 - - [18/Jan/2018:03:38:03 -0500] "GET / HTTP/1.1" 200 9990
35.190.203.87 - - [18/Jan/2018:03:38:24 -0500] "-" 408 -
186.154.36.108 - - [18/Jan/2018:03:39:07 -0500] "GET /galeria/nivo-slider/demo/images/caracolafricano2017.jpg HTTP/1.1" 200 222132
186.154.36.108 - - [18/Jan/2018:03:39:17 -0500] "GET /galeria/nivo-slider/demo/images/caracolafricano2017.jpg HTTP/1.1" 200 222132
69.162.124.233 - - [18/Jan/2018:03:39:47 -0500] "HEAD / HTTP/1.1" 200 -
192.168.175.104 - - [18/Jan/2018:03:40:21 -0500] "GET / HTTP/1.0" 200 9990
104.199.87.90 - - [18/Jan/2018:03:40:27 -0500] "-" 408 -
54.36.149.103 - - [18/Jan/2018:03:40:44 -0500] "GET /BLA/resoluciones/RESOLUCIONES%202006/RES%202006%201851-1900/00001854.tif HTTP/1.1" 200 166178
131.253.27.32 - - [18/Jan/2018:03:40:51 -0500] "GET /galeria/nivo-slider/demo/demo.html HTTP/1.1" 200 6866
216.244.66.232 - - [18/Jan/2018:03:40:22 -0500] "GET /videos/CRRFFS.mp4 HTTP/1.1" 200 286784363
131.253.25.130 - - [18/Jan/2018:03:40:52 -0500] "GET /galeria/nivo-slider/themes/pascal/pascal.css HTTP/1.1" 200 2258
131.253.27.119 - - [18/Jan/2018:03:40:53 -0500] "GET /galeria/nivo-slider/nivo-slider.css HTTP/1.1" 200 1507
131.253.27.30 - - [18/Jan/2018:03:40:53 -0500] "GET /galeria/nivo-slider/demo/style.css HTTP/1.1" 200 2222
131.253.25.182 - - [18/Jan/2018:03:40:54 -0500] "GET /galeria/carrusel/Carrusel/jquery-ui-1.8.13.custom.min.js HTTP/1.1" 200 10800
131.253.27.119 - - [18/Jan/2018:03:40:55 -0500] "GET /galeria/nivo-slider/jquery.nivo.slider.pack.js HTTP/1.1" 200 11561
131.253.25.159 - - [18/Jan/2018:03:40:56 -0500] "GET /galeria/carrusel/Carrusel/jquery.thumbnailScroller.js HTTP/1.1" 200 8157
192.168.175.104 - - [18/Jan/2018:03:41:02 -0500] "GET / HTTP/1.1" 200 9990
35.187.52.64 - - [18/Jan/2018:03:41:24 -0500] "-" 408 -
186.154.36.108 - - [18/Jan/2018:03:41:37 -0500] "GET /galeria/nivo-slider/demo/images/caracolafricano2017.jpg HTTP/1.1" 200 222132
66.249.64.129 - - [18/Jan/2018:03:41:46 -0500] "GET /BLA/resoluciones/RESOLUCIONES%202013/1262.pdf HTTP/1.1" 304 -
186.154.36.108 - - [18/Jan/2018:03:41:47 -0500] "GET /galeria/nivo-slider/demo/images/caracolafricano2017.jpg HTTP/1.1" 200 222132
66.249.64.159 - - [18/Jan/2018:03:41:49 -0500] "GET /BLA/resoluciones/AUTOS%202008/0520.pdf HTTP/1.1" 200 62699
66.249.64.159 - - [18/Jan/2018:03:41:54 -0500] "GET /BLA/resoluciones/Notificaciones/AUTOS%202014/3017.doc HTTP/1.1" 200 102400
66.249.64.19 - - [18/Jan/2018:03:42:25 -0500] "GET /portel_dama/libreria/php/2006/ECOSISTEMAS%20FINAL%20web_mz27/x%20restauracion/sitio/22_proye/xtras_in/3a.pdf HTTP/1.1" 404 1019
66.249.64.157 - - [18/Jan/2018:03:42:29 -0500] "GET /BLA/resoluciones/RESOLUCIONES%202014/3464.pdf HTTP/1.1" 200 817105
35.187.52.64 - - [18/Jan/2018:03:42:38 -0500] "-" 408 -
66.249.64.154 - - [18/Jan/2018:03:42:39 -0500] "GET /portel_dama/libreria/php/2006/ECOSISTEMAS%20FINAL%20web_mz27/x%20restauracion/sitio/22_proye/xtras_in/3a.pdf HTTP/1.1" 404 1018
66.249.64.129 - - [18/Jan/2018:03:42:44 -0500] "GET /sig/CALIDAD/NORMATIVIDAD/NTC-ISO14001%202004.pdf HTTP/1.1" 404 1018
66.249.64.159 - - [18/Jan/2018:03:42:53 -0500] "GET /resoluciones/RESOLUCIONES%202008/2978.pdf HTTP/1.1" 404 1018
66.249.64.157 - - [18/Jan/2018:03:42:58 -0500] "GET /resoluciones/RESOLUCIONES%202008/3741.pdf HTTP/1.1" 404 1018
192.168.175.104 - - [18/Jan/2018:03:43:02 -0500] "GET / HTTP/1.1" 200 9990
66.249.64.157 - - [18/Jan/2018:03:43:03 -0500] "GET /siipev/Diseno%20de%20Elementos%20de%20Mobiliario%20Urbano/Otros%20Elementos/PARTE%20B/Dise%C3%B1o%20de%20Elementos%20M-72.pdf HTTP/1.1" 200 343776
186.154.36.108 - - [18/Jan/2018:03:44:07 -0500] "GET /galeria/nivo-slider/demo/images/caracolafricano2017.jpg HTTP/1.1" 200 222132
165.225.80.104 - - [18/Jan/2018:03:44:15 -0500] "GET /dama/libreria/php/imagenes/10.jpg HTTP/1.1" 404 1019
165.225.80.104 - - [18/Jan/2018:03:44:15 -0500] "GET /dama/libreria/php/imagenes/10.jpg HTTP/1.1" 404 1019
186.154.36.108 - - [18/Jan/2018:03:44:17 -0500] "GET /galeria/nivo-slider/demo/images/caracolafricano2017.jpg HTTP/1.1" 200 222132
207.46.13.136 - - [18/Jan/2018:03:44:31 -0500] "GET /BLA/boletinlegal/notificaciones.php HTTP/1.1" 200 3351
207.46.13.136 - - [18/Jan/2018:03:44:32 -0500] "GET /BLA/boletinlegal/notificaciones.php HTTP/1.1" 200 3351
207.46.13.152 - - [18/Jan/2018:03:44:34 -0500] "GET /BLA/boletinlegal/js/jquery.scrollTo-min.js HTTP/1.1" 200 1150
207.46.13.152 - - [18/Jan/2018:03:44:35 -0500] "GET /BLA/boletinlegal/js/jquery.scrollTo-min.js HTTP/1.1" 200 1150
35.190.207.132 - - [18/Jan/2018:03:44:42 -0500] "-" 408 -
207.46.13.154 - - [18/Jan/2018:03:44:44 -0500] "GET /BLA/boletinlegal/js/jquery.js HTTP/1.1" 200 57254
207.46.13.154 - - [18/Jan/2018:03:44:44 -0500] "GET /BLA/boletinlegal/js/jquery.js HTTP/1.1" 200 57254
69.162.124.233 - - [18/Jan/2018:03:44:47 -0500] "HEAD / HTTP/1.1" 200 -
192.168.175.104 - - [18/Jan/2018:03:45:19 -0500] "GET / HTTP/1.0" 200 9990
35.190.201.122 - - [18/Jan/2018:03:45:42 -0500] "-" 408 -
192.168.175.104 - - [18/Jan/2018:03:45:59 -0500] "GET / HTTP/1.1" 200 9990
186.154.36.108 - - [18/Jan/2018:03:46:37 -0500] "GET /galeria/nivo-slider/demo/images/caracolafricano2017.jpg HTTP/1.1" 200 222132
104.199.87.90 - - [18/Jan/2018:03:46:46 -0500] "-" 408 -
186.154.36.108 - - [18/Jan/2018:03:46:47 -0500] "GET /galeria/nivo-slider/demo/images/caracolafricano2017.jpg HTTP/1.1" 200 222132
164.132.161.77 - - [18/Jan/2018:03:47:12 -0500] "GET /BLA/resoluciones/RESOLUCIONES%202005/RES%202005%201301-1350/00001315.tif HTTP/1.1" 200 243824
51.255.71.114 - - [18/Jan/2018:03:47:21 -0500] "GET /BLA/resoluciones/RESOLUCIONES%202004/RES%202004%20901-950/00000912.tif HTTP/1.1" 200 185426
35.190.201.122 - - [18/Jan/2018:03:47:53 -0500] "-" 408 -
157.55.39.231 - - [18/Jan/2018:03:47:51 -0500] "GET /portalsiaccapacitaciones/Listas%20de%20Asistencia%202017/Planillas%20de%20Asistencia%20Reuni%C3%B3n%2022-05-2017.pdf HTTP/1.1" 200 1108391
192.168.175.104 - - [18/Jan/2018:03:48:00 -0500] "GET / HTTP/1.1" 200 9990
123.125.71.27 - - [18/Jan/2018:03:48:09 -0500] "GET / HTTP/1.1" 200 9990
35.189.218.56 - - [18/Jan/2018:03:48:54 -0500] "-" 408 -
186.154.36.108 - - [18/Jan/2018:03:49:07 -0500] "GET /galeria/nivo-slider/demo/images/caracolafricano2017.jpg HTTP/1.1" 200 222132
54.36.148.142 - - [18/Jan/2018:03:49:10 -0500] "GET /BLA/resoluciones/RESOLUCIONES%202003/RES%202003%20751-800/799.tif HTTP/1.1" 200 252488
186.154.36.108 - - [18/Jan/2018:03:49:17 -0500] "GET /galeria/nivo-slider/demo/images/caracolafricano2017.jpg HTTP/1.1" 200 222132
69.162.124.233 - - [18/Jan/2018:03:49:47 -0500] "HEAD / HTTP/1.1" 200 -
35.187.52.64 - - [18/Jan/2018:03:50:01 -0500] "-" 408 -
192.168.175.104 - - [18/Jan/2018:03:50:17 -0500] "GET / HTTP/1.0" 200 9990
192.168.175.104 - - [18/Jan/2018:03:50:56 -0500] "GET / HTTP/1.1" 200 9990
35.189.242.65 - - [18/Jan/2018:03:51:03 -0500] "-" 408 -
66.249.64.157 - - [18/Jan/2018:03:51:07 -0500] "GET /BLA/resoluciones/RESOLUCIONES%202010/6131.pdf HTTP/1.1" 200 756783
66.249.64.157 - - [18/Jan/2018:03:51:17 -0500] "GET /BLA/resoluciones/AUTOS%202010/6929.pdf HTTP/1.1" 200 198656
66.249.64.159 - - [18/Jan/2018:03:51:26 -0500] "GET /BLA/resoluciones/RESOLUCIONES%202010/1390.pdf HTTP/1.1" 200 348250
66.249.64.157 - - [18/Jan/2018:03:51:31 -0500] "GET /siipev/Diseno%20de%20Elementos%20de%20Mobiliario%20Urbano/Otros%20Elementos/PARTE%20B/Dise%C3%B1o%20de%20Elementos%20M30.pdf HTTP/1.1" 200 458688
186.154.36.108 - - [18/Jan/2018:03:51:37 -0500] "GET /galeria/nivo-slider/demo/images/caracolafricano2017.jpg HTTP/1.1" 200 222132
186.154.36.108 - - [18/Jan/2018:03:51:47 -0500] "GET /galeria/nivo-slider/demo/images/caracolafricano2017.jpg HTTP/1.1" 200 222132
35.189.215.158 - - [18/Jan/2018:03:52:08 -0500] "-" 408 -
69.162.124.233 - - [18/Jan/2018:03:52:43 -0500] "HEAD / HTTP/1.1" 200 -
192.168.175.104 - - [18/Jan/2018:03:52:58 -0500] "GET / HTTP/1.1" 200 9990
35.187.96.204 - - [18/Jan/2018:03:53:08 -0500] "-" 408 -
186.154.36.108 - - [18/Jan/2018:03:54:07 -0500] "GET /galeria/nivo-slider/demo/images/caracolafricano2017.jpg HTTP/1.1" 200 222132
186.154.36.108 - - [18/Jan/2018:03:54:17 -0500] "GET /galeria/nivo-slider/demo/images/caracolafricano2017.jpg HTTP/1.1" 200 222132
35.189.218.56 - - [18/Jan/2018:03:55:01 -0500] "-" 408 -
192.168.175.104 - - [18/Jan/2018:03:55:15 -0500] "GET / HTTP/1.0" 200 9990
192.168.175.104 - - [18/Jan/2018:03:55:54 -0500] "GET / HTTP/1.1" 200 9990
35.190.201.122 - - [18/Jan/2018:03:56:16 -0500] "-" 408 -
186.154.36.108 - - [18/Jan/2018:03:56:37 -0500] "GET /galeria/nivo-slider/demo/images/caracolafricano2017.jpg HTTP/1.1" 200 222132
186.154.36.108 - - [18/Jan/2018:03:56:47 -0500] "GET /galeria/nivo-slider/demo/images/caracolafricano2017.jpg HTTP/1.1" 200 222132
104.199.87.90 - - [18/Jan/2018:03:57:16 -0500] "-" 408 -
192.168.175.104 - - [18/Jan/2018:03:57:56 -0500] "GET / HTTP/1.1" 200 9990
165.225.80.100 - - [18/Jan/2018:03:58:05 -0500] "GET /dama/libreria/php/imagenes/10.jpg HTTP/1.1" 404 1019
165.225.80.100 - - [18/Jan/2018:03:58:05 -0500] "GET /dama/libreria/php/imagenes/10.jpg HTTP/1.1" 404 1019
104.199.87.90 - - [18/Jan/2018:03:58:23 -0500] "-" 408 -
190.25.114.218 - - [18/Jan/2018:03:58:35 -0500] "GET /BLA/boletinlegal/images/screen_2.png HTTP/1.1" 206 1
190.25.114.218 - - [18/Jan/2018:03:58:35 -0500] "GET /BLA/boletinlegal/images/arr_r.jpg HTTP/1.1" 200 1998
190.25.114.218 - - [18/Jan/2018:03:58:35 -0500] "GET /BLA/boletinlegal/images/screen_5.png HTTP/1.1" 206 1
190.25.114.218 - - [18/Jan/2018:03:58:35 -0500] "GET /BLA/boletinlegal/images/screen_3.png HTTP/1.1" 206 1
190.25.114.218 - - [18/Jan/2018:03:58:36 -0500] "GET /BLA/boletinlegal/images/screen_2.png HTTP/1.1" 206 354368
190.25.114.218 - - [18/Jan/2018:03:58:36 -0500] "GET /BLA/boletinlegal/images/screen_3.png HTTP/1.1" 206 205286
190.25.114.218 - - [18/Jan/2018:03:58:36 -0500] "GET /BLA/boletinlegal/images/screen_5.png HTTP/1.1" 206 366342
190.25.114.218 - - [18/Jan/2018:03:58:36 -0500] "GET /BLA/boletinlegal/actos.php HTTP/1.1" 200 8738
190.25.114.218 - - [18/Jan/2018:03:58:42 -0500] "GET /BLA/resoluciones/ HTTP/1.1" 200 9737
190.25.114.218 - - [18/Jan/2018:03:58:47 -0500] "GET /BLA/resoluciones/index.php?dir=RESOLUCIONES+2017%2F HTTP/1.1" 200 69213
54.36.148.242 - - [18/Jan/2018:03:58:48 -0500] "GET /BLA/resoluciones/RESOLUCIONES%202006/RES%202006%202601-2650/00002622.tif HTTP/1.1" 200 363778
190.25.114.218 - - [18/Jan/2018:03:58:29 -0500] "GET /BLA/boletinlegal/ HTTP/1.1" 200 20427
117.91.72.33 - - [18/Jan/2018:03:58:58 -0500] "GET /Anexos%2520estudio%2520Organizacional%2520SDA/ANEXO%2520No.%25203-%2520CONTRATACI%25C3%2593N%2520%2520OPS%25C2%25B4s%25202008-2012/CONTRATOS%2520SDA%25202009%2520POR%2520DEPENDENCIA%2520(1).xls HTTP/1.1" 404 1145
186.154.36.108 - - [18/Jan/2018:03:59:07 -0500] "GET /galeria/nivo-slider/demo/images/caracolafricano2017.jpg HTTP/1.1" 200 222132
186.154.36.108 - - [18/Jan/2018:03:59:17 -0500] "GET /galeria/nivo-slider/demo/images/caracolafricano2017.jpg HTTP/1.1" 200 222132
54.36.148.146 - - [18/Jan/2018:03:59:22 -0500] "GET /BLA/resoluciones/RESOLUCIONES%202005/RES%202005%201351-1400/00001363.tif HTTP/1.1" 200 156960
35.189.215.158 - - [18/Jan/2018:03:59:28 -0500] "-" 408 -
66.249.64.31 - - [18/Jan/2018:03:59:31 -0500] "GET /galeria/nivo-slider/demo/images/ambientales.jpg HTTP/1.1" 200 397233
66.249.64.157 - - [18/Jan/2018:03:59:37 -0500] "GET /BLA/resoluciones/Notificaciones/AUTOS%202014/4397.doc HTTP/1.1" 200 98304
66.249.64.157 - - [18/Jan/2018:03:59:40 -0500] "GET /siipev/Diseno%20de%20Elementos%20de%20Mobiliario%20Urbano/Diseno%20pertenecientes%20al%20mobiliario%20urbano%20M10-M160/PARTE%20A/Dise%C3%B1o%20de%20Elementos%20M-80.pdf HTTP/1.1" 200 687908
186.113.10.19 - - [18/Jan/2018:03:59:53 -0500] "GET /galeria/nivo-slider/demo/images/Cminatas-nov-2017.jpg HTTP/1.1" 304 -
54.36.148.178 - - [18/Jan/2018:04:00:02 -0500] "GET /BLA/resoluciones/RESOLUCIONES%202004/RES%202004%201351-1400/00001397.tif HTTP/1.1" 200 180416
192.168.175.104 - - [18/Jan/2018:04:00:13 -0500] "GET / HTTP/1.0" 200 9990
35.190.203.87 - - [18/Jan/2018:04:00:24 -0500] "-" 408 -
66.249.64.129 - - [18/Jan/2018:04:00:28 -0500] "GET /BLA/resoluciones/Notificaciones/AUTOS%202015/06794.doc HTTP/1.1" 200 141089
157.55.39.228 - - [18/Jan/2018:04:00:29 -0500] "GET /videos/galeria-cronicas/2historia.htm HTTP/1.1" 200 3876
66.249.64.157 - - [18/Jan/2018:04:00:38 -0500] "GET /siipev/Diseno%20de%20Elementos%20de%20Mobiliario%20Urbano/Otros%20Elementos/PARTE%20B/Dise%C3%B1o%20de%20Elementos%20M120-M121.pdf HTTP/1.1" 200 503191
192.168.175.104 - - [18/Jan/2018:04:00:51 -0500] "GET / HTTP/1.1" 200 9990
152.61.192.232 - - [18/Jan/2018:04:00:56 -0500] "HEAD / HTTP/1.1" 200 -
152.61.192.232 - - [18/Jan/2018:04:00:57 -0500] "GET /arcgis/services/Calidad_del_Agua_WQI/MapServer/WMSServer?request=GetCapabilities&service=WMS HTTP/1.1" 503 1020
152.61.192.232 - - [18/Jan/2018:04:01:18 -0500] "GET /arcgis/services/Calidad_del_Agua_WQI/MapServer/WMSServer?SERVICE=WMS&REQUEST=GetCapabilities HTTP/1.1" 503 1020
152.61.192.232 - - [18/Jan/2018:04:01:18 -0500] "GET /arcgis/services/Calidad_del_Agua_WQI/MapServer/WMSServer?WMTVER=1.0.0&REQUEST=capabilities HTTP/1.1" 503 1020
35.190.201.122 - - [18/Jan/2018:04:01:26 -0500] "-" 408 -
186.154.36.108 - - [18/Jan/2018:04:01:37 -0500] "GET /galeria/nivo-slider/demo/images/caracolafricano2017.jpg HTTP/1.1" 200 222132
186.154.36.108 - - [18/Jan/2018:04:01:47 -0500] "GET /galeria/nivo-slider/demo/images/caracolafricano2017.jpg HTTP/1.1" 200 222132
157.55.39.231 - - [18/Jan/2018:04:01:06 -0500] "GET /BLA/boletinlegal/ HTTP/1.1" 200 58320
104.199.87.90 - - [18/Jan/2018:04:02:34 -0500] "-" 408 -
192.168.175.104 - - [18/Jan/2018:04:02:54 -0500] "GET / HTTP/1.1" 200 9990
66.249.64.157 - - [18/Jan/2018:04:02:56 -0500] "GET /siipev/Diseno%20de%20Elementos%20de%20Mobiliario%20Urbano/Diseno%20pertenecientes%20al%20mobiliario%20urbano%20M10-M160/PARTE%20A/Dise%C3%B1o%20de%20Elementos%20M-101.pdf HTTP/1.1" 200 909392
35.190.207.132 - - [18/Jan/2018:04:03:33 -0500] "-" 408 -
201.245.192.253 - - [18/Jan/2018:04:03:14 -0500] "POST /kwsrmcab/Wsrmcab HTTP/1.1" 200 27516
66.249.64.30 - - [18/Jan/2018:04:04:06 -0500] "GET /ecodirectorio/files/res/downloads/download_0168.pdf HTTP/1.1" 404 1019
186.154.36.108 - - [18/Jan/2018:04:04:07 -0500] "GET /galeria/nivo-slider/demo/images/caracolafricano2017.jpg HTTP/1.1" 200 222132
157.55.39.228 - - [18/Jan/2018:04:04:08 -0500] "GET /bla/boletinlegal/actas/079-2013.pdf HTTP/1.1" 200 1500109
186.154.36.108 - - [18/Jan/2018:04:04:17 -0500] "GET /galeria/nivo-slider/demo/images/caracolafricano2017.jpg HTTP/1.1" 200 222132
201.245.192.253 - - [18/Jan/2018:04:03:47 -0500] "POST /kwsrmcab/Wsrmcab HTTP/1.1" 200 213
66.249.64.19 - - [18/Jan/2018:04:04:30 -0500] "GET /BLA/boletinlegal/jurisprudencia/analisis/Analisis%20jurisprudencial%20Sentencia%20C-366-11.doc HTTP/1.1" 200 59392
66.249.64.29 - - [18/Jan/2018:04:04:35 -0500] "GET /Anexos%20estudio%20Organizacional%20SDA/ANEXO%20No.%204%20-%20ENCUESTA%20DE%20AN%C3%81LISIS%20ORGANIZACIONAL/ENCUESTA_DE_ANALISIS_ORGANIZACIONAL_DIRECCION%20DE%20CONTROL%20AMBIENTAL.doc HTTP/1.1" 200 346112
66.249.64.159 - - [18/Jan/2018:04:04:45 -0500] "GET /BLA/resoluciones/Notificaciones/AUTOS%202014/5852.doc HTTP/1.1" 200 151552
66.249.64.157 - - [18/Jan/2018:04:04:50 -0500] "GET /siipev/Diseno%20de%20Elementos%20de%20Mobiliario%20Urbano/Otros%20Elementos/PARTE%20B/Dise%C3%B1o%20de%20Elementos%20M31.pdf HTTP/1.1" 200 414650
192.168.175.104 - - [18/Jan/2018:04:05:11 -0500] "GET / HTTP/1.0" 200 9990
104.199.87.90 - - [18/Jan/2018:04:05:38 -0500] "-" 408 -
192.168.175.104 - - [18/Jan/2018:04:05:50 -0500] "GET / HTTP/1.1" 200 9990
157.55.39.230 - - [18/Jan/2018:04:06:36 -0500] "GET /www.ambientebogota.gov.co/web/web-ninos/inicio HTTP/1.1" 404 1019
186.154.36.108 - - [18/Jan/2018:04:06:37 -0500] "GET /galeria/nivo-slider/demo/images/caracolafricano2017.jpg HTTP/1.1" 200 222132
186.154.36.108 - - [18/Jan/2018:04:06:47 -0500] "GET /galeria/nivo-slider/demo/images/caracolafricano2017.jpg HTTP/1.1" 200 222132
69.162.124.233 - - [18/Jan/2018:04:07:13 -0500] "HEAD / HTTP/1.1" 200 -
35.190.203.87 - - [18/Jan/2018:04:07:46 -0500] "-" 408 -
192.168.175.104 - - [18/Jan/2018:04:07:52 -0500] "GET / HTTP/1.1" 200 9990
35.190.207.132 - - [18/Jan/2018:04:08:48 -0500] "-" 408 -
186.154.36.108 - - [18/Jan/2018:04:09:07 -0500] "GET /galeria/nivo-slider/demo/images/caracolafricano2017.jpg HTTP/1.1" 200 222132
186.154.36.108 - - [18/Jan/2018:04:09:17 -0500] "GET /galeria/nivo-slider/demo/images/caracolafricano2017.jpg HTTP/1.1" 200 222132
35.189.218.56 - - [18/Jan/2018:04:09:48 -0500] "-" 408 -
192.168.175.104 - - [18/Jan/2018:04:10:09 -0500] "GET / HTTP/1.0" 200 9990
66.102.6.49 - - [18/Jan/2018:04:10:45 -0500] "GET / HTTP/1.1" 200 9990
66.102.6.49 - - [18/Jan/2018:04:10:45 -0500] "GET /favicon.ico HTTP/1.1" 200 7782
192.168.175.104 - - [18/Jan/2018:04:10:47 -0500] "GET / HTTP/1.1" 200 9990
69.162.124.233 - - [18/Jan/2018:04:10:52 -0500] "HEAD / HTTP/1.1" 200 -
35.189.242.65 - - [18/Jan/2018:04:10:56 -0500] "-" 408 -
186.154.36.108 - - [18/Jan/2018:04:11:37 -0500] "GET /galeria/nivo-slider/demo/images/caracolafricano2017.jpg HTTP/1.1" 200 222132
54.36.149.86 - - [18/Jan/2018:04:11:45 -0500] "GET /BLA/resoluciones/RESOLUCIONES%202003/RES%202003%201451-1500/20031495.tif HTTP/1.1" 200 67186
199.30.25.183 - - [18/Jan/2018:04:11:46 -0500] "GET /Autoliquidacion/Solicitudes%20relacionadas%20con%20ocupaci%C3%B3n%20de%20cauce/Lista%20de%20Chequeo%20Permiso%20Ocupacion%20de%20Cauce.pdf HTTP/1.1" 200 38424
186.154.36.108 - - [18/Jan/2018:04:11:47 -0500] "GET /galeria/nivo-slider/demo/images/caracolafricano2017.jpg HTTP/1.1" 200 222132
66.249.64.159 - - [18/Jan/2018:04:11:48 -0500] "GET /siipev/Diseno%20de%20Elementos%20de%20Mobiliario%20Urbano/Otros%20Elementos/PARTE%20B/Dise%C3%B1o%20de%20Elementos%20M-81.pdf HTTP/1.1" 200 325145
192.168.175.104 - - [18/Jan/2018:04:12:50 -0500] "GET / HTTP/1.1" 200 9990
35.189.215.158 - - [18/Jan/2018:04:12:58 -0500] "-" 408 -
66.249.64.159 - - [18/Jan/2018:04:13:04 -0500] "GET /BLA/resoluciones/AUTOS%202015/0621.pdf HTTP/1.1" 304 -
66.249.64.150 - - [18/Jan/2018:04:13:12 -0500] "GET /portel_dama/libreria/php/2006/ECOSISTEMAS%20FINAL%20web_mz27/restauracion/sitio/55_artic/xtras/2.pdf HTTP/1.1" 404 1018
66.249.64.157 - - [18/Jan/2018:04:13:15 -0500] "GET /BLA/resoluciones/Notificaciones/AUTOS%202014/5834.doc HTTP/1.1" 200 154624
66.249.64.157 - - [18/Jan/2018:04:13:27 -0500] "GET /resoluciones/RESOLUCIONES%202008/2939.pdf HTTP/1.1" 404 1018
66.249.64.129 - - [18/Jan/2018:04:13:36 -0500] "GET /portel_dama/libreria/php/2006/ECOSISTEMAS%20FINAL%20web_mz27/x%20restauracion/sitio/22_proye/xtras_in/2a.pdf HTTP/1.1" 404 1018
201.245.192.253 - - [18/Jan/2018:04:13:14 -0500] "POST /kwsrmcab/Wsrmcab HTTP/1.1" 200 27516
66.249.64.129 - - [18/Jan/2018:04:13:46 -0500] "GET /siipev/Diseno%20de%20Elementos%20de%20Mobiliario%20Urbano/Otros%20Elementos/PARTE%20B/Dise%C3%B1o%20de%20Elementos%20M50.pdf HTTP/1.1" 200 470810
35.189.215.158 - - [18/Jan/2018:04:14:04 -0500] "-" 408 -
186.154.36.108 - - [18/Jan/2018:04:14:07 -0500] "GET /galeria/nivo-slider/demo/images/caracolafricano2017.jpg HTTP/1.1" 200 222132
186.154.36.108 - - [18/Jan/2018:04:14:17 -0500] "GET /galeria/nivo-slider/demo/images/caracolafricano2017.jpg HTTP/1.1" 200 222132
201.245.192.253 - - [18/Jan/2018:04:13:46 -0500] "POST /kwsrmcab/Wsrmcab HTTP/1.1" 200 21848
192.168.175.104 - - [18/Jan/2018:04:15:06 -0500] "GET / HTTP/1.0" 200 9990
35.187.34.70 - - [18/Jan/2018:04:15:10 -0500] "-" 408 -
54.36.149.63 - - [18/Jan/2018:04:15:37 -0500] "GET /autoliquidacion/index.php?dir=Solicitudes+relacionadas+con+calidad+del+aire+auditiva+y+visual%2FEvaluaci%F3n+para+Certificaci%F3n+en+materia+de+Revisi%F3n+de+Gases%2F HTTP/1.1" 200 3725
192.168.175.104 - - [18/Jan/2018:04:15:45 -0500] "GET / HTTP/1.1" 200 9990
35.190.203.87 - - [18/Jan/2018:04:16:01 -0500] "-" 408 -
157.55.39.231 - - [18/Jan/2018:04:16:24 -0500] "GET /sig/comunicaciones/126pg02-pr01.pdf HTTP/1.1" 200 66589
186.154.36.108 - - [18/Jan/2018:04:16:37 -0500] "GET /galeria/nivo-slider/demo/images/caracolafricano2017.jpg HTTP/1.1" 200 222132
186.154.36.108 - - [18/Jan/2018:04:16:47 -0500] "GET /galeria/nivo-slider/demo/images/caracolafricano2017.jpg HTTP/1.1" 200 222132
35.189.218.56 - - [18/Jan/2018:04:17:09 -0500] "-" 408 -
190.25.114.218 - - [18/Jan/2018:04:17:44 -0500] "GET /BLA/boletinlegal/actos.php HTTP/1.1" 200 8738
192.168.175.104 - - [18/Jan/2018:04:17:48 -0500] "GET / HTTP/1.1" 200 9990
190.25.114.218 - - [18/Jan/2018:04:17:48 -0500] "GET /BLA/resoluciones/ HTTP/1.1" 200 9737
190.25.114.218 - - [18/Jan/2018:04:17:51 -0500] "GET /BLA/resoluciones/index.php?dir=RESOLUCIONES+2017%2F HTTP/1.1" 200 69213
190.25.114.218 - - [18/Jan/2018:04:17:42 -0500] "GET /BLA/boletinlegal/ HTTP/1.1" 200 16331
35.190.201.122 - - [18/Jan/2018:04:18:09 -0500] "-" 408 -
54.36.148.176 - - [18/Jan/2018:04:18:29 -0500] "GET /BLA/resoluciones/RESOLUCIONES%202004/RES%202004%202051-2100/00002051.tif HTTP/1.1" 200 133428
54.36.148.95 - - [18/Jan/2018:04:18:55 -0500] "GET /BLA/resoluciones/AUTOS%202006/AUTOS%202006%201501%20-%201600/00001594.tif HTTP/1.1" 200 210806
186.154.36.108 - - [18/Jan/2018:04:19:07 -0500] "GET /galeria/nivo-slider/demo/images/caracolafricano2017.jpg HTTP/1.1" 200 222132
186.154.36.108 - - [18/Jan/2018:04:19:17 -0500] "GET /galeria/nivo-slider/demo/images/caracolafricano2017.jpg HTTP/1.1" 200 222132
35.189.215.158 - - [18/Jan/2018:04:19:18 -0500] "-" 408 -
69.162.124.233 - - [18/Jan/2018:04:20:02 -0500] "HEAD / HTTP/1.1" 200 -
192.168.175.104 - - [18/Jan/2018:04:20:03 -0500] "GET / HTTP/1.0" 200 9990
192.168.175.104 - - [18/Jan/2018:04:20:51 -0500] "GET / HTTP/1.1" 200 9990
66.249.64.159 - - [18/Jan/2018:04:21:20 -0500] "GET /BLA/resoluciones/RESOLUCIONES%202008/0116.pdf HTTP/1.1" 200 229192
35.189.215.158 - - [18/Jan/2018:04:21:20 -0500] "-" 408 -
66.249.64.129 - - [18/Jan/2018:04:21:22 -0500] "GET /BLA/resoluciones/RESOLUCIONES%202013/0223.pdf HTTP/1.1" 200 3570873
66.249.64.157 - - [18/Jan/2018:04:21:26 -0500] "GET /BLA/resoluciones/RESOLUCIONES%202007/RES%202007%201501%20AL%201600/RESOLUCION%201571%20DE%202007.pdf HTTP/1.1" 200 419005
66.249.64.30 - - [18/Jan/2018:04:21:31 -0500] "GET /galeria/nivo-slider/demo/images/sincarro001.jpg HTTP/1.1" 200 50923
186.154.36.108 - - [18/Jan/2018:04:21:37 -0500] "GET /galeria/nivo-slider/demo/images/caracolafricano2017.jpg HTTP/1.1" 200 222132
186.154.36.108 - - [18/Jan/2018:04:21:47 -0500] "GET /galeria/nivo-slider/demo/images/caracolafricano2017.jpg HTTP/1.1" 200 222132
66.249.64.157 - - [18/Jan/2018:04:21:52 -0500] "GET /resoluciones/RESOLUCIONES%202008/1916.pdf HTTP/1.1" 404 1018
66.249.64.159 - - [18/Jan/2018:04:22:03 -0500] "GET /BLA/resoluciones/AUTOS%202008/2080.pdf HTTP/1.1" 200 98515
66.249.64.157 - - [18/Jan/2018:04:22:13 -0500] "GET /resoluciones/RESOLUCIONES%202008/3500.pdf HTTP/1.1" 404 1018
66.249.64.159 - - [18/Jan/2018:04:22:18 -0500] "GET /siipev/Diseno%20de%20Elementos%20de%20Mobiliario%20Urbano/Otros%20Elementos/PARTE%20B/Dise%C3%B1o%20de%20Elementos%20M-71.pdf HTTP/1.1" 200 333934
35.187.96.204 - - [18/Jan/2018:04:22:25 -0500] "-" 408 -
192.168.175.104 - - [18/Jan/2018:04:22:46 -0500] "GET / HTTP/1.1" 200 9990
69.162.124.233 - - [18/Jan/2018:04:22:54 -0500] "HEAD / HTTP/1.1" 200 -
201.245.192.253 - - [18/Jan/2018:04:23:14 -0500] "POST /kwsrmcab/Wsrmcab HTTP/1.1" 200 27516
157.55.39.231 - - [18/Jan/2018:04:24:03 -0500] "GET / HTTP/1.1" 200 9990
186.154.36.108 - - [18/Jan/2018:04:24:07 -0500] "GET /galeria/nivo-slider/demo/images/caracolafricano2017.jpg HTTP/1.1" 200 222132
186.154.36.108 - - [18/Jan/2018:04:24:17 -0500] "GET /galeria/nivo-slider/demo/images/caracolafricano2017.jpg HTTP/1.1" 200 222132
35.189.218.56 - - [18/Jan/2018:04:24:34 -0500] "-" 408 -
192.168.175.104 - - [18/Jan/2018:04:25:02 -0500] "GET / HTTP/1.0" 200 9990
51.255.71.118 - - [18/Jan/2018:04:25:18 -0500] "GET /_private/bogco.htm HTTP/1.1" 404 1019
35.187.34.70 - - [18/Jan/2018:04:25:34 -0500] "-" 408 -
192.168.175.104 - - [18/Jan/2018:04:25:41 -0500] "GET / HTTP/1.1" 200 9990
186.154.36.108 - - [18/Jan/2018:04:26:37 -0500] "GET /galeria/nivo-slider/demo/images/caracolafricano2017.jpg HTTP/1.1" 200 222132
35.190.207.132 - - [18/Jan/2018:04:26:41 -0500] "-" 408 -
186.154.36.108 - - [18/Jan/2018:04:26:47 -0500] "GET /galeria/nivo-slider/demo/images/caracolafricano2017.jpg HTTP/1.1" 200 222132
157.55.39.229 - - [18/Jan/2018:04:27:06 -0500] "GET /www.ambientebogota.gov.co/web/intranet/inicio?p_p_state=maximized&p_p_mode=view&saveLastPath=0&_58_struts_action=%2Flogin%2Flogin&p_p_id=58&p_p_lifecycle=0&_58_redirect=%2Fgroup%2Fintranet%2Finicio HTTP/1.1" 404 1019
192.168.175.104 - - [18/Jan/2018:04:27:44 -0500] "GET / HTTP/1.1" 200 9990
69.162.124.233 - - [18/Jan/2018:04:27:54 -0500] "HEAD / HTTP/1.1" 200 -
157.55.39.231 - - [18/Jan/2018:04:28:25 -0500] "GET /POT-2013/memoria%20justificativa/ANEXOS_2,3,4.pdf HTTP/1.1" 200 617731
35.189.218.56 - - [18/Jan/2018:04:28:44 -0500] "-" 408 -
66.249.64.157 - - [18/Jan/2018:04:28:48 -0500] "GET /BLA/resoluciones/RESOLUCIONES%202008/0141.pdf HTTP/1.1" 200 543994
66.249.64.19 - - [18/Jan/2018:04:28:50 -0500] "GET /images/BLA.jpg HTTP/1.1" 304 -
66.249.64.157 - - [18/Jan/2018:04:28:53 -0500] "GET /BLA/resoluciones/RESOLUCIONES%202010/3954.pdf HTTP/1.1" 200 500109
66.249.64.157 - - [18/Jan/2018:04:28:58 -0500] "GET /BLA/resoluciones/RESOLUCIONES%202010/0605.pdf HTTP/1.1" 304 -
66.249.64.157 - - [18/Jan/2018:04:29:04 -0500] "GET /BLA/resoluciones/Notificaciones/AUTOS%202014/5005.doc HTTP/1.1" 200 172032
186.154.36.108 - - [18/Jan/2018:04:29:07 -0500] "GET /galeria/nivo-slider/demo/images/caracolafricano2017.jpg HTTP/1.1" 200 222132
66.249.64.159 - - [18/Jan/2018:04:29:09 -0500] "GET /BLA/resoluciones/Notificaciones/AUTOS%202014/2212.doc HTTP/1.1" 200 845312
186.154.36.108 - - [18/Jan/2018:04:29:17 -0500] "GET /galeria/nivo-slider/demo/images/caracolafricano2017.jpg HTTP/1.1" 200 222132
66.249.64.157 - - [18/Jan/2018:04:29:19 -0500] "GET /BLA/resoluciones/Notificaciones/AUTOS%202014/6097.doc HTTP/1.1" 200 155648
66.249.64.157 - - [18/Jan/2018:04:29:24 -0500] "GET /BLA/resoluciones/Notificaciones/AUTOS%202014/2598.doc HTTP/1.1" 200 226304
66.249.64.157 - - [18/Jan/2018:04:29:29 -0500] "GET /BLA/resoluciones/Notificaciones/AUTOS%202014/5854.doc HTTP/1.1" 200 153088
66.249.64.132 - - [18/Jan/2018:04:29:33 -0500] "GET /BLA/resoluciones/Notificaciones/AUTOS%202014/5782.doc HTTP/1.1" 200 153600
66.249.64.157 - - [18/Jan/2018:04:29:43 -0500] "GET /BLA/resoluciones/Notificaciones/AUTOS%202014/2681.doc HTTP/1.1" 200 231936
66.249.64.154 - - [18/Jan/2018:04:29:53 -0500] "GET /portel_dama/libreria/php/2006/ECOSISTEMAS%20FINAL%20web_mz27/restauracion/sitio/22_proye/xtras_in/4.pdf HTTP/1.1" 404 1018
35.189.215.158 - - [18/Jan/2018:04:29:55 -0500] "-" 408 -
66.249.64.157 - - [18/Jan/2018:04:29:57 -0500] "GET /siipev/Diseno%20de%20Elementos%20de%20Mobiliario%20Urbano/Diseno%20pertenecientes%20al%20mobiliario%20urbano%20M10-M160/PARTE%20A/Dise%C3%B1o%20de%20Elementos%20M-110.pdf HTTP/1.1" 200 243014
192.168.175.104 - - [18/Jan/2018:04:30:01 -0500] "GET / HTTP/1.0" 200 9990
192.168.175.104 - - [18/Jan/2018:04:30:38 -0500] "GET / HTTP/1.1" 200 9990
35.187.34.70 - - [18/Jan/2018:04:30:47 -0500] "-" 408 -
54.36.148.110 - - [18/Jan/2018:04:31:02 -0500] "GET /BLA/resoluciones/RESOLUCIONES%202006/RES%202006%20851-900/00000900.tif HTTP/1.1" 200 203158
186.154.36.108 - - [18/Jan/2018:04:31:37 -0500] "GET /galeria/nivo-slider/demo/images/caracolafricano2017.jpg HTTP/1.1" 200 222132
186.154.36.108 - - [18/Jan/2018:04:31:47 -0500] "GET /galeria/nivo-slider/demo/images/caracolafricano2017.jpg HTTP/1.1" 200 222132
35.187.52.64 - - [18/Jan/2018:04:31:54 -0500] "-" 408 -
186.185.133.217 - - [18/Jan/2018:04:32:38 -0500] "GET /galeria/galeria/jquery.fancybox.css?v=2.1.5 HTTP/1.1" 200 4895
186.185.133.217 - - [18/Jan/2018:04:32:38 -0500] "GET /BLA/boletinlegal/js/jquery.scrollShow.js HTTP/1.1" 200 4586
186.185.133.217 - - [18/Jan/2018:04:32:38 -0500] "GET /galeria/galeria/jquery.fancybox.js?v=2.1.5 HTTP/1.1" 200 48706
192.168.175.104 - - [18/Jan/2018:04:32:42 -0500] "GET / HTTP/1.1" 200 9990
69.162.124.233 - - [18/Jan/2018:04:32:53 -0500] "HEAD / HTTP/1.1" 200 -
35.187.52.64 - - [18/Jan/2018:04:32:55 -0500] "-" 408 -
35.187.52.64 - - [18/Jan/2018:04:34:03 -0500] "-" 408 -
199.30.24.159 - - [18/Jan/2018:04:34:03 -0500] "GET /galeria/galeria/jquery.fancybox.css?v=2.1.5 HTTP/1.1" 200 4895
186.154.36.108 - - [18/Jan/2018:04:34:07 -0500] "GET /galeria/nivo-slider/demo/images/caracolafricano2017.jpg HTTP/1.1" 200 222132
186.154.36.108 - - [18/Jan/2018:04:34:17 -0500] "GET /galeria/nivo-slider/demo/images/caracolafricano2017.jpg HTTP/1.1" 200 222132
54.36.148.31 - - [18/Jan/2018:04:34:50 -0500] "GET /BLA/resoluciones/RESOLUCIONES%202003/RES%202003%201451-1500/20031465.tif HTTP/1.1" 200 83480
35.189.242.65 - - [18/Jan/2018:04:34:58 -0500] "-" 408 -
192.168.175.104 - - [18/Jan/2018:04:34:59 -0500] "GET / HTTP/1.0" 200 9990
210.245.90.205 - - [18/Jan/2018:04:35:29 -0500] "-" 408 -
192.168.175.104 - - [18/Jan/2018:04:35:36 -0500] "GET / HTTP/1.1" 200 9990
210.245.90.205 - - [18/Jan/2018:04:35:47 -0500] "-" 408 -
210.245.90.205 - - [18/Jan/2018:04:36:05 -0500] "-" 408 -
210.245.90.205 - - [18/Jan/2018:04:36:36 -0500] "-" 408 -
186.154.36.108 - - [18/Jan/2018:04:36:37 -0500] "GET /galeria/nivo-slider/demo/images/caracolafricano2017.jpg HTTP/1.1" 200 222132
186.154.36.108 - - [18/Jan/2018:04:36:47 -0500] "GET /galeria/nivo-slider/demo/images/caracolafricano2017.jpg HTTP/1.1" 200 222132
210.245.90.205 - - [18/Jan/2018:04:36:59 -0500] "-" 408 -
192.168.175.104 - - [18/Jan/2018:04:37:40 -0500] "GET / HTTP/1.1" 200 9990
69.162.124.233 - - [18/Jan/2018:04:37:53 -0500] "HEAD / HTTP/1.1" 200 -
66.249.64.30 - - [18/Jan/2018:04:37:58 -0500] "GET /Anexos%20estudio%20Organizacional%20SDA/ANEXO%20No.%207%20-%20PROYECTO%20DE%20DECRETO%20MODIFICATORIO%20DE%20ESTRUCTURA%20DE%20LA%20SDA/Proyecto%20de%20decreto%20modificaci%C3%B3n%20estructura%20SDA%2022%20Octubre.doc HTTP/1.1" 200 260608
66.249.64.157 - - [18/Jan/2018:04:38:07 -0500] "GET /BLA/resoluciones/RESOLUCIONES%202008/3740.pdf HTTP/1.1" 200 242537
35.190.203.87 - - [18/Jan/2018:04:38:12 -0500] "-" 408 -
54.36.148.33 - - [18/Jan/2018:04:38:47 -0500] "GET /BLA/resoluciones/RESOLUCIONES%202006/RES%202006%201201-1250/00001216.tif HTTP/1.1" 200 36322
157.55.39.231 - - [18/Jan/2018:04:39:04 -0500] "GET /www.ambientebogota.gov.co:81/ HTTP/1.1" 403 1021
186.154.36.108 - - [18/Jan/2018:04:39:07 -0500] "GET /galeria/nivo-slider/demo/images/caracolafricano2017.jpg HTTP/1.1" 200 222132
186.113.10.19 - - [18/Jan/2018:04:39:08 -0500] "GET /galeria/nivo-slider/demo/images/caracolafricano2017.jpg HTTP/1.1" 304 -
186.154.36.108 - - [18/Jan/2018:04:39:17 -0500] "GET /galeria/nivo-slider/demo/images/caracolafricano2017.jpg HTTP/1.1" 200 222132
35.187.96.204 - - [18/Jan/2018:04:39:18 -0500] "-" 408 -
190.131.194.135 - - [18/Jan/2018:04:39:46 -0500] "GET /galeria/nivo-slider/demo/images/Cmapana-onestidad.jpg HTTP/1.1" 304 -
192.168.175.104 - - [18/Jan/2018:04:39:56 -0500] "GET / HTTP/1.0" 200 9990
35.187.34.70 - - [18/Jan/2018:04:40:21 -0500] "-" 408 -
51.255.71.127 - - [18/Jan/2018:04:40:30 -0500] "GET /BLA/resoluciones/RESOLUCIONES%202003/RES%202003%201901-1950/00001942.tif HTTP/1.1" 200 250478
192.168.175.104 - - [18/Jan/2018:04:40:34 -0500] "GET / HTTP/1.1" 200 9990
207.46.13.154 - - [18/Jan/2018:04:40:41 -0500] "GET /galeria/galeria/fotos/Huemdal-Cordoba1P.jpg HTTP/1.1" 200 30712
35.189.218.56 - - [18/Jan/2018:04:41:22 -0500] "-" 408 -
186.154.36.108 - - [18/Jan/2018:04:41:37 -0500] "GET /galeria/nivo-slider/demo/images/caracolafricano2017.jpg HTTP/1.1" 200 222132
186.154.36.108 - - [18/Jan/2018:04:41:47 -0500] "GET /galeria/nivo-slider/demo/images/caracolafricano2017.jpg HTTP/1.1" 200 222132
163.172.71.13 - - [18/Jan/2018:04:42:24 -0500] "GET /galeria/galeria/jquery.fancybox.css?v=2.1.5 HTTP/1.1" 200 4895
163.172.71.13 - - [18/Jan/2018:04:42:24 -0500] "GET /galeria/carrusel/Carrusel/jquery.thumbnailScroller.css HTTP/1.1" 200 2066
163.172.71.13 - - [18/Jan/2018:04:42:24 -0500] "GET /BLA/boletinlegal/js/jquery.scrollShow.js HTTP/1.1" 200 4586
163.172.71.13 - - [18/Jan/2018:04:42:24 -0500] "GET /galeria/galeria/jquery.fancybox.js?v=2.1.5 HTTP/1.1" 200 48706
163.172.71.13 - - [18/Jan/2018:04:42:25 -0500] "GET /galeria/carrusel/Carrusel/jquery-ui-1.8.13.custom.min.js HTTP/1.1" 200 10800
163.172.71.13 - - [18/Jan/2018:04:42:26 -0500] "GET /galeria/carrusel/Carrusel/jquery.thumbnailScroller.js HTTP/1.1" 200 8157
163.172.71.13 - - [18/Jan/2018:04:42:26 -0500] "GET /galeria/nivo-slider/demo/demo.html HTTP/1.1" 200 6866
163.172.71.13 - - [18/Jan/2018:04:42:26 -0500] "GET /galeria/nivo-slider/themes/orman/orman.css HTTP/1.1" 200 2152
163.172.71.13 - - [18/Jan/2018:04:42:26 -0500] "GET /galeria/nivo-slider/themes/default/default.css HTTP/1.1" 200 1569
163.172.71.13 - - [18/Jan/2018:04:42:26 -0500] "GET /galeria/nivo-slider/themes/pascal/pascal.css HTTP/1.1" 200 2258
163.172.71.13 - - [18/Jan/2018:04:42:26 -0500] "GET /galeria/nivo-slider/nivo-slider.css HTTP/1.1" 200 1507
163.172.71.13 - - [18/Jan/2018:04:42:26 -0500] "GET /galeria/nivo-slider/demo/style.css HTTP/1.1" 200 2222
163.172.71.13 - - [18/Jan/2018:04:42:26 -0500] "GET /galeria/nivo-slider/demo/scripts/jquery-1.7.1.min.js HTTP/1.1" 200 93868
163.172.71.13 - - [18/Jan/2018:04:42:26 -0500] "GET /galeria/nivo-slider/jquery.nivo.slider.pack.js HTTP/1.1" 200 11561
192.168.175.104 - - [18/Jan/2018:04:42:38 -0500] "GET / HTTP/1.1" 200 9990
69.162.124.233 - - [18/Jan/2018:04:42:53 -0500] "HEAD / HTTP/1.1" 200 -
54.36.148.162 - - [18/Jan/2018:04:43:04 -0500] "GET /BLA/resoluciones/index.php?dir=RESOLUCIONES+2004%2FRES+2004+351-400%2F HTTP/1.1" 200 12050
35.187.52.64 - - [18/Jan/2018:04:43:23 -0500] "-" 408 -
186.154.36.108 - - [18/Jan/2018:04:44:07 -0500] "GET /galeria/nivo-slider/demo/images/caracolafricano2017.jpg HTTP/1.1" 200 222132
186.154.36.108 - - [18/Jan/2018:04:44:17 -0500] "GET /galeria/nivo-slider/demo/images/caracolafricano2017.jpg HTTP/1.1" 200 222132
35.190.203.87 - - [18/Jan/2018:04:44:30 -0500] "-" 408 -
192.168.175.104 - - [18/Jan/2018:04:44:54 -0500] "GET / HTTP/1.0" 200 9990
66.249.64.93 - - [18/Jan/2018:04:45:09 -0500] "GET /galeria/nivo-slider/config.php HTTP/1.1" 200 37
35.187.34.70 - - [18/Jan/2018:04:45:31 -0500] "-" 408 -
190.60.119.246 - - [18/Jan/2018:04:45:32 -0500] "GET /galeria/galeria/jquery.fancybox.css?v=2.1.5 HTTP/1.1" 200 4895
190.60.119.246 - - [18/Jan/2018:04:45:32 -0500] "GET /BLA/boletinlegal/js/jquery.scrollShow.js HTTP/1.1" 200 4586
190.60.119.246 - - [18/Jan/2018:04:45:32 -0500] "GET /galeria/galeria/jquery.fancybox.js?v=2.1.5 HTTP/1.1" 200 48706
192.168.175.104 - - [18/Jan/2018:04:45:32 -0500] "GET / HTTP/1.1" 200 9990
54.36.148.26 - - [18/Jan/2018:04:46:03 -0500] "GET /SIG/index.php?dir=Gesti%F3n+de+Recursos+F%EDsicos%2F HTTP/1.1" 200 7027
186.154.36.108 - - [18/Jan/2018:04:46:37 -0500] "GET /galeria/nivo-slider/demo/images/caracolafricano2017.jpg HTTP/1.1" 200 222132
35.190.201.122 - - [18/Jan/2018:04:46:40 -0500] "-" 408 -
186.154.36.108 - - [18/Jan/2018:04:46:47 -0500] "GET /galeria/nivo-slider/demo/images/caracolafricano2017.jpg HTTP/1.1" 200 222132
66.249.64.29 - - [18/Jan/2018:04:47:24 -0500] "GET /galeria/nivo-slider/demo/images/Mirador%202.jpg HTTP/1.1" 200 136566
35.189.215.158 - - [18/Jan/2018:04:47:33 -0500] "-" 408 -
192.168.175.104 - - [18/Jan/2018:04:47:37 -0500] "GET / HTTP/1.1" 200 9990
69.162.124.233 - - [18/Jan/2018:04:47:54 -0500] "HEAD / HTTP/1.1" 200 -
54.36.148.237 - - [18/Jan/2018:04:48:04 -0500] "GET /BLA/resoluciones/RESOLUCIONES%202003/RES%202003%201851--1900/20031877.tif HTTP/1.1" 200 76356
104.199.87.90 - - [18/Jan/2018:04:48:44 -0500] "-" 408 -
186.154.36.108 - - [18/Jan/2018:04:49:07 -0500] "GET /galeria/nivo-slider/demo/images/caracolafricano2017.jpg HTTP/1.1" 200 222132
186.154.36.108 - - [18/Jan/2018:04:49:17 -0500] "GET /galeria/nivo-slider/demo/images/caracolafricano2017.jpg HTTP/1.1" 200 222132
192.168.175.104 - - [18/Jan/2018:04:49:52 -0500] "GET / HTTP/1.0" 200 9990
207.46.13.152 - - [18/Jan/2018:04:49:55 -0500] "GET /transparencia/directorioservidores/diciembre2015.xlsx HTTP/1.1" 200 37314
54.36.149.73 - - [18/Jan/2018:04:50:28 -0500] "GET /BLA/resoluciones/RESOLUCIONES%202003/RES%202003%201001-1050/1023.tif HTTP/1.1" 200 70436
192.168.175.104 - - [18/Jan/2018:04:50:31 -0500] "GET / HTTP/1.1" 200 9990
35.187.96.204 - - [18/Jan/2018:04:50:50 -0500] "-" 408 -
111.206.36.145 - - [18/Jan/2018:04:51:27 -0500] "GET /BLA/boletinlegal/js/jquery.scrollShow.js HTTP/1.1" 200 4586
111.206.36.8 - - [18/Jan/2018:04:51:27 -0500] "GET /galeria/galeria/jquery.fancybox.js?v=2.1.5 HTTP/1.1" 200 48706
