186.154.36.108 - - [18/Jan/2018:00:31:48 -0500] "GET /galeria/nivo-slider/demo/images/caracolafricano2017.jpg HTTP/1.1" 200 222132
54.36.148.113 - - [18/Jan/2018:00:31:54 -0500] "GET /BLA/resoluciones/RESOLUCIONES%202006/RES%202006%20351-400/00000362.tif HTTP/1.1" 200 70992
192.168.175.104 - - [18/Jan/2018:00:32:17 -0500] "GET / HTTP/1.1" 200 9990
35.189.242.65 - - [18/Jan/2018:00:32:35 -0500] "-" 408 -
181.49.67.178 - - [18/Jan/2018:00:33:10 -0500] "-" 408 -
181.49.67.178 - - [18/Jan/2018:00:33:10 -0500] "-" 408 -
181.49.67.178 - - [18/Jan/2018:00:33:10 -0500] "-" 408 -
181.49.67.178 - - [18/Jan/2018:00:33:10 -0500] "-" 408 -
181.49.67.178 - - [18/Jan/2018:00:33:10 -0500] "-" 408 -
186.84.145.162 - - [18/Jan/2018:00:33:27 -0500] "POST /sipse/faces/autenticacion.xhtml HTTP/1.1" 200 11157
186.84.145.162 - - [18/Jan/2018:00:33:27 -0500] "GET /sipse/faces/javax.faces.resource/theme.css?ln=primefaces-sipse HTTP/1.1" 304 -
186.84.145.162 - - [18/Jan/2018:00:33:27 -0500] "GET /sipse/faces/javax.faces.resource/primefaces.css?ln=primefaces&v=4.0 HTTP/1.1" 304 -
186.84.145.162 - - [18/Jan/2018:00:33:27 -0500] "GET /sipse/faces/javax.faces.resource/jquery/jquery.js?ln=primefaces&v=4.0 HTTP/1.1" 304 -
186.84.145.162 - - [18/Jan/2018:00:33:27 -0500] "GET /sipse/faces/javax.faces.resource/layout/layout.css?ln=primefaces&v=4.0 HTTP/1.1" 304 -
186.84.145.162 - - [18/Jan/2018:00:33:28 -0500] "GET /sipse/faces/javax.faces.resource/jquery/jquery-plugins.js?ln=primefaces&v=4.0 HTTP/1.1" 304 -
186.84.145.162 - - [18/Jan/2018:00:33:28 -0500] "GET /sipse/faces/javax.faces.resource/primefaces.js?ln=primefaces&v=4.0 HTTP/1.1" 304 -
186.84.145.162 - - [18/Jan/2018:00:33:28 -0500] "GET /sipse/faces/javax.faces.resource/layout/layout.js?ln=primefaces&v=4.0 HTTP/1.1" 304 -
186.84.145.162 - - [18/Jan/2018:00:33:29 -0500] "GET /sipse/faces/javax.faces.resource/messages/messages.png?ln=primefaces&v=4.0 HTTP/1.1" 304 -
35.187.34.70 - - [18/Jan/2018:00:33:45 -0500] "-" 408 -
186.84.145.162 - - [18/Jan/2018:00:33:46 -0500] "POST /sipse/faces/presentacion/sistema/seguridad/seleccionRol.xhtml HTTP/1.1" 200 5593
186.84.145.162 - - [18/Jan/2018:00:33:47 -0500] "POST /sipse/faces/presentacion/sistema/seguridad/seleccionRol.xhtml HTTP/1.1" 200 15292
186.84.145.162 - - [18/Jan/2018:00:33:48 -0500] "GET /sipse/faces/javax.faces.resource/theme.css?ln=primefaces-sipse HTTP/1.1" 304 -
186.84.145.162 - - [18/Jan/2018:00:33:48 -0500] "GET /sipse/faces/javax.faces.resource/primefaces.css?ln=primefaces&v=4.0 HTTP/1.1" 304 -
186.84.145.162 - - [18/Jan/2018:00:33:48 -0500] "GET /sipse/faces/javax.faces.resource/layout/layout.css?ln=primefaces&v=4.0 HTTP/1.1" 304 -
186.84.145.162 - - [18/Jan/2018:00:33:48 -0500] "GET /sipse/faces/javax.faces.resource/jquery/jquery.js?ln=primefaces&v=4.0 HTTP/1.1" 304 -
186.84.145.162 - - [18/Jan/2018:00:33:48 -0500] "GET /sipse/faces/javax.faces.resource/jquery/jquery-plugins.js?ln=primefaces&v=4.0 HTTP/1.1" 304 -
186.84.145.162 - - [18/Jan/2018:00:33:48 -0500] "GET /sipse/faces/javax.faces.resource/primefaces.js?ln=primefaces&v=4.0 HTTP/1.1" 304 -
186.84.145.162 - - [18/Jan/2018:00:33:49 -0500] "GET /sipse/faces/javax.faces.resource/layout/layout.js?ln=primefaces&v=4.0 HTTP/1.1" 304 -
186.84.145.162 - - [18/Jan/2018:00:33:49 -0500] "GET /sipse/css/imagen/contrasena.png HTTP/1.1" 404 383
186.154.36.108 - - [18/Jan/2018:00:34:08 -0500] "GET /galeria/nivo-slider/demo/images/caracolafricano2017.jpg HTTP/1.1" 200 222132
54.36.148.104 - - [18/Jan/2018:00:34:08 -0500] "GET /BLA/resoluciones/RESOLUCIONES%202006/RES%202006%20251-300/00000277.tif HTTP/1.1" 200 97198
186.84.145.162 - - [18/Jan/2018:00:34:16 -0500] "GET /sipse/faces/javax.faces.resource/images/ui-bg_flat_0_2d5972_40x100.png?ln=primefaces-aristo HTTP/1.1" 304 -
186.84.145.162 - - [18/Jan/2018:00:34:16 -0500] "POST /sipse/faces/bienvenido.xhtml HTTP/1.1" 200 1471
186.154.36.108 - - [18/Jan/2018:00:34:18 -0500] "GET /galeria/nivo-slider/demo/images/caracolafricano2017.jpg HTTP/1.1" 200 222132
192.168.175.104 - - [18/Jan/2018:00:34:18 -0500] "GET / HTTP/1.1" 200 9990
186.84.145.162 - - [18/Jan/2018:00:34:17 -0500] "POST /sipse/faces/bienvenido.xhtml HTTP/1.1" 200 61389
186.84.145.162 - - [18/Jan/2018:00:34:18 -0500] "GET /sipse/faces/javax.faces.resource/theme.css?ln=primefaces-sipse HTTP/1.1" 304 -
186.84.145.162 - - [18/Jan/2018:00:34:19 -0500] "GET /sipse/faces/javax.faces.resource/primefaces.css?ln=primefaces&v=4.0 HTTP/1.1" 304 -
186.84.145.162 - - [18/Jan/2018:00:34:19 -0500] "GET /sipse/faces/javax.faces.resource/layout/layout.css?ln=primefaces&v=4.0 HTTP/1.1" 304 -
186.84.145.162 - - [18/Jan/2018:00:34:19 -0500] "GET /sipse/faces/javax.faces.resource/jquery/jquery.js?ln=primefaces&v=4.0 HTTP/1.1" 304 -
186.84.145.162 - - [18/Jan/2018:00:34:19 -0500] "GET /sipse/faces/javax.faces.resource/jquery/jquery-plugins.js?ln=primefaces&v=4.0 HTTP/1.1" 304 -
186.84.145.162 - - [18/Jan/2018:00:34:19 -0500] "GET /sipse/faces/javax.faces.resource/primefaces.js?ln=primefaces&v=4.0 HTTP/1.1" 304 -
186.84.145.162 - - [18/Jan/2018:00:34:20 -0500] "GET /sipse/faces/javax.faces.resource/layout/layout.js?ln=primefaces&v=4.0 HTTP/1.1" 304 -
186.84.145.162 - - [18/Jan/2018:00:34:21 -0500] "GET /sipse/css/imagen/contrasena.png HTTP/1.1" 404 383
186.84.145.162 - - [18/Jan/2018:00:34:22 -0500] "POST /sipse/faces/presentacion/financiero/solicitudProceso/listarSolicitudProceso.xhtml HTTP/1.1" 200 1448
186.84.145.162 - - [18/Jan/2018:00:34:29 -0500] "POST /sipse/faces/presentacion/financiero/solicitudProceso/listarSolicitudProceso.xhtml HTTP/1.1" 200 5030
186.84.145.162 - - [18/Jan/2018:00:34:30 -0500] "POST /sipse/faces/presentacion/financiero/solicitudProceso/listarSolicitudProceso.xhtml HTTP/1.1" 200 5030
186.84.145.162 - - [18/Jan/2018:00:34:32 -0500] "POST /sipse/faces/presentacion/financiero/solicitudProceso/listarSolicitudProceso.xhtml HTTP/1.1" 200 5030
35.187.52.64 - - [18/Jan/2018:00:34:35 -0500] "-" 408 -
186.84.145.162 - - [18/Jan/2018:00:34:39 -0500] "POST /sipse/faces/presentacion/financiero/solicitudProceso/listarSolicitudProceso.xhtml HTTP/1.1" 200 113422
186.84.145.162 - - [18/Jan/2018:00:34:44 -0500] "GET /sipse/faces/javax.faces.resource/theme.css?ln=primefaces-sipse HTTP/1.1" 304 -
186.84.145.162 - - [18/Jan/2018:00:34:44 -0500] "GET /sipse/faces/javax.faces.resource/primefaces.css?ln=primefaces&v=4.0 HTTP/1.1" 304 -
186.84.145.162 - - [18/Jan/2018:00:34:44 -0500] "GET /sipse/faces/javax.faces.resource/layout/layout.css?ln=primefaces&v=4.0 HTTP/1.1" 304 -
186.84.145.162 - - [18/Jan/2018:00:34:44 -0500] "GET /sipse/faces/javax.faces.resource/jquery/jquery.js?ln=primefaces&v=4.0 HTTP/1.1" 304 -
186.84.145.162 - - [18/Jan/2018:00:34:44 -0500] "GET /sipse/faces/javax.faces.resource/jquery/jquery-plugins.js?ln=primefaces&v=4.0 HTTP/1.1" 304 -
186.84.145.162 - - [18/Jan/2018:00:34:45 -0500] "GET /sipse/faces/javax.faces.resource/primefaces.js?ln=primefaces&v=4.0 HTTP/1.1" 304 -
186.84.145.162 - - [18/Jan/2018:00:34:45 -0500] "GET /sipse/faces/javax.faces.resource/layout/layout.js?ln=primefaces&v=4.0 HTTP/1.1" 304 -
186.84.145.162 - - [18/Jan/2018:00:34:46 -0500] "GET /sipse/faces/javax.faces.resource/spacer/dot_clear.gif?ln=primefaces&v=4.0 HTTP/1.1" 304 -
186.84.145.162 - - [18/Jan/2018:00:34:47 -0500] "GET /sipse/css/imagen/contrasena.png HTTP/1.1" 404 383
186.84.145.162 - - [18/Jan/2018:00:35:11 -0500] "POST /sipse/faces/presentacion/financiero/solicitudProceso/consultarSolicitudProceso.xhtml HTTP/1.1" 200 5350
186.84.145.162 - - [18/Jan/2018:00:35:12 -0500] "GET /reportes_sipse/sdg/ServletReporte?reporte=memo_viabilidad&solicitud=3426&viabilidad=3080&pfdrid_c=false HTTP/1.1" 200 58229
47.40.115.162 - - [18/Jan/2018:00:35:27 -0500] "PUT /webdav/Multiple.php HTTP/1.1" 405 938
35.189.218.56 - - [18/Jan/2018:00:35:45 -0500] "-" 408 -
186.84.145.162 - - [18/Jan/2018:00:35:36 -0500] "POST /sipse/faces/presentacion/financiero/solicitudProceso/consultarSolicitudProceso.xhtml HTTP/1.1" 200 1371975
51.255.71.122 - - [18/Jan/2018:00:36:22 -0500] "GET /BLA/resoluciones/index.php?dir=RESOLUCIONES%202004/RES%202004%20951-1000/&sort=size&order=desc HTTP/1.1" 200 12100
192.168.175.104 - - [18/Jan/2018:00:36:29 -0500] "GET / HTTP/1.0" 200 9990
186.154.36.108 - - [18/Jan/2018:00:36:38 -0500] "GET /galeria/nivo-slider/demo/images/caracolafricano2017.jpg HTTP/1.1" 200 222132
69.162.124.233 - - [18/Jan/2018:00:36:42 -0500] "HEAD / HTTP/1.1" 200 -
186.154.36.108 - - [18/Jan/2018:00:36:48 -0500] "GET /galeria/nivo-slider/demo/images/caracolafricano2017.jpg HTTP/1.1" 200 222132
190.131.194.135 - - [18/Jan/2018:00:37:08 -0500] "GET /galeria/nivo-slider/demo/images/rendicion-de-cuentas-formulario.jpg HTTP/1.1" 304 -
192.168.175.104 - - [18/Jan/2018:00:37:15 -0500] "GET / HTTP/1.1" 200 9990
54.36.149.58 - - [18/Jan/2018:00:37:23 -0500] "GET /BLA/resoluciones/index.php?dir=RESOLUCIONES%202004/RES%202004%20451-500/&sort=name&order=desc HTTP/1.1" 200 12036
35.187.34.70 - - [18/Jan/2018:00:37:47 -0500] "-" 408 -
66.249.64.29 - - [18/Jan/2018:00:37:47 -0500] "GET / HTTP/1.1" 200 9990
66.249.64.157 - - [18/Jan/2018:00:37:56 -0500] "GET /sig/Manual%20de%20Procesos%20y%20Procedimientos/PA02%20Gesti%C3%B3n%20Recursos%20Financieros/126PA02-PR17-Conciliacion%20Cuentas%20Reciprocas.pdf HTTP/1.1" 404 1018
221.195.111.202 - - [18/Jan/2018:00:38:49 -0500] "GET /manager/html HTTP/1.1" 404 1018
35.189.218.56 - - [18/Jan/2018:00:38:52 -0500] "-" 408 -
66.249.64.129 - - [18/Jan/2018:00:38:55 -0500] "GET /galeria/galeria/fotos/Soratama3G.jpg HTTP/1.1" 304 -
186.154.36.108 - - [18/Jan/2018:00:39:08 -0500] "GET /galeria/nivo-slider/demo/images/caracolafricano2017.jpg HTTP/1.1" 200 222132
192.168.175.104 - - [18/Jan/2018:00:39:16 -0500] "GET / HTTP/1.1" 200 9990
186.154.36.108 - - [18/Jan/2018:00:39:18 -0500] "GET /galeria/nivo-slider/demo/images/caracolafricano2017.jpg HTTP/1.1" 200 222132
35.190.207.132 - - [18/Jan/2018:00:39:56 -0500] "-" 408 -
66.249.64.95 - - [18/Jan/2018:00:39:57 -0500] "GET /PORTAL_SIAC/swf/Residuos/curtiembres/files/info.xml?rnd=32e15bd0-8178-46f0-b70d-4abcced1a9a8 HTTP/1.1" 200 76959
32.59.64.217 - - [18/Jan/2018:00:40:43 -0500] "GET /galeria/nivo-slider/demo/images/semana-eco-ambiental-2017.jpg HTTP/1.1" 304 -
35.189.215.158 - - [18/Jan/2018:00:40:53 -0500] "-" 408 -
192.168.175.104 - - [18/Jan/2018:00:41:27 -0500] "GET / HTTP/1.0" 200 9990
157.55.39.229 - - [18/Jan/2018:00:41:17 -0500] "GET /bla/boletinlegal/directivas/2017/directiva%20no.%2002%20del%2017%20de%20enero%20de%202017.pdf HTTP/1.1" 200 3521427
186.154.36.108 - - [18/Jan/2018:00:41:38 -0500] "GET /galeria/nivo-slider/demo/images/caracolafricano2017.jpg HTTP/1.1" 200 222132
69.162.124.233 - - [18/Jan/2018:00:41:42 -0500] "HEAD / HTTP/1.1" 200 -
186.154.36.108 - - [18/Jan/2018:00:41:48 -0500] "GET /galeria/nivo-slider/demo/images/caracolafricano2017.jpg HTTP/1.1" 200 222132
35.189.242.65 - - [18/Jan/2018:00:42:00 -0500] "-" 408 -
192.168.175.104 - - [18/Jan/2018:00:42:13 -0500] "GET / HTTP/1.1" 200 9990
66.249.64.95 - - [18/Jan/2018:00:42:58 -0500] "GET /POT-2013/index.php?dir=Articulado/&sort=date&order=asc HTTP/1.1" 200 1857
104.199.87.90 - - [18/Jan/2018:00:44:04 -0500] "-" 408 -
186.154.36.108 - - [18/Jan/2018:00:44:08 -0500] "GET /galeria/nivo-slider/demo/images/caracolafricano2017.jpg HTTP/1.1" 200 222132
192.168.175.104 - - [18/Jan/2018:00:44:14 -0500] "GET / HTTP/1.1" 200 9990
186.154.36.108 - - [18/Jan/2018:00:44:18 -0500] "GET /galeria/nivo-slider/demo/images/caracolafricano2017.jpg HTTP/1.1" 200 222132
66.249.64.95 - - [18/Jan/2018:00:44:28 -0500] "GET /POT-2013/index.php?dir=Articulado/&sort=name&order=asc HTTP/1.1" 200 1857
104.199.87.90 - - [18/Jan/2018:00:45:05 -0500] "-" 408 -
104.199.87.90 - - [18/Jan/2018:00:46:09 -0500] "-" 408 -
192.168.175.104 - - [18/Jan/2018:00:46:26 -0500] "GET / HTTP/1.0" 200 9990
186.154.36.108 - - [18/Jan/2018:00:46:38 -0500] "GET /galeria/nivo-slider/demo/images/caracolafricano2017.jpg HTTP/1.1" 200 222132
186.113.10.19 - - [18/Jan/2018:00:46:38 -0500] "GET /galeria/nivo-slider/demo/images/PYBA2017.jpg HTTP/1.1" 304 -
69.162.124.233 - - [18/Jan/2018:00:46:41 -0500] "HEAD / HTTP/1.1" 200 -
186.154.36.108 - - [18/Jan/2018:00:46:48 -0500] "GET /galeria/nivo-slider/demo/images/caracolafricano2017.jpg HTTP/1.1" 200 222132
157.55.39.229 - - [18/Jan/2018:00:46:48 -0500] "GET /SIG/Gesti%C3%B3n%20Jur%C3%ADdica/126PA05-PR11.pdf HTTP/1.1" 200 114687
35.190.207.132 - - [18/Jan/2018:00:47:12 -0500] "-" 408 -
192.168.175.104 - - [18/Jan/2018:00:47:12 -0500] "GET / HTTP/1.1" 200 9990
66.249.64.29 - - [18/Jan/2018:00:47:47 -0500] "GET /galeria/nivo-slider/demo/images/sincarro002.jpg HTTP/1.1" 200 63324
35.189.218.56 - - [18/Jan/2018:00:48:12 -0500] "-" 408 -
186.154.36.108 - - [18/Jan/2018:00:49:08 -0500] "GET /galeria/nivo-slider/demo/images/caracolafricano2017.jpg HTTP/1.1" 200 222132
192.168.175.104 - - [18/Jan/2018:00:49:12 -0500] "GET / HTTP/1.1" 200 9990
186.154.36.108 - - [18/Jan/2018:00:49:18 -0500] "GET /galeria/nivo-slider/demo/images/caracolafricano2017.jpg HTTP/1.1" 200 222132
35.189.242.65 - - [18/Jan/2018:00:50:16 -0500] "-" 408 -
186.87.26.209 - - [18/Jan/2018:00:50:22 -0500] "POST /sipse/faces/presentacion/financiero/solicitudProceso/consultarHistorialSolProceso.xhtml HTTP/1.1" 200 154574
186.87.26.209 - - [18/Jan/2018:00:50:22 -0500] "GET /sipse/js/disable_browser_buttons.js HTTP/1.1" 304 -
186.87.26.209 - - [18/Jan/2018:00:50:22 -0500] "GET /sipse/css/custom_css_sg.css HTTP/1.1" 304 -
186.87.26.209 - - [18/Jan/2018:00:50:22 -0500] "GET /sipse/css/custom_css_sg_prime.css HTTP/1.1" 304 -
186.87.26.209 - - [18/Jan/2018:00:50:22 -0500] "GET /sipse/faces/javax.faces.resource/theme.css?ln=primefaces-sipse HTTP/1.1" 304 -
186.87.26.209 - - [18/Jan/2018:00:50:22 -0500] "GET /sipse/faces/javax.faces.resource/primefaces.css?ln=primefaces&v=4.0 HTTP/1.1" 304 -
186.87.26.209 - - [18/Jan/2018:00:50:22 -0500] "GET /sipse/faces/javax.faces.resource/layout/layout.css?ln=primefaces&v=4.0 HTTP/1.1" 304 -
186.87.26.209 - - [18/Jan/2018:00:50:22 -0500] "GET /sipse/js/jquery.min.js HTTP/1.1" 304 -
186.87.26.209 - - [18/Jan/2018:00:50:22 -0500] "GET /sipse/js/funciones.js HTTP/1.1" 304 -
186.87.26.209 - - [18/Jan/2018:00:50:22 -0500] "GET /sipse/faces/javax.faces.resource/jquery/jquery.js?ln=primefaces&v=4.0 HTTP/1.1" 304 -
186.87.26.209 - - [18/Jan/2018:00:50:22 -0500] "GET /sipse/faces/javax.faces.resource/jquery/jquery-plugins.js?ln=primefaces&v=4.0 HTTP/1.1" 304 -
186.87.26.209 - - [18/Jan/2018:00:50:22 -0500] "GET /sipse/faces/javax.faces.resource/primefaces.js?ln=primefaces&v=4.0 HTTP/1.1" 304 -
186.87.26.209 - - [18/Jan/2018:00:50:22 -0500] "GET /sipse/faces/javax.faces.resource/layout/layout.js?ln=primefaces&v=4.0 HTTP/1.1" 304 -
186.87.26.209 - - [18/Jan/2018:00:50:22 -0500] "GET /sipse/imagenes/cargando.gif HTTP/1.1" 304 -
186.87.26.209 - - [18/Jan/2018:00:50:22 -0500] "GET /sipse/faces/javax.faces.resource/spacer/dot_clear.gif?ln=primefaces&v=4.0 HTTP/1.1" 304 -
186.87.26.209 - - [18/Jan/2018:00:50:23 -0500] "GET /sipse/css/imagen/logoSDG.png HTTP/1.1" 304 -
186.87.26.209 - - [18/Jan/2018:00:50:23 -0500] "GET /sipse/css/imagen/contrasena.png HTTP/1.1" 404 383
186.87.26.209 - - [18/Jan/2018:00:50:23 -0500] "GET /reportes_sipse/sdg/ServletReporte?reporte=memo_viabilidad&solicitud=3426&viabilidad=3080&pfdrid_c=false HTTP/1.1" 200 58229
157.55.39.229 - - [18/Jan/2018:00:50:30 -0500] "GET /POT-2013/Cartografia/36_Est_Funcional_servicios_Est_Socioeconomica_Espacial%20Area%20.pdf HTTP/1.1" 200 2689602
157.55.39.231 - - [18/Jan/2018:00:51:13 -0500] "GET /BLA/boletinlegal/actas/acta%20de%20acuerdo%2001%20adop%20regla%20inter%20CISPAER.pdf HTTP/1.1" 200 837068
104.199.87.90 - - [18/Jan/2018:00:51:21 -0500] "-" 408 -
192.168.175.104 - - [18/Jan/2018:00:51:25 -0500] "GET / HTTP/1.0" 200 9990
186.154.36.108 - - [18/Jan/2018:00:51:38 -0500] "GET /galeria/nivo-slider/demo/images/caracolafricano2017.jpg HTTP/1.1" 200 222132
69.162.124.233 - - [18/Jan/2018:00:51:41 -0500] "HEAD / HTTP/1.1" 200 -
186.154.36.108 - - [18/Jan/2018:00:51:48 -0500] "GET /galeria/nivo-slider/demo/images/caracolafricano2017.jpg HTTP/1.1" 200 222132
66.249.64.159 - - [18/Jan/2018:00:52:04 -0500] "GET /BLA/resoluciones/AUTOS%202015/2934.pdf HTTP/1.1" 200 575784
192.168.175.104 - - [18/Jan/2018:00:52:10 -0500] "GET / HTTP/1.1" 200 9990
35.190.201.122 - - [18/Jan/2018:00:52:22 -0500] "-" 408 -
104.199.87.90 - - [18/Jan/2018:00:53:24 -0500] "-" 408 -
66.249.64.159 - - [18/Jan/2018:00:53:30 -0500] "GET /BLA/resoluciones/RESOLUCIONES%202014/2024.pdf HTTP/1.1" 200 713794
186.154.36.108 - - [18/Jan/2018:00:54:08 -0500] "GET /galeria/nivo-slider/demo/images/caracolafricano2017.jpg HTTP/1.1" 200 222132
192.168.175.104 - - [18/Jan/2018:00:54:10 -0500] "GET / HTTP/1.1" 200 9990
186.154.36.108 - - [18/Jan/2018:00:54:18 -0500] "GET /galeria/nivo-slider/demo/images/caracolafricano2017.jpg HTTP/1.1" 200 222132
66.249.64.159 - - [18/Jan/2018:00:54:27 -0500] "GET /galeria/galeria/fotos/Soratama1G.jpg HTTP/1.1" 304 -
157.55.39.229 - - [18/Jan/2018:00:54:52 -0500] "GET /images/FOREST.jpg HTTP/1.1" 200 33277
66.249.64.157 - - [18/Jan/2018:00:54:56 -0500] "GET /BLA/resoluciones/RESOLUCIONES%202010/3385.pdf HTTP/1.1" 200 303582
84.232.181.3 - - [18/Jan/2018:00:55:17 -0500] "GET /wp-admin/ HTTP/1.1" 404 1018
35.190.201.122 - - [18/Jan/2018:00:55:31 -0500] "-" 408 -
66.249.88.33 - - [18/Jan/2018:00:55:46 -0500] "GET /galeria/galeria/jquery.fancybox.css?v=2.1.5 HTTP/1.1" 200 4895
66.249.88.33 - - [18/Jan/2018:00:55:46 -0500] "GET /galeria/galeria/jquery.fancybox.js?v=2.1.5 HTTP/1.1" 200 48706
66.249.88.62 - - [18/Jan/2018:00:55:46 -0500] "GET /BLA/boletinlegal/js/jquery.scrollShow.js HTTP/1.1" 200 4586
66.249.64.129 - - [18/Jan/2018:00:56:22 -0500] "GET /BLA/resoluciones/RESOLUCIONES%202007/RES%202007%203001%20AL%203100/RESOLUCION%203022%20DE%202007.pdf HTTP/1.1" 200 1242446
192.168.175.104 - - [18/Jan/2018:00:56:23 -0500] "GET / HTTP/1.0" 200 9990
35.189.242.65 - - [18/Jan/2018:00:56:34 -0500] "-" 408 -
186.154.36.108 - - [18/Jan/2018:00:56:38 -0500] "GET /galeria/nivo-slider/demo/images/caracolafricano2017.jpg HTTP/1.1" 200 222132
69.162.124.233 - - [18/Jan/2018:00:56:41 -0500] "HEAD / HTTP/1.1" 200 -
96.47.226.21 - - [18/Jan/2018:00:56:43 -0500] "GET /robots.txt HTTP/1.1" 404 1015
96.47.226.20 - - [18/Jan/2018:00:56:44 -0500] "HEAD / HTTP/1.1" 200 -
186.154.36.108 - - [18/Jan/2018:00:56:48 -0500] "GET /galeria/nivo-slider/demo/images/caracolafricano2017.jpg HTTP/1.1" 200 222132
192.168.175.104 - - [18/Jan/2018:00:57:08 -0500] "GET / HTTP/1.1" 200 9990
35.190.207.132 - - [18/Jan/2018:00:57:40 -0500] "-" 408 -
66.249.64.129 - - [18/Jan/2018:00:57:48 -0500] "GET /BLA/resoluciones/RESOLUCIONES%202007/RES%202007%204001%20AL%204100/RESOLUCION%204048%20DE%202007.pdf HTTP/1.1" 200 1085886
207.46.13.154 - - [18/Jan/2018:00:57:53 -0500] "GET / HTTP/1.1" 200 9990
66.249.88.62 - - [18/Jan/2018:00:58:13 -0500] "GET /galeria/galeria/jquery.fancybox.css?v=2.1.5 HTTP/1.1" 200 4895
66.249.88.62 - - [18/Jan/2018:00:58:13 -0500] "GET /galeria/galeria/jquery.fancybox.js?v=2.1.5 HTTP/1.1" 200 48706
66.249.88.62 - - [18/Jan/2018:00:58:13 -0500] "GET /BLA/boletinlegal/js/jquery.scrollShow.js HTTP/1.1" 200 4586
35.189.242.65 - - [18/Jan/2018:00:58:36 -0500] "-" 408 -
186.83.245.157 - - [18/Jan/2018:00:59:00 -0500] "GET /BLA/resoluciones/RESOLUCIONES%202017/1748.pdf HTTP/1.1" 200 466818
186.154.36.108 - - [18/Jan/2018:00:59:08 -0500] "GET /galeria/nivo-slider/demo/images/caracolafricano2017.jpg HTTP/1.1" 200 222132
192.168.175.104 - - [18/Jan/2018:00:59:08 -0500] "GET / HTTP/1.1" 200 9990
66.249.64.159 - - [18/Jan/2018:00:59:14 -0500] "GET /BLA/resoluciones/RESOLUCIONES%202008/0492.pdf HTTP/1.1" 200 213987
186.154.36.108 - - [18/Jan/2018:00:59:18 -0500] "GET /galeria/nivo-slider/demo/images/caracolafricano2017.jpg HTTP/1.1" 200 222132
35.189.242.65 - - [18/Jan/2018:00:59:39 -0500] "-" 408 -
179.7.144.177 - - [18/Jan/2018:01:00:00 -0500] "GET /galeria/galeria/jquery.fancybox.js?v=2.1.5 HTTP/1.1" 200 48706
179.7.144.177 - - [18/Jan/2018:01:00:00 -0500] "GET /BLA/boletinlegal/js/jquery.scrollShow.js HTTP/1.1" 200 4586
179.7.144.177 - - [18/Jan/2018:01:00:00 -0500] "GET /galeria/galeria/jquery.fancybox.css?v=2.1.5 HTTP/1.1" 200 4895
66.249.88.33 - - [18/Jan/2018:01:00:05 -0500] "GET /galeria/galeria/jquery.fancybox.css?v=2.1.5 HTTP/1.1" 200 4895
66.249.88.62 - - [18/Jan/2018:01:00:05 -0500] "GET /galeria/galeria/jquery.fancybox.js?v=2.1.5 HTTP/1.1" 200 48706
66.249.88.62 - - [18/Jan/2018:01:00:05 -0500] "GET /BLA/boletinlegal/js/jquery.scrollShow.js HTTP/1.1" 200 4586
186.154.130.193 - - [18/Jan/2018:01:00:23 -0500] "GET /IsolucionSDA/FrameSetArticulo.asp?Pagina=/IsolucionSDA/bancoconocimiento/D/Decreto109del16deMarzode2009/Decreto109del16deMarzode2009.asp?IdArticulo=6274 HTTP/1.1" 200 146
66.249.64.159 - - [18/Jan/2018:01:00:40 -0500] "GET /BLA/resoluciones/RESOLUCIONES%202013/1169.pdf HTTP/1.1" 200 468809
35.187.34.70 - - [18/Jan/2018:01:00:44 -0500] "-" 408 -
192.168.175.104 - - [18/Jan/2018:01:01:21 -0500] "GET / HTTP/1.0" 200 9990
186.154.36.108 - - [18/Jan/2018:01:01:38 -0500] "GET /galeria/nivo-slider/demo/images/caracolafricano2017.jpg HTTP/1.1" 200 222132
69.162.124.233 - - [18/Jan/2018:01:01:40 -0500] "HEAD / HTTP/1.1" 200 -
35.187.34.70 - - [18/Jan/2018:01:01:42 -0500] "-" 408 -
186.154.36.108 - - [18/Jan/2018:01:01:48 -0500] "GET /galeria/nivo-slider/demo/images/caracolafricano2017.jpg HTTP/1.1" 200 222132
192.168.175.104 - - [18/Jan/2018:01:02:06 -0500] "GET / HTTP/1.1" 200 9990
66.249.64.157 - - [18/Jan/2018:01:02:38 -0500] "GET /BLA/resoluciones/RESOLUCIONES%202009/0080.pdf HTTP/1.1" 200 163848
35.187.96.204 - - [18/Jan/2018:01:02:46 -0500] "-" 408 -
66.249.88.40 - - [18/Jan/2018:01:03:07 -0500] "GET /BLA/boletinlegal/jurisprudencia/analisis/Analisis%20Jurisprudencia%20Sent%202000-00005-01.doc HTTP/1.1" 200 52736
177.237.26.38 - - [18/Jan/2018:01:03:19 -0500] "GET /BLA/boletinlegal/js/jquery.scrollShow.js HTTP/1.1" 200 4586
177.237.26.38 - - [18/Jan/2018:01:03:19 -0500] "GET /galeria/galeria/jquery.fancybox.css?v=2.1.5 HTTP/1.1" 200 4895
177.237.26.38 - - [18/Jan/2018:01:03:19 -0500] "GET /galeria/galeria/jquery.fancybox.js?v=2.1.5 HTTP/1.1" 200 48706
66.249.64.95 - - [18/Jan/2018:01:03:32 -0500] "GET / HTTP/1.1" 200 9990
66.249.64.157 - - [18/Jan/2018:01:03:34 -0500] "GET /BLA/resoluciones/RESOLUCIONES%202007/RES%202007%202301%20AL%202400/RESOLUCION%202368%20DE%202007.pdf HTTP/1.1" 200 218910
201.245.192.253 - - [18/Jan/2018:01:03:14 -0500] "POST /kwsrmcab/Wsrmcab HTTP/1.1" 200 27048
35.190.207.132 - - [18/Jan/2018:01:03:53 -0500] "-" 408 -
190.157.193.239 - - [18/Jan/2018:01:03:54 -0500] "GET /galeria/galeria/jquery.fancybox.css?v=2.1.5 HTTP/1.1" 200 4895
190.157.193.239 - - [18/Jan/2018:01:03:54 -0500] "GET /BLA/boletinlegal/js/jquery.scrollShow.js HTTP/1.1" 200 4586
190.157.193.239 - - [18/Jan/2018:01:03:54 -0500] "GET /galeria/galeria/jquery.fancybox.js?v=2.1.5 HTTP/1.1" 200 48706
192.168.175.104 - - [18/Jan/2018:01:04:06 -0500] "GET / HTTP/1.1" 200 9990
186.154.36.108 - - [18/Jan/2018:01:04:08 -0500] "GET /galeria/nivo-slider/demo/images/caracolafricano2017.jpg HTTP/1.1" 200 222132
181.49.82.107 - - [18/Jan/2018:01:04:14 -0500] "GET /galeria/galeria/jquery.fancybox.js?v=2.1.5 HTTP/1.1" 200 48706
181.49.82.107 - - [18/Jan/2018:01:04:14 -0500] "GET /galeria/galeria/jquery.fancybox.css?v=2.1.5 HTTP/1.1" 200 4895
181.49.82.107 - - [18/Jan/2018:01:04:14 -0500] "GET /BLA/boletinlegal/js/jquery.scrollShow.js HTTP/1.1" 200 4586
186.154.36.108 - - [18/Jan/2018:01:04:18 -0500] "GET /galeria/nivo-slider/demo/images/caracolafricano2017.jpg HTTP/1.1" 200 222132
201.245.192.253 - - [18/Jan/2018:01:03:51 -0500] "POST /kwsrmcab/Wsrmcab HTTP/1.1" 200 19279
66.249.64.93 - - [18/Jan/2018:01:04:52 -0500] "GET /POT-2013/index.php?dir=Articulado/&sort=name&order=desc HTTP/1.1" 200 1856
35.190.203.87 - - [18/Jan/2018:01:04:58 -0500] "-" 408 -
84.232.181.3 - - [18/Jan/2018:01:05:03 -0500] "GET /test/wp-admin/ HTTP/1.1" 404 1018
216.244.66.250 - - [18/Jan/2018:01:05:04 -0500] "GET / HTTP/1.1" 200 9990
200.119.56.112 - - [18/Jan/2018:01:05:34 -0500] "GET /galeria/galeria/jquery.fancybox.css?v=2.1.5 HTTP/1.1" 200 4895
200.119.56.112 - - [18/Jan/2018:01:05:34 -0500] "GET /BLA/boletinlegal/js/jquery.scrollShow.js HTTP/1.1" 200 4586
200.119.56.112 - - [18/Jan/2018:01:05:34 -0500] "GET /galeria/galeria/jquery.fancybox.js?v=2.1.5 HTTP/1.1" 200 48706
200.119.56.112 - - [18/Jan/2018:01:05:36 -0500] "GET /BLA/boletinlegal/js/jquery.scrollShow.js HTTP/1.1" 304 -
200.119.56.112 - - [18/Jan/2018:01:05:36 -0500] "GET /galeria/galeria/jquery.fancybox.css?v=2.1.5 HTTP/1.1" 304 -
200.119.56.112 - - [18/Jan/2018:01:05:36 -0500] "GET /galeria/galeria/jquery.fancybox.js?v=2.1.5 HTTP/1.1" 304 -
35.189.215.158 - - [18/Jan/2018:01:05:58 -0500] "-" 408 -
216.244.66.244 - - [18/Jan/2018:01:06:13 -0500] "GET /robots.txt HTTP/1.1" 404 1015
192.168.175.104 - - [18/Jan/2018:01:06:19 -0500] "GET / HTTP/1.0" 200 9990
186.154.36.108 - - [18/Jan/2018:01:06:38 -0500] "GET /galeria/nivo-slider/demo/images/caracolafricano2017.jpg HTTP/1.1" 200 222132
69.162.124.233 - - [18/Jan/2018:01:06:40 -0500] "HEAD / HTTP/1.1" 200 -
186.154.36.108 - - [18/Jan/2018:01:06:48 -0500] "GET /galeria/nivo-slider/demo/images/caracolafricano2017.jpg HTTP/1.1" 200 222132
192.168.175.104 - - [18/Jan/2018:01:07:04 -0500] "GET / HTTP/1.1" 200 9990
35.187.52.64 - - [18/Jan/2018:01:07:07 -0500] "-" 408 -
35.189.218.56 - - [18/Jan/2018:01:08:02 -0500] "-" 408 -
192.168.175.104 - - [18/Jan/2018:01:09:04 -0500] "GET / HTTP/1.1" 200 9990
186.154.36.108 - - [18/Jan/2018:01:09:08 -0500] "GET /galeria/nivo-slider/demo/images/caracolafricano2017.jpg HTTP/1.1" 200 222132
66.249.64.31 - - [18/Jan/2018:01:09:15 -0500] "GET /galeria/nivo-slider/demo/images/actividades.jpg HTTP/1.1" 200 2124075
186.154.36.108 - - [18/Jan/2018:01:09:18 -0500] "GET /galeria/nivo-slider/demo/images/caracolafricano2017.jpg HTTP/1.1" 200 222132
66.249.64.129 - - [18/Jan/2018:01:09:19 -0500] "GET /BLA/resoluciones/RESOLUCIONES%202007/RES%202007%20401%20AL%20500/RESOLUCION%200431%20DE%202007.pdf HTTP/1.1" 304 -
54.36.148.113 - - [18/Jan/2018:01:09:21 -0500] "GET /BLA/resoluciones/RESOLUCIONES%202003/RES%202003%20151-200/2003RES190.tif HTTP/1.1" 200 92852
186.87.26.209 - - [18/Jan/2018:01:10:38 -0500] "POST /sipse/faces/presentacion/financiero/solicitudProceso/consultarSolicitudProceso.xhtml HTTP/1.1" 200 21859
186.87.26.209 - - [18/Jan/2018:01:10:39 -0500] "GET /sipse/js/disable_browser_buttons.js HTTP/1.1" 304 -
186.87.26.209 - - [18/Jan/2018:01:10:39 -0500] "GET /sipse/css/custom_css_sg.css HTTP/1.1" 304 -
186.87.26.209 - - [18/Jan/2018:01:10:39 -0500] "GET /sipse/css/custom_css_sg_prime.css HTTP/1.1" 304 -
186.87.26.209 - - [18/Jan/2018:01:10:39 -0500] "GET /sipse/faces/javax.faces.resource/theme.css?ln=primefaces-sipse HTTP/1.1" 304 -
186.87.26.209 - - [18/Jan/2018:01:10:39 -0500] "GET /sipse/faces/javax.faces.resource/primefaces.css?ln=primefaces&v=4.0 HTTP/1.1" 304 -
186.87.26.209 - - [18/Jan/2018:01:10:39 -0500] "GET /sipse/js/jquery.min.js HTTP/1.1" 304 -
186.87.26.209 - - [18/Jan/2018:01:10:39 -0500] "GET /sipse/faces/javax.faces.resource/layout/layout.css?ln=primefaces&v=4.0 HTTP/1.1" 304 -
186.87.26.209 - - [18/Jan/2018:01:10:39 -0500] "GET /sipse/faces/javax.faces.resource/fileupload/fileupload.css?ln=primefaces&v=4.0 HTTP/1.1" 200 1330
186.87.26.209 - - [18/Jan/2018:01:10:39 -0500] "GET /sipse/js/funciones.js HTTP/1.1" 304 -
186.87.26.209 - - [18/Jan/2018:01:10:39 -0500] "GET /sipse/faces/javax.faces.resource/primefaces.js?ln=primefaces&v=4.0 HTTP/1.1" 304 -
186.87.26.209 - - [18/Jan/2018:01:10:39 -0500] "GET /sipse/faces/javax.faces.resource/jquery/jquery.js?ln=primefaces&v=4.0 HTTP/1.1" 304 -
186.87.26.209 - - [18/Jan/2018:01:10:39 -0500] "GET /sipse/faces/javax.faces.resource/jquery/jquery-plugins.js?ln=primefaces&v=4.0 HTTP/1.1" 304 -
186.87.26.209 - - [18/Jan/2018:01:10:39 -0500] "GET /sipse/faces/javax.faces.resource/layout/layout.js?ln=primefaces&v=4.0 HTTP/1.1" 304 -
186.87.26.209 - - [18/Jan/2018:01:10:39 -0500] "GET /sipse/faces/javax.faces.resource/fileupload/fileupload.js?ln=primefaces&v=4.0 HTTP/1.1" 200 28091
186.87.26.209 - - [18/Jan/2018:01:10:39 -0500] "GET /sipse/imagenes/cargando.gif HTTP/1.1" 304 -
186.87.26.209 - - [18/Jan/2018:01:10:39 -0500] "GET /sipse/css/imagen/logoSDG.png HTTP/1.1" 304 -
186.87.26.209 - - [18/Jan/2018:01:10:39 -0500] "GET /sipse/css/imagen/contrasena.png HTTP/1.1" 404 383
66.249.64.159 - - [18/Jan/2018:01:10:48 -0500] "GET /siipev/Diseno%20de%20Elementos%20de%20Mobiliario%20Urbano/Diseno%20pertenecientes%20al%20mobiliario%20urbano%20M10-M160/PARTE%20A/Dise%C3%B1o%20de%20Elementos%20M-121.pdf HTTP/1.1" 200 947242
186.87.26.209 - - [18/Jan/2018:01:10:48 -0500] "POST /sipse/faces/presentacion/sistema/anexos/cargarAnexoSolicitudProceso.xhtml HTTP/1.1" 200 156340
186.87.26.209 - - [18/Jan/2018:01:10:51 -0500] "GET /sipse/faces/javax.faces.resource/theme.css?ln=primefaces-sipse HTTP/1.1" 304 -
186.87.26.209 - - [18/Jan/2018:01:10:51 -0500] "GET /sipse/faces/javax.faces.resource/primefaces.css?ln=primefaces&v=4.0 HTTP/1.1" 304 -
186.87.26.209 - - [18/Jan/2018:01:10:51 -0500] "GET /sipse/faces/javax.faces.resource/layout/layout.css?ln=primefaces&v=4.0 HTTP/1.1" 304 -
186.87.26.209 - - [18/Jan/2018:01:10:51 -0500] "GET /sipse/faces/javax.faces.resource/jquery/jquery-plugins.js?ln=primefaces&v=4.0 HTTP/1.1" 304 -
186.87.26.209 - - [18/Jan/2018:01:10:51 -0500] "GET /sipse/faces/javax.faces.resource/jquery/jquery.js?ln=primefaces&v=4.0 HTTP/1.1" 304 -
186.87.26.209 - - [18/Jan/2018:01:10:51 -0500] "GET /sipse/faces/javax.faces.resource/primefaces.js?ln=primefaces&v=4.0 HTTP/1.1" 304 -
186.87.26.209 - - [18/Jan/2018:01:10:51 -0500] "GET /sipse/faces/javax.faces.resource/spacer/dot_clear.gif?ln=primefaces&v=4.0 HTTP/1.1" 304 -
186.87.26.209 - - [18/Jan/2018:01:10:51 -0500] "GET /sipse/faces/javax.faces.resource/layout/layout.js?ln=primefaces&v=4.0 HTTP/1.1" 304 -
186.87.26.209 - - [18/Jan/2018:01:10:52 -0500] "GET /sipse/css/imagen/contrasena.png HTTP/1.1" 404 383
186.87.26.209 - - [18/Jan/2018:01:10:52 -0500] "GET /reportes_sipse/sdg/ServletReporte?reporte=memo_viabilidad&solicitud=3426&viabilidad=3080&pfdrid_c=false HTTP/1.1" 200 58229
35.190.201.122 - - [18/Jan/2018:01:11:09 -0500] "-" 408 -
192.168.175.104 - - [18/Jan/2018:01:11:17 -0500] "GET / HTTP/1.0" 200 9990
186.87.26.209 - - [18/Jan/2018:01:11:37 -0500] "POST /sipse/faces/presentacion/financiero/solicitudProceso/consultarSolicitudProceso.xhtml HTTP/1.1" 200 62398
186.87.26.209 - - [18/Jan/2018:01:11:37 -0500] "GET /sipse/faces/javax.faces.resource/theme.css?ln=primefaces-sipse HTTP/1.1" 304 -
186.87.26.209 - - [18/Jan/2018:01:11:37 -0500] "GET /sipse/faces/javax.faces.resource/layout/layout.css?ln=primefaces&v=4.0 HTTP/1.1" 304 -
186.87.26.209 - - [18/Jan/2018:01:11:37 -0500] "GET /sipse/faces/javax.faces.resource/primefaces.css?ln=primefaces&v=4.0 HTTP/1.1" 304 -
186.87.26.209 - - [18/Jan/2018:01:11:37 -0500] "GET /sipse/faces/javax.faces.resource/jquery/jquery.js?ln=primefaces&v=4.0 HTTP/1.1" 304 -
186.87.26.209 - - [18/Jan/2018:01:11:37 -0500] "GET /sipse/faces/javax.faces.resource/jquery/jquery-plugins.js?ln=primefaces&v=4.0 HTTP/1.1" 304 -
186.154.36.108 - - [18/Jan/2018:01:11:38 -0500] "GET /galeria/nivo-slider/demo/images/caracolafricano2017.jpg HTTP/1.1" 200 222132
186.87.26.209 - - [18/Jan/2018:01:11:38 -0500] "GET /sipse/faces/javax.faces.resource/primefaces.js?ln=primefaces&v=4.0 HTTP/1.1" 304 -
186.87.26.209 - - [18/Jan/2018:01:11:38 -0500] "GET /sipse/faces/javax.faces.resource/layout/layout.js?ln=primefaces&v=4.0 HTTP/1.1" 304 -
186.87.26.209 - - [18/Jan/2018:01:11:38 -0500] "GET /sipse/css/imagen/contrasena.png HTTP/1.1" 404 383
186.87.26.209 - - [18/Jan/2018:01:11:39 -0500] "POST /sipse/faces/presentacion/financiero/solicitudProceso/listarSolicitudProceso.xhtml HTTP/1.1" 200 1448
69.162.124.233 - - [18/Jan/2018:01:11:40 -0500] "HEAD / HTTP/1.1" 200 -
186.87.26.209 - - [18/Jan/2018:01:11:42 -0500] "POST /sipse/faces/presentacion/financiero/solicitudProceso/listarSolicitudProceso.xhtml HTTP/1.1" 200 30872
186.87.26.209 - - [18/Jan/2018:01:11:42 -0500] "POST /sipse/faces/presentacion/financiero/solicitudProceso/listarSolicitudProceso.xhtml HTTP/1.1" 200 30872
186.87.26.209 - - [18/Jan/2018:01:11:43 -0500] "POST /sipse/faces/presentacion/financiero/solicitudProceso/listarSolicitudProceso.xhtml HTTP/1.1" 200 25580
186.87.26.209 - - [18/Jan/2018:01:11:44 -0500] "POST /sipse/faces/presentacion/financiero/solicitudProceso/listarSolicitudProceso.xhtml HTTP/1.1" 200 5526
186.154.36.108 - - [18/Jan/2018:01:11:48 -0500] "GET /galeria/nivo-slider/demo/images/caracolafricano2017.jpg HTTP/1.1" 200 222132
186.87.26.209 - - [18/Jan/2018:01:11:48 -0500] "POST /sipse/faces/presentacion/financiero/solicitudProceso/listarSolicitudProceso.xhtml HTTP/1.1" 200 118318
186.87.26.209 - - [18/Jan/2018:01:11:48 -0500] "GET /sipse/faces/javax.faces.resource/theme.css?ln=primefaces-sipse HTTP/1.1" 304 -
186.87.26.209 - - [18/Jan/2018:01:11:48 -0500] "GET /sipse/faces/javax.faces.resource/primefaces.css?ln=primefaces&v=4.0 HTTP/1.1" 304 -
186.87.26.209 - - [18/Jan/2018:01:11:48 -0500] "GET /sipse/faces/javax.faces.resource/layout/layout.css?ln=primefaces&v=4.0 HTTP/1.1" 304 -
186.87.26.209 - - [18/Jan/2018:01:11:48 -0500] "GET /sipse/faces/javax.faces.resource/jquery/jquery.js?ln=primefaces&v=4.0 HTTP/1.1" 304 -
186.87.26.209 - - [18/Jan/2018:01:11:48 -0500] "GET /sipse/faces/javax.faces.resource/jquery/jquery-plugins.js?ln=primefaces&v=4.0 HTTP/1.1" 304 -
186.87.26.209 - - [18/Jan/2018:01:11:49 -0500] "GET /sipse/faces/javax.faces.resource/primefaces.js?ln=primefaces&v=4.0 HTTP/1.1" 304 -
186.87.26.209 - - [18/Jan/2018:01:11:49 -0500] "GET /sipse/faces/javax.faces.resource/layout/layout.js?ln=primefaces&v=4.0 HTTP/1.1" 304 -
186.87.26.209 - - [18/Jan/2018:01:11:49 -0500] "GET /sipse/css/imagen/contrasena.png HTTP/1.1" 404 383
186.87.26.209 - - [18/Jan/2018:01:11:49 -0500] "GET /reportes_sipse/sdg/ServletReporte?reporte=memo_viabilidad&solicitud=3426&viabilidad=3080&pfdrid_c=false HTTP/1.1" 200 58229
186.87.26.209 - - [18/Jan/2018:01:11:58 -0500] "POST /sipse/faces/presentacion/financiero/solicitudProceso/consultarSolicitudProceso.xhtml HTTP/1.1" 200 37085
186.87.26.209 - - [18/Jan/2018:01:11:58 -0500] "GET /sipse/faces/javax.faces.resource/theme.css?ln=primefaces-sipse HTTP/1.1" 304 -
186.87.26.209 - - [18/Jan/2018:01:11:58 -0500] "GET /sipse/faces/javax.faces.resource/primefaces.css?ln=primefaces&v=4.0 HTTP/1.1" 304 -
186.87.26.209 - - [18/Jan/2018:01:11:58 -0500] "GET /sipse/faces/javax.faces.resource/layout/layout.css?ln=primefaces&v=4.0 HTTP/1.1" 304 -
186.87.26.209 - - [18/Jan/2018:01:11:58 -0500] "GET /sipse/faces/javax.faces.resource/jquery/jquery.js?ln=primefaces&v=4.0 HTTP/1.1" 304 -
186.87.26.209 - - [18/Jan/2018:01:11:58 -0500] "GET /sipse/faces/javax.faces.resource/jquery/jquery-plugins.js?ln=primefaces&v=4.0 HTTP/1.1" 304 -
186.87.26.209 - - [18/Jan/2018:01:11:59 -0500] "GET /sipse/faces/javax.faces.resource/primefaces.js?ln=primefaces&v=4.0 HTTP/1.1" 304 -
186.87.26.209 - - [18/Jan/2018:01:11:59 -0500] "GET /sipse/faces/javax.faces.resource/layout/layout.js?ln=primefaces&v=4.0 HTTP/1.1" 304 -
186.87.26.209 - - [18/Jan/2018:01:11:59 -0500] "GET /sipse/css/imagen/contrasena.png HTTP/1.1" 404 383
186.87.26.209 - - [18/Jan/2018:01:11:59 -0500] "POST /sipse/faces/presentacion/financiero/solicitudProceso/listarSolicitudProceso.xhtml HTTP/1.1" 200 30450
186.87.26.209 - - [18/Jan/2018:01:11:59 -0500] "POST /sipse/faces/presentacion/financiero/solicitudProceso/listarSolicitudProceso.xhtml HTTP/1.1" 200 30450
186.87.26.209 - - [18/Jan/2018:01:11:59 -0500] "POST /sipse/faces/presentacion/financiero/solicitudProceso/listarSolicitudProceso.xhtml HTTP/1.1" 200 1340
186.87.26.209 - - [18/Jan/2018:01:12:00 -0500] "POST /sipse/faces/presentacion/financiero/solicitudProceso/listarSolicitudProceso.xhtml HTTP/1.1" 200 1340
186.87.26.209 - - [18/Jan/2018:01:12:01 -0500] "POST /sipse/faces/presentacion/financiero/solicitudProceso/listarSolicitudProceso.xhtml HTTP/1.1" 200 1344
192.168.175.104 - - [18/Jan/2018:01:12:03 -0500] "GET / HTTP/1.1" 200 9990
186.87.26.209 - - [18/Jan/2018:01:12:04 -0500] "POST /sipse/faces/presentacion/financiero/solicitudProceso/listarSolicitudProceso.xhtml HTTP/1.1" 200 30695
186.87.26.209 - - [18/Jan/2018:01:12:04 -0500] "POST /sipse/faces/presentacion/financiero/solicitudProceso/listarSolicitudProceso.xhtml HTTP/1.1" 200 30695
186.87.26.209 - - [18/Jan/2018:01:12:05 -0500] "POST /sipse/faces/presentacion/financiero/solicitudProceso/listarSolicitudProceso.xhtml HTTP/1.1" 200 30876
186.87.26.209 - - [18/Jan/2018:01:12:06 -0500] "POST /sipse/faces/presentacion/financiero/solicitudProceso/listarSolicitudProceso.xhtml HTTP/1.1" 200 25576
186.87.26.209 - - [18/Jan/2018:01:12:07 -0500] "POST /sipse/faces/presentacion/financiero/solicitudProceso/listarSolicitudProceso.xhtml HTTP/1.1" 200 5522
186.87.26.209 - - [18/Jan/2018:01:12:11 -0500] "POST /sipse/faces/presentacion/financiero/solicitudProceso/listarSolicitudProceso.xhtml HTTP/1.1" 200 116548
186.87.26.209 - - [18/Jan/2018:01:12:12 -0500] "GET /sipse/faces/javax.faces.resource/theme.css?ln=primefaces-sipse HTTP/1.1" 304 -
186.87.26.209 - - [18/Jan/2018:01:12:12 -0500] "GET /sipse/faces/javax.faces.resource/layout/layout.css?ln=primefaces&v=4.0 HTTP/1.1" 304 -
186.87.26.209 - - [18/Jan/2018:01:12:12 -0500] "GET /sipse/faces/javax.faces.resource/primefaces.css?ln=primefaces&v=4.0 HTTP/1.1" 304 -
186.87.26.209 - - [18/Jan/2018:01:12:12 -0500] "GET /sipse/faces/javax.faces.resource/jquery/jquery.js?ln=primefaces&v=4.0 HTTP/1.1" 304 -
186.87.26.209 - - [18/Jan/2018:01:12:12 -0500] "GET /sipse/faces/javax.faces.resource/jquery/jquery-plugins.js?ln=primefaces&v=4.0 HTTP/1.1" 304 -
186.87.26.209 - - [18/Jan/2018:01:12:12 -0500] "GET /sipse/faces/javax.faces.resource/primefaces.js?ln=primefaces&v=4.0 HTTP/1.1" 304 -
186.87.26.209 - - [18/Jan/2018:01:12:12 -0500] "GET /sipse/faces/javax.faces.resource/layout/layout.js?ln=primefaces&v=4.0 HTTP/1.1" 304 -
35.187.96.204 - - [18/Jan/2018:01:12:12 -0500] "-" 408 -
186.87.26.209 - - [18/Jan/2018:01:12:12 -0500] "GET /sipse/css/imagen/contrasena.png HTTP/1.1" 404 383
186.87.26.209 - - [18/Jan/2018:01:12:12 -0500] "GET /reportes_sipse/sdg/ServletReporte?reporte=memo_viabilidad&solicitud=3426&viabilidad=3080&pfdrid_c=false HTTP/1.1" 200 58229
186.87.26.209 - - [18/Jan/2018:01:12:16 -0500] "POST /sipse/faces/presentacion/financiero/solicitudProceso/consultarSolicitudProceso.xhtml HTTP/1.1" 200 35725
186.87.26.209 - - [18/Jan/2018:01:12:16 -0500] "GET /sipse/faces/javax.faces.resource/primefaces.css?ln=primefaces&v=4.0 HTTP/1.1" 304 -
186.87.26.209 - - [18/Jan/2018:01:12:16 -0500] "GET /sipse/faces/javax.faces.resource/layout/layout.css?ln=primefaces&v=4.0 HTTP/1.1" 304 -
186.87.26.209 - - [18/Jan/2018:01:12:16 -0500] "GET /sipse/faces/javax.faces.resource/theme.css?ln=primefaces-sipse HTTP/1.1" 304 -
186.87.26.209 - - [18/Jan/2018:01:12:16 -0500] "GET /sipse/faces/javax.faces.resource/jquery/jquery.js?ln=primefaces&v=4.0 HTTP/1.1" 304 -
186.87.26.209 - - [18/Jan/2018:01:12:16 -0500] "GET /sipse/faces/javax.faces.resource/jquery/jquery-plugins.js?ln=primefaces&v=4.0 HTTP/1.1" 304 -
186.87.26.209 - - [18/Jan/2018:01:12:16 -0500] "GET /sipse/faces/javax.faces.resource/primefaces.js?ln=primefaces&v=4.0 HTTP/1.1" 304 -
186.87.26.209 - - [18/Jan/2018:01:12:16 -0500] "GET /sipse/faces/javax.faces.resource/layout/layout.js?ln=primefaces&v=4.0 HTTP/1.1" 304 -
186.87.26.209 - - [18/Jan/2018:01:12:16 -0500] "GET /sipse/css/imagen/contrasena.png HTTP/1.1" 404 383
186.87.26.209 - - [18/Jan/2018:01:13:15 -0500] "POST /sipse/faces/presentacion/financiero/solicitudProceso/consultarHistorialSolProceso.xhtml HTTP/1.1" 200 154570
186.87.26.209 - - [18/Jan/2018:01:13:16 -0500] "GET /sipse/faces/javax.faces.resource/theme.css?ln=primefaces-sipse HTTP/1.1" 304 -
186.87.26.209 - - [18/Jan/2018:01:13:16 -0500] "GET /sipse/faces/javax.faces.resource/primefaces.css?ln=primefaces&v=4.0 HTTP/1.1" 304 -
186.87.26.209 - - [18/Jan/2018:01:13:16 -0500] "GET /sipse/faces/javax.faces.resource/jquery/jquery.js?ln=primefaces&v=4.0 HTTP/1.1" 304 -
186.87.26.209 - - [18/Jan/2018:01:13:16 -0500] "GET /sipse/faces/javax.faces.resource/layout/layout.css?ln=primefaces&v=4.0 HTTP/1.1" 304 -
186.87.26.209 - - [18/Jan/2018:01:13:16 -0500] "GET /sipse/faces/javax.faces.resource/jquery/jquery-plugins.js?ln=primefaces&v=4.0 HTTP/1.1" 304 -
186.87.26.209 - - [18/Jan/2018:01:13:16 -0500] "GET /sipse/faces/javax.faces.resource/primefaces.js?ln=primefaces&v=4.0 HTTP/1.1" 304 -
186.87.26.209 - - [18/Jan/2018:01:13:16 -0500] "GET /sipse/faces/javax.faces.resource/layout/layout.js?ln=primefaces&v=4.0 HTTP/1.1" 304 -
186.87.26.209 - - [18/Jan/2018:01:13:16 -0500] "GET /sipse/faces/javax.faces.resource/spacer/dot_clear.gif?ln=primefaces&v=4.0 HTTP/1.1" 304 -
186.87.26.209 - - [18/Jan/2018:01:13:16 -0500] "GET /sipse/css/imagen/contrasena.png HTTP/1.1" 404 383
186.87.26.209 - - [18/Jan/2018:01:13:16 -0500] "GET /reportes_sipse/sdg/ServletReporte?reporte=memo_viabilidad&solicitud=3426&viabilidad=3080&pfdrid_c=false HTTP/1.1" 200 58229
35.190.207.132 - - [18/Jan/2018:01:13:22 -0500] "-" 408 -
186.87.26.209 - - [18/Jan/2018:01:13:22 -0500] "POST /sipse/faces/presentacion/financiero/solicitudProceso/consultarSolicitudProceso.xhtml HTTP/1.1" 200 499078
201.245.192.253 - - [18/Jan/2018:01:13:14 -0500] "POST /kwsrmcab/Wsrmcab HTTP/1.1" 200 27048
84.232.181.3 - - [18/Jan/2018:01:13:54 -0500] "GET /wordpress/wp-admin/ HTTP/1.1" 404 1018
192.168.175.104 - - [18/Jan/2018:01:14:03 -0500] "GET / HTTP/1.1" 200 9990
186.154.36.108 - - [18/Jan/2018:01:14:08 -0500] "GET /galeria/nivo-slider/demo/images/caracolafricano2017.jpg HTTP/1.1" 200 222132
186.154.36.108 - - [18/Jan/2018:01:14:18 -0500] "GET /galeria/nivo-slider/demo/images/caracolafricano2017.jpg HTTP/1.1" 200 222132
62.210.189.51 - - [18/Jan/2018:01:14:20 -0500] "GET / HTTP/1.1" 200 9990
186.154.33.108 - - [18/Jan/2018:01:14:58 -0500] "GET /galeria/galeria/jquery.fancybox.css?v=2.1.5 HTTP/1.1" 200 4895
186.154.33.108 - - [18/Jan/2018:01:14:58 -0500] "GET /BLA/boletinlegal/js/jquery.scrollShow.js HTTP/1.1" 200 4586
186.154.33.108 - - [18/Jan/2018:01:14:58 -0500] "GET /galeria/galeria/jquery.fancybox.js?v=2.1.5 HTTP/1.1" 200 48706
35.190.203.87 - - [18/Jan/2018:01:15:17 -0500] "-" 408 -
192.168.175.104 - - [18/Jan/2018:01:16:15 -0500] "GET / HTTP/1.0" 200 9990
35.189.215.158 - - [18/Jan/2018:01:16:25 -0500] "-" 408 -
186.154.36.108 - - [18/Jan/2018:01:16:38 -0500] "GET /galeria/nivo-slider/demo/images/caracolafricano2017.jpg HTTP/1.1" 200 222132
69.162.124.233 - - [18/Jan/2018:01:16:40 -0500] "HEAD / HTTP/1.1" 200 -
186.154.36.108 - - [18/Jan/2018:01:16:48 -0500] "GET /galeria/nivo-slider/demo/images/caracolafricano2017.jpg HTTP/1.1" 200 222132
168.235.93.142 - - [18/Jan/2018:01:16:56 -0500] "GET / HTTP/1.1" 200 9990
192.168.175.104 - - [18/Jan/2018:01:17:00 -0500] "GET / HTTP/1.1" 200 9990
35.189.215.158 - - [18/Jan/2018:01:17:28 -0500] "-" 408 -
35.187.34.70 - - [18/Jan/2018:01:18:31 -0500] "-" 408 -
66.249.64.157 - - [18/Jan/2018:01:18:57 -0500] "GET /BLA/resoluciones/AUTOS%202017/1911.pdf HTTP/1.1" 200 282886
192.168.175.104 - - [18/Jan/2018:01:19:00 -0500] "GET / HTTP/1.1" 200 9990
66.249.64.157 - - [18/Jan/2018:01:19:03 -0500] "GET /siipev/Diseno%20de%20Elementos%20de%20Mobiliario%20Urbano/Diseno%20pertenecientes%20al%20mobiliario%20urbano%20M10-M160/PARTE%20A/Dise%C3%B1o%20de%20Elementos%20M-100.pdf HTTP/1.1" 200 650466
186.154.36.108 - - [18/Jan/2018:01:19:08 -0500] "GET /galeria/nivo-slider/demo/images/caracolafricano2017.jpg HTTP/1.1" 200 222132
186.154.36.108 - - [18/Jan/2018:01:19:18 -0500] "GET /galeria/nivo-slider/demo/images/caracolafricano2017.jpg HTTP/1.1" 200 222132
187.193.194.90 - - [18/Jan/2018:01:20:27 -0500] "GET /galeria/galeria/jquery.fancybox.css?v=2.1.5 HTTP/1.1" 200 4895
187.193.194.90 - - [18/Jan/2018:01:20:27 -0500] "GET /BLA/boletinlegal/js/jquery.scrollShow.js HTTP/1.1" 200 4586
187.193.194.90 - - [18/Jan/2018:01:20:27 -0500] "GET /galeria/galeria/jquery.fancybox.js?v=2.1.5 HTTP/1.1" 200 48706
192.168.175.104 - - [18/Jan/2018:01:21:13 -0500] "GET / HTTP/1.0" 200 9990
35.187.52.64 - - [18/Jan/2018:01:21:36 -0500] "-" 408 -
186.154.36.108 - - [18/Jan/2018:01:21:38 -0500] "GET /galeria/nivo-slider/demo/images/caracolafricano2017.jpg HTTP/1.1" 200 222132
69.162.124.233 - - [18/Jan/2018:01:21:40 -0500] "HEAD / HTTP/1.1" 200 -
186.154.36.108 - - [18/Jan/2018:01:21:48 -0500] "GET /galeria/nivo-slider/demo/images/caracolafricano2017.jpg HTTP/1.1" 200 222132
192.168.175.104 - - [18/Jan/2018:01:21:57 -0500] "GET / HTTP/1.1" 200 9990
186.87.26.209 - - [18/Jan/2018:01:22:29 -0500] "POST /sipse/faces/presentacion/financiero/solicitudProceso/consultarSolicitudProceso.xhtml HTTP/1.1" 200 21859
186.87.26.209 - - [18/Jan/2018:01:22:30 -0500] "GET /sipse/js/disable_browser_buttons.js HTTP/1.1" 304 -
186.87.26.209 - - [18/Jan/2018:01:22:30 -0500] "GET /sipse/css/custom_css_sg.css HTTP/1.1" 304 -
186.87.26.209 - - [18/Jan/2018:01:22:30 -0500] "GET /sipse/css/custom_css_sg_prime.css HTTP/1.1" 304 -
186.87.26.209 - - [18/Jan/2018:01:22:30 -0500] "GET /sipse/faces/javax.faces.resource/theme.css?ln=primefaces-sipse HTTP/1.1" 304 -
186.87.26.209 - - [18/Jan/2018:01:22:30 -0500] "GET /sipse/faces/javax.faces.resource/primefaces.css?ln=primefaces&v=4.0 HTTP/1.1" 304 -
186.87.26.209 - - [18/Jan/2018:01:22:30 -0500] "GET /sipse/faces/javax.faces.resource/layout/layout.css?ln=primefaces&v=4.0 HTTP/1.1" 304 -
186.87.26.209 - - [18/Jan/2018:01:22:30 -0500] "GET /sipse/faces/javax.faces.resource/fileupload/fileupload.css?ln=primefaces&v=4.0 HTTP/1.1" 304 -
186.87.26.209 - - [18/Jan/2018:01:22:30 -0500] "GET /sipse/js/jquery.min.js HTTP/1.1" 304 -
186.87.26.209 - - [18/Jan/2018:01:22:30 -0500] "GET /sipse/js/funciones.js HTTP/1.1" 304 -
186.87.26.209 - - [18/Jan/2018:01:22:30 -0500] "GET /sipse/faces/javax.faces.resource/jquery/jquery.js?ln=primefaces&v=4.0 HTTP/1.1" 304 -
186.87.26.209 - - [18/Jan/2018:01:22:30 -0500] "GET /sipse/faces/javax.faces.resource/jquery/jquery-plugins.js?ln=primefaces&v=4.0 HTTP/1.1" 304 -
186.87.26.209 - - [18/Jan/2018:01:22:30 -0500] "GET /sipse/faces/javax.faces.resource/primefaces.js?ln=primefaces&v=4.0 HTTP/1.1" 304 -
186.87.26.209 - - [18/Jan/2018:01:22:30 -0500] "GET /sipse/faces/javax.faces.resource/layout/layout.js?ln=primefaces&v=4.0 HTTP/1.1" 304 -
186.87.26.209 - - [18/Jan/2018:01:22:30 -0500] "GET /sipse/faces/javax.faces.resource/fileupload/fileupload.js?ln=primefaces&v=4.0 HTTP/1.1" 304 -
186.87.26.209 - - [18/Jan/2018:01:22:30 -0500] "GET /sipse/imagenes/cargando.gif HTTP/1.1" 304 -
186.87.26.209 - - [18/Jan/2018:01:22:30 -0500] "GET /sipse/css/imagen/contrasena.png HTTP/1.1" 404 383
186.87.26.209 - - [18/Jan/2018:01:22:30 -0500] "GET /sipse/css/imagen/logoSDG.png HTTP/1.1" 304 -
186.87.26.209 - - [18/Jan/2018:01:22:36 -0500] "POST /sipse/faces/presentacion/sistema/anexos/cargarAnexoSolicitudProceso.xhtml HTTP/1.1" 200 156334
186.87.26.209 - - [18/Jan/2018:01:22:39 -0500] "GET /sipse/faces/javax.faces.resource/theme.css?ln=primefaces-sipse HTTP/1.1" 304 -
186.87.26.209 - - [18/Jan/2018:01:22:39 -0500] "GET /sipse/faces/javax.faces.resource/primefaces.css?ln=primefaces&v=4.0 HTTP/1.1" 304 -
186.87.26.209 - - [18/Jan/2018:01:22:39 -0500] "GET /sipse/faces/javax.faces.resource/layout/layout.css?ln=primefaces&v=4.0 HTTP/1.1" 304 -
186.87.26.209 - - [18/Jan/2018:01:22:39 -0500] "GET /sipse/faces/javax.faces.resource/jquery/jquery.js?ln=primefaces&v=4.0 HTTP/1.1" 304 -
186.87.26.209 - - [18/Jan/2018:01:22:39 -0500] "GET /sipse/faces/javax.faces.resource/jquery/jquery-plugins.js?ln=primefaces&v=4.0 HTTP/1.1" 304 -
186.87.26.209 - - [18/Jan/2018:01:22:39 -0500] "GET /sipse/faces/javax.faces.resource/primefaces.js?ln=primefaces&v=4.0 HTTP/1.1" 304 -
186.87.26.209 - - [18/Jan/2018:01:22:39 -0500] "GET /sipse/faces/javax.faces.resource/layout/layout.js?ln=primefaces&v=4.0 HTTP/1.1" 304 -
186.87.26.209 - - [18/Jan/2018:01:22:39 -0500] "GET /sipse/faces/javax.faces.resource/spacer/dot_clear.gif?ln=primefaces&v=4.0 HTTP/1.1" 304 -
186.87.26.209 - - [18/Jan/2018:01:22:39 -0500] "GET /sipse/css/imagen/contrasena.png HTTP/1.1" 404 383
186.87.26.209 - - [18/Jan/2018:01:22:40 -0500] "GET /reportes_sipse/sdg/ServletReporte?reporte=memo_viabilidad&solicitud=3426&viabilidad=3080&pfdrid_c=false HTTP/1.1" 200 58229
35.189.215.158 - - [18/Jan/2018:01:22:41 -0500] "-" 408 -
186.87.26.209 - - [18/Jan/2018:01:22:50 -0500] "POST /sipse/faces/presentacion/financiero/solicitudProceso/consultarSolicitudProceso.xhtml HTTP/1.1" 200 37085
186.87.26.209 - - [18/Jan/2018:01:22:50 -0500] "GET /sipse/faces/javax.faces.resource/primefaces.css?ln=primefaces&v=4.0 HTTP/1.1" 304 -
186.87.26.209 - - [18/Jan/2018:01:22:50 -0500] "GET /sipse/faces/javax.faces.resource/layout/layout.css?ln=primefaces&v=4.0 HTTP/1.1" 304 -
186.87.26.209 - - [18/Jan/2018:01:22:50 -0500] "GET /sipse/faces/javax.faces.resource/theme.css?ln=primefaces-sipse HTTP/1.1" 304 -
186.87.26.209 - - [18/Jan/2018:01:22:51 -0500] "GET /sipse/faces/javax.faces.resource/jquery/jquery.js?ln=primefaces&v=4.0 HTTP/1.1" 304 -
186.87.26.209 - - [18/Jan/2018:01:22:51 -0500] "GET /sipse/faces/javax.faces.resource/jquery/jquery-plugins.js?ln=primefaces&v=4.0 HTTP/1.1" 304 -
186.87.26.209 - - [18/Jan/2018:01:22:51 -0500] "GET /sipse/faces/javax.faces.resource/primefaces.js?ln=primefaces&v=4.0 HTTP/1.1" 304 -
186.87.26.209 - - [18/Jan/2018:01:22:51 -0500] "GET /sipse/faces/javax.faces.resource/layout/layout.js?ln=primefaces&v=4.0 HTTP/1.1" 304 -
186.87.26.209 - - [18/Jan/2018:01:22:52 -0500] "GET /sipse/css/imagen/contrasena.png HTTP/1.1" 404 383
