195.201.36.134 - - [09/Feb/2018:03:56:17 -0500] "GET /PruebasSTORM/StormSDA_pruebas/storm_silv/?C=M;O=D HTTP/1.1" 200 5857
69.162.124.233 - - [09/Feb/2018:03:56:19 -0500] "HEAD / HTTP/1.1" 200 -
195.201.36.134 - - [09/Feb/2018:03:56:19 -0500] "GET /PruebasSTORM/StormSDA_pruebas/storm_silv/?C=N;O=A HTTP/1.1" 200 5857
5.9.111.70 - - [09/Feb/2018:03:56:19 -0500] "GET /Anexos%20estudio%20Organizacional%20SDA/index.php?dir=ANEXO%20No.%201-%20NORMAS%20LEGALES%20DE%20ESTRUCTURA%20Y%20PLANTA/Decreto%20561%20de%202006%20-%20Establece%20estructura%20de%20la%20SDA.jsp_files/&sort=name&order=asc HTTP/1.1" 200 10435
195.201.36.134 - - [09/Feb/2018:03:56:21 -0500] "GET /PruebasSTORM/StormSDA_pruebas/storm_silv/?C=S;O=D HTTP/1.1" 200 5857
195.201.36.134 - - [09/Feb/2018:03:56:24 -0500] "GET /PruebasSTORM/StormSDA_pruebas/userFiles/?C=D;O=D HTTP/1.1" 200 5500
5.9.111.70 - - [09/Feb/2018:03:56:22 -0500] "GET /Anexos%20estudio%20Organizacional%20SDA/index.php?dir=ANEXO%20No.%201-%20NORMAS%20LEGALES%20DE%20ESTRUCTURA%20Y%20PLANTA/Decreto%20561%20de%202006%20-%20Establece%20estructura%20de%20la%20SDA.jsp_files/&sort=name&order=desc HTTP/1.1" 200 10441
195.201.36.134 - - [09/Feb/2018:03:56:26 -0500] "GET /PruebasSTORM/StormSDA_pruebas/userFiles/?C=M;O=D HTTP/1.1" 200 5500
5.9.111.70 - - [09/Feb/2018:03:56:25 -0500] "GET /Anexos%20estudio%20Organizacional%20SDA/index.php?dir=ANEXO%20No.%201-%20NORMAS%20LEGALES%20DE%20ESTRUCTURA%20Y%20PLANTA/Decreto%20561%20de%202006%20-%20Establece%20estructura%20de%20la%20SDA.jsp_files/&sort=size&order=desc HTTP/1.1" 200 10099
195.201.36.134 - - [09/Feb/2018:03:56:29 -0500] "GET /PruebasSTORM/StormSDA_pruebas/userFiles/?C=N;O=A HTTP/1.1" 200 5500
5.9.111.70 - - [09/Feb/2018:03:56:28 -0500] "GET /Anexos%20estudio%20Organizacional%20SDA/index.php?dir=ANEXO%20No.%201-%20NORMAS%20LEGALES%20DE%20ESTRUCTURA%20Y%20PLANTA/Decreto%20562%20de%202006%20-%20Establece%20planta%20de%20cargos%20de%20SDA.jsp_files/ HTTP/1.1" 200 10549
195.201.36.134 - - [09/Feb/2018:03:56:31 -0500] "GET /PruebasSTORM/StormSDA_pruebas/userFiles/?C=S;O=D HTTP/1.1" 200 5500
5.9.111.70 - - [09/Feb/2018:03:56:31 -0500] "GET /Anexos%20estudio%20Organizacional%20SDA/index.php?dir=ANEXO%20No.%201-%20NORMAS%20LEGALES%20DE%20ESTRUCTURA%20Y%20PLANTA/Decreto%20562%20de%202006%20-%20Establece%20planta%20de%20cargos%20de%20SDA.jsp_files/&sort=date&order=desc HTTP/1.1" 200 10737
195.201.36.134 - - [09/Feb/2018:03:56:33 -0500] "GET /PruebasSTORM/StormSDA_pruebas/userFiles/user_files/1/?C=D;O=D HTTP/1.1" 200 1754
195.201.36.134 - - [09/Feb/2018:03:56:35 -0500] "GET /PruebasSTORM/StormSDA_pruebas/userFiles/user_files/1/?C=M;O=D HTTP/1.1" 200 1754
35.190.201.122 - - [09/Feb/2018:03:56:35 -0500] "-" 408 -
5.9.111.70 - - [09/Feb/2018:03:56:34 -0500] "GET /Anexos%20estudio%20Organizacional%20SDA/index.php?dir=ANEXO%20No.%201-%20NORMAS%20LEGALES%20DE%20ESTRUCTURA%20Y%20PLANTA/Decreto%20562%20de%202006%20-%20Establece%20planta%20de%20cargos%20de%20SDA.jsp_files/&sort=name&order=asc HTTP/1.1" 200 10549
195.201.36.134 - - [09/Feb/2018:03:56:37 -0500] "GET /PruebasSTORM/StormSDA_pruebas/userFiles/user_files/1/?C=N;O=A HTTP/1.1" 200 1754
5.9.111.70 - - [09/Feb/2018:03:56:37 -0500] "GET /Anexos%20estudio%20Organizacional%20SDA/index.php?dir=ANEXO%20No.%201-%20NORMAS%20LEGALES%20DE%20ESTRUCTURA%20Y%20PLANTA/Decreto%20562%20de%202006%20-%20Establece%20planta%20de%20cargos%20de%20SDA.jsp_files/&sort=size&order=desc HTTP/1.1" 200 10207
195.201.36.134 - - [09/Feb/2018:03:56:39 -0500] "GET /PruebasSTORM/StormSDA_pruebas/userFiles/user_files/1/?C=S;O=D HTTP/1.1" 200 1754
195.201.36.134 - - [09/Feb/2018:03:56:41 -0500] "GET /PruebasSTORM/StormSDA_pruebas/userFiles/user_files/85/?C=D;O=D HTTP/1.1" 200 1756
5.9.111.70 - - [09/Feb/2018:03:56:41 -0500] "GET /Anexos%20estudio%20Organizacional%20SDA/index.php?dir=ANEXO%20No.%201-%20NORMAS%20LEGALES%20DE%20ESTRUCTURA%20Y%20PLANTA/Decreto%20631%20de%202007-%20Modifica%20planta%20de%20SDA.jsp_files/ HTTP/1.1" 200 10093
5.9.111.70 - - [09/Feb/2018:03:56:44 -0500] "GET /Anexos%20estudio%20Organizacional%20SDA/index.php?dir=ANEXO%20No.%201-%20NORMAS%20LEGALES%20DE%20ESTRUCTURA%20Y%20PLANTA/Decreto%20631%20de%202007-%20Modifica%20planta%20de%20SDA.jsp_files/&sort=date&order=asc HTTP/1.1" 200 10093
195.201.36.134 - - [09/Feb/2018:03:56:44 -0500] "GET /PruebasSTORM/StormSDA_pruebas/userFiles/user_files/85/?C=M;O=D HTTP/1.1" 200 1756
5.9.111.70 - - [09/Feb/2018:03:56:46 -0500] "GET /Anexos%20estudio%20Organizacional%20SDA/index.php?dir=ANEXO%20No.%201-%20NORMAS%20LEGALES%20DE%20ESTRUCTURA%20Y%20PLANTA/Decreto%20631%20de%202007-%20Modifica%20planta%20de%20SDA.jsp_files/&sort=date&order=desc HTTP/1.1" 200 10099
195.201.36.134 - - [09/Feb/2018:03:56:48 -0500] "GET /PruebasSTORM/StormSDA_pruebas/userFiles/user_files/85/?C=N;O=A HTTP/1.1" 200 1756
5.9.111.70 - - [09/Feb/2018:03:56:49 -0500] "GET /Anexos%20estudio%20Organizacional%20SDA/index.php?dir=ANEXO%20No.%201-%20NORMAS%20LEGALES%20DE%20ESTRUCTURA%20Y%20PLANTA/Decreto%20631%20de%202007-%20Modifica%20planta%20de%20SDA.jsp_files/&sort=name&order=asc HTTP/1.1" 200 10093
195.201.36.134 - - [09/Feb/2018:03:56:51 -0500] "GET /PruebasSTORM/StormSDA_pruebas/userFiles/user_files/85/?C=S;O=D HTTP/1.1" 200 1756
195.201.36.134 - - [09/Feb/2018:03:56:53 -0500] "GET /PruebasSTORM/StormSDA_pruebas/userFiles/user_files/86/?C=D;O=D HTTP/1.1" 200 1756
5.9.111.70 - - [09/Feb/2018:03:56:53 -0500] "GET /Anexos%20estudio%20Organizacional%20SDA/index.php?dir=ANEXO%20No.%201-%20NORMAS%20LEGALES%20DE%20ESTRUCTURA%20Y%20PLANTA/Decreto%20631%20de%202007-%20Modifica%20planta%20de%20SDA.jsp_files/&sort=name&order=desc HTTP/1.1" 200 10099
195.201.36.134 - - [09/Feb/2018:03:56:55 -0500] "GET /PruebasSTORM/StormSDA_pruebas/userFiles/user_files/86/?C=M;O=D HTTP/1.1" 200 1756
195.201.36.134 - - [09/Feb/2018:03:56:58 -0500] "GET /PruebasSTORM/StormSDA_pruebas/userFiles/user_files/86/?C=N;O=A HTTP/1.1" 200 1756
5.9.111.70 - - [09/Feb/2018:03:56:57 -0500] "GET /Anexos%20estudio%20Organizacional%20SDA/index.php?dir=ANEXO%20No.%201-%20NORMAS%20LEGALES%20DE%20ESTRUCTURA%20Y%20PLANTA/Decreto%20631%20de%202007-%20Modifica%20planta%20de%20SDA.jsp_files/&sort=size&order=asc HTTP/1.1" 200 10253
195.201.36.134 - - [09/Feb/2018:03:57:00 -0500] "GET /PruebasSTORM/StormSDA_pruebas/userFiles/user_files/86/?C=S;O=D HTTP/1.1" 200 1756
5.9.111.70 - - [09/Feb/2018:03:57:00 -0500] "GET /Anexos%20estudio%20Organizacional%20SDA/index.php?dir=ANEXO%20No.%201-%20NORMAS%20LEGALES%20DE%20ESTRUCTURA%20Y%20PLANTA/Decreto%20631%20de%202007-%20Modifica%20planta%20de%20SDA.jsp_files/&sort=size&order=desc HTTP/1.1" 200 9775
195.201.36.134 - - [09/Feb/2018:03:57:02 -0500] "GET /PruebasSTORM/StormSDA_pruebas/userFiles/user_files/87/?C=D;O=D HTTP/1.1" 200 1756
195.201.36.134 - - [09/Feb/2018:03:57:04 -0500] "GET /PruebasSTORM/StormSDA_pruebas/userFiles/user_files/87/?C=M;O=D HTTP/1.1" 200 1756
195.201.36.134 - - [09/Feb/2018:03:57:06 -0500] "GET /PruebasSTORM/StormSDA_pruebas/userFiles/user_files/87/?C=N;O=A HTTP/1.1" 200 1756
5.9.111.70 - - [09/Feb/2018:03:57:05 -0500] "GET /Anexos%20estudio%20Organizacional%20SDA/index.php?dir=ANEXO%20No.%201-%20NORMAS%20LEGALES%20DE%20ESTRUCTURA%20Y%20PLANTA/Decreto%20673%20de%201995%20Reestructura%20el%20DAMA_files/ HTTP/1.1" 200 9347
195.201.36.134 - - [09/Feb/2018:03:57:08 -0500] "GET /PruebasSTORM/StormSDA_pruebas/userFiles/user_files/87/?C=S;O=D HTTP/1.1" 200 1756
5.9.111.70 - - [09/Feb/2018:03:57:09 -0500] "GET /Anexos%20estudio%20Organizacional%20SDA/index.php?dir=ANEXO%20No.%201-%20NORMAS%20LEGALES%20DE%20ESTRUCTURA%20Y%20PLANTA/Decreto%20673%20de%201995%20Reestructura%20el%20DAMA_files/&sort=date&order=desc HTTP/1.1" 200 9350
195.201.36.134 - - [09/Feb/2018:03:57:11 -0500] "GET /PruebasSTORM/StormSDA_pruebas/userFiles/user_files/88/?C=D;O=D HTTP/1.1" 200 1756
5.9.111.70 - - [09/Feb/2018:03:57:12 -0500] "GET /Anexos%20estudio%20Organizacional%20SDA/index.php?dir=ANEXO%20No.%201-%20NORMAS%20LEGALES%20DE%20ESTRUCTURA%20Y%20PLANTA/Decreto%20673%20de%201995%20Reestructura%20el%20DAMA_files/&sort=name&order=asc HTTP/1.1" 200 9347
195.201.36.134 - - [09/Feb/2018:03:57:14 -0500] "GET /PruebasSTORM/StormSDA_pruebas/userFiles/user_files/88/?C=M;O=D HTTP/1.1" 200 1756
5.9.111.70 - - [09/Feb/2018:03:57:15 -0500] "GET /Anexos%20estudio%20Organizacional%20SDA/index.php?dir=ANEXO%20No.%201-%20NORMAS%20LEGALES%20DE%20ESTRUCTURA%20Y%20PLANTA/Decreto%20673%20de%201995%20Reestructura%20el%20DAMA_files/&sort=name&order=desc HTTP/1.1" 200 9354
195.201.36.134 - - [09/Feb/2018:03:57:17 -0500] "GET /PruebasSTORM/StormSDA_pruebas/userFiles/user_files/88/?C=N;O=A HTTP/1.1" 200 1756
195.201.36.134 - - [09/Feb/2018:03:57:19 -0500] "GET /PruebasSTORM/StormSDA_pruebas/userFiles/user_files/88/?C=S;O=D HTTP/1.1" 200 1756
5.9.111.70 - - [09/Feb/2018:03:57:18 -0500] "GET /Anexos%20estudio%20Organizacional%20SDA/index.php?dir=ANEXO%20No.%201-%20NORMAS%20LEGALES%20DE%20ESTRUCTURA%20Y%20PLANTA/Decreto%20673%20de%201995%20Reestructura%20el%20DAMA_files/&sort=size&order=asc HTTP/1.1" 200 9500
195.201.36.134 - - [09/Feb/2018:03:57:21 -0500] "GET /PruebasSTORM/StormSDA_pruebas/userFiles/user_files/89/?C=D;O=D HTTP/1.1" 200 1756
5.9.111.70 - - [09/Feb/2018:03:57:22 -0500] "GET /Anexos%20estudio%20Organizacional%20SDA/index.php?dir=ANEXO%20No.%201-%20NORMAS%20LEGALES%20DE%20ESTRUCTURA%20Y%20PLANTA/Decreto%20673%20de%201995%20Reestructura%20el%20DAMA_files/&sort=size&order=desc HTTP/1.1" 200 9040
195.201.36.134 - - [09/Feb/2018:03:57:23 -0500] "GET /PruebasSTORM/StormSDA_pruebas/userFiles/user_files/89/?C=M;O=D HTTP/1.1" 200 1756
195.201.36.134 - - [09/Feb/2018:03:57:25 -0500] "GET /PruebasSTORM/StormSDA_pruebas/userFiles/user_files/89/?C=N;O=A HTTP/1.1" 200 1756
5.9.111.70 - - [09/Feb/2018:03:57:25 -0500] "GET /Anexos%20estudio%20Organizacional%20SDA/index.php?dir=ANEXO%20No.%201-%20NORMAS%20LEGALES%20DE%20ESTRUCTURA%20Y%20PLANTA/Decreto%20distrital%20110%20de%202009%20-%20modifica%20planta%20de%20empleos%20SDA.jsp_files/ HTTP/1.1" 200 10815
5.9.111.70 - - [09/Feb/2018:03:57:28 -0500] "GET /Anexos%20estudio%20Organizacional%20SDA/index.php?dir=ANEXO%20No.%201-%20NORMAS%20LEGALES%20DE%20ESTRUCTURA%20Y%20PLANTA/Decreto%20distrital%20110%20de%202009%20-%20modifica%20planta%20de%20empleos%20SDA.jsp_files/&sort=date&order=asc HTTP/1.1" 200 10456
195.201.36.134 - - [09/Feb/2018:03:57:30 -0500] "GET /PruebasSTORM/StormSDA_pruebas/userFiles/user_files/89/?C=S;O=D HTTP/1.1" 200 1756
35.190.203.87 - - [09/Feb/2018:03:57:31 -0500] "-" 408 -
5.9.111.70 - - [09/Feb/2018:03:57:31 -0500] "GET /Anexos%20estudio%20Organizacional%20SDA/index.php?dir=ANEXO%20No.%201-%20NORMAS%20LEGALES%20DE%20ESTRUCTURA%20Y%20PLANTA/Decreto%20distrital%20110%20de%202009%20-%20modifica%20planta%20de%20empleos%20SDA.jsp_files/&sort=date&order=desc HTTP/1.1" 200 10817
195.201.36.134 - - [09/Feb/2018:03:57:34 -0500] "GET /PruebasSTORM/StormSDA_pruebas/userFiles/user_files/90/?C=D;O=D HTTP/1.1" 200 1756
195.201.36.134 - - [09/Feb/2018:03:57:36 -0500] "GET /PruebasSTORM/StormSDA_pruebas/userFiles/user_files/90/?C=M;O=D HTTP/1.1" 200 1756
5.9.111.70 - - [09/Feb/2018:03:57:35 -0500] "GET /Anexos%20estudio%20Organizacional%20SDA/index.php?dir=ANEXO%20No.%201-%20NORMAS%20LEGALES%20DE%20ESTRUCTURA%20Y%20PLANTA/Decreto%20distrital%20110%20de%202009%20-%20modifica%20planta%20de%20empleos%20SDA.jsp_files/&sort=name&order=asc HTTP/1.1" 200 10815
195.201.36.134 - - [09/Feb/2018:03:57:38 -0500] "GET /PruebasSTORM/StormSDA_pruebas/userFiles/user_files/90/?C=N;O=A HTTP/1.1" 200 1756
5.9.111.70 - - [09/Feb/2018:03:57:38 -0500] "GET /Anexos%20estudio%20Organizacional%20SDA/index.php?dir=ANEXO%20No.%201-%20NORMAS%20LEGALES%20DE%20ESTRUCTURA%20Y%20PLANTA/Decreto%20distrital%20110%20de%202009%20-%20modifica%20planta%20de%20empleos%20SDA.jsp_files/&sort=name&order=desc HTTP/1.1" 200 10821
195.201.36.134 - - [09/Feb/2018:03:57:40 -0500] "GET /PruebasSTORM/StormSDA_pruebas/userFiles/user_files/90/?C=S;O=D HTTP/1.1" 200 1756
195.201.36.134 - - [09/Feb/2018:03:57:42 -0500] "GET /PruebasSTORM/StormSDA_pruebas/userFiles/user_files/91/?C=D;O=D HTTP/1.1" 200 1756
5.9.111.70 - - [09/Feb/2018:03:57:41 -0500] "GET /Anexos%20estudio%20Organizacional%20SDA/index.php?dir=ANEXO%20No.%201-%20NORMAS%20LEGALES%20DE%20ESTRUCTURA%20Y%20PLANTA/Decreto%20distrital%20110%20de%202009%20-%20modifica%20planta%20de%20empleos%20SDA.jsp_files/&sort=size&order=asc HTTP/1.1" 200 10994
5.9.111.70 - - [09/Feb/2018:03:57:44 -0500] "GET /Anexos%20estudio%20Organizacional%20SDA/index.php?dir=ANEXO%20No.%201-%20NORMAS%20LEGALES%20DE%20ESTRUCTURA%20Y%20PLANTA/Decreto%20distrital%20110%20de%202009%20-%20modifica%20planta%20de%20empleos%20SDA.jsp_files/&sort=size&order=desc HTTP/1.1" 200 10459
195.201.36.134 - - [09/Feb/2018:03:57:45 -0500] "GET /PruebasSTORM/StormSDA_pruebas/userFiles/user_files/91/?C=N;O=A HTTP/1.1" 200 1756
195.201.36.134 - - [09/Feb/2018:03:57:47 -0500] "GET /PruebasSTORM/StormSDA_pruebas/userFiles/user_files/92/?C=D;O=D HTTP/1.1" 200 1756
5.9.111.70 - - [09/Feb/2018:03:57:47 -0500] "GET /Anexos%20estudio%20Organizacional%20SDA/index.php?dir=ANEXO%20No.%201-%20NORMAS%20LEGALES%20DE%20ESTRUCTURA%20Y%20PLANTA/Ley%2099%20de%201993%20-%20Crea%20MimAmbiente_files/ HTTP/1.1" 200 9115
195.201.36.134 - - [09/Feb/2018:03:57:49 -0500] "GET /PruebasSTORM/StormSDA_pruebas/userFiles/user_files/92/?C=M;O=D HTTP/1.1" 200 1756
195.201.36.134 - - [09/Feb/2018:03:57:51 -0500] "GET /PruebasSTORM/StormSDA_pruebas/userFiles/user_files/92/?C=N;O=A HTTP/1.1" 200 1756
5.9.111.70 - - [09/Feb/2018:03:57:51 -0500] "GET /Anexos%20estudio%20Organizacional%20SDA/index.php?dir=ANEXO%20No.%201-%20NORMAS%20LEGALES%20DE%20ESTRUCTURA%20Y%20PLANTA/Ley%2099%20de%201993%20-%20Crea%20MimAmbiente_files/&sort=date&order=asc HTTP/1.1" 200 10157
195.201.36.134 - - [09/Feb/2018:03:57:52 -0500] "GET /PruebasSTORM/StormSDA_pruebas/userFiles/user_files/92/?C=S;O=D HTTP/1.1" 200 1756
5.9.111.70 - - [09/Feb/2018:03:57:54 -0500] "GET /Anexos%20estudio%20Organizacional%20SDA/index.php?dir=ANEXO%20No.%201-%20NORMAS%20LEGALES%20DE%20ESTRUCTURA%20Y%20PLANTA/Ley%2099%20de%201993%20-%20Crea%20MimAmbiente_files/&sort=date&order=desc HTTP/1.1" 200 10147
195.201.36.134 - - [09/Feb/2018:03:57:55 -0500] "GET /PruebasSTORM/StormSDA_pruebas/userFiles/user_files/93/?C=D;O=D HTTP/1.1" 200 1756
195.201.36.134 - - [09/Feb/2018:03:57:57 -0500] "GET /PruebasSTORM/StormSDA_pruebas/userFiles/user_files/93/?C=M;O=D HTTP/1.1" 200 1756
5.9.111.70 - - [09/Feb/2018:03:57:57 -0500] "GET /Anexos%20estudio%20Organizacional%20SDA/index.php?dir=ANEXO%20No.%201-%20NORMAS%20LEGALES%20DE%20ESTRUCTURA%20Y%20PLANTA/Ley%2099%20de%201993%20-%20Crea%20MimAmbiente_files/&sort=name&order=asc HTTP/1.1" 200 9115
195.201.36.134 - - [09/Feb/2018:03:57:59 -0500] "GET /PruebasSTORM/StormSDA_pruebas/userFiles/user_files/93/?C=N;O=A HTTP/1.1" 200 1756
5.9.111.70 - - [09/Feb/2018:03:58:00 -0500] "GET /Anexos%20estudio%20Organizacional%20SDA/index.php?dir=ANEXO%20No.%201-%20NORMAS%20LEGALES%20DE%20ESTRUCTURA%20Y%20PLANTA/Ley%2099%20de%201993%20-%20Crea%20MimAmbiente_files/&sort=name&order=desc HTTP/1.1" 200 9692
195.201.36.134 - - [09/Feb/2018:03:58:01 -0500] "GET /PruebasSTORM/StormSDA_pruebas/userFiles/user_files/93/?C=S;O=D HTTP/1.1" 200 1756
195.201.36.134 - - [09/Feb/2018:03:58:03 -0500] "GET /PruebasSTORM/StormSDA_pruebas/userFiles/user_files/94/?C=D;O=D HTTP/1.1" 200 1756
5.9.111.70 - - [09/Feb/2018:03:58:03 -0500] "GET /Anexos%20estudio%20Organizacional%20SDA/index.php?dir=ANEXO%20No.%201-%20NORMAS%20LEGALES%20DE%20ESTRUCTURA%20Y%20PLANTA/Ley%2099%20de%201993%20-%20Crea%20MimAmbiente_files/&sort=size&order=asc HTTP/1.1" 200 10011
195.201.36.134 - - [09/Feb/2018:03:58:05 -0500] "GET /PruebasSTORM/StormSDA_pruebas/userFiles/user_files/94/?C=M;O=D HTTP/1.1" 200 1756
195.201.36.134 - - [09/Feb/2018:03:58:07 -0500] "GET /PruebasSTORM/StormSDA_pruebas/userFiles/user_files/94/?C=N;O=A HTTP/1.1" 200 1756
5.9.111.70 - - [09/Feb/2018:03:58:06 -0500] "GET /Anexos%20estudio%20Organizacional%20SDA/index.php?dir=ANEXO%20No.%201-%20NORMAS%20LEGALES%20DE%20ESTRUCTURA%20Y%20PLANTA/Ley%2099%20de%201993%20-%20Crea%20MimAmbiente_files/&sort=size&order=desc HTTP/1.1" 200 9549
195.201.36.134 - - [09/Feb/2018:03:58:09 -0500] "GET /PruebasSTORM/StormSDA_pruebas/userFiles/user_files/94/?C=S;O=D HTTP/1.1" 200 1756
5.9.111.70 - - [09/Feb/2018:03:58:09 -0500] "GET /Anexos%20estudio%20Organizacional%20SDA/index.php?dir=ANEXO%20No.%2010%20-%20COSTO%20DETALLADO%20PLANTA%20DE%20CARGOS%20ACTUAL/ HTTP/1.1" 200 2421
195.201.36.134 - - [09/Feb/2018:03:58:12 -0500] "GET /PruebasSTORM/StormSDA_pruebas/userFiles/user_files/95/?C=D;O=D HTTP/1.1" 200 1756
5.9.111.70 - - [09/Feb/2018:03:58:12 -0500] "GET /Anexos%20estudio%20Organizacional%20SDA/index.php?dir=ANEXO%20No.%2010%20-%20COSTO%20DETALLADO%20PLANTA%20DE%20CARGOS%20ACTUAL/&sort=date&order=asc HTTP/1.1" 200 2421
5.9.111.70 - - [09/Feb/2018:03:58:15 -0500] "GET /Anexos%20estudio%20Organizacional%20SDA/index.php?dir=ANEXO%20No.%2010%20-%20COSTO%20DETALLADO%20PLANTA%20DE%20CARGOS%20ACTUAL/&sort=date&order=desc HTTP/1.1" 200 2420
195.201.36.134 - - [09/Feb/2018:03:58:16 -0500] "GET /PruebasSTORM/StormSDA_pruebas/userFiles/user_files/95/?C=M;O=D HTTP/1.1" 200 1756
5.9.111.70 - - [09/Feb/2018:03:58:18 -0500] "GET /Anexos%20estudio%20Organizacional%20SDA/index.php?dir=ANEXO%20No.%2010%20-%20COSTO%20DETALLADO%20PLANTA%20DE%20CARGOS%20ACTUAL/&sort=name&order=asc HTTP/1.1" 200 2421
195.201.36.134 - - [09/Feb/2018:03:58:19 -0500] "GET /PruebasSTORM/StormSDA_pruebas/userFiles/user_files/95/?C=N;O=A HTTP/1.1" 200 1756
5.9.111.70 - - [09/Feb/2018:03:58:20 -0500] "GET /Anexos%20estudio%20Organizacional%20SDA/index.php?dir=ANEXO%20No.%2010%20-%20COSTO%20DETALLADO%20PLANTA%20DE%20CARGOS%20ACTUAL/&sort=name&order=desc HTTP/1.1" 200 2420
195.201.36.134 - - [09/Feb/2018:03:58:22 -0500] "GET /PruebasSTORM/StormSDA_pruebas/userFiles/user_files/95/?C=S;O=D HTTP/1.1" 200 1756
195.201.36.134 - - [09/Feb/2018:03:58:24 -0500] "GET /PruebasSTORM/StormSDA_pruebas/userFiles/user_files/96/?C=D;O=D HTTP/1.1" 200 1756
5.9.111.70 - - [09/Feb/2018:03:58:24 -0500] "GET /Anexos%20estudio%20Organizacional%20SDA/index.php?dir=ANEXO%20No.%2010%20-%20COSTO%20DETALLADO%20PLANTA%20DE%20CARGOS%20ACTUAL/&sort=size&order=asc HTTP/1.1" 200 2421
192.168.175.104 - - [09/Feb/2018:03:58:26 -0500] "GET / HTTP/1.1" 200 9990
195.201.36.134 - - [09/Feb/2018:03:58:27 -0500] "GET /PruebasSTORM/StormSDA_pruebas/userFiles/user_files/96/?C=M;O=D HTTP/1.1" 200 1756
5.9.111.70 - - [09/Feb/2018:03:58:28 -0500] "GET /Anexos%20estudio%20Organizacional%20SDA/index.php?dir=ANEXO%20No.%2010%20-%20COSTO%20DETALLADO%20PLANTA%20DE%20CARGOS%20ACTUAL/&sort=size&order=desc HTTP/1.1" 200 2420
195.201.36.134 - - [09/Feb/2018:03:58:29 -0500] "GET /PruebasSTORM/StormSDA_pruebas/userFiles/user_files/96/?C=N;O=A HTTP/1.1" 200 1756
195.201.36.134 - - [09/Feb/2018:03:58:31 -0500] "GET /PruebasSTORM/StormSDA_pruebas/userFiles/user_files/96/?C=S;O=D HTTP/1.1" 200 1756
5.9.111.70 - - [09/Feb/2018:03:58:30 -0500] "GET /Anexos%20estudio%20Organizacional%20SDA/index.php?dir=ANEXO%20No.%202%20-%20EJECUCIONES%20PRESUPUESTALES%202008-2011%20Y%20PRESUPUESTO%202012/&sort=date&order=asc HTTP/1.1" 200 3708
195.201.36.134 - - [09/Feb/2018:03:58:33 -0500] "GET /PruebasSTORM/StormSDA_pruebas/userFiles/user_files/97/?C=D;O=D HTTP/1.1" 200 1756
5.9.111.70 - - [09/Feb/2018:03:58:35 -0500] "GET /Anexos%20estudio%20Organizacional%20SDA/index.php?dir=ANEXO%20No.%202%20-%20EJECUCIONES%20PRESUPUESTALES%202008-2011%20Y%20PRESUPUESTO%202012/&sort=date&order=desc HTTP/1.1" 200 3707
195.201.36.134 - - [09/Feb/2018:03:58:36 -0500] "GET /PruebasSTORM/StormSDA_pruebas/userFiles/user_files/97/?C=M;O=D HTTP/1.1" 200 1756
5.9.111.70 - - [09/Feb/2018:03:58:38 -0500] "GET /Anexos%20estudio%20Organizacional%20SDA/index.php?dir=ANEXO%20No.%202%20-%20EJECUCIONES%20PRESUPUESTALES%202008-2011%20Y%20PRESUPUESTO%202012/&sort=name&order=asc HTTP/1.1" 200 3708
195.201.36.134 - - [09/Feb/2018:03:58:39 -0500] "GET /PruebasSTORM/StormSDA_pruebas/userFiles/user_files/97/?C=N;O=A HTTP/1.1" 200 1756
195.201.36.134 - - [09/Feb/2018:03:58:41 -0500] "GET /PruebasSTORM/StormSDA_pruebas/userFiles/user_files/97/?C=S;O=D HTTP/1.1" 200 1756
5.9.111.70 - - [09/Feb/2018:03:58:42 -0500] "GET /Anexos%20estudio%20Organizacional%20SDA/index.php?dir=ANEXO%20No.%202%20-%20EJECUCIONES%20PRESUPUESTALES%202008-2011%20Y%20PRESUPUESTO%202012/&sort=name&order=desc HTTP/1.1" 200 3707
195.201.36.134 - - [09/Feb/2018:03:58:43 -0500] "GET /PruebasSTORM/StormSDA_pruebas/userFiles/user_files/98/?C=D;O=D HTTP/1.1" 200 1756
195.201.36.134 - - [09/Feb/2018:03:58:46 -0500] "GET /PruebasSTORM/StormSDA_pruebas/userFiles/user_files/98/?C=M;O=D HTTP/1.1" 200 1756
5.9.111.70 - - [09/Feb/2018:03:58:45 -0500] "GET /Anexos%20estudio%20Organizacional%20SDA/index.php?dir=ANEXO%20No.%202%20-%20EJECUCIONES%20PRESUPUESTALES%202008-2011%20Y%20PRESUPUESTO%202012/&sort=size&order=asc HTTP/1.1" 200 3708
195.201.36.134 - - [09/Feb/2018:03:58:48 -0500] "GET /PruebasSTORM/StormSDA_pruebas/userFiles/user_files/98/?C=N;O=A HTTP/1.1" 200 1756
5.9.111.70 - - [09/Feb/2018:03:58:48 -0500] "GET /Anexos%20estudio%20Organizacional%20SDA/index.php?dir=ANEXO%20No.%202%20-%20EJECUCIONES%20PRESUPUESTALES%202008-2011%20Y%20PRESUPUESTO%202012/&sort=size&order=desc HTTP/1.1" 200 3707
195.201.36.134 - - [09/Feb/2018:03:58:49 -0500] "GET /PruebasSTORM/StormSDA_pruebas/userFiles/user_files/98/?C=S;O=D HTTP/1.1" 200 1756
195.201.36.134 - - [09/Feb/2018:03:58:51 -0500] "GET /PruebasSTORM/StormSDA_pruebas/userFiles/user_files/?C=D;O=D HTTP/1.1" 200 5906
5.9.111.70 - - [09/Feb/2018:03:58:51 -0500] "GET /Anexos%20estudio%20Organizacional%20SDA/index.php?dir=ANEXO%20No.%205%20-%20ESTUDIO%20Y%20PROPUESTA%20SERAMB%20IENTE/&sort=date&order=asc HTTP/1.1" 200 3623
195.201.36.134 - - [09/Feb/2018:03:58:53 -0500] "GET /PruebasSTORM/StormSDA_pruebas/userFiles/user_files/?C=M;O=D HTTP/1.1" 200 5906
5.9.111.70 - - [09/Feb/2018:03:58:54 -0500] "GET /Anexos%20estudio%20Organizacional%20SDA/index.php?dir=ANEXO%20No.%205%20-%20ESTUDIO%20Y%20PROPUESTA%20SERAMB%20IENTE/&sort=date&order=desc HTTP/1.1" 200 3622
195.201.36.134 - - [09/Feb/2018:03:58:56 -0500] "GET /PruebasSTORM/StormSDA_pruebas/userFiles/user_files/?C=N;O=A HTTP/1.1" 200 5906
5.9.111.70 - - [09/Feb/2018:03:58:57 -0500] "GET /Anexos%20estudio%20Organizacional%20SDA/index.php?dir=ANEXO%20No.%205%20-%20ESTUDIO%20Y%20PROPUESTA%20SERAMB%20IENTE/&sort=name&order=asc HTTP/1.1" 200 3623
195.201.36.134 - - [09/Feb/2018:03:58:58 -0500] "GET /PruebasSTORM/StormSDA_pruebas/userFiles/user_files/?C=S;O=D HTTP/1.1" 200 5906
5.9.111.70 - - [09/Feb/2018:03:59:02 -0500] "GET /Anexos%20estudio%20Organizacional%20SDA/index.php?dir=ANEXO%20No.%205%20-%20ESTUDIO%20Y%20PROPUESTA%20SERAMB%20IENTE/&sort=name&order=desc HTTP/1.1" 200 3622
195.201.36.134 - - [09/Feb/2018:03:59:03 -0500] "GET /PruebasSTORM/StormSDA_pruebas/userFiles/user_files/formatos/?C=D;O=D HTTP/1.1" 200 12856
195.201.36.134 - - [09/Feb/2018:03:59:05 -0500] "GET /PruebasSTORM/StormSDA_pruebas/userFiles/user_files/formatos/?C=M;O=D HTTP/1.1" 200 12856
5.9.111.70 - - [09/Feb/2018:03:59:06 -0500] "GET /Anexos%20estudio%20Organizacional%20SDA/index.php?dir=ANEXO%20No.%205%20-%20ESTUDIO%20Y%20PROPUESTA%20SERAMB%20IENTE/&sort=size&order=asc HTTP/1.1" 200 3623
195.201.36.134 - - [09/Feb/2018:03:59:08 -0500] "GET /PruebasSTORM/StormSDA_pruebas/userFiles/user_files/formatos/?C=N;O=A HTTP/1.1" 200 12856
195.201.36.134 - - [09/Feb/2018:03:59:10 -0500] "GET /PruebasSTORM/StormSDA_pruebas/userFiles/user_files/formatos/?C=S;O=D HTTP/1.1" 200 12856
5.9.111.70 - - [09/Feb/2018:03:59:09 -0500] "GET /Anexos%20estudio%20Organizacional%20SDA/index.php?dir=ANEXO%20No.%205%20-%20ESTUDIO%20Y%20PROPUESTA%20SERAMB%20IENTE/&sort=size&order=desc HTTP/1.1" 200 3622
195.201.36.134 - - [09/Feb/2018:03:59:12 -0500] "GET /PruebasSTORM/StormSDA_pruebas/userFiles/user_files/formatos/eventos/?C=D;O=D HTTP/1.1" 200 917
5.9.111.70 - - [09/Feb/2018:03:59:12 -0500] "GET /Anexos%20estudio%20Organizacional%20SDA/index.php?dir=ANEXO%20No.%207%20-%20PROYECTO%20DE%20DECRETO%20MODIFICATORIO%20DE%20ESTRUCTURA%20DE%20LA%20SDA/&sort=date&order=asc HTTP/1.1" 200 2594
195.201.36.134 - - [09/Feb/2018:03:59:15 -0500] "GET /PruebasSTORM/StormSDA_pruebas/userFiles/user_files/formatos/eventos/?C=M;O=D HTTP/1.1" 200 917
5.9.111.70 - - [09/Feb/2018:03:59:15 -0500] "GET /Anexos%20estudio%20Organizacional%20SDA/index.php?dir=ANEXO%20No.%207%20-%20PROYECTO%20DE%20DECRETO%20MODIFICATORIO%20DE%20ESTRUCTURA%20DE%20LA%20SDA/&sort=date&order=desc HTTP/1.1" 200 2593
195.201.36.134 - - [09/Feb/2018:03:59:17 -0500] "GET /PruebasSTORM/StormSDA_pruebas/userFiles/user_files/formatos/eventos/?C=N;O=A HTTP/1.1" 200 917
5.9.111.70 - - [09/Feb/2018:03:59:17 -0500] "GET /Anexos%20estudio%20Organizacional%20SDA/index.php?dir=ANEXO%20No.%207%20-%20PROYECTO%20DE%20DECRETO%20MODIFICATORIO%20DE%20ESTRUCTURA%20DE%20LA%20SDA/&sort=name&order=asc HTTP/1.1" 200 2594
5.9.111.70 - - [09/Feb/2018:03:59:20 -0500] "GET /Anexos%20estudio%20Organizacional%20SDA/index.php?dir=ANEXO%20No.%207%20-%20PROYECTO%20DE%20DECRETO%20MODIFICATORIO%20DE%20ESTRUCTURA%20DE%20LA%20SDA/&sort=name&order=desc HTTP/1.1" 200 2593
192.168.175.104 - - [09/Feb/2018:03:59:22 -0500] "GET / HTTP/1.1" 200 9990
195.201.36.134 - - [09/Feb/2018:03:59:22 -0500] "GET /PruebasSTORM/StormSDA_pruebas/userFiles/user_files/formatos/eventos/?C=S;O=D HTTP/1.1" 200 917
5.9.111.70 - - [09/Feb/2018:03:59:23 -0500] "GET /Anexos%20estudio%20Organizacional%20SDA/index.php?dir=ANEXO%20No.%207%20-%20PROYECTO%20DE%20DECRETO%20MODIFICATORIO%20DE%20ESTRUCTURA%20DE%20LA%20SDA/&sort=size&order=asc HTTP/1.1" 200 2594
195.201.36.134 - - [09/Feb/2018:03:59:26 -0500] "GET /PruebasSTORM/StormSDA_pruebas/userFiles/user_files/formulas/2/?C=D;O=D HTTP/1.1" 200 11400
5.9.111.70 - - [09/Feb/2018:03:59:26 -0500] "GET /Anexos%20estudio%20Organizacional%20SDA/index.php?dir=ANEXO%20No.%207%20-%20PROYECTO%20DE%20DECRETO%20MODIFICATORIO%20DE%20ESTRUCTURA%20DE%20LA%20SDA/&sort=size&order=desc HTTP/1.1" 200 2593
195.201.36.134 - - [09/Feb/2018:03:59:29 -0500] "GET /PruebasSTORM/StormSDA_pruebas/userFiles/user_files/formulas/2/?C=M;O=D HTTP/1.1" 200 11400
5.9.111.70 - - [09/Feb/2018:03:59:28 -0500] "GET /Anexos%20estudio%20Organizacional%20SDA/index.php?dir=ANEXO%20No.11-PROYECTO%20DE%20DECRETO%20MODIFICATORIO%20PLANTA%20DE%20CARGOS%20SDA/&sort=date&order=asc HTTP/1.1" 200 2569
195.201.36.134 - - [09/Feb/2018:03:59:31 -0500] "GET /PruebasSTORM/StormSDA_pruebas/userFiles/user_files/formulas/2/?C=N;O=A HTTP/1.1" 200 11400
5.9.111.70 - - [09/Feb/2018:03:59:31 -0500] "GET /Anexos%20estudio%20Organizacional%20SDA/index.php?dir=ANEXO%20No.11-PROYECTO%20DE%20DECRETO%20MODIFICATORIO%20PLANTA%20DE%20CARGOS%20SDA/&sort=date&order=desc HTTP/1.1" 200 2568
195.201.36.134 - - [09/Feb/2018:03:59:33 -0500] "GET /PruebasSTORM/StormSDA_pruebas/userFiles/user_files/formulas/2/?C=S;O=D HTTP/1.1" 200 11400
5.9.111.70 - - [09/Feb/2018:03:59:34 -0500] "GET /Anexos%20estudio%20Organizacional%20SDA/index.php?dir=ANEXO%20No.11-PROYECTO%20DE%20DECRETO%20MODIFICATORIO%20PLANTA%20DE%20CARGOS%20SDA/&sort=name&order=asc HTTP/1.1" 200 2569
192.168.175.104 - - [09/Feb/2018:03:59:35 -0500] "GET / HTTP/1.0" 200 9990
104.199.87.90 - - [09/Feb/2018:03:59:37 -0500] "-" 408 -
195.201.36.134 - - [09/Feb/2018:03:59:36 -0500] "GET /PruebasSTORM/StormSDA_pruebas/userFiles/user_files/formulas/3/?C=D;O=D HTTP/1.1" 200 111022
5.9.111.70 - - [09/Feb/2018:03:59:38 -0500] "GET /Anexos%20estudio%20Organizacional%20SDA/index.php?dir=ANEXO%20No.11-PROYECTO%20DE%20DECRETO%20MODIFICATORIO%20PLANTA%20DE%20CARGOS%20SDA/&sort=name&order=desc HTTP/1.1" 200 2568
5.9.111.70 - - [09/Feb/2018:03:59:41 -0500] "GET /Anexos%20estudio%20Organizacional%20SDA/index.php?dir=ANEXO%20No.11-PROYECTO%20DE%20DECRETO%20MODIFICATORIO%20PLANTA%20DE%20CARGOS%20SDA/&sort=size&order=asc HTTP/1.1" 200 2569
195.201.36.134 - - [09/Feb/2018:03:59:40 -0500] "GET /PruebasSTORM/StormSDA_pruebas/userFiles/user_files/formulas/3/?C=M;O=D HTTP/1.1" 200 111022
5.9.111.70 - - [09/Feb/2018:03:59:44 -0500] "GET /Anexos%20estudio%20Organizacional%20SDA/index.php?dir=ANEXO%20No.11-PROYECTO%20DE%20DECRETO%20MODIFICATORIO%20PLANTA%20DE%20CARGOS%20SDA/&sort=size&order=desc HTTP/1.1" 200 2568
195.201.36.134 - - [09/Feb/2018:03:59:48 -0500] "GET /PruebasSTORM/StormSDA_pruebas/userFiles/user_files/formulas/3/?C=N;O=A HTTP/1.1" 200 111022
5.9.111.70 - - [09/Feb/2018:03:59:50 -0500] "GET /Anexos%20estudio%20Organizacional%20SDA/index.php?dir=ANEXO%20No.12-PROYECTO%20ACTUALIZACION%20MANUAL%20DE%20FUNCIONES%20SDA/&sort=date&order=asc HTTP/1.1" 200 2515
195.201.36.134 - - [09/Feb/2018:03:59:53 -0500] "GET /PruebasSTORM/StormSDA_pruebas/userFiles/user_files/formulas/3/?C=S;O=D HTTP/1.1" 200 111022
5.9.111.70 - - [09/Feb/2018:03:59:55 -0500] "GET /Anexos%20estudio%20Organizacional%20SDA/index.php?dir=ANEXO%20No.12-PROYECTO%20ACTUALIZACION%20MANUAL%20DE%20FUNCIONES%20SDA/&sort=date&order=desc HTTP/1.1" 200 2514
195.201.36.134 - - [09/Feb/2018:03:59:56 -0500] "GET /PruebasSTORM/StormSDA_pruebas/userFiles/user_files/formulas/4/?C=D;O=D HTTP/1.1" 200 905
195.201.36.134 - - [09/Feb/2018:03:59:58 -0500] "GET /PruebasSTORM/StormSDA_pruebas/userFiles/user_files/formulas/4/?C=M;O=D HTTP/1.1" 200 905
5.9.111.70 - - [09/Feb/2018:03:59:58 -0500] "GET /Anexos%20estudio%20Organizacional%20SDA/index.php?dir=ANEXO%20No.12-PROYECTO%20ACTUALIZACION%20MANUAL%20DE%20FUNCIONES%20SDA/&sort=name&order=asc HTTP/1.1" 200 2515
195.201.36.134 - - [09/Feb/2018:04:00:00 -0500] "GET /PruebasSTORM/StormSDA_pruebas/userFiles/user_files/formulas/4/?C=N;O=A HTTP/1.1" 200 905
5.9.111.70 - - [09/Feb/2018:04:00:01 -0500] "GET /Anexos%20estudio%20Organizacional%20SDA/index.php?dir=ANEXO%20No.12-PROYECTO%20ACTUALIZACION%20MANUAL%20DE%20FUNCIONES%20SDA/&sort=name&order=desc HTTP/1.1" 200 2514
195.201.36.134 - - [09/Feb/2018:04:00:02 -0500] "GET /PruebasSTORM/StormSDA_pruebas/userFiles/user_files/formulas/4/?C=S;O=D HTTP/1.1" 200 905
195.201.36.134 - - [09/Feb/2018:04:00:04 -0500] "GET /PruebasSTORM/StormSDA_pruebas/userFiles/user_files/formulas/?C=D;O=A HTTP/1.1" 200 1507
5.9.111.70 - - [09/Feb/2018:04:00:04 -0500] "GET /Anexos%20estudio%20Organizacional%20SDA/index.php?dir=ANEXO%20No.12-PROYECTO%20ACTUALIZACION%20MANUAL%20DE%20FUNCIONES%20SDA/&sort=size&order=asc HTTP/1.1" 200 2515
217.182.132.170 - - [09/Feb/2018:04:00:03 -0500] "GET /BLA/resoluciones/index.php?dir=RESOLUCIONES%202002/RES%202002%20701-750/&sort=name&order=desc HTTP/1.1" 200 12222
5.9.111.70 - - [09/Feb/2018:04:00:06 -0500] "GET /Anexos%20estudio%20Organizacional%20SDA/index.php?dir=ANEXO%20No.12-PROYECTO%20ACTUALIZACION%20MANUAL%20DE%20FUNCIONES%20SDA/&sort=size&order=desc HTTP/1.1" 200 2514
195.201.36.134 - - [09/Feb/2018:04:00:08 -0500] "GET /PruebasSTORM/StormSDA_pruebas/userFiles/user_files/formulas/?C=D;O=D HTTP/1.1" 200 1507
195.201.36.134 - - [09/Feb/2018:04:00:10 -0500] "GET /PruebasSTORM/StormSDA_pruebas/userFiles/user_files/formulas/?C=M;O=A HTTP/1.1" 200 1507
5.9.111.70 - - [09/Feb/2018:04:00:09 -0500] "GET /Autoliquidacion/index.php HTTP/1.1" 200 6377
195.201.36.134 - - [09/Feb/2018:04:00:12 -0500] "GET /PruebasSTORM/StormSDA_pruebas/userFiles/user_files/formulas/?C=M;O=D HTTP/1.1" 200 1507
5.9.111.70 - - [09/Feb/2018:04:00:12 -0500] "GET /Autoliquidacion/index.php?dir= HTTP/1.1" 200 6377
195.201.36.134 - - [09/Feb/2018:04:00:14 -0500] "GET /PruebasSTORM/StormSDA_pruebas/userFiles/user_files/formulas/?C=N;O=A HTTP/1.1" 200 1507
195.201.36.134 - - [09/Feb/2018:04:00:16 -0500] "GET /PruebasSTORM/StormSDA_pruebas/userFiles/user_files/formulas/?C=N;O=D HTTP/1.1" 200 1507
5.9.111.70 - - [09/Feb/2018:04:00:15 -0500] "GET /Autoliquidacion/index.php?dir=&sort=date&order=asc HTTP/1.1" 200 6377
195.201.36.134 - - [09/Feb/2018:04:00:18 -0500] "GET /PruebasSTORM/StormSDA_pruebas/userFiles/user_files/formulas/?C=S;O=A HTTP/1.1" 200 1507
5.9.111.70 - - [09/Feb/2018:04:00:18 -0500] "GET /Autoliquidacion/index.php?dir=&sort=date&order=desc HTTP/1.1" 200 6376
195.201.36.134 - - [09/Feb/2018:04:00:20 -0500] "GET /PruebasSTORM/StormSDA_pruebas/userFiles/user_files/formulas/?C=S;O=D HTTP/1.1" 200 1507
5.9.111.70 - - [09/Feb/2018:04:00:21 -0500] "GET /Autoliquidacion/index.php?dir=&sort=name&order=asc HTTP/1.1" 200 6377
195.201.36.134 - - [09/Feb/2018:04:00:23 -0500] "GET /PruebasSTORM/StormSDA_pruebas/userFiles/user_files/listas/?C=D;O=D HTTP/1.1" 200 49942
5.9.111.70 - - [09/Feb/2018:04:00:24 -0500] "GET /Autoliquidacion/index.php?dir=&sort=name&order=desc HTTP/1.1" 200 6376
51.255.65.24 - - [09/Feb/2018:04:00:27 -0500] "GET /BLA/resoluciones/RESOLUCIONES%202003/RES%202003%201701-1750/20031725.tif HTTP/1.1" 200 272328
195.201.36.134 - - [09/Feb/2018:04:00:27 -0500] "GET /PruebasSTORM/StormSDA_pruebas/userFiles/user_files/listas/?C=M;O=D HTTP/1.1" 200 49942
5.9.111.70 - - [09/Feb/2018:04:00:27 -0500] "GET /Autoliquidacion/index.php?dir=&sort=size&order=asc HTTP/1.1" 200 6377
5.9.111.70 - - [09/Feb/2018:04:00:31 -0500] "GET /Autoliquidacion/index.php?dir=&sort=size&order=desc HTTP/1.1" 200 6376
195.201.36.134 - - [09/Feb/2018:04:00:33 -0500] "GET /PruebasSTORM/StormSDA_pruebas/userFiles/user_files/listas/?C=N;O=A HTTP/1.1" 200 49942
195.201.36.134 - - [09/Feb/2018:04:00:35 -0500] "GET /PruebasSTORM/StormSDA_pruebas/userFiles/user_files/listas/?C=S;O=D HTTP/1.1" 200 49942
5.9.111.70 - - [09/Feb/2018:04:00:35 -0500] "GET /Autoliquidacion/index.php?dir=Cobro%20Clasificacion%20Uso%20De%20Vivenda%20En%20Suelo%20Restringido/ HTTP/1.1" 200 2870
195.201.36.134 - - [09/Feb/2018:04:00:37 -0500] "GET /PruebasSTORM/silvicultura2Pruebas/?C=D;O=D HTTP/1.1" 200 1235
5.9.111.70 - - [09/Feb/2018:04:00:38 -0500] "GET /Autoliquidacion/index.php?dir=Cobro%20Clasificacion%20Uso%20De%20Vivenda%20En%20Suelo%20Restringido/&sort=date&order=asc HTTP/1.1" 200 2870
195.201.36.134 - - [09/Feb/2018:04:00:40 -0500] "GET /PruebasSTORM/silvicultura2Pruebas/?C=M;O=D HTTP/1.1" 200 1235
195.201.36.134 - - [09/Feb/2018:04:00:41 -0500] "GET /PruebasSTORM/silvicultura2Pruebas/?C=N;O=A HTTP/1.1" 200 1235
5.9.111.70 - - [09/Feb/2018:04:00:41 -0500] "GET /Autoliquidacion/index.php?dir=Cobro%20Clasificacion%20Uso%20De%20Vivenda%20En%20Suelo%20Restringido/&sort=date&order=desc HTTP/1.1" 200 2869
195.201.36.134 - - [09/Feb/2018:04:00:43 -0500] "GET /PruebasSTORM/silvicultura2Pruebas/?C=S;O=D HTTP/1.1" 200 1235
5.9.111.70 - - [09/Feb/2018:04:00:44 -0500] "GET /Autoliquidacion/index.php?dir=Cobro%20Clasificacion%20Uso%20De%20Vivenda%20En%20Suelo%20Restringido/&sort=name&order=asc HTTP/1.1" 200 2870
195.201.36.134 - - [09/Feb/2018:04:00:45 -0500] "GET /SIG/index.php?dir=&sort=date&order=desc HTTP/1.1" 200 4513
35.190.207.132 - - [09/Feb/2018:04:00:47 -0500] "-" 408 -
195.201.36.134 - - [09/Feb/2018:04:00:47 -0500] "GET /SIG/index.php?dir=&sort=name&order=asc HTTP/1.1" 200 4514
5.9.111.70 - - [09/Feb/2018:04:00:46 -0500] "GET /Autoliquidacion/index.php?dir=Cobro%20Clasificacion%20Uso%20De%20Vivenda%20En%20Suelo%20Restringido/&sort=name&order=desc HTTP/1.1" 200 2869
195.201.36.134 - - [09/Feb/2018:04:00:50 -0500] "GET /SIG/index.php?dir=&sort=size&order=desc HTTP/1.1" 200 4513
5.9.111.70 - - [09/Feb/2018:04:00:50 -0500] "GET /Autoliquidacion/index.php?dir=Cobro%20Clasificacion%20Uso%20De%20Vivenda%20En%20Suelo%20Restringido/&sort=size&order=asc HTTP/1.1" 200 2870
195.201.36.134 - - [09/Feb/2018:04:00:53 -0500] "GET /SIG/index.php?dir=Comunicaciones/&sort=date&order=asc HTTP/1.1" 200 2915
5.9.111.70 - - [09/Feb/2018:04:00:52 -0500] "GET /Autoliquidacion/index.php?dir=Cobro%20Clasificacion%20Uso%20De%20Vivenda%20En%20Suelo%20Restringido/&sort=size&order=desc HTTP/1.1" 200 2869
195.201.36.134 - - [09/Feb/2018:04:00:55 -0500] "GET /SIG/index.php?dir=Comunicaciones/&sort=date&order=desc HTTP/1.1" 200 2914
5.9.111.70 - - [09/Feb/2018:04:00:56 -0500] "GET /Autoliquidacion/index.php?dir=Cobro%20Clasificacion%20Uso%20De%20Vivenda%20En%20Suelo%20Restringido/COMPATIBILIDAD%20USO%20DE%20VIVIENDA/ HTTP/1.1" 200 2705
5.9.111.70 - - [09/Feb/2018:04:00:58 -0500] "GET /Autoliquidacion/index.php?dir=Cobro%20Clasificacion%20Uso%20De%20Vivenda%20En%20Suelo%20Restringido/COMPATIBILIDAD%20USO%20DE%20VIVIENDA/&sort=date&order=asc HTTP/1.1" 200 2705
195.201.36.134 - - [09/Feb/2018:04:00:58 -0500] "GET /SIG/index.php?dir=Comunicaciones/&sort=name&order=asc HTTP/1.1" 200 2915
195.201.36.134 - - [09/Feb/2018:04:01:01 -0500] "GET /SIG/index.php?dir=Comunicaciones/&sort=name&order=desc HTTP/1.1" 200 2914
5.9.111.70 - - [09/Feb/2018:04:01:02 -0500] "GET /Autoliquidacion/index.php?dir=Cobro%20Clasificacion%20Uso%20De%20Vivenda%20En%20Suelo%20Restringido/COMPATIBILIDAD%20USO%20DE%20VIVIENDA/&sort=date&order=desc HTTP/1.1" 200 2704
195.201.36.134 - - [09/Feb/2018:04:01:04 -0500] "GET /SIG/index.php?dir=Comunicaciones/&sort=size&order=asc HTTP/1.1" 200 2915
5.9.111.70 - - [09/Feb/2018:04:01:04 -0500] "GET /Autoliquidacion/index.php?dir=Cobro%20Clasificacion%20Uso%20De%20Vivenda%20En%20Suelo%20Restringido/COMPATIBILIDAD%20USO%20DE%20VIVIENDA/&sort=name&order=asc HTTP/1.1" 200 2705
5.9.111.70 - - [09/Feb/2018:04:01:07 -0500] "GET /Autoliquidacion/index.php?dir=Cobro%20Clasificacion%20Uso%20De%20Vivenda%20En%20Suelo%20Restringido/COMPATIBILIDAD%20USO%20DE%20VIVIENDA/&sort=name&order=desc HTTP/1.1" 200 2704
195.201.36.134 - - [09/Feb/2018:04:01:07 -0500] "GET /SIG/index.php?dir=Comunicaciones/&sort=size&order=desc HTTP/1.1" 200 2914
66.249.66.158 - - [09/Feb/2018:04:01:08 -0500] "GET /Anexos%20estudio%20Organizacional%20SDA/ANEXO%20No.%201-%20NORMAS%20LEGALES%20DE%20ESTRUCTURA%20Y%20PLANTA/RESE%C3%91A%20HIST%C3%93RICA%20SDA-NORMAS/Decreto%20673%20de%201995%20Reestructura%20el%20DAMA_files/FFFFFFtl.gif HTTP/1.1" 200 191
195.201.36.134 - - [09/Feb/2018:04:01:09 -0500] "GET /SIG/index.php?dir=Control%20Disciplinario/&sort=date&order=asc HTTP/1.1" 200 2704
5.9.111.70 - - [09/Feb/2018:04:01:10 -0500] "GET /Autoliquidacion/index.php?dir=Cobro%20Clasificacion%20Uso%20De%20Vivenda%20En%20Suelo%20Restringido/COMPATIBILIDAD%20USO%20DE%20VIVIENDA/&sort=size&order=asc HTTP/1.1" 200 2705
195.201.36.134 - - [09/Feb/2018:04:01:12 -0500] "GET /SIG/index.php?dir=Control%20Disciplinario/&sort=date&order=desc HTTP/1.1" 200 2703
66.249.66.155 - - [09/Feb/2018:04:01:13 -0500] "GET /BLA/resoluciones/Autos%202008/3416.pdf HTTP/1.1" 200 104134
5.9.111.70 - - [09/Feb/2018:04:01:13 -0500] "GET /Autoliquidacion/index.php?dir=Cobro%20Clasificacion%20Uso%20De%20Vivenda%20En%20Suelo%20Restringido/COMPATIBILIDAD%20USO%20DE%20VIVIENDA/&sort=size&order=desc HTTP/1.1" 200 2704
195.201.36.134 - - [09/Feb/2018:04:01:15 -0500] "GET /SIG/index.php?dir=Control%20Disciplinario/&sort=name&order=asc HTTP/1.1" 200 2704
5.9.111.70 - - [09/Feb/2018:04:01:16 -0500] "GET /Autoliquidacion/index.php?dir=Fauna%20Silvestre/ HTTP/1.1" 200 3842
195.201.36.134 - - [09/Feb/2018:04:01:20 -0500] "GET /SIG/index.php?dir=Control%20Disciplinario/&sort=name&order=desc HTTP/1.1" 200 2703
5.9.111.70 - - [09/Feb/2018:04:01:20 -0500] "GET /Autoliquidacion/index.php?dir=Fauna%20Silvestre/&sort=date&order=asc HTTP/1.1" 200 3842
69.162.124.233 - - [09/Feb/2018:04:01:22 -0500] "HEAD / HTTP/1.1" 200 -
5.9.111.70 - - [09/Feb/2018:04:01:22 -0500] "GET /Autoliquidacion/index.php?dir=Fauna%20Silvestre/&sort=date&order=desc HTTP/1.1" 200 3841
195.201.36.134 - - [09/Feb/2018:04:01:23 -0500] "GET /SIG/index.php?dir=Control%20Disciplinario/&sort=size&order=asc HTTP/1.1" 200 2704
5.9.111.70 - - [09/Feb/2018:04:01:25 -0500] "GET /Autoliquidacion/index.php?dir=Fauna%20Silvestre/&sort=name&order=asc HTTP/1.1" 200 3842
195.201.36.134 - - [09/Feb/2018:04:01:26 -0500] "GET /SIG/index.php?dir=Control%20Disciplinario/&sort=size&order=desc HTTP/1.1" 200 2703
66.249.66.153 - - [09/Feb/2018:04:01:27 -0500] "GET /BLA/resoluciones/AUTOS%202015/3269.pdf HTTP/1.1" 200 660997
5.9.111.70 - - [09/Feb/2018:04:01:28 -0500] "GET /Autoliquidacion/index.php?dir=Fauna%20Silvestre/&sort=name&order=desc HTTP/1.1" 200 3841
195.201.36.134 - - [09/Feb/2018:04:01:28 -0500] "GET /SIG/index.php?dir=Control%20y%20mejora/Control%20y%20mejora/&sort=size&order=desc HTTP/1.1" 200 2842
195.201.36.134 - - [09/Feb/2018:04:01:31 -0500] "GET /SIG/index.php?dir=Direccionamiento%20Estrategico/&sort=date&order=asc HTTP/1.1" 200 3946
5.9.111.70 - - [09/Feb/2018:04:01:30 -0500] "GET /Autoliquidacion/index.php?dir=Fauna%20Silvestre/&sort=size&order=asc HTTP/1.1" 200 3842
195.201.36.134 - - [09/Feb/2018:04:01:33 -0500] "GET /SIG/index.php?dir=Direccionamiento%20Estrategico/&sort=date&order=desc HTTP/1.1" 200 3945
5.9.111.70 - - [09/Feb/2018:04:01:34 -0500] "GET /Autoliquidacion/index.php?dir=Fauna%20Silvestre/&sort=size&order=desc HTTP/1.1" 200 3841
5.9.111.70 - - [09/Feb/2018:04:01:37 -0500] "GET /Autoliquidacion/index.php?dir=Grupo%20Forestal%20-%20Industria%20de%20la%20Madera/ HTTP/1.1" 200 5071
195.201.36.134 - - [09/Feb/2018:04:01:38 -0500] "GET /SIG/index.php?dir=Direccionamiento%20Estrategico/&sort=name&order=asc HTTP/1.1" 200 3946
195.201.36.134 - - [09/Feb/2018:04:01:41 -0500] "GET /SIG/index.php?dir=Direccionamiento%20Estrategico/&sort=name&order=desc HTTP/1.1" 200 3945
5.9.111.70 - - [09/Feb/2018:04:01:41 -0500] "GET /Autoliquidacion/index.php?dir=Grupo%20Forestal%20-%20Industria%20de%20la%20Madera/&sort=date&order=asc HTTP/1.1" 200 5071
5.9.111.70 - - [09/Feb/2018:04:01:44 -0500] "GET /Autoliquidacion/index.php?dir=Grupo%20Forestal%20-%20Industria%20de%20la%20Madera/&sort=date&order=desc HTTP/1.1" 200 5070
195.201.36.134 - - [09/Feb/2018:04:01:44 -0500] "GET /SIG/index.php?dir=Direccionamiento%20Estrategico/&sort=size&order=asc HTTP/1.1" 200 3946
195.201.36.134 - - [09/Feb/2018:04:01:47 -0500] "GET /SIG/index.php?dir=Direccionamiento%20Estrategico/&sort=size&order=desc HTTP/1.1" 200 3945
5.9.111.70 - - [09/Feb/2018:04:01:47 -0500] "GET /Autoliquidacion/index.php?dir=Grupo%20Forestal%20-%20Industria%20de%20la%20Madera/&sort=name&order=asc HTTP/1.1" 200 5071
35.189.218.56 - - [09/Feb/2018:04:01:50 -0500] "-" 408 -
5.9.111.70 - - [09/Feb/2018:04:01:50 -0500] "GET /Autoliquidacion/index.php?dir=Grupo%20Forestal%20-%20Industria%20de%20la%20Madera/&sort=name&order=desc HTTP/1.1" 200 5070
195.201.36.134 - - [09/Feb/2018:04:01:50 -0500] "GET /SIG/index.php?dir=ECS/&sort=date&order=desc HTTP/1.1" 200 16569
5.9.111.70 - - [09/Feb/2018:04:01:54 -0500] "GET /Autoliquidacion/index.php?dir=Grupo%20Forestal%20-%20Industria%20de%20la%20Madera/&sort=size&order=asc HTTP/1.1" 200 5071
195.201.36.134 - - [09/Feb/2018:04:01:53 -0500] "GET /SIG/index.php?dir=ECS/&sort=name&order=asc HTTP/1.1" 200 16570
5.9.111.70 - - [09/Feb/2018:04:01:56 -0500] "GET /Autoliquidacion/index.php?dir=Grupo%20Forestal%20-%20Industria%20de%20la%20Madera/&sort=size&order=desc HTTP/1.1" 200 5070
195.201.36.134 - - [09/Feb/2018:04:01:56 -0500] "GET /SIG/index.php?dir=ECS/&sort=size&order=desc HTTP/1.1" 200 16569
5.9.111.70 - - [09/Feb/2018:04:01:59 -0500] "GET /Autoliquidacion/index.php?dir=Grupo%20Forestal%20-%20Silvicultura/ HTTP/1.1" 200 3990
195.201.36.134 - - [09/Feb/2018:04:01:59 -0500] "GET /SIG/index.php?dir=Gestion%20Documental/&sort=date&order=desc HTTP/1.1" 200 5566
5.9.111.70 - - [09/Feb/2018:04:02:03 -0500] "GET /Autoliquidacion/index.php?dir=Grupo%20Forestal%20-%20Silvicultura/&sort=date&order=asc HTTP/1.1" 200 3990
195.201.36.134 - - [09/Feb/2018:04:02:04 -0500] "GET /SIG/index.php?dir=Gestion%20Documental/&sort=name&order=asc HTTP/1.1" 200 5567
5.9.111.70 - - [09/Feb/2018:04:02:06 -0500] "GET /Autoliquidacion/index.php?dir=Grupo%20Forestal%20-%20Silvicultura/&sort=date&order=desc HTTP/1.1" 200 3989
195.201.36.134 - - [09/Feb/2018:04:02:07 -0500] "GET /SIG/index.php?dir=Gestion%20Documental/&sort=size&order=desc HTTP/1.1" 200 5566
5.9.111.70 - - [09/Feb/2018:04:02:09 -0500] "GET /Autoliquidacion/index.php?dir=Grupo%20Forestal%20-%20Silvicultura/&sort=name&order=asc HTTP/1.1" 200 3990
5.9.111.70 - - [09/Feb/2018:04:02:11 -0500] "GET /Autoliquidacion/index.php?dir=Grupo%20Forestal%20-%20Silvicultura/&sort=size&order=asc HTTP/1.1" 200 3990
195.201.36.134 - - [09/Feb/2018:04:02:12 -0500] "GET /SIG/index.php?dir=Gestion%20Recursos%20Financieros/&sort=date&order=asc HTTP/1.1" 200 8843
5.9.111.70 - - [09/Feb/2018:04:02:14 -0500] "GET /Autoliquidacion/index.php?dir=Grupo%20Forestal%20-%20Silvicultura/&sort=size&order=desc HTTP/1.1" 200 3989
195.201.36.134 - - [09/Feb/2018:04:02:14 -0500] "GET /SIG/index.php?dir=Gestion%20Recursos%20Financieros/&sort=date&order=desc HTTP/1.1" 200 8842
5.9.111.70 - - [09/Feb/2018:04:02:17 -0500] "GET /Autoliquidacion/index.php?dir=PERMISO%20DE%20OCUPACION%20DE%20SUELO/ HTTP/1.1" 200 6619
54.36.148.197 - - [09/Feb/2018:04:02:18 -0500] "GET /BLA/resoluciones/RESOLUCIONES%202003/RES%202003%202151-2189/20032163.tif HTTP/1.1" 200 219446
195.201.36.134 - - [09/Feb/2018:04:02:17 -0500] "GET /SIG/index.php?dir=Gestion%20Recursos%20Financieros/&sort=name&order=asc HTTP/1.1" 200 8843
5.9.111.70 - - [09/Feb/2018:04:02:20 -0500] "GET /Autoliquidacion/index.php?dir=PERMISO%20DE%20OCUPACION%20DE%20SUELO/&sort=date&order=asc HTTP/1.1" 200 6619
195.201.36.134 - - [09/Feb/2018:04:02:19 -0500] "GET /SIG/index.php?dir=Gestion%20Recursos%20Financieros/&sort=name&order=desc HTTP/1.1" 200 8842
5.9.111.70 - - [09/Feb/2018:04:02:22 -0500] "GET /Autoliquidacion/index.php?dir=PERMISO%20DE%20OCUPACION%20DE%20SUELO/&sort=date&order=desc HTTP/1.1" 200 6618
195.201.36.134 - - [09/Feb/2018:04:02:23 -0500] "GET /SIG/index.php?dir=Gestion%20Recursos%20Financieros/&sort=size&order=asc HTTP/1.1" 200 8843
5.9.111.70 - - [09/Feb/2018:04:02:25 -0500] "GET /Autoliquidacion/index.php?dir=PERMISO%20DE%20OCUPACION%20DE%20SUELO/&sort=name&order=asc HTTP/1.1" 200 6619
195.201.36.134 - - [09/Feb/2018:04:02:26 -0500] "GET /SIG/index.php?dir=Gestion%20Recursos%20Financieros/&sort=size&order=desc HTTP/1.1" 200 8842
5.9.111.70 - - [09/Feb/2018:04:02:28 -0500] "GET /Autoliquidacion/index.php?dir=PERMISO%20DE%20OCUPACION%20DE%20SUELO/&sort=name&order=desc HTTP/1.1" 200 6618
195.201.36.134 - - [09/Feb/2018:04:02:31 -0500] "GET /StormSDA/?C=D;O=D HTTP/1.1" 200 4409
5.9.111.70 - - [09/Feb/2018:04:02:31 -0500] "GET /Autoliquidacion/index.php?dir=PERMISO%20DE%20OCUPACION%20DE%20SUELO/&sort=size&order=asc HTTP/1.1" 200 6619
195.201.36.134 - - [09/Feb/2018:04:02:32 -0500] "GET /StormSDA/?C=M;O=D HTTP/1.1" 200 4409
195.201.36.134 - - [09/Feb/2018:04:02:34 -0500] "GET /StormSDA/?C=N;O=A HTTP/1.1" 200 4409
5.9.111.70 - - [09/Feb/2018:04:02:34 -0500] "GET /Autoliquidacion/index.php?dir=PERMISO%20DE%20OCUPACION%20DE%20SUELO/&sort=size&order=desc HTTP/1.1" 200 6618
195.201.36.134 - - [09/Feb/2018:04:02:37 -0500] "GET /StormSDA/?C=S;O=D HTTP/1.1" 200 4409
195.201.36.134 - - [09/Feb/2018:04:02:39 -0500] "GET /StormSDA/forms/?C=D;O=D HTTP/1.1" 200 3475
5.9.111.70 - - [09/Feb/2018:04:02:38 -0500] "GET /Autoliquidacion/index.php?dir=Plan%20de%20manejo%20ambiental%20para%20sitios%20de%20aprovechamiento%20y%20o%20disposicion%20final%20de%20escombros/ HTTP/1.1" 200 2472
195.201.36.134 - - [09/Feb/2018:04:02:41 -0500] "GET /StormSDA/forms/?C=M;O=D HTTP/1.1" 200 3475
5.9.111.70 - - [09/Feb/2018:04:02:41 -0500] "GET /Autoliquidacion/index.php?dir=Plan%20de%20manejo%20ambiental%20para%20sitios%20de%20aprovechamiento%20y%20o%20disposicion%20final%20de%20escombros/&sort=date&order=asc HTTP/1.1" 200 2472
195.201.36.134 - - [09/Feb/2018:04:02:43 -0500] "GET /StormSDA/forms/?C=N;O=A HTTP/1.1" 200 3475
195.201.36.134 - - [09/Feb/2018:04:02:45 -0500] "GET /StormSDA/forms/?C=S;O=D HTTP/1.1" 200 3475
5.9.111.70 - - [09/Feb/2018:04:02:45 -0500] "GET /Autoliquidacion/index.php?dir=Plan%20de%20manejo%20ambiental%20para%20sitios%20de%20aprovechamiento%20y%20o%20disposicion%20final%20de%20escombros/&sort=date&order=desc HTTP/1.1" 200 2471
5.9.111.70 - - [09/Feb/2018:04:02:48 -0500] "GET /Autoliquidacion/index.php?dir=Plan%20de%20manejo%20ambiental%20para%20sitios%20de%20aprovechamiento%20y%20o%20disposicion%20final%20de%20escombros/&sort=name&order=asc HTTP/1.1" 200 2472
195.201.36.134 - - [09/Feb/2018:04:02:51 -0500] "GET /StormSDA/lib/?C=D;O=D HTTP/1.1" 200 6379
5.9.111.70 - - [09/Feb/2018:04:02:53 -0500] "GET /Autoliquidacion/index.php?dir=Plan%20de%20manejo%20ambiental%20para%20sitios%20de%20aprovechamiento%20y%20o%20disposicion%20final%20de%20escombros/&sort=name&order=desc HTTP/1.1" 200 2471
195.201.36.134 - - [09/Feb/2018:04:02:55 -0500] "GET /StormSDA/lib/?C=M;O=D HTTP/1.1" 200 6379
5.9.111.70 - - [09/Feb/2018:04:02:55 -0500] "GET /Autoliquidacion/index.php?dir=Plan%20de%20manejo%20ambiental%20para%20sitios%20de%20aprovechamiento%20y%20o%20disposicion%20final%20de%20escombros/&sort=size&order=asc HTTP/1.1" 200 2472
195.201.36.134 - - [09/Feb/2018:04:02:57 -0500] "GET /StormSDA/lib/?C=N;O=A HTTP/1.1" 200 6379
195.201.36.134 - - [09/Feb/2018:04:02:59 -0500] "GET /StormSDA/lib/?C=S;O=D HTTP/1.1" 200 6379
5.9.111.70 - - [09/Feb/2018:04:02:59 -0500] "GET /Autoliquidacion/index.php?dir=Plan%20de%20manejo%20ambiental%20para%20sitios%20de%20aprovechamiento%20y%20o%20disposicion%20final%20de%20escombros/&sort=size&order=desc HTTP/1.1" 200 2471
195.201.36.134 - - [09/Feb/2018:04:03:02 -0500] "GET /StormSDA/lib/win32/?C=D;O=D HTTP/1.1" 200 1203
51.255.71.121 - - [09/Feb/2018:04:03:03 -0500] "GET /BLA/resoluciones/RESOLUCIONES%202006/RES%202006%20751-800/00000768.tif HTTP/1.1" 200 390330
5.9.111.70 - - [09/Feb/2018:04:03:02 -0500] "GET /Autoliquidacion/index.php?dir=Solicitud%20de%20Licencia%20Ambiental/ HTTP/1.1" 200 2553
195.201.36.134 - - [09/Feb/2018:04:03:04 -0500] "GET /StormSDA/lib/win32/?C=M;O=D HTTP/1.1" 200 1203
195.201.36.134 - - [09/Feb/2018:04:03:07 -0500] "GET /StormSDA/lib/win32/?C=N;O=A HTTP/1.1" 200 1203
5.9.111.70 - - [09/Feb/2018:04:03:06 -0500] "GET /Autoliquidacion/index.php?dir=Solicitud%20de%20Licencia%20Ambiental/&sort=date&order=asc HTTP/1.1" 200 2553
195.201.36.134 - - [09/Feb/2018:04:03:09 -0500] "GET /StormSDA/lib/win32/?C=S;O=D HTTP/1.1" 200 1203
