186.80.164.162 - - [09/Feb/2018:02:40:23 -0500] "GET /galeria/nivo-slider/jquery.nivo.slider.pack.js HTTP/1.1" 200 11561
186.80.164.162 - - [09/Feb/2018:02:40:23 -0500] "GET /galeria/nivo-slider/demo/images/Banner-tingua.jpg HTTP/1.1" 200 210310
186.80.164.162 - - [09/Feb/2018:02:40:23 -0500] "GET /galeria/nivo-slider/demo/images/banner-febrero.jpg HTTP/1.1" 200 473223
186.80.164.162 - - [09/Feb/2018:02:40:23 -0500] "GET /galeria/nivo-slider/demo/images/4Simple_Slider.png HTTP/1.1" 200 11722
186.80.164.162 - - [09/Feb/2018:02:40:23 -0500] "GET /galeria/nivo-slider/themes/default/loading.gif HTTP/1.1" 200 1737
186.80.164.162 - - [09/Feb/2018:02:40:26 -0500] "GET /galeria/nivo-slider/demo/images/-banner-pieza-gae1.jpg HTTP/1.1" 200 289845
186.80.164.162 - - [09/Feb/2018:02:40:26 -0500] "GET /galeria/nivo-slider/demo/images/banner-corporativa.jpg HTTP/1.1" 200 142548
186.80.164.162 - - [09/Feb/2018:02:40:27 -0500] "GET /galeria/nivo-slider/demo/images/buses-chimenea.jpg HTTP/1.1" 200 144235
186.80.164.162 - - [09/Feb/2018:02:40:27 -0500] "GET /galeria/nivo-slider/demo/images/maximavelocidad.png HTTP/1.1" 200 880272
186.80.164.162 - - [09/Feb/2018:02:40:28 -0500] "GET /galeria/nivo-slider/demo/images/banner%20aceite%20vegetal%20usado.jpg HTTP/1.1" 200 169350
186.80.164.162 - - [09/Feb/2018:02:40:28 -0500] "GET /galeria/nivo-slider/demo/images/bannerlumina2017web.jpg HTTP/1.1" 200 198918
186.80.164.162 - - [09/Feb/2018:02:40:29 -0500] "GET /galeria/nivo-slider/demo/images/BANNERRUTADEVERTIMIENTOS.jpg HTTP/1.1" 200 98506
186.80.164.162 - - [09/Feb/2018:02:40:29 -0500] "GET /galeria/nivo-slider/demo/images/bolsas-06.jpg HTTP/1.1" 200 210950
54.36.149.91 - - [09/Feb/2018:02:40:31 -0500] "GET /BLA/resoluciones/RESOLUCIONES%202002/RES%202002%20701-750/00000724.tif HTTP/1.1" 200 48478
186.80.164.162 - - [09/Feb/2018:02:40:34 -0500] "GET /galeria/nivo-slider/themes/default/arrows.png HTTP/1.1" 200 824
186.80.164.162 - - [09/Feb/2018:02:40:34 -0500] "GET /galeria/nivo-slider/themes/default/bullets.png HTTP/1.1" 200 1281
69.162.124.233 - - [09/Feb/2018:02:41:20 -0500] "HEAD / HTTP/1.1" 200 -
35.187.96.204 - - [09/Feb/2018:02:41:21 -0500] "-" 408 -
66.249.66.153 - - [09/Feb/2018:02:41:37 -0500] "GET /BLA/resoluciones/AUTOS%202013/2740.pdf HTTP/1.1" 200 580324
54.36.149.20 - - [09/Feb/2018:02:42:19 -0500] "GET /BLA/resoluciones/RESOLUCIONES%202006/RES%202006%201001-1050/00001046.tif HTTP/1.1" 200 162330
66.249.66.153 - - [09/Feb/2018:02:42:22 -0500] "GET /BLA/resoluciones/RESOLUCIONES%202009/2863.pdf HTTP/1.1" 200 537674
35.190.203.87 - - [09/Feb/2018:02:42:22 -0500] "-" 408 -
157.55.39.197 - - [09/Feb/2018:02:42:50 -0500] "GET /catalogoisis/ HTTP/1.1" 200 8575
157.55.39.197 - - [09/Feb/2018:02:43:08 -0500] "GET /catalogoisis/Js/AceptarLimpiar.js HTTP/1.1" 200 331
157.55.39.197 - - [09/Feb/2018:02:43:08 -0500] "GET /catalogoisis/Css/Busqueda.css HTTP/1.1" 200 1995
157.55.39.197 - - [09/Feb/2018:02:43:08 -0500] "GET /catalogoisis/Js/Enter.js HTTP/1.1" 200 1208
157.55.39.81 - - [09/Feb/2018:02:43:08 -0500] "GET /catalogoisis/Js/Go.js HTTP/1.1" 200 364
157.55.39.197 - - [09/Feb/2018:02:43:08 -0500] "GET /catalogoisis/imagenes/aceptar1.gif HTTP/1.1" 200 604
157.55.39.81 - - [09/Feb/2018:02:43:09 -0500] "GET /catalogoisis/Js/Numero.js HTTP/1.1" 200 398
157.55.39.197 - - [09/Feb/2018:02:43:09 -0500] "GET /catalogoisis/imagenes/br3c1.gif HTTP/1.1" 200 177
40.77.167.73 - - [09/Feb/2018:02:43:15 -0500] "GET /catalogoisis/Js/LimpiarCombinada.js HTTP/1.1" 200 207
40.77.167.73 - - [09/Feb/2018:02:43:15 -0500] "GET /catalogoisis/Js/Cookies.js HTTP/1.1" 200 1369
40.77.167.73 - - [09/Feb/2018:02:43:15 -0500] "GET /catalogoisis/imagenes/limpiar1.gif HTTP/1.1" 200 606
40.77.167.73 - - [09/Feb/2018:02:43:16 -0500] "GET /catalogoisis/imagenes/br3c2.gif HTTP/1.1" 200 285
35.189.218.56 - - [09/Feb/2018:02:43:24 -0500] "-" 408 -
192.168.175.104 - - [09/Feb/2018:02:43:55 -0500] "GET / HTTP/1.1" 200 9990
40.77.167.38 - - [09/Feb/2018:02:41:34 -0500] "GET /portalsiaccapacitaciones/Soportes%20Capacitaciones%202015/0002.%20Taller%20HC%20Corporativa%20SDA%2006-04-2015.pdf HTTP/1.1" 200 12264646
157.55.39.10 - - [09/Feb/2018:02:42:58 -0500] "GET /BLA/boletinlegal/Directivas/2014/Directiva%20No.%205%20del%2026%20de%20Diciembre%20de%202014.pdf HTTP/1.1" 200 3424865
157.55.39.10 - - [09/Feb/2018:02:44:21 -0500] "GET /catalogoisis/Js/CriterioCombinada.js HTTP/1.1" 200 1843
157.55.39.10 - - [09/Feb/2018:02:44:22 -0500] "GET /catalogoisis/Js/Remote.js HTTP/1.1" 200 436
35.187.96.204 - - [09/Feb/2018:02:44:29 -0500] "-" 408 -
192.168.175.104 - - [09/Feb/2018:02:44:52 -0500] "GET / HTTP/1.1" 200 9990
192.168.175.104 - - [09/Feb/2018:02:45:05 -0500] "GET / HTTP/1.0" 200 9990
54.36.149.5 - - [09/Feb/2018:02:45:32 -0500] "GET /BLA/resoluciones/RESOLUCIONES%202003/RES%202003%20401-450/437.tif HTTP/1.1" 200 116104
35.190.207.132 - - [09/Feb/2018:02:45:36 -0500] "-" 408 -
66.249.66.153 - - [09/Feb/2018:02:45:50 -0500] "GET /BLA/resoluciones/RESOLUCIONES%202010/6376.pdf HTTP/1.1" 200 3613645
69.162.124.233 - - [09/Feb/2018:02:46:20 -0500] "HEAD / HTTP/1.1" 200 -
35.189.249.31 - - [09/Feb/2018:02:46:38 -0500] "-" 408 -
35.189.242.65 - - [09/Feb/2018:02:47:36 -0500] "-" 408 -
35.187.96.204 - - [09/Feb/2018:02:48:41 -0500] "-" 408 -
192.168.175.104 - - [09/Feb/2018:02:48:54 -0500] "GET / HTTP/1.1" 200 9990
66.249.66.153 - - [09/Feb/2018:02:49:38 -0500] "GET /BLA/resoluciones/AUTOS%202014/4828.pdf HTTP/1.1" 200 563112
192.168.175.104 - - [09/Feb/2018:02:49:51 -0500] "GET / HTTP/1.1" 200 9990
192.168.175.104 - - [09/Feb/2018:02:50:02 -0500] "GET / HTTP/1.0" 200 9990
35.189.249.31 - - [09/Feb/2018:02:50:36 -0500] "-" 408 -
66.249.66.153 - - [09/Feb/2018:02:51:09 -0500] "GET /galeria/nivo-slider/demo/images/humedales-banner-web.jpg HTTP/1.1" 304 -
69.162.124.233 - - [09/Feb/2018:02:51:20 -0500] "HEAD / HTTP/1.1" 200 -
66.249.66.153 - - [09/Feb/2018:02:51:22 -0500] "GET /BLA/resoluciones/AUTOS%202014/4828.pdf HTTP/1.1" 200 563112
66.249.66.153 - - [09/Feb/2018:02:51:39 -0500] "GET /BLA/resoluciones/RESOLUCIONES%202012/1356.pdf HTTP/1.1" 200 282950
35.189.249.31 - - [09/Feb/2018:02:51:43 -0500] "-" 408 -
66.249.66.153 - - [09/Feb/2018:02:51:43 -0500] "GET /BLA/resoluciones/AUTOS%202008/1577.pdf HTTP/1.1" 200 132354
66.249.66.151 - - [09/Feb/2018:02:51:54 -0500] "GET /dama/libreria/pdf/polit_humedales.pdf HTTP/1.1" 404 1015
66.249.66.153 - - [09/Feb/2018:02:52:23 -0500] "GET /BLA/resoluciones/Autos%202008/0436.pdf HTTP/1.1" 200 169057
66.249.66.157 - - [09/Feb/2018:02:52:28 -0500] "GET /dama/libreria/pdf/reportesredaire/anuales/1999.pdf HTTP/1.1" 404 1019
35.190.203.87 - - [09/Feb/2018:02:52:42 -0500] "-" 408 -
217.182.132.58 - - [09/Feb/2018:02:52:57 -0500] "GET /BLA/resoluciones/index.php?dir=RESOLUCIONES%202005/RES%202005%20601-650/&sort=size&order=desc HTTP/1.1" 200 12245
66.249.66.155 - - [09/Feb/2018:02:53:27 -0500] "GET /BLA/resoluciones/RESOLUCIONES%202010/2300.pdf HTTP/1.1" 200 803943
66.249.66.153 - - [09/Feb/2018:02:53:41 -0500] "GET /BLA/resoluciones/RESOLUCIONES%202007/RES%202007%202801%20AL%202900/RESOLUCION%202834%20DE%202007.pdf HTTP/1.1" 200 114978
66.249.66.153 - - [09/Feb/2018:02:53:47 -0500] "GET /BLA/resoluciones/RESOLUCIONES%202010/6174.pdf HTTP/1.1" 200 2100212
192.168.175.104 - - [09/Feb/2018:02:53:52 -0500] "GET / HTTP/1.1" 200 9990
35.189.249.31 - - [09/Feb/2018:02:54:42 -0500] "-" 408 -
192.168.175.104 - - [09/Feb/2018:02:54:49 -0500] "GET / HTTP/1.1" 200 9990
66.249.66.155 - - [09/Feb/2018:02:54:54 -0500] "GET /BLA/resoluciones/AUTOS%202016/0513.pdf HTTP/1.1" 304 -
192.168.175.104 - - [09/Feb/2018:02:55:00 -0500] "GET / HTTP/1.0" 200 9990
66.249.66.153 - - [09/Feb/2018:02:55:20 -0500] "GET /BLA/resoluciones/RESOLUCIONES%202010/7163.pdf HTTP/1.1" 200 1382812
66.249.66.153 - - [09/Feb/2018:02:55:36 -0500] "GET /BLA/resoluciones/RESOLUCIONES%202009/0925.pdf HTTP/1.1" 200 602631
66.249.66.153 - - [09/Feb/2018:02:55:43 -0500] "GET /BLA/resoluciones/RESOLUCIONES%202012/1558.pdf HTTP/1.1" 200 2186959
69.162.124.233 - - [09/Feb/2018:02:56:23 -0500] "HEAD / HTTP/1.1" 200 -
35.190.201.122 - - [09/Feb/2018:02:56:46 -0500] "-" 408 -
66.249.66.155 - - [09/Feb/2018:02:56:57 -0500] "GET /galeria/nivo-slider/demo/images/-banner-pieza-gae1.jpg HTTP/1.1" 304 -
66.249.88.33 - - [09/Feb/2018:02:56:58 -0500] "GET /galeria/galeria/jquery.fancybox.css?v=2.1.5 HTTP/1.1" 200 4895
66.249.88.62 - - [09/Feb/2018:02:56:58 -0500] "GET /galeria/galeria/jquery.fancybox.js?v=2.1.5 HTTP/1.1" 200 48706
66.249.66.155 - - [09/Feb/2018:02:57:15 -0500] "GET /BLA/resoluciones/Autos%202008/2520.pdf HTTP/1.1" 200 193171
66.249.66.155 - - [09/Feb/2018:02:57:30 -0500] "GET /BLA/resoluciones/RESOLUCIONES%202010/5029.pdf HTTP/1.1" 200 750482
66.249.66.153 - - [09/Feb/2018:02:57:45 -0500] "GET /BLA/resoluciones/Autos%202008/3049.pdf HTTP/1.1" 200 60261
35.187.96.204 - - [09/Feb/2018:02:57:49 -0500] "-" 408 -
66.249.66.153 - - [09/Feb/2018:02:57:51 -0500] "GET /BLA/resoluciones/Autos%202008/1005.pdf HTTP/1.1" 200 77248
66.249.66.153 - - [09/Feb/2018:02:57:57 -0500] "GET /BLA/resoluciones/AUTOS%202007/0441.pdf HTTP/1.1" 200 116920
66.249.66.153 - - [09/Feb/2018:02:58:02 -0500] "GET /BLA/resoluciones/Autos%202008/1833.pdf HTTP/1.1" 200 178778
66.249.66.153 - - [09/Feb/2018:02:58:10 -0500] "GET /BLA/resoluciones/RESOLUCIONES%202010/6192.pdf HTTP/1.1" 200 5154326
192.168.175.104 - - [09/Feb/2018:02:58:50 -0500] "GET / HTTP/1.1" 200 9990
104.199.87.90 - - [09/Feb/2018:02:58:53 -0500] "-" 408 -
66.249.66.157 - - [09/Feb/2018:02:59:06 -0500] "GET /BLA/resoluciones/Autos%202008/0866.pdf HTTP/1.1" 200 336262
66.249.66.153 - - [09/Feb/2018:02:59:12 -0500] "GET /BLA/resoluciones/RESOLUCIONES%202007/RES%202007%201401%20AL%201500/RESOLUCION%201492%20DE%202007.pdf HTTP/1.1" 200 241492
164.132.161.17 - - [09/Feb/2018:02:59:19 -0500] "GET /galeria/galeria/fotos/Humedal-Vaca2G.jpg HTTP/1.1" 200 279730
66.249.66.157 - - [09/Feb/2018:02:59:22 -0500] "GET /BLA/resoluciones/Autos%202008/1948.pdf HTTP/1.1" 200 101599
66.249.66.156 - - [09/Feb/2018:02:59:26 -0500] "GET /BLA/resoluciones/AUTOS%202010/1155.pdf HTTP/1.1" 200 151236
66.249.66.155 - - [09/Feb/2018:02:59:29 -0500] "GET /BLA/resoluciones/RESOLUCIONES%202007/RES%202007%202401%20AL%202500/RESOLUCION%202419%20DE%202007.pdf HTTP/1.1" 200 397855
66.249.66.156 - - [09/Feb/2018:02:59:34 -0500] "GET /BLA/resoluciones/RESOLUCIONES%202007/RES%202007%204001%20AL%204100/RESOLUCION%204025%20DE%202007.pdf HTTP/1.1" 200 659963
192.168.175.104 - - [09/Feb/2018:02:59:47 -0500] "GET / HTTP/1.1" 200 9990
35.190.203.87 - - [09/Feb/2018:02:59:55 -0500] "-" 408 -
192.168.175.104 - - [09/Feb/2018:02:59:58 -0500] "GET / HTTP/1.0" 200 9990
66.249.66.153 - - [09/Feb/2018:03:00:00 -0500] "GET /BLA/resoluciones/RESOLUCIONES%202009/4086.pdf HTTP/1.1" 200 895524
66.249.66.155 - - [09/Feb/2018:03:00:04 -0500] "GET /BLA/resoluciones/RESOLUCIONES%202010/5094.pdf HTTP/1.1" 200 754727
66.249.66.155 - - [09/Feb/2018:03:00:09 -0500] "GET /BLA/resoluciones/AUTOS%202008/0401.pdf HTTP/1.1" 200 113228
164.132.161.37 - - [09/Feb/2018:03:00:10 -0500] "GET /BLA/resoluciones/RESOLUCIONES%202004/RES%202004%201051-1100/00001053.tif HTTP/1.1" 200 9336
66.249.66.157 - - [09/Feb/2018:03:00:13 -0500] "GET /BLA/boletinlegal/normativa.php HTTP/1.1" 200 8120
51.255.65.30 - - [09/Feb/2018:03:00:16 -0500] "GET /BLA/resoluciones/RESOLUCIONES%202006/RES%202006%20301-350/00000337.tif HTTP/1.1" 200 186404
66.249.66.155 - - [09/Feb/2018:03:00:19 -0500] "GET /BLA/resoluciones/RESOLUCIONES%202010/6326.pdf HTTP/1.1" 200 479175
66.249.66.153 - - [09/Feb/2018:03:00:24 -0500] "GET /BLA/resoluciones/Autos%202008/0335.pdf HTTP/1.1" 200 274379
66.249.66.155 - - [09/Feb/2018:03:00:33 -0500] "GET /BLA/resoluciones/AUTOS%202013/0810.pdf HTTP/1.1" 200 2832907
35.189.218.56 - - [09/Feb/2018:03:01:00 -0500] "-" 408 -
69.162.124.233 - - [09/Feb/2018:03:01:20 -0500] "HEAD / HTTP/1.1" 200 -
66.249.66.155 - - [09/Feb/2018:03:01:23 -0500] "GET /BLA/resoluciones/Autos%202008/1776.pdf HTTP/1.1" 200 243866
35.187.96.204 - - [09/Feb/2018:03:01:58 -0500] "-" 408 -
216.244.66.203 - - [09/Feb/2018:03:02:02 -0500] "GET /BLA/boletinlegal/doctrina.php HTTP/1.1" 200 5604
217.182.132.157 - - [09/Feb/2018:03:02:24 -0500] "GET /BLA/resoluciones/RESOLUCIONES%202006/RES%202006%202551-2600/00002574.tif HTTP/1.1" 200 197634
66.249.66.158 - - [09/Feb/2018:03:02:24 -0500] "GET /Autoliquidacion/Grupo%20Forestal%20-%20Silvicultura/Solicitud%20de%20salvoconducto%20para%20la%20movilizacion%20de%20flora.xlsx HTTP/1.1" 200 69573
68.180.230.172 - - [09/Feb/2018:03:02:26 -0500] "GET /robots.txt HTTP/1.1" 404 1018
68.180.230.172 - - [09/Feb/2018:03:02:27 -0500] "GET /isolucionsda/FrameSetArticulo.asp?Pagina=/IsolucionSDA/bancoconocimiento/R/Resolucion3095del27deMayode2011/Resolucion3095del27deMayode2011.asp?IdArticulo=6539 HTTP/1.1" 200 146
66.249.66.155 - - [09/Feb/2018:03:02:54 -0500] "GET /resoluciones/RESOLUCIONES%202009/0228.pdf HTTP/1.1" 404 1018
35.189.242.65 - - [09/Feb/2018:03:02:57 -0500] "-" 408 -
201.245.192.253 - - [09/Feb/2018:03:02:44 -0500] "POST /kwsrmcab/Wsrmcab HTTP/1.1" 200 24162
40.77.167.38 - - [09/Feb/2018:03:03:24 -0500] "GET /portalsiaccapacitaciones/Soportes%20Capacitaciones%202017/Lista%20de%20Asistencia%20Manejo%20de%20Llantas%20Usadas%20y%20Gesti%c3%b3n%20Integral%20de%20Residuos.pdf HTTP/1.1" 404 1019
54.36.148.198 - - [09/Feb/2018:03:03:28 -0500] "GET /BLA/resoluciones/RESOLUCIONES%202004/RES%202004%201201-1250/00001240.tif HTTP/1.1" 200 96218
192.168.175.104 - - [09/Feb/2018:03:03:48 -0500] "GET / HTTP/1.1" 200 9990
201.245.192.253 - - [09/Feb/2018:03:03:17 -0500] "POST /kwsrmcab/Wsrmcab HTTP/1.1" 200 213
35.189.215.158 - - [09/Feb/2018:03:03:55 -0500] "-" 408 -
51.255.65.54 - - [09/Feb/2018:03:04:34 -0500] "GET /BLA/resoluciones/AUTOS%202006/AUTOS%202006%20501-600/00000599.tif HTTP/1.1" 200 451990
192.168.175.104 - - [09/Feb/2018:03:04:46 -0500] "GET / HTTP/1.1" 200 9990
51.255.65.39 - - [09/Feb/2018:03:04:50 -0500] "GET /BLA/resoluciones/RESOLUCIONES%202003/RES%202003%20451-500/471.tif HTTP/1.1" 200 241568
192.168.175.104 - - [09/Feb/2018:03:04:56 -0500] "GET / HTTP/1.0" 200 9990
35.189.218.56 - - [09/Feb/2018:03:05:01 -0500] "-" 408 -
186.113.10.143 - - [09/Feb/2018:03:05:57 -0500] "GET /galeria/nivo-slider/demo/images/BannerPAAC.jpg HTTP/1.1" 304 -
35.189.218.56 - - [09/Feb/2018:03:06:07 -0500] "-" 408 -
217.182.132.172 - - [09/Feb/2018:03:06:11 -0500] "GET /BLA/resoluciones/RESOLUCIONES%202004/RES%202004%201101-1150/00001129.tif HTTP/1.1" 200 255028
69.162.124.233 - - [09/Feb/2018:03:06:19 -0500] "HEAD / HTTP/1.1" 200 -
66.249.66.153 - - [09/Feb/2018:03:06:56 -0500] "GET /BLA/resoluciones/RESOLUCIONES%202010/6338.pdf HTTP/1.1" 200 524396
35.189.249.31 - - [09/Feb/2018:03:07:15 -0500] "-" 408 -
35.189.215.158 - - [09/Feb/2018:03:08:08 -0500] "-" 408 -
66.249.66.155 - - [09/Feb/2018:03:08:16 -0500] "GET /BLA/resoluciones/RESOLUCIONES%202009/6736.pdf HTTP/1.1" 200 451394
164.132.161.44 - - [09/Feb/2018:03:08:27 -0500] "GET /BLA/resoluciones/AUTOS%202006/AUTOS%202006%20801-900/00000864.tif HTTP/1.1" 200 41190
192.168.175.104 - - [09/Feb/2018:03:08:45 -0500] "GET / HTTP/1.1" 200 9990
35.189.242.65 - - [09/Feb/2018:03:09:12 -0500] "-" 408 -
192.168.175.104 - - [09/Feb/2018:03:09:43 -0500] "GET / HTTP/1.1" 200 9990
192.168.175.104 - - [09/Feb/2018:03:09:55 -0500] "GET / HTTP/1.0" 200 9990
66.249.66.155 - - [09/Feb/2018:03:10:02 -0500] "GET /BLA/resoluciones/RESOLUCIONES%202009/8017.pdf HTTP/1.1" 200 655596
35.187.96.204 - - [09/Feb/2018:03:10:13 -0500] "-" 408 -
51.255.71.112 - - [09/Feb/2018:03:10:13 -0500] "GET /BLA/resoluciones/RESOLUCIONES%202005/RES%202005%202701%20-2750/00002723.tif HTTP/1.1" 200 119760
157.55.39.39 - - [09/Feb/2018:03:10:57 -0500] "GET / HTTP/1.1" 200 9990
35.187.34.70 - - [09/Feb/2018:03:11:17 -0500] "-" 408 -
69.162.124.233 - - [09/Feb/2018:03:11:19 -0500] "HEAD / HTTP/1.1" 200 -
35.190.201.122 - - [09/Feb/2018:03:12:20 -0500] "-" 408 -
131.253.27.78 - - [09/Feb/2018:03:12:40 -0500] "GET /galeria/galeria/jquery.fancybox.js?v=2.1.5 HTTP/1.1" 200 48706
201.245.192.253 - - [09/Feb/2018:03:12:44 -0500] "POST /kwsrmcab/Wsrmcab HTTP/1.1" 200 24162
192.168.175.104 - - [09/Feb/2018:03:13:43 -0500] "GET / HTTP/1.1" 200 9990
201.245.192.253 - - [09/Feb/2018:03:13:15 -0500] "POST /kwsrmcab/Wsrmcab HTTP/1.1" 200 21396
66.249.66.153 - - [09/Feb/2018:03:13:54 -0500] "GET /BLA/resoluciones/RESOLUCIONES%202008/4510.pdf HTTP/1.1" 200 667846
66.249.66.153 - - [09/Feb/2018:03:14:12 -0500] "GET /BLA/resoluciones/AUTOS%202007/1619.pdf HTTP/1.1" 200 104748
35.190.203.87 - - [09/Feb/2018:03:14:16 -0500] "-" 408 -
192.168.175.104 - - [09/Feb/2018:03:14:41 -0500] "GET / HTTP/1.1" 200 9990
192.168.175.104 - - [09/Feb/2018:03:14:53 -0500] "GET / HTTP/1.0" 200 9990
104.199.87.90 - - [09/Feb/2018:03:15:23 -0500] "-" 408 -
69.162.124.233 - - [09/Feb/2018:03:16:19 -0500] "HEAD / HTTP/1.1" 200 -
35.189.218.56 - - [09/Feb/2018:03:16:25 -0500] "-" 408 -
164.132.162.157 - - [09/Feb/2018:03:16:29 -0500] "GET /BLA/resoluciones/RESOLUCIONES%202002/RES%202002%20851-900/00000865.tif HTTP/1.1" 200 115938
35.187.34.70 - - [09/Feb/2018:03:17:25 -0500] "-" 408 -
66.249.66.155 - - [09/Feb/2018:03:17:39 -0500] "GET /BLA/resoluciones/AUTOS%202015/1428.pdf HTTP/1.1" 304 -
192.168.175.104 - - [09/Feb/2018:03:18:41 -0500] "GET / HTTP/1.1" 200 9990
35.189.249.31 - - [09/Feb/2018:03:19:28 -0500] "-" 408 -
192.168.175.104 - - [09/Feb/2018:03:19:39 -0500] "GET / HTTP/1.1" 200 9990
192.168.175.104 - - [09/Feb/2018:03:19:51 -0500] "GET / HTTP/1.0" 200 9990
66.249.66.155 - - [09/Feb/2018:03:19:53 -0500] "GET /BLA/resoluciones/RESOLUCIONES%202007/RES%202007%203301%20AL%203400/RESOLUCION%203391%20DE%202007.pdf HTTP/1.1" 200 443841
217.182.132.74 - - [09/Feb/2018:03:20:06 -0500] "GET /BLA/resoluciones/RESOLUCIONES%202004/RES%202004%20101-150/00000115.tif HTTP/1.1" 200 96776
51.255.65.224 - - [09/Feb/2018:03:20:21 -0500] "GET /BLA/resoluciones/RESOLUCIONES%202005/RES%202005%203001-3050/00003036.tif HTTP/1.1" 200 204952
35.187.34.70 - - [09/Feb/2018:03:20:32 -0500] "-" 408 -
69.162.124.233 - - [09/Feb/2018:03:21:19 -0500] "HEAD / HTTP/1.1" 200 -
35.187.34.70 - - [09/Feb/2018:03:21:33 -0500] "-" 408 -
66.249.66.153 - - [09/Feb/2018:03:21:37 -0500] "GET /BLA/resoluciones/AUTOS%202008/0518.pdf HTTP/1.1" 200 226931
54.36.149.59 - - [09/Feb/2018:03:21:55 -0500] "GET /BLA/resoluciones/RESOLUCIONES%202006/RES%202006%202301-2350/00002343.tif HTTP/1.1" 200 531826
35.189.242.65 - - [09/Feb/2018:03:22:37 -0500] "-" 408 -
201.245.192.253 - - [09/Feb/2018:03:22:44 -0500] "POST /kwsrmcab/Wsrmcab HTTP/1.1" 200 24162
35.189.249.31 - - [09/Feb/2018:03:23:38 -0500] "-" 408 -
192.168.175.104 - - [09/Feb/2018:03:23:39 -0500] "GET / HTTP/1.1" 200 9990
192.168.175.104 - - [09/Feb/2018:03:24:37 -0500] "GET / HTTP/1.1" 200 9990
35.190.203.87 - - [09/Feb/2018:03:24:41 -0500] "-" 408 -
192.168.175.104 - - [09/Feb/2018:03:24:49 -0500] "GET / HTTP/1.0" 200 9990
35.187.34.70 - - [09/Feb/2018:03:25:38 -0500] "-" 408 -
66.249.66.156 - - [09/Feb/2018:03:26:02 -0500] "GET /BLA/resoluciones/RESOLUCIONES%202007/RES%202007%20601%20AL%20700/RESOLUCION%200610%20DE%202007.pdf HTTP/1.1" 200 793514
66.249.66.129 - - [09/Feb/2018:03:26:08 -0500] "GET /robots.txt HTTP/1.1" 404 1015
66.249.66.129 - - [09/Feb/2018:03:26:09 -0500] "GET /Anexos%20estudio%20Organizacional%20SDA/ANEXO%20No.%201-%20NORMAS%20LEGALES%20DE%20ESTRUCTURA%20Y%20PLANTA/RESE%C3%91A%20HIST%C3%93RICA%20SDA-NORMAS/Decreto%20673%20de%201995%20Reestructura%20el%20DAMA_files/feed_balloon.png HTTP/1.1" 200 723
69.162.124.233 - - [09/Feb/2018:03:26:19 -0500] "HEAD / HTTP/1.1" 200 -
35.187.52.64 - - [09/Feb/2018:03:26:45 -0500] "-" 408 -
66.249.66.153 - - [09/Feb/2018:03:27:10 -0500] "GET /BLA/resoluciones/AUTOS%202014/3697.pdf HTTP/1.1" 200 2401437
31.4.180.30 - - [09/Feb/2018:03:27:20 -0500] "GET /BLA/boletinlegal/js/jquery.scrollShow.js HTTP/1.1" 200 4586
31.4.180.30 - - [09/Feb/2018:03:27:20 -0500] "GET /galeria/galeria/jquery.fancybox.css?v=2.1.5 HTTP/1.1" 200 4895
31.4.180.30 - - [09/Feb/2018:03:27:23 -0500] "GET /galeria/galeria/jquery.fancybox.js?v=2.1.5 HTTP/1.1" 200 48706
157.55.39.39 - - [09/Feb/2018:03:27:27 -0500] "GET /POT-2013/memoria%20justificativa/ANEXOS_2,3,4.pdf HTTP/1.1" 200 617731
35.189.242.65 - - [09/Feb/2018:03:27:46 -0500] "-" 408 -
192.168.175.104 - - [09/Feb/2018:03:28:37 -0500] "GET / HTTP/1.1" 200 9990
35.189.218.56 - - [09/Feb/2018:03:28:48 -0500] "-" 408 -
192.168.175.104 - - [09/Feb/2018:03:29:35 -0500] "GET / HTTP/1.1" 200 9990
192.168.175.104 - - [09/Feb/2018:03:29:48 -0500] "GET / HTTP/1.0" 200 9990
35.187.52.64 - - [09/Feb/2018:03:30:52 -0500] "-" 408 -
66.249.66.150 - - [09/Feb/2018:03:30:59 -0500] "GET /robots.txt HTTP/1.1" 404 1018
66.249.66.150 - - [09/Feb/2018:03:31:03 -0500] "GET /Autoliquidacion/Grupo%20Forestal%20-%20Silvicultura/Solicitud%20de%20salvoconducto%20para%20la%20movilizacion%20de%20flora.xlsx HTTP/1.1" 200 69573
69.162.124.233 - - [09/Feb/2018:03:31:19 -0500] "HEAD / HTTP/1.1" 200 -
35.187.34.70 - - [09/Feb/2018:03:31:52 -0500] "-" 408 -
66.249.66.156 - - [09/Feb/2018:03:31:58 -0500] "GET /BLA/resoluciones/Autos%202008/2722.pdf HTTP/1.1" 200 75786
164.132.161.97 - - [09/Feb/2018:03:32:11 -0500] "GET /BLA/resoluciones/RESOLUCIONES%202003/RES%202003%20901-950/942.tif HTTP/1.1" 200 338152
35.187.52.64 - - [09/Feb/2018:03:32:52 -0500] "-" 408 -
66.249.66.153 - - [09/Feb/2018:03:32:53 -0500] "GET /BLA/resoluciones/RESOLUCIONES%202013/0201.pdf HTTP/1.1" 200 2137408
107.170.230.110 - - [09/Feb/2018:03:32:58 -0500] "GET / HTTP/1.1" 200 9990
66.249.66.155 - - [09/Feb/2018:03:33:34 -0500] "GET /BLA/resoluciones/AUTOS%202007/0416.pdf HTTP/1.1" 200 18086
192.168.175.104 - - [09/Feb/2018:03:33:35 -0500] "GET / HTTP/1.1" 200 9990
35.189.215.158 - - [09/Feb/2018:03:33:52 -0500] "-" 408 -
66.249.88.24 - - [09/Feb/2018:03:33:59 -0500] "GET /BLA/boletinlegal/Directivas/2011/Directiva%20No.%203%20del%2027%20de%20Mayo%20de%202011.pdf HTTP/1.1" 200 910420
192.168.175.104 - - [09/Feb/2018:03:34:32 -0500] "GET / HTTP/1.1" 200 9990
66.249.66.153 - - [09/Feb/2018:03:34:33 -0500] "GET /BLA/resoluciones/RESOLUCIONES%202009/0555.pdf HTTP/1.1" 200 711875
66.249.66.153 - - [09/Feb/2018:03:34:38 -0500] "GET /BLA/resoluciones/Autos%202008/3446.pdf HTTP/1.1" 200 184849
192.168.175.104 - - [09/Feb/2018:03:34:46 -0500] "GET / HTTP/1.0" 200 9990
164.132.161.31 - - [09/Feb/2018:03:35:02 -0500] "GET /BLA/resoluciones/AUTOS%202006/AUTOS%202006%201301-1400/00001344.tif HTTP/1.1" 200 84720
54.36.149.44 - - [09/Feb/2018:03:35:05 -0500] "GET /BLA/resoluciones/RESOLUCIONES%202004/RES%202004%20101-150/00000150.tif HTTP/1.1" 200 106290
164.132.161.43 - - [09/Feb/2018:03:35:50 -0500] "GET /BLA/resoluciones/RESOLUCIONES%202004/RES%202004%201601-1650/00001602.tif HTTP/1.1" 200 27218
35.190.203.87 - - [09/Feb/2018:03:35:54 -0500] "-" 408 -
66.249.66.156 - - [09/Feb/2018:03:36:07 -0500] "GET /galeria/nivo-slider/demo/images/BANNERRUTADEVERTIMIENTOS.jpg HTTP/1.1" 304 -
69.162.124.233 - - [09/Feb/2018:03:36:19 -0500] "HEAD / HTTP/1.1" 200 -
35.189.215.158 - - [09/Feb/2018:03:37:01 -0500] "-" 408 -
192.168.175.104 - - [09/Feb/2018:03:38:34 -0500] "GET / HTTP/1.1" 200 9990
192.168.175.104 - - [09/Feb/2018:03:39:30 -0500] "GET / HTTP/1.1" 200 9990
192.168.175.104 - - [09/Feb/2018:03:39:44 -0500] "GET / HTTP/1.0" 200 9990
35.190.201.122 - - [09/Feb/2018:03:40:02 -0500] "-" 408 -
164.132.161.6 - - [09/Feb/2018:03:40:31 -0500] "GET /BLA/resoluciones/RESOLUCIONES%202003/RES%202003%201501-1550/20031501.tif HTTP/1.1" 200 285790
66.249.66.155 - - [09/Feb/2018:03:40:48 -0500] "GET /BLA/resoluciones/RESOLUCIONES%202007/RES%202007%201001%20AL%201100/RESOLUCION%201045%20DE%202007.pdf HTTP/1.1" 200 227457
35.187.96.204 - - [09/Feb/2018:03:41:08 -0500] "-" 408 -
69.162.124.233 - - [09/Feb/2018:03:41:19 -0500] "HEAD / HTTP/1.1" 200 -
66.249.66.155 - - [09/Feb/2018:03:42:36 -0500] "GET /galeria/galeria/jquery.fancybox.css?v=2.1.5 HTTP/1.1" 200 4895
66.249.66.153 - - [09/Feb/2018:03:42:41 -0500] "GET /BLA/resoluciones/Autos%202008/0985.pdf HTTP/1.1" 200 174512
66.249.66.153 - - [09/Feb/2018:03:42:45 -0500] "GET /galeria/carrusel/Carrusel/jquery-ui-1.8.13.custom.min.js HTTP/1.1" 200 10800
66.249.66.153 - - [09/Feb/2018:03:42:48 -0500] "GET /BLA/boletinlegal/js/jquery.scrollShow.js HTTP/1.1" 200 4586
66.249.66.153 - - [09/Feb/2018:03:42:51 -0500] "GET /galeria/carrusel/Carrusel/jquery.thumbnailScroller.css HTTP/1.1" 200 2066
66.249.66.153 - - [09/Feb/2018:03:42:54 -0500] "GET /galeria/carrusel/Carrusel/jquery.thumbnailScroller.js HTTP/1.1" 200 8157
66.249.66.153 - - [09/Feb/2018:03:42:56 -0500] "GET /galeria/galeria/jquery.fancybox.js?v=2.1.5 HTTP/1.1" 200 48706
152.201.169.102 - - [09/Feb/2018:03:43:02 -0500] "GET /BLA/resoluciones/RESOLUCIONES%202014/2613.pdf HTTP/1.1" 200 4848609
35.189.215.158 - - [09/Feb/2018:03:43:12 -0500] "-" 408 -
192.168.175.104 - - [09/Feb/2018:03:43:32 -0500] "GET / HTTP/1.1" 200 9990
66.249.66.155 - - [09/Feb/2018:03:43:39 -0500] "GET /BLA/resoluciones/RESOLUCIONES%202007/RES%202007%202901%20AL%203000/RESOLUCION%202949%20DE%202007.pdf HTTP/1.1" 200 266588
35.190.203.87 - - [09/Feb/2018:03:44:14 -0500] "-" 408 -
199.30.24.87 - - [09/Feb/2018:03:44:16 -0500] "GET /catalogoisis/imagenes/br1c1.gif HTTP/1.1" 200 172
66.249.66.155 - - [09/Feb/2018:03:44:16 -0500] "GET /BLA/resoluciones/RESOLUCIONES%202007/RES%202007%20101%20AL%20200/RESOLUCION%200101%20DE%202007.pdf HTTP/1.1" 200 287146
65.55.210.204 - - [09/Feb/2018:03:44:17 -0500] "GET /catalogoisis/imagenes/br1c2.gif HTTP/1.1" 200 297
65.55.210.143 - - [09/Feb/2018:03:44:18 -0500] "GET /catalogoisis/imagenes/br2c1.gif HTTP/1.1" 200 297
65.55.210.204 - - [09/Feb/2018:03:44:19 -0500] "GET /catalogoisis/imagenes/br2c2.gif HTTP/1.1" 200 302
199.30.24.54 - - [09/Feb/2018:03:44:20 -0500] "GET /catalogoisis/imagenes/br2c3.gif HTTP/1.1" 200 416
66.249.66.153 - - [09/Feb/2018:03:44:21 -0500] "GET /BLA/resoluciones/AUTOS%202015/1275.pdf HTTP/1.1" 200 513911
192.168.175.104 - - [09/Feb/2018:03:44:28 -0500] "GET / HTTP/1.1" 200 9990
192.168.175.104 - - [09/Feb/2018:03:44:42 -0500] "GET / HTTP/1.0" 200 9990
66.249.66.156 - - [09/Feb/2018:03:44:44 -0500] "GET /BLA/resoluciones/Autos%202008/2946.pdf HTTP/1.1" 200 50270
189.164.84.176 - - [09/Feb/2018:03:45:12 -0500] "GET /galeria/galeria/fotos/cusumbo4G.jpg HTTP/1.1" 200 292522
35.189.218.56 - - [09/Feb/2018:03:45:13 -0500] "-" 408 -
66.249.66.155 - - [09/Feb/2018:03:45:31 -0500] "GET /BLA/resoluciones/RESOLUCIONES%202010/5568.pdf HTTP/1.1" 200 229788
164.132.161.85 - - [09/Feb/2018:03:45:58 -0500] "GET /BLA/resoluciones/RESOLUCIONES%202002/RES%202002%201951-1971/20021967.tif HTTP/1.1" 200 70110
66.249.66.155 - - [09/Feb/2018:03:46:13 -0500] "GET /BLA/resoluciones/RESOLUCIONES%202008/5654.pdf HTTP/1.1" 200 216686
69.162.124.233 - - [09/Feb/2018:03:46:19 -0500] "HEAD / HTTP/1.1" 200 -
35.190.207.132 - - [09/Feb/2018:03:46:20 -0500] "-" 408 -
35.187.52.64 - - [09/Feb/2018:03:47:18 -0500] "-" 408 -
66.249.66.156 - - [09/Feb/2018:03:47:40 -0500] "GET /BLA/resoluciones/RESOLUCIONES%202010/5709.pdf HTTP/1.1" 200 77452
66.249.66.153 - - [09/Feb/2018:03:48:19 -0500] "GET /BLA/resoluciones/Autos%202008/1208.pdf HTTP/1.1" 200 156168
35.190.203.87 - - [09/Feb/2018:03:48:22 -0500] "-" 408 -
192.168.175.104 - - [09/Feb/2018:03:48:29 -0500] "GET / HTTP/1.1" 200 9990
164.132.161.53 - - [09/Feb/2018:03:48:46 -0500] "GET /BLA/resoluciones/AUTOS%202006/AUTOS%202006%202601%20-%202700/00002686.tif HTTP/1.1" 200 53350
157.55.39.81 - - [09/Feb/2018:03:49:12 -0500] "GET /galeria/galeria/fotos/diaSC6.jpg HTTP/1.1" 200 117970
66.249.66.153 - - [09/Feb/2018:03:49:13 -0500] "GET /BLA/resoluciones/Autos%202008/0551.pdf HTTP/1.1" 200 166650
104.199.87.90 - - [09/Feb/2018:03:49:17 -0500] "-" 408 -
192.168.175.104 - - [09/Feb/2018:03:49:26 -0500] "GET / HTTP/1.1" 200 9990
192.168.175.104 - - [09/Feb/2018:03:49:40 -0500] "GET / HTTP/1.0" 200 9990
66.249.66.153 - - [09/Feb/2018:03:49:52 -0500] "GET /BLA/resoluciones/RESOLUCIONES%202009/0002.pdf HTTP/1.1" 200 234079
104.199.87.90 - - [09/Feb/2018:03:50:22 -0500] "-" 408 -
54.36.148.231 - - [09/Feb/2018:03:50:46 -0500] "GET /BLA/resoluciones/RESOLUCIONES%202004/RES%202004%201901-1950/00001916.tif HTTP/1.1" 200 356160
66.249.66.153 - - [09/Feb/2018:03:51:14 -0500] "GET /BLA/resoluciones/AUTOS%202007/0606.pdf HTTP/1.1" 200 66736
69.162.124.233 - - [09/Feb/2018:03:51:19 -0500] "HEAD / HTTP/1.1" 200 -
66.249.66.153 - - [09/Feb/2018:03:51:22 -0500] "GET /BLA/resoluciones/Autos%202008/0378.pdf HTTP/1.1" 200 144041
35.187.96.204 - - [09/Feb/2018:03:51:27 -0500] "-" 408 -
66.249.66.153 - - [09/Feb/2018:03:52:06 -0500] "GET /BLA/resoluciones/RESOLUCIONES%202010/5237.pdf HTTP/1.1" 200 766807
212.90.148.126 - - [09/Feb/2018:03:52:10 -0500] "-" 408 -
35.187.96.204 - - [09/Feb/2018:03:52:25 -0500] "-" 408 -
212.90.148.126 - - [09/Feb/2018:03:52:28 -0500] "-" 408 -
212.90.148.126 - - [09/Feb/2018:03:52:46 -0500] "-" 408 -
212.90.148.126 - - [09/Feb/2018:03:53:13 -0500] "-" 408 -
217.182.132.84 - - [09/Feb/2018:03:53:27 -0500] "GET /BLA/resoluciones/RESOLUCIONES%202006/RES%202006%202501-2550/00002505.tif HTTP/1.1" 200 199000
5.9.111.70 - - [09/Feb/2018:03:53:27 -0500] "GET /robots.txt HTTP/1.1" 404 1015
192.168.175.104 - - [09/Feb/2018:03:53:28 -0500] "GET / HTTP/1.1" 200 9990
5.9.111.70 - - [09/Feb/2018:03:53:29 -0500] "GET /PORTAL_SIAC/?C=M;O=A HTTP/1.1" 200 1215
5.9.111.70 - - [09/Feb/2018:03:53:30 -0500] "GET /PORTAL_SIAC/?C=N;O=A HTTP/1.1" 200 1215
35.189.218.56 - - [09/Feb/2018:03:53:31 -0500] "-" 408 -
5.9.111.70 - - [09/Feb/2018:03:53:32 -0500] "GET /portalsiaccapacitaciones/ HTTP/1.1" 200 5640
5.9.111.70 - - [09/Feb/2018:03:53:35 -0500] "GET /robots.txt HTTP/1.1" 404 1019
212.90.148.126 - - [09/Feb/2018:03:53:35 -0500] "-" 408 -
5.9.111.70 - - [09/Feb/2018:03:53:37 -0500] "GET /?C=D;O=A HTTP/1.1" 200 9990
5.9.111.70 - - [09/Feb/2018:03:53:39 -0500] "GET /?C=M;O=A HTTP/1.1" 200 9990
5.9.111.70 - - [09/Feb/2018:03:53:41 -0500] "GET /?C=N;O=D HTTP/1.1" 200 9990
66.249.66.153 - - [09/Feb/2018:03:53:42 -0500] "GET /BLA/resoluciones/RESOLUCIONES%202009/4153.pdf HTTP/1.1" 200 780888
5.9.111.70 - - [09/Feb/2018:03:53:43 -0500] "GET /Anexos%20estudio%20Organizacional%20SDA/ANEXO%20No.%201-%20NORMAS%20LEGALES%20DE%20ESTRUCTURA%20Y%20PLANTA/Decreto%20308%20de%202001%20-%20Modifica%20estructura%20del%20DAMA.jsp_files/ladc.css HTTP/1.1" 200 5119
5.9.111.70 - - [09/Feb/2018:03:53:44 -0500] "GET /Anexos%20estudio%20Organizacional%20SDA/ANEXO%20No.%201-%20NORMAS%20LEGALES%20DE%20ESTRUCTURA%20Y%20PLANTA/Decreto%20308%20de%202001%20-%20Modifica%20estructura%20del%20DAMA.jsp_files/ladc.htm HTTP/1.1" 200 1071
5.9.111.70 - - [09/Feb/2018:03:53:46 -0500] "GET /Anexos%20estudio%20Organizacional%20SDA/ANEXO%20No.%201-%20NORMAS%20LEGALES%20DE%20ESTRUCTURA%20Y%20PLANTA/Decreto%20308%20de%202001%20-%20Modifica%20estructura%20del%20DAMA.jsp_files/screen.css HTTP/1.1" 200 2444
5.9.111.70 - - [09/Feb/2018:03:53:48 -0500] "GET /Anexos%20estudio%20Organizacional%20SDA/ANEXO%20No.%201-%20NORMAS%20LEGALES%20DE%20ESTRUCTURA%20Y%20PLANTA/Decreto%20562%20de%202006%20-%20Establece%20planta%20de%20cargos%20de%20SDA.jsp_files/AjaxRequest.js HTTP/1.1" 200 17069
66.249.66.156 - - [09/Feb/2018:03:53:50 -0500] "GET /Autoliquidacion/Cobro%20Clasificacion%20Uso%20De%20Vivenda%20En%20Suelo%20Restringido/Concepto%20Clasificaci%C3%B3n%20Uso%20Vivienda%20en%20Suelo%20Restringido.doc HTTP/1.1" 200 116736
5.9.111.70 - - [09/Feb/2018:03:53:51 -0500] "GET /Anexos%20estudio%20Organizacional%20SDA/ANEXO%20No.%201-%20NORMAS%20LEGALES%20DE%20ESTRUCTURA%20Y%20PLANTA/Decreto%20562%20de%202006%20-%20Establece%20planta%20de%20cargos%20de%20SDA.jsp_files/jquery.js HTTP/1.1" 200 18179
5.9.111.70 - - [09/Feb/2018:03:53:52 -0500] "GET /Anexos%20estudio%20Organizacional%20SDA/ANEXO%20No.%201-%20NORMAS%20LEGALES%20DE%20ESTRUCTURA%20Y%20PLANTA/Decreto%20562%20de%202006%20-%20Establece%20planta%20de%20cargos%20de%20SDA.jsp_files/ladc.css HTTP/1.1" 200 5119
5.9.111.70 - - [09/Feb/2018:03:53:55 -0500] "GET /Anexos%20estudio%20Organizacional%20SDA/ANEXO%20No.%201-%20NORMAS%20LEGALES%20DE%20ESTRUCTURA%20Y%20PLANTA/Decreto%20562%20de%202006%20-%20Establece%20planta%20de%20cargos%20de%20SDA.jsp_files/screen.css HTTP/1.1" 200 2444
5.9.111.70 - - [09/Feb/2018:03:53:57 -0500] "GET /Anexos%20estudio%20Organizacional%20SDA/ANEXO%20No.%201-%20NORMAS%20LEGALES%20DE%20ESTRUCTURA%20Y%20PLANTA/Decreto%20631%20de%202007-%20Modifica%20planta%20de%20SDA.jsp_files/AjaxRequest.js HTTP/1.1" 200 17069
5.9.111.70 - - [09/Feb/2018:03:54:00 -0500] "GET /Anexos%20estudio%20Organizacional%20SDA/ANEXO%20No.%201-%20NORMAS%20LEGALES%20DE%20ESTRUCTURA%20Y%20PLANTA/Decreto%20631%20de%202007-%20Modifica%20planta%20de%20SDA.jsp_files/jquery-1.js HTTP/1.1" 200 57254
212.90.148.126 - - [09/Feb/2018:03:54:03 -0500] "-" 408 -
5.9.111.70 - - [09/Feb/2018:03:54:05 -0500] "GET /Anexos%20estudio%20Organizacional%20SDA/ANEXO%20No.%201-%20NORMAS%20LEGALES%20DE%20ESTRUCTURA%20Y%20PLANTA/Decreto%20631%20de%202007-%20Modifica%20planta%20de%20SDA.jsp_files/jquery.css HTTP/1.1" 200 4557
5.9.111.70 - - [09/Feb/2018:03:54:07 -0500] "GET /Anexos%20estudio%20Organizacional%20SDA/ANEXO%20No.%201-%20NORMAS%20LEGALES%20DE%20ESTRUCTURA%20Y%20PLANTA/Decreto%20631%20de%202007-%20Modifica%20planta%20de%20SDA.jsp_files/jquery.js HTTP/1.1" 200 18179
5.9.111.70 - - [09/Feb/2018:03:54:10 -0500] "GET /Anexos%20estudio%20Organizacional%20SDA/ANEXO%20No.%201-%20NORMAS%20LEGALES%20DE%20ESTRUCTURA%20Y%20PLANTA/Decreto%20631%20de%202007-%20Modifica%20planta%20de%20SDA.jsp_files/ladc.css HTTP/1.1" 200 5119
5.9.111.70 - - [09/Feb/2018:03:54:11 -0500] "GET /Anexos%20estudio%20Organizacional%20SDA/ANEXO%20No.%201-%20NORMAS%20LEGALES%20DE%20ESTRUCTURA%20Y%20PLANTA/Decreto%20631%20de%202007-%20Modifica%20planta%20de%20SDA.jsp_files/screen.css HTTP/1.1" 200 2444
5.9.111.70 - - [09/Feb/2018:03:54:13 -0500] "GET /Anexos%20estudio%20Organizacional%20SDA/ANEXO%20No.%201-%20NORMAS%20LEGALES%20DE%20ESTRUCTURA%20Y%20PLANTA/Decreto%20673%20de%201995%20Reestructura%20el%20DAMA_files/jquery.js HTTP/1.1" 200 18179
5.9.111.70 - - [09/Feb/2018:03:54:15 -0500] "GET /Anexos%20estudio%20Organizacional%20SDA/ANEXO%20No.%201-%20NORMAS%20LEGALES%20DE%20ESTRUCTURA%20Y%20PLANTA/Decreto%20673%20de%201995%20Reestructura%20el%20DAMA_files/ladc.css HTTP/1.1" 200 5119
5.9.111.70 - - [09/Feb/2018:03:54:17 -0500] "GET /Anexos%20estudio%20Organizacional%20SDA/ANEXO%20No.%201-%20NORMAS%20LEGALES%20DE%20ESTRUCTURA%20Y%20PLANTA/Decreto%20distrital%20110%20de%202009%20-%20modifica%20planta%20de%20empleos%20SDA.jsp_files/jquery-1.js HTTP/1.1" 200 57254
5.9.111.70 - - [09/Feb/2018:03:54:20 -0500] "GET /Anexos%20estudio%20Organizacional%20SDA/ANEXO%20No.%201-%20NORMAS%20LEGALES%20DE%20ESTRUCTURA%20Y%20PLANTA/Decreto%20distrital%20110%20de%202009%20-%20modifica%20planta%20de%20empleos%20SDA.jsp_files/jquery.js HTTP/1.1" 200 18179
5.9.111.70 - - [09/Feb/2018:03:54:22 -0500] "GET /Anexos%20estudio%20Organizacional%20SDA/ANEXO%20No.%201-%20NORMAS%20LEGALES%20DE%20ESTRUCTURA%20Y%20PLANTA/Decreto%20distrital%20110%20de%202009%20-%20modifica%20planta%20de%20empleos%20SDA.jsp_files/ladc.css HTTP/1.1" 200 5119
192.168.175.104 - - [09/Feb/2018:03:54:24 -0500] "GET / HTTP/1.1" 200 9990
5.9.111.70 - - [09/Feb/2018:03:54:24 -0500] "GET /Anexos%20estudio%20Organizacional%20SDA/ANEXO%20No.%201-%20NORMAS%20LEGALES%20DE%20ESTRUCTURA%20Y%20PLANTA/Decreto%20distrital%20110%20de%202009%20-%20modifica%20planta%20de%20empleos%20SDA.jsp_files/screen.css HTTP/1.1" 200 2444
212.90.148.126 - - [09/Feb/2018:03:54:25 -0500] "-" 408 -
5.9.111.70 - - [09/Feb/2018:03:54:26 -0500] "GET /Anexos%20estudio%20Organizacional%20SDA/index.php HTTP/1.1" 200 5840
5.9.111.70 - - [09/Feb/2018:03:54:29 -0500] "GET /Anexos%20estudio%20Organizacional%20SDA/index.php?dir=&sort=date&order=asc HTTP/1.1" 200 5840
35.190.201.122 - - [09/Feb/2018:03:54:31 -0500] "-" 408 -
195.201.36.134 - - [09/Feb/2018:03:54:33 -0500] "GET /robots.txt HTTP/1.1" 404 1019
5.9.111.70 - - [09/Feb/2018:03:54:32 -0500] "GET /Anexos%20estudio%20Organizacional%20SDA/index.php?dir=&sort=date&order=desc HTTP/1.1" 200 5839
195.201.36.134 - - [09/Feb/2018:03:54:35 -0500] "GET /POT-2013/index.php?dir=memoria%20justificativa/&sort=date&order=desc HTTP/1.1" 200 2483
5.9.111.70 - - [09/Feb/2018:03:54:35 -0500] "GET /Anexos%20estudio%20Organizacional%20SDA/index.php?dir=&sort=name&order=asc HTTP/1.1" 200 5840
192.168.175.104 - - [09/Feb/2018:03:54:38 -0500] "GET / HTTP/1.0" 200 9990
5.9.111.70 - - [09/Feb/2018:03:54:37 -0500] "GET /Anexos%20estudio%20Organizacional%20SDA/index.php?dir=&sort=name&order=desc HTTP/1.1" 200 5839
195.201.36.134 - - [09/Feb/2018:03:54:37 -0500] "GET /POT-2013/index.php?dir=memoria%20justificativa/&sort=name&order=asc HTTP/1.1" 200 2484
195.201.36.134 - - [09/Feb/2018:03:54:41 -0500] "GET /POT-2013/index.php?dir=memoria%20justificativa/&sort=name&order=desc HTTP/1.1" 200 2483
5.9.111.70 - - [09/Feb/2018:03:54:41 -0500] "GET /Anexos%20estudio%20Organizacional%20SDA/index.php?dir=&sort=size&order=asc HTTP/1.1" 200 5840
5.9.111.70 - - [09/Feb/2018:03:54:44 -0500] "GET /Anexos%20estudio%20Organizacional%20SDA/index.php?dir=&sort=size&order=desc HTTP/1.1" 200 5839
195.201.36.134 - - [09/Feb/2018:03:54:44 -0500] "GET /POT-2013/index.php?dir=memoria%20justificativa/&sort=size&order=asc HTTP/1.1" 200 2484
195.201.36.134 - - [09/Feb/2018:03:54:47 -0500] "GET /POT-2013/index.php?dir=memoria%20justificativa/&sort=size&order=desc HTTP/1.1" 200 2483
5.9.111.70 - - [09/Feb/2018:03:54:47 -0500] "GET /Anexos%20estudio%20Organizacional%20SDA/index.php?dir=ANEXO%20No.%201-%20NORMAS%20LEGALES%20DE%20ESTRUCTURA%20Y%20PLANTA/ HTTP/1.1" 200 11016
195.201.36.134 - - [09/Feb/2018:03:54:50 -0500] "GET /PruebasSTORM/?C=M;O=D HTTP/1.1" 200 1843
5.9.111.70 - - [09/Feb/2018:03:54:50 -0500] "GET /Anexos%20estudio%20Organizacional%20SDA/index.php?dir=ANEXO%20No.%201-%20NORMAS%20LEGALES%20DE%20ESTRUCTURA%20Y%20PLANTA/&sort=date&order=asc HTTP/1.1" 200 11016
195.201.36.134 - - [09/Feb/2018:03:54:53 -0500] "GET /PruebasSTORM/?C=S;O=D HTTP/1.1" 200 1843
212.90.148.126 - - [09/Feb/2018:03:54:53 -0500] "-" 408 -
5.9.111.70 - - [09/Feb/2018:03:54:53 -0500] "GET /Anexos%20estudio%20Organizacional%20SDA/index.php?dir=ANEXO%20No.%201-%20NORMAS%20LEGALES%20DE%20ESTRUCTURA%20Y%20PLANTA/&sort=date&order=desc HTTP/1.1" 200 11015
195.201.36.134 - - [09/Feb/2018:03:54:55 -0500] "GET /PruebasSTORM/Pruebas/?C=D;O=D HTTP/1.1" 200 776
195.201.36.134 - - [09/Feb/2018:03:54:57 -0500] "GET /PruebasSTORM/Pruebas/?C=M;O=D HTTP/1.1" 200 776
5.9.111.70 - - [09/Feb/2018:03:54:56 -0500] "GET /Anexos%20estudio%20Organizacional%20SDA/index.php?dir=ANEXO%20No.%201-%20NORMAS%20LEGALES%20DE%20ESTRUCTURA%20Y%20PLANTA/&sort=name&order=asc HTTP/1.1" 200 11016
195.201.36.134 - - [09/Feb/2018:03:54:59 -0500] "GET /PruebasSTORM/Pruebas/?C=N;O=A HTTP/1.1" 200 776
66.249.66.153 - - [09/Feb/2018:03:55:00 -0500] "GET /BLA/resoluciones/Autos%202008/0687.pdf HTTP/1.1" 200 89648
5.9.111.70 - - [09/Feb/2018:03:54:59 -0500] "GET /Anexos%20estudio%20Organizacional%20SDA/index.php?dir=ANEXO%20No.%201-%20NORMAS%20LEGALES%20DE%20ESTRUCTURA%20Y%20PLANTA/&sort=name&order=desc HTTP/1.1" 200 11015
195.201.36.134 - - [09/Feb/2018:03:55:01 -0500] "GET /PruebasSTORM/Pruebas/?C=S;O=D HTTP/1.1" 200 776
5.9.111.70 - - [09/Feb/2018:03:55:02 -0500] "GET /Anexos%20estudio%20Organizacional%20SDA/index.php?dir=ANEXO%20No.%201-%20NORMAS%20LEGALES%20DE%20ESTRUCTURA%20Y%20PLANTA/&sort=size&order=asc HTTP/1.1" 200 11016
195.201.36.134 - - [09/Feb/2018:03:55:03 -0500] "GET /PruebasSTORM/StormSDA_pruebas/?C=D;O=D HTTP/1.1" 200 3559
195.201.36.134 - - [09/Feb/2018:03:55:06 -0500] "GET /PruebasSTORM/StormSDA_pruebas/?C=M;O=D HTTP/1.1" 200 3559
5.9.111.70 - - [09/Feb/2018:03:55:05 -0500] "GET /Anexos%20estudio%20Organizacional%20SDA/index.php?dir=ANEXO%20No.%201-%20NORMAS%20LEGALES%20DE%20ESTRUCTURA%20Y%20PLANTA/&sort=size&order=desc HTTP/1.1" 200 11015
195.201.36.134 - - [09/Feb/2018:03:55:08 -0500] "GET /PruebasSTORM/StormSDA_pruebas/?C=N;O=A HTTP/1.1" 200 3559
5.9.111.70 - - [09/Feb/2018:03:55:08 -0500] "GET /Anexos%20estudio%20Organizacional%20SDA/index.php?dir=ANEXO%20No.%201-%20NORMAS%20LEGALES%20DE%20ESTRUCTURA%20Y%20PLANTA/Decreto%20109%20de%202009%20-%20Modifica%20la%20estructura%20de%20la%20SDA.jsp_files/&sort=date&order=asc HTTP/1.1" 200 10536
195.201.36.134 - - [09/Feb/2018:03:55:10 -0500] "GET /PruebasSTORM/StormSDA_pruebas/?C=S;O=D HTTP/1.1" 200 3559
195.201.36.134 - - [09/Feb/2018:03:55:12 -0500] "GET /PruebasSTORM/StormSDA_pruebas/forms/?C=D;O=D HTTP/1.1" 200 3538
5.9.111.70 - - [09/Feb/2018:03:55:11 -0500] "GET /Anexos%20estudio%20Organizacional%20SDA/index.php?dir=ANEXO%20No.%201-%20NORMAS%20LEGALES%20DE%20ESTRUCTURA%20Y%20PLANTA/Decreto%20109%20de%202009%20-%20Modifica%20la%20estructura%20de%20la%20SDA.jsp_files/&sort=date&order=desc HTTP/1.1" 200 10689
212.90.148.126 - - [09/Feb/2018:03:55:12 -0500] "-" 408 -
5.9.111.70 - - [09/Feb/2018:03:55:15 -0500] "GET /Anexos%20estudio%20Organizacional%20SDA/index.php?dir=ANEXO%20No.%201-%20NORMAS%20LEGALES%20DE%20ESTRUCTURA%20Y%20PLANTA/Decreto%20109%20de%202009%20-%20Modifica%20la%20estructura%20de%20la%20SDA.jsp_files/&sort=name&order=asc HTTP/1.1" 200 10511
195.201.36.134 - - [09/Feb/2018:03:55:17 -0500] "GET /PruebasSTORM/StormSDA_pruebas/forms/?C=M;O=D HTTP/1.1" 200 3538
5.9.111.70 - - [09/Feb/2018:03:55:18 -0500] "GET /Anexos%20estudio%20Organizacional%20SDA/index.php?dir=ANEXO%20No.%201-%20NORMAS%20LEGALES%20DE%20ESTRUCTURA%20Y%20PLANTA/Decreto%20109%20de%202009%20-%20Modifica%20la%20estructura%20de%20la%20SDA.jsp_files/&sort=name&order=desc HTTP/1.1" 200 10517
195.201.36.134 - - [09/Feb/2018:03:55:20 -0500] "GET /PruebasSTORM/StormSDA_pruebas/forms/?C=N;O=A HTTP/1.1" 200 3538
5.9.111.70 - - [09/Feb/2018:03:55:20 -0500] "GET /Anexos%20estudio%20Organizacional%20SDA/index.php?dir=ANEXO%20No.%201-%20NORMAS%20LEGALES%20DE%20ESTRUCTURA%20Y%20PLANTA/Decreto%20109%20de%202009%20-%20Modifica%20la%20estructura%20de%20la%20SDA.jsp_files/&sort=size&order=asc HTTP/1.1" 200 10682
195.201.36.134 - - [09/Feb/2018:03:55:23 -0500] "GET /PruebasSTORM/StormSDA_pruebas/forms/?C=S;O=D HTTP/1.1" 200 3538
5.9.111.70 - - [09/Feb/2018:03:55:24 -0500] "GET /Anexos%20estudio%20Organizacional%20SDA/index.php?dir=ANEXO%20No.%201-%20NORMAS%20LEGALES%20DE%20ESTRUCTURA%20Y%20PLANTA/Decreto%20109%20de%202009%20-%20Modifica%20la%20estructura%20de%20la%20SDA.jsp_files/&sort=size&order=desc HTTP/1.1" 200 10171
195.201.36.134 - - [09/Feb/2018:03:55:26 -0500] "GET /PruebasSTORM/StormSDA_pruebas/lib/?C=D;O=D HTTP/1.1" 200 6445
5.255.250.154 - - [09/Feb/2018:03:55:27 -0500] "GET /robots.txt HTTP/1.1" 404 1019
5.9.111.70 - - [09/Feb/2018:03:55:27 -0500] "GET /Anexos%20estudio%20Organizacional%20SDA/index.php?dir=ANEXO%20No.%201-%20NORMAS%20LEGALES%20DE%20ESTRUCTURA%20Y%20PLANTA/Decreto%20175%20de%202009%20_files/ HTTP/1.1" 200 9181
195.201.36.134 - - [09/Feb/2018:03:55:28 -0500] "GET /PruebasSTORM/StormSDA_pruebas/lib/?C=M;O=D HTTP/1.1" 200 6445
35.187.34.70 - - [09/Feb/2018:03:55:30 -0500] "-" 408 -
195.201.36.134 - - [09/Feb/2018:03:55:31 -0500] "GET /PruebasSTORM/StormSDA_pruebas/lib/?C=N;O=A HTTP/1.1" 200 6445
195.201.36.134 - - [09/Feb/2018:03:55:33 -0500] "GET /PruebasSTORM/StormSDA_pruebas/lib/?C=S;O=D HTTP/1.1" 200 6445
5.9.111.70 - - [09/Feb/2018:03:55:32 -0500] "GET /Anexos%20estudio%20Organizacional%20SDA/index.php?dir=ANEXO%20No.%201-%20NORMAS%20LEGALES%20DE%20ESTRUCTURA%20Y%20PLANTA/Decreto%20175%20de%202009%20_files/&sort=date&order=asc HTTP/1.1" 200 9190
195.201.36.134 - - [09/Feb/2018:03:55:35 -0500] "GET /PruebasSTORM/StormSDA_pruebas/lib/win32/?C=D;O=D HTTP/1.1" 200 1266
5.9.111.70 - - [09/Feb/2018:03:55:35 -0500] "GET /Anexos%20estudio%20Organizacional%20SDA/index.php?dir=ANEXO%20No.%201-%20NORMAS%20LEGALES%20DE%20ESTRUCTURA%20Y%20PLANTA/Decreto%20175%20de%202009%20_files/&sort=name&order=desc HTTP/1.1" 200 9187
195.201.36.134 - - [09/Feb/2018:03:55:37 -0500] "GET /PruebasSTORM/StormSDA_pruebas/lib/win32/?C=M;O=D HTTP/1.1" 200 1266
195.201.36.134 - - [09/Feb/2018:03:55:39 -0500] "GET /PruebasSTORM/StormSDA_pruebas/lib/win32/?C=N;O=A HTTP/1.1" 200 1266
186.83.9.37 - - [09/Feb/2018:03:55:39 -0500] "GET /galeria/galeria/jquery.fancybox.css?v=2.1.5 HTTP/1.1" 200 4895
186.83.9.37 - - [09/Feb/2018:03:55:39 -0500] "GET /BLA/boletinlegal/js/jquery.scrollShow.js HTTP/1.1" 200 4586
186.83.9.37 - - [09/Feb/2018:03:55:39 -0500] "GET /galeria/galeria/jquery.fancybox.js?v=2.1.5 HTTP/1.1" 200 48706
5.9.111.70 - - [09/Feb/2018:03:55:38 -0500] "GET /Anexos%20estudio%20Organizacional%20SDA/index.php?dir=ANEXO%20No.%201-%20NORMAS%20LEGALES%20DE%20ESTRUCTURA%20Y%20PLANTA/Decreto%20175%20de%202009%20_files/&sort=size&order=asc HTTP/1.1" 200 9314
195.201.36.134 - - [09/Feb/2018:03:55:41 -0500] "GET /PruebasSTORM/StormSDA_pruebas/lib/win32/?C=S;O=D HTTP/1.1" 200 1266
5.9.111.70 - - [09/Feb/2018:03:55:41 -0500] "GET /Anexos%20estudio%20Organizacional%20SDA/index.php?dir=ANEXO%20No.%201-%20NORMAS%20LEGALES%20DE%20ESTRUCTURA%20Y%20PLANTA/Decreto%20175%20de%202009_files/ HTTP/1.1" 200 9143
195.201.36.134 - - [09/Feb/2018:03:55:42 -0500] "GET /PruebasSTORM/StormSDA_pruebas/nsjars/?C=D;O=D HTTP/1.1" 200 4116
186.83.9.37 - - [09/Feb/2018:03:55:43 -0500] "GET /BLA/boletinlegal/js/jquery.scrollShow.js HTTP/1.1" 304 -
186.83.9.37 - - [09/Feb/2018:03:55:43 -0500] "GET /galeria/galeria/jquery.fancybox.js?v=2.1.5 HTTP/1.1" 304 -
186.83.9.37 - - [09/Feb/2018:03:55:43 -0500] "GET /galeria/galeria/jquery.fancybox.css?v=2.1.5 HTTP/1.1" 304 -
195.201.36.134 - - [09/Feb/2018:03:55:45 -0500] "GET /PruebasSTORM/StormSDA_pruebas/nsjars/?C=M;O=D HTTP/1.1" 200 4116
5.9.111.70 - - [09/Feb/2018:03:55:44 -0500] "GET /Anexos%20estudio%20Organizacional%20SDA/index.php?dir=ANEXO%20No.%201-%20NORMAS%20LEGALES%20DE%20ESTRUCTURA%20Y%20PLANTA/Decreto%20175%20de%202009_files/&sort=date&order=asc HTTP/1.1" 200 8612
195.201.36.134 - - [09/Feb/2018:03:55:46 -0500] "GET /PruebasSTORM/StormSDA_pruebas/nsjars/?C=N;O=A HTTP/1.1" 200 4116
5.9.111.70 - - [09/Feb/2018:03:55:47 -0500] "GET /Anexos%20estudio%20Organizacional%20SDA/index.php?dir=ANEXO%20No.%201-%20NORMAS%20LEGALES%20DE%20ESTRUCTURA%20Y%20PLANTA/Decreto%20175%20de%202009_files/&sort=name&order=desc HTTP/1.1" 200 9149
195.201.36.134 - - [09/Feb/2018:03:55:48 -0500] "GET /PruebasSTORM/StormSDA_pruebas/nsjars/?C=S;O=D HTTP/1.1" 200 4116
195.201.36.134 - - [09/Feb/2018:03:55:50 -0500] "GET /PruebasSTORM/StormSDA_pruebas/storm/?C=D;O=D HTTP/1.1" 200 5623
5.9.111.70 - - [09/Feb/2018:03:55:49 -0500] "GET /Anexos%20estudio%20Organizacional%20SDA/index.php?dir=ANEXO%20No.%201-%20NORMAS%20LEGALES%20DE%20ESTRUCTURA%20Y%20PLANTA/Decreto%20175%20de%202009_files/&sort=size&order=asc HTTP/1.1" 200 9275
195.201.36.134 - - [09/Feb/2018:03:55:54 -0500] "GET /PruebasSTORM/StormSDA_pruebas/storm/?C=M;O=D HTTP/1.1" 200 5623
5.9.111.70 - - [09/Feb/2018:03:55:53 -0500] "GET /Anexos%20estudio%20Organizacional%20SDA/index.php?dir=ANEXO%20No.%201-%20NORMAS%20LEGALES%20DE%20ESTRUCTURA%20Y%20PLANTA/Decreto%20308%20de%202001%20-%20Modifica%20estructura%20del%20DAMA.jsp_files/ HTTP/1.1" 200 10793
195.201.36.134 - - [09/Feb/2018:03:55:57 -0500] "GET /PruebasSTORM/StormSDA_pruebas/storm/?C=N;O=A HTTP/1.1" 200 5623
5.9.111.70 - - [09/Feb/2018:03:55:57 -0500] "GET /Anexos%20estudio%20Organizacional%20SDA/index.php?dir=ANEXO%20No.%201-%20NORMAS%20LEGALES%20DE%20ESTRUCTURA%20Y%20PLANTA/Decreto%20308%20de%202001%20-%20Modifica%20estructura%20del%20DAMA.jsp_files/&sort=date&order=asc HTTP/1.1" 200 10799
195.201.36.134 - - [09/Feb/2018:03:56:00 -0500] "GET /PruebasSTORM/StormSDA_pruebas/storm/?C=S;O=D HTTP/1.1" 200 5623
5.9.111.70 - - [09/Feb/2018:03:56:00 -0500] "GET /Anexos%20estudio%20Organizacional%20SDA/index.php?dir=ANEXO%20No.%201-%20NORMAS%20LEGALES%20DE%20ESTRUCTURA%20Y%20PLANTA/Decreto%20308%20de%202001%20-%20Modifica%20estructura%20del%20DAMA.jsp_files/&sort=name&order=desc HTTP/1.1" 200 10801
195.201.36.134 - - [09/Feb/2018:03:56:02 -0500] "GET /PruebasSTORM/StormSDA_pruebas/stormWeb/?C=D;O=D HTTP/1.1" 200 1475
5.9.111.70 - - [09/Feb/2018:03:56:03 -0500] "GET /Anexos%20estudio%20Organizacional%20SDA/index.php?dir=ANEXO%20No.%201-%20NORMAS%20LEGALES%20DE%20ESTRUCTURA%20Y%20PLANTA/Decreto%20308%20de%202001%20-%20Modifica%20estructura%20del%20DAMA.jsp_files/&sort=size&order=asc HTTP/1.1" 200 10964
195.201.36.134 - - [09/Feb/2018:03:56:04 -0500] "GET /PruebasSTORM/StormSDA_pruebas/stormWeb/?C=M;O=D HTTP/1.1" 200 1475
195.201.36.134 - - [09/Feb/2018:03:56:07 -0500] "GET /PruebasSTORM/StormSDA_pruebas/stormWeb/?C=N;O=A HTTP/1.1" 200 1475
5.9.111.70 - - [09/Feb/2018:03:56:06 -0500] "GET /Anexos%20estudio%20Organizacional%20SDA/index.php?dir=ANEXO%20No.%201-%20NORMAS%20LEGALES%20DE%20ESTRUCTURA%20Y%20PLANTA/Decreto%20561%20de%202006%20-%20Establece%20estructura%20de%20la%20SDA.jsp_files/ HTTP/1.1" 200 10435
195.201.36.134 - - [09/Feb/2018:03:56:09 -0500] "GET /PruebasSTORM/StormSDA_pruebas/stormWeb/?C=S;O=D HTTP/1.1" 200 1475
195.201.36.134 - - [09/Feb/2018:03:56:11 -0500] "GET /PruebasSTORM/StormSDA_pruebas/stormWeb/img/?C=M;O=D HTTP/1.1" 200 2988
5.9.111.70 - - [09/Feb/2018:03:56:10 -0500] "GET /Anexos%20estudio%20Organizacional%20SDA/index.php?dir=ANEXO%20No.%201-%20NORMAS%20LEGALES%20DE%20ESTRUCTURA%20Y%20PLANTA/Decreto%20561%20de%202006%20-%20Establece%20estructura%20de%20la%20SDA.jsp_files/&sort=date&order=asc HTTP/1.1" 200 10617
195.201.36.134 - - [09/Feb/2018:03:56:12 -0500] "GET /PruebasSTORM/StormSDA_pruebas/stormWeb/img/?C=S;O=D HTTP/1.1" 200 2988
195.201.36.134 - - [09/Feb/2018:03:56:14 -0500] "GET /PruebasSTORM/StormSDA_pruebas/storm_silv/?C=D;O=D HTTP/1.1" 200 5857
5.9.111.70 - - [09/Feb/2018:03:56:15 -0500] "GET /Anexos%20estudio%20Organizacional%20SDA/index.php?dir=ANEXO%20No.%201-%20NORMAS%20LEGALES%20DE%20ESTRUCTURA%20Y%20PLANTA/Decreto%20561%20de%202006%20-%20Establece%20estructura%20de%20la%20SDA.jsp_files/&sort=date&order=desc HTTP/1.1" 200 10439
