201.232.182.124 - - [01/May/2018:13:19:59 -0500] "GET /BLA/boletinlegal/js/jquery.js HTTP/1.1" 200 57254
201.232.182.124 - - [01/May/2018:13:19:59 -0500] "GET /BLA/boletinlegal/styles2.css HTTP/1.1" 200 1838
201.232.182.124 - - [01/May/2018:13:19:59 -0500] "GET /BLA/boletinlegal/js/jquery.scrollTo-min.js HTTP/1.1" 200 1150
201.232.182.124 - - [01/May/2018:13:19:59 -0500] "GET /BLA/boletinlegal/images/cabezote%20BLEGAL.jpg HTTP/1.1" 200 118164
201.232.182.124 - - [01/May/2018:13:20:00 -0500] "GET /BLA/boletinlegal/images/subscribe-icon-big.png HTTP/1.1" 200 47702
201.232.182.124 - - [01/May/2018:13:20:00 -0500] "GET /BLA/boletinlegal/images/historia.png HTTP/1.1" 200 52775
201.232.182.124 - - [01/May/2018:13:20:00 -0500] "GET /BLA/boletinlegal/images/registro-usuarios.png HTTP/1.1" 200 8106
201.232.182.124 - - [01/May/2018:13:20:00 -0500] "GET /BLA/boletinlegal/images/screen_1.png HTTP/1.1" 200 202547
201.232.182.124 - - [01/May/2018:13:20:00 -0500] "GET /BLA/boletinlegal/images/arr_l.jpg HTTP/1.1" 200 1979
201.232.182.124 - - [01/May/2018:13:20:00 -0500] "GET /BLA/boletinlegal/images/launch.jpg HTTP/1.1" 200 14577
66.249.69.149 - - [01/May/2018:13:20:00 -0500] "GET /BLA/resoluciones/AUTOS%202008/0375.pdf HTTP/1.1" 200 130508
201.232.182.124 - - [01/May/2018:13:20:00 -0500] "GET /BLA/boletinlegal/images/menu_lft.gif HTTP/1.1" 200 1713
35.190.201.122 - - [01/May/2018:13:20:00 -0500] "-" 408 -
201.232.182.124 - - [01/May/2018:13:20:00 -0500] "GET /BLA/boletinlegal/images/menu_rght.gif HTTP/1.1" 200 1627
201.232.182.124 - - [01/May/2018:13:20:00 -0500] "GET /BLA/boletinlegal/images/text.jpg HTTP/1.1" 200 568
201.232.182.124 - - [01/May/2018:13:20:00 -0500] "GET /BLA/boletinlegal/images/bg_top.jpg HTTP/1.1" 200 522
201.232.182.124 - - [01/May/2018:13:20:00 -0500] "GET /BLA/boletinlegal/images/hover.jpg HTTP/1.1" 200 640
201.232.182.124 - - [01/May/2018:13:20:00 -0500] "GET /BLA/boletinlegal/images/menu_bg.jpg HTTP/1.1" 200 620
201.232.182.124 - - [01/May/2018:13:20:01 -0500] "GET /BLA/boletinlegal/images/body_bg.jpg HTTP/1.1" 200 1601
66.249.69.149 - - [01/May/2018:13:20:04 -0500] "GET /BLA/resoluciones/AUTOS%202008/1010.pdf HTTP/1.1" 200 177018
201.232.182.124 - - [01/May/2018:13:20:05 -0500] "GET /BLA/boletinlegal/images/screen_3.png HTTP/1.1" 200 210620
201.232.182.124 - - [01/May/2018:13:20:05 -0500] "GET /BLA/boletinlegal/images/screen_2.png HTTP/1.1" 200 362502
201.232.182.124 - - [01/May/2018:13:20:05 -0500] "GET /BLA/boletinlegal/images/arr_r.jpg HTTP/1.1" 200 1998
201.232.182.124 - - [01/May/2018:13:20:05 -0500] "GET /BLA/boletinlegal/images/footer_bg.jpg HTTP/1.1" 200 586
201.232.182.124 - - [01/May/2018:13:20:05 -0500] "GET /BLA/boletinlegal/images/screen_5.png HTTP/1.1" 200 368876
66.249.69.148 - - [01/May/2018:13:20:06 -0500] "GET /BLA/resoluciones/AUTOS%202008/0274.pdf HTTP/1.1" 200 191085
201.232.182.124 - - [01/May/2018:13:20:13 -0500] "GET /BLA/boletinlegal/images/pdf.gif HTTP/1.1" 200 567
201.157.36.34 - - [01/May/2018:13:20:25 -0500] "GET /galeria/galeria/jquery.fancybox.js?v=2.1.5 HTTP/1.1" 200 48706
201.157.36.34 - - [01/May/2018:13:20:25 -0500] "GET /galeria/galeria/jquery.fancybox.css?v=2.1.5 HTTP/1.1" 200 4895
201.157.36.34 - - [01/May/2018:13:20:25 -0500] "GET /BLA/boletinlegal/js/jquery.scrollShow.js HTTP/1.1" 200 4586
181.176.91.197 - - [01/May/2018:13:20:31 -0500] "-" 408 -
181.176.91.197 - - [01/May/2018:13:20:31 -0500] "-" 408 -
186.154.161.88 - - [01/May/2018:13:20:49 -0500] "GET /BLA/resoluciones/AUTOS%202012/2523.pdf HTTP/1.1" 200 2303116
186.154.161.88 - - [01/May/2018:13:20:49 -0500] "GET /favicon.ico HTTP/1.1" 200 7782
106.38.241.164 - - [01/May/2018:13:20:52 -0500] "GET /robots.txt HTTP/1.1" 404 1019
106.38.241.164 - - [01/May/2018:13:20:55 -0500] "GET / HTTP/1.1" 304 -
192.168.175.104 - - [01/May/2018:13:20:59 -0500] "GET / HTTP/1.0" 200 9990
35.205.45.244 - - [01/May/2018:13:20:59 -0500] "-" 408 -
66.249.69.148 - - [01/May/2018:13:21:02 -0500] "GET /BLA/resoluciones/AUTOS%202008/0809.pdf HTTP/1.1" 200 133875
66.249.69.148 - - [01/May/2018:13:21:03 -0500] "GET /BLA/resoluciones/AUTOS%202008/3491.pdf HTTP/1.1" 200 54056
66.249.69.148 - - [01/May/2018:13:21:05 -0500] "GET /BLA/resoluciones/AUTOS%202008/2636.pdf HTTP/1.1" 200 65507
66.249.69.148 - - [01/May/2018:13:21:07 -0500] "GET /BLA/resoluciones/AUTOS%202008/1583.pdf HTTP/1.1" 200 82810
186.29.87.204 - - [01/May/2018:13:21:08 -0500] "GET /BLA/boletinlegal/js/jquery.scrollShow.js HTTP/1.1" 200 4586
186.29.87.204 - - [01/May/2018:13:21:08 -0500] "GET /galeria/galeria/jquery.fancybox.css?v=2.1.5 HTTP/1.1" 200 4895
186.29.87.204 - - [01/May/2018:13:21:08 -0500] "GET /galeria/galeria/jquery.fancybox.js?v=2.1.5 HTTP/1.1" 200 48706
66.249.69.148 - - [01/May/2018:13:21:09 -0500] "GET /BLA/resoluciones/AUTOS%202008/0418.pdf HTTP/1.1" 200 177545
66.249.69.148 - - [01/May/2018:13:21:12 -0500] "GET /BLA/resoluciones/AUTOS%202008/1504.pdf HTTP/1.1" 200 209250
201.232.182.124 - - [01/May/2018:13:19:59 -0500] "GET /BLA/boletinlegal/index.php? HTTP/1.1" 200 58793
201.232.182.124 - - [01/May/2018:13:21:13 -0500] "GET /BLA/boletinlegal/images/img_1.jpg HTTP/1.1" 200 8067
201.232.182.124 - - [01/May/2018:13:21:13 -0500] "GET /BLA/boletinlegal/images/icono-email.png HTTP/1.1" 200 5544
201.232.182.124 - - [01/May/2018:13:21:13 -0500] "GET /BLA/boletinlegal/images/tel.png HTTP/1.1" 200 14477
201.232.182.124 - - [01/May/2018:13:21:13 -0500] "GET /BLA/boletinlegal/images/img_3.jpg HTTP/1.1" 200 1841
201.232.182.124 - - [01/May/2018:13:21:13 -0500] "GET /BLA/boletinlegal/images/footer_bg_l.jpg HTTP/1.1" 200 776
66.249.69.148 - - [01/May/2018:13:21:14 -0500] "GET /BLA/resoluciones/AUTOS%202008/0618.pdf HTTP/1.1" 200 67769
54.36.149.58 - - [01/May/2018:13:21:17 -0500] "GET /BLA/resoluciones/AUTOS%202006/AUTOS%202006%201-100/00000068.tif HTTP/1.1" 200 96044
69.162.124.233 - - [01/May/2018:13:21:17 -0500] "HEAD / HTTP/1.1" 200 -
66.249.69.148 - - [01/May/2018:13:21:18 -0500] "GET /BLA/resoluciones/AUTOS%202008/0005.pdf HTTP/1.1" 200 85471
66.249.69.148 - - [01/May/2018:13:21:20 -0500] "GET /BLA/resoluciones/AUTOS%202008/3027.pdf HTTP/1.1" 200 139598
66.249.69.148 - - [01/May/2018:13:21:22 -0500] "GET /BLA/resoluciones/AUTOS%202008/1168.pdf HTTP/1.1" 200 206673
66.249.69.148 - - [01/May/2018:13:21:24 -0500] "GET /BLA/resoluciones/AUTOS%202008/3284.pdf HTTP/1.1" 200 57037
66.249.69.148 - - [01/May/2018:13:21:26 -0500] "GET /BLA/resoluciones/AUTOS%202008/1429.pdf HTTP/1.1" 200 172956
66.249.69.148 - - [01/May/2018:13:21:28 -0500] "GET /BLA/resoluciones/AUTOS%202008/1831.pdf HTTP/1.1" 200 143384
186.154.161.88 - - [01/May/2018:13:21:30 -0500] "GET /BLA/resoluciones/AUTOS%202013/0341.pdf HTTP/1.1" 200 618241
66.249.69.148 - - [01/May/2018:13:21:30 -0500] "GET /BLA/resoluciones/AUTOS%202008/2911.pdf HTTP/1.1" 200 97420
201.245.192.253 - - [01/May/2018:13:21:31 -0500] "POST /kwsrmcab/Wsrmcab HTTP/1.1" 503 1020
66.249.69.148 - - [01/May/2018:13:21:32 -0500] "GET /BLA/resoluciones/AUTOS%202008/0536.pdf HTTP/1.1" 200 173328
201.245.192.253 - - [01/May/2018:13:21:32 -0500] "POST /kwsrmcab/Wsrmcab HTTP/1.1" 503 1020
66.249.69.150 - - [01/May/2018:13:21:47 -0500] "GET /BLA/resoluciones/AUTOS%202008/0876.pdf HTTP/1.1" 200 166811
66.249.69.149 - - [01/May/2018:13:21:48 -0500] "GET /BLA/resoluciones/AUTOS%202008/0366.pdf HTTP/1.1" 200 175465
66.249.69.149 - - [01/May/2018:13:21:49 -0500] "GET /BLA/resoluciones/AUTOS%202008/2279.pdf HTTP/1.1" 200 97598
190.27.211.181 - - [01/May/2018:13:21:51 -0500] "GET /BLA/boletinlegal/js/jquery.scrollShow.js HTTP/1.1" 200 4586
190.27.211.181 - - [01/May/2018:13:21:51 -0500] "GET /galeria/galeria/jquery.fancybox.js?v=2.1.5 HTTP/1.1" 200 48706
190.27.211.181 - - [01/May/2018:13:21:51 -0500] "GET /galeria/galeria/jquery.fancybox.css?v=2.1.5 HTTP/1.1" 200 4895
190.27.211.181 - - [01/May/2018:13:21:51 -0500] "GET /galeria/carrusel/Carrusel/jquery.thumbnailScroller.css HTTP/1.1" 200 2066
190.27.211.181 - - [01/May/2018:13:21:51 -0500] "GET /galeria/carrusel/Carrusel/jquery-ui-1.8.13.custom.min.js HTTP/1.1" 200 10800
190.27.211.181 - - [01/May/2018:13:21:51 -0500] "GET /galeria/carrusel/Carrusel/jquery.thumbnailScroller.js HTTP/1.1" 200 8157
66.249.69.148 - - [01/May/2018:13:21:51 -0500] "GET /resoluciones/RESOLUCIONES%202008/1740.pdf HTTP/1.1" 404 1018
66.249.69.148 - - [01/May/2018:13:21:55 -0500] "GET /BLA/resoluciones/AUTOS%202008/1283.pdf HTTP/1.1" 200 71103
66.249.69.148 - - [01/May/2018:13:21:57 -0500] "GET /BLA/resoluciones/AUTOS%202008/0517.pdf HTTP/1.1" 200 277360
66.249.69.150 - - [01/May/2018:13:21:59 -0500] "GET /BLA/resoluciones/RESOLUCIONES%202007/RES%202007%201001%20AL%201100/RESOLUCION%201094%20DE%202007.pdf HTTP/1.1" 200 214866
104.199.19.8 - - [01/May/2018:13:21:59 -0500] "-" 408 -
66.249.69.150 - - [01/May/2018:13:22:01 -0500] "GET /BLA/resoluciones/AUTOS%202008/2890.pdf HTTP/1.1" 200 178005
66.249.69.149 - - [01/May/2018:13:22:03 -0500] "GET /BLA/resoluciones/AUTOS%202008/3181.pdf HTTP/1.1" 200 301204
66.249.69.151 - - [01/May/2018:13:22:05 -0500] "GET /BLA/resoluciones/AUTOS%202008/1415.pdf HTTP/1.1" 200 109718
190.27.211.181 - - [01/May/2018:13:22:06 -0500] "GET /galeria/nivo-slider/demo/demo.html HTTP/1.1" 200 10615
190.27.211.181 - - [01/May/2018:13:22:06 -0500] "GET /galeria/nivo-slider/themes/default/default.css HTTP/1.1" 200 1569
190.27.211.181 - - [01/May/2018:13:22:06 -0500] "GET /galeria/nivo-slider/themes/pascal/pascal.css HTTP/1.1" 200 2258
190.27.211.181 - - [01/May/2018:13:22:06 -0500] "GET /galeria/nivo-slider/demo/scripts/jquery-1.7.1.min.js HTTP/1.1" 200 93868
190.27.211.181 - - [01/May/2018:13:22:06 -0500] "GET /galeria/nivo-slider/demo/images/LaureldeceraWEB%20%281%29.jpg HTTP/1.1" 200 164235
190.27.211.181 - - [01/May/2018:13:22:06 -0500] "GET /galeria/nivo-slider/themes/orman/orman.css HTTP/1.1" 200 2152
190.27.211.181 - - [01/May/2018:13:22:06 -0500] "GET /galeria/nivo-slider/nivo-slider.css HTTP/1.1" 200 1507
190.27.211.181 - - [01/May/2018:13:22:06 -0500] "GET /galeria/nivo-slider/demo/style.css HTTP/1.1" 200 2222
66.249.69.151 - - [01/May/2018:13:22:06 -0500] "GET /BLA/resoluciones/AUTOS%202008/0971.pdf HTTP/1.1" 200 34131
190.27.211.181 - - [01/May/2018:13:22:06 -0500] "GET /galeria/nivo-slider/jquery.nivo.slider.pack.js HTTP/1.1" 200 11561
190.27.211.181 - - [01/May/2018:13:22:06 -0500] "GET /galeria/nivo-slider/demo/images/Banner%20WEB%20caminata%20mujer.jpg HTTP/1.1" 200 601023
190.27.211.181 - - [01/May/2018:13:22:06 -0500] "GET /galeria/nivo-slider/demo/images/banner-web-reciclaton-2018.jpg HTTP/1.1" 200 207701
190.27.211.181 - - [01/May/2018:13:22:06 -0500] "GET /galeria/nivo-slider/demo/images/BANNER%20VAN%20DER%20HAMMEN.jpg HTTP/1.1" 200 64172
190.27.211.181 - - [01/May/2018:13:22:06 -0500] "GET /galeria/nivo-slider/demo/images/4Simple_Slider.png HTTP/1.1" 200 11722
190.27.211.181 - - [01/May/2018:13:22:07 -0500] "GET /galeria/nivo-slider/themes/default/loading.gif HTTP/1.1" 200 1737
190.27.211.181 - - [01/May/2018:13:22:07 -0500] "GET /galeria/nivo-slider/demo/images/Web_Respuestas.png HTTP/1.1" 200 264084
190.27.211.181 - - [01/May/2018:13:22:07 -0500] "GET /galeria/nivo-slider/demo/images/rendicion%20de%20cuentas%202017%20%20banner.jpg HTTP/1.1" 200 184292
190.27.211.181 - - [01/May/2018:13:22:07 -0500] "GET /galeria/nivo-slider/demo/images/banner-bolsas-plasticas.jpg HTTP/1.1" 200 317939
190.27.211.181 - - [01/May/2018:13:22:07 -0500] "GET /galeria/nivo-slider/demo/images/banner-mayo.jpg HTTP/1.1" 200 505642
190.27.211.181 - - [01/May/2018:13:22:08 -0500] "GET /galeria/nivo-slider/demo/images/Banner-tingua.jpg HTTP/1.1" 200 210310
190.27.211.181 - - [01/May/2018:13:22:08 -0500] "GET /galeria/nivo-slider/demo/images/banner-humedales-de-bogota.jpg HTTP/1.1" 200 292611
66.249.69.148 - - [01/May/2018:13:22:08 -0500] "GET /BLA/resoluciones/AUTOS%202008/1676.pdf HTTP/1.1" 200 175501
190.27.211.181 - - [01/May/2018:13:22:08 -0500] "GET /galeria/nivo-slider/demo/images/gestion-ambiental.jpg HTTP/1.1" 200 163297
190.27.211.181 - - [01/May/2018:13:22:09 -0500] "GET /galeria/nivo-slider/demo/images/banner-corporativa.jpg HTTP/1.1" 200 142548
190.27.211.181 - - [01/May/2018:13:22:09 -0500] "GET /galeria/nivo-slider/demo/images/buses-chimenea.jpg HTTP/1.1" 200 144235
190.27.211.181 - - [01/May/2018:13:22:09 -0500] "GET /galeria/nivo-slider/demo/images/maximavelocidad.png HTTP/1.1" 200 880272
190.27.211.181 - - [01/May/2018:13:22:09 -0500] "GET /galeria/nivo-slider/demo/images/banner%20aceite%20vegetal%20usado.jpg HTTP/1.1" 200 169350
190.27.211.181 - - [01/May/2018:13:22:09 -0500] "GET /galeria/nivo-slider/demo/images/bannerlumina2017web.jpg HTTP/1.1" 200 198918
190.27.211.181 - - [01/May/2018:13:22:09 -0500] "GET /galeria/nivo-slider/demo/images/BANNERRUTADEVERTIMIENTOS.jpg HTTP/1.1" 200 98506
190.27.211.181 - - [01/May/2018:13:22:10 -0500] "GET /galeria/nivo-slider/demo/images/bolsas-06.jpg HTTP/1.1" 200 210950
66.249.69.148 - - [01/May/2018:13:22:10 -0500] "GET /BLA/resoluciones/AUTOS%202008/2250.pdf HTTP/1.1" 200 199728
66.249.69.151 - - [01/May/2018:13:22:12 -0500] "GET /BLA/resoluciones/AUTOS%202008/0123.pdf HTTP/1.1" 200 92021
186.154.161.88 - - [01/May/2018:13:22:12 -0500] "GET /BLA/boletinlegal/js/jquery.scrollShow.js HTTP/1.1" 200 4586
186.154.161.88 - - [01/May/2018:13:22:12 -0500] "GET /galeria/galeria/jquery.fancybox.js?v=2.1.5 HTTP/1.1" 200 48706
186.154.161.88 - - [01/May/2018:13:22:12 -0500] "GET /galeria/galeria/jquery.fancybox.css?v=2.1.5 HTTP/1.1" 200 4895
186.154.161.88 - - [01/May/2018:13:22:12 -0500] "GET /galeria/carrusel/Carrusel/jquery.thumbnailScroller.css HTTP/1.1" 200 2066
186.154.161.88 - - [01/May/2018:13:22:13 -0500] "GET /galeria/carrusel/Carrusel/jquery-ui-1.8.13.custom.min.js HTTP/1.1" 200 10800
186.154.161.88 - - [01/May/2018:13:22:13 -0500] "GET /galeria/carrusel/Carrusel/jquery.thumbnailScroller.js HTTP/1.1" 200 8157
186.154.161.88 - - [01/May/2018:13:22:13 -0500] "GET /galeria/nivo-slider/demo/demo.html HTTP/1.1" 200 10615
186.154.161.88 - - [01/May/2018:13:22:13 -0500] "GET /galeria/nivo-slider/themes/default/default.css HTTP/1.1" 200 1569
186.154.161.88 - - [01/May/2018:13:22:13 -0500] "GET /galeria/nivo-slider/themes/orman/orman.css HTTP/1.1" 200 2152
186.154.161.88 - - [01/May/2018:13:22:13 -0500] "GET /galeria/nivo-slider/themes/pascal/pascal.css HTTP/1.1" 200 2258
186.154.161.88 - - [01/May/2018:13:22:13 -0500] "GET /galeria/nivo-slider/nivo-slider.css HTTP/1.1" 200 1507
186.154.161.88 - - [01/May/2018:13:22:13 -0500] "GET /galeria/nivo-slider/demo/style.css HTTP/1.1" 200 2222
186.154.161.88 - - [01/May/2018:13:22:13 -0500] "GET /galeria/nivo-slider/demo/scripts/jquery-1.7.1.min.js HTTP/1.1" 200 93868
186.154.161.88 - - [01/May/2018:13:22:13 -0500] "GET /galeria/nivo-slider/demo/images/LaureldeceraWEB%20%281%29.jpg HTTP/1.1" 200 164235
186.154.161.88 - - [01/May/2018:13:22:13 -0500] "GET /galeria/nivo-slider/jquery.nivo.slider.pack.js HTTP/1.1" 200 11561
186.154.161.88 - - [01/May/2018:13:22:13 -0500] "GET /galeria/nivo-slider/demo/images/Banner%20WEB%20caminata%20mujer.jpg HTTP/1.1" 200 601023
186.154.161.88 - - [01/May/2018:13:22:13 -0500] "GET /galeria/nivo-slider/demo/images/banner-web-reciclaton-2018.jpg HTTP/1.1" 200 207701
186.154.161.88 - - [01/May/2018:13:22:13 -0500] "GET /galeria/nivo-slider/demo/images/BANNER%20VAN%20DER%20HAMMEN.jpg HTTP/1.1" 200 64172
186.154.161.88 - - [01/May/2018:13:22:13 -0500] "GET /galeria/nivo-slider/demo/images/Web_Respuestas.png HTTP/1.1" 200 264084
186.154.161.88 - - [01/May/2018:13:22:13 -0500] "GET /galeria/nivo-slider/demo/images/rendicion%20de%20cuentas%202017%20%20banner.jpg HTTP/1.1" 200 184292
66.249.69.150 - - [01/May/2018:13:22:13 -0500] "GET /BLA/resoluciones/RESOLUCIONES%202010/3971.pdf HTTP/1.1" 200 508019
186.154.161.88 - - [01/May/2018:13:22:14 -0500] "GET /galeria/nivo-slider/themes/default/loading.gif HTTP/1.1" 200 1737
186.154.161.88 - - [01/May/2018:13:22:14 -0500] "GET /galeria/nivo-slider/demo/images/4Simple_Slider.png HTTP/1.1" 200 11722
186.154.161.88 - - [01/May/2018:13:22:14 -0500] "GET /galeria/nivo-slider/demo/images/banner-bolsas-plasticas.jpg HTTP/1.1" 200 317939
186.154.161.88 - - [01/May/2018:13:22:14 -0500] "GET /galeria/nivo-slider/demo/images/banner-humedales-de-bogota.jpg HTTP/1.1" 200 292611
186.154.161.88 - - [01/May/2018:13:22:14 -0500] "GET /galeria/nivo-slider/demo/images/banner-mayo.jpg HTTP/1.1" 200 505642
186.155.19.227 - - [01/May/2018:13:22:15 -0500] "GET /galeria/galeria/jquery.fancybox.css?v=2.1.5 HTTP/1.1" 200 4895
186.155.19.227 - - [01/May/2018:13:22:15 -0500] "GET /BLA/boletinlegal/js/jquery.scrollShow.js HTTP/1.1" 200 4586
186.155.19.227 - - [01/May/2018:13:22:15 -0500] "GET /galeria/galeria/jquery.fancybox.js?v=2.1.5 HTTP/1.1" 200 48706
186.154.161.88 - - [01/May/2018:13:22:15 -0500] "GET /galeria/nivo-slider/demo/images/Banner-tingua.jpg HTTP/1.1" 200 210310
186.154.161.88 - - [01/May/2018:13:22:15 -0500] "GET /galeria/nivo-slider/demo/images/gestion-ambiental.jpg HTTP/1.1" 200 163297
186.154.161.88 - - [01/May/2018:13:22:16 -0500] "GET /galeria/nivo-slider/demo/images/banner-corporativa.jpg HTTP/1.1" 200 142548
186.154.161.88 - - [01/May/2018:13:22:16 -0500] "GET /galeria/nivo-slider/demo/images/buses-chimenea.jpg HTTP/1.1" 200 144235
186.154.161.88 - - [01/May/2018:13:22:16 -0500] "GET /galeria/nivo-slider/demo/images/maximavelocidad.png HTTP/1.1" 200 880272
186.154.161.88 - - [01/May/2018:13:22:16 -0500] "GET /galeria/nivo-slider/demo/images/banner%20aceite%20vegetal%20usado.jpg HTTP/1.1" 200 169350
186.154.161.88 - - [01/May/2018:13:22:16 -0500] "GET /galeria/nivo-slider/demo/images/bannerlumina2017web.jpg HTTP/1.1" 200 198918
186.154.161.88 - - [01/May/2018:13:22:17 -0500] "GET /galeria/nivo-slider/demo/images/BANNERRUTADEVERTIMIENTOS.jpg HTTP/1.1" 200 98506
186.154.161.88 - - [01/May/2018:13:22:17 -0500] "GET /galeria/nivo-slider/demo/images/bolsas-06.jpg HTTP/1.1" 200 210950
186.154.161.88 - - [01/May/2018:13:22:18 -0500] "GET /galeria/nivo-slider/themes/default/arrows.png HTTP/1.1" 200 824
186.154.161.88 - - [01/May/2018:13:22:18 -0500] "GET /galeria/nivo-slider/themes/default/bullets.png HTTP/1.1" 200 1281
66.249.69.151 - - [01/May/2018:13:22:21 -0500] "GET /BLA/resoluciones/AUTOS%202008/0774.pdf HTTP/1.1" 200 175043
66.249.69.148 - - [01/May/2018:13:22:23 -0500] "GET /BLA/resoluciones/AUTOS%202008/1419.pdf HTTP/1.1" 200 742725
66.249.69.150 - - [01/May/2018:13:22:27 -0500] "GET /BLA/resoluciones/AUTOS%202008/0436.pdf HTTP/1.1" 200 169057
192.168.175.104 - - [01/May/2018:13:22:31 -0500] "GET / HTTP/1.1" 200 9990
66.249.69.149 - - [01/May/2018:13:22:36 -0500] "GET /BLA/resoluciones/AUTOS%202008/3065.pdf HTTP/1.1" 200 60774
66.249.69.149 - - [01/May/2018:13:22:43 -0500] "GET /BLA/resoluciones/AUTOS%202008/0292.pdf HTTP/1.1" 200 99539
66.249.69.148 - - [01/May/2018:13:22:45 -0500] "GET /BLA/resoluciones/AUTOS%202008/0854.pdf HTTP/1.1" 200 76810
66.249.69.149 - - [01/May/2018:13:22:47 -0500] "GET /BLA/resoluciones/RESOLUCIONES%202011/4494.pdf HTTP/1.1" 200 848686
66.249.69.148 - - [01/May/2018:13:22:49 -0500] "GET /BLA/resoluciones/AUTOS%202008/3467.pdf HTTP/1.1" 200 181416
66.249.69.148 - - [01/May/2018:13:22:56 -0500] "GET /BLA/resoluciones/AUTOS%202008/0190.pdf HTTP/1.1" 200 194045
35.187.96.204 - - [01/May/2018:13:22:59 -0500] "-" 408 -
181.49.78.210 - - [01/May/2018:13:23:16 -0500] "GET /galeria/galeria/jquery.fancybox.css?v=2.1.5 HTTP/1.1" 200 4895
181.49.78.210 - - [01/May/2018:13:23:16 -0500] "GET /galeria/galeria/jquery.fancybox.js?v=2.1.5 HTTP/1.1" 200 48706
181.49.78.210 - - [01/May/2018:13:23:16 -0500] "GET /BLA/boletinlegal/js/jquery.scrollShow.js HTTP/1.1" 200 4586
66.249.69.148 - - [01/May/2018:13:23:21 -0500] "GET /BLA/resoluciones/AUTOS%202008/2078.pdf HTTP/1.1" 200 111638
186.144.252.2 - - [01/May/2018:13:23:23 -0500] "GET /galeria/galeria/fotos/Soratama2G.jpg HTTP/1.1" 200 167638
181.64.238.191 - - [01/May/2018:13:23:31 -0500] "GET /BLA/boletinlegal/js/jquery.scrollShow.js HTTP/1.1" 200 4586
181.64.238.191 - - [01/May/2018:13:23:31 -0500] "GET /galeria/galeria/jquery.fancybox.js?v=2.1.5 HTTP/1.1" 200 48706
181.64.238.191 - - [01/May/2018:13:23:31 -0500] "GET /galeria/galeria/jquery.fancybox.css?v=2.1.5 HTTP/1.1" 200 4895
152.202.3.134 - - [01/May/2018:13:23:41 -0500] "GET /galeria/galeria/jquery.fancybox.js?v=2.1.5 HTTP/1.1" 200 48706
152.202.3.134 - - [01/May/2018:13:23:41 -0500] "GET /galeria/galeria/jquery.fancybox.css?v=2.1.5 HTTP/1.1" 200 4895
152.202.3.134 - - [01/May/2018:13:23:41 -0500] "GET /BLA/boletinlegal/js/jquery.scrollShow.js HTTP/1.1" 200 4586
66.249.88.33 - - [01/May/2018:13:23:45 -0500] "GET /BLA/boletinlegal/js/jquery.scrollShow.js HTTP/1.1" 200 4586
66.249.88.62 - - [01/May/2018:13:23:45 -0500] "GET /galeria/galeria/jquery.fancybox.js?v=2.1.5 HTTP/1.1" 200 48706
66.249.88.63 - - [01/May/2018:13:23:45 -0500] "GET /galeria/galeria/jquery.fancybox.css?v=2.1.5 HTTP/1.1" 200 4895
216.244.66.232 - - [01/May/2018:13:23:53 -0500] "GET /BLA/resoluciones/RESOLUCIONES%202013/0816.pdf HTTP/1.1" 200 693280
190.9.198.26 - - [01/May/2018:13:23:53 -0500] "GET /galeria/galeria/jquery.fancybox.css?v=2.1.5 HTTP/1.1" 200 4895
190.9.198.26 - - [01/May/2018:13:23:53 -0500] "GET /galeria/galeria/jquery.fancybox.js?v=2.1.5 HTTP/1.1" 200 48706
190.9.198.26 - - [01/May/2018:13:23:53 -0500] "GET /BLA/boletinlegal/js/jquery.scrollShow.js HTTP/1.1" 200 4586
216.244.66.232 - - [01/May/2018:13:23:55 -0500] "GET /BLA/resoluciones/RESOLUCIONES%202013/0996.pdf HTTP/1.1" 200 526610
186.82.25.186 - - [01/May/2018:13:23:56 -0500] "GET /galeria/nivo-slider/demo/images/Banner%20WEB%20caminata%20mujer.jpg HTTP/1.1" 206 102400
186.82.25.186 - - [01/May/2018:13:23:56 -0500] "GET /galeria/nivo-slider/demo/images/banner-humedales-de-bogota.jpg HTTP/1.1" 206 182752
186.82.25.186 - - [01/May/2018:13:23:56 -0500] "GET /galeria/nivo-slider/demo/images/banner-bolsas-plasticas.jpg HTTP/1.1" 206 248599
186.82.25.186 - - [01/May/2018:13:23:56 -0500] "GET /galeria/nivo-slider/demo/images/Web_Respuestas.png HTTP/1.1" 206 102400
186.82.25.186 - - [01/May/2018:13:23:56 -0500] "GET /galeria/nivo-slider/demo/images/banner-mayo.jpg HTTP/1.1" 206 441321
186.82.25.186 - - [01/May/2018:13:23:56 -0500] "GET /galeria/nivo-slider/demo/images/Banner-tingua.jpg HTTP/1.1" 206 158017
186.82.25.186 - - [01/May/2018:13:23:56 -0500] "GET /galeria/nivo-slider/demo/images/gestion-ambiental.jpg HTTP/1.1" 206 102400
186.82.25.186 - - [01/May/2018:13:23:56 -0500] "GET /galeria/nivo-slider/demo/images/banner%20aceite%20vegetal%20usado.jpg HTTP/1.1" 200 169350
216.244.66.232 - - [01/May/2018:13:23:56 -0500] "GET /BLA/resoluciones/RESOLUCIONES%202013/1087.pdf HTTP/1.1" 200 722614
186.82.25.186 - - [01/May/2018:13:23:57 -0500] "GET /galeria/nivo-slider/demo/images/bolsas-06.jpg HTTP/1.1" 200 210950
186.82.25.186 - - [01/May/2018:13:23:57 -0500] "GET /galeria/nivo-slider/demo/images/buses-chimenea.jpg HTTP/1.1" 206 129902
186.82.25.186 - - [01/May/2018:13:23:57 -0500] "GET /galeria/nivo-slider/demo/images/BANNERRUTADEVERTIMIENTOS.jpg HTTP/1.1" 200 98506
186.82.25.186 - - [01/May/2018:13:23:57 -0500] "GET /galeria/nivo-slider/demo/images/bannerlumina2017web.jpg HTTP/1.1" 200 198918
186.82.25.186 - - [01/May/2018:13:23:57 -0500] "GET /galeria/nivo-slider/demo/images/maximavelocidad.png HTTP/1.1" 206 864478
186.82.25.186 - - [01/May/2018:13:23:57 -0500] "GET /galeria/nivo-slider/demo/images/banner-corporativa.jpg HTTP/1.1" 206 102400
216.244.66.232 - - [01/May/2018:13:23:58 -0500] "GET /BLA/resoluciones/RESOLUCIONES%202013/1114.pdf HTTP/1.1" 200 2759067
35.190.207.132 - - [01/May/2018:13:23:59 -0500] "-" 408 -
186.82.25.186 - - [01/May/2018:13:24:04 -0500] "GET /galeria/nivo-slider/themes/default/arrows.png HTTP/1.1" 200 824
66.249.69.149 - - [01/May/2018:13:24:20 -0500] "GET /BLA/resoluciones/AUTOS%202008/2127.pdf HTTP/1.1" 200 128227
66.249.69.150 - - [01/May/2018:13:24:21 -0500] "GET /BLA/resoluciones/AUTOS%202008/2129.pdf HTTP/1.1" 200 122986
186.155.200.183 - - [01/May/2018:13:24:23 -0500] "GET /galeria/galeria/fotos/3humedal-Burro3G.jpg HTTP/1.1" 200 74809
186.155.200.183 - - [01/May/2018:13:24:23 -0500] "GET /galeria/galeria/fotos/1humedal-Burro1G.jpg HTTP/1.1" 200 132804
216.244.66.232 - - [01/May/2018:13:24:29 -0500] "GET /BLA/resoluciones/RESOLUCIONES%202013/1335.pdf HTTP/1.1" 200 605065
216.244.66.232 - - [01/May/2018:13:24:35 -0500] "GET /BLA/resoluciones/RESOLUCIONES%202013/1950.pdf HTTP/1.1" 200 712692
216.244.66.232 - - [01/May/2018:13:24:43 -0500] "GET /BLA/resoluciones/RESOLUCIONES%202013/2229.pdf HTTP/1.1" 200 1386185
181.57.250.28 - - [01/May/2018:13:24:44 -0500] "GET /galeria/galeria/jquery.fancybox.css?v=2.1.5 HTTP/1.1" 200 4895
181.57.250.28 - - [01/May/2018:13:24:44 -0500] "GET /BLA/boletinlegal/js/jquery.scrollShow.js HTTP/1.1" 200 4586
181.57.250.28 - - [01/May/2018:13:24:44 -0500] "GET /galeria/galeria/jquery.fancybox.js?v=2.1.5 HTTP/1.1" 200 48706
216.244.66.232 - - [01/May/2018:13:24:55 -0500] "GET /BLA/resoluciones/RESOLUCIONES%202013/2240.pdf HTTP/1.1" 200 396719
216.244.66.232 - - [01/May/2018:13:24:57 -0500] "GET /BLA/resoluciones/RESOLUCIONES%202013/2403.pdf HTTP/1.1" 200 5687786
216.244.66.232 - - [01/May/2018:13:24:58 -0500] "GET /BLA/resoluciones/RESOLUCIONES%202013/2797.pdf HTTP/1.1" 200 652195
216.244.66.232 - - [01/May/2018:13:24:59 -0500] "GET /BLA/resoluciones/RESOLUCIONES%202013/2799.pdf HTTP/1.1" 200 352448
35.189.242.65 - - [01/May/2018:13:25:00 -0500] "-" 408 -
66.249.69.148 - - [01/May/2018:13:25:13 -0500] "GET /BLA/resoluciones/RESOLUCIONES%202010/6285.pdf HTTP/1.1" 304 -
66.249.69.148 - - [01/May/2018:13:25:14 -0500] "GET /BLA/resoluciones/AUTOS%202008/1106.pdf HTTP/1.1" 200 56014
66.249.69.149 - - [01/May/2018:13:25:16 -0500] "GET /BLA/resoluciones/AUTOS%202008/1032.pdf HTTP/1.1" 200 84942
66.249.69.148 - - [01/May/2018:13:25:18 -0500] "GET /BLA/resoluciones/AUTOS%202008/0173.pdf HTTP/1.1" 200 103090
191.89.114.76 - - [01/May/2018:13:25:18 -0500] "GET /BLA/boletinlegal/js/jquery.scrollShow.js HTTP/1.1" 200 4586
191.89.114.76 - - [01/May/2018:13:25:18 -0500] "GET /galeria/galeria/jquery.fancybox.js?v=2.1.5 HTTP/1.1" 200 48706
191.89.114.76 - - [01/May/2018:13:25:19 -0500] "GET /galeria/galeria/jquery.fancybox.css?v=2.1.5 HTTP/1.1" 200 4895
66.249.69.148 - - [01/May/2018:13:25:20 -0500] "GET /BLA/resoluciones/AUTOS%202008/0249.pdf HTTP/1.1" 200 111345
216.244.66.232 - - [01/May/2018:13:25:33 -0500] "GET /BLA/resoluciones/RESOLUCIONES%202014/0408.pdf HTTP/1.1" 200 515679
216.244.66.232 - - [01/May/2018:13:25:36 -0500] "GET /BLA/resoluciones/RESOLUCIONES%202014/0412.pdf HTTP/1.1" 200 566653
216.244.66.232 - - [01/May/2018:13:25:39 -0500] "GET /BLA/resoluciones/RESOLUCIONES%202014/0727.pdf HTTP/1.1" 200 578236
216.244.66.232 - - [01/May/2018:13:25:42 -0500] "GET /BLA/resoluciones/RESOLUCIONES%202014/0733.pdf HTTP/1.1" 200 875858
216.244.66.232 - - [01/May/2018:13:25:43 -0500] "GET /BLA/resoluciones/RESOLUCIONES%202014/0740.pdf HTTP/1.1" 200 576847
216.244.66.232 - - [01/May/2018:13:25:45 -0500] "GET /BLA/resoluciones/RESOLUCIONES%202014/0767.pdf HTTP/1.1" 200 3971577
192.168.175.104 - - [01/May/2018:13:25:56 -0500] "GET / HTTP/1.0" 200 9990
35.187.96.204 - - [01/May/2018:13:25:59 -0500] "-" 408 -
66.249.69.148 - - [01/May/2018:13:26:04 -0500] "GET /BLA/resoluciones/AUTOS%202008/3114.pdf HTTP/1.1" 200 50869
186.155.200.183 - - [01/May/2018:13:26:09 -0500] "GET /galeria/galeria/fotos/Humedal-Santa-Mar%C3%ADa-del-Lago4G.jpg HTTP/1.1" 200 361652
69.162.124.233 - - [01/May/2018:13:26:17 -0500] "HEAD / HTTP/1.1" 200 -
66.249.69.148 - - [01/May/2018:13:26:17 -0500] "GET /BLA/resoluciones/AUTOS%202008/2377.pdf HTTP/1.1" 200 98609
66.249.69.148 - - [01/May/2018:13:26:21 -0500] "GET /BLA/resoluciones/AUTOS%202008/0742.pdf HTTP/1.1" 200 139416
216.244.66.232 - - [01/May/2018:13:26:23 -0500] "GET /BLA/resoluciones/RESOLUCIONES%202014/0980.pdf HTTP/1.1" 200 575574
186.155.200.183 - - [01/May/2018:13:26:24 -0500] "GET /galeria/galeria/fotos/Humedal-Santa-Mar%C3%ADa-del-Lago4G.jpg HTTP/1.1" 200 361652
216.244.66.232 - - [01/May/2018:13:26:28 -0500] "GET /BLA/resoluciones/RESOLUCIONES%202014/1105.pdf HTTP/1.1" 200 2729477
177.252.240.249 - - [01/May/2018:13:26:29 -0500] "GET /galeria/galeria/jquery.fancybox.css?v=2.1.5 HTTP/1.1" 200 4895
177.252.240.249 - - [01/May/2018:13:26:29 -0500] "GET /BLA/boletinlegal/js/jquery.scrollShow.js HTTP/1.1" 200 4586
177.252.240.249 - - [01/May/2018:13:26:29 -0500] "GET /galeria/galeria/jquery.fancybox.js?v=2.1.5 HTTP/1.1" 200 48706
216.244.66.232 - - [01/May/2018:13:26:30 -0500] "GET /BLA/resoluciones/RESOLUCIONES%202014/1358.pdf HTTP/1.1" 200 578187
88.173.84.43 - - [01/May/2018:13:26:34 -0500] "GET /galeria/galeria/jquery.fancybox.css?v=2.1.5 HTTP/1.1" 200 4895
88.173.84.43 - - [01/May/2018:13:26:34 -0500] "GET /galeria/galeria/jquery.fancybox.js?v=2.1.5 HTTP/1.1" 200 48706
88.173.84.43 - - [01/May/2018:13:26:34 -0500] "GET /BLA/boletinlegal/js/jquery.scrollShow.js HTTP/1.1" 200 4586
66.249.69.148 - - [01/May/2018:13:26:43 -0500] "GET /BLA/resoluciones/AUTOS%202008/0435.pdf HTTP/1.1" 200 322987
104.199.19.8 - - [01/May/2018:13:26:59 -0500] "-" 408 -
216.244.66.232 - - [01/May/2018:13:27:04 -0500] "GET /BLA/resoluciones/RESOLUCIONES%202014/1756.pdf HTTP/1.1" 200 496319
181.49.75.188 - - [01/May/2018:13:27:05 -0500] "GET /BLA/boletinlegal/js/jquery.scrollShow.js HTTP/1.1" 200 4586
181.49.75.188 - - [01/May/2018:13:27:06 -0500] "GET /galeria/galeria/jquery.fancybox.css?v=2.1.5 HTTP/1.1" 200 4895
181.49.75.188 - - [01/May/2018:13:27:06 -0500] "GET /galeria/galeria/jquery.fancybox.js?v=2.1.5 HTTP/1.1" 200 48706
216.244.66.232 - - [01/May/2018:13:27:08 -0500] "GET /BLA/resoluciones/RESOLUCIONES%202014/1757.pdf HTTP/1.1" 200 491458
216.244.66.232 - - [01/May/2018:13:27:10 -0500] "GET /BLA/resoluciones/RESOLUCIONES%202014/1876.pdf HTTP/1.1" 200 700414
66.249.69.148 - - [01/May/2018:13:27:14 -0500] "GET /BLA/resoluciones/AUTOS%202008/0564.pdf HTTP/1.1" 200 138988
66.249.69.148 - - [01/May/2018:13:27:15 -0500] "GET /BLA/resoluciones/AUTOS%202008/0327.pdf HTTP/1.1" 200 89326
216.244.66.232 - - [01/May/2018:13:27:19 -0500] "GET /BLA/resoluciones/RESOLUCIONES%202014/2410.pdf HTTP/1.1" 200 311280
216.244.66.232 - - [01/May/2018:13:27:21 -0500] "GET /BLA/resoluciones/RESOLUCIONES%202015/0057.pdf HTTP/1.1" 200 605834
216.244.66.232 - - [01/May/2018:13:27:22 -0500] "GET /BLA/resoluciones/RESOLUCIONES%202015/0378.pdf HTTP/1.1" 200 1504858
216.244.66.232 - - [01/May/2018:13:27:23 -0500] "GET /BLA/resoluciones/RESOLUCIONES%202015/0384.pdf HTTP/1.1" 200 782593
186.86.83.141 - - [01/May/2018:13:27:23 -0500] "GET /galeria/galeria/jquery.fancybox.js?v=2.1.5 HTTP/1.1" 200 48706
186.86.83.141 - - [01/May/2018:13:27:23 -0500] "GET /galeria/galeria/jquery.fancybox.css?v=2.1.5 HTTP/1.1" 200 4895
186.86.83.141 - - [01/May/2018:13:27:23 -0500] "GET /BLA/boletinlegal/js/jquery.scrollShow.js HTTP/1.1" 200 4586
186.86.83.141 - - [01/May/2018:13:27:23 -0500] "GET /galeria/carrusel/Carrusel/jquery.thumbnailScroller.css HTTP/1.1" 200 2066
186.86.83.141 - - [01/May/2018:13:27:23 -0500] "GET /galeria/carrusel/Carrusel/jquery-ui-1.8.13.custom.min.js HTTP/1.1" 200 10800
54.36.148.137 - - [01/May/2018:13:27:23 -0500] "GET /BLA/resoluciones/AUTOS%202006/AUTOS%202006%201701%20-%201800/00001773.tif HTTP/1.1" 200 117952
186.86.83.141 - - [01/May/2018:13:27:23 -0500] "GET /galeria/carrusel/Carrusel/jquery.thumbnailScroller.js HTTP/1.1" 200 8157
186.86.83.141 - - [01/May/2018:13:27:24 -0500] "GET /galeria/nivo-slider/demo/demo.html HTTP/1.1" 200 10615
186.86.83.141 - - [01/May/2018:13:27:24 -0500] "GET /galeria/nivo-slider/themes/pascal/pascal.css HTTP/1.1" 200 2258
186.86.83.141 - - [01/May/2018:13:27:24 -0500] "GET /galeria/nivo-slider/themes/orman/orman.css HTTP/1.1" 200 2152
186.86.83.141 - - [01/May/2018:13:27:24 -0500] "GET /galeria/nivo-slider/themes/default/default.css HTTP/1.1" 200 1569
186.86.83.141 - - [01/May/2018:13:27:24 -0500] "GET /galeria/nivo-slider/nivo-slider.css HTTP/1.1" 200 1507
186.86.83.141 - - [01/May/2018:13:27:24 -0500] "GET /galeria/nivo-slider/demo/style.css HTTP/1.1" 200 2222
186.86.83.141 - - [01/May/2018:13:27:24 -0500] "GET /galeria/nivo-slider/demo/scripts/jquery-1.7.1.min.js HTTP/1.1" 200 93868
186.86.83.141 - - [01/May/2018:13:27:24 -0500] "GET /galeria/nivo-slider/jquery.nivo.slider.pack.js HTTP/1.1" 200 11561
186.86.83.141 - - [01/May/2018:13:27:24 -0500] "GET /galeria/nivo-slider/demo/images/LaureldeceraWEB%20%281%29.jpg HTTP/1.1" 200 164235
186.86.83.141 - - [01/May/2018:13:27:24 -0500] "GET /galeria/nivo-slider/demo/images/Banner%20WEB%20caminata%20mujer.jpg HTTP/1.1" 200 601023
186.86.83.141 - - [01/May/2018:13:27:24 -0500] "GET /galeria/nivo-slider/demo/images/banner-web-reciclaton-2018.jpg HTTP/1.1" 200 207701
186.86.83.141 - - [01/May/2018:13:27:25 -0500] "GET /galeria/nivo-slider/demo/images/BANNER%20VAN%20DER%20HAMMEN.jpg HTTP/1.1" 200 64172
186.86.83.141 - - [01/May/2018:13:27:25 -0500] "GET /galeria/nivo-slider/demo/images/Web_Respuestas.png HTTP/1.1" 200 264084
186.86.83.141 - - [01/May/2018:13:27:25 -0500] "GET /galeria/nivo-slider/demo/images/rendicion%20de%20cuentas%202017%20%20banner.jpg HTTP/1.1" 200 184292
186.86.83.141 - - [01/May/2018:13:27:26 -0500] "GET /galeria/nivo-slider/demo/images/banner-bolsas-plasticas.jpg HTTP/1.1" 200 317939
216.244.66.232 - - [01/May/2018:13:27:26 -0500] "GET /BLA/resoluciones/RESOLUCIONES%202015/0616.pdf HTTP/1.1" 200 1227227
186.86.83.141 - - [01/May/2018:13:27:26 -0500] "GET /galeria/nivo-slider/demo/images/banner-humedales-de-bogota.jpg HTTP/1.1" 200 292611
186.86.83.141 - - [01/May/2018:13:27:26 -0500] "GET /galeria/nivo-slider/demo/images/banner-mayo.jpg HTTP/1.1" 200 505642
186.86.83.141 - - [01/May/2018:13:27:27 -0500] "GET /galeria/nivo-slider/demo/images/Banner-tingua.jpg HTTP/1.1" 200 210310
186.86.83.141 - - [01/May/2018:13:27:28 -0500] "GET /galeria/nivo-slider/demo/images/gestion-ambiental.jpg HTTP/1.1" 200 163297
186.86.83.141 - - [01/May/2018:13:27:28 -0500] "GET /galeria/nivo-slider/demo/images/banner-corporativa.jpg HTTP/1.1" 200 142548
186.86.83.141 - - [01/May/2018:13:27:29 -0500] "GET /galeria/nivo-slider/demo/images/buses-chimenea.jpg HTTP/1.1" 200 144235
186.86.83.141 - - [01/May/2018:13:27:29 -0500] "GET /galeria/nivo-slider/demo/images/maximavelocidad.png HTTP/1.1" 200 880272
186.86.83.141 - - [01/May/2018:13:27:29 -0500] "GET /galeria/nivo-slider/demo/images/banner%20aceite%20vegetal%20usado.jpg HTTP/1.1" 200 169350
192.168.175.104 - - [01/May/2018:13:27:30 -0500] "GET / HTTP/1.1" 200 9990
186.86.83.141 - - [01/May/2018:13:27:30 -0500] "GET /galeria/nivo-slider/demo/images/bannerlumina2017web.jpg HTTP/1.1" 200 198918
186.86.83.141 - - [01/May/2018:13:27:30 -0500] "GET /galeria/nivo-slider/demo/images/BANNERRUTADEVERTIMIENTOS.jpg HTTP/1.1" 200 98506
186.86.83.141 - - [01/May/2018:13:27:31 -0500] "GET /galeria/nivo-slider/demo/images/bolsas-06.jpg HTTP/1.1" 200 210950
186.86.83.141 - - [01/May/2018:13:27:31 -0500] "GET /galeria/nivo-slider/demo/images/4Simple_Slider.png HTTP/1.1" 200 11722
186.86.83.141 - - [01/May/2018:13:27:31 -0500] "GET /galeria/nivo-slider/themes/default/loading.gif HTTP/1.1" 200 1737
186.86.83.141 - - [01/May/2018:13:27:32 -0500] "GET /galeria/nivo-slider/themes/default/arrows.png HTTP/1.1" 200 824
186.86.83.141 - - [01/May/2018:13:27:32 -0500] "GET /galeria/nivo-slider/themes/default/bullets.png HTTP/1.1" 200 1281
181.49.89.35 - - [01/May/2018:13:27:35 -0500] "GET /galeria/galeria/jquery.fancybox.css?v=2.1.5 HTTP/1.1" 200 4895
181.49.89.35 - - [01/May/2018:13:27:35 -0500] "GET /BLA/boletinlegal/js/jquery.scrollShow.js HTTP/1.1" 200 4586
181.49.89.35 - - [01/May/2018:13:27:35 -0500] "GET /galeria/galeria/jquery.fancybox.js?v=2.1.5 HTTP/1.1" 200 48706
35.187.34.70 - - [01/May/2018:13:27:59 -0500] "-" 408 -
66.249.69.148 - - [01/May/2018:13:28:30 -0500] "GET /BLA/resoluciones/AUTOS%202008/1036.pdf HTTP/1.1" 200 80097
186.155.17.182 - - [01/May/2018:13:28:33 -0500] "GET /galeria/galeria/jquery.fancybox.css?v=2.1.5 HTTP/1.1" 200 4895
186.155.17.182 - - [01/May/2018:13:28:33 -0500] "GET /BLA/boletinlegal/js/jquery.scrollShow.js HTTP/1.1" 200 4586
186.155.17.182 - - [01/May/2018:13:28:33 -0500] "GET /galeria/galeria/jquery.fancybox.js?v=2.1.5 HTTP/1.1" 200 48706
66.249.88.63 - - [01/May/2018:13:28:49 -0500] "GET /galeria/galeria/jquery.fancybox.css?v=2.1.5 HTTP/1.1" 200 4895
66.249.88.62 - - [01/May/2018:13:28:50 -0500] "GET /BLA/boletinlegal/js/jquery.scrollShow.js HTTP/1.1" 200 4586
66.249.88.33 - - [01/May/2018:13:28:50 -0500] "GET /galeria/galeria/jquery.fancybox.js?v=2.1.5 HTTP/1.1" 200 48706
216.244.66.232 - - [01/May/2018:13:28:54 -0500] "GET /BLA/resoluciones/RESOLUCIONES%202015/0987.pdf HTTP/1.1" 200 546607
216.244.66.232 - - [01/May/2018:13:28:58 -0500] "GET /BLA/resoluciones/RESOLUCIONES%202015/0991.pdf HTTP/1.1" 200 553641
104.199.19.8 - - [01/May/2018:13:28:59 -0500] "-" 408 -
216.244.66.232 - - [01/May/2018:13:29:01 -0500] "GET /BLA/resoluciones/RESOLUCIONES%202015/1650.pdf HTTP/1.1" 200 2388221
216.244.66.232 - - [01/May/2018:13:29:02 -0500] "GET /BLA/resoluciones/RESOLUCIONES%202015/2180.pdf HTTP/1.1" 200 551940
216.244.66.232 - - [01/May/2018:13:29:04 -0500] "GET /BLA/resoluciones/RESOLUCIONES%202015/2767.pdf HTTP/1.1" 200 681326
216.244.66.232 - - [01/May/2018:13:29:10 -0500] "GET /BLA/resoluciones/RESOLUCIONES%202015/2791.pdf HTTP/1.1" 200 1008513
190.130.65.222 - - [01/May/2018:13:29:11 -0500] "GET /galeria/galeria/jquery.fancybox.css?v=2.1.5 HTTP/1.1" 200 4895
190.130.65.222 - - [01/May/2018:13:29:11 -0500] "GET /galeria/galeria/jquery.fancybox.js?v=2.1.5 HTTP/1.1" 200 48706
216.244.66.232 - - [01/May/2018:13:29:14 -0500] "GET /BLA/resoluciones/RESOLUCIONES%202015/3071.pdf HTTP/1.1" 200 644056
216.244.66.232 - - [01/May/2018:13:29:17 -0500] "GET /BLA/resoluciones/RESOLUCIONES%202016/0425.pdf HTTP/1.1" 200 839222
186.86.83.141 - - [01/May/2018:13:29:21 -0500] "-" 408 -
186.86.83.141 - - [01/May/2018:13:29:21 -0500] "-" 408 -
186.86.83.141 - - [01/May/2018:13:29:21 -0500] "-" 408 -
186.86.83.141 - - [01/May/2018:13:29:21 -0500] "-" 408 -
186.86.83.141 - - [01/May/2018:13:29:21 -0500] "-" 408 -
216.244.66.232 - - [01/May/2018:13:29:22 -0500] "GET /BLA/resoluciones/RESOLUCIONES%202016/0460.pdf HTTP/1.1" 200 1044397
216.244.66.232 - - [01/May/2018:13:29:24 -0500] "GET /BLA/resoluciones/RESOLUCIONES%202016/0540.pdf HTTP/1.1" 200 481466
216.244.66.232 - - [01/May/2018:13:29:27 -0500] "GET /BLA/resoluciones/RESOLUCIONES%202016/0619.pdf HTTP/1.1" 200 478363
216.244.66.232 - - [01/May/2018:13:29:28 -0500] "GET /BLA/resoluciones/RESOLUCIONES%202016/0888.pdf HTTP/1.1" 200 331044
216.244.66.232 - - [01/May/2018:13:29:31 -0500] "GET /BLA/resoluciones/RESOLUCIONES%202016/1003.pdf HTTP/1.1" 200 624834
216.244.66.232 - - [01/May/2018:13:29:32 -0500] "GET /BLA/resoluciones/RESOLUCIONES%202016/1009.pdf HTTP/1.1" 200 332065
216.244.66.232 - - [01/May/2018:13:29:38 -0500] "GET /BLA/resoluciones/RESOLUCIONES%202016/1266.pdf HTTP/1.1" 200 451163
181.49.71.74 - - [01/May/2018:13:29:40 -0500] "GET /galeria/galeria/jquery.fancybox.css?v=2.1.5 HTTP/1.1" 200 4895
181.49.71.74 - - [01/May/2018:13:29:40 -0500] "GET /BLA/boletinlegal/js/jquery.scrollShow.js HTTP/1.1" 200 4586
181.49.71.74 - - [01/May/2018:13:29:40 -0500] "GET /galeria/galeria/jquery.fancybox.js?v=2.1.5 HTTP/1.1" 200 48706
216.244.66.232 - - [01/May/2018:13:29:42 -0500] "GET /BLA/resoluciones/RESOLUCIONES%202016/1327.pdf HTTP/1.1" 200 1037346
216.244.66.232 - - [01/May/2018:13:29:45 -0500] "GET /BLA/resoluciones/RESOLUCIONES%202016/1685.pdf HTTP/1.1" 200 565393
181.54.45.213 - - [01/May/2018:13:29:45 -0500] "GET /BLA/boletinlegal/js/jquery.scrollShow.js HTTP/1.1" 200 4586
181.54.45.213 - - [01/May/2018:13:29:45 -0500] "GET /galeria/galeria/jquery.fancybox.js?v=2.1.5 HTTP/1.1" 200 48706
181.54.45.213 - - [01/May/2018:13:29:45 -0500] "GET /galeria/galeria/jquery.fancybox.css?v=2.1.5 HTTP/1.1" 200 4895
216.244.66.232 - - [01/May/2018:13:29:47 -0500] "GET /BLA/resoluciones/RESOLUCIONES%202016/1982.pdf HTTP/1.1" 200 363192
216.244.66.232 - - [01/May/2018:13:29:50 -0500] "GET /BLA/resoluciones/RESOLUCIONES%202016/2462.pdf HTTP/1.1" 200 588976
216.244.66.232 - - [01/May/2018:13:29:51 -0500] "GET /BLA/resoluciones/RESOLUCIONES%202016/2514.pdf HTTP/1.1" 200 258398
216.244.66.232 - - [01/May/2018:13:29:56 -0500] "GET /BLA/resoluciones/RESOLUCIONES%202016/2542.pdf HTTP/1.1" 200 576416
216.244.66.232 - - [01/May/2018:13:29:59 -0500] "GET /BLA/resoluciones/RESOLUCIONES%202017/0310.pdf HTTP/1.1" 200 412082
35.190.201.122 - - [01/May/2018:13:29:59 -0500] "-" 408 -
216.244.66.232 - - [01/May/2018:13:30:00 -0500] "GET /BLA/resoluciones/RESOLUCIONES%202017/0790.pdf HTTP/1.1" 200 406300
216.244.66.232 - - [01/May/2018:13:30:03 -0500] "GET /BLA/resoluciones/RESOLUCIONES%202017/1840.pdf HTTP/1.1" 200 604737
216.244.66.232 - - [01/May/2018:13:30:04 -0500] "GET /BLA/resoluciones/Acuerdos/Acuerdo%20N%EF%BF%BD%201%20-2017.pdf HTTP/1.1" 404 1018
186.154.35.116 - - [01/May/2018:13:30:19 -0500] "GET /galeria/galeria/fotos/Soratama4G.jpg HTTP/1.1" 200 167128
186.86.83.141 - - [01/May/2018:13:30:20 -0500] "GET /BLA/boletinlegal/js/jquery.scrollShow.js HTTP/1.1" 304 -
186.86.83.141 - - [01/May/2018:13:30:20 -0500] "GET /galeria/galeria/jquery.fancybox.js?v=2.1.5 HTTP/1.1" 304 -
186.86.83.141 - - [01/May/2018:13:30:20 -0500] "GET /galeria/galeria/jquery.fancybox.css?v=2.1.5 HTTP/1.1" 304 -
192.168.175.104 - - [01/May/2018:13:30:55 -0500] "GET / HTTP/1.0" 200 9990
66.249.69.148 - - [01/May/2018:13:30:56 -0500] "GET /BLA/resoluciones/AUTOS%202008/2901.pdf HTTP/1.1" 200 153616
186.28.205.150 - - [01/May/2018:13:31:00 -0500] "GET /galeria/nivo-slider/demo/demo.html HTTP/1.1" 304 -
186.154.35.116 - - [01/May/2018:13:31:03 -0500] "GET /galeria/galeria/fotos/Soratama1G.jpg HTTP/1.1" 200 127762
35.190.207.132 - - [01/May/2018:13:31:05 -0500] "-" 408 -
186.28.205.150 - - [01/May/2018:13:31:10 -0500] "GET /galeria/nivo-slider/demo/images/banner-web-reciclaton-2018.jpg HTTP/1.1" 304 -
186.28.205.150 - - [01/May/2018:13:31:14 -0500] "GET /galeria/nivo-slider/demo/images/banner-mayo.jpg HTTP/1.1" 304 -
69.162.124.233 - - [01/May/2018:13:31:17 -0500] "HEAD / HTTP/1.1" 200 -
181.144.199.73 - - [01/May/2018:13:31:24 -0500] "GET /galeria/galeria/jquery.fancybox.css?v=2.1.5 HTTP/1.1" 200 4895
181.144.199.73 - - [01/May/2018:13:31:24 -0500] "GET /BLA/boletinlegal/js/jquery.scrollShow.js HTTP/1.1" 200 4586
181.144.199.73 - - [01/May/2018:13:31:24 -0500] "GET /galeria/galeria/jquery.fancybox.js?v=2.1.5 HTTP/1.1" 200 48706
66.249.88.62 - - [01/May/2018:13:31:35 -0500] "GET /galeria/galeria/jquery.fancybox.css?v=2.1.5 HTTP/1.1" 200 4895
66.249.88.63 - - [01/May/2018:13:31:35 -0500] "GET /BLA/boletinlegal/js/jquery.scrollShow.js HTTP/1.1" 200 4586
66.249.88.33 - - [01/May/2018:13:31:35 -0500] "GET /galeria/galeria/jquery.fancybox.js?v=2.1.5 HTTP/1.1" 200 48706
35.189.218.56 - - [01/May/2018:13:31:59 -0500] "-" 408 -
187.227.7.213 - - [01/May/2018:13:32:02 -0500] "GET /Residuos/textiles/files/guia_textiles.pdf HTTP/1.1" 200 12356716
187.227.7.213 - - [01/May/2018:13:32:05 -0500] "GET /favicon.ico HTTP/1.1" 200 7782
186.29.221.129 - - [01/May/2018:13:32:08 -0500] "GET /galeria/galeria/jquery.fancybox.css?v=2.1.5 HTTP/1.1" 200 4895
186.29.221.129 - - [01/May/2018:13:32:08 -0500] "GET /BLA/boletinlegal/js/jquery.scrollShow.js HTTP/1.1" 200 4586
186.29.221.129 - - [01/May/2018:13:32:09 -0500] "GET /galeria/galeria/jquery.fancybox.js?v=2.1.5 HTTP/1.1" 200 48706
181.49.66.213 - - [01/May/2018:13:32:10 -0500] "GET /BLA/resoluciones/RESOLUCIONES%202016/0330.pdf HTTP/1.1" 200 710687
181.49.66.213 - - [01/May/2018:13:32:12 -0500] "GET /favicon.ico HTTP/1.1" 200 7782
190.13.45.51 - - [01/May/2018:13:32:17 -0500] "GET /galeria/galeria/jquery.fancybox.css?v=2.1.5 HTTP/1.1" 200 4895
190.13.45.51 - - [01/May/2018:13:32:17 -0500] "GET /BLA/boletinlegal/js/jquery.scrollShow.js HTTP/1.1" 200 4586
190.13.45.51 - - [01/May/2018:13:32:17 -0500] "GET /galeria/galeria/jquery.fancybox.js?v=2.1.5 HTTP/1.1" 200 48706
192.168.175.104 - - [01/May/2018:13:32:27 -0500] "GET / HTTP/1.1" 200 9990
190.13.45.51 - - [01/May/2018:13:32:42 -0500] "GET /BLA/boletinlegal/js/jquery.scrollShow.js HTTP/1.1" 304 -
190.13.45.51 - - [01/May/2018:13:32:42 -0500] "GET /galeria/galeria/jquery.fancybox.js?v=2.1.5 HTTP/1.1" 304 -
190.13.45.51 - - [01/May/2018:13:32:42 -0500] "GET /galeria/galeria/jquery.fancybox.css?v=2.1.5 HTTP/1.1" 304 -
187.227.7.213 - - [01/May/2018:13:32:42 -0500] "GET /Residuos/textiles/files/guia_textiles.pdf HTTP/1.1" 304 -
187.227.7.213 - - [01/May/2018:13:32:43 -0500] "GET /favicon.ico HTTP/1.1" 200 7782
216.244.66.232 - - [01/May/2018:13:32:50 -0500] "GET /robots.txt HTTP/1.1" 404 1018
186.86.83.141 - - [01/May/2018:13:32:55 -0500] "GET /BLA/boletinlegal/js/jquery.scrollShow.js HTTP/1.1" 304 -
186.86.83.141 - - [01/May/2018:13:32:55 -0500] "GET /galeria/galeria/jquery.fancybox.css?v=2.1.5 HTTP/1.1" 304 -
186.86.83.141 - - [01/May/2018:13:32:55 -0500] "GET /galeria/galeria/jquery.fancybox.js?v=2.1.5 HTTP/1.1" 304 -
66.249.69.148 - - [01/May/2018:13:32:55 -0500] "GET /BLA/resoluciones/AUTOS%202008/2470.pdf HTTP/1.1" 200 102607
187.227.7.213 - - [01/May/2018:13:32:59 -0500] "GET /Residuos/textiles/files/guia_textiles.pdf HTTP/1.1" 304 -
35.190.207.132 - - [01/May/2018:13:32:59 -0500] "-" 408 -
187.227.7.213 - - [01/May/2018:13:33:03 -0500] "GET /favicon.ico HTTP/1.1" 200 7782
66.249.69.148 - - [01/May/2018:13:33:06 -0500] "GET /BLA/resoluciones/AUTOS%202008/3217.pdf HTTP/1.1" 200 87596
66.249.88.62 - - [01/May/2018:13:33:24 -0500] "GET /galeria/galeria/jquery.fancybox.css?v=2.1.5 HTTP/1.1" 200 4895
66.249.88.33 - - [01/May/2018:13:33:24 -0500] "GET /BLA/boletinlegal/js/jquery.scrollShow.js HTTP/1.1" 200 4586
66.249.88.33 - - [01/May/2018:13:33:24 -0500] "GET /galeria/galeria/jquery.fancybox.js?v=2.1.5 HTTP/1.1" 200 48706
190.26.46.70 - - [01/May/2018:13:33:25 -0500] "GET /BLA/boletinlegal/js/jquery.scrollShow.js HTTP/1.1" 200 4586
190.26.46.70 - - [01/May/2018:13:33:25 -0500] "GET /galeria/galeria/jquery.fancybox.js?v=2.1.5 HTTP/1.1" 200 48706
190.26.46.70 - - [01/May/2018:13:33:28 -0500] "GET /galeria/galeria/jquery.fancybox.css?v=2.1.5 HTTP/1.1" 200 4895
190.26.46.70 - - [01/May/2018:13:33:28 -0500] "GET /galeria/carrusel/Carrusel/jquery.thumbnailScroller.css HTTP/1.1" 200 2066
190.26.46.70 - - [01/May/2018:13:33:28 -0500] "GET /galeria/carrusel/Carrusel/jquery-ui-1.8.13.custom.min.js HTTP/1.1" 200 10800
54.36.148.71 - - [01/May/2018:13:33:30 -0500] "GET /BLA/resoluciones/AUTOS%202006/AUTOS%202006%201401%20-%201500/00001447.tif HTTP/1.1" 200 55672
190.26.46.70 - - [01/May/2018:13:33:30 -0500] "GET /galeria/carrusel/Carrusel/jquery.thumbnailScroller.js HTTP/1.1" 200 8157
54.36.149.106 - - [01/May/2018:13:33:31 -0500] "GET /BLA/resoluciones/AUTOS%202006/AUTOS%202006%202101%20-%202200/00002156.tif HTTP/1.1" 200 57964
190.76.250.109 - - [01/May/2018:13:33:33 -0500] "GET /BLA/boletinlegal/js/jquery.scrollShow.js HTTP/1.1" 200 4586
190.76.250.109 - - [01/May/2018:13:33:41 -0500] "GET /galeria/galeria/jquery.fancybox.js?v=2.1.5 HTTP/1.1" 200 48706
190.76.250.109 - - [01/May/2018:13:33:42 -0500] "GET /galeria/galeria/jquery.fancybox.css?v=2.1.5 HTTP/1.1" 200 4895
186.146.45.174 - - [01/May/2018:13:33:44 -0500] "GET /galeria/galeria/jquery.fancybox.css?v=2.1.5 HTTP/1.1" 200 4895
186.146.45.174 - - [01/May/2018:13:33:44 -0500] "GET /galeria/galeria/jquery.fancybox.js?v=2.1.5 HTTP/1.1" 200 48706
186.146.45.174 - - [01/May/2018:13:33:44 -0500] "GET /BLA/boletinlegal/js/jquery.scrollShow.js HTTP/1.1" 200 4586
190.26.46.70 - - [01/May/2018:13:33:51 -0500] "GET /galeria/nivo-slider/demo/demo.html HTTP/1.1" 200 10615
190.26.46.70 - - [01/May/2018:13:33:57 -0500] "GET /galeria/nivo-slider/themes/default/default.css HTTP/1.1" 200 1569
190.26.46.70 - - [01/May/2018:13:33:57 -0500] "GET /galeria/nivo-slider/themes/pascal/pascal.css HTTP/1.1" 200 2258
190.26.46.70 - - [01/May/2018:13:33:57 -0500] "GET /galeria/nivo-slider/themes/orman/orman.css HTTP/1.1" 200 2152
190.26.46.70 - - [01/May/2018:13:33:57 -0500] "GET /galeria/nivo-slider/nivo-slider.css HTTP/1.1" 200 1507
190.26.46.70 - - [01/May/2018:13:33:57 -0500] "GET /galeria/nivo-slider/demo/style.css HTTP/1.1" 200 2222
190.26.46.70 - - [01/May/2018:13:33:57 -0500] "GET /galeria/nivo-slider/demo/scripts/jquery-1.7.1.min.js HTTP/1.1" 200 93868
190.26.46.70 - - [01/May/2018:13:33:58 -0500] "GET /galeria/nivo-slider/demo/images/LaureldeceraWEB%20%281%29.jpg HTTP/1.1" 200 164235
190.26.46.70 - - [01/May/2018:13:33:59 -0500] "GET /galeria/nivo-slider/jquery.nivo.slider.pack.js HTTP/1.1" 200 11561
190.26.46.70 - - [01/May/2018:13:33:59 -0500] "GET /galeria/nivo-slider/demo/images/Banner%20WEB%20caminata%20mujer.jpg HTTP/1.1" 200 601023
190.26.46.70 - - [01/May/2018:13:33:59 -0500] "GET /galeria/nivo-slider/demo/images/banner-web-reciclaton-2018.jpg HTTP/1.1" 200 207701
104.199.19.8 - - [01/May/2018:13:33:59 -0500] "-" 408 -
190.26.46.70 - - [01/May/2018:13:34:00 -0500] "GET /galeria/nivo-slider/demo/images/4Simple_Slider.png HTTP/1.1" 200 11722
190.26.46.70 - - [01/May/2018:13:34:00 -0500] "GET /galeria/nivo-slider/themes/default/loading.gif HTTP/1.1" 200 1737
190.26.46.70 - - [01/May/2018:13:34:03 -0500] "GET /galeria/nivo-slider/demo/images/BANNER%20VAN%20DER%20HAMMEN.jpg HTTP/1.1" 200 64172
190.26.46.70 - - [01/May/2018:13:34:03 -0500] "GET /galeria/nivo-slider/demo/images/Web_Respuestas.png HTTP/1.1" 200 264084
190.26.46.70 - - [01/May/2018:13:34:04 -0500] "GET /galeria/nivo-slider/demo/images/rendicion%20de%20cuentas%202017%20%20banner.jpg HTTP/1.1" 200 184292
190.26.46.70 - - [01/May/2018:13:34:04 -0500] "GET /galeria/nivo-slider/demo/images/banner-bolsas-plasticas.jpg HTTP/1.1" 200 317939
186.31.152.242 - - [01/May/2018:13:34:05 -0500] "GET /galeria/galeria/jquery.fancybox.css?v=2.1.5 HTTP/1.1" 200 4895
186.31.152.242 - - [01/May/2018:13:34:05 -0500] "GET /BLA/boletinlegal/js/jquery.scrollShow.js HTTP/1.1" 200 4586
