171.33.234.138 - - [19/May/2018:04:17:54 -0500] "GET /galeria/galeria/jquery.fancybox.js?v=2.1.5 HTTP/1.1" 200 48706
69.162.124.233 - - [19/May/2018:04:18:04 -0500] "HEAD / HTTP/1.1" 200 -
192.168.175.104 - - [19/May/2018:04:18:15 -0500] "GET / HTTP/1.1" 200 9990
192.168.175.104 - - [19/May/2018:04:18:17 -0500] "GET / HTTP/1.0" 200 9990
35.226.23.240 - - [19/May/2018:04:18:21 -0500] "GET /robots.txt HTTP/1.1" 404 1018
40.77.167.40 - - [19/May/2018:04:19:10 -0500] "GET / HTTP/1.1" 200 9990
192.168.175.104 - - [19/May/2018:04:19:18 -0500] "GET / HTTP/1.1" 200 9990
66.249.73.73 - - [19/May/2018:04:19:45 -0500] "GET /BLA/resoluciones/AUTOS%202013/0394.pdf HTTP/1.1" 200 2140692
66.249.73.73 - - [19/May/2018:04:20:43 -0500] "GET /BLA/resoluciones/RESOLUCIONES%202003/RES%202003%20701-750/749.tif HTTP/1.1" 200 68252
66.249.73.73 - - [19/May/2018:04:20:44 -0500] "GET /BLA/resoluciones/RESOLUCIONES%202003/RES%202003%201551-1601/20031559.tif HTTP/1.1" 200 161198
66.249.73.73 - - [19/May/2018:04:20:46 -0500] "GET /BLA/resoluciones/RESOLUCIONES%202003/RES%202003%20201-250/2003RES245.tif HTTP/1.1" 200 170844
179.51.101.58 - - [19/May/2018:04:20:46 -0500] "GET /BLA/boletinlegal/js/jquery.scrollShow.js HTTP/1.1" 200 4586
179.51.101.58 - - [19/May/2018:04:20:46 -0500] "GET /galeria/galeria/jquery.fancybox.js?v=2.1.5 HTTP/1.1" 200 48706
179.51.101.58 - - [19/May/2018:04:20:46 -0500] "GET /galeria/galeria/jquery.fancybox.css?v=2.1.5 HTTP/1.1" 200 4895
66.249.73.75 - - [19/May/2018:04:21:17 -0500] "GET /BLA/resoluciones/RESOLUCIONES%202013/0125.pdf HTTP/1.1" 200 2822143
66.249.73.73 - - [19/May/2018:04:21:26 -0500] "GET /BLA/resoluciones/RESOLUCIONES%202003/RES%202003%20201-250/2003RES204.tif HTTP/1.1" 200 427108
66.249.73.75 - - [19/May/2018:04:21:27 -0500] "GET /BLA/resoluciones/RESOLUCIONES%202003/RES%202003%20201-250/2003RES204.tif HTTP/1.1" 200 427108
201.245.192.253 - - [19/May/2018:04:21:16 -0500] "POST /kwsrmcab/Wsrmcab HTTP/1.1" 200 25726
66.249.73.75 - - [19/May/2018:04:22:10 -0500] "GET /BLA/resoluciones/RESOLUCIONES%202003/RES%202003%20201-250/2003RES203.tif HTTP/1.1" 200 172540
66.249.73.73 - - [19/May/2018:04:22:52 -0500] "GET /BLA/resoluciones/RESOLUCIONES%202003/RES%202003%201801-1850/20031824.tif HTTP/1.1" 200 605244
69.162.124.233 - - [19/May/2018:04:23:04 -0500] "HEAD / HTTP/1.1" 200 -
192.168.175.104 - - [19/May/2018:04:23:14 -0500] "GET / HTTP/1.1" 200 9990
192.168.175.104 - - [19/May/2018:04:23:15 -0500] "GET / HTTP/1.0" 200 9990
40.77.167.88 - - [19/May/2018:04:23:06 -0500] "GET /pot-2013/cartografia/04_inundacion_v1_2013.pdf HTTP/1.1" 200 4942126
192.168.175.104 - - [19/May/2018:04:24:16 -0500] "GET / HTTP/1.1" 200 9990
66.249.73.85 - - [19/May/2018:04:24:23 -0500] "GET /robots.txt HTTP/1.1" 404 1019
66.249.73.83 - - [19/May/2018:04:24:23 -0500] "GET / HTTP/1.1" 200 9990
66.249.73.83 - - [19/May/2018:04:24:36 -0500] "GET /Anexos%20estudio%20Organizacional%20SDA/dlf/styles.css HTTP/1.1" 200 3045
54.36.148.64 - - [19/May/2018:04:25:09 -0500] "GET /BLA/resoluciones/RESOLUCIONES%202004/RES%202004%201701-1750/00001729.tif HTTP/1.1" 200 116042
66.249.73.73 - - [19/May/2018:04:25:36 -0500] "GET /BLA/resoluciones/RESOLUCIONES%202003/RES%202003%201451-1500/20031494.tif HTTP/1.1" 200 187204
66.249.73.73 - - [19/May/2018:04:25:38 -0500] "GET /BLA/resoluciones/RESOLUCIONES%202003/RES%202003%201801-1850/20031825.tif HTTP/1.1" 200 117388
157.55.39.35 - - [19/May/2018:04:25:56 -0500] "GET /galeria/galeria/fotos/Humedal-Tibanica3G.jpg HTTP/1.1" 200 428565
66.249.73.73 - - [19/May/2018:04:26:15 -0500] "GET /robots.txt HTTP/1.1" 404 1018
66.249.73.73 - - [19/May/2018:04:26:15 -0500] "GET /BLA/resoluciones/RESOLUCIONES%202003/RES%202003%20701-750/750.tif HTTP/1.1" 200 123620
66.249.73.75 - - [19/May/2018:04:26:54 -0500] "GET /BLA/resoluciones/RESOLUCIONES%202003/RES%202003%201801-1850/20031822.tif HTTP/1.1" 200 122472
66.249.73.75 - - [19/May/2018:04:26:55 -0500] "GET /BLA/resoluciones/RESOLUCIONES%202003/RES%202003%20601-650/612.tif HTTP/1.1" 200 69436
190.217.108.194 - - [19/May/2018:04:27:20 -0500] "GET /BLA/resoluciones/RESOLUCIONES%202017/1146.pdf HTTP/1.1" 200 439421
190.217.108.194 - - [19/May/2018:04:27:20 -0500] "GET /favicon.ico HTTP/1.1" 200 7782
66.249.73.73 - - [19/May/2018:04:27:33 -0500] "GET /BLA/resoluciones/RESOLUCIONES%202003/RES%202003%20201-250/2003RES233.tif HTTP/1.1" 200 96916
77.72.83.233 - - [19/May/2018:04:27:40 -0500] "GET / HTTP/1.1" 200 9990
186.113.10.19 - - [19/May/2018:04:27:59 -0500] "GET /galeria/nivo-slider/demo/images/banner-corporativa.jpg HTTP/1.1" 304 -
69.162.124.233 - - [19/May/2018:04:28:04 -0500] "HEAD / HTTP/1.1" 200 -
192.168.175.104 - - [19/May/2018:04:28:12 -0500] "GET / HTTP/1.1" 200 9990
192.168.175.104 - - [19/May/2018:04:28:14 -0500] "GET / HTTP/1.0" 200 9990
66.249.73.75 - - [19/May/2018:04:28:15 -0500] "GET /BLA/resoluciones/RESOLUCIONES%202003/RES%202003%201551-1601/20031595.tif HTTP/1.1" 200 84128
192.168.175.104 - - [19/May/2018:04:29:15 -0500] "GET / HTTP/1.1" 200 9990
157.55.39.229 - - [19/May/2018:04:29:36 -0500] "GET /php/CarreraAdministrativa/HERRAMIENTA_EVALUACION_SDA1_NIVEL-PROFESIONAL2010.pdf HTTP/1.1" 404 1018
172.58.4.50 - - [19/May/2018:04:29:40 -0500] "GET /BLA/resoluciones/RESOLUCIONES%202015/0238.pdf HTTP/1.1" 200 486618
66.249.73.95 - - [19/May/2018:04:30:01 -0500] "GET / HTTP/1.1" 200 9990
94.130.66.80 - - [19/May/2018:04:30:10 -0500] "GET /robots.txt HTTP/1.1" 404 1015
94.130.66.80 - - [19/May/2018:04:30:11 -0500] "GET /Anexos%20estudio%20Organizacional%20SDA/ANEXO%20No.%201-%20NORMAS%20LEGALES%20DE%20ESTRUCTURA%20Y%20PLANTA/Acuerdo%209%20de%201990%20Concejo%20de%20Bogot%C3%A1..htm HTTP/1.1" 200 34207
54.36.148.26 - - [19/May/2018:04:30:12 -0500] "GET /BLA/resoluciones/RESOLUCIONES%202005/RES%202005%20751-800/00000762.tif HTTP/1.1" 200 157396
157.55.39.230 - - [19/May/2018:04:30:17 -0500] "GET /POT-2013/Cartografia/Anexo01_Sistema_Hidrico.pdf HTTP/1.1" 200 5860035
66.249.73.66 - - [19/May/2018:04:30:31 -0500] "GET / HTTP/1.1" 200 9990
66.249.73.75 - - [19/May/2018:04:30:47 -0500] "GET /BLA/resoluciones/RESOLUCIONES%202003/RES%202003%201801-1850/20031843.tif HTTP/1.1" 200 261088
66.249.73.75 - - [19/May/2018:04:30:48 -0500] "GET /BLA/resoluciones/RESOLUCIONES%202003/RES%202003%201451-1500/20031455.tif HTTP/1.1" 200 160264
66.249.73.77 - - [19/May/2018:04:31:25 -0500] "GET /BLA/resoluciones/RESOLUCIONES%202003/RES%202003%201401-1450/20031442.tif HTTP/1.1" 200 46848
157.55.39.137 - - [19/May/2018:04:31:33 -0500] "GET /ecodirectorio/files/res/downloads/download_0028.pdf HTTP/1.1" 404 1019
66.249.73.75 - - [19/May/2018:04:31:33 -0500] "GET /BLA/resoluciones/AUTOS%202013/2735.pdf HTTP/1.1" 200 915228
181.112.83.116 - - [19/May/2018:04:31:49 -0500] "GET /BLA/resoluciones/AUTOS%202014/0328.pdf HTTP/1.1" 200 850462
66.249.73.73 - - [19/May/2018:04:32:03 -0500] "GET /BLA/resoluciones/RESOLUCIONES%202003/RES%202003%20201-250/2003RES237.tif HTTP/1.1" 200 69816
35.189.215.158 - - [19/May/2018:04:32:15 -0500] "-" 408 -
157.55.39.85 - - [19/May/2018:04:32:21 -0500] "GET / HTTP/1.1" 200 9990
66.249.73.73 - - [19/May/2018:04:32:42 -0500] "GET /BLA/resoluciones/RESOLUCIONES%202003/RES%202003%201551-1601/20031556.tif HTTP/1.1" 200 69248
69.162.124.233 - - [19/May/2018:04:33:04 -0500] "HEAD / HTTP/1.1" 200 -
192.168.175.104 - - [19/May/2018:04:33:10 -0500] "GET / HTTP/1.1" 200 9990
192.168.175.104 - - [19/May/2018:04:33:13 -0500] "GET / HTTP/1.0" 200 9990
186.113.10.19 - - [19/May/2018:04:33:50 -0500] "GET /galeria/nivo-slider/demo/images/GlobalBigDayWEB%20%281%29.jpg HTTP/1.1" 304 -
186.80.236.220 - - [19/May/2018:04:34:12 -0500] "GET /BLA/boletinlegal/js/jquery.scrollShow.js HTTP/1.1" 200 4586
186.80.236.220 - - [19/May/2018:04:34:12 -0500] "GET /galeria/galeria/jquery.fancybox.js?v=2.1.5 HTTP/1.1" 200 48706
186.80.236.220 - - [19/May/2018:04:34:12 -0500] "GET /galeria/galeria/jquery.fancybox.css?v=2.1.5 HTTP/1.1" 200 4895
186.80.236.220 - - [19/May/2018:04:34:12 -0500] "GET /galeria/carrusel/Carrusel/jquery.thumbnailScroller.css HTTP/1.1" 200 2066
186.80.236.220 - - [19/May/2018:04:34:13 -0500] "GET /galeria/carrusel/Carrusel/jquery-ui-1.8.13.custom.min.js HTTP/1.1" 200 10800
192.168.175.104 - - [19/May/2018:04:34:13 -0500] "GET / HTTP/1.1" 200 9990
186.80.236.220 - - [19/May/2018:04:34:14 -0500] "GET /galeria/carrusel/Carrusel/jquery.thumbnailScroller.js HTTP/1.1" 200 8157
66.249.73.73 - - [19/May/2018:04:35:09 -0500] "GET /BLA/resoluciones/RESOLUCIONES%202008/4353.pdf HTTP/1.1" 200 416168
66.249.73.73 - - [19/May/2018:04:35:51 -0500] "GET /BLA/resoluciones/RESOLUCIONES%202003/RES%202003%20601-650/621.tif HTTP/1.1" 200 71624
66.249.73.73 - - [19/May/2018:04:36:04 -0500] "GET /BLA/resoluciones/RESOLUCIONES%202003/RES%202003%201801-1850/20031830.tif HTTP/1.1" 200 110920
181.59.6.251 - - [19/May/2018:04:36:23 -0500] "GET /BLA/boletinlegal/js/jquery.scrollShow.js HTTP/1.1" 200 4586
181.59.6.251 - - [19/May/2018:04:36:23 -0500] "GET /galeria/galeria/jquery.fancybox.js?v=2.1.5 HTTP/1.1" 200 48706
181.59.6.251 - - [19/May/2018:04:36:23 -0500] "GET /galeria/galeria/jquery.fancybox.css?v=2.1.5 HTTP/1.1" 200 4895
181.59.6.251 - - [19/May/2018:04:36:28 -0500] "GET /BLA/boletinlegal/js/jquery.scrollShow.js HTTP/1.1" 304 -
181.59.6.251 - - [19/May/2018:04:36:28 -0500] "GET /galeria/galeria/jquery.fancybox.css?v=2.1.5 HTTP/1.1" 304 -
181.59.6.251 - - [19/May/2018:04:36:28 -0500] "GET /galeria/galeria/jquery.fancybox.js?v=2.1.5 HTTP/1.1" 304 -
66.249.73.73 - - [19/May/2018:04:36:53 -0500] "GET /BLA/resoluciones/RESOLUCIONES%202003/RES%202003%20201-250/2003RES220.tif HTTP/1.1" 200 134612
66.249.73.77 - - [19/May/2018:04:37:42 -0500] "GET /BLA/resoluciones/RESOLUCIONES%202009/9737.pdf HTTP/1.1" 200 313168
66.249.73.73 - - [19/May/2018:04:37:58 -0500] "GET /BLA/resoluciones/RESOLUCIONES%202003/RES%202003%201101-1150/1119.tif HTTP/1.1" 200 330904
69.162.124.233 - - [19/May/2018:04:38:04 -0500] "HEAD / HTTP/1.1" 200 -
192.168.175.104 - - [19/May/2018:04:38:08 -0500] "GET / HTTP/1.1" 200 9990
192.168.175.104 - - [19/May/2018:04:38:11 -0500] "GET / HTTP/1.0" 200 9990
66.249.73.73 - - [19/May/2018:04:39:07 -0500] "GET /BLA/resoluciones/RESOLUCIONES%202003/RES%202003%201551-1601/20031598.tif HTTP/1.1" 200 106036
192.168.175.104 - - [19/May/2018:04:39:11 -0500] "GET / HTTP/1.1" 200 9990
66.249.73.73 - - [19/May/2018:04:39:46 -0500] "GET /BLA/resoluciones/AUTOS%202016/0467.pdf HTTP/1.1" 200 695531
66.249.73.73 - - [19/May/2018:04:40:16 -0500] "GET /BLA/resoluciones/RESOLUCIONES%202003/RES%202003%201401-1450/20031418.tif HTTP/1.1" 200 262484
181.59.6.251 - - [19/May/2018:04:40:23 -0500] "GET /BLA/boletinlegal/js/jquery.scrollShow.js HTTP/1.1" 304 -
181.59.6.251 - - [19/May/2018:04:40:23 -0500] "GET /galeria/galeria/jquery.fancybox.js?v=2.1.5 HTTP/1.1" 304 -
181.59.6.251 - - [19/May/2018:04:40:23 -0500] "GET /galeria/galeria/jquery.fancybox.css?v=2.1.5 HTTP/1.1" 304 -
66.249.73.73 - - [19/May/2018:04:41:14 -0500] "GET /BLA/resoluciones/RESOLUCIONES%202003/RES%202003%201551-1601/20031577.tif HTTP/1.1" 200 159308
66.249.73.77 - - [19/May/2018:04:41:17 -0500] "GET /BLA/resoluciones/RESOLUCIONES%202003/RES%202003%20201-250/2003RES201.tif HTTP/1.1" 200 275800
66.249.73.73 - - [19/May/2018:04:41:44 -0500] "GET /BLA/resoluciones/RESOLUCIONES%202003/RES%202003%201401-1450/20031426.tif HTTP/1.1" 200 43356
66.249.73.73 - - [19/May/2018:04:41:45 -0500] "GET /BLA/resoluciones/RESOLUCIONES%202003/RES%202003%20601-650/608.tif HTTP/1.1" 200 67844
94.130.66.80 - - [19/May/2018:04:41:50 -0500] "GET /Autoliquidacion/Grupo%20Forestal%20-%20Silvicultura/Formulario%20%C3%BAnico%20nacional%20de%20solicitud%20de%20aprovechamiento%20forestal%20arboles%20aislados.xlsx HTTP/1.1" 200 1146411
94.130.66.80 - - [19/May/2018:04:42:02 -0500] "GET /Autoliquidacion/Grupo%20Forestal%20-%20Silvicultura/Solicitud%20y%20lista%20de%20chequeo%20Evaluaci%C3%B3n%20Silvicultural.xlsx HTTP/1.1" 404 1015
94.130.66.80 - - [19/May/2018:04:42:03 -0500] "GET /robots.txt HTTP/1.1" 404 1019
94.130.66.80 - - [19/May/2018:04:42:05 -0500] "GET /Autoliquidacion/Grupo%20Forestal%20-%20Silvicultura/Formulario%20%C3%BAnico%20nacional%20de%20solicitud%20de%20aprovechamiento%20forestal%20arboles%20aislados.xlsx HTTP/1.1" 200 1146411
94.130.66.80 - - [19/May/2018:04:42:09 -0500] "GET /Autoliquidacion/Grupo%20Forestal%20-%20Silvicultura/Solicitud%20y%20lista%20de%20chequeo%20Evaluaci%C3%B3n%20Silvicultural.xlsx HTTP/1.1" 404 1019
66.249.73.73 - - [19/May/2018:04:42:10 -0500] "GET /BLA/resoluciones/RESOLUCIONES%202003/RES%202003%201451-1500/20031498.tif HTTP/1.1" 200 158854
94.130.66.80 - - [19/May/2018:04:42:11 -0500] "GET /robots.txt HTTP/1.1" 404 1019
94.130.66.80 - - [19/May/2018:04:42:13 -0500] "GET /galeria/galeria/fotos/Humedal-Santa-Mar%C3%ADa-del-Lago1G.jpg HTTP/1.1" 200 290867
94.130.66.80 - - [19/May/2018:04:42:15 -0500] "GET /galeria/galeria/fotos/Humedal-Santa-Mar%C3%ADa-del-Lago1P.jpg HTTP/1.1" 200 26912
94.130.66.80 - - [19/May/2018:04:42:19 -0500] "GET /galeria/galeria/fotos/Humedal-Santa-Mar%C3%ADa-del-Lago2G.jpg HTTP/1.1" 200 313606
66.249.73.73 - - [19/May/2018:04:42:19 -0500] "GET /BLA/resoluciones/AUTOS%202007/2253.pdf HTTP/1.1" 200 371596
94.130.66.80 - - [19/May/2018:04:42:21 -0500] "GET /galeria/galeria/fotos/Humedal-Santa-Mar%C3%ADa-del-Lago2P.jpg HTTP/1.1" 200 37138
94.130.66.80 - - [19/May/2018:04:42:24 -0500] "GET /galeria/galeria/fotos/Humedal-Santa-Mar%C3%ADa-del-Lago3G.jpg HTTP/1.1" 200 271832
94.130.66.80 - - [19/May/2018:04:42:27 -0500] "GET /galeria/galeria/fotos/Humedal-Santa-Mar%C3%ADa-del-Lago3P.jpg HTTP/1.1" 200 30161
94.130.66.80 - - [19/May/2018:04:42:30 -0500] "GET /galeria/galeria/fotos/Humedal-Santa-Mar%C3%ADa-del-Lago4G.jpg HTTP/1.1" 200 361652
94.130.66.80 - - [19/May/2018:04:42:32 -0500] "GET /galeria/galeria/fotos/Humedal-Santa-Mar%C3%ADa-del-Lago4P.jpg HTTP/1.1" 200 33121
94.130.66.80 - - [19/May/2018:04:42:35 -0500] "GET /galeria/mapa/3MapaBogot%C3%A1.jpg HTTP/1.1" 200 688183
163.172.66.51 - - [19/May/2018:04:42:36 -0500] "GET /galeria/galeria/jquery.fancybox.css?v=2.1.5 HTTP/1.1" 200 4895
163.172.66.51 - - [19/May/2018:04:42:36 -0500] "GET /galeria/carrusel/Carrusel/jquery.thumbnailScroller.css HTTP/1.1" 200 2066
163.172.66.51 - - [19/May/2018:04:42:36 -0500] "GET /BLA/boletinlegal/js/jquery.scrollShow.js HTTP/1.1" 200 4586
163.172.66.51 - - [19/May/2018:04:42:36 -0500] "GET /galeria/galeria/jquery.fancybox.js?v=2.1.5 HTTP/1.1" 200 48706
66.249.73.73 - - [19/May/2018:04:42:37 -0500] "GET /BLA/resoluciones/RESOLUCIONES%202003/RES%202003%20201-250/2003RES240.tif HTTP/1.1" 200 156776
94.130.66.80 - - [19/May/2018:04:42:37 -0500] "GET /galeria/mapa2/3MapaBogot%C3%A1.jpg HTTP/1.1" 200 641419
163.172.66.51 - - [19/May/2018:04:42:38 -0500] "GET /galeria/carrusel/Carrusel/jquery-ui-1.8.13.custom.min.js HTTP/1.1" 200 10800
163.172.66.51 - - [19/May/2018:04:42:39 -0500] "GET /galeria/carrusel/Carrusel/jquery.thumbnailScroller.js HTTP/1.1" 200 8157
163.172.66.51 - - [19/May/2018:04:42:39 -0500] "GET /galeria/nivo-slider/demo/demo.html HTTP/1.1" 200 12383
163.172.66.51 - - [19/May/2018:04:42:39 -0500] "GET /galeria/nivo-slider/themes/pascal/pascal.css HTTP/1.1" 200 2258
163.172.66.51 - - [19/May/2018:04:42:39 -0500] "GET /galeria/nivo-slider/themes/orman/orman.css HTTP/1.1" 200 2152
163.172.66.51 - - [19/May/2018:04:42:39 -0500] "GET /galeria/nivo-slider/themes/default/default.css HTTP/1.1" 200 1569
163.172.66.51 - - [19/May/2018:04:42:39 -0500] "GET /galeria/nivo-slider/nivo-slider.css HTTP/1.1" 200 1507
163.172.66.51 - - [19/May/2018:04:42:39 -0500] "GET /galeria/nivo-slider/demo/scripts/jquery-1.7.1.min.js HTTP/1.1" 200 93868
163.172.66.51 - - [19/May/2018:04:42:39 -0500] "GET /galeria/nivo-slider/demo/style.css HTTP/1.1" 200 2222
163.172.66.51 - - [19/May/2018:04:42:40 -0500] "GET /galeria/nivo-slider/jquery.nivo.slider.pack.js HTTP/1.1" 200 11561
94.130.66.80 - - [19/May/2018:04:42:40 -0500] "GET /galeria/nivo-slider/demo/images/BOMBILLASDA%C3%91ADAS.jpg HTTP/1.1" 200 145923
94.130.66.80 - - [19/May/2018:04:42:42 -0500] "GET /galeria/nivo-slider/demo/images/Banner-Participaci%C3%B3n-PYBA_sep.jpg HTTP/1.1" 200 172916
94.130.66.80 - - [19/May/2018:04:42:44 -0500] "GET /galeria/nivo-slider/demo/images/BannerCiclodeCapacitaci%C3%B3nes.jpg HTTP/1.1" 200 657001
94.130.66.80 - - [19/May/2018:04:42:47 -0500] "GET /galeria/nivo-slider/demo/images/Campa%C3%B1a-Incendios-Forestales.jpg HTTP/1.1" 200 239800
94.130.66.80 - - [19/May/2018:04:42:50 -0500] "GET /galeria/nivo-slider/demo/images/Encuentro-Orqu%C3%ADdeas01.jpg HTTP/1.1" 200 86179
94.130.66.80 - - [19/May/2018:04:42:52 -0500] "GET /galeria/nivo-slider/demo/images/Encuentro-Orqu%C3%ADdeas02.jpg HTTP/1.1" 200 85602
94.130.66.80 - - [19/May/2018:04:42:55 -0500] "GET /galeria/nivo-slider/demo/images/Ni%C3%B1os01.jpg HTTP/1.1" 200 143176
94.130.66.80 - - [19/May/2018:04:42:57 -0500] "GET /galeria/nivo-slider/demo/images/Ni%C3%B1os02.jpg HTTP/1.1" 200 152461
94.130.66.80 - - [19/May/2018:04:42:59 -0500] "GET /galeria/nivo-slider/demo/images/Ni%C3%B1os03.jpg HTTP/1.1" 200 164616
94.130.66.80 - - [19/May/2018:04:43:01 -0500] "GET /galeria/nivo-slider/demo/images/Ni%C3%B1osCafam1_1.jpg HTTP/1.1" 200 199527
94.130.66.80 - - [19/May/2018:04:43:03 -0500] "GET /galeria/nivo-slider/demo/images/Ni%C3%B1osCafam2_1.jpg HTTP/1.1" 200 182432
69.162.124.233 - - [19/May/2018:04:43:04 -0500] "HEAD / HTTP/1.1" 200 -
94.130.66.80 - - [19/May/2018:04:43:05 -0500] "GET /galeria/nivo-slider/demo/images/Ni%C3%B1osCafam3_1.jpg HTTP/1.1" 200 167996
192.168.175.104 - - [19/May/2018:04:43:06 -0500] "GET / HTTP/1.1" 200 9990
66.249.73.73 - - [19/May/2018:04:43:06 -0500] "GET /BLA/resoluciones/RESOLUCIONES%202003/RES%202003%201401-1450/20031441.tif HTTP/1.1" 200 85160
94.130.66.80 - - [19/May/2018:04:43:07 -0500] "GET /galeria/nivo-slider/demo/images/Premiaci%C3%B3nJBB.png HTTP/1.1" 200 258352
94.130.66.80 - - [19/May/2018:04:43:09 -0500] "GET /galeria/nivo-slider/demo/images/adqusici%C3%B3n.jpg HTTP/1.1" 200 187798
192.168.175.104 - - [19/May/2018:04:43:10 -0500] "GET / HTTP/1.0" 200 9990
94.130.66.80 - - [19/May/2018:04:43:16 -0500] "GET /galeria/nivo-slider/demo/images/banner%20web%20condecoraci%C3%B3n%20Augusto%20Angel-01-min.jpg HTTP/1.1" 200 196851
94.130.66.80 - - [19/May/2018:04:43:18 -0500] "GET /galeria/nivo-slider/demo/images/bannerApag%C3%B3n.jpg HTTP/1.1" 200 53747
94.130.66.80 - - [19/May/2018:04:43:21 -0500] "GET /galeria/nivo-slider/demo/images/bannercapacitaci%C3%B3ninfraestructuavegetada.jpg HTTP/1.1" 200 360496
66.249.73.77 - - [19/May/2018:04:43:21 -0500] "GET /BLA/resoluciones/RESOLUCIONES%202008/2343.pdf HTTP/1.1" 304 -
94.130.66.80 - - [19/May/2018:04:43:23 -0500] "GET /galeria/nivo-slider/demo/images/bannerinvitaci%C3%B3nacaminatasecologicas2.jpg HTTP/1.1" 200 513253
94.130.66.80 - - [19/May/2018:04:43:26 -0500] "GET /galeria/nivo-slider/demo/images/condecoracionalaeducaci%C3%B3nambiental.jpg HTTP/1.1" 200 196078
94.130.66.80 - - [19/May/2018:04:43:28 -0500] "GET /galeria/nivo-slider/demo/images/no-atenci%C3%B3n.jpg HTTP/1.1" 200 104993
66.249.73.73 - - [19/May/2018:04:43:52 -0500] "GET /BLA/resoluciones/RESOLUCIONES%202008/5088.pdf HTTP/1.1" 200 240320
192.168.175.104 - - [19/May/2018:04:44:10 -0500] "GET / HTTP/1.1" 200 9990
66.249.73.77 - - [19/May/2018:04:44:27 -0500] "GET /BLA/resoluciones/RESOLUCIONES%202009/0407.pdf HTTP/1.1" 200 248082
66.249.73.93 - - [19/May/2018:04:44:28 -0500] "GET / HTTP/1.1" 200 9990
66.249.73.73 - - [19/May/2018:04:44:53 -0500] "GET /BLA/resoluciones/AUTOS%202010/2096.pdf HTTP/1.1" 304 -
66.249.73.73 - - [19/May/2018:04:46:21 -0500] "GET /BLA/resoluciones/RESOLUCIONES%202003/RES%202003%201451-1500/20031486.tif HTTP/1.1" 200 164442
47.106.37.223 - - [19/May/2018:04:46:25 -0500] "GET /web-cache.php HTTP/1.1" 404 1019
66.249.73.73 - - [19/May/2018:04:46:25 -0500] "GET /BLA/resoluciones/RESOLUCIONES%202003/RES%202003%201551-1601/20031558.tif HTTP/1.1" 200 43908
66.249.73.79 - - [19/May/2018:04:46:35 -0500] "GET /BLA/resoluciones/RESOLUCIONES%202003/RES%202003%201801-1850/20031831.tif HTTP/1.1" 200 112906
204.79.180.16 - - [19/May/2018:04:46:42 -0500] "GET /BLA/boletinlegal/js/jquery.scrollShow.js HTTP/1.1" 200 4586
204.79.180.6 - - [19/May/2018:04:46:43 -0500] "GET /galeria/galeria/jquery.fancybox.js?v=2.1.5 HTTP/1.1" 200 48706
204.79.180.1 - - [19/May/2018:04:46:44 -0500] "GET /galeria/galeria/jquery.fancybox.css?v=2.1.5 HTTP/1.1" 200 4895
66.249.73.73 - - [19/May/2018:04:47:13 -0500] "GET /BLA/resoluciones/RESOLUCIONES%202003/RES%202003%20701-750/706.tif HTTP/1.1" 200 153732
66.249.73.73 - - [19/May/2018:04:47:15 -0500] "GET /BLA/resoluciones/RESOLUCIONES%202003/RES%202003%20201-250/2003RES219.tif HTTP/1.1" 200 395688
66.249.73.75 - - [19/May/2018:04:47:52 -0500] "GET /BLA/resoluciones/RESOLUCIONES%202003/RES%202003%201801-1850/20031816.tif HTTP/1.1" 200 44494
54.36.148.142 - - [19/May/2018:04:47:53 -0500] "GET /BLA/resoluciones/RESOLUCIONES%202004/RES%202004%20451-500/00000479.tif HTTP/1.1" 200 237924
69.162.124.233 - - [19/May/2018:04:48:04 -0500] "HEAD / HTTP/1.1" 200 -
192.168.175.104 - - [19/May/2018:04:48:04 -0500] "GET / HTTP/1.1" 200 9990
192.168.175.104 - - [19/May/2018:04:48:08 -0500] "GET / HTTP/1.0" 200 9990
200.25.59.65 - - [19/May/2018:04:48:14 -0500] "GET /galeria/nivo-slider/demo/images/Rutas%20de%20recolecci%C3%B3n%20banner.jpg HTTP/1.1" 304 -
66.249.73.73 - - [19/May/2018:04:49:00 -0500] "GET /BLA/resoluciones/AUTOS%202016/0020.pdf HTTP/1.1" 304 -
192.168.175.104 - - [19/May/2018:04:49:08 -0500] "GET / HTTP/1.1" 200 9990
147.83.129.65 - - [19/May/2018:04:50:06 -0500] "GET /BLA/boletinlegal/js/jquery.scrollShow.js HTTP/1.1" 200 4586
147.83.129.65 - - [19/May/2018:04:50:06 -0500] "GET /galeria/galeria/jquery.fancybox.js?v=2.1.5 HTTP/1.1" 200 48706
147.83.129.65 - - [19/May/2018:04:50:06 -0500] "GET /galeria/carrusel/Carrusel/jquery.thumbnailScroller.css HTTP/1.1" 200 2066
147.83.129.65 - - [19/May/2018:04:50:06 -0500] "GET /galeria/galeria/jquery.fancybox.css?v=2.1.5 HTTP/1.1" 200 4895
147.83.129.65 - - [19/May/2018:04:50:06 -0500] "GET /galeria/carrusel/Carrusel/jquery-ui-1.8.13.custom.min.js HTTP/1.1" 200 10800
147.83.129.65 - - [19/May/2018:04:50:07 -0500] "GET /galeria/carrusel/Carrusel/jquery.thumbnailScroller.js HTTP/1.1" 200 8157
147.83.129.65 - - [19/May/2018:04:50:10 -0500] "GET /galeria/nivo-slider/demo/demo.html HTTP/1.1" 200 12383
147.83.129.65 - - [19/May/2018:04:50:10 -0500] "GET /galeria/nivo-slider/themes/default/default.css HTTP/1.1" 200 1569
147.83.129.65 - - [19/May/2018:04:50:10 -0500] "GET /galeria/nivo-slider/themes/orman/orman.css HTTP/1.1" 200 2152
147.83.129.65 - - [19/May/2018:04:50:10 -0500] "GET /galeria/nivo-slider/themes/pascal/pascal.css HTTP/1.1" 200 2258
147.83.129.65 - - [19/May/2018:04:50:10 -0500] "GET /galeria/nivo-slider/nivo-slider.css HTTP/1.1" 200 1507
147.83.129.65 - - [19/May/2018:04:50:10 -0500] "GET /galeria/nivo-slider/demo/style.css HTTP/1.1" 200 2222
147.83.129.65 - - [19/May/2018:04:50:10 -0500] "GET /galeria/nivo-slider/demo/images/Otorgamiento-excelencia-ambiental-Jos%C3%A9-Celestino-Mutis-2.jpg HTTP/1.1" 200 276467
147.83.129.65 - - [19/May/2018:04:50:10 -0500] "GET /galeria/nivo-slider/demo/images/Banner_micrositio.png HTTP/1.1" 200 146950
147.83.129.65 - - [19/May/2018:04:50:10 -0500] "GET /galeria/nivo-slider/demo/scripts/jquery-1.7.1.min.js HTTP/1.1" 200 93868
147.83.129.65 - - [19/May/2018:04:50:10 -0500] "GET /galeria/nivo-slider/jquery.nivo.slider.pack.js HTTP/1.1" 200 11561
147.83.129.65 - - [19/May/2018:04:50:11 -0500] "GET /galeria/nivo-slider/demo/images/avances-sentencias-rio-bogota-2.jpg HTTP/1.1" 200 304916
147.83.129.65 - - [19/May/2018:04:50:12 -0500] "GET /galeria/nivo-slider/demo/images/banner%20construccion%20sostenible.jpg HTTP/1.1" 200 346681
147.83.129.65 - - [19/May/2018:04:50:18 -0500] "GET /galeria/nivo-slider/demo/images/Banner%20FORO%20SOSTENIBILIDAD.jpg HTTP/1.1" 200 284253
147.83.129.65 - - [19/May/2018:04:50:22 -0500] "GET /galeria/nivo-slider/demo/images/banner-web-reciclaton-2018.jpg HTTP/1.1" 200 207701
147.83.129.65 - - [19/May/2018:04:50:24 -0500] "GET /galeria/nivo-slider/demo/images/BANNER%20VAN%20DER%20HAMMEN.jpg HTTP/1.1" 200 64172
147.83.129.65 - - [19/May/2018:04:50:24 -0500] "GET /galeria/nivo-slider/demo/images/banner-humedales-de-bogota.jpg HTTP/1.1" 200 292611
147.83.129.65 - - [19/May/2018:04:50:26 -0500] "GET /galeria/nivo-slider/demo/images/banner-mayo.jpg HTTP/1.1" 200 505642
147.83.129.65 - - [19/May/2018:04:50:27 -0500] "GET /galeria/nivo-slider/demo/images/maximavelocidad.png HTTP/1.1" 200 880272
147.83.129.65 - - [19/May/2018:04:50:29 -0500] "GET /galeria/nivo-slider/demo/images/banner%20aceite%20vegetal%20usado.jpg HTTP/1.1" 200 169350
147.83.129.65 - - [19/May/2018:04:50:34 -0500] "GET /galeria/nivo-slider/demo/images/bannerlumina2017web.jpg HTTP/1.1" 200 198918
147.83.129.65 - - [19/May/2018:04:50:35 -0500] "GET /galeria/nivo-slider/demo/images/banner-bolsas-plasticas.jpg HTTP/1.1" 200 317939
147.83.129.65 - - [19/May/2018:04:50:40 -0500] "GET /galeria/nivo-slider/demo/images/4Simple_Slider.png HTTP/1.1" 200 11722
147.83.129.65 - - [19/May/2018:04:50:41 -0500] "GET /galeria/nivo-slider/themes/default/loading.gif HTTP/1.1" 200 1737
147.83.129.65 - - [19/May/2018:04:50:46 -0500] "GET /galeria/galeria/jquery.fancybox.css?v=2.1.5 HTTP/1.1" 304 -
147.83.129.65 - - [19/May/2018:04:50:46 -0500] "GET /BLA/boletinlegal/js/jquery.scrollShow.js HTTP/1.1" 304 -
147.83.129.65 - - [19/May/2018:04:50:46 -0500] "GET /galeria/galeria/jquery.fancybox.js?v=2.1.5 HTTP/1.1" 304 -
66.249.73.75 - - [19/May/2018:04:51:06 -0500] "GET /BLA/resoluciones/RESOLUCIONES%202003/RES%202003%201801-1850/20031838.tif HTTP/1.1" 200 87000
66.249.73.75 - - [19/May/2018:04:51:07 -0500] "GET /BLA/resoluciones/RESOLUCIONES%202003/RES%202003%201101-1150/1128.tif HTTP/1.1" 200 143476
157.55.39.137 - - [19/May/2018:04:51:19 -0500] "GET /images/BLA.jpg HTTP/1.1" 200 34672
66.249.73.75 - - [19/May/2018:04:51:33 -0500] "GET /BLA/resoluciones/RESOLUCIONES%202007/RES%202007%202501%20AL%202600/RESOLUCION%202542%20DE%202007.pdf HTTP/1.1" 304 -
66.249.73.75 - - [19/May/2018:04:52:01 -0500] "GET /BLA/resoluciones/RESOLUCIONES%202003/RES%202003%201551-1601/20031593.tif HTTP/1.1" 200 528828
147.83.129.65 - - [19/May/2018:04:52:34 -0500] "GET /inicio/ HTTP/1.1" 404 1239
66.249.73.73 - - [19/May/2018:04:52:37 -0500] "GET /BLA/resoluciones/RESOLUCIONES%202003/RES%202003%20201-250/2003RES243.tif HTTP/1.1" 200 158088
192.168.175.104 - - [19/May/2018:04:53:03 -0500] "GET / HTTP/1.1" 200 9990
69.162.124.233 - - [19/May/2018:04:53:04 -0500] "HEAD / HTTP/1.1" 200 -
192.168.175.104 - - [19/May/2018:04:53:07 -0500] "GET / HTTP/1.0" 200 9990
147.83.129.65 - - [19/May/2018:04:53:32 -0500] "GET /galeria/nivo-slider/demo/images/maximavelocidad.png HTTP/1.1" 200 880272
147.83.129.65 - - [19/May/2018:04:53:32 -0500] "GET /galeria/nivo-slider/demo/images/banner-mayo.jpg HTTP/1.1" 200 505642
147.83.129.65 - - [19/May/2018:04:53:32 -0500] "GET /galeria/nivo-slider/demo/images/banner-bolsas-plasticas.jpg HTTP/1.1" 200 317939
66.249.73.77 - - [19/May/2018:04:53:37 -0500] "GET /BLA/resoluciones/RESOLUCIONES%202003/RES%202003%201451-1500/20031453.tif HTTP/1.1" 200 76784
66.249.73.71 - - [19/May/2018:04:52:37 -0500] "GET /BLA/boletinlegal/ HTTP/1.1" 200 53195
192.168.175.104 - - [19/May/2018:04:54:07 -0500] "GET / HTTP/1.1" 200 9990
54.36.148.244 - - [19/May/2018:04:54:32 -0500] "GET /BLA/resoluciones/RESOLUCIONES%202004/RES%202004%20301-350/00000322.tif HTTP/1.1" 200 161558
66.249.73.73 - - [19/May/2018:04:55:40 -0500] "GET / HTTP/1.1" 200 9990
66.249.73.73 - - [19/May/2018:04:54:37 -0500] "GET /BLA/boletinlegal/ HTTP/1.1" 200 53195
66.249.73.73 - - [19/May/2018:04:56:10 -0500] "GET /BLA/resoluciones/AUTOS%202014/5089.pdf HTTP/1.1" 200 448857
66.249.73.73 - - [19/May/2018:04:56:13 -0500] "GET /BLA/resoluciones/RESOLUCIONES%202003/RES%202003%201401-1450/20031406.tif HTTP/1.1" 200 106176
66.249.73.73 - - [19/May/2018:04:56:14 -0500] "GET /BLA/resoluciones/RESOLUCIONES%202003/RES%202003%201401-1450/20031403.tif HTTP/1.1" 200 160598
66.249.73.73 - - [19/May/2018:04:56:35 -0500] "GET /BLA/resoluciones/RESOLUCIONES%202003/RES%202003%20601-650/640.tif HTTP/1.1" 200 380808
66.249.73.73 - - [19/May/2018:04:57:00 -0500] "GET /BLA/resoluciones/RESOLUCIONES%202003/RES%202003%201801-1850/20031848.tif HTTP/1.1" 200 120818
54.36.149.96 - - [19/May/2018:04:57:11 -0500] "GET /BLA/resoluciones/RESOLUCIONES%202002/RES%202002%20451-500/00000494.tif HTTP/1.1" 200 354148
66.249.73.73 - - [19/May/2018:04:57:26 -0500] "GET /BLA/resoluciones/RESOLUCIONES%202003/RES%202003%20201-250/2003RES225.tif HTTP/1.1" 200 96308
95.216.14.250 - - [19/May/2018:04:57:32 -0500] "GET /robots.txt HTTP/1.1" 404 1019
95.216.14.250 - - [19/May/2018:04:57:34 -0500] "GET /galeria/nivo-slider/demo/images/Rutas%20de%20recolecci%C3%B3n%20banner.jpg HTTP/1.1" 200 181783
66.249.73.73 - - [19/May/2018:04:57:53 -0500] "GET /BLA/resoluciones/RESOLUCIONES%202003/RES%202003%201401-1450/20031434.tif HTTP/1.1" 200 65492
192.168.175.104 - - [19/May/2018:04:58:01 -0500] "GET / HTTP/1.1" 200 9990
54.36.149.101 - - [19/May/2018:04:58:02 -0500] "GET /BLA/resoluciones/RESOLUCIONES%202006/RES%202006%20451-500/00000492.tif HTTP/1.1" 200 251720
69.162.124.233 - - [19/May/2018:04:58:04 -0500] "HEAD / HTTP/1.1" 200 -
192.168.175.104 - - [19/May/2018:04:58:05 -0500] "GET / HTTP/1.0" 200 9990
178.93.21.207 - - [19/May/2018:04:58:31 -0500] "GET / HTTP/1.1" 200 9990
192.168.175.104 - - [19/May/2018:04:59:05 -0500] "GET / HTTP/1.1" 200 9990
54.36.148.222 - - [19/May/2018:04:59:24 -0500] "GET /BLA/resoluciones/RESOLUCIONES%202006/RES%202006%202351-2400/00002372.tif HTTP/1.1" 200 56002
66.249.73.73 - - [19/May/2018:05:01:09 -0500] "GET /BLA/resoluciones/RESOLUCIONES%202003/RES%202003%201451-1500/20031452.tif HTTP/1.1" 200 134212
66.249.73.73 - - [19/May/2018:05:01:10 -0500] "GET /BLA/resoluciones/RESOLUCIONES%202003/RES%202003%201551-1601/20031590.tif HTTP/1.1" 200 92292
66.249.73.77 - - [19/May/2018:05:01:18 -0500] "GET /BLA/resoluciones/RESOLUCIONES%202008/4130.pdf HTTP/1.1" 200 637298
66.249.73.73 - - [19/May/2018:05:01:45 -0500] "GET /BLA/resoluciones/RESOLUCIONES%202003/RES%202003%20201-250/2003RES246.tif HTTP/1.1" 200 265328
66.249.73.73 - - [19/May/2018:05:01:49 -0500] "GET /BLA/resoluciones/RESOLUCIONES%202007/RES%202007%20801%20AL%20900/RESOLUCION%200812%20DE%202007.pdf HTTP/1.1" 200 132675
201.245.192.253 - - [19/May/2018:05:01:16 -0500] "POST /kwsrmcab/Wsrmcab HTTP/1.1" 200 25739
181.57.240.131 - - [19/May/2018:05:01:59 -0500] "GET /galeria/nivo-slider/demo/images/Otorgamiento-excelencia-ambiental-Jos%C3%A9-Celestino-Mutis-2.jpg HTTP/1.1" 304 -
201.245.192.253 - - [19/May/2018:05:01:52 -0500] "POST /kwsrmcab/Wsrmcab HTTP/1.1" 200 213
66.249.73.73 - - [19/May/2018:05:02:24 -0500] "GET /BLA/resoluciones/RESOLUCIONES%202003/RES%202003%201551-1601/20031579.tif HTTP/1.1" 200 159720
35.226.23.240 - - [19/May/2018:05:02:49 -0500] "GET /robots.txt HTTP/1.1" 404 1018
66.249.73.73 - - [19/May/2018:05:02:51 -0500] "GET /BLA/resoluciones/RESOLUCIONES%202015/0292.pdf HTTP/1.1" 200 650934
192.168.175.104 - - [19/May/2018:05:02:59 -0500] "GET / HTTP/1.1" 200 9990
66.249.73.73 - - [19/May/2018:05:03:03 -0500] "GET /BLA/resoluciones/RESOLUCIONES%202003/RES%202003%201551-1601/20031562.tif HTTP/1.1" 200 139608
192.168.175.104 - - [19/May/2018:05:03:03 -0500] "GET / HTTP/1.0" 200 9990
69.162.124.233 - - [19/May/2018:05:03:04 -0500] "HEAD / HTTP/1.1" 200 -
66.249.73.73 - - [19/May/2018:05:03:23 -0500] "GET /BLA/resoluciones/RESOLUCIONES%202016/1953.pdf HTTP/1.1" 200 370383
66.249.73.73 - - [19/May/2018:05:03:41 -0500] "GET /BLA/resoluciones/RESOLUCIONES%202003/RES%202003%201801-1850/20031847.tif HTTP/1.1" 200 122470
66.249.73.73 - - [19/May/2018:05:03:52 -0500] "GET /BLA/resoluciones/RESOLUCIONES%202008/5364.pdf HTTP/1.1" 200 231150
192.168.175.104 - - [19/May/2018:05:04:03 -0500] "GET / HTTP/1.1" 200 9990
131.253.25.72 - - [19/May/2018:05:04:11 -0500] "GET /galeria/galeria/jquery.fancybox.js?v=2.1.5 HTTP/1.1" 200 48706
131.253.25.74 - - [19/May/2018:05:04:11 -0500] "GET /BLA/boletinlegal/js/jquery.scrollShow.js HTTP/1.1" 200 4586
131.253.25.74 - - [19/May/2018:05:04:11 -0500] "GET /galeria/galeria/jquery.fancybox.css?v=2.1.5 HTTP/1.1" 200 4895
66.249.73.75 - - [19/May/2018:05:04:23 -0500] "GET /BLA/resoluciones/RESOLUCIONES%202016/0288.pdf HTTP/1.1" 200 767900
131.253.25.86 - - [19/May/2018:05:04:44 -0500] "GET /BLA/boletinlegal/js/jquery.scrollShow.js HTTP/1.1" 200 4586
131.253.25.90 - - [19/May/2018:05:04:44 -0500] "GET /galeria/galeria/jquery.fancybox.js?v=2.1.5 HTTP/1.1" 200 48706
131.253.25.86 - - [19/May/2018:05:04:44 -0500] "GET /galeria/galeria/jquery.fancybox.css?v=2.1.5 HTTP/1.1" 200 4895
66.249.73.73 - - [19/May/2018:05:04:54 -0500] "GET /BLA/resoluciones/AUTOS%202017/0549.pdf HTTP/1.1" 200 506419
66.249.73.73 - - [19/May/2018:05:05:55 -0500] "GET /BLA/resoluciones/AUTOS%202011/2433.pdf HTTP/1.1" 200 271677
181.66.250.97 - - [19/May/2018:05:05:58 -0500] "GET /Residuos/textiles/files/guia_textiles.pdf HTTP/1.1" 200 12356716
181.66.250.97 - - [19/May/2018:05:05:58 -0500] "GET /favicon.ico HTTP/1.1" 200 7782
66.249.73.75 - - [19/May/2018:05:06:16 -0500] "GET /BLA/resoluciones/RESOLUCIONES%202003/RES%202003%201451-1500/20031479.tif HTTP/1.1" 200 167564
66.249.73.77 - - [19/May/2018:05:06:17 -0500] "GET /BLA/resoluciones/RESOLUCIONES%202003/RES%202003%201401-1450/20031430.tif HTTP/1.1" 200 73360
66.249.73.75 - - [19/May/2018:05:06:32 -0500] "GET /autoliquidacion/index.php?dir=Solicitudes+relacionadas+con+calidad+del+aire+auditiva+y+visual%2FRegistro+de+Elementos+de+publicidad+Exterior+Visual%2F HTTP/1.1" 200 3962
66.249.73.73 - - [19/May/2018:05:06:47 -0500] "GET /BLA/resoluciones/RESOLUCIONES%202003/RES%202003%201551-1601/20031563.tif HTTP/1.1" 200 163968
66.249.73.73 - - [19/May/2018:05:06:57 -0500] "GET /BLA/resoluciones/RESOLUCIONES%202014/1118.pdf HTTP/1.1" 200 4926486
66.249.73.73 - - [19/May/2018:05:07:17 -0500] "GET /BLA/resoluciones/RESOLUCIONES%202003/RES%202003%201551-1601/20031576.tif HTTP/1.1" 200 169568
66.249.73.73 - - [19/May/2018:05:07:46 -0500] "GET /BLA/resoluciones/RESOLUCIONES%202003/RES%202003%20701-750/725.tif HTTP/1.1" 200 429360
66.249.73.73 - - [19/May/2018:05:07:48 -0500] "GET /BLA/resoluciones/RESOLUCIONES%202003/RES%202003%201101-1150/1130.tif HTTP/1.1" 200 133604
54.36.148.154 - - [19/May/2018:05:07:57 -0500] "GET /BLA/resoluciones/RESOLUCIONES%202006/RES%202006%20151-200/00000189.tif HTTP/1.1" 200 298518
192.168.175.104 - - [19/May/2018:05:07:58 -0500] "GET / HTTP/1.1" 200 9990
66.249.73.73 - - [19/May/2018:05:07:58 -0500] "GET /BLA/resoluciones/AUTOS%202015/0112.pdf HTTP/1.1" 200 584662
192.168.175.104 - - [19/May/2018:05:08:02 -0500] "GET / HTTP/1.0" 200 9990
69.162.124.233 - - [19/May/2018:05:08:04 -0500] "HEAD / HTTP/1.1" 200 -
66.249.73.73 - - [19/May/2018:05:08:16 -0500] "GET /BLA/resoluciones/RESOLUCIONES%202003/RES%202003%20201-250/2003RES208.tif HTTP/1.1" 200 95304
66.249.73.75 - - [19/May/2018:05:08:46 -0500] "GET /BLA/resoluciones/RESOLUCIONES%202003/RES%202003%201801-1850/20031837.tif HTTP/1.1" 200 259770
66.249.73.73 - - [19/May/2018:05:09:00 -0500] "GET /BLA/resoluciones/AUTOS%202013/0963.pdf HTTP/1.1" 200 1592805
192.168.175.104 - - [19/May/2018:05:09:01 -0500] "GET / HTTP/1.1" 200 9990
184.94.240.92 - - [19/May/2018:05:09:27 -0500] "GET / HTTP/1.1" 200 9990
66.249.73.77 - - [19/May/2018:05:09:31 -0500] "GET /BLA/boletinlegal/jurisprudencia/analisis/G__Jurisp.%20Junio%202014_ANALISIS%20JURISPRUDENCIA%20C-634-12%20DECOMISO.docx HTTP/1.1" 200 27045
66.249.73.73 - - [19/May/2018:05:10:02 -0500] "GET /BLA/resoluciones/AUTOS%202016/1176.pdf HTTP/1.1" 200 743915
5.255.250.154 - - [19/May/2018:05:10:51 -0500] "GET /robots.txt HTTP/1.1" 404 1018
5.255.250.154 - - [19/May/2018:05:10:54 -0500] "GET /BLA/boletinlegal/js/jquery.scrollShow.js HTTP/1.1" 200 4586
93.158.161.142 - - [19/May/2018:05:10:58 -0500] "GET /galeria/galeria/jquery.fancybox.css?v=2.1.5 HTTP/1.1" 200 4895
77.88.47.55 - - [19/May/2018:05:11:02 -0500] "GET /galeria/galeria/jquery.fancybox.js?v=2.1.5 HTTP/1.1" 200 48706
66.249.73.73 - - [19/May/2018:05:11:03 -0500] "GET /BLA/resoluciones/RESOLUCIONES%202014/0964.pdf HTTP/1.1" 200 506134
66.249.73.73 - - [19/May/2018:05:11:24 -0500] "GET /BLA/resoluciones/RESOLUCIONES%202013/1454.pdf HTTP/1.1" 200 4301500
66.249.73.77 - - [19/May/2018:05:11:29 -0500] "GET /BLA/resoluciones/RESOLUCIONES%202003/RES%202003%201551-1601/20031567.tif HTTP/1.1" 200 288786
66.249.73.73 - - [19/May/2018:05:11:30 -0500] "GET /BLA/resoluciones/RESOLUCIONES%202003/RES%202003%201451-1500/20031484.tif HTTP/1.1" 200 159448
201.245.192.253 - - [19/May/2018:05:11:16 -0500] "POST /kwsrmcab/Wsrmcab HTTP/1.1" 200 25739
66.249.73.75 - - [19/May/2018:05:12:00 -0500] "GET /BLA/resoluciones/RESOLUCIONES%202003/RES%202003%201451-1500/20031458.tif HTTP/1.1" 200 125190
66.249.73.75 - - [19/May/2018:05:12:05 -0500] "GET /BLA/resoluciones/AUTOS%202015/1141.pdf HTTP/1.1" 200 715623
201.245.192.253 - - [19/May/2018:05:11:48 -0500] "POST /kwsrmcab/Wsrmcab HTTP/1.1" 200 23147
66.249.73.75 - - [19/May/2018:05:12:29 -0500] "GET /BLA/resoluciones/RESOLUCIONES%202003/RES%202003%201451-1500/20031496.tif HTTP/1.1" 200 162660
54.36.148.235 - - [19/May/2018:05:12:45 -0500] "GET /BLA/resoluciones/RESOLUCIONES%202005/RES%202005%201451-1500/00001494.tif HTTP/1.1" 200 159862
192.168.175.104 - - [19/May/2018:05:12:56 -0500] "GET / HTTP/1.1" 200 9990
192.168.175.104 - - [19/May/2018:05:13:00 -0500] "GET / HTTP/1.0" 200 9990
69.162.124.233 - - [19/May/2018:05:13:04 -0500] "HEAD / HTTP/1.1" 200 -
66.249.73.73 - - [19/May/2018:05:13:06 -0500] "GET /BLA/resoluciones/Notificaciones/RESOLUCIONES%202015/02298.doc HTTP/1.1" 200 88810
181.49.67.193 - - [19/May/2018:05:13:18 -0500] "GET /galeria/galeria/jquery.fancybox.css?v=2.1.5 HTTP/1.1" 200 4895
181.49.67.193 - - [19/May/2018:05:13:18 -0500] "GET /BLA/boletinlegal/js/jquery.scrollShow.js HTTP/1.1" 200 4586
181.49.67.193 - - [19/May/2018:05:13:18 -0500] "GET /galeria/galeria/jquery.fancybox.js?v=2.1.5 HTTP/1.1" 200 48706
66.249.73.73 - - [19/May/2018:05:13:37 -0500] "GET /BLA/resoluciones/RESOLUCIONES%202009/2524.pdf HTTP/1.1" 200 448803
192.168.175.104 - - [19/May/2018:05:14:00 -0500] "GET / HTTP/1.1" 200 9990
66.249.73.73 - - [19/May/2018:05:14:08 -0500] "GET /BLA/resoluciones/RESOLUCIONES%202014/1380.pdf HTTP/1.1" 304 -
66.249.73.75 - - [19/May/2018:05:14:39 -0500] "GET /BLA/resoluciones/RESOLUCIONES%202010/4538.pdf HTTP/1.1" 304 -
186.83.131.196 - - [19/May/2018:05:14:57 -0500] "GET /galeria/galeria/jquery.fancybox.js?v=2.1.5 HTTP/1.1" 200 48706
186.83.131.196 - - [19/May/2018:05:14:57 -0500] "GET /BLA/boletinlegal/js/jquery.scrollShow.js HTTP/1.1" 200 4586
186.83.131.196 - - [19/May/2018:05:14:57 -0500] "GET /galeria/galeria/jquery.fancybox.css?v=2.1.5 HTTP/1.1" 200 4895
66.249.73.75 - - [19/May/2018:05:15:09 -0500] "GET /BLA/resoluciones/AUTOS%202013/1872.pdf HTTP/1.1" 200 1752988
66.249.73.75 - - [19/May/2018:05:15:40 -0500] "GET /BLA/resoluciones/RESOLUCIONES%202010/6588.pdf HTTP/1.1" 200 269984
66.249.73.73 - - [19/May/2018:05:16:15 -0500] "GET /BLA/resoluciones/RESOLUCIONES%202016/1842.pdf HTTP/1.1" 200 536719
66.249.73.75 - - [19/May/2018:05:16:44 -0500] "GET /BLA/resoluciones/RESOLUCIONES%202003/RES%202003%201451-1500/20031490.tif HTTP/1.1" 200 324728
66.249.73.73 - - [19/May/2018:05:16:45 -0500] "GET /BLA/resoluciones/RESOLUCIONES%202003/RES%202003%201801-1850/20031818.tif HTTP/1.1" 200 44770
66.249.73.75 - - [19/May/2018:05:17:43 -0500] "GET /BLA/resoluciones/RESOLUCIONES%202008/0577.pdf HTTP/1.1" 200 1141454
192.168.175.104 - - [19/May/2018:05:17:54 -0500] "GET / HTTP/1.1" 200 9990
192.168.175.104 - - [19/May/2018:05:17:58 -0500] "GET / HTTP/1.0" 200 9990
158.85.81.121 - - [19/May/2018:05:18:02 -0500] "GET / HTTP/1.1" 200 9990
69.162.124.233 - - [19/May/2018:05:18:04 -0500] "HEAD / HTTP/1.1" 200 -
66.249.73.77 - - [19/May/2018:05:18:14 -0500] "GET /BLA/resoluciones/RESOLUCIONES%202007/RES%202007%203701%20AL%203800/RESOLUCION%203731%20DE%202007.pdf HTTP/1.1" 304 -
66.249.73.75 - - [19/May/2018:05:18:17 -0500] "GET /BLA/resoluciones/RESOLUCIONES%202003/RES%202003%201101-1150/1113.tif HTTP/1.1" 200 379412
54.36.148.158 - - [19/May/2018:05:18:28 -0500] "GET /BLA/resoluciones/RESOLUCIONES%202002/RES%202002%201601-1650/20021641.tif HTTP/1.1" 200 51130
186.30.171.157 - - [19/May/2018:05:18:44 -0500] "GET /BLA/boletinlegal/js/jquery.scrollShow.js HTTP/1.1" 200 4586
186.30.171.157 - - [19/May/2018:05:18:45 -0500] "GET /galeria/galeria/jquery.fancybox.js?v=2.1.5 HTTP/1.1" 200 48706
186.30.171.157 - - [19/May/2018:05:18:45 -0500] "GET /galeria/galeria/jquery.fancybox.css?v=2.1.5 HTTP/1.1" 200 4895
186.30.171.157 - - [19/May/2018:05:18:46 -0500] "GET /galeria/carrusel/Carrusel/jquery.thumbnailScroller.css HTTP/1.1" 200 2066
192.168.175.104 - - [19/May/2018:05:18:58 -0500] "GET / HTTP/1.1" 200 9990
66.249.73.75 - - [19/May/2018:05:19:44 -0500] "GET /BLA/resoluciones/RESOLUCIONES%202003/RES%202003%201451-1500/20031475.tif HTTP/1.1" 200 46442
35.187.96.204 - - [19/May/2018:05:20:15 -0500] "-" 408 -
181.49.76.106 - - [19/May/2018:05:20:56 -0500] "GET /galeria/galeria/jquery.fancybox.js?v=2.1.5 HTTP/1.1" 200 48706
181.49.76.106 - - [19/May/2018:05:20:56 -0500] "GET /galeria/galeria/jquery.fancybox.css?v=2.1.5 HTTP/1.1" 200 4895
181.49.76.106 - - [19/May/2018:05:20:56 -0500] "GET /galeria/galeria/fotos/Soratama2P.jpg HTTP/1.1" 200 10548
181.49.76.106 - - [19/May/2018:05:20:56 -0500] "GET /galeria/galeria/fotos/Soratama1P.jpg HTTP/1.1" 200 9622
181.49.76.106 - - [19/May/2018:05:20:56 -0500] "GET /galeria/galeria/fotos/Soratama3P.jpg HTTP/1.1" 200 11298
181.49.76.106 - - [19/May/2018:05:20:56 -0500] "GET /galeria/galeria/fotos/Soratama4P.jpg HTTP/1.1" 200 10482
35.189.215.158 - - [19/May/2018:05:21:15 -0500] "-" 408 -
66.249.73.73 - - [19/May/2018:05:21:17 -0500] "GET /BLA/resoluciones/RESOLUCIONES%202003/RES%202003%201401-1450/20031433.tif HTTP/1.1" 200 107674
52.2.92.204 - - [19/May/2018:05:21:36 -0500] "-" 408 -
201.245.192.253 - - [19/May/2018:05:21:16 -0500] "POST /kwsrmcab/Wsrmcab HTTP/1.1" 200 25739
66.249.73.73 - - [19/May/2018:05:21:50 -0500] "GET /Residuos/farmaceutica/files/guia_farmaceuticas.pdf HTTP/1.1" 304 -
66.249.73.73 - - [19/May/2018:05:22:28 -0500] "GET /BLA/resoluciones/RESOLUCIONES%202003/RES%202003%201401-1450/20031443.tif HTTP/1.1" 200 45468
192.168.175.104 - - [19/May/2018:05:22:51 -0500] "GET / HTTP/1.1" 200 9990
192.168.175.104 - - [19/May/2018:05:22:56 -0500] "GET / HTTP/1.0" 200 9990
69.162.124.233 - - [19/May/2018:05:23:04 -0500] "HEAD / HTTP/1.1" 200 -
35.190.201.122 - - [19/May/2018:05:23:15 -0500] "-" 408 -
192.168.175.104 - - [19/May/2018:05:23:56 -0500] "GET / HTTP/1.1" 200 9990
54.36.148.27 - - [19/May/2018:05:24:03 -0500] "GET /BLA/resoluciones/RESOLUCIONES%202006/RES%202006%20801-850/00000839.tif HTTP/1.1" 200 304614
66.249.73.73 - - [19/May/2018:05:24:14 -0500] "GET /BLA/resoluciones/RESOLUCIONES%202003/RES%202003%201401-1450/20031409.tif HTTP/1.1" 200 255934
66.249.73.73 - - [19/May/2018:05:24:36 -0500] "GET /BLA/resoluciones/RESOLUCIONES%202003/RES%202003%201101-1150/1140.tif HTTP/1.1" 200 72692
66.249.73.73 - - [19/May/2018:05:24:44 -0500] "GET /BLA/resoluciones/RESOLUCIONES%202003/RES%202003%201401-1450/20031447.tif HTTP/1.1" 200 48468
40.77.189.195 - - [19/May/2018:05:24:50 -0500] "GET /pot-2013/cartografia/04_inundacion_v1_2013.pdf HTTP/1.1" 200 4942126
66.249.73.75 - - [19/May/2018:05:25:21 -0500] "GET /BLA/resoluciones/RESOLUCIONES%202003/RES%202003%201451-1500/20031477.tif HTTP/1.1" 200 160072
66.249.73.73 - - [19/May/2018:05:25:58 -0500] "GET /BLA/resoluciones/RESOLUCIONES%202003/RES%202003%201551-1601/20031596.tif HTTP/1.1" 200 148812
66.249.73.73 - - [19/May/2018:05:26:00 -0500] "GET /videos/galeria-cronicas/playlist.htm? HTTP/1.1" 200 8986
66.249.73.73 - - [19/May/2018:05:26:35 -0500] "GET /BLA/resoluciones/RESOLUCIONES%202003/RES%202003%201101-1150/1149.tif HTTP/1.1" 200 357660
181.49.76.106 - - [19/May/2018:05:27:25 -0500] "GET /galeria/galeria/jquery.fancybox.js?v=2.1.5 HTTP/1.1" 200 48706
181.49.76.106 - - [19/May/2018:05:27:25 -0500] "GET /galeria/galeria/jquery.fancybox.css?v=2.1.5 HTTP/1.1" 200 4895
181.49.76.106 - - [19/May/2018:05:27:25 -0500] "GET /galeria/galeria/fotos/Soratama1P.jpg HTTP/1.1" 200 9622
181.49.76.106 - - [19/May/2018:05:27:25 -0500] "GET /galeria/galeria/fotos/Soratama2P.jpg HTTP/1.1" 200 10548
181.49.76.106 - - [19/May/2018:05:27:25 -0500] "GET /galeria/galeria/fotos/Soratama3P.jpg HTTP/1.1" 200 11298
181.49.76.106 - - [19/May/2018:05:27:25 -0500] "GET /galeria/galeria/fotos/Soratama4P.jpg HTTP/1.1" 200 10482
192.168.175.104 - - [19/May/2018:05:27:49 -0500] "GET / HTTP/1.1" 200 9990
192.168.175.104 - - [19/May/2018:05:27:54 -0500] "GET / HTTP/1.0" 200 9990
66.249.73.75 - - [19/May/2018:05:27:59 -0500] "GET / HTTP/1.1" 200 9990
69.162.124.233 - - [19/May/2018:05:28:04 -0500] "HEAD / HTTP/1.1" 200 -
186.29.236.241 - - [19/May/2018:05:28:09 -0500] "GET /BLA/resoluciones/RESOLUCIONES%202013/0088.pdf HTTP/1.1" 200 3732749
192.168.175.104 - - [19/May/2018:05:28:54 -0500] "GET / HTTP/1.1" 200 9990
66.249.73.73 - - [19/May/2018:05:28:58 -0500] "GET /BLA/resoluciones/RESOLUCIONES%202003/RES%202003%201401-1450/20031425.tif HTTP/1.1" 200 45752
66.249.73.73 - - [19/May/2018:05:29:00 -0500] "GET /BLA/resoluciones/RESOLUCIONES%202016/0890.pdf HTTP/1.1" 200 413987
66.249.73.73 - - [19/May/2018:05:29:05 -0500] "GET /BLA/resoluciones/RESOLUCIONES%202003/RES%202003%201101-1150/1135.tif HTTP/1.1" 200 180784
54.36.149.36 - - [19/May/2018:05:29:21 -0500] "GET /BLA/resoluciones/RESOLUCIONES%202003/RES%202003%201851--1900/20031888.tif HTTP/1.1" 200 98028
66.249.73.77 - - [19/May/2018:05:29:26 -0500] "GET /BLA/resoluciones/RESOLUCIONES%202003/RES%202003%201801-1850/20031814.tif HTTP/1.1" 200 46250
66.249.73.73 - - [19/May/2018:05:29:54 -0500] "GET /BLA/resoluciones/RESOLUCIONES%202003/RES%202003%20201-250/2003RES228.tif HTTP/1.1" 200 165552
66.249.73.75 - - [19/May/2018:05:30:23 -0500] "GET /BLA/resoluciones/RESOLUCIONES%202003/RES%202003%20201-250/2003RES221.tif HTTP/1.1" 200 177736
157.55.39.85 - - [19/May/2018:05:30:28 -0500] "GET /galeria/galeria/fotos/Humedal-la-Isla1G.jpg HTTP/1.1" 200 216243
35.226.23.240 - - [19/May/2018:05:30:48 -0500] "GET /robots.txt HTTP/1.1" 404 1018
66.249.73.94 - - [19/May/2018:05:31:04 -0500] "GET / HTTP/1.1" 200 9990
66.249.73.77 - - [19/May/2018:05:31:24 -0500] "GET /BLA/resoluciones/RESOLUCIONES%202003/RES%202003%201801-1850/20031828.tif HTTP/1.1" 200 124954
66.249.73.75 - - [19/May/2018:05:31:39 -0500] "GET /BLA/resoluciones/RESOLUCIONES%202003/RES%202003%201401-1450/20031407.tif HTTP/1.1" 200 67518
181.57.247.112 - - [19/May/2018:05:31:46 -0500] "GET /galeria/galeria/jquery.fancybox.css?v=2.1.5 HTTP/1.1" 200 4895
181.57.247.112 - - [19/May/2018:05:31:46 -0500] "GET /galeria/galeria/jquery.fancybox.js?v=2.1.5 HTTP/1.1" 200 48706
181.57.247.112 - - [19/May/2018:05:31:46 -0500] "GET /BLA/boletinlegal/js/jquery.scrollShow.js HTTP/1.1" 200 4586
131.253.25.150 - - [19/May/2018:05:31:47 -0500] "GET /POT-2013/Cartografia/Anexo01_Sistema_Hidrico.pdf HTTP/1.1" 200 5860035
54.36.148.171 - - [19/May/2018:05:31:47 -0500] "GET /BLA/resoluciones/RESOLUCIONES%202005/RES%202005%201551-1600/00001559.tif HTTP/1.1" 200 256952
186.154.99.29 - - [19/May/2018:05:31:49 -0500] "GET /BLA/boletinlegal/js/jquery.scrollShow.js HTTP/1.1" 200 4586
186.154.99.29 - - [19/May/2018:05:31:49 -0500] "GET /galeria/galeria/jquery.fancybox.js?v=2.1.5 HTTP/1.1" 200 48706
186.154.99.29 - - [19/May/2018:05:31:49 -0500] "GET /galeria/galeria/jquery.fancybox.css?v=2.1.5 HTTP/1.1" 200 4895
186.154.99.29 - - [19/May/2018:05:31:52 -0500] "GET /BLA/boletinlegal/js/jquery.scrollShow.js HTTP/1.1" 304 -
186.154.99.29 - - [19/May/2018:05:31:52 -0500] "GET /galeria/galeria/jquery.fancybox.js?v=2.1.5 HTTP/1.1" 304 -
186.154.99.29 - - [19/May/2018:05:31:52 -0500] "GET /galeria/galeria/jquery.fancybox.css?v=2.1.5 HTTP/1.1" 304 -
66.249.73.73 - - [19/May/2018:05:32:03 -0500] "GET /BLA/resoluciones/RESOLUCIONES%202003/RES%202003%201451-1500/20031495.tif HTTP/1.1" 200 67186
192.168.175.104 - - [19/May/2018:05:32:48 -0500] "GET / HTTP/1.1" 200 9990
192.168.175.104 - - [19/May/2018:05:32:53 -0500] "GET / HTTP/1.0" 200 9990
69.162.124.233 - - [19/May/2018:05:33:04 -0500] "HEAD / HTTP/1.1" 200 -
66.249.73.73 - - [19/May/2018:05:33:48 -0500] "GET /BLA/resoluciones/RESOLUCIONES%202003/RES%202003%201801-1850/20031835.tif HTTP/1.1" 200 113400
207.46.13.36 - - [19/May/2018:05:33:50 -0500] "GET /BLA/resoluciones/RESOLUCIONES%202017/0520.pdf HTTP/1.1" 200 407112
192.168.175.104 - - [19/May/2018:05:33:53 -0500] "GET / HTTP/1.1" 200 9990
66.249.73.73 - - [19/May/2018:05:33:57 -0500] "GET /BLA/resoluciones/RESOLUCIONES%202003/RES%202003%201451-1500/20031467.tif HTTP/1.1" 200 82222
66.249.73.73 - - [19/May/2018:05:34:10 -0500] "GET /BLA/resoluciones/RESOLUCIONES%202003/RES%202003%201551-1601/20031574.tif HTTP/1.1" 200 440558
190.79.222.188 - - [19/May/2018:05:34:25 -0500] "GET /galeria/galeria/jquery.fancybox.js?v=2.1.5 HTTP/1.1" 200 48706
190.79.222.188 - - [19/May/2018:05:34:25 -0500] "GET /galeria/galeria/jquery.fancybox.css?v=2.1.5 HTTP/1.1" 200 4895
190.79.222.188 - - [19/May/2018:05:34:25 -0500] "GET /BLA/boletinlegal/js/jquery.scrollShow.js HTTP/1.1" 200 4586
66.249.73.73 - - [19/May/2018:05:34:33 -0500] "GET /BLA/resoluciones/RESOLUCIONES%202003/RES%202003%201401-1450/20031428.tif HTTP/1.1" 200 116156
163.172.65.116 - - [19/May/2018:05:34:51 -0500] "GET /galeria/galeria/jquery.fancybox.css?v=2.1.5 HTTP/1.1" 200 4895
163.172.65.116 - - [19/May/2018:05:34:51 -0500] "GET /galeria/galeria/jquery.fancybox.js?v=2.1.5 HTTP/1.1" 200 48706
163.172.65.116 - - [19/May/2018:05:34:51 -0500] "GET /BLA/boletinlegal/js/jquery.scrollShow.js HTTP/1.1" 200 4586
