186.155.252.2 - - [30/May/2018:09:31:58 -0500] "GET /galeria/nivo-slider/demo/images/4Simple_Slider.png HTTP/1.1" 200 11722
186.155.252.2 - - [30/May/2018:09:31:58 -0500] "GET /galeria/nivo-slider/demo/images/Banner_micrositio.png HTTP/1.1" 200 146950
186.155.252.2 - - [30/May/2018:09:31:58 -0500] "GET /galeria/nivo-slider/demo/images/avances-sentencias-rio-bogota-2.jpg HTTP/1.1" 200 304916
186.155.252.2 - - [30/May/2018:09:31:58 -0500] "GET /galeria/nivo-slider/demo/images/Banner%20FORO%20SOSTENIBILIDAD.jpg HTTP/1.1" 200 284253
186.155.252.2 - - [30/May/2018:09:31:58 -0500] "GET /galeria/nivo-slider/demo/images/banner-web-reciclaton-2018.jpg HTTP/1.1" 200 207701
186.154.34.151 - - [30/May/2018:09:31:58 -0500] "POST /sipse/faces/presentacion/financiero/solicitudProceso/listarSolicitudProceso.xhtml HTTP/1.1" 200 30491
186.155.252.2 - - [30/May/2018:09:31:58 -0500] "GET /galeria/nivo-slider/demo/images/BANNER%20VAN%20DER%20HAMMEN.jpg HTTP/1.1" 200 64172
186.155.252.2 - - [30/May/2018:09:31:58 -0500] "GET /galeria/nivo-slider/demo/images/banner-humedales-de-bogota.jpg HTTP/1.1" 200 292611
186.155.252.2 - - [30/May/2018:09:31:58 -0500] "GET /galeria/nivo-slider/demo/images/banner-mayo.jpg HTTP/1.1" 200 505642
186.155.252.2 - - [30/May/2018:09:31:59 -0500] "GET /galeria/nivo-slider/demo/images/maximavelocidad.png HTTP/1.1" 200 880272
186.155.252.2 - - [30/May/2018:09:31:59 -0500] "GET /galeria/nivo-slider/demo/images/banner%20aceite%20vegetal%20usado.jpg HTTP/1.1" 200 169350
186.154.34.151 - - [30/May/2018:09:31:58 -0500] "POST /sipse/faces/presentacion/financiero/solicitudProceso/listarSolicitudProceso.xhtml HTTP/1.1" 200 30491
186.154.34.151 - - [30/May/2018:09:31:59 -0500] "POST /sipse/faces/presentacion/financiero/solicitudProceso/listarSolicitudProceso.xhtml HTTP/1.1" 200 30491
186.155.252.2 - - [30/May/2018:09:31:59 -0500] "GET /galeria/nivo-slider/demo/images/bannerlumina2017web.jpg HTTP/1.1" 200 198918
186.154.34.151 - - [30/May/2018:09:31:59 -0500] "POST /sipse/faces/presentacion/financiero/solicitudProceso/listarSolicitudProceso.xhtml HTTP/1.1" 200 30491
186.155.252.2 - - [30/May/2018:09:32:00 -0500] "GET /galeria/nivo-slider/demo/images/banner-bolsas-plasticas.jpg HTTP/1.1" 200 317939
186.154.34.151 - - [30/May/2018:09:32:00 -0500] "POST /sipse/faces/presentacion/financiero/solicitudProceso/listarSolicitudProceso.xhtml HTTP/1.1" 200 30491
186.154.34.151 - - [30/May/2018:09:32:00 -0500] "POST /sipse/faces/presentacion/financiero/solicitudProceso/listarSolicitudProceso.xhtml HTTP/1.1" 200 30491
201.245.192.253 - - [30/May/2018:09:32:00 -0500] "POST /sipse/faces/presentacion/contratacion/contrato/poliza/crearModificarAmparo.xhtml HTTP/1.1" 200 31664
186.154.34.151 - - [30/May/2018:09:32:00 -0500] "POST /sipse/faces/presentacion/financiero/solicitudProceso/listarSolicitudProceso.xhtml HTTP/1.1" 200 30491
201.245.192.253 - - [30/May/2018:09:32:00 -0500] "GET /sipse/faces/javax.faces.resource/jquery/jquery.js?ln=primefaces&v=4.0 HTTP/1.1" 304 -
201.245.192.253 - - [30/May/2018:09:32:00 -0500] "GET /sipse/faces/javax.faces.resource/jquery/jquery-plugins.js?ln=primefaces&v=4.0 HTTP/1.1" 304 -
201.245.192.253 - - [30/May/2018:09:32:00 -0500] "GET /sipse/faces/javax.faces.resource/primefaces.js?ln=primefaces&v=4.0 HTTP/1.1" 304 -
201.245.192.253 - - [30/May/2018:09:32:00 -0500] "GET /sipse/faces/javax.faces.resource/layout/layout.js?ln=primefaces&v=4.0 HTTP/1.1" 304 -
186.154.34.151 - - [30/May/2018:09:32:00 -0500] "POST /sipse/faces/presentacion/financiero/solicitudProceso/listarSolicitudProceso.xhtml HTTP/1.1" 200 30491
186.154.34.151 - - [30/May/2018:09:32:01 -0500] "POST /sipse/faces/presentacion/financiero/solicitudProceso/listarSolicitudProceso.xhtml HTTP/1.1" 200 30491
186.154.34.151 - - [30/May/2018:09:32:01 -0500] "POST /sipse/faces/presentacion/financiero/solicitudProceso/listarSolicitudProceso.xhtml HTTP/1.1" 200 30491
186.154.34.151 - - [30/May/2018:09:32:01 -0500] "POST /sipse/faces/presentacion/financiero/solicitudProceso/listarSolicitudProceso.xhtml HTTP/1.1" 200 30491
181.49.105.199 - - [30/May/2018:09:32:01 -0500] "GET /galeria/galeria/jquery.fancybox.css?v=2.1.5 HTTP/1.1" 200 4895
181.49.105.199 - - [30/May/2018:09:32:01 -0500] "GET /galeria/galeria/jquery.fancybox.js?v=2.1.5 HTTP/1.1" 200 48706
181.49.105.199 - - [30/May/2018:09:32:01 -0500] "GET /BLA/boletinlegal/js/jquery.scrollShow.js HTTP/1.1" 200 4586
186.154.34.151 - - [30/May/2018:09:32:02 -0500] "POST /sipse/faces/presentacion/financiero/solicitudProceso/listarSolicitudProceso.xhtml HTTP/1.1" 200 30491
186.154.34.151 - - [30/May/2018:09:32:02 -0500] "POST /sipse/faces/presentacion/financiero/solicitudProceso/listarSolicitudProceso.xhtml HTTP/1.1" 200 30491
186.155.252.2 - - [30/May/2018:09:32:02 -0500] "GET /galeria/nivo-slider/themes/default/arrows.png HTTP/1.1" 200 824
186.155.252.2 - - [30/May/2018:09:32:02 -0500] "GET /galeria/nivo-slider/themes/default/bullets.png HTTP/1.1" 200 1281
186.154.34.151 - - [30/May/2018:09:32:02 -0500] "POST /sipse/faces/presentacion/financiero/solicitudProceso/listarSolicitudProceso.xhtml HTTP/1.1" 200 30491
186.154.34.151 - - [30/May/2018:09:32:03 -0500] "POST /sipse/faces/presentacion/financiero/solicitudProceso/listarSolicitudProceso.xhtml HTTP/1.1" 200 30491
186.154.34.151 - - [30/May/2018:09:32:03 -0500] "POST /sipse/faces/presentacion/financiero/solicitudProceso/listarSolicitudProceso.xhtml HTTP/1.1" 200 30491
186.154.34.151 - - [30/May/2018:09:32:03 -0500] "POST /sipse/faces/presentacion/financiero/solicitudProceso/listarSolicitudProceso.xhtml HTTP/1.1" 200 30491
186.154.34.151 - - [30/May/2018:09:32:03 -0500] "POST /sipse/faces/presentacion/financiero/solicitudProceso/listarSolicitudProceso.xhtml HTTP/1.1" 200 30491
186.154.34.151 - - [30/May/2018:09:32:04 -0500] "POST /sipse/faces/presentacion/financiero/solicitudProceso/listarSolicitudProceso.xhtml HTTP/1.1" 200 30491
186.154.34.151 - - [30/May/2018:09:32:04 -0500] "POST /sipse/faces/presentacion/financiero/solicitudProceso/listarSolicitudProceso.xhtml HTTP/1.1" 200 30491
190.242.41.122 - - [30/May/2018:09:32:05 -0500] "GET /BLA/resoluciones/RESOLUCIONES%202013/2765.pdf HTTP/1.1" 206 1
186.154.34.151 - - [30/May/2018:09:32:04 -0500] "POST /sipse/faces/presentacion/financiero/solicitudProceso/listarSolicitudProceso.xhtml HTTP/1.1" 200 1348
201.245.192.253 - - [30/May/2018:09:32:07 -0500] "POST /sipse/faces/presentacion/contratacion/contrato/poliza/crearModificarPoliza.xhtml HTTP/1.1" 200 36992
201.245.192.253 - - [30/May/2018:09:32:07 -0500] "GET /sipse/faces/javax.faces.resource/jquery/jquery.js?ln=primefaces&v=4.0 HTTP/1.1" 304 -
186.154.34.151 - - [30/May/2018:09:32:06 -0500] "POST /sipse/faces/presentacion/financiero/solicitudProceso/listarSolicitudProceso.xhtml HTTP/1.1" 200 1344
201.245.192.253 - - [30/May/2018:09:32:07 -0500] "GET /sipse/faces/javax.faces.resource/jquery/jquery-plugins.js?ln=primefaces&v=4.0 HTTP/1.1" 304 -
201.245.192.253 - - [30/May/2018:09:32:07 -0500] "GET /sipse/faces/javax.faces.resource/primefaces.js?ln=primefaces&v=4.0 HTTP/1.1" 304 -
201.245.192.253 - - [30/May/2018:09:32:07 -0500] "GET /sipse/faces/javax.faces.resource/layout/layout.js?ln=primefaces&v=4.0 HTTP/1.1" 304 -
186.154.34.151 - - [30/May/2018:09:32:07 -0500] "POST /sipse/faces/presentacion/financiero/solicitudProceso/listarSolicitudProceso.xhtml HTTP/1.1" 200 1348
186.154.34.151 - - [30/May/2018:09:32:08 -0500] "POST /sipse/faces/presentacion/financiero/solicitudProceso/listarSolicitudProceso.xhtml HTTP/1.1" 200 1344
186.154.34.151 - - [30/May/2018:09:32:09 -0500] "POST /sipse/faces/presentacion/financiero/solicitudProceso/listarSolicitudProceso.xhtml HTTP/1.1" 200 1344
190.242.41.122 - - [30/May/2018:09:32:12 -0500] "GET /BLA/resoluciones/RESOLUCIONES%202013/2765.pdf HTTP/1.1" 206 270420
186.154.34.151 - - [30/May/2018:09:32:11 -0500] "POST /sipse/faces/presentacion/financiero/solicitudProceso/listarSolicitudProceso.xhtml HTTP/1.1" 200 1344
201.245.192.253 - - [30/May/2018:09:32:13 -0500] "POST /sipse/faces/presentacion/contratacion/contrato/poliza/crearModificarAmparo.xhtml HTTP/1.1" 200 2867
186.154.34.151 - - [30/May/2018:09:32:13 -0500] "POST /sipse/faces/presentacion/financiero/solicitudProceso/listarSolicitudProceso.xhtml HTTP/1.1" 200 1344
186.154.34.151 - - [30/May/2018:09:32:14 -0500] "POST /sipse/faces/presentacion/financiero/solicitudProceso/listarSolicitudProceso.xhtml HTTP/1.1" 200 1348
200.69.101.18 - - [30/May/2018:09:32:15 -0500] "GET /BLA/resoluciones/AUTOS%202008/0147.pdf HTTP/1.1" 200 149587
200.69.101.18 - - [30/May/2018:09:32:15 -0500] "GET /favicon.ico HTTP/1.1" 200 7782
186.154.34.151 - - [30/May/2018:09:32:15 -0500] "POST /sipse/faces/presentacion/financiero/solicitudProceso/listarSolicitudProceso.xhtml HTTP/1.1" 200 1344
54.36.148.72 - - [30/May/2018:09:32:16 -0500] "GET /BLA/resoluciones/RESOLUCIONES%202005/RES%202005%201251-1300/00001291.tif HTTP/1.1" 200 168518
186.154.34.151 - - [30/May/2018:09:32:16 -0500] "POST /sipse/faces/presentacion/financiero/solicitudProceso/listarSolicitudProceso.xhtml HTTP/1.1" 200 1348
186.154.34.151 - - [30/May/2018:09:32:17 -0500] "POST /sipse/faces/presentacion/financiero/solicitudProceso/listarSolicitudProceso.xhtml HTTP/1.1" 200 1344
186.154.34.151 - - [30/May/2018:09:32:18 -0500] "POST /sipse/faces/presentacion/financiero/solicitudProceso/listarSolicitudProceso.xhtml HTTP/1.1" 200 1344
186.154.34.151 - - [30/May/2018:09:32:19 -0500] "POST /sipse/faces/presentacion/financiero/solicitudProceso/listarSolicitudProceso.xhtml HTTP/1.1" 200 1344
201.245.192.253 - - [30/May/2018:09:32:20 -0500] "POST /sipse/faces/presentacion/contratacion/contrato/poliza/crearModificarAmparo.xhtml HTTP/1.1" 200 2649
186.154.34.151 - - [30/May/2018:09:32:20 -0500] "POST /sipse/faces/presentacion/financiero/solicitudProceso/listarSolicitudProceso.xhtml HTTP/1.1" 200 1344
186.154.34.151 - - [30/May/2018:09:32:21 -0500] "POST /sipse/faces/presentacion/financiero/solicitudProceso/listarSolicitudProceso.xhtml HTTP/1.1" 200 1344
186.154.34.151 - - [30/May/2018:09:32:22 -0500] "POST /sipse/faces/presentacion/financiero/solicitudProceso/listarSolicitudProceso.xhtml HTTP/1.1" 200 1344
186.154.34.151 - - [30/May/2018:09:32:24 -0500] "POST /sipse/faces/presentacion/financiero/solicitudProceso/listarSolicitudProceso.xhtml HTTP/1.1" 200 1344
64.62.175.46 - - [30/May/2018:09:32:25 -0500] "GET /siipev/Diseno%20de%20Elementos%20de%20Mobiliario%20Urbano/Diseno%20pertenecientes%20al%20mobiliario%20urbano%20M10-M160/PARTE%20A/Dise%C3%B1o%20de%20Elementos%20M-131.pdf HTTP/1.1" 200 1348523
186.154.34.151 - - [30/May/2018:09:32:25 -0500] "POST /sipse/faces/presentacion/financiero/solicitudProceso/listarSolicitudProceso.xhtml HTTP/1.1" 200 1344
186.154.34.151 - - [30/May/2018:09:32:26 -0500] "POST /sipse/faces/presentacion/financiero/solicitudProceso/listarSolicitudProceso.xhtml HTTP/1.1" 200 1344
186.154.34.151 - - [30/May/2018:09:32:27 -0500] "POST /sipse/faces/presentacion/financiero/solicitudProceso/listarSolicitudProceso.xhtml HTTP/1.1" 200 1344
186.154.34.151 - - [30/May/2018:09:32:28 -0500] "POST /sipse/faces/presentacion/financiero/solicitudProceso/listarSolicitudProceso.xhtml HTTP/1.1" 200 1348
186.154.34.151 - - [30/May/2018:09:32:29 -0500] "POST /sipse/faces/presentacion/financiero/solicitudProceso/listarSolicitudProceso.xhtml HTTP/1.1" 200 1344
186.154.34.151 - - [30/May/2018:09:32:30 -0500] "POST /sipse/faces/presentacion/financiero/solicitudProceso/listarSolicitudProceso.xhtml HTTP/1.1" 200 1348
186.154.34.151 - - [30/May/2018:09:32:31 -0500] "POST /sipse/faces/presentacion/financiero/solicitudProceso/listarSolicitudProceso.xhtml HTTP/1.1" 200 1344
186.154.34.151 - - [30/May/2018:09:32:32 -0500] "POST /sipse/faces/presentacion/financiero/solicitudProceso/listarSolicitudProceso.xhtml HTTP/1.1" 200 1344
186.154.34.151 - - [30/May/2018:09:32:33 -0500] "POST /sipse/faces/presentacion/financiero/solicitudProceso/listarSolicitudProceso.xhtml HTTP/1.1" 200 1344
201.245.192.253 - - [30/May/2018:09:32:35 -0500] "POST /sipse/faces/presentacion/contratacion/contrato/poliza/crearModificarAmparo.xhtml HTTP/1.1" 200 8946
186.154.34.151 - - [30/May/2018:09:32:34 -0500] "POST /sipse/faces/presentacion/financiero/solicitudProceso/listarSolicitudProceso.xhtml HTTP/1.1" 200 1348
66.249.66.156 - - [30/May/2018:09:32:38 -0500] "GET /galeria/nivo-slider/demo/images/banner%20aceite%20vegetal%20usado.jpg HTTP/1.1" 304 -
181.206.4.117 - - [30/May/2018:09:32:39 -0500] "GET /BLA/resoluciones/RESOLUCIONES%202008/4383.pdf HTTP/1.1" 200 897393
181.206.4.117 - - [30/May/2018:09:32:39 -0500] "GET /favicon.ico HTTP/1.1" 200 7782
201.245.192.253 - - [30/May/2018:09:32:39 -0500] "POST /sipse/faces/presentacion/contratacion/contrato/poliza/crearModificarAmparo.xhtml HTTP/1.1" 200 33502
201.245.192.253 - - [30/May/2018:09:32:39 -0500] "GET /sipse/faces/javax.faces.resource/jquery/jquery.js?ln=primefaces&v=4.0 HTTP/1.1" 304 -
201.245.192.253 - - [30/May/2018:09:32:39 -0500] "GET /sipse/faces/javax.faces.resource/jquery/jquery-plugins.js?ln=primefaces&v=4.0 HTTP/1.1" 304 -
201.245.192.253 - - [30/May/2018:09:32:39 -0500] "GET /sipse/faces/javax.faces.resource/primefaces.js?ln=primefaces&v=4.0 HTTP/1.1" 304 -
201.245.192.253 - - [30/May/2018:09:32:39 -0500] "GET /sipse/faces/javax.faces.resource/layout/layout.js?ln=primefaces&v=4.0 HTTP/1.1" 304 -
186.47.192.90 - - [30/May/2018:09:32:40 -0500] "GET /BLA/resoluciones/AUTOS%202014/0887.pdf HTTP/1.1" 200 524105
186.47.192.90 - - [30/May/2018:09:32:40 -0500] "GET /BLA/resoluciones/AUTOS%202014/0887.pdf HTTP/1.1" 206 256
186.47.192.90 - - [30/May/2018:09:32:41 -0500] "GET /BLA/resoluciones/AUTOS%202014/0887.pdf HTTP/1.1" 206 65536
186.47.192.90 - - [30/May/2018:09:32:41 -0500] "GET /BLA/resoluciones/AUTOS%202014/0887.pdf HTTP/1.1" 206 65353
186.47.192.90 - - [30/May/2018:09:32:41 -0500] "GET /BLA/resoluciones/AUTOS%202014/0887.pdf HTTP/1.1" 206 256
186.47.192.90 - - [30/May/2018:09:32:41 -0500] "GET /BLA/resoluciones/AUTOS%202014/0887.pdf HTTP/1.1" 206 256
186.47.192.90 - - [30/May/2018:09:32:42 -0500] "GET /BLA/resoluciones/AUTOS%202014/0887.pdf HTTP/1.1" 206 256
190.129.212.62 - - [30/May/2018:09:32:44 -0500] "GET /galeria/galeria/jquery.fancybox.js?v=2.1.5 HTTP/1.1" 200 48706
190.129.212.62 - - [30/May/2018:09:32:44 -0500] "GET /galeria/galeria/jquery.fancybox.css?v=2.1.5 HTTP/1.1" 200 4895
186.47.192.90 - - [30/May/2018:09:32:44 -0500] "GET /BLA/resoluciones/AUTOS%202014/0887.pdf HTTP/1.1" 206 65536
186.47.192.90 - - [30/May/2018:09:32:44 -0500] "GET /BLA/resoluciones/AUTOS%202014/0887.pdf HTTP/1.1" 206 256
186.47.192.90 - - [30/May/2018:09:32:44 -0500] "GET /BLA/resoluciones/AUTOS%202014/0887.pdf HTTP/1.1" 206 262144
186.47.192.90 - - [30/May/2018:09:32:44 -0500] "GET /BLA/resoluciones/AUTOS%202014/0887.pdf HTTP/1.1" 206 256
186.47.192.90 - - [30/May/2018:09:32:45 -0500] "GET /BLA/resoluciones/AUTOS%202014/0887.pdf HTTP/1.1" 206 256
186.47.192.90 - - [30/May/2018:09:32:45 -0500] "GET /BLA/resoluciones/AUTOS%202014/0887.pdf HTTP/1.1" 206 256
181.225.67.122 - - [30/May/2018:09:32:47 -0500] "GET /galeria/galeria/jquery.fancybox.js?v=2.1.5 HTTP/1.1" 200 48706
181.225.67.122 - - [30/May/2018:09:32:47 -0500] "GET /BLA/boletinlegal/js/jquery.scrollShow.js HTTP/1.1" 200 4586
181.225.67.122 - - [30/May/2018:09:32:47 -0500] "GET /galeria/galeria/jquery.fancybox.css?v=2.1.5 HTTP/1.1" 200 4895
186.47.192.90 - - [30/May/2018:09:32:50 -0500] "GET /favicon.ico HTTP/1.1" 200 7782
192.168.175.104 - - [30/May/2018:09:32:52 -0500] "GET / HTTP/1.0" 200 9990
201.245.192.253 - - [30/May/2018:09:32:53 -0500] "POST /sipse/faces/presentacion/contratacion/contrato/poliza/crearModificarPoliza.xhtml HTTP/1.1" 200 111593
201.245.192.253 - - [30/May/2018:09:32:53 -0500] "GET /sipse/faces/javax.faces.resource/jquery/jquery.js?ln=primefaces&v=4.0 HTTP/1.1" 304 -
201.245.192.253 - - [30/May/2018:09:32:53 -0500] "GET /sipse/faces/javax.faces.resource/jquery/jquery-plugins.js?ln=primefaces&v=4.0 HTTP/1.1" 304 -
201.245.192.253 - - [30/May/2018:09:32:53 -0500] "GET /sipse/faces/javax.faces.resource/primefaces.js?ln=primefaces&v=4.0 HTTP/1.1" 304 -
201.245.192.253 - - [30/May/2018:09:32:54 -0500] "GET /sipse/faces/javax.faces.resource/layout/layout.js?ln=primefaces&v=4.0 HTTP/1.1" 304 -
201.245.192.253 - - [30/May/2018:09:32:54 -0500] "GET /reportes_sipse/sdg/ServletReporte?reporte=solicitud_cdp&Solicitud=3692&pfdrid_c=false HTTP/1.1" 200 81767
181.49.77.180 - - [30/May/2018:09:32:54 -0500] "GET /galeria/nivo-slider/themes/default/arrows.png HTTP/1.1" 200 824
181.49.77.180 - - [30/May/2018:09:32:54 -0500] "GET /galeria/nivo-slider/themes/default/bullets.png HTTP/1.1" 200 1281
66.249.66.153 - - [30/May/2018:09:32:57 -0500] "GET /galeria/nivo-slider/demo/images/banner-bolsas-plasticas.jpg HTTP/1.1" 304 -
201.245.192.253 - - [30/May/2018:09:32:57 -0500] "POST /sipse/faces/presentacion/contratacion/contrato/consultarContrato.xhtml HTTP/1.1" 200 163660
201.245.192.253 - - [30/May/2018:09:32:57 -0500] "GET /sipse/faces/javax.faces.resource/theme.css?ln=primefaces-sipse HTTP/1.1" 304 -
201.245.192.253 - - [30/May/2018:09:32:57 -0500] "GET /sipse/faces/javax.faces.resource/layout/layout.js?ln=primefaces&v=4.0 HTTP/1.1" 304 -
201.245.192.253 - - [30/May/2018:09:32:57 -0500] "GET /sipse/faces/javax.faces.resource/jquery/jquery-plugins.js?ln=primefaces&v=4.0 HTTP/1.1" 304 -
201.245.192.253 - - [30/May/2018:09:32:57 -0500] "GET /sipse/faces/javax.faces.resource/primefaces.css?ln=primefaces&v=4.0 HTTP/1.1" 304 -
201.245.192.253 - - [30/May/2018:09:32:57 -0500] "GET /sipse/faces/javax.faces.resource/jquery/jquery.js?ln=primefaces&v=4.0 HTTP/1.1" 304 -
201.245.192.253 - - [30/May/2018:09:32:57 -0500] "GET /sipse/faces/javax.faces.resource/layout/layout.css?ln=primefaces&v=4.0 HTTP/1.1" 304 -
201.245.192.253 - - [30/May/2018:09:32:57 -0500] "GET /sipse/faces/javax.faces.resource/primefaces.js?ln=primefaces&v=4.0 HTTP/1.1" 304 -
201.245.192.253 - - [30/May/2018:09:32:57 -0500] "GET /sipse/faces/javax.faces.resource/spacer/dot_clear.gif?ln=primefaces&v=4.0 HTTP/1.1" 304 -
201.245.192.253 - - [30/May/2018:09:32:57 -0500] "GET /sipse/faces/javax.faces.resource/images/ui-icons_898989_256x240.png?ln=primefaces-aristo HTTP/1.1" 304 -
201.245.192.253 - - [30/May/2018:09:32:57 -0500] "GET /sipse/css/imagen/contrasena.png HTTP/1.1" 404 383
201.245.192.253 - - [30/May/2018:09:32:57 -0500] "GET /reportes_sipse/sdg/ServletReporte?reporte=solicitud_cdp&Solicitud=3692&pfdrid_c=false HTTP/1.1" 200 81767
186.81.136.238 - - [30/May/2018:09:33:01 -0500] "GET /galeria/galeria/fotos/1GuaymaralTorcaG1.jpg HTTP/1.1" 200 36592
186.81.136.238 - - [30/May/2018:09:33:02 -0500] "GET /galeria/galeria/fotos/2GuaymaralTorcaG2.jpg HTTP/1.1" 200 28916
181.48.217.165 - - [30/May/2018:09:33:09 -0500] "GET /BLA/boletinlegal/js/jquery.scrollShow.js HTTP/1.1" 200 4586
181.48.217.165 - - [30/May/2018:09:33:10 -0500] "GET /galeria/galeria/jquery.fancybox.js?v=2.1.5 HTTP/1.1" 200 48706
181.48.217.165 - - [30/May/2018:09:33:10 -0500] "GET /galeria/galeria/jquery.fancybox.css?v=2.1.5 HTTP/1.1" 200 4895
181.48.217.165 - - [30/May/2018:09:33:11 -0500] "GET /galeria/carrusel/Carrusel/jquery.thumbnailScroller.css HTTP/1.1" 200 2066
181.48.217.165 - - [30/May/2018:09:33:11 -0500] "GET /galeria/carrusel/Carrusel/jquery-ui-1.8.13.custom.min.js HTTP/1.1" 200 10800
201.245.192.253 - - [30/May/2018:09:33:04 -0500] "POST /sipse/faces/presentacion/financiero/solicitudProceso/consultarSolicitudProceso.xhtml HTTP/1.1" 200 40788
201.245.192.253 - - [30/May/2018:09:33:12 -0500] "GET /sipse/faces/javax.faces.resource/primefaces.js?ln=primefaces&v=4.0 HTTP/1.1" 304 -
201.245.192.253 - - [30/May/2018:09:33:12 -0500] "GET /sipse/faces/javax.faces.resource/jquery/jquery.js?ln=primefaces&v=4.0 HTTP/1.1" 304 -
201.245.192.253 - - [30/May/2018:09:33:12 -0500] "GET /sipse/faces/javax.faces.resource/primefaces.css?ln=primefaces&v=4.0 HTTP/1.1" 304 -
201.245.192.253 - - [30/May/2018:09:33:12 -0500] "GET /sipse/faces/javax.faces.resource/theme.css?ln=primefaces-sipse HTTP/1.1" 304 -
201.245.192.253 - - [30/May/2018:09:33:12 -0500] "GET /sipse/faces/javax.faces.resource/jquery/jquery-plugins.js?ln=primefaces&v=4.0 HTTP/1.1" 304 -
201.245.192.253 - - [30/May/2018:09:33:12 -0500] "GET /sipse/faces/javax.faces.resource/layout/layout.css?ln=primefaces&v=4.0 HTTP/1.1" 304 -
201.245.192.253 - - [30/May/2018:09:33:12 -0500] "GET /sipse/faces/javax.faces.resource/layout/layout.js?ln=primefaces&v=4.0 HTTP/1.1" 304 -
181.48.217.165 - - [30/May/2018:09:33:12 -0500] "GET /galeria/carrusel/Carrusel/jquery.thumbnailScroller.js HTTP/1.1" 200 8157
201.245.192.253 - - [30/May/2018:09:33:12 -0500] "GET /sipse/css/imagen/contrasena.png HTTP/1.1" 404 383
201.245.192.253 - - [30/May/2018:09:33:12 -0500] "GET /sipse/faces/javax.faces.resource/images/ui-icons_898989_256x240.png?ln=primefaces-aristo HTTP/1.1" 304 -
201.245.192.253 - - [30/May/2018:09:33:12 -0500] "GET /sipse/faces/javax.faces.resource/messages/messages.png?ln=primefaces&v=4.0 HTTP/1.1" 304 -
201.245.192.253 - - [30/May/2018:09:33:12 -0500] "GET /sipse/faces/javax.faces.resource/images/ui-bg_flat_0_2d5972_40x100.png?ln=primefaces-aristo HTTP/1.1" 304 -
190.85.199.44 - - [30/May/2018:09:33:14 -0500] "GET /galeria/carrusel/Carrusel/jquery.thumbnailScroller.css HTTP/1.1" 200 2066
190.85.199.44 - - [30/May/2018:09:33:14 -0500] "GET /galeria/nivo-slider/demo/demo.html HTTP/1.1" 200 13194
190.85.199.44 - - [30/May/2018:09:33:14 -0500] "GET /galeria/nivo-slider/themes/pascal/pascal.css HTTP/1.1" 200 2258
190.85.199.44 - - [30/May/2018:09:33:14 -0500] "GET /galeria/nivo-slider/themes/orman/orman.css HTTP/1.1" 200 2152
190.85.199.44 - - [30/May/2018:09:33:14 -0500] "GET /galeria/nivo-slider/themes/default/default.css HTTP/1.1" 200 1569
190.85.199.44 - - [30/May/2018:09:33:14 -0500] "GET /galeria/nivo-slider/demo/style.css HTTP/1.1" 200 2222
190.85.199.44 - - [30/May/2018:09:33:14 -0500] "GET /galeria/nivo-slider/demo/images/Banner_mercadocampesino%20960x340-01.jpg HTTP/1.1" 200 288848
190.85.199.44 - - [30/May/2018:09:33:15 -0500] "GET /galeria/nivo-slider/demo/images/SemanaAmbiental_WEB_Encuentro.jpg HTTP/1.1" 200 100636
190.85.199.44 - - [30/May/2018:09:33:15 -0500] "GET /galeria/nivo-slider/demo/images/SemanaAmbiental_.jpg HTTP/1.1" 200 75175
190.85.199.44 - - [30/May/2018:09:33:15 -0500] "GET /galeria/nivo-slider/demo/images/calculadora-de-c-onsumo-responsable.jpg HTTP/1.1" 200 280294
190.85.199.44 - - [30/May/2018:09:33:15 -0500] "GET /galeria/nivo-slider/demo/images/Banner_micrositio.png HTTP/1.1" 200 146950
190.85.199.44 - - [30/May/2018:09:33:15 -0500] "GET /galeria/nivo-slider/demo/images/avances-sentencias-rio-bogota-2.jpg HTTP/1.1" 200 304916
190.85.199.44 - - [30/May/2018:09:33:15 -0500] "GET /galeria/nivo-slider/nivo-slider.css HTTP/1.1" 200 1507
190.85.199.44 - - [30/May/2018:09:33:15 -0500] "GET /galeria/nivo-slider/demo/images/Otorgamiento-excelencia-ambiental-Jos%C3%A9-Celestino-Mutis-2.jpg HTTP/1.1" 200 276467
190.85.199.44 - - [30/May/2018:09:33:15 -0500] "GET /galeria/nivo-slider/demo/images/Banner%20FORO%20SOSTENIBILIDAD.jpg HTTP/1.1" 200 284253
190.85.199.44 - - [30/May/2018:09:33:15 -0500] "GET /galeria/nivo-slider/demo/images/4Simple_Slider.png HTTP/1.1" 200 11722
190.85.199.44 - - [30/May/2018:09:33:16 -0500] "GET /galeria/nivo-slider/demo/images/banner-web-reciclaton-2018.jpg HTTP/1.1" 200 207701
190.85.199.44 - - [30/May/2018:09:33:16 -0500] "GET /galeria/nivo-slider/themes/default/loading.gif HTTP/1.1" 200 1737
190.85.199.44 - - [30/May/2018:09:33:17 -0500] "GET /galeria/nivo-slider/demo/images/BANNER%20VAN%20DER%20HAMMEN.jpg HTTP/1.1" 200 64172
190.85.199.44 - - [30/May/2018:09:33:17 -0500] "GET /galeria/nivo-slider/demo/images/banner-humedales-de-bogota.jpg HTTP/1.1" 200 292611
190.85.199.44 - - [30/May/2018:09:33:17 -0500] "GET /galeria/nivo-slider/demo/images/banner-mayo.jpg HTTP/1.1" 200 505642
190.85.199.44 - - [30/May/2018:09:33:18 -0500] "GET /galeria/nivo-slider/demo/images/maximavelocidad.png HTTP/1.1" 200 880272
66.249.66.153 - - [30/May/2018:09:33:18 -0500] "GET /galeria/mapa/aulaSantaM.jpg HTTP/1.1" 304 -
190.85.199.44 - - [30/May/2018:09:33:18 -0500] "GET /galeria/nivo-slider/demo/images/banner%20aceite%20vegetal%20usado.jpg HTTP/1.1" 200 169350
190.85.199.44 - - [30/May/2018:09:33:19 -0500] "GET /galeria/nivo-slider/demo/images/bannerlumina2017web.jpg HTTP/1.1" 200 198918
190.85.199.44 - - [30/May/2018:09:33:19 -0500] "GET /galeria/nivo-slider/demo/images/banner-bolsas-plasticas.jpg HTTP/1.1" 200 317939
201.245.192.253 - - [30/May/2018:09:33:12 -0500] "POST /sipse/faces/presentacion/financiero/solicitudProceso/listarSolicitudProceso.xhtml HTTP/1.1" 200 1348
190.129.105.221 - - [30/May/2018:09:33:21 -0500] "GET /BLA/boletinlegal/js/jquery.scrollShow.js HTTP/1.1" 200 4586
190.129.105.221 - - [30/May/2018:09:33:21 -0500] "GET /galeria/galeria/jquery.fancybox.css?v=2.1.5 HTTP/1.1" 200 4895
190.129.105.221 - - [30/May/2018:09:33:21 -0500] "GET /galeria/galeria/jquery.fancybox.js?v=2.1.5 HTTP/1.1" 200 48706
190.85.199.44 - - [30/May/2018:09:33:21 -0500] "GET /galeria/nivo-slider/themes/default/arrows.png HTTP/1.1" 200 824
190.85.199.44 - - [30/May/2018:09:33:21 -0500] "GET /galeria/nivo-slider/themes/default/bullets.png HTTP/1.1" 200 1281
201.245.192.253 - - [30/May/2018:09:33:20 -0500] "POST /sipse/faces/presentacion/financiero/solicitudProceso/listarSolicitudProceso.xhtml HTTP/1.1" 200 1344
192.168.170.195 - - [30/May/2018:09:33:29 -0500] "GET /BLA/boletinlegal/consulta_actos.php?tipo=autos&no=2941&usuario=&sector=&fecha=2012&resuelve= HTTP/1.1" 200 1084
186.154.34.151 - - [30/May/2018:09:33:31 -0500] "POST /sipse/faces/presentacion/financiero/solicitudProceso/listarSolicitudProceso.xhtml HTTP/1.1" 200 5706
192.168.170.195 - - [30/May/2018:09:33:35 -0500] "GET /BLA/boletinlegal/consulta_actos.php?tipo=autos&no=2941&usuario=&sector=&fecha=2014&resuelve= HTTP/1.1" 200 626
192.168.170.195 - - [30/May/2018:09:33:36 -0500] "GET /BLA/boletinlegal/consulta_actos.php?tipo=autos&no=2941&usuario=&sector=&fecha=2014&resuelve= HTTP/1.1" 200 626
192.168.170.195 - - [30/May/2018:09:33:36 -0500] "GET /BLA/boletinlegal/consulta_actos.php?tipo=autos&no=2941&usuario=&sector=&fecha=2014&resuelve= HTTP/1.1" 200 626
66.249.66.155 - - [30/May/2018:09:33:39 -0500] "GET /galeria/galeria/fotos/Humedal-Santa-Mar%C3%ADa-del-Lago3P.jpg HTTP/1.1" 304 -
192.168.175.104 - - [30/May/2018:09:33:40 -0500] "GET / HTTP/1.1" 200 9990
200.69.104.10 - - [30/May/2018:09:33:52 -0500] "GET /galeria/galeria/jquery.fancybox.css?v=2.1.5 HTTP/1.1" 200 4895
200.69.104.10 - - [30/May/2018:09:33:52 -0500] "GET /BLA/boletinlegal/js/jquery.scrollShow.js HTTP/1.1" 200 4586
200.69.104.10 - - [30/May/2018:09:33:52 -0500] "GET /galeria/galeria/jquery.fancybox.js?v=2.1.5 HTTP/1.1" 200 48706
181.51.16.49 - - [30/May/2018:09:33:52 -0500] "GET /galeria/galeria/jquery.fancybox.css?v=2.1.5 HTTP/1.1" 200 4895
181.51.16.49 - - [30/May/2018:09:33:52 -0500] "GET /galeria/galeria/jquery.fancybox.js?v=2.1.5 HTTP/1.1" 200 48706
181.51.16.49 - - [30/May/2018:09:33:52 -0500] "GET /BLA/boletinlegal/js/jquery.scrollShow.js HTTP/1.1" 200 4586
190.24.148.157 - - [30/May/2018:09:33:54 -0500] "GET /BLA/resoluciones/AUTOS%202014/5625.pdf HTTP/1.1" 200 720656
190.60.208.211 - - [30/May/2018:09:34:01 -0500] "GET /BLA/boletinlegal/js/jquery.scrollShow.js HTTP/1.1" 200 4586
190.60.208.211 - - [30/May/2018:09:34:01 -0500] "GET /galeria/galeria/jquery.fancybox.js?v=2.1.5 HTTP/1.1" 200 48706
190.60.208.211 - - [30/May/2018:09:34:01 -0500] "GET /galeria/galeria/jquery.fancybox.css?v=2.1.5 HTTP/1.1" 200 4895
66.249.66.155 - - [30/May/2018:09:34:01 -0500] "GET /galeria/mapa/BURRO12.jpg HTTP/1.1" 304 -
192.168.175.104 - - [30/May/2018:09:34:02 -0500] "GET / HTTP/1.1" 200 9990
186.154.34.151 - - [30/May/2018:09:34:13 -0500] "POST /sipse/faces/presentacion/financiero/solicitudProceso/listarSolicitudProceso.xhtml HTTP/1.1" 200 115929
186.154.34.151 - - [30/May/2018:09:34:14 -0500] "GET /sipse/faces/javax.faces.resource/theme.css?ln=primefaces-sipse HTTP/1.1" 304 -
186.154.34.151 - - [30/May/2018:09:34:14 -0500] "GET /sipse/faces/javax.faces.resource/primefaces.css?ln=primefaces&v=4.0 HTTP/1.1" 304 -
186.154.34.151 - - [30/May/2018:09:34:14 -0500] "GET /sipse/faces/javax.faces.resource/layout/layout.css?ln=primefaces&v=4.0 HTTP/1.1" 304 -
186.154.34.151 - - [30/May/2018:09:34:14 -0500] "GET /sipse/faces/javax.faces.resource/jquery/jquery.js?ln=primefaces&v=4.0 HTTP/1.1" 304 -
186.154.34.151 - - [30/May/2018:09:34:14 -0500] "GET /sipse/faces/javax.faces.resource/jquery/jquery-plugins.js?ln=primefaces&v=4.0 HTTP/1.1" 304 -
186.154.34.151 - - [30/May/2018:09:34:14 -0500] "GET /sipse/faces/javax.faces.resource/primefaces.js?ln=primefaces&v=4.0 HTTP/1.1" 304 -
186.154.34.151 - - [30/May/2018:09:34:14 -0500] "GET /sipse/faces/javax.faces.resource/layout/layout.js?ln=primefaces&v=4.0 HTTP/1.1" 304 -
186.154.34.151 - - [30/May/2018:09:34:15 -0500] "GET /sipse/css/imagen/contrasena.png HTTP/1.1" 404 383
186.154.34.151 - - [30/May/2018:09:34:15 -0500] "GET /reportes_sipse/sdg/ServletReporte?reporte=solicitud_cdp&Solicitud=3692&pfdrid_c=false HTTP/1.1" 200 81767
66.249.66.153 - - [30/May/2018:09:34:22 -0500] "GET /galeria/galeria/fotos/Humedal-Santa-Mar%C3%ADa-del-Lago2P.jpg HTTP/1.1" 304 -
201.245.192.253 - - [30/May/2018:09:34:26 -0500] "GET /reportes_sipse/sdg/ServletReporte?reporte=solicitud_cdp&Solicitud=3692&pfdrid_c=false HTTP/1.1" 200 81767
201.245.192.253 - - [30/May/2018:09:34:33 -0500] "GET /galeria/nivo-slider/demo/demo.html HTTP/1.1" 200 13194
201.245.192.253 - - [30/May/2018:09:34:34 -0500] "POST /sipse/faces/presentacion/financiero/solicitudProceso/listarSolicitudProceso.xhtml HTTP/1.1" 200 35705
201.245.192.253 - - [30/May/2018:09:34:34 -0500] "GET /galeria/nivo-slider/demo/images/Banner_mercadocampesino%20960x340-01.jpg HTTP/1.1" 200 288848
201.245.192.253 - - [30/May/2018:09:34:35 -0500] "GET /galeria/nivo-slider/demo/images/SemanaAmbiental_WEB_Encuentro.jpg HTTP/1.1" 200 100636
201.245.192.253 - - [30/May/2018:09:34:35 -0500] "POST /sipse/faces/presentacion/financiero/solicitudProceso/listarSolicitudProceso.xhtml HTTP/1.1" 200 36757
201.245.192.253 - - [30/May/2018:09:34:35 -0500] "GET /galeria/nivo-slider/demo/images/SemanaAmbiental_.jpg HTTP/1.1" 200 75175
201.245.192.253 - - [30/May/2018:09:34:35 -0500] "GET /galeria/nivo-slider/demo/images/calculadora-de-c-onsumo-responsable.jpg HTTP/1.1" 304 -
201.245.192.253 - - [30/May/2018:09:34:36 -0500] "GET /galeria/nivo-slider/demo/images/Otorgamiento-excelencia-ambiental-Jos%C3%A9-Celestino-Mutis-2.jpg HTTP/1.1" 304 -
201.245.192.253 - - [30/May/2018:09:34:36 -0500] "GET /galeria/nivo-slider/demo/images/Banner_micrositio.png HTTP/1.1" 304 -
201.245.192.253 - - [30/May/2018:09:34:36 -0500] "GET /galeria/nivo-slider/demo/images/avances-sentencias-rio-bogota-2.jpg HTTP/1.1" 304 -
201.245.192.253 - - [30/May/2018:09:34:36 -0500] "GET /galeria/nivo-slider/demo/images/Banner%20FORO%20SOSTENIBILIDAD.jpg HTTP/1.1" 304 -
201.245.192.253 - - [30/May/2018:09:34:36 -0500] "POST /sipse/faces/presentacion/financiero/solicitudProceso/listarSolicitudProceso.xhtml HTTP/1.1" 200 21221
201.245.192.253 - - [30/May/2018:09:34:36 -0500] "GET /galeria/nivo-slider/demo/images/banner-web-reciclaton-2018.jpg HTTP/1.1" 304 -
201.245.192.253 - - [30/May/2018:09:34:37 -0500] "GET /galeria/nivo-slider/demo/images/banner-mayo.jpg HTTP/1.1" 304 -
201.245.192.253 - - [30/May/2018:09:34:38 -0500] "POST /sipse/faces/presentacion/financiero/solicitudProceso/listarSolicitudProceso.xhtml HTTP/1.1" 200 10475
201.245.192.253 - - [30/May/2018:09:34:40 -0500] "POST /sipse/faces/presentacion/financiero/solicitudProceso/listarSolicitudProceso.xhtml HTTP/1.1" 200 128744
201.245.192.253 - - [30/May/2018:09:34:40 -0500] "GET /sipse/faces/javax.faces.resource/jquery/jquery.js?ln=primefaces&v=4.0 HTTP/1.1" 304 -
201.245.192.253 - - [30/May/2018:09:34:40 -0500] "GET /sipse/faces/javax.faces.resource/jquery/jquery-plugins.js?ln=primefaces&v=4.0 HTTP/1.1" 304 -
201.245.192.253 - - [30/May/2018:09:34:40 -0500] "GET /sipse/faces/javax.faces.resource/primefaces.js?ln=primefaces&v=4.0 HTTP/1.1" 304 -
201.245.192.253 - - [30/May/2018:09:34:40 -0500] "GET /sipse/faces/javax.faces.resource/layout/layout.js?ln=primefaces&v=4.0 HTTP/1.1" 304 -
201.245.192.253 - - [30/May/2018:09:34:41 -0500] "GET /sipse/faces/javax.faces.resource/spacer/dot_clear.gif?ln=primefaces&v=4.0 HTTP/1.1" 304 -
201.245.192.253 - - [30/May/2018:09:34:41 -0500] "GET /reportes_sipse/sdg/ServletReporte?reporte=solicitud_cdp&Solicitud=3692&pfdrid_c=false HTTP/1.1" 200 81767
186.155.99.70 - - [30/May/2018:09:34:52 -0500] "GET /galeria/galeria/jquery.fancybox.css?v=2.1.5 HTTP/1.1" 200 4895
186.155.99.70 - - [30/May/2018:09:34:52 -0500] "GET /galeria/galeria/jquery.fancybox.js?v=2.1.5 HTTP/1.1" 200 48706
186.155.99.70 - - [30/May/2018:09:34:52 -0500] "GET /BLA/boletinlegal/js/jquery.scrollShow.js HTTP/1.1" 200 4586
191.151.25.21 - - [30/May/2018:09:34:53 -0500] "GET /BLA/resoluciones/RESOLUCIONES%202007/RES%202007%204301%20AL%204352/RESOLUCION%204326%20DE%202007.pdf HTTP/1.1" 200 235895
192.168.170.195 - - [30/May/2018:09:34:55 -0500] "GET /BLA/boletinlegal/consulta_actos.php?tipo=autos&no=2949&usuario=&sector=&fecha=2014&resuelve= HTTP/1.1" 200 626
192.168.170.195 - - [30/May/2018:09:34:56 -0500] "GET /BLA/boletinlegal/consulta_actos.php?tipo=autos&no=2949&usuario=&sector=&fecha=2014&resuelve= HTTP/1.1" 200 626
192.168.170.195 - - [30/May/2018:09:34:57 -0500] "GET /BLA/boletinlegal/consulta_actos.php?tipo=autos&no=2949&usuario=&sector=&fecha=2014&resuelve= HTTP/1.1" 200 626
192.168.170.195 - - [30/May/2018:09:34:57 -0500] "GET /BLA/boletinlegal/consulta_actos.php?tipo=autos&no=2949&usuario=&sector=&fecha=2014&resuelve= HTTP/1.1" 200 626
192.168.170.195 - - [30/May/2018:09:34:57 -0500] "GET /BLA/boletinlegal/consulta_actos.php?tipo=autos&no=2949&usuario=&sector=&fecha=2014&resuelve= HTTP/1.1" 200 626
201.245.192.253 - - [30/May/2018:09:34:59 -0500] "POST /sipse/faces/presentacion/financiero/solicitudProceso/consultarSolicitudProceso.xhtml HTTP/1.1" 200 109973
201.245.192.253 - - [30/May/2018:09:34:59 -0500] "GET /sipse/faces/javax.faces.resource/jquery/jquery.js?ln=primefaces&v=4.0 HTTP/1.1" 304 -
201.245.192.253 - - [30/May/2018:09:34:59 -0500] "GET /sipse/faces/javax.faces.resource/jquery/jquery-plugins.js?ln=primefaces&v=4.0 HTTP/1.1" 304 -
201.245.192.253 - - [30/May/2018:09:34:59 -0500] "GET /sipse/faces/javax.faces.resource/primefaces.js?ln=primefaces&v=4.0 HTTP/1.1" 304 -
201.245.192.253 - - [30/May/2018:09:34:59 -0500] "GET /sipse/faces/javax.faces.resource/layout/layout.js?ln=primefaces&v=4.0 HTTP/1.1" 304 -
201.245.192.253 - - [30/May/2018:09:34:59 -0500] "GET /reportes_sipse/sdg/ServletReporte?reporte=solicitud_cdp&Solicitud=3692&pfdrid_c=false HTTP/1.1" 200 81767
69.162.124.233 - - [30/May/2018:09:35:00 -0500] "HEAD / HTTP/1.1" 200 -
186.155.99.70 - - [30/May/2018:09:35:02 -0500] "GET /autoliquidacion HTTP/1.1" 301 310
186.155.99.70 - - [30/May/2018:09:35:02 -0500] "GET /autoliquidacion/ HTTP/1.1" 200 6377
186.155.99.70 - - [30/May/2018:09:35:03 -0500] "GET /autoliquidacion/dlf/styles.css HTTP/1.1" 200 3045
186.155.99.70 - - [30/May/2018:09:35:03 -0500] "GET /autoliquidacion/dlf/folder.png HTTP/1.1" 200 410
186.155.99.70 - - [30/May/2018:09:35:03 -0500] "GET /autoliquidacion/dlf/bg.gif HTTP/1.1" 200 54
190.26.222.33 - - [30/May/2018:09:35:03 -0500] "GET /BLA/boletinlegal/js/jquery.scrollShow.js HTTP/1.1" 200 4586
190.26.222.33 - - [30/May/2018:09:35:03 -0500] "GET /galeria/galeria/jquery.fancybox.js?v=2.1.5 HTTP/1.1" 200 48706
190.26.222.33 - - [30/May/2018:09:35:03 -0500] "GET /galeria/galeria/jquery.fancybox.css?v=2.1.5 HTTP/1.1" 200 4895
201.245.192.253 - - [30/May/2018:09:35:04 -0500] "POST /sipse/faces/presentacion/contratacion/contrato/consultarContrato.xhtml HTTP/1.1" 200 29807
190.26.222.33 - - [30/May/2018:09:35:04 -0500] "GET /galeria/carrusel/Carrusel/jquery.thumbnailScroller.css HTTP/1.1" 200 2066
190.145.245.41 - - [30/May/2018:09:35:04 -0500] "GET /BLA/boletinlegal/js/jquery.scrollShow.js HTTP/1.1" 200 4586
190.145.245.41 - - [30/May/2018:09:35:04 -0500] "GET /galeria/galeria/jquery.fancybox.css?v=2.1.5 HTTP/1.1" 200 4895
190.145.245.41 - - [30/May/2018:09:35:04 -0500] "GET /galeria/galeria/jquery.fancybox.js?v=2.1.5 HTTP/1.1" 200 48706
201.245.192.253 - - [30/May/2018:09:35:04 -0500] "GET /sipse/faces/javax.faces.resource/jquery/jquery.js?ln=primefaces&v=4.0 HTTP/1.1" 304 -
201.245.192.253 - - [30/May/2018:09:35:04 -0500] "GET /sipse/faces/javax.faces.resource/jquery/jquery-plugins.js?ln=primefaces&v=4.0 HTTP/1.1" 304 -
201.245.192.253 - - [30/May/2018:09:35:04 -0500] "GET /sipse/faces/javax.faces.resource/primefaces.js?ln=primefaces&v=4.0 HTTP/1.1" 304 -
201.245.192.253 - - [30/May/2018:09:35:04 -0500] "GET /sipse/faces/javax.faces.resource/layout/layout.js?ln=primefaces&v=4.0 HTTP/1.1" 304 -
190.26.222.33 - - [30/May/2018:09:35:04 -0500] "GET /galeria/carrusel/Carrusel/jquery-ui-1.8.13.custom.min.js HTTP/1.1" 200 10800
66.249.66.153 - - [30/May/2018:09:35:05 -0500] "GET /galeria/galeria/fotos/4humedal-Burro4P.jpg HTTP/1.1" 304 -
190.26.222.33 - - [30/May/2018:09:35:06 -0500] "GET /galeria/carrusel/Carrusel/jquery.thumbnailScroller.js HTTP/1.1" 200 8157
200.69.104.10 - - [30/May/2018:09:35:07 -0500] "GET /BLA/boletinlegal/norma_menu.php HTTP/1.1" 200 6318
200.69.104.10 - - [30/May/2018:09:35:07 -0500] "GET /BLA/boletinlegal/js/ajax.js HTTP/1.1" 200 772
200.69.104.10 - - [30/May/2018:09:35:07 -0500] "GET /BLA/boletinlegal/style.css HTTP/1.1" 200 9406
200.69.104.10 - - [30/May/2018:09:35:07 -0500] "GET /BLA/boletinlegal/swfobject.js HTTP/1.1" 200 9763
200.69.104.10 - - [30/May/2018:09:35:07 -0500] "GET /BLA/boletinlegal/styles2.css HTTP/1.1" 200 1838
200.69.104.10 - - [30/May/2018:09:35:07 -0500] "GET /BLA/boletinlegal/js/popup.js HTTP/1.1" 200 1270
200.69.104.10 - - [30/May/2018:09:35:07 -0500] "GET /BLA/boletinlegal/js/lib.js HTTP/1.1" 200 6474
200.69.104.10 - - [30/May/2018:09:35:07 -0500] "GET /BLA/boletinlegal/js/jquery1.js HTTP/1.1" 200 29846
200.69.104.10 - - [30/May/2018:09:35:07 -0500] "GET /BLA/boletinlegal/images/signo-mas.gif HTTP/1.1" 200 13689
200.69.104.10 - - [30/May/2018:09:35:07 -0500] "GET /BLA/boletinlegal/images/signo-menos.gif HTTP/1.1" 200 13454
200.69.104.10 - - [30/May/2018:09:35:07 -0500] "GET /BLA/boletinlegal/images/cabezote%20BLEGAL.jpg HTTP/1.1" 200 118164
200.69.104.10 - - [30/May/2018:09:35:08 -0500] "GET /BLA/boletinlegal/images/nuevo.gif HTTP/1.1" 200 26475
200.69.104.10 - - [30/May/2018:09:35:08 -0500] "GET /BLA/boletinlegal/images/historia.png HTTP/1.1" 200 52775
200.69.104.10 - - [30/May/2018:09:35:08 -0500] "GET /BLA/boletinlegal/images/img_3.jpg HTTP/1.1" 200 1841
200.69.104.10 - - [30/May/2018:09:35:08 -0500] "GET /BLA/boletinlegal/images/registro-usuarios.png HTTP/1.1" 200 8106
200.69.104.10 - - [30/May/2018:09:35:08 -0500] "GET /BLA/boletinlegal/images/subscribe-icon-big.png HTTP/1.1" 200 47702
200.69.104.10 - - [30/May/2018:09:35:08 -0500] "GET /BLA/boletinlegal/images/icono-email.png HTTP/1.1" 200 5544
200.69.104.10 - - [30/May/2018:09:35:08 -0500] "GET /BLA/boletinlegal/images/menu_lft.gif HTTP/1.1" 200 1713
200.69.104.10 - - [30/May/2018:09:35:08 -0500] "GET /BLA/boletinlegal/images/footer_bg.jpg HTTP/1.1" 200 586
200.69.104.10 - - [30/May/2018:09:35:08 -0500] "GET /BLA/boletinlegal/images/hover.jpg HTTP/1.1" 200 640
200.69.104.10 - - [30/May/2018:09:35:08 -0500] "GET /BLA/boletinlegal/images/footer_bg_l.jpg HTTP/1.1" 200 776
200.69.104.10 - - [30/May/2018:09:35:08 -0500] "GET /BLA/boletinlegal/images/tel.png HTTP/1.1" 200 14477
200.69.104.10 - - [30/May/2018:09:35:08 -0500] "GET /BLA/boletinlegal/images/menu_rght.gif HTTP/1.1" 200 1627
200.69.104.10 - - [30/May/2018:09:35:08 -0500] "GET /BLA/boletinlegal/images/bg_top.jpg HTTP/1.1" 200 522
200.69.104.10 - - [30/May/2018:09:35:08 -0500] "GET /BLA/boletinlegal/images/body_bg.jpg HTTP/1.1" 200 1601
200.69.104.10 - - [30/May/2018:09:35:08 -0500] "GET /BLA/boletinlegal/images/menu_bg.jpg HTTP/1.1" 200 620
200.69.104.10 - - [30/May/2018:09:35:08 -0500] "GET /BLA/boletinlegal/images/text.jpg HTTP/1.1" 200 568
200.69.104.10 - - [30/May/2018:09:35:08 -0500] "GET /favicon.ico HTTP/1.1" 200 7782
186.155.99.70 - - [30/May/2018:09:35:10 -0500] "GET /autoliquidacion/index.php?dir=Grupo+Forestal+-+Silvicultura%2F HTTP/1.1" 200 3990
186.155.99.70 - - [30/May/2018:09:35:10 -0500] "GET /autoliquidacion/dlf/unknown.png HTTP/1.1" 200 266
186.155.99.70 - - [30/May/2018:09:35:10 -0500] "GET /autoliquidacion/dlf/xls.gif HTTP/1.1" 200 636
186.155.99.70 - - [30/May/2018:09:35:10 -0500] "GET /autoliquidacion/dlf/dirup.png HTTP/1.1" 200 644
191.98.135.131 - - [30/May/2018:09:35:18 -0500] "GET /BLA/resoluciones/AUTOS%202016/1797.pdf HTTP/1.1" 200 364465
191.98.135.131 - - [30/May/2018:09:35:20 -0500] "GET /favicon.ico HTTP/1.1" 200 7782
66.249.66.153 - - [30/May/2018:09:35:26 -0500] "GET /galeria/galeria/fotos/Humedal-Santa-Mar%C3%ADa-del-Lago3G.jpg HTTP/1.1" 304 -
66.249.88.33 - - [30/May/2018:09:35:26 -0500] "GET /galeria/galeria/jquery.fancybox.css?v=2.1.5 HTTP/1.1" 304 -
186.154.34.151 - - [30/May/2018:09:35:26 -0500] "GET /sipse/faces/javax.faces.resource/images/ui-bg_flat_0_2d5972_40x100.png?ln=primefaces-aristo HTTP/1.1" 304 -
186.154.34.151 - - [30/May/2018:09:35:26 -0500] "POST /sipse/faces/presentacion/financiero/solicitudProceso/consultarSolicitudProceso.xhtml HTTP/1.1" 200 37217
186.154.34.151 - - [30/May/2018:09:35:27 -0500] "GET /sipse/faces/javax.faces.resource/theme.css?ln=primefaces-sipse HTTP/1.1" 304 -
186.154.34.151 - - [30/May/2018:09:35:27 -0500] "GET /sipse/faces/javax.faces.resource/primefaces.css?ln=primefaces&v=4.0 HTTP/1.1" 304 -
186.154.34.151 - - [30/May/2018:09:35:27 -0500] "GET /sipse/faces/javax.faces.resource/jquery/jquery.js?ln=primefaces&v=4.0 HTTP/1.1" 304 -
186.154.34.151 - - [30/May/2018:09:35:27 -0500] "GET /sipse/faces/javax.faces.resource/layout/layout.css?ln=primefaces&v=4.0 HTTP/1.1" 304 -
186.154.34.151 - - [30/May/2018:09:35:27 -0500] "GET /sipse/faces/javax.faces.resource/jquery/jquery-plugins.js?ln=primefaces&v=4.0 HTTP/1.1" 304 -
186.154.34.151 - - [30/May/2018:09:35:27 -0500] "GET /sipse/faces/javax.faces.resource/primefaces.js?ln=primefaces&v=4.0 HTTP/1.1" 304 -
186.154.34.151 - - [30/May/2018:09:35:27 -0500] "GET /sipse/faces/javax.faces.resource/layout/layout.js?ln=primefaces&v=4.0 HTTP/1.1" 304 -
186.154.34.151 - - [30/May/2018:09:35:27 -0500] "GET /sipse/css/imagen/contrasena.png HTTP/1.1" 404 383
186.154.34.151 - - [30/May/2018:09:35:27 -0500] "POST /sipse/faces/presentacion/financiero/solicitudProceso/listarSolicitudProceso.xhtml HTTP/1.1" 200 30574
66.249.88.33 - - [30/May/2018:09:35:27 -0500] "GET /galeria/nivo-slider/demo/demo.html HTTP/1.1" 200 13194
186.154.34.151 - - [30/May/2018:09:35:28 -0500] "POST /sipse/faces/presentacion/financiero/solicitudProceso/listarSolicitudProceso.xhtml HTTP/1.1" 200 30574
186.155.99.70 - - [30/May/2018:09:35:28 -0500] "GET /autoliquidacion/Grupo%20Forestal%20-%20Silvicultura/Formulario%20de%20recoleccion%20de%20informacion%20silvicultural%20por%20individuo%20-%20Ficha%201.xls HTTP/1.1" 200 1517056
186.154.34.151 - - [30/May/2018:09:35:28 -0500] "POST /sipse/faces/presentacion/financiero/solicitudProceso/listarSolicitudProceso.xhtml HTTP/1.1" 200 30574
186.154.34.151 - - [30/May/2018:09:35:28 -0500] "POST /sipse/faces/presentacion/financiero/solicitudProceso/listarSolicitudProceso.xhtml HTTP/1.1" 200 30574
192.168.170.195 - - [30/May/2018:09:35:28 -0500] "GET /BLA/boletinlegal/consulta_actos.php?tipo=autos&no=2766&usuario=&sector=&fecha=2014&resuelve= HTTP/1.1" 200 626
186.154.34.151 - - [30/May/2018:09:35:28 -0500] "POST /sipse/faces/presentacion/financiero/solicitudProceso/listarSolicitudProceso.xhtml HTTP/1.1" 200 30574
186.154.34.151 - - [30/May/2018:09:35:29 -0500] "POST /sipse/faces/presentacion/financiero/solicitudProceso/listarSolicitudProceso.xhtml HTTP/1.1" 200 30574
66.249.88.33 - - [30/May/2018:09:35:29 -0500] "GET /galeria/nivo-slider/demo/images/SemanaAmbiental_WEB_Encuentro.jpg HTTP/1.1" 200 100636
66.249.88.62 - - [30/May/2018:09:35:29 -0500] "GET /galeria/nivo-slider/demo/images/Banner_mercadocampesino%20960x340-01.jpg HTTP/1.1" 200 288848
66.249.88.33 - - [30/May/2018:09:35:29 -0500] "GET /galeria/nivo-slider/demo/images/Otorgamiento-excelencia-ambiental-Jos%C3%A9-Celestino-Mutis-2.jpg HTTP/1.1" 304 -
66.249.88.63 - - [30/May/2018:09:35:29 -0500] "GET /galeria/nivo-slider/demo/images/avances-sentencias-rio-bogota-2.jpg HTTP/1.1" 304 -
66.249.88.33 - - [30/May/2018:09:35:29 -0500] "GET /galeria/nivo-slider/demo/images/Banner%20FORO%20SOSTENIBILIDAD.jpg HTTP/1.1" 304 -
66.249.88.33 - - [30/May/2018:09:35:29 -0500] "GET /galeria/nivo-slider/demo/images/BANNER%20VAN%20DER%20HAMMEN.jpg HTTP/1.1" 304 -
66.249.88.62 - - [30/May/2018:09:35:29 -0500] "GET /galeria/nivo-slider/demo/images/calculadora-de-c-onsumo-responsable.jpg HTTP/1.1" 304 -
66.249.88.62 - - [30/May/2018:09:35:29 -0500] "GET /galeria/nivo-slider/demo/images/banner-mayo.jpg HTTP/1.1" 304 -
66.249.88.63 - - [30/May/2018:09:35:29 -0500] "GET /galeria/nivo-slider/demo/images/banner-web-reciclaton-2018.jpg HTTP/1.1" 304 -
66.249.88.33 - - [30/May/2018:09:35:29 -0500] "GET /galeria/nivo-slider/demo/images/Banner_micrositio.png HTTP/1.1" 304 -
66.249.88.62 - - [30/May/2018:09:35:29 -0500] "GET /galeria/nivo-slider/demo/images/banner-bolsas-plasticas.jpg HTTP/1.1" 304 -
201.245.163.82 - - [30/May/2018:09:35:29 -0500] "GET /galeria/galeria/jquery.fancybox.css?v=2.1.5 HTTP/1.1" 200 4895
201.245.163.82 - - [30/May/2018:09:35:29 -0500] "GET /BLA/boletinlegal/js/jquery.scrollShow.js HTTP/1.1" 200 4586
201.245.163.82 - - [30/May/2018:09:35:29 -0500] "GET /galeria/galeria/jquery.fancybox.js?v=2.1.5 HTTP/1.1" 200 48706
186.154.34.151 - - [30/May/2018:09:35:29 -0500] "POST /sipse/faces/presentacion/financiero/solicitudProceso/listarSolicitudProceso.xhtml HTTP/1.1" 200 30574
201.245.163.82 - - [30/May/2018:09:35:30 -0500] "GET /autoliquidacion HTTP/1.1" 301 310
201.245.163.82 - - [30/May/2018:09:35:30 -0500] "GET /autoliquidacion/ HTTP/1.1" 200 6377
201.245.163.82 - - [30/May/2018:09:35:30 -0500] "GET /autoliquidacion/dlf/folder.png HTTP/1.1" 200 410
201.245.163.82 - - [30/May/2018:09:35:30 -0500] "GET /autoliquidacion/dlf/styles.css HTTP/1.1" 200 3045
201.245.163.82 - - [30/May/2018:09:35:30 -0500] "GET /autoliquidacion/dlf/bg.gif HTTP/1.1" 200 54
201.245.192.253 - - [30/May/2018:09:35:30 -0500] "POST /sipse/faces/presentacion/contratacion/contrato/poliza/crearModificarPoliza.xhtml HTTP/1.1" 200 2414
186.154.34.151 - - [30/May/2018:09:35:30 -0500] "POST /sipse/faces/presentacion/financiero/solicitudProceso/listarSolicitudProceso.xhtml HTTP/1.1" 200 30574
186.154.34.151 - - [30/May/2018:09:35:31 -0500] "POST /sipse/faces/presentacion/financiero/solicitudProceso/listarSolicitudProceso.xhtml HTTP/1.1" 200 30574
186.154.34.151 - - [30/May/2018:09:35:31 -0500] "POST /sipse/faces/presentacion/financiero/solicitudProceso/listarSolicitudProceso.xhtml HTTP/1.1" 200 30574
186.154.34.151 - - [30/May/2018:09:35:31 -0500] "POST /sipse/faces/presentacion/financiero/solicitudProceso/listarSolicitudProceso.xhtml HTTP/1.1" 200 30574
186.154.34.151 - - [30/May/2018:09:35:32 -0500] "POST /sipse/faces/presentacion/financiero/solicitudProceso/listarSolicitudProceso.xhtml HTTP/1.1" 200 30574
66.249.88.63 - - [30/May/2018:09:35:32 -0500] "GET /galeria/nivo-slider/demo/images/SemanaAmbiental_.jpg HTTP/1.1" 200 75175
186.154.34.151 - - [30/May/2018:09:35:32 -0500] "POST /sipse/faces/presentacion/financiero/solicitudProceso/listarSolicitudProceso.xhtml HTTP/1.1" 200 30574
186.154.34.151 - - [30/May/2018:09:35:32 -0500] "POST /sipse/faces/presentacion/financiero/solicitudProceso/listarSolicitudProceso.xhtml HTTP/1.1" 200 30574
201.245.163.82 - - [30/May/2018:09:35:32 -0500] "GET /autoliquidacion/ HTTP/1.1" 200 6377
192.168.170.195 - - [30/May/2018:09:35:32 -0500] "GET /BLA/boletinlegal/consulta_actos.php?tipo=autos&no=2766&usuario=&sector=&fecha=2014&resuelve= HTTP/1.1" 200 626
192.168.170.195 - - [30/May/2018:09:35:33 -0500] "GET /BLA/boletinlegal/consulta_actos.php?tipo=autos&no=2766&usuario=&sector=&fecha=2014&resuelve= HTTP/1.1" 200 626
186.154.34.151 - - [30/May/2018:09:35:33 -0500] "POST /sipse/faces/presentacion/financiero/solicitudProceso/listarSolicitudProceso.xhtml HTTP/1.1" 200 30574
192.168.170.195 - - [30/May/2018:09:35:33 -0500] "GET /BLA/boletinlegal/consulta_actos.php?tipo=autos&no=2766&usuario=&sector=&fecha=2014&resuelve= HTTP/1.1" 200 626
186.154.34.151 - - [30/May/2018:09:35:33 -0500] "POST /sipse/faces/presentacion/financiero/solicitudProceso/listarSolicitudProceso.xhtml HTTP/1.1" 200 30574
186.154.34.151 - - [30/May/2018:09:35:33 -0500] "POST /sipse/faces/presentacion/financiero/solicitudProceso/listarSolicitudProceso.xhtml HTTP/1.1" 200 30574
186.154.34.151 - - [30/May/2018:09:35:34 -0500] "POST /sipse/faces/presentacion/financiero/solicitudProceso/listarSolicitudProceso.xhtml HTTP/1.1" 200 30574
186.154.34.151 - - [30/May/2018:09:35:34 -0500] "POST /sipse/faces/presentacion/financiero/solicitudProceso/listarSolicitudProceso.xhtml HTTP/1.1" 200 30574
186.154.34.151 - - [30/May/2018:09:35:34 -0500] "POST /sipse/faces/presentacion/financiero/solicitudProceso/listarSolicitudProceso.xhtml HTTP/1.1" 200 30574
186.154.34.151 - - [30/May/2018:09:35:34 -0500] "POST /sipse/faces/presentacion/financiero/solicitudProceso/listarSolicitudProceso.xhtml HTTP/1.1" 200 30574
186.154.34.151 - - [30/May/2018:09:35:35 -0500] "POST /sipse/faces/presentacion/financiero/solicitudProceso/listarSolicitudProceso.xhtml HTTP/1.1" 200 30574
186.154.34.151 - - [30/May/2018:09:35:35 -0500] "POST /sipse/faces/presentacion/financiero/solicitudProceso/listarSolicitudProceso.xhtml HTTP/1.1" 200 30574
