200.75.48.35 - - [30/May/2018:09:51:31 -0500] "GET /galeria/nivo-slider/demo/images/avances-sentencias-rio-bogota-2.jpg HTTP/1.1" 200 304916
200.75.48.35 - - [30/May/2018:09:51:31 -0500] "GET /galeria/nivo-slider/demo/images/Banner_micrositio.png HTTP/1.1" 200 146950
200.75.48.44 - - [30/May/2018:09:51:32 -0500] "GET /galeria/galeria/jquery.fancybox.css?v=2.1.5 HTTP/1.1" 200 4895
200.75.48.44 - - [30/May/2018:09:51:32 -0500] "GET /galeria/carrusel/Carrusel/jquery.thumbnailScroller.css HTTP/1.1" 200 2066
200.75.48.44 - - [30/May/2018:09:51:32 -0500] "GET /galeria/carrusel/Carrusel/jquery-ui-1.8.13.custom.min.js HTTP/1.1" 200 10800
200.75.48.35 - - [30/May/2018:09:51:32 -0500] "GET /galeria/nivo-slider/demo/images/banner-web-reciclaton-2018.jpg HTTP/1.1" 200 207701
200.75.48.35 - - [30/May/2018:09:51:32 -0500] "GET /galeria/nivo-slider/demo/images/BANNER%20VAN%20DER%20HAMMEN.jpg HTTP/1.1" 200 64172
200.75.48.35 - - [30/May/2018:09:51:32 -0500] "GET /galeria/nivo-slider/demo/images/Banner%20FORO%20SOSTENIBILIDAD.jpg HTTP/1.1" 200 284253
200.75.48.44 - - [30/May/2018:09:51:32 -0500] "GET /galeria/carrusel/Carrusel/jquery.thumbnailScroller.js HTTP/1.1" 200 8157
200.75.48.35 - - [30/May/2018:09:51:32 -0500] "GET /galeria/nivo-slider/demo/images/banner-humedales-de-bogota.jpg HTTP/1.1" 200 292611
200.75.48.44 - - [30/May/2018:09:51:32 -0500] "GET /galeria/nivo-slider/demo/demo.html HTTP/1.1" 200 13194
200.75.48.44 - - [30/May/2018:09:51:33 -0500] "GET /galeria/nivo-slider/themes/pascal/pascal.css HTTP/1.1" 200 2258
200.75.48.44 - - [30/May/2018:09:51:33 -0500] "GET /galeria/nivo-slider/themes/orman/orman.css HTTP/1.1" 200 2152
200.75.48.44 - - [30/May/2018:09:51:33 -0500] "GET /galeria/nivo-slider/nivo-slider.css HTTP/1.1" 200 1507
200.75.48.44 - - [30/May/2018:09:51:33 -0500] "GET /galeria/nivo-slider/demo/style.css HTTP/1.1" 200 2222
200.75.48.44 - - [30/May/2018:09:51:33 -0500] "GET /galeria/nivo-slider/themes/default/default.css HTTP/1.1" 200 1569
200.75.48.44 - - [30/May/2018:09:51:33 -0500] "GET /galeria/nivo-slider/demo/images/SemanaAmbiental_.jpg HTTP/1.1" 200 75175
200.75.48.44 - - [30/May/2018:09:51:33 -0500] "GET /galeria/nivo-slider/demo/images/SemanaAmbiental_WEB_Encuentro.jpg HTTP/1.1" 200 100636
200.75.48.44 - - [30/May/2018:09:51:33 -0500] "GET /galeria/nivo-slider/demo/images/Banner_micrositio.png HTTP/1.1" 200 146950
200.75.48.35 - - [30/May/2018:09:51:33 -0500] "GET /galeria/nivo-slider/demo/images/maximavelocidad.png HTTP/1.1" 200 880272
200.75.48.35 - - [30/May/2018:09:51:33 -0500] "GET /galeria/nivo-slider/demo/images/banner%20aceite%20vegetal%20usado.jpg HTTP/1.1" 200 169350
200.75.48.44 - - [30/May/2018:09:51:33 -0500] "GET /galeria/nivo-slider/demo/scripts/jquery-1.7.1.min.js HTTP/1.1" 200 93868
200.75.48.35 - - [30/May/2018:09:51:33 -0500] "GET /galeria/nivo-slider/demo/images/banner-mayo.jpg HTTP/1.1" 200 505642
200.75.48.44 - - [30/May/2018:09:51:33 -0500] "GET /galeria/nivo-slider/demo/images/Banner_mercadocampesino%20960x340-01.jpg HTTP/1.1" 304 -
201.245.192.253 - - [30/May/2018:09:51:33 -0500] "POST /sipse/faces/presentacion/contratacion/contrato/poliza/crearModificarPoliza.xhtml HTTP/1.1" 200 2414
200.75.48.35 - - [30/May/2018:09:51:33 -0500] "GET /galeria/nivo-slider/themes/default/bullets.png HTTP/1.1" 200 1281
200.75.48.35 - - [30/May/2018:09:51:33 -0500] "GET /galeria/nivo-slider/themes/default/arrows.png HTTP/1.1" 200 824
200.75.48.35 - - [30/May/2018:09:51:34 -0500] "GET /galeria/nivo-slider/demo/images/Banner_mercadocampesino%20960x340-01.jpg HTTP/1.1" 206 139529
200.75.48.44 - - [30/May/2018:09:51:34 -0500] "GET /galeria/nivo-slider/themes/default/bullets.png HTTP/1.1" 200 1281
200.75.48.44 - - [30/May/2018:09:51:35 -0500] "GET /galeria/nivo-slider/themes/default/arrows.png HTTP/1.1" 200 824
192.168.170.195 - - [30/May/2018:09:51:36 -0500] "GET /BLA/boletinlegal/consulta_actos.php?tipo=autos&no=1277&usuario=&sector=&fecha=2014&resuelve= HTTP/1.1" 200 1059
190.24.132.90 - - [30/May/2018:09:51:38 -0500] "GET /galeria/galeria/jquery.fancybox.css?v=2.1.5 HTTP/1.1" 200 4895
190.24.132.90 - - [30/May/2018:09:51:38 -0500] "GET /galeria/galeria/jquery.fancybox.js?v=2.1.5 HTTP/1.1" 200 48706
190.24.132.90 - - [30/May/2018:09:51:38 -0500] "GET /BLA/boletinlegal/js/jquery.scrollShow.js HTTP/1.1" 304 -
201.245.192.253 - - [30/May/2018:09:51:38 -0500] "POST /sipse/faces/presentacion/financiero/solicitudProceso/consultarSolicitudProceso.xhtml HTTP/1.1" 200 911
200.75.48.44 - - [30/May/2018:09:51:39 -0500] "GET /galeria/galeria/jquery.fancybox.css?v=2.1.5 HTTP/1.1" 200 4895
167.0.218.156 - - [30/May/2018:09:51:39 -0500] "GET /galeria/galeria/jquery.fancybox.css?v=2.1.5 HTTP/1.1" 200 4895
167.0.218.156 - - [30/May/2018:09:51:39 -0500] "GET /galeria/carrusel/Carrusel/jquery.thumbnailScroller.css HTTP/1.1" 200 2066
167.0.218.156 - - [30/May/2018:09:51:39 -0500] "GET /galeria/galeria/jquery.fancybox.js?v=2.1.5 HTTP/1.1" 200 48706
167.0.218.156 - - [30/May/2018:09:51:39 -0500] "GET /BLA/boletinlegal/js/jquery.scrollShow.js HTTP/1.1" 200 4586
201.244.51.170 - - [30/May/2018:09:51:39 -0500] "GET /BLA/boletinlegal/js/jquery.scrollShow.js HTTP/1.1" 304 -
201.244.51.170 - - [30/May/2018:09:51:39 -0500] "GET /galeria/galeria/jquery.fancybox.css?v=2.1.5 HTTP/1.1" 304 -
201.244.51.170 - - [30/May/2018:09:51:39 -0500] "GET /galeria/galeria/jquery.fancybox.js?v=2.1.5 HTTP/1.1" 304 -
192.168.170.195 - - [30/May/2018:09:51:39 -0500] "GET /BLA/boletinlegal/consulta_actos.php?tipo=autos&no=1277&usuario=&sector=&fecha=2014&resuelve= HTTP/1.1" 200 1059
192.168.170.195 - - [30/May/2018:09:51:40 -0500] "GET /BLA/boletinlegal/consulta_actos.php?tipo=autos&no=1277&usuario=&sector=&fecha=2014&resuelve= HTTP/1.1" 200 1059
167.0.218.156 - - [30/May/2018:09:51:43 -0500] "GET /galeria/carrusel/Carrusel/jquery-ui-1.8.13.custom.min.js HTTP/1.1" 200 10800
190.1.161.93 - - [30/May/2018:09:51:43 -0500] "GET /BLA/boletinlegal/js/jquery.scrollShow.js HTTP/1.1" 200 4586
167.0.218.156 - - [30/May/2018:09:51:43 -0500] "GET /galeria/carrusel/Carrusel/jquery.thumbnailScroller.js HTTP/1.1" 200 8157
181.143.174.147 - - [30/May/2018:09:51:43 -0500] "GET /autoliquidacion/ HTTP/1.1" 200 6377
190.1.161.93 - - [30/May/2018:09:51:43 -0500] "GET /galeria/galeria/jquery.fancybox.js?v=2.1.5 HTTP/1.1" 200 48706
167.0.218.156 - - [30/May/2018:09:51:43 -0500] "GET /galeria/nivo-slider/demo/demo.html HTTP/1.1" 200 13194
190.1.161.93 - - [30/May/2018:09:51:43 -0500] "GET /galeria/galeria/jquery.fancybox.css?v=2.1.5 HTTP/1.1" 200 4895
190.1.161.93 - - [30/May/2018:09:51:45 -0500] "GET /galeria/carrusel/Carrusel/jquery.thumbnailScroller.css HTTP/1.1" 200 2066
190.1.161.93 - - [30/May/2018:09:51:45 -0500] "GET /galeria/carrusel/Carrusel/jquery-ui-1.8.13.custom.min.js HTTP/1.1" 200 10800
186.119.38.7 - - [30/May/2018:09:51:45 -0500] "GET /galeria/nivo-slider/themes/default/arrows.png HTTP/1.1" 200 824
186.119.38.7 - - [30/May/2018:09:51:45 -0500] "GET /galeria/nivo-slider/themes/default/bullets.png HTTP/1.1" 200 1281
167.0.218.156 - - [30/May/2018:09:51:46 -0500] "GET /galeria/nivo-slider/themes/default/default.css HTTP/1.1" 200 1569
167.0.218.156 - - [30/May/2018:09:51:46 -0500] "GET /galeria/nivo-slider/themes/pascal/pascal.css HTTP/1.1" 200 2258
167.0.218.156 - - [30/May/2018:09:51:46 -0500] "GET /galeria/nivo-slider/themes/orman/orman.css HTTP/1.1" 200 2152
167.0.218.156 - - [30/May/2018:09:51:46 -0500] "GET /galeria/nivo-slider/nivo-slider.css HTTP/1.1" 200 1507
167.0.218.156 - - [30/May/2018:09:51:46 -0500] "GET /galeria/nivo-slider/demo/style.css HTTP/1.1" 200 2222
167.0.218.156 - - [30/May/2018:09:51:46 -0500] "GET /galeria/nivo-slider/demo/scripts/jquery-1.7.1.min.js HTTP/1.1" 200 93868
191.102.239.126 - - [30/May/2018:09:51:46 -0500] "GET /BLA/resoluciones/RESOLUCIONES%202010/6998.pdf HTTP/1.1" 200 444955
167.0.218.156 - - [30/May/2018:09:51:46 -0500] "GET /galeria/nivo-slider/demo/images/Banner_mercadocampesino%20960x340-01.jpg HTTP/1.1" 200 288848
167.0.218.156 - - [30/May/2018:09:51:46 -0500] "GET /galeria/nivo-slider/demo/images/SemanaAmbiental_WEB_Encuentro.jpg HTTP/1.1" 200 100636
167.0.218.156 - - [30/May/2018:09:51:48 -0500] "GET /galeria/nivo-slider/demo/images/4Simple_Slider.png HTTP/1.1" 200 11722
167.0.218.156 - - [30/May/2018:09:51:48 -0500] "GET /galeria/nivo-slider/themes/default/loading.gif HTTP/1.1" 200 1737
190.1.161.93 - - [30/May/2018:09:51:49 -0500] "GET /galeria/carrusel/Carrusel/jquery.thumbnailScroller.js HTTP/1.1" 200 8157
167.0.218.156 - - [30/May/2018:09:51:50 -0500] "GET /galeria/nivo-slider/demo/images/SemanaAmbiental_.jpg HTTP/1.1" 200 75175
167.0.218.156 - - [30/May/2018:09:51:50 -0500] "GET /galeria/nivo-slider/demo/images/calculadora-de-c-onsumo-responsable.jpg HTTP/1.1" 200 280294
167.0.218.156 - - [30/May/2018:09:51:51 -0500] "GET /galeria/nivo-slider/jquery.nivo.slider.pack.js HTTP/1.1" 200 11561
167.0.218.156 - - [30/May/2018:09:51:53 -0500] "GET /galeria/nivo-slider/demo/images/Otorgamiento-excelencia-ambiental-Jos%C3%A9-Celestino-Mutis-2.jpg HTTP/1.1" 200 276467
167.0.218.156 - - [30/May/2018:09:51:53 -0500] "GET /galeria/nivo-slider/demo/images/Banner_micrositio.png HTTP/1.1" 200 146950
167.0.218.156 - - [30/May/2018:09:51:53 -0500] "GET /galeria/nivo-slider/demo/images/avances-sentencias-rio-bogota-2.jpg HTTP/1.1" 200 304916
66.102.6.148 - - [30/May/2018:09:51:57 -0500] "GET /BLA/boletinlegal/js/jquery.scrollShow.js HTTP/1.1" 200 4586
66.102.6.149 - - [30/May/2018:09:51:57 -0500] "GET /galeria/galeria/jquery.fancybox.js?v=2.1.5 HTTP/1.1" 200 48706
66.102.6.150 - - [30/May/2018:09:51:57 -0500] "GET /galeria/galeria/jquery.fancybox.css?v=2.1.5 HTTP/1.1" 200 4895
190.255.40.74 - - [30/May/2018:09:51:20 -0500] "GET /BLA/boletinlegal/index.php? HTTP/1.1" 200 24523
181.49.105.199 - - [30/May/2018:09:51:59 -0500] "GET /BLA/boletinlegal/js/jquery.scrollShow.js HTTP/1.1" 200 4586
181.49.105.199 - - [30/May/2018:09:51:59 -0500] "GET /galeria/galeria/jquery.fancybox.js?v=2.1.5 HTTP/1.1" 200 48706
181.49.105.199 - - [30/May/2018:09:51:59 -0500] "GET /galeria/galeria/jquery.fancybox.css?v=2.1.5 HTTP/1.1" 200 4895
167.0.218.156 - - [30/May/2018:09:51:59 -0500] "GET /galeria/nivo-slider/demo/images/Banner%20FORO%20SOSTENIBILIDAD.jpg HTTP/1.1" 200 284253
190.217.114.195 - - [30/May/2018:09:51:59 -0500] "GET /BLA/resoluciones/RESOLUCIONES%202014/1460.pdf HTTP/1.1" 200 519400
190.217.114.195 - - [30/May/2018:09:52:00 -0500] "GET /favicon.ico HTTP/1.1" 200 7782
167.0.218.156 - - [30/May/2018:09:52:00 -0500] "GET /galeria/nivo-slider/demo/images/banner-web-reciclaton-2018.jpg HTTP/1.1" 200 207701
167.0.218.156 - - [30/May/2018:09:52:00 -0500] "GET /galeria/nivo-slider/demo/images/BANNER%20VAN%20DER%20HAMMEN.jpg HTTP/1.1" 200 64172
167.0.218.156 - - [30/May/2018:09:52:01 -0500] "GET /galeria/nivo-slider/demo/images/banner-humedales-de-bogota.jpg HTTP/1.1" 200 292611
167.0.218.156 - - [30/May/2018:09:52:01 -0500] "GET /galeria/nivo-slider/demo/images/banner-mayo.jpg HTTP/1.1" 200 505642
167.0.218.156 - - [30/May/2018:09:52:01 -0500] "GET /galeria/nivo-slider/demo/images/maximavelocidad.png HTTP/1.1" 200 880272
66.102.6.150 - - [30/May/2018:09:52:03 -0500] "GET /galeria/galeria/jquery.fancybox.js?v=2.1.5 HTTP/1.1" 304 -
66.102.6.149 - - [30/May/2018:09:52:03 -0500] "GET /BLA/boletinlegal/js/jquery.scrollShow.js HTTP/1.1" 304 -
66.102.6.150 - - [30/May/2018:09:52:03 -0500] "GET /galeria/galeria/jquery.fancybox.css?v=2.1.5 HTTP/1.1" 304 -
167.0.218.156 - - [30/May/2018:09:52:04 -0500] "GET /galeria/nivo-slider/demo/images/banner%20aceite%20vegetal%20usado.jpg HTTP/1.1" 200 169350
201.245.192.253 - - [30/May/2018:09:50:38 -0500] "GET /BLA/boletinlegal/index.php HTTP/1.1" 200 58793
201.245.192.253 - - [30/May/2018:09:52:04 -0500] "GET /BLA/boletinlegal/images/registro-usuarios.png HTTP/1.1" 304 -
167.0.218.156 - - [30/May/2018:09:52:04 -0500] "GET /galeria/nivo-slider/demo/images/bannerlumina2017web.jpg HTTP/1.1" 200 198918
201.245.192.253 - - [30/May/2018:09:52:04 -0500] "GET /BLA/boletinlegal/images/tel.png HTTP/1.1" 304 -
201.245.192.253 - - [30/May/2018:09:52:04 -0500] "GET /BLA/boletinlegal/images/icono-email.png HTTP/1.1" 304 -
201.245.192.253 - - [30/May/2018:09:52:05 -0500] "GET /favicon.ico HTTP/1.1" 200 7782
167.0.218.156 - - [30/May/2018:09:52:05 -0500] "GET /galeria/nivo-slider/demo/images/banner-bolsas-plasticas.jpg HTTP/1.1" 200 317939
201.245.192.253 - - [30/May/2018:09:52:13 -0500] "GET /BLA/boletinlegal/actos.php HTTP/1.1" 200 8738
201.245.192.253 - - [30/May/2018:09:52:13 -0500] "GET /BLA/boletinlegal/niceforms-default.css HTTP/1.1" 200 6694
201.245.192.253 - - [30/May/2018:09:52:13 -0500] "GET /BLA/boletinlegal/js/lib.js HTTP/1.1" 200 6474
201.245.192.253 - - [30/May/2018:09:52:13 -0500] "GET /BLA/boletinlegal/images/green-yellow-blue-pink-th.png HTTP/1.1" 200 7394
201.245.192.253 - - [30/May/2018:09:52:13 -0500] "GET /BLA/boletinlegal/images/abajo.png HTTP/1.1" 200 96676
201.245.192.253 - - [30/May/2018:09:52:14 -0500] "GET /BLA/boletinlegal/img/0.png HTTP/1.1" 200 110
201.245.192.253 - - [30/May/2018:09:52:14 -0500] "GET /BLA/boletinlegal/img/button-right.png HTTP/1.1" 200 57878
201.245.192.253 - - [30/May/2018:09:52:14 -0500] "GET /BLA/boletinlegal/img/button.png HTTP/1.1" 200 43241
201.245.192.253 - - [30/May/2018:09:52:14 -0500] "GET /BLA/boletinlegal/img/select-right.png HTTP/1.1" 200 44019
201.245.192.253 - - [30/May/2018:09:52:14 -0500] "GET /BLA/boletinlegal/img/select-left.png HTTP/1.1" 200 263
201.245.192.253 - - [30/May/2018:09:52:14 -0500] "GET /BLA/boletinlegal/img/button-left.png HTTP/1.1" 200 57071
201.245.192.253 - - [30/May/2018:09:52:16 -0500] "GET /BLA/resoluciones/ HTTP/1.1" 200 9737
201.245.192.253 - - [30/May/2018:09:52:19 -0500] "GET /BLA/resoluciones/index.php?dir=AUTOS+2007%2F HTTP/1.1" 200 628423
201.245.192.253 - - [30/May/2018:09:52:19 -0500] "GET /BLA/resoluciones/index.php?dir=AUTOS+2007%2F HTTP/1.1" 200 628423
190.146.47.249 - - [30/May/2018:09:52:27 -0500] "GET /BLA/boletinlegal/js/jquery.scrollShow.js HTTP/1.1" 200 4586
190.146.47.249 - - [30/May/2018:09:52:27 -0500] "GET /galeria/galeria/jquery.fancybox.js?v=2.1.5 HTTP/1.1" 200 48706
190.146.47.249 - - [30/May/2018:09:52:28 -0500] "GET /galeria/galeria/jquery.fancybox.css?v=2.1.5 HTTP/1.1" 200 4895
190.146.47.249 - - [30/May/2018:09:52:29 -0500] "GET /galeria/carrusel/Carrusel/jquery.thumbnailScroller.css HTTP/1.1" 200 2066
190.146.47.249 - - [30/May/2018:09:52:30 -0500] "GET /galeria/carrusel/Carrusel/jquery-ui-1.8.13.custom.min.js HTTP/1.1" 200 10800
186.145.5.56 - - [30/May/2018:09:52:30 -0500] "GET /galeria/galeria/jquery.fancybox.css?v=2.1.5 HTTP/1.1" 200 4895
190.146.47.249 - - [30/May/2018:09:52:32 -0500] "GET /galeria/carrusel/Carrusel/jquery.thumbnailScroller.js HTTP/1.1" 200 8157
201.245.192.253 - - [30/May/2018:09:52:32 -0500] "GET /BLA/resoluciones/AUTOS%202007/0300.pdf HTTP/1.1" 200 63329
201.245.192.253 - - [30/May/2018:09:52:34 -0500] "GET /BLA/resoluciones/AUTOS%202007/0559.pdf HTTP/1.1" 200 190727
66.249.88.63 - - [30/May/2018:09:52:35 -0500] "GET /galeria/galeria/fotos/Humedal-vaca6G.jpg HTTP/1.1" 200 176858
190.248.24.194 - - [30/May/2018:09:52:43 -0500] "GET /galeria/nivo-slider/demo/demo.html HTTP/1.1" 304 -
190.248.24.194 - - [30/May/2018:09:52:43 -0500] "GET /galeria/nivo-slider/demo/images/Banner_mercadocampesino%20960x340-01.jpg HTTP/1.1" 200 288848
190.248.24.194 - - [30/May/2018:09:52:43 -0500] "GET /galeria/nivo-slider/demo/images/SemanaAmbiental_WEB_Encuentro.jpg HTTP/1.1" 304 -
190.248.24.194 - - [30/May/2018:09:52:43 -0500] "GET /galeria/nivo-slider/demo/images/calculadora-de-c-onsumo-responsable.jpg HTTP/1.1" 304 -
190.248.24.194 - - [30/May/2018:09:52:43 -0500] "GET /galeria/nivo-slider/demo/images/Banner_micrositio.png HTTP/1.1" 304 -
190.248.24.194 - - [30/May/2018:09:52:43 -0500] "GET /galeria/nivo-slider/demo/images/Otorgamiento-excelencia-ambiental-Jos%C3%A9-Celestino-Mutis-2.jpg HTTP/1.1" 304 -
190.248.24.194 - - [30/May/2018:09:52:43 -0500] "GET /galeria/nivo-slider/demo/images/SemanaAmbiental_.jpg HTTP/1.1" 304 -
190.248.24.194 - - [30/May/2018:09:52:43 -0500] "GET /galeria/nivo-slider/demo/images/avances-sentencias-rio-bogota-2.jpg HTTP/1.1" 304 -
190.248.24.194 - - [30/May/2018:09:52:43 -0500] "GET /galeria/nivo-slider/demo/images/Banner%20FORO%20SOSTENIBILIDAD.jpg HTTP/1.1" 304 -
201.245.192.253 - - [30/May/2018:09:52:43 -0500] "GET /BLA/resoluciones/AUTOS%202007/2946.pdf HTTP/1.1" 200 111432
200.93.130.196 - - [30/May/2018:09:52:44 -0500] "GET /BLA/resoluciones/AUTOS%202013/1091.pdf HTTP/1.1" 200 1572045
200.93.130.196 - - [30/May/2018:09:52:45 -0500] "GET /favicon.ico HTTP/1.1" 200 7782
186.119.38.7 - - [30/May/2018:09:52:45 -0500] "GET /galeria/nivo-slider/demo/images/avances-sentencias-rio-bogota-2.jpg HTTP/1.1" 206 1
186.119.38.7 - - [30/May/2018:09:52:45 -0500] "GET /galeria/nivo-slider/demo/images/avances-sentencias-rio-bogota-2.jpg HTTP/1.1" 206 285023
192.168.175.104 - - [30/May/2018:09:52:46 -0500] "GET / HTTP/1.0" 200 9990
190.25.50.18 - - [30/May/2018:09:52:56 -0500] "GET /BLA/boletinlegal/js/jquery.scrollShow.js HTTP/1.1" 200 4586
190.25.50.18 - - [30/May/2018:09:52:56 -0500] "GET /galeria/galeria/jquery.fancybox.js?v=2.1.5 HTTP/1.1" 200 48706
190.25.50.18 - - [30/May/2018:09:52:56 -0500] "GET /galeria/galeria/jquery.fancybox.css?v=2.1.5 HTTP/1.1" 200 4895
190.25.50.18 - - [30/May/2018:09:52:56 -0500] "GET /galeria/carrusel/Carrusel/jquery.thumbnailScroller.css HTTP/1.1" 200 2066
66.249.66.156 - - [30/May/2018:09:52:58 -0500] "GET /galeria/nivo-slider/demo/images/bannerlumina2017web.jpg HTTP/1.1" 304 -
66.249.88.62 - - [30/May/2018:09:52:58 -0500] "GET /galeria/galeria/jquery.fancybox.css?v=2.1.5 HTTP/1.1" 200 4895
66.249.88.62 - - [30/May/2018:09:52:58 -0500] "GET /galeria/galeria/jquery.fancybox.js?v=2.1.5 HTTP/1.1" 200 48706
66.249.66.156 - - [30/May/2018:09:52:58 -0500] "GET /galeria/nivo-slider/demo/images/banner-mayo.jpg HTTP/1.1" 304 -
186.29.180.50 - - [30/May/2018:09:52:42 -0500] "GET /isolucionsda/bancoconocimiento/R/Resolucion5194de2008/Resolucion5194de2008.asp HTTP/1.1" 503 1124
66.249.66.155 - - [30/May/2018:09:53:06 -0500] "GET /galeria/nivo-slider/demo/images/Otorgamiento-excelencia-ambiental-Jos%C3%A9-Celestino-Mutis-2.jpg HTTP/1.1" 304 -
186.29.180.50 - - [30/May/2018:09:52:46 -0500] "GET /isolucionsda/bancoconocimiento/R/Resolucion5194de2008/Resolucion5194de2008.asp HTTP/1.1" 503 1124
186.29.180.50 - - [30/May/2018:09:52:46 -0500] "GET /isolucionsda/bancoconocimiento/R/Resolucion5194de2008/Resolucion5194de2008.asp HTTP/1.1" 503 1124
186.87.80.163 - - [30/May/2018:09:53:08 -0500] "GET /BLA/resoluciones/ HTTP/1.1" 200 9737
186.87.80.163 - - [30/May/2018:09:53:09 -0500] "GET /BLA/resoluciones/dlf/styles.css HTTP/1.1" 200 3049
186.87.80.163 - - [30/May/2018:09:53:09 -0500] "GET /BLA/resoluciones/dlf/folder.png HTTP/1.1" 200 410
186.87.80.163 - - [30/May/2018:09:53:09 -0500] "GET /BLA/resoluciones/dlf/bg.gif HTTP/1.1" 200 54
190.60.224.146 - - [30/May/2018:09:52:50 -0500] "GET /isolucionsda/ HTTP/1.1" 503 1124
190.60.224.146 - - [30/May/2018:09:53:11 -0500] "GET /favicon.ico HTTP/1.1" 304 -
186.154.34.151 - - [30/May/2018:09:53:12 -0500] "POST /sipse/faces/presentacion/financiero/solicitudProceso/consultarSolicitudProceso.xhtml HTTP/1.1" 200 37038
186.154.34.151 - - [30/May/2018:09:53:13 -0500] "GET /sipse/faces/javax.faces.resource/theme.css?ln=primefaces-sipse HTTP/1.1" 304 -
186.154.34.151 - - [30/May/2018:09:53:13 -0500] "GET /sipse/faces/javax.faces.resource/primefaces.css?ln=primefaces&v=4.0 HTTP/1.1" 304 -
186.154.34.151 - - [30/May/2018:09:53:13 -0500] "GET /sipse/faces/javax.faces.resource/layout/layout.css?ln=primefaces&v=4.0 HTTP/1.1" 304 -
190.146.47.249 - - [30/May/2018:09:53:13 -0500] "GET /galeria/nivo-slider/demo/demo.html HTTP/1.1" 200 13194
186.154.34.151 - - [30/May/2018:09:53:13 -0500] "GET /sipse/faces/javax.faces.resource/jquery/jquery.js?ln=primefaces&v=4.0 HTTP/1.1" 304 -
186.154.34.151 - - [30/May/2018:09:53:13 -0500] "GET /sipse/faces/javax.faces.resource/jquery/jquery-plugins.js?ln=primefaces&v=4.0 HTTP/1.1" 304 -
186.154.34.151 - - [30/May/2018:09:53:13 -0500] "GET /sipse/faces/javax.faces.resource/primefaces.js?ln=primefaces&v=4.0 HTTP/1.1" 304 -
186.154.34.151 - - [30/May/2018:09:53:13 -0500] "GET /sipse/faces/javax.faces.resource/layout/layout.js?ln=primefaces&v=4.0 HTTP/1.1" 304 -
186.154.34.151 - - [30/May/2018:09:53:13 -0500] "POST /sipse/faces/presentacion/financiero/solicitudProceso/listarSolicitudProceso.xhtml HTTP/1.1" 200 30395
186.154.34.151 - - [30/May/2018:09:53:14 -0500] "POST /sipse/faces/presentacion/financiero/solicitudProceso/listarSolicitudProceso.xhtml HTTP/1.1" 200 30395
186.154.34.151 - - [30/May/2018:09:53:14 -0500] "POST /sipse/faces/presentacion/financiero/solicitudProceso/listarSolicitudProceso.xhtml HTTP/1.1" 200 30395
186.154.34.151 - - [30/May/2018:09:53:14 -0500] "POST /sipse/faces/presentacion/financiero/solicitudProceso/listarSolicitudProceso.xhtml HTTP/1.1" 200 30395
201.245.192.253 - - [30/May/2018:09:53:14 -0500] "GET /BLA/resoluciones/index.php?dir=AUTOS+2007%2F HTTP/1.1" 200 628423
186.154.34.151 - - [30/May/2018:09:53:14 -0500] "POST /sipse/faces/presentacion/financiero/solicitudProceso/listarSolicitudProceso.xhtml HTTP/1.1" 200 30395
181.48.227.182 - - [30/May/2018:09:53:15 -0500] "GET /galeria/galeria/jquery.fancybox.css?v=2.1.5 HTTP/1.1" 200 4895
181.48.227.182 - - [30/May/2018:09:53:15 -0500] "GET /BLA/boletinlegal/js/jquery.scrollShow.js HTTP/1.1" 200 4586
181.48.227.182 - - [30/May/2018:09:53:15 -0500] "GET /galeria/galeria/jquery.fancybox.js?v=2.1.5 HTTP/1.1" 200 48706
186.154.34.151 - - [30/May/2018:09:53:15 -0500] "POST /sipse/faces/presentacion/financiero/solicitudProceso/listarSolicitudProceso.xhtml HTTP/1.1" 200 30395
201.245.192.253 - - [30/May/2018:09:53:14 -0500] "GET /BLA/resoluciones/index.php?dir=AUTOS+2007%2F HTTP/1.1" 200 628423
186.154.34.151 - - [30/May/2018:09:53:15 -0500] "POST /sipse/faces/presentacion/financiero/solicitudProceso/listarSolicitudProceso.xhtml HTTP/1.1" 200 30395
190.146.47.249 - - [30/May/2018:09:53:16 -0500] "GET /galeria/nivo-slider/themes/default/default.css HTTP/1.1" 200 1569
190.146.47.249 - - [30/May/2018:09:53:16 -0500] "GET /galeria/nivo-slider/themes/pascal/pascal.css HTTP/1.1" 200 2258
190.146.47.249 - - [30/May/2018:09:53:16 -0500] "GET /galeria/nivo-slider/themes/orman/orman.css HTTP/1.1" 200 2152
190.146.47.249 - - [30/May/2018:09:53:16 -0500] "GET /galeria/nivo-slider/nivo-slider.css HTTP/1.1" 200 1507
190.146.47.249 - - [30/May/2018:09:53:16 -0500] "GET /galeria/nivo-slider/demo/style.css HTTP/1.1" 200 2222
190.146.47.249 - - [30/May/2018:09:53:16 -0500] "GET /galeria/nivo-slider/demo/images/Banner_mercadocampesino%20960x340-01.jpg HTTP/1.1" 200 288848
190.146.47.249 - - [30/May/2018:09:53:16 -0500] "GET /galeria/nivo-slider/demo/images/SemanaAmbiental_WEB_Encuentro.jpg HTTP/1.1" 200 100636
190.146.47.249 - - [30/May/2018:09:53:16 -0500] "GET /galeria/nivo-slider/demo/images/SemanaAmbiental_.jpg HTTP/1.1" 200 75175
201.245.192.253 - - [30/May/2018:09:53:15 -0500] "GET /BLA/resoluciones/index.php?dir=AUTOS+2007%2F HTTP/1.1" 200 628423
190.146.47.249 - - [30/May/2018:09:53:16 -0500] "GET /galeria/nivo-slider/demo/scripts/jquery-1.7.1.min.js HTTP/1.1" 200 93868
190.146.47.249 - - [30/May/2018:09:53:16 -0500] "GET /galeria/nivo-slider/jquery.nivo.slider.pack.js HTTP/1.1" 200 11561
190.146.47.249 - - [30/May/2018:09:53:16 -0500] "GET /galeria/nivo-slider/demo/images/calculadora-de-c-onsumo-responsable.jpg HTTP/1.1" 200 280294
190.146.47.249 - - [30/May/2018:09:53:16 -0500] "GET /galeria/nivo-slider/demo/images/Otorgamiento-excelencia-ambiental-Jos%C3%A9-Celestino-Mutis-2.jpg HTTP/1.1" 200 276467
190.146.47.249 - - [30/May/2018:09:53:16 -0500] "GET /galeria/nivo-slider/demo/images/Banner_micrositio.png HTTP/1.1" 200 146950
186.154.34.151 - - [30/May/2018:09:53:16 -0500] "POST /sipse/faces/presentacion/financiero/solicitudProceso/listarSolicitudProceso.xhtml HTTP/1.1" 200 30395
190.146.47.249 - - [30/May/2018:09:53:17 -0500] "GET /galeria/nivo-slider/demo/images/avances-sentencias-rio-bogota-2.jpg HTTP/1.1" 200 304916
190.146.47.249 - - [30/May/2018:09:53:17 -0500] "GET /galeria/nivo-slider/demo/images/Banner%20FORO%20SOSTENIBILIDAD.jpg HTTP/1.1" 200 284253
186.154.34.151 - - [30/May/2018:09:53:17 -0500] "POST /sipse/faces/presentacion/financiero/solicitudProceso/listarSolicitudProceso.xhtml HTTP/1.1" 200 30395
190.146.47.249 - - [30/May/2018:09:53:17 -0500] "GET /galeria/nivo-slider/demo/images/4Simple_Slider.png HTTP/1.1" 200 11722
201.245.192.253 - - [30/May/2018:09:53:17 -0500] "GET /sipsesda/faces/faces/login.jspx HTTP/1.1" 302 201
190.146.47.249 - - [30/May/2018:09:53:17 -0500] "GET /galeria/nivo-slider/themes/default/loading.gif HTTP/1.1" 200 1737
186.154.34.151 - - [30/May/2018:09:53:17 -0500] "POST /sipse/faces/presentacion/financiero/solicitudProceso/listarSolicitudProceso.xhtml HTTP/1.1" 200 30395
190.146.47.249 - - [30/May/2018:09:53:18 -0500] "GET /galeria/nivo-slider/demo/images/banner-web-reciclaton-2018.jpg HTTP/1.1" 200 207701
190.146.47.249 - - [30/May/2018:09:53:18 -0500] "GET /galeria/nivo-slider/demo/images/BANNER%20VAN%20DER%20HAMMEN.jpg HTTP/1.1" 200 64172
190.146.47.249 - - [30/May/2018:09:53:18 -0500] "GET /galeria/nivo-slider/demo/images/banner-humedales-de-bogota.jpg HTTP/1.1" 200 292611
190.146.47.249 - - [30/May/2018:09:53:19 -0500] "GET /galeria/nivo-slider/demo/images/banner-mayo.jpg HTTP/1.1" 200 505642
186.154.34.151 - - [30/May/2018:09:53:19 -0500] "POST /sipse/faces/presentacion/financiero/solicitudProceso/listarSolicitudProceso.xhtml HTTP/1.1" 200 30395
190.146.47.249 - - [30/May/2018:09:53:20 -0500] "GET /galeria/nivo-slider/demo/images/maximavelocidad.png HTTP/1.1" 200 880272
190.146.47.249 - - [30/May/2018:09:53:20 -0500] "GET /galeria/nivo-slider/demo/images/banner%20aceite%20vegetal%20usado.jpg HTTP/1.1" 200 169350
190.146.47.249 - - [30/May/2018:09:53:20 -0500] "GET /galeria/nivo-slider/demo/images/bannerlumina2017web.jpg HTTP/1.1" 200 198918
186.154.34.151 - - [30/May/2018:09:53:20 -0500] "POST /sipse/faces/presentacion/financiero/solicitudProceso/listarSolicitudProceso.xhtml HTTP/1.1" 200 30395
201.245.192.253 - - [30/May/2018:09:53:16 -0500] "GET /BLA/resoluciones/index.php?dir=AUTOS+2007%2F HTTP/1.1" 200 628423
201.245.192.253 - - [30/May/2018:09:53:16 -0500] "GET /BLA/resoluciones/index.php?dir=AUTOS+2007%2F HTTP/1.1" 200 628423
190.146.47.249 - - [30/May/2018:09:53:20 -0500] "GET /galeria/nivo-slider/demo/images/banner-bolsas-plasticas.jpg HTTP/1.1" 200 317939
186.154.34.151 - - [30/May/2018:09:53:20 -0500] "POST /sipse/faces/presentacion/financiero/solicitudProceso/listarSolicitudProceso.xhtml HTTP/1.1" 200 30395
186.154.34.151 - - [30/May/2018:09:53:21 -0500] "POST /sipse/faces/presentacion/financiero/solicitudProceso/listarSolicitudProceso.xhtml HTTP/1.1" 200 30395
186.154.34.151 - - [30/May/2018:09:53:22 -0500] "POST /sipse/faces/presentacion/financiero/solicitudProceso/listarSolicitudProceso.xhtml HTTP/1.1" 200 30395
186.154.34.151 - - [30/May/2018:09:53:22 -0500] "POST /sipse/faces/presentacion/financiero/solicitudProceso/listarSolicitudProceso.xhtml HTTP/1.1" 200 30395
186.154.34.151 - - [30/May/2018:09:53:22 -0500] "POST /sipse/faces/presentacion/financiero/solicitudProceso/listarSolicitudProceso.xhtml HTTP/1.1" 200 30395
186.154.34.151 - - [30/May/2018:09:53:23 -0500] "POST /sipse/faces/presentacion/financiero/solicitudProceso/listarSolicitudProceso.xhtml HTTP/1.1" 200 30395
186.154.34.151 - - [30/May/2018:09:53:23 -0500] "POST /sipse/faces/presentacion/financiero/solicitudProceso/listarSolicitudProceso.xhtml HTTP/1.1" 200 30395
186.154.34.151 - - [30/May/2018:09:53:23 -0500] "POST /sipse/faces/presentacion/financiero/solicitudProceso/listarSolicitudProceso.xhtml HTTP/1.1" 200 30395
186.154.34.151 - - [30/May/2018:09:53:23 -0500] "POST /sipse/faces/presentacion/financiero/solicitudProceso/listarSolicitudProceso.xhtml HTTP/1.1" 200 30395
186.87.80.163 - - [30/May/2018:09:53:24 -0500] "GET /BLA/resoluciones/dlf/dirup.png HTTP/1.1" 200 644
186.87.80.163 - - [30/May/2018:09:53:24 -0500] "GET /BLA/resoluciones/dlf/pdf.gif HTTP/1.1" 200 272
66.249.66.153 - - [30/May/2018:09:53:24 -0500] "GET /galeria/galeria/fotos/Humedal-Santa-Mar%C3%ADa-del-Lago4P.jpg HTTP/1.1" 304 -
186.87.80.163 - - [30/May/2018:09:53:23 -0500] "GET /BLA/resoluciones/index.php?dir=RESOLUCIONES+2015%2F HTTP/1.1" 200 123735
186.154.34.151 - - [30/May/2018:09:53:24 -0500] "POST /sipse/faces/presentacion/financiero/solicitudProceso/listarSolicitudProceso.xhtml HTTP/1.1" 200 30395
186.154.34.151 - - [30/May/2018:09:53:24 -0500] "POST /sipse/faces/presentacion/financiero/solicitudProceso/listarSolicitudProceso.xhtml HTTP/1.1" 200 30395
186.154.34.151 - - [30/May/2018:09:53:24 -0500] "POST /sipse/faces/presentacion/financiero/solicitudProceso/listarSolicitudProceso.xhtml HTTP/1.1" 200 30395
186.154.34.151 - - [30/May/2018:09:53:25 -0500] "POST /sipse/faces/presentacion/financiero/solicitudProceso/listarSolicitudProceso.xhtml HTTP/1.1" 200 30395
201.245.192.253 - - [30/May/2018:09:53:25 -0500] "GET /BLA/resoluciones/index.php?dir=RESOLUCIONES+2007%2F HTTP/1.1" 200 12504
186.154.34.151 - - [30/May/2018:09:53:25 -0500] "POST /sipse/faces/presentacion/financiero/solicitudProceso/listarSolicitudProceso.xhtml HTTP/1.1" 200 30395
186.154.34.151 - - [30/May/2018:09:53:25 -0500] "POST /sipse/faces/presentacion/financiero/solicitudProceso/listarSolicitudProceso.xhtml HTTP/1.1" 200 30395
186.154.34.151 - - [30/May/2018:09:53:25 -0500] "POST /sipse/faces/presentacion/financiero/solicitudProceso/listarSolicitudProceso.xhtml HTTP/1.1" 200 30395
186.154.34.151 - - [30/May/2018:09:53:26 -0500] "POST /sipse/faces/presentacion/financiero/solicitudProceso/listarSolicitudProceso.xhtml HTTP/1.1" 200 30395
186.154.34.151 - - [30/May/2018:09:53:26 -0500] "POST /sipse/faces/presentacion/financiero/solicitudProceso/listarSolicitudProceso.xhtml HTTP/1.1" 200 30395
186.154.34.151 - - [30/May/2018:09:53:27 -0500] "POST /sipse/faces/presentacion/financiero/solicitudProceso/listarSolicitudProceso.xhtml HTTP/1.1" 200 30395
186.154.34.151 - - [30/May/2018:09:53:27 -0500] "POST /sipse/faces/presentacion/financiero/solicitudProceso/listarSolicitudProceso.xhtml HTTP/1.1" 200 30395
201.245.192.253 - - [30/May/2018:09:53:27 -0500] "GET /sipsesda/faces/faces/login.jspx HTTP/1.1" 200 6860
186.154.34.151 - - [30/May/2018:09:53:27 -0500] "POST /sipse/faces/presentacion/financiero/solicitudProceso/listarSolicitudProceso.xhtml HTTP/1.1" 200 30395
201.245.192.253 - - [30/May/2018:09:53:27 -0500] "GET /sipsesda/adf/styles/cache/segobdis16-desktop-10_1_3_4_0-gecko.css HTTP/1.1" 200 57778
201.245.192.253 - - [30/May/2018:09:53:27 -0500] "GET /sipsesda/js/funciones.js HTTP/1.1" 200 36377
186.154.34.151 - - [30/May/2018:09:53:27 -0500] "POST /sipse/faces/presentacion/financiero/solicitudProceso/listarSolicitudProceso.xhtml HTTP/1.1" 200 30395
201.245.192.253 - - [30/May/2018:09:53:27 -0500] "GET /sipsesda/js/disable_browser_buttons.js HTTP/1.1" 200 2767
201.245.192.253 - - [30/May/2018:09:53:28 -0500] "GET /sipsesda/imagenes/encabezado.jpg HTTP/1.1" 200 18018
201.245.192.253 - - [30/May/2018:09:53:28 -0500] "GET /sipsesda/faces/faces/faces/index.jsp HTTP/1.1" 200 1477
201.245.192.253 - - [30/May/2018:09:53:28 -0500] "GET /favicon.ico HTTP/1.1" 200 7782
201.245.192.253 - - [30/May/2018:09:53:28 -0500] "GET /favicon.ico HTTP/1.1" 200 7782
201.245.192.253 - - [30/May/2018:09:53:28 -0500] "GET /sipsesda/faces/faces/css/segobdis.css HTTP/1.1" 200 35840
186.154.34.151 - - [30/May/2018:09:53:28 -0500] "POST /sipse/faces/presentacion/financiero/solicitudProceso/listarSolicitudProceso.xhtml HTTP/1.1" 200 30395
201.245.192.253 - - [30/May/2018:09:53:28 -0500] "GET /favicon.ico HTTP/1.1" 304 -
201.245.192.253 - - [30/May/2018:09:53:28 -0500] "GET /sipsesda/faces/faces/faces/faces/login.jspx HTTP/1.1" 200 6860
186.154.34.151 - - [30/May/2018:09:53:28 -0500] "POST /sipse/faces/presentacion/financiero/solicitudProceso/listarSolicitudProceso.xhtml HTTP/1.1" 200 30395
186.154.34.151 - - [30/May/2018:09:53:28 -0500] "POST /sipse/faces/presentacion/financiero/solicitudProceso/listarSolicitudProceso.xhtml HTTP/1.1" 200 1348
201.245.192.253 - - [30/May/2018:09:53:30 -0500] "GET /BLA/resoluciones/index.php?dir=RESOLUCIONES+2007%2FRES+2007+2201+AL+2300%2F HTTP/1.1" 200 27114
190.146.47.249 - - [30/May/2018:09:53:30 -0500] "GET /galeria/nivo-slider/themes/default/arrows.png HTTP/1.1" 200 824
190.146.47.249 - - [30/May/2018:09:53:30 -0500] "GET /galeria/nivo-slider/themes/default/bullets.png HTTP/1.1" 200 1281
192.168.175.104 - - [30/May/2018:09:53:30 -0500] "GET / HTTP/1.1" 200 9990
186.154.34.151 - - [30/May/2018:09:53:30 -0500] "POST /sipse/faces/presentacion/financiero/solicitudProceso/listarSolicitudProceso.xhtml HTTP/1.1" 200 1344
186.154.34.151 - - [30/May/2018:09:53:31 -0500] "POST /sipse/faces/presentacion/financiero/solicitudProceso/listarSolicitudProceso.xhtml HTTP/1.1" 200 1348
66.249.66.153 - - [30/May/2018:09:53:33 -0500] "GET /galeria/galeria/fotos/Entrenube3G.jpg HTTP/1.1" 304 -
186.154.34.151 - - [30/May/2018:09:53:32 -0500] "POST /sipse/faces/presentacion/financiero/solicitudProceso/listarSolicitudProceso.xhtml HTTP/1.1" 200 1344
186.154.34.151 - - [30/May/2018:09:53:33 -0500] "POST /sipse/faces/presentacion/financiero/solicitudProceso/listarSolicitudProceso.xhtml HTTP/1.1" 200 1344
186.154.34.151 - - [30/May/2018:09:53:34 -0500] "POST /sipse/faces/presentacion/financiero/solicitudProceso/listarSolicitudProceso.xhtml HTTP/1.1" 200 1344
186.154.34.151 - - [30/May/2018:09:53:36 -0500] "POST /sipse/faces/presentacion/financiero/solicitudProceso/listarSolicitudProceso.xhtml HTTP/1.1" 200 1344
201.245.192.253 - - [30/May/2018:09:53:37 -0500] "POST /sipsesda/faces/login.jspx HTTP/1.1" 200 5558
190.25.50.18 - - [30/May/2018:09:53:38 -0500] "GET /galeria/carrusel/Carrusel/jquery-ui-1.8.13.custom.min.js HTTP/1.1" 200 10800
190.25.50.18 - - [30/May/2018:09:53:38 -0500] "GET /galeria/carrusel/Carrusel/jquery.thumbnailScroller.js HTTP/1.1" 200 8157
190.25.50.18 - - [30/May/2018:09:53:38 -0500] "GET /galeria/nivo-slider/demo/demo.html HTTP/1.1" 200 13194
190.25.50.18 - - [30/May/2018:09:53:39 -0500] "GET /galeria/nivo-slider/themes/default/default.css HTTP/1.1" 200 1569
190.25.50.18 - - [30/May/2018:09:53:39 -0500] "GET /galeria/nivo-slider/themes/pascal/pascal.css HTTP/1.1" 200 2258
190.25.50.18 - - [30/May/2018:09:53:39 -0500] "GET /galeria/nivo-slider/nivo-slider.css HTTP/1.1" 200 1507
190.25.50.18 - - [30/May/2018:09:53:39 -0500] "GET /galeria/nivo-slider/themes/orman/orman.css HTTP/1.1" 200 2152
186.154.34.151 - - [30/May/2018:09:53:38 -0500] "POST /sipse/faces/presentacion/financiero/solicitudProceso/listarSolicitudProceso.xhtml HTTP/1.1" 200 1348
190.25.50.18 - - [30/May/2018:09:53:40 -0500] "GET /galeria/nivo-slider/demo/scripts/jquery-1.7.1.min.js HTTP/1.1" 200 93868
190.25.50.18 - - [30/May/2018:09:53:40 -0500] "GET /galeria/nivo-slider/demo/style.css HTTP/1.1" 200 2222
190.25.50.18 - - [30/May/2018:09:53:40 -0500] "GET /galeria/nivo-slider/demo/images/Banner_mercadocampesino%20960x340-01.jpg HTTP/1.1" 200 288848
190.25.50.18 - - [30/May/2018:09:53:40 -0500] "GET /galeria/nivo-slider/jquery.nivo.slider.pack.js HTTP/1.1" 200 11561
190.25.50.18 - - [30/May/2018:09:53:40 -0500] "GET /galeria/nivo-slider/demo/images/SemanaAmbiental_WEB_Encuentro.jpg HTTP/1.1" 200 100636
190.25.50.18 - - [30/May/2018:09:53:40 -0500] "GET /galeria/nivo-slider/demo/images/SemanaAmbiental_.jpg HTTP/1.1" 200 75175
186.154.34.151 - - [30/May/2018:09:53:39 -0500] "POST /sipse/faces/presentacion/financiero/solicitudProceso/listarSolicitudProceso.xhtml HTTP/1.1" 200 1344
190.25.50.18 - - [30/May/2018:09:53:41 -0500] "GET /galeria/nivo-slider/demo/images/calculadora-de-c-onsumo-responsable.jpg HTTP/1.1" 200 280294
201.245.192.253 - - [30/May/2018:09:53:40 -0500] "POST /sipsesda/faces/vista/sistema/seleccionRol.jspx HTTP/1.1" 200 31903
201.245.192.253 - - [30/May/2018:09:53:41 -0500] "GET /sipsesda/js/menu.js HTTP/1.1" 200 5358
201.245.192.253 - - [30/May/2018:09:53:41 -0500] "GET /sipsesda/js/menu13_compact.js HTTP/1.1" 200 22980
201.245.192.253 - - [30/May/2018:09:53:41 -0500] "GET /sipsesda/js/jquery-latest.js HTTP/1.1" 304 -
201.245.192.253 - - [30/May/2018:09:53:41 -0500] "GET /sipsesda/imagenes/logoAplicacion.jpg HTTP/1.1" 200 155084
201.245.192.253 - - [30/May/2018:09:53:41 -0500] "GET /sipsesda/faces/imagenes/vinetaAbajo.gif HTTP/1.1" 200 72
201.245.192.253 - - [30/May/2018:09:53:41 -0500] "GET /sipsesda/faces/imagenes/vinetaDerecha.gif HTTP/1.1" 200 107
66.249.66.155 - - [30/May/2018:09:53:41 -0500] "GET /galeria/galeria/fotos/Jaboque2P.jpg HTTP/1.1" 304 -
186.154.34.151 - - [30/May/2018:09:53:41 -0500] "POST /sipse/faces/presentacion/financiero/solicitudProceso/listarSolicitudProceso.xhtml HTTP/1.1" 200 1348
201.245.192.253 - - [30/May/2018:09:53:42 -0500] "GET /sipse/faces/javax.faces.resource/images/ui-bg_flat_0_2d5972_40x100.png?ln=primefaces-aristo HTTP/1.1" 304 -
201.245.192.253 - - [30/May/2018:09:53:43 -0500] "POST /sipse/faces/presentacion/sistema/reporte/ventanaVerReporteParametros.xhtml HTTP/1.1" 200 2658
186.154.34.151 - - [30/May/2018:09:53:42 -0500] "POST /sipse/faces/presentacion/financiero/solicitudProceso/listarSolicitudProceso.xhtml HTTP/1.1" 200 1344
186.154.34.151 - - [30/May/2018:09:53:43 -0500] "POST /sipse/faces/presentacion/financiero/solicitudProceso/listarSolicitudProceso.xhtml HTTP/1.1" 200 1344
201.245.192.253 - - [30/May/2018:09:53:45 -0500] "POST /sipse/faces/presentacion/sistema/reporte/ventanaVerReporteParametros.xhtml HTTP/1.1" 200 2073
201.245.192.253 - - [30/May/2018:09:53:45 -0500] "GET /BLA/resoluciones/index.php?dir=RESOLUCIONES+2007%2FRES+2007+2901+AL+3000%2F HTTP/1.1" 200 26859
201.245.192.253 - - [30/May/2018:09:53:45 -0500] "GET /sipsesda/faces/vista/sistema/cargarMenu.jspx?accionMenu=listadoFuncionario&menuID=18 HTTP/1.1" 200 32110
201.245.192.253 - - [30/May/2018:09:53:45 -0500] "GET /sipsesda/imagenes/cargando.gif HTTP/1.1" 200 1287
201.245.192.253 - - [30/May/2018:09:53:45 -0500] "GET /BLA/resoluciones/RESOLUCIONES%202007/RES%202007%202901%20AL%203000/RESOLUCION%202919%20DE%202007.pdf HTTP/1.1" 200 359666
201.245.192.253 - - [30/May/2018:09:53:45 -0500] "GET /sipsesda/faces/imagenes/vinetaAbajo.gif HTTP/1.1" 304 -
201.245.192.253 - - [30/May/2018:09:53:45 -0500] "GET /sipsesda/faces/imagenes/vinetaDerecha.gif HTTP/1.1" 304 -
201.245.192.253 - - [30/May/2018:09:53:45 -0500] "POST /sipsesda/faces/vista/sistema/cargarMenu.jspx HTTP/1.1" 200 36005
201.245.192.253 - - [30/May/2018:09:53:46 -0500] "POST /sipse/faces/presentacion/sistema/reporte/ventanaVerReporteParametros.xhtml HTTP/1.1" 200 45648
187.212.206.207 - - [30/May/2018:09:53:46 -0500] "GET /Autoliquidacion/TR%C3%81MITES%20AGUAS%20SUBTERR%C3%81NEAS/126PM04-PR93-PR%C3%93RROGA%20CONCESI%C3%93N%20AGUAS%20SUBTERR%C3%81NEAS/PR93-F-A2-LISTA%20CHEQUEO.xls HTTP/1.1" 200 110592
201.245.192.253 - - [30/May/2018:09:53:46 -0500] "GET /sipse/faces/javax.faces.resource/jquery/jquery.js?ln=primefaces&v=4.0 HTTP/1.1" 304 -
190.25.50.18 - - [30/May/2018:09:53:46 -0500] "GET /galeria/nivo-slider/demo/images/Otorgamiento-excelencia-ambiental-Jos%C3%A9-Celestino-Mutis-2.jpg HTTP/1.1" 200 276467
186.154.34.151 - - [30/May/2018:09:53:45 -0500] "POST /sipse/faces/presentacion/financiero/solicitudProceso/listarSolicitudProceso.xhtml HTTP/1.1" 200 1344
201.245.192.253 - - [30/May/2018:09:53:46 -0500] "GET /sipse/faces/javax.faces.resource/jquery/jquery-plugins.js?ln=primefaces&v=4.0 HTTP/1.1" 304 -
201.245.192.253 - - [30/May/2018:09:53:47 -0500] "GET /sipse/faces/javax.faces.resource/primefaces.js?ln=primefaces&v=4.0 HTTP/1.1" 304 -
201.245.192.253 - - [30/May/2018:09:53:47 -0500] "GET /sipse/faces/javax.faces.resource/layout/layout.js?ln=primefaces&v=4.0 HTTP/1.1" 304 -
186.154.34.151 - - [30/May/2018:09:53:47 -0500] "POST /sipse/faces/presentacion/financiero/solicitudProceso/listarSolicitudProceso.xhtml HTTP/1.1" 200 1344
201.245.192.253 - - [30/May/2018:09:53:48 -0500] "POST /sipsesda/faces/vista/administracion/funcionario/listadoFuncionario.jspx HTTP/1.1" 200 36480
190.25.50.18 - - [30/May/2018:09:53:49 -0500] "GET /galeria/nivo-slider/demo/images/Banner_micrositio.png HTTP/1.1" 200 146950
186.154.34.151 - - [30/May/2018:09:53:48 -0500] "POST /sipse/faces/presentacion/financiero/solicitudProceso/listarSolicitudProceso.xhtml HTTP/1.1" 200 1344
66.249.66.155 - - [30/May/2018:09:53:51 -0500] "GET /galeria/galeria/fotos/Jaboque4P.jpg HTTP/1.1" 304 -
201.245.192.253 - - [30/May/2018:09:53:50 -0500] "POST /sipsesda/faces/vista/administracion/funcionario/listadoFuncionario.jspx HTTP/1.1" 200 18202
201.245.192.253 - - [30/May/2018:09:53:51 -0500] "GET /sipsesda/adf/jsLibs/resources/LocaleElements_es_CO10_1_3_4_0.js HTTP/1.1" 200 824
186.154.34.151 - - [30/May/2018:09:53:50 -0500] "POST /sipse/faces/presentacion/financiero/solicitudProceso/listarSolicitudProceso.xhtml HTTP/1.1" 200 1344
190.25.50.18 - - [30/May/2018:09:53:52 -0500] "GET /galeria/nivo-slider/demo/images/avances-sentencias-rio-bogota-2.jpg HTTP/1.1" 200 304916
201.245.192.253 - - [30/May/2018:09:53:52 -0500] "POST /sipse/faces/presentacion/financiero/solicitudProceso/consultar.xhtml HTTP/1.1" 200 12811
186.154.34.151 - - [30/May/2018:09:53:51 -0500] "POST /sipse/faces/presentacion/financiero/solicitudProceso/listarSolicitudProceso.xhtml HTTP/1.1" 200 1344
181.49.188.10 - - [30/May/2018:09:53:53 -0500] "GET /BLA/boletinlegal/js/jquery.scrollShow.js HTTP/1.1" 200 4586
181.49.188.10 - - [30/May/2018:09:53:53 -0500] "GET /galeria/galeria/jquery.fancybox.css?v=2.1.5 HTTP/1.1" 200 4895
181.49.188.10 - - [30/May/2018:09:53:54 -0500] "GET /galeria/galeria/jquery.fancybox.js?v=2.1.5 HTTP/1.1" 200 48706
186.154.34.151 - - [30/May/2018:09:53:53 -0500] "POST /sipse/faces/presentacion/financiero/solicitudProceso/listarSolicitudProceso.xhtml HTTP/1.1" 200 1344
192.168.175.104 - - [30/May/2018:09:53:54 -0500] "GET / HTTP/1.1" 200 9990
186.154.34.151 - - [30/May/2018:09:53:54 -0500] "POST /sipse/faces/presentacion/financiero/solicitudProceso/listarSolicitudProceso.xhtml HTTP/1.1" 200 1344
186.154.34.151 - - [30/May/2018:09:53:55 -0500] "POST /sipse/faces/presentacion/financiero/solicitudProceso/listarSolicitudProceso.xhtml HTTP/1.1" 200 1344
186.154.34.151 - - [30/May/2018:09:53:56 -0500] "POST /sipse/faces/presentacion/financiero/solicitudProceso/listarSolicitudProceso.xhtml HTTP/1.1" 200 1348
201.245.192.253 - - [30/May/2018:09:53:58 -0500] "POST /sipsesda/faces/vista/administracion/funcionario/registrarFuncionario.jspx?_afPfm=1 HTTP/1.1" 200 18456
186.154.34.151 - - [30/May/2018:09:53:58 -0500] "POST /sipse/faces/presentacion/financiero/solicitudProceso/listarSolicitudProceso.xhtml HTTP/1.1" 200 1344
201.245.192.253 - - [30/May/2018:09:53:58 -0500] "POST /sipse/faces/presentacion/financiero/solicitudProceso/consultar.xhtml HTTP/1.1" 200 142085
201.245.192.253 - - [30/May/2018:09:54:00 -0500] "GET /sipse/faces/javax.faces.resource/jquery/jquery.js?ln=primefaces&v=4.0 HTTP/1.1" 304 -
201.245.192.253 - - [30/May/2018:09:54:00 -0500] "GET /sipse/faces/javax.faces.resource/jquery/jquery-plugins.js?ln=primefaces&v=4.0 HTTP/1.1" 304 -
201.245.192.253 - - [30/May/2018:09:54:00 -0500] "GET /sipse/faces/javax.faces.resource/primefaces.js?ln=primefaces&v=4.0 HTTP/1.1" 304 -
201.245.192.253 - - [30/May/2018:09:54:00 -0500] "GET /sipse/faces/javax.faces.resource/layout/layout.js?ln=primefaces&v=4.0 HTTP/1.1" 304 -
201.245.192.253 - - [30/May/2018:09:54:00 -0500] "GET /sipse/faces/javax.faces.resource/spacer/dot_clear.gif?ln=primefaces&v=4.0 HTTP/1.1" 304 -
201.245.192.253 - - [30/May/2018:09:54:00 -0500] "GET /reportes_sipse/sdg/ServletReporte?reporte=solicitud_cdp&Solicitud=3692&pfdrid_c=false HTTP/1.1" 200 81767
186.154.34.151 - - [30/May/2018:09:53:59 -0500] "POST /sipse/faces/presentacion/financiero/solicitudProceso/listarSolicitudProceso.xhtml HTTP/1.1" 200 1348
186.154.34.151 - - [30/May/2018:09:54:00 -0500] "POST /sipse/faces/presentacion/financiero/solicitudProceso/listarSolicitudProceso.xhtml HTTP/1.1" 200 1344
186.154.34.151 - - [30/May/2018:09:54:02 -0500] "POST /sipse/faces/presentacion/financiero/solicitudProceso/listarSolicitudProceso.xhtml HTTP/1.1" 200 1344
186.154.34.151 - - [30/May/2018:09:54:03 -0500] "POST /sipse/faces/presentacion/financiero/solicitudProceso/listarSolicitudProceso.xhtml HTTP/1.1" 200 1344
190.25.50.18 - - [30/May/2018:09:54:04 -0500] "GET /galeria/nivo-slider/demo/images/4Simple_Slider.png HTTP/1.1" 200 11722
186.154.34.151 - - [30/May/2018:09:54:04 -0500] "POST /sipse/faces/presentacion/financiero/solicitudProceso/listarSolicitudProceso.xhtml HTTP/1.1" 200 1348
186.154.34.151 - - [30/May/2018:09:54:05 -0500] "POST /sipse/faces/presentacion/financiero/solicitudProceso/listarSolicitudProceso.xhtml HTTP/1.1" 200 1348
201.245.192.253 - - [30/May/2018:09:54:07 -0500] "GET /galeria/nivo-slider/demo/demo.html HTTP/1.1" 304 -
201.245.192.253 - - [30/May/2018:09:54:07 -0500] "GET /galeria/nivo-slider/demo/images/Banner_mercadocampesino%20960x340-01.jpg HTTP/1.1" 304 -
201.245.192.253 - - [30/May/2018:09:54:07 -0500] "GET /galeria/nivo-slider/demo/images/SemanaAmbiental_WEB_Encuentro.jpg HTTP/1.1" 304 -
201.245.192.253 - - [30/May/2018:09:54:07 -0500] "GET /galeria/nivo-slider/demo/images/SemanaAmbiental_.jpg HTTP/1.1" 304 -
186.154.34.151 - - [30/May/2018:09:54:06 -0500] "POST /sipse/faces/presentacion/financiero/solicitudProceso/listarSolicitudProceso.xhtml HTTP/1.1" 200 1348
201.245.192.253 - - [30/May/2018:09:54:08 -0500] "GET /galeria/nivo-slider/demo/images/calculadora-de-c-onsumo-responsable.jpg HTTP/1.1" 304 -
201.245.192.253 - - [30/May/2018:09:54:08 -0500] "GET /galeria/nivo-slider/demo/images/avances-sentencias-rio-bogota-2.jpg HTTP/1.1" 304 -
201.245.192.253 - - [30/May/2018:09:54:08 -0500] "GET /galeria/nivo-slider/demo/images/Banner_micrositio.png HTTP/1.1" 304 -
66.249.66.153 - - [30/May/2018:09:54:09 -0500] "GET /galeria/galeria/fotos/Humedal-Santa-Mar%C3%ADa-del-Lago1P.jpg HTTP/1.1" 304 -
186.154.34.151 - - [30/May/2018:09:54:08 -0500] "POST /sipse/faces/presentacion/financiero/solicitudProceso/listarSolicitudProceso.xhtml HTTP/1.1" 200 1344
186.154.34.151 - - [30/May/2018:09:54:09 -0500] "POST /sipse/faces/presentacion/financiero/solicitudProceso/listarSolicitudProceso.xhtml HTTP/1.1" 200 1344
190.24.146.205 - - [30/May/2018:09:54:11 -0500] "GET /galeria/galeria/jquery.fancybox.css?v=2.1.5 HTTP/1.1" 200 4895
190.24.146.205 - - [30/May/2018:09:54:11 -0500] "GET /galeria/galeria/jquery.fancybox.js?v=2.1.5 HTTP/1.1" 200 48706
190.24.146.205 - - [30/May/2018:09:54:11 -0500] "GET /galeria/carrusel/Carrusel/jquery.thumbnailScroller.css HTTP/1.1" 304 -
190.24.146.205 - - [30/May/2018:09:54:11 -0500] "GET /BLA/boletinlegal/js/jquery.scrollShow.js HTTP/1.1" 304 -
201.245.192.253 - - [30/May/2018:09:54:11 -0500] "GET /BLA/resoluciones/RESOLUCIONES%202007/RES%202007%202901%20AL%203000/RESOLUCION%202946%20DE%202007.pdf HTTP/1.1" 200 673675
186.154.34.151 - - [30/May/2018:09:54:10 -0500] "POST /sipse/faces/presentacion/financiero/solicitudProceso/listarSolicitudProceso.xhtml HTTP/1.1" 200 1344
190.24.146.205 - - [30/May/2018:09:54:13 -0500] "GET /galeria/carrusel/Carrusel/jquery-ui-1.8.13.custom.min.js HTTP/1.1" 304 -
190.24.146.205 - - [30/May/2018:09:54:13 -0500] "GET /galeria/carrusel/Carrusel/jquery.thumbnailScroller.js HTTP/1.1" 304 -
186.154.34.151 - - [30/May/2018:09:54:12 -0500] "POST /sipse/faces/presentacion/financiero/solicitudProceso/listarSolicitudProceso.xhtml HTTP/1.1" 200 1344
152.202.32.21 - - [30/May/2018:09:54:14 -0500] "GET /BLA/boletinlegal/js/jquery.scrollShow.js HTTP/1.1" 200 4586
152.202.32.21 - - [30/May/2018:09:54:14 -0500] "GET /galeria/galeria/jquery.fancybox.js?v=2.1.5 HTTP/1.1" 200 48706
152.202.32.21 - - [30/May/2018:09:54:14 -0500] "GET /galeria/galeria/jquery.fancybox.css?v=2.1.5 HTTP/1.1" 200 4895
190.24.146.205 - - [30/May/2018:09:54:14 -0500] "GET /galeria/nivo-slider/demo/demo.html HTTP/1.1" 200 13194
186.154.34.151 - - [30/May/2018:09:54:13 -0500] "POST /sipse/faces/presentacion/financiero/solicitudProceso/listarSolicitudProceso.xhtml HTTP/1.1" 200 1344
190.24.146.205 - - [30/May/2018:09:54:15 -0500] "GET /galeria/nivo-slider/themes/default/default.css HTTP/1.1" 304 -
190.24.146.205 - - [30/May/2018:09:54:15 -0500] "GET /galeria/nivo-slider/themes/pascal/pascal.css HTTP/1.1" 304 -
190.24.146.205 - - [30/May/2018:09:54:15 -0500] "GET /galeria/nivo-slider/themes/orman/orman.css HTTP/1.1" 304 -
190.24.146.205 - - [30/May/2018:09:54:15 -0500] "GET /galeria/nivo-slider/demo/style.css HTTP/1.1" 304 -
190.24.146.205 - - [30/May/2018:09:54:15 -0500] "GET /galeria/nivo-slider/nivo-slider.css HTTP/1.1" 304 -
190.24.146.205 - - [30/May/2018:09:54:15 -0500] "GET /galeria/nivo-slider/demo/scripts/jquery-1.7.1.min.js HTTP/1.1" 304 -
190.24.146.205 - - [30/May/2018:09:54:15 -0500] "GET /galeria/nivo-slider/demo/images/Banner_mercadocampesino%20960x340-01.jpg HTTP/1.1" 200 288848
190.24.146.205 - - [30/May/2018:09:54:15 -0500] "GET /galeria/nivo-slider/jquery.nivo.slider.pack.js HTTP/1.1" 304 -
190.24.146.205 - - [30/May/2018:09:54:15 -0500] "GET /galeria/nivo-slider/demo/images/SemanaAmbiental_WEB_Encuentro.jpg HTTP/1.1" 200 100636
190.24.146.205 - - [30/May/2018:09:54:15 -0500] "GET /galeria/nivo-slider/demo/images/SemanaAmbiental_.jpg HTTP/1.1" 200 75175
190.24.146.205 - - [30/May/2018:09:54:15 -0500] "GET /galeria/nivo-slider/demo/images/calculadora-de-c-onsumo-responsable.jpg HTTP/1.1" 304 -
190.24.146.205 - - [30/May/2018:09:54:15 -0500] "GET /galeria/nivo-slider/demo/images/Otorgamiento-excelencia-ambiental-Jos%C3%A9-Celestino-Mutis-2.jpg HTTP/1.1" 200 276467
190.24.146.205 - - [30/May/2018:09:54:15 -0500] "GET /galeria/nivo-slider/demo/images/Banner_micrositio.png HTTP/1.1" 304 -
