186.29.180.50 - - [30/May/2018:09:48:44 -0500] "GET /BLA/boletinlegal/images/icono-email.png HTTP/1.1" 200 5544
186.29.180.50 - - [30/May/2018:09:48:44 -0500] "GET /BLA/boletinlegal/images/tel.png HTTP/1.1" 200 14477
186.29.180.50 - - [30/May/2018:09:48:44 -0500] "GET /BLA/boletinlegal/images/img_3.jpg HTTP/1.1" 200 1841
186.29.180.50 - - [30/May/2018:09:48:44 -0500] "GET /BLA/boletinlegal/images/footer_bg_l.jpg HTTP/1.1" 200 776
186.154.34.151 - - [30/May/2018:09:48:44 -0500] "POST /sipse/faces/presentacion/financiero/solicitudProceso/listarSolicitudProceso.xhtml HTTP/1.1" 200 30408
186.154.34.151 - - [30/May/2018:09:48:44 -0500] "POST /sipse/faces/presentacion/financiero/solicitudProceso/listarSolicitudProceso.xhtml HTTP/1.1" 200 30408
186.154.34.151 - - [30/May/2018:09:48:44 -0500] "POST /sipse/faces/presentacion/financiero/solicitudProceso/listarSolicitudProceso.xhtml HTTP/1.1" 200 30408
186.154.34.151 - - [30/May/2018:09:48:44 -0500] "POST /sipse/faces/presentacion/financiero/solicitudProceso/listarSolicitudProceso.xhtml HTTP/1.1" 200 30408
190.85.179.208 - - [30/May/2018:09:48:45 -0500] "GET /autoliquidacion HTTP/1.1" 301 310
190.85.179.208 - - [30/May/2018:09:48:45 -0500] "GET /autoliquidacion/ HTTP/1.1" 200 6377
190.85.179.208 - - [30/May/2018:09:48:45 -0500] "GET /autoliquidacion/dlf/folder.png HTTP/1.1" 200 410
190.85.179.208 - - [30/May/2018:09:48:45 -0500] "GET /autoliquidacion/dlf/styles.css HTTP/1.1" 200 3045
190.85.179.208 - - [30/May/2018:09:48:45 -0500] "GET /autoliquidacion/dlf/bg.gif HTTP/1.1" 200 54
186.154.34.151 - - [30/May/2018:09:48:45 -0500] "POST /sipse/faces/presentacion/financiero/solicitudProceso/listarSolicitudProceso.xhtml HTTP/1.1" 200 30408
186.29.180.50 - - [30/May/2018:09:48:45 -0500] "GET /favicon.ico HTTP/1.1" 200 7782
186.154.34.151 - - [30/May/2018:09:48:45 -0500] "POST /sipse/faces/presentacion/financiero/solicitudProceso/listarSolicitudProceso.xhtml HTTP/1.1" 200 30408
186.154.34.151 - - [30/May/2018:09:48:45 -0500] "POST /sipse/faces/presentacion/financiero/solicitudProceso/listarSolicitudProceso.xhtml HTTP/1.1" 200 30408
190.85.179.208 - - [30/May/2018:09:48:45 -0500] "GET /autoliquidacion/ HTTP/1.1" 200 6377
186.154.34.151 - - [30/May/2018:09:48:45 -0500] "POST /sipse/faces/presentacion/financiero/solicitudProceso/listarSolicitudProceso.xhtml HTTP/1.1" 200 30408
186.154.34.151 - - [30/May/2018:09:48:46 -0500] "POST /sipse/faces/presentacion/financiero/solicitudProceso/listarSolicitudProceso.xhtml HTTP/1.1" 200 30408
186.154.34.151 - - [30/May/2018:09:48:46 -0500] "POST /sipse/faces/presentacion/financiero/solicitudProceso/listarSolicitudProceso.xhtml HTTP/1.1" 200 30408
186.154.34.151 - - [30/May/2018:09:48:47 -0500] "POST /sipse/faces/presentacion/financiero/solicitudProceso/listarSolicitudProceso.xhtml HTTP/1.1" 200 30408
186.154.34.151 - - [30/May/2018:09:48:47 -0500] "POST /sipse/faces/presentacion/financiero/solicitudProceso/listarSolicitudProceso.xhtml HTTP/1.1" 200 30408
186.154.34.151 - - [30/May/2018:09:48:47 -0500] "POST /sipse/faces/presentacion/financiero/solicitudProceso/listarSolicitudProceso.xhtml HTTP/1.1" 200 30408
186.154.34.151 - - [30/May/2018:09:48:47 -0500] "POST /sipse/faces/presentacion/financiero/solicitudProceso/listarSolicitudProceso.xhtml HTTP/1.1" 200 30408
186.154.34.151 - - [30/May/2018:09:48:48 -0500] "POST /sipse/faces/presentacion/financiero/solicitudProceso/listarSolicitudProceso.xhtml HTTP/1.1" 200 30408
186.154.34.151 - - [30/May/2018:09:48:48 -0500] "POST /sipse/faces/presentacion/financiero/solicitudProceso/listarSolicitudProceso.xhtml HTTP/1.1" 200 30408
190.93.156.3 - - [30/May/2018:09:48:48 -0500] "GET /galeria/galeria/jquery.fancybox.css?v=2.1.5 HTTP/1.1" 200 4895
190.93.156.3 - - [30/May/2018:09:48:48 -0500] "GET /BLA/boletinlegal/js/jquery.scrollShow.js HTTP/1.1" 200 4586
190.93.156.3 - - [30/May/2018:09:48:48 -0500] "GET /galeria/galeria/jquery.fancybox.js?v=2.1.5 HTTP/1.1" 200 48706
190.85.179.208 - - [30/May/2018:09:48:49 -0500] "GET /autoliquidacion/index.php?dir=Grupo+Forestal+-+Industria+de+la+Madera%2F HTTP/1.1" 200 5071
190.85.179.208 - - [30/May/2018:09:48:49 -0500] "GET /autoliquidacion/dlf/html.gif HTTP/1.1" 200 632
190.85.179.208 - - [30/May/2018:09:48:49 -0500] "GET /autoliquidacion/dlf/unknown.png HTTP/1.1" 200 266
190.85.179.208 - - [30/May/2018:09:48:49 -0500] "GET /autoliquidacion/dlf/pdf.gif HTTP/1.1" 200 272
190.85.179.208 - - [30/May/2018:09:48:49 -0500] "GET /autoliquidacion/dlf/dirup.png HTTP/1.1" 200 644
186.154.34.151 - - [30/May/2018:09:48:48 -0500] "POST /sipse/faces/presentacion/financiero/solicitudProceso/listarSolicitudProceso.xhtml HTTP/1.1" 200 1348
186.154.34.151 - - [30/May/2018:09:48:50 -0500] "POST /sipse/faces/presentacion/financiero/solicitudProceso/listarSolicitudProceso.xhtml HTTP/1.1" 200 1344
186.154.34.151 - - [30/May/2018:09:48:52 -0500] "POST /sipse/faces/presentacion/financiero/solicitudProceso/listarSolicitudProceso.xhtml HTTP/1.1" 200 1348
190.24.240.102 - - [30/May/2018:09:48:55 -0500] "GET /videos/galeria-cronicas/skin/blue.monday/jplayer.blue.monday.jpg HTTP/1.1" 200 23189
190.24.240.102 - - [30/May/2018:09:48:55 -0500] "GET /videos/galeria-cronicas/skin/blue.monday/jplayer.blue.monday.video.play.png HTTP/1.1" 200 14424
186.154.34.151 - - [30/May/2018:09:48:53 -0500] "POST /sipse/faces/presentacion/financiero/solicitudProceso/listarSolicitudProceso.xhtml HTTP/1.1" 200 1344
192.168.175.104 - - [30/May/2018:09:48:56 -0500] "GET / HTTP/1.1" 200 9990
186.154.34.151 - - [30/May/2018:09:48:55 -0500] "POST /sipse/faces/presentacion/financiero/solicitudProceso/listarSolicitudProceso.xhtml HTTP/1.1" 200 1344
190.85.179.208 - - [30/May/2018:09:48:59 -0500] "GET /autoliquidacion/Grupo%20Forestal%20-%20Industria%20de%20la%20Madera/Diligenciamiento%20reporte%20libro%20operaciones.pdf HTTP/1.1" 200 195571
186.154.34.151 - - [30/May/2018:09:48:58 -0500] "POST /sipse/faces/presentacion/financiero/solicitudProceso/listarSolicitudProceso.xhtml HTTP/1.1" 200 1344
181.49.188.12 - - [30/May/2018:09:49:00 -0500] "GET /galeria/galeria/jquery.fancybox.css?v=2.1.5 HTTP/1.1" 200 4895
181.49.188.12 - - [30/May/2018:09:49:00 -0500] "GET /BLA/boletinlegal/js/jquery.scrollShow.js HTTP/1.1" 200 4586
181.49.188.12 - - [30/May/2018:09:49:00 -0500] "GET /galeria/galeria/jquery.fancybox.js?v=2.1.5 HTTP/1.1" 200 48706
181.143.174.147 - - [30/May/2018:09:49:01 -0500] "GET /autoliquidacion/index.php?dir=Solicitudes+relacionadas+con+calidad+del+aire+auditiva+y+visual%2F HTTP/1.1" 200 5748
186.154.34.151 - - [30/May/2018:09:49:00 -0500] "POST /sipse/faces/presentacion/financiero/solicitudProceso/listarSolicitudProceso.xhtml HTTP/1.1" 200 1344
186.154.34.151 - - [30/May/2018:09:49:01 -0500] "POST /sipse/faces/presentacion/financiero/solicitudProceso/listarSolicitudProceso.xhtml HTTP/1.1" 200 1348
190.24.240.102 - - [30/May/2018:09:49:05 -0500] "GET /videos/galeria-cronicas/1videos/parche.mp4video.mp4 HTTP/1.1" 206 2456043
186.154.34.151 - - [30/May/2018:09:49:03 -0500] "POST /sipse/faces/presentacion/financiero/solicitudProceso/listarSolicitudProceso.xhtml HTTP/1.1" 200 1344
190.24.240.102 - - [30/May/2018:09:49:05 -0500] "GET /videos/galeria-cronicas/1videos/parche.mp4video.mp4 HTTP/1.1" 206 2428667
54.36.148.204 - - [30/May/2018:09:49:05 -0500] "GET /BLA/resoluciones/RESOLUCIONES%202005/RES%202005%20251-300/00000293.tif HTTP/1.1" 200 137818
186.154.34.151 - - [30/May/2018:09:49:05 -0500] "POST /sipse/faces/presentacion/financiero/solicitudProceso/listarSolicitudProceso.xhtml HTTP/1.1" 200 1348
186.154.34.151 - - [30/May/2018:09:49:07 -0500] "POST /sipse/faces/presentacion/financiero/solicitudProceso/listarSolicitudProceso.xhtml HTTP/1.1" 200 1344
186.154.34.151 - - [30/May/2018:09:49:08 -0500] "POST /sipse/faces/presentacion/financiero/solicitudProceso/listarSolicitudProceso.xhtml HTTP/1.1" 200 1344
186.154.34.151 - - [30/May/2018:09:49:10 -0500] "POST /sipse/faces/presentacion/financiero/solicitudProceso/listarSolicitudProceso.xhtml HTTP/1.1" 200 1344
186.154.34.151 - - [30/May/2018:09:49:12 -0500] "POST /sipse/faces/presentacion/financiero/solicitudProceso/listarSolicitudProceso.xhtml HTTP/1.1" 200 1344
186.29.10.51 - - [30/May/2018:09:49:14 -0500] "GET /galeria/galeria/jquery.fancybox.css?v=2.1.5 HTTP/1.1" 200 4895
186.29.10.51 - - [30/May/2018:09:49:14 -0500] "GET /BLA/boletinlegal/js/jquery.scrollShow.js HTTP/1.1" 200 4586
186.29.10.51 - - [30/May/2018:09:49:14 -0500] "GET /galeria/galeria/jquery.fancybox.js?v=2.1.5 HTTP/1.1" 200 48706
186.154.34.151 - - [30/May/2018:09:49:14 -0500] "POST /sipse/faces/presentacion/financiero/solicitudProceso/listarSolicitudProceso.xhtml HTTP/1.1" 200 1344
191.109.161.193 - - [30/May/2018:09:49:16 -0500] "GET /galeria/galeria/jquery.fancybox.css?v=2.1.5 HTTP/1.1" 200 4895
191.109.161.193 - - [30/May/2018:09:49:16 -0500] "GET /BLA/boletinlegal/js/jquery.scrollShow.js HTTP/1.1" 200 4586
191.109.161.193 - - [30/May/2018:09:49:16 -0500] "GET /galeria/galeria/jquery.fancybox.js?v=2.1.5 HTTP/1.1" 200 48706
186.154.34.151 - - [30/May/2018:09:49:15 -0500] "POST /sipse/faces/presentacion/financiero/solicitudProceso/listarSolicitudProceso.xhtml HTTP/1.1" 200 1344
181.143.174.147 - - [30/May/2018:09:49:16 -0500] "GET /autoliquidacion/index.php?dir=Solicitudes+relacionadas+con+calidad+del+aire+auditiva+y+visual%2FEvaluaci%F3n+de+permisos+de+emisi%F3n+para+fuentes+fijas%2F HTTP/1.1" 200 3663
186.154.34.151 - - [30/May/2018:09:49:17 -0500] "POST /sipse/faces/presentacion/financiero/solicitudProceso/listarSolicitudProceso.xhtml HTTP/1.1" 200 1344
191.109.161.193 - - [30/May/2018:09:49:18 -0500] "GET /BLA/boletinlegal/js/jquery.scrollShow.js HTTP/1.1" 304 -
191.109.161.193 - - [30/May/2018:09:49:18 -0500] "GET /galeria/galeria/jquery.fancybox.js?v=2.1.5 HTTP/1.1" 304 -
191.109.161.193 - - [30/May/2018:09:49:18 -0500] "GET /galeria/galeria/jquery.fancybox.css?v=2.1.5 HTTP/1.1" 304 -
201.245.192.253 - - [30/May/2018:09:49:20 -0500] "GET /galeria/galeria/jquery.fancybox.js?v=2.1.5 HTTP/1.1" 200 48706
201.245.192.253 - - [30/May/2018:09:49:20 -0500] "GET /BLA/boletinlegal/js/jquery.scrollShow.js HTTP/1.1" 200 4586
201.245.192.253 - - [30/May/2018:09:49:20 -0500] "GET /galeria/carrusel/Carrusel/jquery.thumbnailScroller.css HTTP/1.1" 200 2066
201.245.192.253 - - [30/May/2018:09:49:20 -0500] "GET /galeria/galeria/jquery.fancybox.css?v=2.1.5 HTTP/1.1" 200 4895
186.154.34.151 - - [30/May/2018:09:49:18 -0500] "POST /sipse/faces/presentacion/financiero/solicitudProceso/listarSolicitudProceso.xhtml HTTP/1.1" 200 1344
201.245.192.253 - - [30/May/2018:09:49:20 -0500] "GET /galeria/carrusel/Carrusel/jquery-ui-1.8.13.custom.min.js HTTP/1.1" 200 10800
201.245.192.253 - - [30/May/2018:09:49:21 -0500] "GET /galeria/carrusel/Carrusel/jquery.thumbnailScroller.js HTTP/1.1" 200 8157
201.245.192.253 - - [30/May/2018:09:49:21 -0500] "GET /galeria/nivo-slider/demo/demo.html HTTP/1.1" 200 13194
186.154.34.151 - - [30/May/2018:09:49:20 -0500] "POST /sipse/faces/presentacion/financiero/solicitudProceso/listarSolicitudProceso.xhtml HTTP/1.1" 200 1344
201.245.192.253 - - [30/May/2018:09:49:23 -0500] "GET /galeria/nivo-slider/themes/orman/orman.css HTTP/1.1" 200 2152
201.245.192.253 - - [30/May/2018:09:49:23 -0500] "GET /galeria/nivo-slider/nivo-slider.css HTTP/1.1" 200 1507
201.245.192.253 - - [30/May/2018:09:49:23 -0500] "GET /galeria/nivo-slider/themes/default/default.css HTTP/1.1" 200 1569
201.245.192.253 - - [30/May/2018:09:49:23 -0500] "GET /galeria/nivo-slider/themes/pascal/pascal.css HTTP/1.1" 200 2258
201.245.192.253 - - [30/May/2018:09:49:23 -0500] "GET /galeria/nivo-slider/demo/style.css HTTP/1.1" 200 2222
201.245.192.253 - - [30/May/2018:09:49:23 -0500] "GET /galeria/nivo-slider/demo/images/Banner_mercadocampesino%20960x340-01.jpg HTTP/1.1" 200 288848
201.245.192.253 - - [30/May/2018:09:49:23 -0500] "GET /galeria/nivo-slider/demo/scripts/jquery-1.7.1.min.js HTTP/1.1" 200 93868
201.245.192.253 - - [30/May/2018:09:49:23 -0500] "GET /galeria/nivo-slider/demo/images/SemanaAmbiental_WEB_Encuentro.jpg HTTP/1.1" 200 100636
201.245.192.253 - - [30/May/2018:09:49:23 -0500] "GET /galeria/nivo-slider/jquery.nivo.slider.pack.js HTTP/1.1" 200 11561
201.245.192.253 - - [30/May/2018:09:49:23 -0500] "GET /galeria/nivo-slider/demo/images/SemanaAmbiental_.jpg HTTP/1.1" 200 75175
201.245.192.253 - - [30/May/2018:09:49:23 -0500] "GET /galeria/nivo-slider/demo/images/calculadora-de-c-onsumo-responsable.jpg HTTP/1.1" 200 280294
201.245.192.253 - - [30/May/2018:09:49:23 -0500] "GET /galeria/nivo-slider/demo/images/Otorgamiento-excelencia-ambiental-Jos%C3%A9-Celestino-Mutis-2.jpg HTTP/1.1" 200 276467
186.154.34.151 - - [30/May/2018:09:49:22 -0500] "POST /sipse/faces/presentacion/financiero/solicitudProceso/listarSolicitudProceso.xhtml HTTP/1.1" 200 1344
201.245.192.253 - - [30/May/2018:09:49:24 -0500] "GET /galeria/nivo-slider/demo/images/Banner_micrositio.png HTTP/1.1" 200 146950
201.245.192.253 - - [30/May/2018:09:49:24 -0500] "GET /galeria/nivo-slider/demo/images/4Simple_Slider.png HTTP/1.1" 200 11722
201.245.192.253 - - [30/May/2018:09:49:24 -0500] "GET /galeria/nivo-slider/themes/default/loading.gif HTTP/1.1" 200 1737
201.245.192.253 - - [30/May/2018:09:49:24 -0500] "GET /galeria/nivo-slider/demo/images/Banner%20FORO%20SOSTENIBILIDAD.jpg HTTP/1.1" 200 284253
201.245.192.253 - - [30/May/2018:09:49:24 -0500] "GET /galeria/nivo-slider/demo/images/avances-sentencias-rio-bogota-2.jpg HTTP/1.1" 200 304916
186.28.14.9 - - [30/May/2018:09:49:24 -0500] "GET /BLA/resoluciones/AUTOS%202013/2086.pdf HTTP/1.1" 200 1929467
186.28.14.9 - - [30/May/2018:09:49:25 -0500] "GET /favicon.ico HTTP/1.1" 200 7782
186.154.34.151 - - [30/May/2018:09:49:23 -0500] "POST /sipse/faces/presentacion/financiero/solicitudProceso/listarSolicitudProceso.xhtml HTTP/1.1" 200 1348
201.245.192.253 - - [30/May/2018:09:49:25 -0500] "GET /galeria/nivo-slider/demo/images/banner-web-reciclaton-2018.jpg HTTP/1.1" 200 207701
201.245.192.253 - - [30/May/2018:09:49:25 -0500] "GET /galeria/nivo-slider/demo/images/BANNER%20VAN%20DER%20HAMMEN.jpg HTTP/1.1" 200 64172
54.36.148.49 - - [30/May/2018:09:49:25 -0500] "GET /BLA/resoluciones/RESOLUCIONES%202006/RES%202006%201051-1100/00001086.tif HTTP/1.1" 200 217712
201.245.192.253 - - [30/May/2018:09:49:26 -0500] "GET /galeria/nivo-slider/demo/images/banner-humedales-de-bogota.jpg HTTP/1.1" 200 292611
186.154.34.151 - - [30/May/2018:09:49:25 -0500] "POST /sipse/faces/presentacion/financiero/solicitudProceso/listarSolicitudProceso.xhtml HTTP/1.1" 200 1344
200.116.191.211 - - [30/May/2018:09:49:27 -0500] "GET /galeria/galeria/jquery.fancybox.css?v=2.1.5 HTTP/1.1" 200 4895
200.116.191.211 - - [30/May/2018:09:49:27 -0500] "GET /galeria/galeria/jquery.fancybox.js?v=2.1.5 HTTP/1.1" 200 48706
200.116.191.211 - - [30/May/2018:09:49:27 -0500] "GET /galeria/carrusel/Carrusel/jquery.thumbnailScroller.css HTTP/1.1" 200 2066
200.116.191.211 - - [30/May/2018:09:49:27 -0500] "GET /BLA/boletinlegal/js/jquery.scrollShow.js HTTP/1.1" 200 4586
190.242.99.154 - - [30/May/2018:09:49:28 -0500] "GET /BLA/resoluciones/RESOLUCIONES%202013/1297.pdf HTTP/1.1" 200 5822299
186.154.34.151 - - [30/May/2018:09:49:27 -0500] "POST /sipse/faces/presentacion/financiero/solicitudProceso/listarSolicitudProceso.xhtml HTTP/1.1" 200 1348
190.242.99.154 - - [30/May/2018:09:49:29 -0500] "GET /BLA/resoluciones/RESOLUCIONES%202013/1297.pdf HTTP/1.1" 206 55131
190.242.99.154 - - [30/May/2018:09:49:30 -0500] "GET /BLA/resoluciones/RESOLUCIONES%202013/1297.pdf HTTP/1.1" 206 65536
190.242.99.154 - - [30/May/2018:09:49:30 -0500] "GET /BLA/resoluciones/RESOLUCIONES%202013/1297.pdf HTTP/1.1" 206 65536
190.242.99.154 - - [30/May/2018:09:49:30 -0500] "GET /BLA/resoluciones/RESOLUCIONES%202013/1297.pdf HTTP/1.1" 206 65536
186.154.34.151 - - [30/May/2018:09:49:29 -0500] "POST /sipse/faces/presentacion/financiero/solicitudProceso/listarSolicitudProceso.xhtml HTTP/1.1" 200 1344
190.242.99.154 - - [30/May/2018:09:49:31 -0500] "GET /BLA/resoluciones/RESOLUCIONES%202013/1297.pdf HTTP/1.1" 206 65536
190.242.99.154 - - [30/May/2018:09:49:31 -0500] "GET /BLA/resoluciones/RESOLUCIONES%202013/1297.pdf HTTP/1.1" 206 65536
190.242.99.154 - - [30/May/2018:09:49:31 -0500] "GET /BLA/resoluciones/RESOLUCIONES%202013/1297.pdf HTTP/1.1" 206 65536
190.242.99.154 - - [30/May/2018:09:49:31 -0500] "GET /BLA/resoluciones/RESOLUCIONES%202013/1297.pdf HTTP/1.1" 206 65536
190.242.99.154 - - [30/May/2018:09:49:31 -0500] "GET /BLA/resoluciones/RESOLUCIONES%202013/1297.pdf HTTP/1.1" 206 65536
190.242.99.154 - - [30/May/2018:09:49:31 -0500] "GET /BLA/resoluciones/RESOLUCIONES%202013/1297.pdf HTTP/1.1" 206 65536
190.242.99.154 - - [30/May/2018:09:49:31 -0500] "GET /BLA/resoluciones/RESOLUCIONES%202013/1297.pdf HTTP/1.1" 206 65536
190.242.99.154 - - [30/May/2018:09:49:31 -0500] "GET /BLA/resoluciones/RESOLUCIONES%202013/1297.pdf HTTP/1.1" 206 65536
190.242.99.154 - - [30/May/2018:09:49:32 -0500] "GET /BLA/resoluciones/RESOLUCIONES%202013/1297.pdf HTTP/1.1" 206 65536
190.242.99.154 - - [30/May/2018:09:49:32 -0500] "GET /BLA/resoluciones/RESOLUCIONES%202013/1297.pdf HTTP/1.1" 206 65536
190.242.99.154 - - [30/May/2018:09:49:32 -0500] "GET /BLA/resoluciones/RESOLUCIONES%202013/1297.pdf HTTP/1.1" 206 65536
190.242.99.154 - - [30/May/2018:09:49:32 -0500] "GET /BLA/resoluciones/RESOLUCIONES%202013/1297.pdf HTTP/1.1" 206 65536
190.242.99.154 - - [30/May/2018:09:49:32 -0500] "GET /BLA/resoluciones/RESOLUCIONES%202013/1297.pdf HTTP/1.1" 206 65536
186.154.34.151 - - [30/May/2018:09:49:31 -0500] "POST /sipse/faces/presentacion/financiero/solicitudProceso/listarSolicitudProceso.xhtml HTTP/1.1" 200 1344
186.154.34.151 - - [30/May/2018:09:49:33 -0500] "POST /sipse/faces/presentacion/financiero/solicitudProceso/listarSolicitudProceso.xhtml HTTP/1.1" 200 1344
190.242.99.154 - - [30/May/2018:09:49:37 -0500] "GET /favicon.ico HTTP/1.1" 200 7782
186.154.34.151 - - [30/May/2018:09:49:35 -0500] "POST /sipse/faces/presentacion/financiero/solicitudProceso/listarSolicitudProceso.xhtml HTTP/1.1" 200 1348
186.112.243.237 - - [30/May/2018:09:49:37 -0500] "GET /galeria/galeria/jquery.fancybox.css?v=2.1.5 HTTP/1.1" 200 4895
186.112.243.237 - - [30/May/2018:09:49:37 -0500] "GET /galeria/galeria/jquery.fancybox.js?v=2.1.5 HTTP/1.1" 200 48706
186.112.243.237 - - [30/May/2018:09:49:37 -0500] "GET /BLA/boletinlegal/js/jquery.scrollShow.js HTTP/1.1" 200 4586
186.154.34.151 - - [30/May/2018:09:49:37 -0500] "POST /sipse/faces/presentacion/financiero/solicitudProceso/listarSolicitudProceso.xhtml HTTP/1.1" 200 1348
181.143.174.147 - - [30/May/2018:09:49:40 -0500] "GET /autoliquidacion/ HTTP/1.1" 200 6377
186.154.34.151 - - [30/May/2018:09:49:39 -0500] "POST /sipse/faces/presentacion/financiero/solicitudProceso/listarSolicitudProceso.xhtml HTTP/1.1" 200 1348
186.119.38.7 - - [30/May/2018:09:49:41 -0500] "GET /BLA/boletinlegal/js/jquery.scrollShow.js HTTP/1.1" 200 4586
186.119.38.7 - - [30/May/2018:09:49:41 -0500] "GET /galeria/galeria/jquery.fancybox.js?v=2.1.5 HTTP/1.1" 200 48706
186.119.38.7 - - [30/May/2018:09:49:41 -0500] "GET /galeria/galeria/jquery.fancybox.css?v=2.1.5 HTTP/1.1" 200 4895
186.119.38.7 - - [30/May/2018:09:49:41 -0500] "GET /galeria/carrusel/Carrusel/jquery.thumbnailScroller.css HTTP/1.1" 200 2066
186.154.34.151 - - [30/May/2018:09:49:41 -0500] "POST /sipse/faces/presentacion/financiero/solicitudProceso/listarSolicitudProceso.xhtml HTTP/1.1" 200 1344
186.119.38.7 - - [30/May/2018:09:49:43 -0500] "GET /galeria/carrusel/Carrusel/jquery-ui-1.8.13.custom.min.js HTTP/1.1" 200 10800
186.119.38.7 - - [30/May/2018:09:49:43 -0500] "GET /galeria/carrusel/Carrusel/jquery.thumbnailScroller.js HTTP/1.1" 200 8157
186.154.34.151 - - [30/May/2018:09:49:42 -0500] "POST /sipse/faces/presentacion/financiero/solicitudProceso/listarSolicitudProceso.xhtml HTTP/1.1" 200 1344
66.249.88.63 - - [30/May/2018:09:49:44 -0500] "GET /galeria/galeria/jquery.fancybox.css?v=2.1.5 HTTP/1.1" 200 4895
66.249.88.63 - - [30/May/2018:09:49:44 -0500] "GET /galeria/galeria/jquery.fancybox.js?v=2.1.5 HTTP/1.1" 200 48706
66.249.88.33 - - [30/May/2018:09:49:44 -0500] "GET /BLA/boletinlegal/js/jquery.scrollShow.js HTTP/1.1" 200 4586
186.154.34.151 - - [30/May/2018:09:49:44 -0500] "POST /sipse/faces/presentacion/financiero/solicitudProceso/listarSolicitudProceso.xhtml HTTP/1.1" 200 1344
186.119.38.7 - - [30/May/2018:09:49:45 -0500] "GET /galeria/nivo-slider/demo/demo.html HTTP/1.1" 200 13194
186.119.38.7 - - [30/May/2018:09:49:46 -0500] "GET /galeria/nivo-slider/themes/default/default.css HTTP/1.1" 200 1569
186.119.38.7 - - [30/May/2018:09:49:46 -0500] "GET /galeria/nivo-slider/themes/pascal/pascal.css HTTP/1.1" 200 2258
186.119.38.7 - - [30/May/2018:09:49:46 -0500] "GET /galeria/nivo-slider/themes/orman/orman.css HTTP/1.1" 200 2152
186.119.38.7 - - [30/May/2018:09:49:46 -0500] "GET /galeria/nivo-slider/nivo-slider.css HTTP/1.1" 200 1507
186.119.38.7 - - [30/May/2018:09:49:46 -0500] "GET /galeria/nivo-slider/demo/style.css HTTP/1.1" 200 2222
186.119.38.7 - - [30/May/2018:09:49:46 -0500] "GET /galeria/nivo-slider/demo/scripts/jquery-1.7.1.min.js HTTP/1.1" 200 93868
186.119.38.7 - - [30/May/2018:09:49:46 -0500] "GET /galeria/nivo-slider/demo/images/Banner_mercadocampesino%20960x340-01.jpg HTTP/1.1" 200 288848
186.119.38.7 - - [30/May/2018:09:49:46 -0500] "GET /galeria/nivo-slider/jquery.nivo.slider.pack.js HTTP/1.1" 200 11561
186.119.38.7 - - [30/May/2018:09:49:46 -0500] "GET /galeria/nivo-slider/demo/images/SemanaAmbiental_WEB_Encuentro.jpg HTTP/1.1" 200 100636
186.119.38.7 - - [30/May/2018:09:49:46 -0500] "GET /galeria/nivo-slider/themes/default/loading.gif HTTP/1.1" 200 1737
186.119.38.7 - - [30/May/2018:09:49:46 -0500] "GET /galeria/nivo-slider/demo/images/4Simple_Slider.png HTTP/1.1" 200 11722
186.154.34.151 - - [30/May/2018:09:49:45 -0500] "POST /sipse/faces/presentacion/financiero/solicitudProceso/listarSolicitudProceso.xhtml HTTP/1.1" 200 1344
186.119.38.7 - - [30/May/2018:09:49:47 -0500] "GET /galeria/nivo-slider/demo/images/SemanaAmbiental_.jpg HTTP/1.1" 200 75175
186.154.34.151 - - [30/May/2018:09:49:47 -0500] "POST /sipse/faces/presentacion/financiero/solicitudProceso/listarSolicitudProceso.xhtml HTTP/1.1" 200 1344
186.119.38.7 - - [30/May/2018:09:49:49 -0500] "GET /galeria/nivo-slider/demo/images/calculadora-de-c-onsumo-responsable.jpg HTTP/1.1" 200 280294
186.154.34.151 - - [30/May/2018:09:49:48 -0500] "POST /sipse/faces/presentacion/financiero/solicitudProceso/listarSolicitudProceso.xhtml HTTP/1.1" 200 1348
186.119.38.7 - - [30/May/2018:09:49:50 -0500] "GET /galeria/nivo-slider/demo/images/Otorgamiento-excelencia-ambiental-Jos%C3%A9-Celestino-Mutis-2.jpg HTTP/1.1" 200 276467
186.119.38.7 - - [30/May/2018:09:49:50 -0500] "GET /galeria/nivo-slider/demo/images/Banner_micrositio.png HTTP/1.1" 200 146950
186.119.38.7 - - [30/May/2018:09:49:50 -0500] "GET /galeria/nivo-slider/demo/images/avances-sentencias-rio-bogota-2.jpg HTTP/1.1" 200 304916
201.245.192.253 - - [30/May/2018:09:49:51 -0500] "GET /sipse/ HTTP/1.1" 302 -
201.245.192.253 - - [30/May/2018:09:49:51 -0500] "GET /sipse/faces/autenticacion.xhtml HTTP/1.1" 200 12173
201.245.192.253 - - [30/May/2018:09:49:51 -0500] "GET /sipse/js/disable_browser_buttons.js HTTP/1.1" 200 3230
201.245.192.253 - - [30/May/2018:09:49:51 -0500] "GET /sipse/js/funciones.js HTTP/1.1" 200 12592
201.245.192.253 - - [30/May/2018:09:49:51 -0500] "GET /sipse/css/custom_css_sg_prime_login.css HTTP/1.1" 200 443
201.245.192.253 - - [30/May/2018:09:49:51 -0500] "GET /sipse/faces/javax.faces.resource/theme.css?ln=primefaces-sipse HTTP/1.1" 304 -
201.245.192.253 - - [30/May/2018:09:49:51 -0500] "GET /sipse/faces/javax.faces.resource/primefaces.css?ln=primefaces&v=4.0 HTTP/1.1" 304 -
201.245.192.253 - - [30/May/2018:09:49:51 -0500] "GET /sipse/css/custom_css_sg.css HTTP/1.1" 200 9694
201.245.192.253 - - [30/May/2018:09:49:51 -0500] "GET /sipse/faces/javax.faces.resource/layout/layout.css?ln=primefaces&v=4.0 HTTP/1.1" 304 -
201.245.192.253 - - [30/May/2018:09:49:51 -0500] "GET /sipse/faces/javax.faces.resource/jquery/jquery.js?ln=primefaces&v=4.0 HTTP/1.1" 304 -
201.245.192.253 - - [30/May/2018:09:49:51 -0500] "GET /sipse/faces/javax.faces.resource/jquery/jquery-plugins.js?ln=primefaces&v=4.0 HTTP/1.1" 304 -
201.245.192.253 - - [30/May/2018:09:49:51 -0500] "GET /sipse/faces/javax.faces.resource/layout/layout.js?ln=primefaces&v=4.0 HTTP/1.1" 304 -
201.245.192.253 - - [30/May/2018:09:49:51 -0500] "GET /sipse/faces/javax.faces.resource/primefaces.js?ln=primefaces&v=4.0 HTTP/1.1" 304 -
201.245.192.253 - - [30/May/2018:09:49:51 -0500] "GET /sipse/css/imagen/logoSDG.png HTTP/1.1" 200 18199
201.245.192.253 - - [30/May/2018:09:49:51 -0500] "GET /sipse/faces/javax.faces.resource/images/ui-icons_898989_256x240.png?ln=primefaces-aristo HTTP/1.1" 304 -
201.245.192.253 - - [30/May/2018:09:49:51 -0500] "GET /sipse/css/imagen/loginimg.png HTTP/1.1" 200 104836
201.245.192.253 - - [30/May/2018:09:49:52 -0500] "GET /favicon.ico HTTP/1.1" 200 7782
201.245.192.253 - - [30/May/2018:09:49:52 -0500] "GET /sipse/faces/index.xhtml HTTP/1.1" 200 677
201.245.192.253 - - [30/May/2018:09:49:52 -0500] "GET /sipse/faces/javax.faces.resource/theme.css?ln=primefaces-sipse HTTP/1.1" 304 -
201.245.192.253 - - [30/May/2018:09:49:52 -0500] "GET /sipse/faces/faces/autenticacion.xhtml HTTP/1.1" 200 12173
201.245.192.253 - - [30/May/2018:09:49:52 -0500] "GET /sipse/faces/javax.faces.resource/theme.css?ln=primefaces-sipse HTTP/1.1" 304 -
201.245.192.253 - - [30/May/2018:09:49:52 -0500] "GET /sipse/faces/javax.faces.resource/jquery/jquery.js?ln=primefaces&v=4.0 HTTP/1.1" 304 -
201.245.192.253 - - [30/May/2018:09:49:52 -0500] "GET /sipse/faces/javax.faces.resource/layout/layout.css?ln=primefaces&v=4.0 HTTP/1.1" 304 -
201.245.192.253 - - [30/May/2018:09:49:52 -0500] "GET /sipse/faces/javax.faces.resource/jquery/jquery-plugins.js?ln=primefaces&v=4.0 HTTP/1.1" 304 -
201.245.192.253 - - [30/May/2018:09:49:52 -0500] "GET /sipse/faces/javax.faces.resource/primefaces.css?ln=primefaces&v=4.0 HTTP/1.1" 304 -
201.245.192.253 - - [30/May/2018:09:49:52 -0500] "GET /sipse/faces/javax.faces.resource/primefaces.js?ln=primefaces&v=4.0 HTTP/1.1" 304 -
201.245.192.253 - - [30/May/2018:09:49:52 -0500] "GET /sipse/faces/javax.faces.resource/layout/layout.js?ln=primefaces&v=4.0 HTTP/1.1" 304 -
201.245.192.253 - - [30/May/2018:09:49:52 -0500] "GET /sipse/faces/javax.faces.resource/images/ui-icons_898989_256x240.png?ln=primefaces-aristo HTTP/1.1" 304 -
190.85.179.208 - - [30/May/2018:09:49:53 -0500] "GET /autoliquidacion/ HTTP/1.1" 200 6377
200.116.191.211 - - [30/May/2018:09:49:54 -0500] "GET /galeria/carrusel/Carrusel/jquery.thumbnailScroller.js HTTP/1.1" 200 8157
200.116.191.211 - - [30/May/2018:09:49:54 -0500] "GET /galeria/carrusel/Carrusel/jquery-ui-1.8.13.custom.min.js HTTP/1.1" 200 10800
200.116.191.211 - - [30/May/2018:09:49:54 -0500] "GET /galeria/nivo-slider/demo/demo.html HTTP/1.1" 200 13194
190.85.179.208 - - [30/May/2018:09:49:56 -0500] "GET /autoliquidacion/index.php?dir=Grupo+Forestal+-+Industria+de+la+Madera%2F HTTP/1.1" 200 5071
69.162.124.233 - - [30/May/2018:09:50:00 -0500] "HEAD / HTTP/1.1" 200 -
190.85.179.208 - - [30/May/2018:09:50:03 -0500] "GET /autoliquidacion/Grupo%20Forestal%20-%20Industria%20de%20la%20Madera/Consolidado%20de%20movimientos,%20existencias%20y%20relacion%20de%20documentos.xlsx HTTP/1.1" 200 54480
200.116.191.211 - - [30/May/2018:09:50:05 -0500] "GET /galeria/nivo-slider/themes/default/default.css HTTP/1.1" 200 1569
200.116.191.211 - - [30/May/2018:09:50:05 -0500] "GET /galeria/nivo-slider/themes/pascal/pascal.css HTTP/1.1" 200 2258
200.116.191.211 - - [30/May/2018:09:50:05 -0500] "GET /galeria/nivo-slider/themes/orman/orman.css HTTP/1.1" 200 2152
200.116.191.211 - - [30/May/2018:09:50:05 -0500] "GET /galeria/nivo-slider/demo/style.css HTTP/1.1" 200 2222
200.116.191.211 - - [30/May/2018:09:50:05 -0500] "GET /galeria/nivo-slider/nivo-slider.css HTTP/1.1" 200 1507
200.116.191.211 - - [30/May/2018:09:50:05 -0500] "GET /galeria/nivo-slider/demo/scripts/jquery-1.7.1.min.js HTTP/1.1" 200 93868
201.245.192.253 - - [30/May/2018:09:50:06 -0500] "POST /sipse/faces/autenticacion.xhtml HTTP/1.1" 200 11154
201.245.192.253 - - [30/May/2018:09:50:06 -0500] "GET /sipse/css/custom_css_sg_prime.css HTTP/1.1" 200 5201
201.245.192.253 - - [30/May/2018:09:50:06 -0500] "GET /sipse/faces/javax.faces.resource/layout/layout.css?ln=primefaces&v=4.0 HTTP/1.1" 304 -
201.245.192.253 - - [30/May/2018:09:50:06 -0500] "GET /sipse/faces/javax.faces.resource/primefaces.css?ln=primefaces&v=4.0 HTTP/1.1" 304 -
201.245.192.253 - - [30/May/2018:09:50:06 -0500] "GET /sipse/faces/javax.faces.resource/jquery/jquery.js?ln=primefaces&v=4.0 HTTP/1.1" 304 -
201.245.192.253 - - [30/May/2018:09:50:06 -0500] "GET /sipse/faces/javax.faces.resource/theme.css?ln=primefaces-sipse HTTP/1.1" 304 -
201.245.192.253 - - [30/May/2018:09:50:06 -0500] "GET /sipse/faces/javax.faces.resource/jquery/jquery-plugins.js?ln=primefaces&v=4.0 HTTP/1.1" 304 -
201.245.192.253 - - [30/May/2018:09:50:06 -0500] "GET /sipse/faces/javax.faces.resource/primefaces.js?ln=primefaces&v=4.0 HTTP/1.1" 304 -
201.245.192.253 - - [30/May/2018:09:50:06 -0500] "GET /sipse/faces/javax.faces.resource/layout/layout.js?ln=primefaces&v=4.0 HTTP/1.1" 304 -
201.245.192.253 - - [30/May/2018:09:50:06 -0500] "GET /sipse/faces/javax.faces.resource/messages/messages.png?ln=primefaces&v=4.0 HTTP/1.1" 304 -
190.85.179.208 - - [30/May/2018:09:50:07 -0500] "GET /autoliquidacion/Grupo%20Forestal%20-%20Industria%20de%20la%20Madera/Consolidado%20de%20movimientos,%20existencias%20y%20relacion%20de%20documentos.xlsx HTTP/1.1" 200 54480
190.217.113.42 - - [30/May/2018:09:50:09 -0500] "GET /galeria/galeria/jquery.fancybox.css?v=2.1.5 HTTP/1.1" 200 4895
190.217.113.42 - - [30/May/2018:09:50:09 -0500] "GET /galeria/galeria/jquery.fancybox.js?v=2.1.5 HTTP/1.1" 200 48706
190.217.113.42 - - [30/May/2018:09:50:09 -0500] "GET /BLA/boletinlegal/js/jquery.scrollShow.js HTTP/1.1" 200 4586
201.245.192.253 - - [30/May/2018:09:50:10 -0500] "POST /sipse/faces/presentacion/sistema/seguridad/seleccionRol.xhtml HTTP/1.1" 200 5862
186.154.34.151 - - [30/May/2018:09:50:11 -0500] "POST /sipse/faces/presentacion/financiero/solicitudProceso/listarSolicitudProceso.xhtml HTTP/1.1" 200 5523
200.116.191.211 - - [30/May/2018:09:50:11 -0500] "GET /galeria/nivo-slider/demo/images/Banner_mercadocampesino%20960x340-01.jpg HTTP/1.1" 200 288848
201.245.192.253 - - [30/May/2018:09:50:15 -0500] "GET /sipse/faces/javax.faces.resource/images/ui-bg_flat_0_2d5972_40x100.png?ln=primefaces-aristo HTTP/1.1" 304 -
200.116.191.211 - - [30/May/2018:09:50:15 -0500] "GET /galeria/nivo-slider/jquery.nivo.slider.pack.js HTTP/1.1" 200 11561
200.116.191.211 - - [30/May/2018:09:50:15 -0500] "GET /galeria/nivo-slider/demo/images/SemanaAmbiental_WEB_Encuentro.jpg HTTP/1.1" 200 100636
200.116.191.211 - - [30/May/2018:09:50:15 -0500] "GET /galeria/nivo-slider/demo/images/SemanaAmbiental_.jpg HTTP/1.1" 200 75175
200.116.191.211 - - [30/May/2018:09:50:15 -0500] "GET /galeria/nivo-slider/demo/images/4Simple_Slider.png HTTP/1.1" 200 11722
54.36.148.13 - - [30/May/2018:09:50:16 -0500] "GET /BLA/resoluciones/RESOLUCIONES%202003/RES%202003%201301-1350/20031311.tif HTTP/1.1" 200 93914
201.245.192.253 - - [30/May/2018:09:50:16 -0500] "POST /sipse/faces/presentacion/sistema/seguridad/seleccionRol.xhtml HTTP/1.1" 200 15921
201.245.192.253 - - [30/May/2018:09:50:16 -0500] "GET /sipse/faces/javax.faces.resource/theme.css?ln=primefaces-sipse HTTP/1.1" 304 -
201.245.192.253 - - [30/May/2018:09:50:16 -0500] "GET /sipse/faces/javax.faces.resource/primefaces.css?ln=primefaces&v=4.0 HTTP/1.1" 304 -
201.245.192.253 - - [30/May/2018:09:50:16 -0500] "GET /sipse/faces/javax.faces.resource/layout/layout.css?ln=primefaces&v=4.0 HTTP/1.1" 304 -
201.245.192.253 - - [30/May/2018:09:50:16 -0500] "GET /sipse/js/jquery.min.js HTTP/1.1" 200 85582
201.245.192.253 - - [30/May/2018:09:50:16 -0500] "GET /sipse/faces/javax.faces.resource/jquery/jquery.js?ln=primefaces&v=4.0 HTTP/1.1" 304 -
186.119.38.7 - - [30/May/2018:09:50:16 -0500] "GET /galeria/nivo-slider/demo/images/Banner%20FORO%20SOSTENIBILIDAD.jpg HTTP/1.1" 200 284253
201.245.192.253 - - [30/May/2018:09:50:16 -0500] "GET /sipse/faces/javax.faces.resource/jquery/jquery-plugins.js?ln=primefaces&v=4.0 HTTP/1.1" 304 -
201.245.192.253 - - [30/May/2018:09:50:16 -0500] "GET /sipse/faces/javax.faces.resource/primefaces.js?ln=primefaces&v=4.0 HTTP/1.1" 304 -
201.245.192.253 - - [30/May/2018:09:50:17 -0500] "GET /sipse/faces/javax.faces.resource/layout/layout.js?ln=primefaces&v=4.0 HTTP/1.1" 304 -
201.245.192.253 - - [30/May/2018:09:50:17 -0500] "GET /sipse/css/imagen/contrasena.png HTTP/1.1" 404 383
201.245.192.253 - - [30/May/2018:09:50:17 -0500] "GET /sipse/imagenes/logoAplicacion.jpg HTTP/1.1" 200 155084
201.245.192.253 - - [30/May/2018:09:50:17 -0500] "GET /sipse/imagenes/cargando.gif HTTP/1.1" 200 36959
186.119.38.7 - - [30/May/2018:09:50:20 -0500] "GET /galeria/nivo-slider/demo/images/banner-web-reciclaton-2018.jpg HTTP/1.1" 200 207701
186.119.38.7 - - [30/May/2018:09:50:21 -0500] "GET /galeria/nivo-slider/demo/images/BANNER%20VAN%20DER%20HAMMEN.jpg HTTP/1.1" 200 64172
186.119.38.7 - - [30/May/2018:09:50:22 -0500] "GET /galeria/nivo-slider/demo/images/banner-humedales-de-bogota.jpg HTTP/1.1" 200 292611
201.245.192.253 - - [30/May/2018:09:50:22 -0500] "POST /sipse/faces/bienvenido.xhtml HTTP/1.1" 200 9406
186.119.38.7 - - [30/May/2018:09:50:23 -0500] "GET /galeria/nivo-slider/demo/images/banner-mayo.jpg HTTP/1.1" 200 505642
201.245.192.253 - - [30/May/2018:09:50:25 -0500] "POST /sipse/faces/bienvenido.xhtml HTTP/1.1" 200 2073
200.116.191.211 - - [30/May/2018:09:50:28 -0500] "GET /galeria/nivo-slider/themes/default/loading.gif HTTP/1.1" 200 1737
201.245.192.253 - - [30/May/2018:09:50:28 -0500] "POST /sipse/faces/bienvenido.xhtml HTTP/1.1" 200 38621
201.245.192.253 - - [30/May/2018:09:50:28 -0500] "GET /sipse/faces/javax.faces.resource/theme.css?ln=primefaces-sipse HTTP/1.1" 304 -
201.245.192.253 - - [30/May/2018:09:50:28 -0500] "GET /sipse/faces/javax.faces.resource/primefaces.css?ln=primefaces&v=4.0 HTTP/1.1" 304 -
201.245.192.253 - - [30/May/2018:09:50:28 -0500] "GET /sipse/faces/javax.faces.resource/layout/layout.css?ln=primefaces&v=4.0 HTTP/1.1" 304 -
201.245.192.253 - - [30/May/2018:09:50:28 -0500] "GET /sipse/faces/javax.faces.resource/jquery/jquery.js?ln=primefaces&v=4.0 HTTP/1.1" 304 -
201.245.192.253 - - [30/May/2018:09:50:28 -0500] "GET /sipse/faces/javax.faces.resource/jquery/jquery-plugins.js?ln=primefaces&v=4.0 HTTP/1.1" 304 -
201.245.192.253 - - [30/May/2018:09:50:28 -0500] "GET /sipse/faces/javax.faces.resource/primefaces.js?ln=primefaces&v=4.0 HTTP/1.1" 304 -
201.245.192.253 - - [30/May/2018:09:50:28 -0500] "GET /sipse/faces/javax.faces.resource/layout/layout.js?ln=primefaces&v=4.0 HTTP/1.1" 304 -
201.245.192.253 - - [30/May/2018:09:50:28 -0500] "GET /sipse/css/imagen/contrasena.png HTTP/1.1" 404 383
186.119.38.7 - - [30/May/2018:09:50:28 -0500] "GET /galeria/nivo-slider/demo/images/maximavelocidad.png HTTP/1.1" 200 880272
180.76.15.137 - - [30/May/2018:09:50:31 -0500] "GET / HTTP/1.1" 200 9990
181.143.174.147 - - [30/May/2018:09:50:31 -0500] "GET /autoliquidacion/ HTTP/1.1" 200 6377
186.119.38.7 - - [30/May/2018:09:50:31 -0500] "GET /galeria/nivo-slider/demo/images/banner%20aceite%20vegetal%20usado.jpg HTTP/1.1" 200 169350
200.116.191.211 - - [30/May/2018:09:50:32 -0500] "GET /galeria/nivo-slider/demo/images/calculadora-de-c-onsumo-responsable.jpg HTTP/1.1" 200 280294
186.119.38.7 - - [30/May/2018:09:50:32 -0500] "GET /galeria/nivo-slider/demo/images/bannerlumina2017web.jpg HTTP/1.1" 200 198918
201.245.192.253 - - [30/May/2018:09:50:33 -0500] "POST /sipse/faces/presentacion/financiero/solicitudProceso/consultar.xhtml HTTP/1.1" 200 12860
186.119.38.7 - - [30/May/2018:09:50:33 -0500] "GET /galeria/nivo-slider/demo/images/banner-bolsas-plasticas.jpg HTTP/1.1" 200 317939
186.154.34.151 - - [30/May/2018:09:50:32 -0500] "POST /sipse/faces/presentacion/financiero/solicitudProceso/listarSolicitudProceso.xhtml HTTP/1.1" 200 130324
186.154.34.151 - - [30/May/2018:09:50:33 -0500] "GET /sipse/faces/javax.faces.resource/theme.css?ln=primefaces-sipse HTTP/1.1" 304 -
186.154.34.151 - - [30/May/2018:09:50:34 -0500] "GET /sipse/faces/javax.faces.resource/primefaces.css?ln=primefaces&v=4.0 HTTP/1.1" 304 -
186.154.34.151 - - [30/May/2018:09:50:34 -0500] "GET /sipse/faces/javax.faces.resource/layout/layout.css?ln=primefaces&v=4.0 HTTP/1.1" 304 -
186.154.34.151 - - [30/May/2018:09:50:34 -0500] "GET /sipse/faces/javax.faces.resource/jquery/jquery.js?ln=primefaces&v=4.0 HTTP/1.1" 304 -
186.154.34.151 - - [30/May/2018:09:50:34 -0500] "GET /sipse/faces/javax.faces.resource/jquery/jquery-plugins.js?ln=primefaces&v=4.0 HTTP/1.1" 304 -
186.154.34.151 - - [30/May/2018:09:50:34 -0500] "GET /sipse/faces/javax.faces.resource/primefaces.js?ln=primefaces&v=4.0 HTTP/1.1" 304 -
186.154.34.151 - - [30/May/2018:09:50:34 -0500] "GET /sipse/faces/javax.faces.resource/layout/layout.js?ln=primefaces&v=4.0 HTTP/1.1" 304 -
186.154.34.151 - - [30/May/2018:09:50:34 -0500] "GET /reportes_sipse/sdg/ServletReporte?reporte=solicitud_cdp&Solicitud=3692&pfdrid_c=false HTTP/1.1" 200 81767
66.249.66.157 - - [30/May/2018:09:50:38 -0500] "GET /rio/dama.ppt HTTP/1.1" 404 1019
201.245.192.253 - - [30/May/2018:09:50:46 -0500] "POST /sipse/faces/presentacion/financiero/solicitudProceso/consultarSolicitudProceso.xhtml HTTP/1.1" 200 109229
201.245.192.253 - - [30/May/2018:09:50:46 -0500] "GET /sipse/faces/javax.faces.resource/jquery/jquery.js?ln=primefaces&v=4.0 HTTP/1.1" 304 -
201.245.192.253 - - [30/May/2018:09:50:46 -0500] "GET /sipse/faces/javax.faces.resource/jquery/jquery-plugins.js?ln=primefaces&v=4.0 HTTP/1.1" 304 -
201.245.192.253 - - [30/May/2018:09:50:46 -0500] "GET /sipse/faces/javax.faces.resource/primefaces.js?ln=primefaces&v=4.0 HTTP/1.1" 304 -
201.245.192.253 - - [30/May/2018:09:50:46 -0500] "GET /sipse/faces/javax.faces.resource/layout/layout.js?ln=primefaces&v=4.0 HTTP/1.1" 304 -
201.245.192.253 - - [30/May/2018:09:50:46 -0500] "GET /reportes_sipse/sdg/ServletReporte?reporte=solicitud_cdp&Solicitud=3692&pfdrid_c=false HTTP/1.1" 200 81767
201.245.192.253 - - [30/May/2018:09:50:47 -0500] "POST /sipse/faces/presentacion/financiero/solicitudProceso/consultar.xhtml HTTP/1.1" 200 12769
181.49.157.147 - - [30/May/2018:09:50:51 -0500] "GET /galeria/galeria/jquery.fancybox.css?v=2.1.5 HTTP/1.1" 200 4895
181.49.157.147 - - [30/May/2018:09:50:51 -0500] "GET /BLA/boletinlegal/js/jquery.scrollShow.js HTTP/1.1" 200 4586
181.49.157.147 - - [30/May/2018:09:50:51 -0500] "GET /galeria/galeria/jquery.fancybox.js?v=2.1.5 HTTP/1.1" 200 48706
181.49.90.141 - - [30/May/2018:09:50:52 -0500] "GET /galeria/galeria/jquery.fancybox.css?v=2.1.5 HTTP/1.1" 200 4895
181.49.90.141 - - [30/May/2018:09:50:52 -0500] "GET /BLA/boletinlegal/js/jquery.scrollShow.js HTTP/1.1" 200 4586
181.49.90.141 - - [30/May/2018:09:50:52 -0500] "GET /galeria/galeria/jquery.fancybox.js?v=2.1.5 HTTP/1.1" 200 48706
201.245.192.253 - - [30/May/2018:09:50:57 -0500] "POST /sipse/faces/presentacion/contratacion/contrato/consultarContrato.xhtml HTTP/1.1" 200 29807
201.245.192.253 - - [30/May/2018:09:50:57 -0500] "GET /sipse/faces/javax.faces.resource/jquery/jquery.js?ln=primefaces&v=4.0 HTTP/1.1" 304 -
201.245.192.253 - - [30/May/2018:09:50:57 -0500] "GET /sipse/faces/javax.faces.resource/jquery/jquery-plugins.js?ln=primefaces&v=4.0 HTTP/1.1" 304 -
201.245.192.253 - - [30/May/2018:09:50:57 -0500] "GET /sipse/faces/javax.faces.resource/primefaces.js?ln=primefaces&v=4.0 HTTP/1.1" 304 -
201.245.192.253 - - [30/May/2018:09:50:57 -0500] "GET /sipse/faces/javax.faces.resource/layout/layout.js?ln=primefaces&v=4.0 HTTP/1.1" 304 -
201.245.192.253 - - [30/May/2018:09:50:59 -0500] "POST /sipse/faces/presentacion/financiero/solicitudProceso/consultar.xhtml HTTP/1.1" 200 132817
201.245.192.253 - - [30/May/2018:09:51:00 -0500] "GET /sipse/faces/javax.faces.resource/theme.css?ln=primefaces-sipse HTTP/1.1" 304 -
201.245.192.253 - - [30/May/2018:09:51:00 -0500] "GET /sipse/faces/javax.faces.resource/primefaces.css?ln=primefaces&v=4.0 HTTP/1.1" 304 -
201.245.192.253 - - [30/May/2018:09:51:00 -0500] "GET /sipse/faces/javax.faces.resource/layout/layout.css?ln=primefaces&v=4.0 HTTP/1.1" 304 -
201.245.192.253 - - [30/May/2018:09:51:00 -0500] "GET /sipse/faces/javax.faces.resource/jquery/jquery.js?ln=primefaces&v=4.0 HTTP/1.1" 304 -
201.245.192.253 - - [30/May/2018:09:51:00 -0500] "GET /sipse/faces/javax.faces.resource/jquery/jquery-plugins.js?ln=primefaces&v=4.0 HTTP/1.1" 304 -
201.245.192.253 - - [30/May/2018:09:51:00 -0500] "GET /sipse/faces/javax.faces.resource/primefaces.js?ln=primefaces&v=4.0 HTTP/1.1" 304 -
201.245.192.253 - - [30/May/2018:09:51:00 -0500] "GET /sipse/faces/javax.faces.resource/layout/layout.js?ln=primefaces&v=4.0 HTTP/1.1" 304 -
201.245.192.253 - - [30/May/2018:09:51:00 -0500] "GET /sipse/faces/javax.faces.resource/spacer/dot_clear.gif?ln=primefaces&v=4.0 HTTP/1.1" 200 42
201.245.192.253 - - [30/May/2018:09:51:00 -0500] "GET /sipse/css/imagen/contrasena.png HTTP/1.1" 404 383
201.245.192.253 - - [30/May/2018:09:51:00 -0500] "GET /reportes_sipse/sdg/ServletReporte?reporte=solicitud_cdp&Solicitud=3692&pfdrid_c=false HTTP/1.1" 200 81767
191.102.122.182 - - [30/May/2018:09:51:06 -0500] "GET /BLA/resoluciones/RESOLUCIONES%202010/5720.pdf HTTP/1.1" 200 146366
191.102.122.182 - - [30/May/2018:09:51:06 -0500] "GET /favicon.ico HTTP/1.1" 200 7782
93.188.23.210 - - [30/May/2018:09:51:09 -0500] "GET / HTTP/1.1" 200 9990
138.36.65.2 - - [30/May/2018:09:51:15 -0500] "GET /galeria/galeria/jquery.fancybox.css?v=2.1.5 HTTP/1.1" 200 4895
138.36.65.2 - - [30/May/2018:09:51:15 -0500] "GET /galeria/carrusel/Carrusel/jquery.thumbnailScroller.css HTTP/1.1" 200 2066
138.36.65.2 - - [30/May/2018:09:51:15 -0500] "GET /galeria/carrusel/Carrusel/jquery-ui-1.8.13.custom.min.js HTTP/1.1" 200 10800
138.36.65.2 - - [30/May/2018:09:51:15 -0500] "GET /galeria/nivo-slider/demo/demo.html HTTP/1.1" 200 13194
138.36.65.2 - - [30/May/2018:09:51:15 -0500] "GET /galeria/nivo-slider/themes/default/default.css HTTP/1.1" 200 1569
138.36.65.2 - - [30/May/2018:09:51:15 -0500] "GET /galeria/nivo-slider/themes/pascal/pascal.css HTTP/1.1" 200 2258
138.36.65.2 - - [30/May/2018:09:51:15 -0500] "GET /galeria/nivo-slider/nivo-slider.css HTTP/1.1" 200 1507
138.36.65.2 - - [30/May/2018:09:51:15 -0500] "GET /galeria/nivo-slider/themes/orman/orman.css HTTP/1.1" 200 2152
138.36.65.2 - - [30/May/2018:09:51:15 -0500] "GET /galeria/nivo-slider/demo/style.css HTTP/1.1" 200 2222
138.36.65.2 - - [30/May/2018:09:51:15 -0500] "GET /galeria/nivo-slider/demo/scripts/jquery-1.7.1.min.js HTTP/1.1" 200 93868
138.36.65.2 - - [30/May/2018:09:51:16 -0500] "GET /galeria/nivo-slider/demo/images/4Simple_Slider.png HTTP/1.1" 200 11722
201.245.192.253 - - [30/May/2018:09:51:15 -0500] "POST /sipse/faces/presentacion/financiero/solicitudProceso/consultarSolicitudProceso.xhtml HTTP/1.1" 200 684240
138.36.65.2 - - [30/May/2018:09:51:16 -0500] "GET /galeria/nivo-slider/jquery.nivo.slider.pack.js HTTP/1.1" 200 11561
138.36.65.2 - - [30/May/2018:09:51:16 -0500] "GET /galeria/nivo-slider/demo/images/Banner_mercadocampesino%20960x340-01.jpg HTTP/1.1" 200 288848
138.36.65.2 - - [30/May/2018:09:51:16 -0500] "GET /galeria/carrusel/Carrusel/jquery.thumbnailScroller.js HTTP/1.1" 200 8157
138.36.65.2 - - [30/May/2018:09:51:16 -0500] "GET /galeria/nivo-slider/demo/images/SemanaAmbiental_WEB_Encuentro.jpg HTTP/1.1" 200 100636
138.36.65.2 - - [30/May/2018:09:51:16 -0500] "GET /galeria/nivo-slider/themes/default/loading.gif HTTP/1.1" 200 1737
138.36.65.2 - - [30/May/2018:09:51:16 -0500] "GET /galeria/nivo-slider/demo/images/SemanaAmbiental_.jpg HTTP/1.1" 200 75175
138.36.65.2 - - [30/May/2018:09:51:16 -0500] "GET /galeria/nivo-slider/demo/images/calculadora-de-c-onsumo-responsable.jpg HTTP/1.1" 200 280294
138.36.65.2 - - [30/May/2018:09:51:17 -0500] "GET /galeria/nivo-slider/demo/images/Otorgamiento-excelencia-ambiental-Jos%C3%A9-Celestino-Mutis-2.jpg HTTP/1.1" 200 276467
138.36.65.2 - - [30/May/2018:09:51:17 -0500] "GET /galeria/nivo-slider/demo/images/Banner_micrositio.png HTTP/1.1" 200 146950
138.36.65.2 - - [30/May/2018:09:51:17 -0500] "GET /galeria/nivo-slider/demo/images/avances-sentencias-rio-bogota-2.jpg HTTP/1.1" 200 304916
138.36.65.2 - - [30/May/2018:09:51:17 -0500] "GET /galeria/nivo-slider/demo/images/Banner%20FORO%20SOSTENIBILIDAD.jpg HTTP/1.1" 200 284253
138.36.65.2 - - [30/May/2018:09:51:17 -0500] "GET /galeria/nivo-slider/demo/images/banner-web-reciclaton-2018.jpg HTTP/1.1" 200 207701
138.36.65.2 - - [30/May/2018:09:51:18 -0500] "GET /galeria/nivo-slider/demo/images/BANNER%20VAN%20DER%20HAMMEN.jpg HTTP/1.1" 200 64172
138.36.65.2 - - [30/May/2018:09:51:18 -0500] "GET /galeria/nivo-slider/demo/images/banner-humedales-de-bogota.jpg HTTP/1.1" 200 292611
138.36.65.2 - - [30/May/2018:09:51:18 -0500] "GET /galeria/nivo-slider/demo/images/banner-mayo.jpg HTTP/1.1" 200 505642
138.36.65.2 - - [30/May/2018:09:51:18 -0500] "GET /galeria/nivo-slider/demo/images/maximavelocidad.png HTTP/1.1" 200 880272
138.36.65.2 - - [30/May/2018:09:51:19 -0500] "GET /galeria/nivo-slider/demo/images/banner%20aceite%20vegetal%20usado.jpg HTTP/1.1" 200 169350
54.36.148.212 - - [30/May/2018:09:51:19 -0500] "GET /BLA/resoluciones/RESOLUCIONES%202005/RES%202005%202401-2450/00002413.tif HTTP/1.1" 200 201388
138.36.65.2 - - [30/May/2018:09:51:19 -0500] "GET /galeria/nivo-slider/demo/images/bannerlumina2017web.jpg HTTP/1.1" 200 198918
138.36.65.2 - - [30/May/2018:09:51:19 -0500] "GET /galeria/nivo-slider/demo/images/banner-bolsas-plasticas.jpg HTTP/1.1" 200 317939
190.255.40.74 - - [30/May/2018:09:51:22 -0500] "GET /BLA/boletinlegal/style.css HTTP/1.1" 200 9406
190.255.40.74 - - [30/May/2018:09:51:22 -0500] "GET /BLA/boletinlegal/styles2.css HTTP/1.1" 200 1838
190.255.40.74 - - [30/May/2018:09:51:22 -0500] "GET /BLA/boletinlegal/js/jquery.scrollTo-min.js HTTP/1.1" 200 1150
190.255.40.74 - - [30/May/2018:09:51:22 -0500] "GET /BLA/boletinlegal/js/jquery.js HTTP/1.1" 200 57254
190.255.40.74 - - [30/May/2018:09:51:22 -0500] "GET /BLA/boletinlegal/images/cabezote%20BLEGAL.jpg HTTP/1.1" 200 118164
190.255.40.74 - - [30/May/2018:09:51:22 -0500] "GET /BLA/boletinlegal/images/subscribe-icon-big.png HTTP/1.1" 200 47702
190.255.40.74 - - [30/May/2018:09:51:22 -0500] "GET /BLA/boletinlegal/images/historia.png HTTP/1.1" 200 52775
190.255.40.74 - - [30/May/2018:09:51:22 -0500] "GET /BLA/boletinlegal/images/arr_l.jpg HTTP/1.1" 200 1979
190.255.40.74 - - [30/May/2018:09:51:22 -0500] "GET /BLA/boletinlegal/images/registro-usuarios.png HTTP/1.1" 200 8106
190.255.40.74 - - [30/May/2018:09:51:22 -0500] "GET /BLA/boletinlegal/images/screen_1.png HTTP/1.1" 200 202547
190.255.40.74 - - [30/May/2018:09:51:22 -0500] "GET /BLA/boletinlegal/images/launch.jpg HTTP/1.1" 200 14577
190.255.40.74 - - [30/May/2018:09:51:22 -0500] "GET /BLA/boletinlegal/images/body_bg.jpg HTTP/1.1" 200 1601
190.255.40.74 - - [30/May/2018:09:51:22 -0500] "GET /BLA/boletinlegal/images/menu_lft.gif HTTP/1.1" 200 1713
190.255.40.74 - - [30/May/2018:09:51:22 -0500] "GET /BLA/boletinlegal/images/menu_rght.gif HTTP/1.1" 200 1627
190.255.40.74 - - [30/May/2018:09:51:22 -0500] "GET /BLA/boletinlegal/images/text.jpg HTTP/1.1" 200 568
190.255.40.74 - - [30/May/2018:09:51:22 -0500] "GET /BLA/boletinlegal/images/bg_top.jpg HTTP/1.1" 200 522
190.255.40.74 - - [30/May/2018:09:51:22 -0500] "GET /BLA/boletinlegal/images/menu_bg.jpg HTTP/1.1" 200 620
190.255.40.74 - - [30/May/2018:09:51:22 -0500] "GET /BLA/boletinlegal/images/hover.jpg HTTP/1.1" 200 640
138.36.65.2 - - [30/May/2018:09:51:23 -0500] "GET /galeria/nivo-slider/themes/default/arrows.png HTTP/1.1" 200 824
138.36.65.2 - - [30/May/2018:09:51:23 -0500] "GET /galeria/nivo-slider/themes/default/bullets.png HTTP/1.1" 200 1281
190.255.40.74 - - [30/May/2018:09:51:27 -0500] "GET /BLA/boletinlegal/images/arr_r.jpg HTTP/1.1" 200 1998
190.255.40.74 - - [30/May/2018:09:51:27 -0500] "GET /BLA/boletinlegal/images/footer_bg.jpg HTTP/1.1" 200 586
190.255.40.74 - - [30/May/2018:09:51:27 -0500] "GET /BLA/boletinlegal/images/screen_2.png HTTP/1.1" 200 362502
190.255.40.74 - - [30/May/2018:09:51:27 -0500] "GET /BLA/boletinlegal/images/screen_3.png HTTP/1.1" 200 210620
190.255.40.74 - - [30/May/2018:09:51:27 -0500] "GET /BLA/boletinlegal/images/screen_5.png HTTP/1.1" 200 368876
200.75.48.35 - - [30/May/2018:09:51:30 -0500] "GET /galeria/nivo-slider/demo/demo.html HTTP/1.1" 200 13194
201.244.51.170 - - [30/May/2018:09:51:30 -0500] "GET /galeria/galeria/jquery.fancybox.css?v=2.1.5 HTTP/1.1" 200 4895
201.244.51.170 - - [30/May/2018:09:51:30 -0500] "GET /BLA/boletinlegal/js/jquery.scrollShow.js HTTP/1.1" 200 4586
201.244.51.170 - - [30/May/2018:09:51:30 -0500] "GET /galeria/galeria/jquery.fancybox.js?v=2.1.5 HTTP/1.1" 200 48706
200.75.48.35 - - [30/May/2018:09:51:31 -0500] "GET /galeria/nivo-slider/demo/images/Otorgamiento-excelencia-ambiental-Jos%C3%A9-Celestino-Mutis-2.jpg HTTP/1.1" 200 276467
200.75.48.35 - - [30/May/2018:09:51:31 -0500] "GET /galeria/nivo-slider/demo/images/calculadora-de-c-onsumo-responsable.jpg HTTP/1.1" 200 280294
200.75.48.35 - - [30/May/2018:09:51:31 -0500] "GET /galeria/nivo-slider/demo/images/SemanaAmbiental_.jpg HTTP/1.1" 200 75175
200.75.48.35 - - [30/May/2018:09:51:31 -0500] "GET /galeria/nivo-slider/demo/images/Banner_mercadocampesino%20960x340-01.jpg HTTP/1.1" 200 288848
200.75.48.35 - - [30/May/2018:09:51:31 -0500] "GET /galeria/nivo-slider/demo/images/4Simple_Slider.png HTTP/1.1" 200 11722
200.75.48.35 - - [30/May/2018:09:51:31 -0500] "GET /galeria/nivo-slider/demo/images/SemanaAmbiental_WEB_Encuentro.jpg HTTP/1.1" 200 100636
200.75.48.35 - - [30/May/2018:09:51:31 -0500] "GET /galeria/nivo-slider/themes/default/loading.gif HTTP/1.1" 200 1737
