190.129.127.188 - - [12/Jun/2018:06:14:09 -0500] "GET /Residuos/farmaceutica/files/guia_farmaceuticas.pdf HTTP/1.1" 206 61794
208.94.232.6 - - [12/Jun/2018:06:14:10 -0500] "HEAD /BLA/resoluciones/RESOLUCIONES%202011/1229.pdf HTTP/1.1" 200 -
190.129.127.188 - - [12/Jun/2018:06:14:13 -0500] "GET /Residuos/farmaceutica/files/guia_farmaceuticas.pdf HTTP/1.1" 206 65536
190.129.127.188 - - [12/Jun/2018:06:14:15 -0500] "GET /Residuos/farmaceutica/files/guia_farmaceuticas.pdf HTTP/1.1" 206 65536
208.94.232.6 - - [12/Jun/2018:06:14:17 -0500] "HEAD /BLA/resoluciones/RESOLUCIONES%202011/1284.pdf HTTP/1.1" 200 -
190.129.127.188 - - [12/Jun/2018:06:14:18 -0500] "GET /Residuos/farmaceutica/files/guia_farmaceuticas.pdf HTTP/1.1" 206 65536
190.129.127.188 - - [12/Jun/2018:06:14:21 -0500] "GET /Residuos/farmaceutica/files/guia_farmaceuticas.pdf HTTP/1.1" 206 65536
190.129.127.188 - - [12/Jun/2018:06:14:21 -0500] "GET /Residuos/farmaceutica/files/guia_farmaceuticas.pdf HTTP/1.1" 206 65536
190.129.127.188 - - [12/Jun/2018:06:14:21 -0500] "GET /Residuos/farmaceutica/files/guia_farmaceuticas.pdf HTTP/1.1" 206 65536
208.94.232.6 - - [12/Jun/2018:06:14:22 -0500] "HEAD /BLA/resoluciones/RESOLUCIONES%202011/1326.pdf HTTP/1.1" 200 -
208.94.232.6 - - [12/Jun/2018:06:14:22 -0500] "HEAD /BLA/resoluciones/RESOLUCIONES%202011/1226.pdf HTTP/1.1" 200 -
190.129.127.188 - - [12/Jun/2018:06:14:25 -0500] "GET /Residuos/farmaceutica/files/guia_farmaceuticas.pdf HTTP/1.1" 206 65536
190.129.127.188 - - [12/Jun/2018:06:14:25 -0500] "GET /Residuos/farmaceutica/files/guia_farmaceuticas.pdf HTTP/1.1" 206 65536
190.129.127.188 - - [12/Jun/2018:06:14:28 -0500] "GET /Residuos/farmaceutica/files/guia_farmaceuticas.pdf HTTP/1.1" 206 65536
190.129.127.188 - - [12/Jun/2018:06:14:29 -0500] "GET /Residuos/farmaceutica/files/guia_farmaceuticas.pdf HTTP/1.1" 206 262144
208.94.232.6 - - [12/Jun/2018:06:14:30 -0500] "HEAD /BLA/resoluciones/RESOLUCIONES%202011/1305.pdf HTTP/1.1" 200 -
35.187.96.204 - - [12/Jun/2018:06:14:32 -0500] "-" 408 -
191.119.82.140 - - [12/Jun/2018:06:14:36 -0500] "GET /galeria/galeria/jquery.fancybox.js?v=2.1.5 HTTP/1.1" 206 1
191.119.82.140 - - [12/Jun/2018:06:14:36 -0500] "GET /galeria/galeria/jquery.fancybox.js?v=2.1.5 HTTP/1.1" 206 7523
208.94.232.6 - - [12/Jun/2018:06:14:40 -0500] "HEAD /BLA/resoluciones/RESOLUCIONES%202011/1195.pdf HTTP/1.1" 200 -
54.36.148.202 - - [12/Jun/2018:06:14:48 -0500] "GET /BLA/resoluciones/RESOLUCIONES%202006/RES%202006%202201-2250/00002227.tif HTTP/1.1" 200 240474
208.94.232.6 - - [12/Jun/2018:06:15:22 -0500] "HEAD /BLA/resoluciones/RESOLUCIONES%202011/1199.pdf HTTP/1.1" 200 -
69.162.124.233 - - [12/Jun/2018:06:15:24 -0500] "HEAD / HTTP/1.1" 200 -
208.94.232.6 - - [12/Jun/2018:06:15:28 -0500] "HEAD /BLA/resoluciones/RESOLUCIONES%202011/1244.pdf HTTP/1.1" 200 -
208.94.232.6 - - [12/Jun/2018:06:15:35 -0500] "HEAD /BLA/resoluciones/RESOLUCIONES%202011/1358.pdf HTTP/1.1" 200 -
208.94.232.6 - - [12/Jun/2018:06:15:46 -0500] "HEAD /BLA/resoluciones/RESOLUCIONES%202011/1339.pdf HTTP/1.1" 200 -
208.94.232.6 - - [12/Jun/2018:06:15:47 -0500] "HEAD /BLA/resoluciones/RESOLUCIONES%202011/1238.pdf HTTP/1.1" 200 -
208.94.232.6 - - [12/Jun/2018:06:15:49 -0500] "HEAD /BLA/resoluciones/RESOLUCIONES%202011/1243.pdf HTTP/1.1" 200 -
208.94.232.6 - - [12/Jun/2018:06:16:00 -0500] "HEAD /BLA/resoluciones/RESOLUCIONES%202011/1232.pdf HTTP/1.1" 200 -
208.94.232.6 - - [12/Jun/2018:06:16:12 -0500] "HEAD /BLA/resoluciones/RESOLUCIONES%202011/1251.pdf HTTP/1.1" 200 -
208.94.232.6 - - [12/Jun/2018:06:16:13 -0500] "HEAD /BLA/resoluciones/RESOLUCIONES%202011/1200.pdf HTTP/1.1" 200 -
208.94.232.6 - - [12/Jun/2018:06:16:17 -0500] "HEAD /BLA/resoluciones/RESOLUCIONES%202011/1245.pdf HTTP/1.1" 200 -
208.94.232.6 - - [12/Jun/2018:06:16:22 -0500] "HEAD /BLA/resoluciones/RESOLUCIONES%202011/1221.pdf HTTP/1.1" 200 -
208.94.232.6 - - [12/Jun/2018:06:16:44 -0500] "HEAD /BLA/resoluciones/RESOLUCIONES%202011/1246.pdf HTTP/1.1" 200 -
208.94.232.6 - - [12/Jun/2018:06:16:45 -0500] "HEAD /BLA/resoluciones/RESOLUCIONES%202011/1208.pdf HTTP/1.1" 200 -
208.94.232.6 - - [12/Jun/2018:06:16:56 -0500] "HEAD /BLA/resoluciones/RESOLUCIONES%202011/1361.pdf HTTP/1.1" 200 -
208.94.232.6 - - [12/Jun/2018:06:17:09 -0500] "HEAD /BLA/resoluciones/RESOLUCIONES%202011/1287.pdf HTTP/1.1" 200 -
208.94.232.6 - - [12/Jun/2018:06:17:14 -0500] "HEAD /BLA/resoluciones/RESOLUCIONES%202011/1309.pdf HTTP/1.1" 200 -
208.94.232.6 - - [12/Jun/2018:06:17:18 -0500] "HEAD /BLA/resoluciones/RESOLUCIONES%202011/1237.pdf HTTP/1.1" 200 -
208.94.232.6 - - [12/Jun/2018:06:17:23 -0500] "HEAD /BLA/resoluciones/RESOLUCIONES%202011/1217.pdf HTTP/1.1" 200 -
192.168.175.104 - - [12/Jun/2018:06:17:33 -0500] "GET / HTTP/1.0" 200 9990
192.168.175.104 - - [12/Jun/2018:06:17:35 -0500] "GET / HTTP/1.1" 200 9990
208.94.232.6 - - [12/Jun/2018:06:17:36 -0500] "HEAD /BLA/resoluciones/RESOLUCIONES%202011/1359.pdf HTTP/1.1" 200 -
208.94.232.6 - - [12/Jun/2018:06:17:36 -0500] "HEAD /BLA/resoluciones/RESOLUCIONES%202011/1277.pdf HTTP/1.1" 200 -
208.94.232.6 - - [12/Jun/2018:06:17:40 -0500] "HEAD /BLA/resoluciones/RESOLUCIONES%202011/1207.pdf HTTP/1.1" 200 -
190.131.194.135 - - [12/Jun/2018:06:18:01 -0500] "GET /galeria/nivo-slider/demo/images/banner-ACA-01.jpg HTTP/1.1" 304 -
190.157.252.69 - - [12/Jun/2018:06:18:09 -0500] "GET /BLA/boletinlegal/js/jquery.scrollShow.js HTTP/1.1" 304 -
190.157.252.69 - - [12/Jun/2018:06:18:09 -0500] "GET /galeria/galeria/jquery.fancybox.css?v=2.1.5 HTTP/1.1" 304 -
190.157.252.69 - - [12/Jun/2018:06:18:09 -0500] "GET /galeria/galeria/jquery.fancybox.js?v=2.1.5 HTTP/1.1" 304 -
208.94.232.6 - - [12/Jun/2018:06:18:18 -0500] "HEAD /BLA/resoluciones/RESOLUCIONES%202011/1210.pdf HTTP/1.1" 200 -
192.168.175.104 - - [12/Jun/2018:06:18:20 -0500] "GET / HTTP/1.1" 200 9990
208.94.232.6 - - [12/Jun/2018:06:18:26 -0500] "HEAD /BLA/resoluciones/RESOLUCIONES%202011/1364.pdf HTTP/1.1" 200 -
207.46.13.82 - - [12/Jun/2018:06:18:22 -0500] "GET /portalsiaccapacitaciones/Listas%20de%20Asistencia%202016/LISTA%20DE%20ASISTENCIA%2026%20DE%20MAYO.pdf HTTP/1.1" 200 1181031
54.36.148.241 - - [12/Jun/2018:06:18:27 -0500] "GET /BLA/resoluciones/RESOLUCIONES%202003/RES%202003%201301-1350/20031315.tif HTTP/1.1" 200 119796
208.94.232.6 - - [12/Jun/2018:06:18:31 -0500] "HEAD /BLA/resoluciones/RESOLUCIONES%202011/1254.pdf HTTP/1.1" 200 -
208.94.232.6 - - [12/Jun/2018:06:18:48 -0500] "HEAD /BLA/resoluciones/RESOLUCIONES%202011/1247.pdf HTTP/1.1" 200 -
208.94.232.6 - - [12/Jun/2018:06:18:48 -0500] "HEAD /BLA/resoluciones/RESOLUCIONES%202011/1239.pdf HTTP/1.1" 200 -
208.94.232.6 - - [12/Jun/2018:06:18:49 -0500] "HEAD /BLA/resoluciones/RESOLUCIONES%202011/1360.pdf HTTP/1.1" 200 -
152.200.57.30 - - [12/Jun/2018:06:18:50 -0500] "GET /BLA/boletinlegal/js/jquery.scrollShow.js HTTP/1.1" 200 4586
152.200.57.30 - - [12/Jun/2018:06:18:50 -0500] "GET /galeria/galeria/jquery.fancybox.css?v=2.1.5 HTTP/1.1" 200 4895
152.200.57.30 - - [12/Jun/2018:06:18:50 -0500] "GET /galeria/galeria/jquery.fancybox.js?v=2.1.5 HTTP/1.1" 200 48706
152.200.57.30 - - [12/Jun/2018:06:18:50 -0500] "GET /galeria/carrusel/Carrusel/jquery.thumbnailScroller.css HTTP/1.1" 200 2066
152.200.57.30 - - [12/Jun/2018:06:18:50 -0500] "GET /galeria/carrusel/Carrusel/jquery-ui-1.8.13.custom.min.js HTTP/1.1" 200 10800
152.200.57.30 - - [12/Jun/2018:06:18:50 -0500] "GET /galeria/carrusel/Carrusel/jquery.thumbnailScroller.js HTTP/1.1" 200 8157
208.94.232.6 - - [12/Jun/2018:06:18:53 -0500] "HEAD /BLA/resoluciones/RESOLUCIONES%202011/1249.pdf HTTP/1.1" 200 -
152.200.57.30 - - [12/Jun/2018:06:18:54 -0500] "GET /galeria/nivo-slider/demo/demo.html HTTP/1.1" 200 13225
66.249.88.63 - - [12/Jun/2018:06:18:56 -0500] "GET /BLA/boletinlegal/js/jquery.scrollShow.js HTTP/1.1" 200 4586
66.249.88.33 - - [12/Jun/2018:06:18:56 -0500] "GET /galeria/galeria/jquery.fancybox.js?v=2.1.5 HTTP/1.1" 200 48706
66.249.88.62 - - [12/Jun/2018:06:18:56 -0500] "GET /galeria/galeria/jquery.fancybox.css?v=2.1.5 HTTP/1.1" 200 4895
152.200.57.30 - - [12/Jun/2018:06:18:56 -0500] "GET /galeria/nivo-slider/themes/pascal/pascal.css HTTP/1.1" 200 2258
152.200.57.30 - - [12/Jun/2018:06:18:56 -0500] "GET /galeria/nivo-slider/themes/orman/orman.css HTTP/1.1" 200 2152
152.200.57.30 - - [12/Jun/2018:06:18:56 -0500] "GET /galeria/nivo-slider/themes/default/default.css HTTP/1.1" 200 1569
152.200.57.30 - - [12/Jun/2018:06:18:56 -0500] "GET /galeria/nivo-slider/nivo-slider.css HTTP/1.1" 200 1507
152.200.57.30 - - [12/Jun/2018:06:18:56 -0500] "GET /galeria/nivo-slider/demo/scripts/jquery-1.7.1.min.js HTTP/1.1" 200 93868
152.200.57.30 - - [12/Jun/2018:06:18:56 -0500] "GET /galeria/nivo-slider/jquery.nivo.slider.pack.js HTTP/1.1" 200 11561
152.200.57.30 - - [12/Jun/2018:06:18:56 -0500] "GET /galeria/nivo-slider/demo/style.css HTTP/1.1" 200 2222
152.200.57.30 - - [12/Jun/2018:06:18:56 -0500] "GET /galeria/nivo-slider/demo/images/SemanaAmbiental_.jpg HTTP/1.1" 200 75175
152.200.57.30 - - [12/Jun/2018:06:18:56 -0500] "GET /galeria/nivo-slider/demo/images/Banner%20caminatas-Junio.jpg HTTP/1.1" 200 505174
152.200.57.30 - - [12/Jun/2018:06:18:56 -0500] "GET /galeria/nivo-slider/demo/images/calculadora-de-c-onsumo-responsable.jpg HTTP/1.1" 200 280294
152.200.57.30 - - [12/Jun/2018:06:18:56 -0500] "GET /galeria/nivo-slider/demo/images/Banner_micrositio.png HTTP/1.1" 200 146950
152.200.57.30 - - [12/Jun/2018:06:18:56 -0500] "GET /galeria/nivo-slider/demo/images/Otorgamiento-excelencia-ambiental-Jos%C3%A9-Celestino-Mutis-2.jpg HTTP/1.1" 200 276467
152.200.57.30 - - [12/Jun/2018:06:18:56 -0500] "GET /galeria/nivo-slider/demo/images/avances-sentencias-rio-bogota-2.jpg HTTP/1.1" 200 304916
152.200.57.30 - - [12/Jun/2018:06:18:57 -0500] "GET /galeria/nivo-slider/demo/images/BANNER%20VAN%20DER%20HAMMEN.jpg HTTP/1.1" 200 64172
152.200.57.30 - - [12/Jun/2018:06:18:57 -0500] "GET /galeria/nivo-slider/demo/images/banner-humedales-de-bogota.jpg HTTP/1.1" 200 292611
208.94.232.6 - - [12/Jun/2018:06:18:57 -0500] "HEAD /BLA/resoluciones/RESOLUCIONES%202011/1189.pdf HTTP/1.1" 200 -
152.200.57.30 - - [12/Jun/2018:06:18:58 -0500] "GET /galeria/nivo-slider/demo/images/maximavelocidad.png HTTP/1.1" 200 880272
152.200.57.30 - - [12/Jun/2018:06:18:58 -0500] "GET /galeria/nivo-slider/demo/images/banner%20aceite%20vegetal%20usado.jpg HTTP/1.1" 200 169350
152.200.57.30 - - [12/Jun/2018:06:18:59 -0500] "GET /galeria/nivo-slider/demo/images/bannerlumina2017web.jpg HTTP/1.1" 200 198918
152.200.57.30 - - [12/Jun/2018:06:18:59 -0500] "GET /galeria/nivo-slider/demo/images/banner-bolsas-plasticas.jpg HTTP/1.1" 200 317939
152.200.57.30 - - [12/Jun/2018:06:18:59 -0500] "GET /galeria/nivo-slider/demo/images/4Simple_Slider.png HTTP/1.1" 200 11722
208.94.232.6 - - [12/Jun/2018:06:18:59 -0500] "HEAD /BLA/resoluciones/RESOLUCIONES%202011/1289.pdf HTTP/1.1" 200 -
152.200.57.30 - - [12/Jun/2018:06:19:00 -0500] "GET /galeria/nivo-slider/themes/default/loading.gif HTTP/1.1" 200 1737
66.249.88.62 - - [12/Jun/2018:06:19:02 -0500] "GET /galeria/galeria/jquery.fancybox.css?v=2.1.5 HTTP/1.1" 200 4895
66.249.88.33 - - [12/Jun/2018:06:19:02 -0500] "GET /galeria/galeria/jquery.fancybox.js?v=2.1.5 HTTP/1.1" 200 48706
66.249.88.33 - - [12/Jun/2018:06:19:02 -0500] "GET /BLA/boletinlegal/js/jquery.scrollShow.js HTTP/1.1" 200 4586
208.94.232.6 - - [12/Jun/2018:06:19:09 -0500] "HEAD /BLA/resoluciones/RESOLUCIONES%202011/1386.pdf HTTP/1.1" 200 -
208.94.232.6 - - [12/Jun/2018:06:19:12 -0500] "HEAD /BLA/resoluciones/RESOLUCIONES%202011/1274.pdf HTTP/1.1" 200 -
208.94.232.6 - - [12/Jun/2018:06:19:13 -0500] "HEAD /BLA/resoluciones/RESOLUCIONES%202011/1227.pdf HTTP/1.1" 200 -
208.94.232.6 - - [12/Jun/2018:06:19:13 -0500] "HEAD /BLA/resoluciones/RESOLUCIONES%202011/1224.pdf HTTP/1.1" 200 -
201.184.86.74 - - [12/Jun/2018:06:19:21 -0500] "GET /galeria/nivo-slider/demo/demo.html HTTP/1.1" 200 13225
201.184.86.74 - - [12/Jun/2018:06:19:22 -0500] "GET /galeria/nivo-slider/demo/images/SemanaAmbiental_.jpg HTTP/1.1" 304 -
201.184.86.74 - - [12/Jun/2018:06:19:22 -0500] "GET /galeria/nivo-slider/demo/images/Banner%20caminatas-Junio.jpg HTTP/1.1" 200 505174
201.184.86.74 - - [12/Jun/2018:06:19:22 -0500] "GET /galeria/nivo-slider/demo/images/calculadora-de-c-onsumo-responsable.jpg HTTP/1.1" 304 -
201.184.86.74 - - [12/Jun/2018:06:19:22 -0500] "GET /galeria/nivo-slider/demo/images/Otorgamiento-excelencia-ambiental-Jos%C3%A9-Celestino-Mutis-2.jpg HTTP/1.1" 304 -
201.184.86.74 - - [12/Jun/2018:06:19:22 -0500] "GET /galeria/nivo-slider/demo/images/Banner_micrositio.png HTTP/1.1" 304 -
201.184.86.74 - - [12/Jun/2018:06:19:22 -0500] "GET /galeria/nivo-slider/demo/images/avances-sentencias-rio-bogota-2.jpg HTTP/1.1" 304 -
201.184.86.74 - - [12/Jun/2018:06:19:22 -0500] "GET /galeria/nivo-slider/demo/images/BANNER%20VAN%20DER%20HAMMEN.jpg HTTP/1.1" 304 -
201.184.86.74 - - [12/Jun/2018:06:19:22 -0500] "GET /galeria/nivo-slider/demo/images/banner-humedales-de-bogota.jpg HTTP/1.1" 304 -
201.184.86.74 - - [12/Jun/2018:06:19:23 -0500] "GET /galeria/nivo-slider/demo/images/banner-bolsas-plasticas.jpg HTTP/1.1" 304 -
208.94.232.6 - - [12/Jun/2018:06:19:27 -0500] "HEAD /BLA/resoluciones/RESOLUCIONES%202011/1374.pdf HTTP/1.1" 200 -
104.199.22.153 - - [12/Jun/2018:06:19:32 -0500] "-" 408 -
208.94.232.6 - - [12/Jun/2018:06:19:41 -0500] "HEAD /BLA/resoluciones/RESOLUCIONES%202011/1294.pdf HTTP/1.1" 200 -
208.94.232.6 - - [12/Jun/2018:06:19:52 -0500] "HEAD /BLA/resoluciones/RESOLUCIONES%202011/1375.pdf HTTP/1.1" 200 -
208.94.232.6 - - [12/Jun/2018:06:19:57 -0500] "HEAD /BLA/resoluciones/RESOLUCIONES%202011/1261.pdf HTTP/1.1" 200 -
208.94.232.6 - - [12/Jun/2018:06:19:58 -0500] "HEAD /BLA/resoluciones/RESOLUCIONES%202011/1271.pdf HTTP/1.1" 200 -
69.162.124.233 - - [12/Jun/2018:06:20:23 -0500] "HEAD / HTTP/1.1" 200 -
54.36.148.254 - - [12/Jun/2018:06:20:39 -0500] "GET /BLA/resoluciones/RESOLUCIONES%202005/RES%202005%203101-3150/00003123.tif HTTP/1.1" 200 142894
208.94.232.6 - - [12/Jun/2018:06:20:42 -0500] "HEAD /BLA/resoluciones/RESOLUCIONES%202011/1366.pdf HTTP/1.1" 200 -
186.154.239.22 - - [12/Jun/2018:06:20:46 -0500] "GET /galeria/galeria/jquery.fancybox.css?v=2.1.5 HTTP/1.1" 200 4895
186.154.239.22 - - [12/Jun/2018:06:20:46 -0500] "GET /galeria/galeria/jquery.fancybox.js?v=2.1.5 HTTP/1.1" 200 48706
186.154.239.22 - - [12/Jun/2018:06:20:46 -0500] "GET /BLA/boletinlegal/js/jquery.scrollShow.js HTTP/1.1" 200 4586
208.94.232.6 - - [12/Jun/2018:06:20:49 -0500] "HEAD /BLA/resoluciones/RESOLUCIONES%202011/1268.pdf HTTP/1.1" 200 -
157.55.39.163 - - [12/Jun/2018:06:21:00 -0500] "GET /ecodirectorio/files/res/downloads/download_0042.pdf HTTP/1.1" 404 1019
208.94.232.6 - - [12/Jun/2018:06:21:12 -0500] "HEAD /BLA/resoluciones/RESOLUCIONES%202011/1324.pdf HTTP/1.1" 200 -
54.36.148.155 - - [12/Jun/2018:06:21:16 -0500] "GET /BLA/resoluciones/RESOLUCIONES%202002/RES%202002%20301-350/00000308.tif HTTP/1.1" 200 27540
208.94.232.6 - - [12/Jun/2018:06:21:27 -0500] "HEAD /BLA/resoluciones/RESOLUCIONES%202011/1295.pdf HTTP/1.1" 200 -
208.94.232.6 - - [12/Jun/2018:06:21:38 -0500] "HEAD /BLA/resoluciones/RESOLUCIONES%202011/1333.pdf HTTP/1.1" 200 -
208.94.232.6 - - [12/Jun/2018:06:21:38 -0500] "HEAD /BLA/resoluciones/RESOLUCIONES%202011/1378.pdf HTTP/1.1" 200 -
208.94.232.6 - - [12/Jun/2018:06:21:41 -0500] "HEAD /BLA/resoluciones/RESOLUCIONES%202011/1279.pdf HTTP/1.1" 200 -
208.94.232.6 - - [12/Jun/2018:06:21:53 -0500] "HEAD /BLA/resoluciones/RESOLUCIONES%202011/1387.pdf HTTP/1.1" 200 -
163.172.66.66 - - [12/Jun/2018:06:21:53 -0500] "GET /galeria/galeria/jquery.fancybox.css?v=2.1.5 HTTP/1.1" 200 4895
163.172.66.66 - - [12/Jun/2018:06:21:53 -0500] "GET /galeria/carrusel/Carrusel/jquery.thumbnailScroller.css HTTP/1.1" 200 2066
163.172.66.66 - - [12/Jun/2018:06:21:53 -0500] "GET /BLA/boletinlegal/js/jquery.scrollShow.js HTTP/1.1" 200 4586
163.172.66.66 - - [12/Jun/2018:06:21:53 -0500] "GET /galeria/galeria/jquery.fancybox.js?v=2.1.5 HTTP/1.1" 200 48706
208.94.232.6 - - [12/Jun/2018:06:21:54 -0500] "HEAD /BLA/resoluciones/RESOLUCIONES%202011/1267.pdf HTTP/1.1" 200 -
163.172.66.66 - - [12/Jun/2018:06:21:56 -0500] "GET /galeria/carrusel/Carrusel/jquery-ui-1.8.13.custom.min.js HTTP/1.1" 200 10800
163.172.66.66 - - [12/Jun/2018:06:21:56 -0500] "GET /galeria/carrusel/Carrusel/jquery.thumbnailScroller.js HTTP/1.1" 200 8157
163.172.66.66 - - [12/Jun/2018:06:21:56 -0500] "GET /galeria/nivo-slider/demo/demo.html HTTP/1.1" 200 13225
163.172.66.66 - - [12/Jun/2018:06:21:57 -0500] "GET /galeria/nivo-slider/themes/pascal/pascal.css HTTP/1.1" 200 2258
163.172.66.66 - - [12/Jun/2018:06:21:57 -0500] "GET /galeria/nivo-slider/themes/default/default.css HTTP/1.1" 200 1569
163.172.66.66 - - [12/Jun/2018:06:21:57 -0500] "GET /galeria/nivo-slider/themes/orman/orman.css HTTP/1.1" 200 2152
163.172.66.66 - - [12/Jun/2018:06:21:57 -0500] "GET /galeria/nivo-slider/nivo-slider.css HTTP/1.1" 200 1507
163.172.66.66 - - [12/Jun/2018:06:21:57 -0500] "GET /galeria/nivo-slider/demo/scripts/jquery-1.7.1.min.js HTTP/1.1" 200 93868
163.172.66.66 - - [12/Jun/2018:06:21:57 -0500] "GET /galeria/nivo-slider/demo/style.css HTTP/1.1" 200 2222
163.172.66.66 - - [12/Jun/2018:06:21:57 -0500] "GET /galeria/nivo-slider/jquery.nivo.slider.pack.js HTTP/1.1" 200 11561
54.36.149.3 - - [12/Jun/2018:06:22:03 -0500] "GET /BLA/resoluciones/RESOLUCIONES%202005/RES%202005%202651-2700/00002672.tif HTTP/1.1" 200 113498
201.245.192.253 - - [12/Jun/2018:06:21:36 -0500] "POST /kwsrmcab/Wsrmcab HTTP/1.1" 200 14570
208.94.232.6 - - [12/Jun/2018:06:22:06 -0500] "HEAD /BLA/resoluciones/RESOLUCIONES%202011/1241.pdf HTTP/1.1" 200 -
208.94.232.6 - - [12/Jun/2018:06:22:15 -0500] "HEAD /BLA/resoluciones/RESOLUCIONES%202011/1225.pdf HTTP/1.1" 200 -
208.94.232.6 - - [12/Jun/2018:06:22:16 -0500] "HEAD /BLA/resoluciones/RESOLUCIONES%202011/1338.pdf HTTP/1.1" 200 -
83.49.120.45 - - [12/Jun/2018:06:22:18 -0500] "GET /BLA/boletinlegal/style.css HTTP/1.1" 200 9406
83.49.120.45 - - [12/Jun/2018:06:22:18 -0500] "GET /BLA/boletinlegal/styles2.css HTTP/1.1" 200 1838
83.49.120.45 - - [12/Jun/2018:06:22:18 -0500] "GET /BLA/boletinlegal/js/jquery.js HTTP/1.1" 200 57254
83.49.120.45 - - [12/Jun/2018:06:22:18 -0500] "GET /BLA/boletinlegal/js/jquery.scrollTo-min.js HTTP/1.1" 200 1150
83.49.120.45 - - [12/Jun/2018:06:22:18 -0500] "GET /BLA/boletinlegal/js/jquery.scrollShow.js HTTP/1.1" 200 4586
83.49.120.45 - - [12/Jun/2018:06:22:19 -0500] "GET /BLA/boletinlegal/images/cabezote%20BLEGAL.jpg HTTP/1.1" 200 118164
83.49.120.45 - - [12/Jun/2018:06:22:19 -0500] "GET /BLA/boletinlegal/images/subscribe-icon-big.png HTTP/1.1" 200 47702
83.49.120.45 - - [12/Jun/2018:06:22:20 -0500] "GET /BLA/boletinlegal/images/historia.png HTTP/1.1" 200 52775
83.49.120.45 - - [12/Jun/2018:06:22:20 -0500] "GET /BLA/boletinlegal/images/registro-usuarios.png HTTP/1.1" 200 8106
83.49.120.45 - - [12/Jun/2018:06:22:20 -0500] "GET /BLA/boletinlegal/images/arr_l.jpg HTTP/1.1" 200 1979
83.49.120.45 - - [12/Jun/2018:06:22:20 -0500] "GET /BLA/boletinlegal/images/screen_1.png HTTP/1.1" 200 202547
83.49.120.45 - - [12/Jun/2018:06:22:20 -0500] "GET /BLA/boletinlegal/images/launch.jpg HTTP/1.1" 200 14577
83.49.120.45 - - [12/Jun/2018:06:22:20 -0500] "GET /BLA/boletinlegal/images/body_bg.jpg HTTP/1.1" 200 1601
83.49.120.45 - - [12/Jun/2018:06:22:20 -0500] "GET /BLA/boletinlegal/images/bg_top.jpg HTTP/1.1" 200 522
83.49.120.45 - - [12/Jun/2018:06:22:20 -0500] "GET /BLA/boletinlegal/images/menu_bg.jpg HTTP/1.1" 200 620
83.49.120.45 - - [12/Jun/2018:06:22:20 -0500] "GET /BLA/boletinlegal/images/menu_rght.gif HTTP/1.1" 200 1627
83.49.120.45 - - [12/Jun/2018:06:22:20 -0500] "GET /BLA/boletinlegal/images/menu_lft.gif HTTP/1.1" 200 1713
83.49.120.45 - - [12/Jun/2018:06:22:20 -0500] "GET /BLA/boletinlegal/images/hover.jpg HTTP/1.1" 200 640
83.49.120.45 - - [12/Jun/2018:06:22:20 -0500] "GET /BLA/boletinlegal/images/text.jpg HTTP/1.1" 200 568
83.49.120.45 - - [12/Jun/2018:06:22:24 -0500] "GET /BLA/boletinlegal/images/screen_2.png HTTP/1.1" 200 362502
83.49.120.45 - - [12/Jun/2018:06:22:24 -0500] "GET /BLA/boletinlegal/images/screen_3.png HTTP/1.1" 200 210620
83.49.120.45 - - [12/Jun/2018:06:22:24 -0500] "GET /BLA/boletinlegal/images/arr_r.jpg HTTP/1.1" 200 1998
83.49.120.45 - - [12/Jun/2018:06:22:24 -0500] "GET /BLA/boletinlegal/images/screen_5.png HTTP/1.1" 200 368876
83.49.120.45 - - [12/Jun/2018:06:22:24 -0500] "GET /BLA/boletinlegal/images/footer_bg.jpg HTTP/1.1" 200 586
208.94.232.6 - - [12/Jun/2018:06:22:24 -0500] "HEAD /BLA/resoluciones/RESOLUCIONES%202011/1392.pdf HTTP/1.1" 200 -
208.94.232.6 - - [12/Jun/2018:06:22:29 -0500] "HEAD /BLA/resoluciones/RESOLUCIONES%202011/1269.pdf HTTP/1.1" 200 -
40.77.178.51 - - [12/Jun/2018:06:22:30 -0500] "GET /galeria/nivo-slider/demo/demo.html HTTP/1.1" 200 13225
192.168.175.104 - - [12/Jun/2018:06:22:30 -0500] "GET / HTTP/1.0" 200 9990
83.49.120.45 - - [12/Jun/2018:06:22:31 -0500] "GET /BLA/boletinlegal/images/pdf.gif HTTP/1.1" 200 567
208.94.232.6 - - [12/Jun/2018:06:22:32 -0500] "HEAD /BLA/resoluciones/RESOLUCIONES%202011/1260.pdf HTTP/1.1" 200 -
192.168.175.104 - - [12/Jun/2018:06:22:33 -0500] "GET / HTTP/1.1" 200 9990
208.94.232.6 - - [12/Jun/2018:06:22:36 -0500] "HEAD /BLA/resoluciones/RESOLUCIONES%202011/1263.pdf HTTP/1.1" 200 -
208.94.232.6 - - [12/Jun/2018:06:22:37 -0500] "HEAD /BLA/resoluciones/RESOLUCIONES%202011/1228.pdf HTTP/1.1" 200 -
208.94.232.6 - - [12/Jun/2018:06:22:40 -0500] "HEAD /BLA/resoluciones/RESOLUCIONES%202011/1389.pdf HTTP/1.1" 200 -
208.94.232.6 - - [12/Jun/2018:06:22:44 -0500] "HEAD /BLA/resoluciones/RESOLUCIONES%202011/1262.pdf HTTP/1.1" 200 -
208.94.232.6 - - [12/Jun/2018:06:22:49 -0500] "HEAD /BLA/resoluciones/RESOLUCIONES%202011/1307.pdf HTTP/1.1" 200 -
208.94.232.6 - - [12/Jun/2018:06:22:49 -0500] "HEAD /BLA/resoluciones/RESOLUCIONES%202011/1313.pdf HTTP/1.1" 200 -
208.94.232.6 - - [12/Jun/2018:06:22:56 -0500] "HEAD /BLA/resoluciones/RESOLUCIONES%202011/1264.pdf HTTP/1.1" 200 -
208.94.232.6 - - [12/Jun/2018:06:22:56 -0500] "HEAD /BLA/resoluciones/RESOLUCIONES%202011/1265.pdf HTTP/1.1" 200 -
208.94.232.6 - - [12/Jun/2018:06:22:57 -0500] "HEAD /BLA/resoluciones/RESOLUCIONES%202011/1259.pdf HTTP/1.1" 200 -
66.249.88.33 - - [12/Jun/2018:06:22:57 -0500] "GET /galeria/galeria/jquery.fancybox.css?v=2.1.5 HTTP/1.1" 200 4895
66.249.88.33 - - [12/Jun/2018:06:22:57 -0500] "GET /BLA/boletinlegal/js/jquery.scrollShow.js HTTP/1.1" 200 4586
66.249.88.33 - - [12/Jun/2018:06:22:57 -0500] "GET /galeria/galeria/jquery.fancybox.js?v=2.1.5 HTTP/1.1" 200 48706
83.49.120.45 - - [12/Jun/2018:06:23:00 -0500] "GET /BLA/boletinlegal/images/screen_2.png HTTP/1.1" 206 1
83.49.120.45 - - [12/Jun/2018:06:23:00 -0500] "GET /BLA/boletinlegal/images/screen_2.png HTTP/1.1" 206 118832
208.94.232.6 - - [12/Jun/2018:06:23:04 -0500] "HEAD /BLA/resoluciones/RESOLUCIONES%202011/1409.pdf HTTP/1.1" 200 -
208.94.232.6 - - [12/Jun/2018:06:23:05 -0500] "HEAD /BLA/resoluciones/RESOLUCIONES%202011/1390.pdf HTTP/1.1" 200 -
54.36.148.57 - - [12/Jun/2018:06:23:09 -0500] "GET /BLA/resoluciones/RESOLUCIONES%202006/RES%202006%20651-700/00000687.tif HTTP/1.1" 200 226374
83.49.120.45 - - [12/Jun/2018:06:22:17 -0500] "GET /BLA/boletinlegal/ HTTP/1.1" 200 40907
83.49.120.45 - - [12/Jun/2018:06:23:14 -0500] "GET /BLA/boletinlegal/conceptos.php HTTP/1.1" 200 7261
83.49.120.45 - - [12/Jun/2018:06:23:15 -0500] "GET /BLA/boletinlegal/js/ajax_conceptos.js HTTP/1.1" 200 1326
83.49.120.45 - - [12/Jun/2018:06:23:15 -0500] "GET /BLA/boletinlegal/niceforms-default.css HTTP/1.1" 200 6694
83.49.120.45 - - [12/Jun/2018:06:23:15 -0500] "GET /BLA/boletinlegal/niceforms.js HTTP/1.1" 200 22876
83.49.120.45 - - [12/Jun/2018:06:23:15 -0500] "GET /BLA/boletinlegal/images/abajo.png HTTP/1.1" 200 96676
83.49.120.45 - - [12/Jun/2018:06:23:16 -0500] "GET /BLA/boletinlegal/images/tel.png HTTP/1.1" 200 14477
83.49.120.45 - - [12/Jun/2018:06:23:16 -0500] "GET /BLA/boletinlegal/images/icono-email.png HTTP/1.1" 200 5544
83.49.120.45 - - [12/Jun/2018:06:23:16 -0500] "GET /BLA/boletinlegal/images/footer_bg_l.jpg HTTP/1.1" 200 776
83.49.120.45 - - [12/Jun/2018:06:23:17 -0500] "GET /BLA/boletinlegal/img/0.png HTTP/1.1" 200 110
83.49.120.45 - - [12/Jun/2018:06:23:17 -0500] "GET /BLA/boletinlegal/img/button-right.png HTTP/1.1" 200 57878
83.49.120.45 - - [12/Jun/2018:06:23:17 -0500] "GET /BLA/boletinlegal/img/button-left.png HTTP/1.1" 200 57071
83.49.120.45 - - [12/Jun/2018:06:23:17 -0500] "GET /BLA/boletinlegal/img/button.png HTTP/1.1" 200 43241
83.49.120.45 - - [12/Jun/2018:06:23:17 -0500] "GET /BLA/boletinlegal/img/select-right.png HTTP/1.1" 200 44019
83.49.120.45 - - [12/Jun/2018:06:23:17 -0500] "GET /favicon.ico HTTP/1.1" 200 7782
83.49.120.45 - - [12/Jun/2018:06:23:17 -0500] "GET /BLA/boletinlegal/img/select-left.png HTTP/1.1" 200 263
192.168.175.104 - - [12/Jun/2018:06:23:18 -0500] "GET / HTTP/1.1" 200 9990
190.73.229.86 - - [12/Jun/2018:06:23:20 -0500] "GET /BLA/boletinlegal/js/jquery.scrollShow.js HTTP/1.1" 200 4586
190.73.229.86 - - [12/Jun/2018:06:23:20 -0500] "GET /galeria/galeria/jquery.fancybox.css?v=2.1.5 HTTP/1.1" 200 4895
190.73.229.86 - - [12/Jun/2018:06:23:20 -0500] "GET /galeria/galeria/jquery.fancybox.js?v=2.1.5 HTTP/1.1" 200 48706
83.49.120.45 - - [12/Jun/2018:06:22:52 -0500] "GET /BLA/boletinlegal/index.php HTTP/1.1" 200 24523
83.49.120.45 - - [12/Jun/2018:06:23:23 -0500] "GET /BLA/boletinlegal/normativa.php HTTP/1.1" 200 8122
83.49.120.45 - - [12/Jun/2018:06:23:24 -0500] "GET /BLA/boletinlegal/js/ajax_normativa.js HTTP/1.1" 200 1154
190.73.229.86 - - [12/Jun/2018:06:23:28 -0500] "GET /galeria/galeria/jquery.fancybox.css?v=2.1.5 HTTP/1.1" 304 -
190.73.229.86 - - [12/Jun/2018:06:23:28 -0500] "GET /BLA/boletinlegal/js/jquery.scrollShow.js HTTP/1.1" 304 -
190.73.229.86 - - [12/Jun/2018:06:23:28 -0500] "GET /galeria/galeria/jquery.fancybox.js?v=2.1.5 HTTP/1.1" 304 -
35.187.34.70 - - [12/Jun/2018:06:23:32 -0500] "-" 408 -
66.249.88.33 - - [12/Jun/2018:06:23:37 -0500] "GET /galeria/galeria/fotos/Entrenube2G.jpg HTTP/1.1" 200 111422
208.94.232.6 - - [12/Jun/2018:06:23:39 -0500] "HEAD /BLA/resoluciones/RESOLUCIONES%202011/1257.pdf HTTP/1.1" 200 -
208.94.232.6 - - [12/Jun/2018:06:23:41 -0500] "HEAD /BLA/resoluciones/RESOLUCIONES%202011/1266.pdf HTTP/1.1" 200 -
208.94.232.6 - - [12/Jun/2018:06:23:42 -0500] "HEAD /BLA/resoluciones/RESOLUCIONES%202011/1248.pdf HTTP/1.1" 200 -
190.60.101.101 - - [12/Jun/2018:06:23:43 -0500] "GET /BLA/boletinlegal/js/jquery.scrollShow.js HTTP/1.1" 200 4586
190.60.101.105 - - [12/Jun/2018:06:23:43 -0500] "GET /galeria/galeria/jquery.fancybox.css?v=2.1.5 HTTP/1.1" 200 4895
190.60.101.103 - - [12/Jun/2018:06:23:43 -0500] "GET /galeria/galeria/jquery.fancybox.js?v=2.1.5 HTTP/1.1" 200 48706
190.60.101.104 - - [12/Jun/2018:06:23:47 -0500] "GET /BLA/boletinlegal/js/jquery.scrollShow.js HTTP/1.1" 304 -
190.60.101.108 - - [12/Jun/2018:06:23:47 -0500] "GET /galeria/galeria/jquery.fancybox.js?v=2.1.5 HTTP/1.1" 304 -
190.60.101.102 - - [12/Jun/2018:06:23:47 -0500] "GET /galeria/galeria/jquery.fancybox.css?v=2.1.5 HTTP/1.1" 304 -
208.94.232.6 - - [12/Jun/2018:06:23:49 -0500] "HEAD /BLA/resoluciones/RESOLUCIONES%202011/1403.pdf HTTP/1.1" 200 -
83.49.120.45 - - [12/Jun/2018:06:23:50 -0500] "GET /BLA/boletinlegal/consulta_normativa.php?tipo=Resolucion&sector=Aire&ano=2010&resuelve= HTTP/1.1" 200 454
208.94.232.6 - - [12/Jun/2018:06:23:52 -0500] "HEAD /BLA/resoluciones/RESOLUCIONES%202011/1391.pdf HTTP/1.1" 200 -
208.94.232.6 - - [12/Jun/2018:06:24:03 -0500] "HEAD /BLA/resoluciones/RESOLUCIONES%202011/1316.pdf HTTP/1.1" 200 -
83.49.120.45 - - [12/Jun/2018:06:24:04 -0500] "GET /BLA/boletinlegal/consulta_normativa.php?tipo=Resolucion&sector=Aire&ano=2017&resuelve= HTTP/1.1" 200 454
181.52.145.107 - - [12/Jun/2018:06:24:04 -0500] "GET /BLA/resoluciones/RESOLUCIONES%202013/1322.pdf HTTP/1.1" 200 3353708
208.94.232.6 - - [12/Jun/2018:06:24:04 -0500] "HEAD /BLA/resoluciones/RESOLUCIONES%202011/1332.pdf HTTP/1.1" 200 -
181.52.145.107 - - [12/Jun/2018:06:24:05 -0500] "GET /favicon.ico HTTP/1.1" 200 7782
186.113.10.19 - - [12/Jun/2018:06:24:12 -0500] "GET /galeria/nivo-slider/demo/images/educacionambiental1.jpg HTTP/1.1" 304 -
208.94.232.6 - - [12/Jun/2018:06:24:14 -0500] "HEAD /BLA/resoluciones/RESOLUCIONES%202011/1276.pdf HTTP/1.1" 200 -
83.49.120.45 - - [12/Jun/2018:06:24:15 -0500] "GET /BLA/boletinlegal/consulta_normativa.php?tipo=Resolucion&sector=Aire&ano=2017&resuelve= HTTP/1.1" 200 454
191.103.251.13 - - [12/Jun/2018:06:24:21 -0500] "GET /BLA/resoluciones/AUTOS%202012/1884.pdf HTTP/1.1" 200 1039040
83.49.120.45 - - [12/Jun/2018:06:24:30 -0500] "GET /BLA/boletinlegal/consulta_normativa.php?tipo=Resolucion&sector=ruido&ano=2017&resuelve= HTTP/1.1" 200 454
208.94.232.6 - - [12/Jun/2018:06:24:31 -0500] "HEAD /BLA/resoluciones/RESOLUCIONES%202011/1280.pdf HTTP/1.1" 200 -
208.94.232.6 - - [12/Jun/2018:06:24:34 -0500] "HEAD /BLA/resoluciones/RESOLUCIONES%202011/1388.pdf HTTP/1.1" 200 -
208.94.232.6 - - [12/Jun/2018:06:24:43 -0500] "HEAD /BLA/resoluciones/RESOLUCIONES%202011/1344.pdf HTTP/1.1" 200 -
208.94.232.6 - - [12/Jun/2018:06:24:44 -0500] "HEAD /BLA/resoluciones/RESOLUCIONES%202011/1299.pdf HTTP/1.1" 200 -
181.49.79.96 - - [12/Jun/2018:06:24:48 -0500] "GET /galeria/nivo-slider/demo/demo.html HTTP/1.1" 304 -
208.94.232.6 - - [12/Jun/2018:06:24:56 -0500] "HEAD /BLA/resoluciones/RESOLUCIONES%202011/1275.pdf HTTP/1.1" 200 -
208.94.232.6 - - [12/Jun/2018:06:25:10 -0500] "HEAD /BLA/resoluciones/RESOLUCIONES%202011/1417.pdf HTTP/1.1" 200 -
208.94.232.6 - - [12/Jun/2018:06:25:13 -0500] "HEAD /BLA/resoluciones/RESOLUCIONES%202011/1396.pdf HTTP/1.1" 200 -
83.49.120.45 - - [12/Jun/2018:06:25:19 -0500] "GET /BLA/boletinlegal/images/background.gif HTTP/1.1" 200 -
208.94.232.6 - - [12/Jun/2018:06:25:21 -0500] "HEAD /BLA/resoluciones/RESOLUCIONES%202011/1270.pdf HTTP/1.1" 200 -
69.162.124.233 - - [12/Jun/2018:06:25:23 -0500] "HEAD / HTTP/1.1" 200 -
190.27.98.136 - - [12/Jun/2018:06:25:24 -0500] "GET /galeria/galeria/jquery.fancybox.css?v=2.1.5 HTTP/1.1" 200 4895
190.27.98.136 - - [12/Jun/2018:06:25:24 -0500] "GET /BLA/boletinlegal/js/jquery.scrollShow.js HTTP/1.1" 200 4586
190.27.98.136 - - [12/Jun/2018:06:25:24 -0500] "GET /galeria/galeria/jquery.fancybox.js?v=2.1.5 HTTP/1.1" 200 48706
208.94.232.6 - - [12/Jun/2018:06:25:25 -0500] "HEAD /BLA/resoluciones/RESOLUCIONES%202011/1395.pdf HTTP/1.1" 200 -
190.27.98.136 - - [12/Jun/2018:06:25:28 -0500] "GET /galeria/galeria/jquery.fancybox.css?v=2.1.5 HTTP/1.1" 304 -
190.27.98.136 - - [12/Jun/2018:06:25:28 -0500] "GET /BLA/boletinlegal/js/jquery.scrollShow.js HTTP/1.1" 304 -
190.27.98.136 - - [12/Jun/2018:06:25:28 -0500] "GET /galeria/galeria/jquery.fancybox.js?v=2.1.5 HTTP/1.1" 304 -
208.94.232.6 - - [12/Jun/2018:06:25:29 -0500] "HEAD /BLA/resoluciones/RESOLUCIONES%202011/1394.pdf HTTP/1.1" 200 -
208.94.232.6 - - [12/Jun/2018:06:25:33 -0500] "HEAD /BLA/resoluciones/RESOLUCIONES%202011/1278.pdf HTTP/1.1" 200 -
208.94.232.6 - - [12/Jun/2018:06:25:38 -0500] "HEAD /BLA/resoluciones/RESOLUCIONES%202011/1432.pdf HTTP/1.1" 200 -
208.94.232.6 - - [12/Jun/2018:06:25:39 -0500] "HEAD /BLA/resoluciones/RESOLUCIONES%202011/1434.pdf HTTP/1.1" 200 -
83.49.120.45 - - [12/Jun/2018:06:24:53 -0500] "GET /BLA/boletinlegal/index.php HTTP/1.1" 200 40907
208.94.232.6 - - [12/Jun/2018:06:26:03 -0500] "HEAD /BLA/resoluciones/RESOLUCIONES%202011/1296.pdf HTTP/1.1" 200 -
208.94.232.6 - - [12/Jun/2018:06:26:13 -0500] "HEAD /BLA/resoluciones/RESOLUCIONES%202011/1281.pdf HTTP/1.1" 200 -
208.94.232.6 - - [12/Jun/2018:06:26:13 -0500] "HEAD /BLA/resoluciones/RESOLUCIONES%202011/1282.pdf HTTP/1.1" 200 -
54.36.148.218 - - [12/Jun/2018:06:26:13 -0500] "GET /BLA/resoluciones/RESOLUCIONES%202002/RES%202002%201401-1450/20021435.tif HTTP/1.1" 200 41922
208.94.232.6 - - [12/Jun/2018:06:26:27 -0500] "HEAD /BLA/resoluciones/RESOLUCIONES%202011/1300.pdf HTTP/1.1" 200 -
208.94.232.6 - - [12/Jun/2018:06:26:27 -0500] "HEAD /BLA/resoluciones/RESOLUCIONES%202011/1318.pdf HTTP/1.1" 200 -
208.94.232.6 - - [12/Jun/2018:06:26:32 -0500] "HEAD /BLA/resoluciones/RESOLUCIONES%202011/1290.pdf HTTP/1.1" 200 -
208.94.232.6 - - [12/Jun/2018:06:26:35 -0500] "HEAD /BLA/resoluciones/RESOLUCIONES%202011/1419.pdf HTTP/1.1" 200 -
186.155.228.34 - - [12/Jun/2018:06:26:40 -0500] "GET /galeria/nivo-slider/demo/demo.html HTTP/1.1" 304 -
66.249.65.153 - - [12/Jun/2018:06:26:44 -0500] "GET /BLA/resoluciones/AUTOS%202009/1252.pdf HTTP/1.1" 200 186039
186.155.228.34 - - [12/Jun/2018:06:26:49 -0500] "GET /galeria/nivo-slider/demo/images/calculadora-de-c-onsumo-responsable.jpg HTTP/1.1" 304 -
186.155.228.34 - - [12/Jun/2018:06:26:49 -0500] "GET /galeria/nivo-slider/demo/images/SemanaAmbiental_.jpg HTTP/1.1" 304 -
186.155.228.34 - - [12/Jun/2018:06:26:49 -0500] "GET /galeria/nivo-slider/demo/images/Banner%20caminatas-Junio.jpg HTTP/1.1" 304 -
186.155.228.34 - - [12/Jun/2018:06:26:49 -0500] "GET /galeria/nivo-slider/demo/images/Otorgamiento-excelencia-ambiental-Jos%C3%A9-Celestino-Mutis-2.jpg HTTP/1.1" 304 -
83.49.120.45 - - [12/Jun/2018:06:25:33 -0500] "GET /BLA/boletinlegal/index.php HTTP/1.1" 200 58793
83.49.120.45 - - [12/Jun/2018:06:26:50 -0500] "GET /BLA/boletinlegal/images/img_1.jpg HTTP/1.1" 200 8067
208.94.232.6 - - [12/Jun/2018:06:26:50 -0500] "HEAD /BLA/resoluciones/RESOLUCIONES%202011/1283.pdf HTTP/1.1" 200 -
83.49.120.45 - - [12/Jun/2018:06:26:50 -0500] "GET /BLA/boletinlegal/images/img_3.jpg HTTP/1.1" 200 1841
54.36.149.25 - - [12/Jun/2018:06:26:53 -0500] "GET /autoliquidacion/index.php?dir=TR%C1MITES+AGUAS+SUBTERR%C1NEAS%2F126PM04-PR92-+PERMISO+EXPLORACI%D3N+AGUAS+SUBTERRANEAS%2F HTTP/1.1" 200 2947
186.155.228.34 - - [12/Jun/2018:06:26:53 -0500] "GET /galeria/nivo-slider/demo/images/Banner_micrositio.png HTTP/1.1" 304 -
186.155.228.34 - - [12/Jun/2018:06:26:53 -0500] "GET /galeria/nivo-slider/demo/images/avances-sentencias-rio-bogota-2.jpg HTTP/1.1" 304 -
208.94.232.6 - - [12/Jun/2018:06:26:55 -0500] "HEAD /BLA/resoluciones/RESOLUCIONES%202011/1327.pdf HTTP/1.1" 200 -
208.94.232.6 - - [12/Jun/2018:06:27:03 -0500] "HEAD /BLA/resoluciones/RESOLUCIONES%202011/1397.pdf HTTP/1.1" 200 -
201.245.192.253 - - [12/Jun/2018:06:27:17 -0500] "GET /sipse/faces/presentacion/financiero/solicitudProceso/crearModificarSolicitudProceso.xhtml HTTP/1.1" 302 -
201.245.192.253 - - [12/Jun/2018:06:27:17 -0500] "GET /sipse/faces/autenticacion.xhtml HTTP/1.1" 200 12170
201.245.192.253 - - [12/Jun/2018:06:27:17 -0500] "GET /sipse/js/disable_browser_buttons.js HTTP/1.1" 200 3230
201.245.192.253 - - [12/Jun/2018:06:27:17 -0500] "GET /sipse/css/custom_css_sg.css HTTP/1.1" 200 9694
201.245.192.253 - - [12/Jun/2018:06:27:17 -0500] "GET /sipse/css/custom_css_sg_prime_login.css HTTP/1.1" 200 443
201.245.192.253 - - [12/Jun/2018:06:27:17 -0500] "GET /sipse/faces/javax.faces.resource/layout/layout.css?ln=primefaces&v=4.0 HTTP/1.1" 200 542
201.245.192.253 - - [12/Jun/2018:06:27:17 -0500] "GET /sipse/faces/javax.faces.resource/primefaces.css?ln=primefaces&v=4.0 HTTP/1.1" 200 53295
201.245.192.253 - - [12/Jun/2018:06:27:17 -0500] "GET /sipse/js/funciones.js HTTP/1.1" 200 12592
201.245.192.253 - - [12/Jun/2018:06:27:17 -0500] "GET /sipse/faces/javax.faces.resource/theme.css?ln=primefaces-sipse HTTP/1.1" 200 50058
201.245.192.253 - - [12/Jun/2018:06:27:17 -0500] "GET /sipse/faces/javax.faces.resource/layout/layout.js?ln=primefaces&v=4.0 HTTP/1.1" 200 87560
201.245.192.253 - - [12/Jun/2018:06:27:17 -0500] "GET /sipse/faces/javax.faces.resource/jquery/jquery-plugins.js?ln=primefaces&v=4.0 HTTP/1.1" 200 220526
201.245.192.253 - - [12/Jun/2018:06:27:17 -0500] "GET /sipse/faces/javax.faces.resource/primefaces.js?ln=primefaces&v=4.0 HTTP/1.1" 200 276924
201.245.192.253 - - [12/Jun/2018:06:27:17 -0500] "GET /sipse/faces/javax.faces.resource/jquery/jquery.js?ln=primefaces&v=4.0 HTTP/1.1" 200 105384
201.245.192.253 - - [12/Jun/2018:06:27:18 -0500] "GET /sipse/css/imagen/loginimg.png HTTP/1.1" 200 104836
201.245.192.253 - - [12/Jun/2018:06:27:18 -0500] "GET /sipse/faces/javax.faces.resource/images/ui-icons_898989_256x240.png?ln=primefaces-aristo HTTP/1.1" 200 5355
201.245.192.253 - - [12/Jun/2018:06:27:18 -0500] "GET /sipse/css/imagen/logoSDG.png HTTP/1.1" 200 18199
201.245.192.253 - - [12/Jun/2018:06:27:18 -0500] "GET /sipse/faces/index.xhtml HTTP/1.1" 200 677
201.245.192.253 - - [12/Jun/2018:06:27:18 -0500] "GET /sipse/faces/javax.faces.resource/theme.css?ln=primefaces-sipse HTTP/1.1" 304 -
201.245.192.253 - - [12/Jun/2018:06:27:19 -0500] "GET /sipse/faces/faces/autenticacion.xhtml HTTP/1.1" 200 12170
201.245.192.253 - - [12/Jun/2018:06:27:19 -0500] "GET /sipse/faces/javax.faces.resource/theme.css?ln=primefaces-sipse HTTP/1.1" 304 -
201.245.192.253 - - [12/Jun/2018:06:27:19 -0500] "GET /sipse/faces/javax.faces.resource/jquery/jquery.js?ln=primefaces&v=4.0 HTTP/1.1" 304 -
201.245.192.253 - - [12/Jun/2018:06:27:19 -0500] "GET /sipse/faces/javax.faces.resource/jquery/jquery-plugins.js?ln=primefaces&v=4.0 HTTP/1.1" 304 -
201.245.192.253 - - [12/Jun/2018:06:27:19 -0500] "GET /sipse/faces/javax.faces.resource/primefaces.css?ln=primefaces&v=4.0 HTTP/1.1" 304 -
201.245.192.253 - - [12/Jun/2018:06:27:19 -0500] "GET /sipse/faces/javax.faces.resource/layout/layout.css?ln=primefaces&v=4.0 HTTP/1.1" 304 -
201.245.192.253 - - [12/Jun/2018:06:27:19 -0500] "GET /sipse/faces/javax.faces.resource/primefaces.js?ln=primefaces&v=4.0 HTTP/1.1" 304 -
201.245.192.253 - - [12/Jun/2018:06:27:19 -0500] "GET /sipse/faces/javax.faces.resource/layout/layout.js?ln=primefaces&v=4.0 HTTP/1.1" 304 -
201.245.192.253 - - [12/Jun/2018:06:27:19 -0500] "GET /sipse/faces/javax.faces.resource/images/ui-icons_898989_256x240.png?ln=primefaces-aristo HTTP/1.1" 304 -
201.245.192.253 - - [12/Jun/2018:06:27:24 -0500] "POST /sipse/faces/autenticacion.xhtml HTTP/1.1" 200 2230
201.245.192.253 - - [12/Jun/2018:06:27:25 -0500] "GET /sipse/faces/javax.faces.resource/messages/messages.png?ln=primefaces&v=4.0 HTTP/1.1" 200 27209
201.245.192.253 - - [12/Jun/2018:06:27:26 -0500] "POST /sipse/faces/autenticacion.xhtml HTTP/1.1" 200 16012
201.245.192.253 - - [12/Jun/2018:06:27:27 -0500] "GET /sipse/css/custom_css_sg_prime.css HTTP/1.1" 200 5201
201.245.192.253 - - [12/Jun/2018:06:27:27 -0500] "GET /sipse/faces/javax.faces.resource/theme.css?ln=primefaces-sipse HTTP/1.1" 304 -
201.245.192.253 - - [12/Jun/2018:06:27:27 -0500] "GET /sipse/faces/javax.faces.resource/primefaces.css?ln=primefaces&v=4.0 HTTP/1.1" 304 -
201.245.192.253 - - [12/Jun/2018:06:27:27 -0500] "GET /sipse/faces/javax.faces.resource/layout/layout.css?ln=primefaces&v=4.0 HTTP/1.1" 304 -
201.245.192.253 - - [12/Jun/2018:06:27:27 -0500] "GET /sipse/js/jquery.min.js HTTP/1.1" 200 85582
201.245.192.253 - - [12/Jun/2018:06:27:27 -0500] "GET /sipse/faces/javax.faces.resource/jquery/jquery.js?ln=primefaces&v=4.0 HTTP/1.1" 304 -
201.245.192.253 - - [12/Jun/2018:06:27:27 -0500] "GET /sipse/faces/javax.faces.resource/jquery/jquery-plugins.js?ln=primefaces&v=4.0 HTTP/1.1" 304 -
208.94.232.6 - - [12/Jun/2018:06:27:27 -0500] "HEAD /BLA/resoluciones/RESOLUCIONES%202011/1273.pdf HTTP/1.1" 200 -
201.245.192.253 - - [12/Jun/2018:06:27:27 -0500] "GET /sipse/faces/javax.faces.resource/primefaces.js?ln=primefaces&v=4.0 HTTP/1.1" 304 -
201.245.192.253 - - [12/Jun/2018:06:27:27 -0500] "GET /sipse/faces/javax.faces.resource/layout/layout.js?ln=primefaces&v=4.0 HTTP/1.1" 304 -
201.245.192.253 - - [12/Jun/2018:06:27:27 -0500] "GET /sipse/css/imagen/contrasena.png HTTP/1.1" 404 383
201.245.192.253 - - [12/Jun/2018:06:27:27 -0500] "GET /sipse/imagenes/cargando.gif HTTP/1.1" 200 36959
201.245.192.253 - - [12/Jun/2018:06:27:27 -0500] "GET /sipse/imagenes/logoAplicacion.jpg HTTP/1.1" 200 155084
192.168.175.104 - - [12/Jun/2018:06:27:29 -0500] "GET / HTTP/1.0" 200 9990
208.94.232.6 - - [12/Jun/2018:06:27:31 -0500] "HEAD /BLA/resoluciones/RESOLUCIONES%202011/1329.pdf HTTP/1.1" 200 -
208.94.232.6 - - [12/Jun/2018:06:27:31 -0500] "HEAD /BLA/resoluciones/RESOLUCIONES%202011/1429.pdf HTTP/1.1" 200 -
192.168.175.104 - - [12/Jun/2018:06:27:31 -0500] "GET / HTTP/1.1" 200 9990
208.94.232.6 - - [12/Jun/2018:06:27:41 -0500] "HEAD /BLA/resoluciones/RESOLUCIONES%202011/1430.pdf HTTP/1.1" 200 -
208.94.232.6 - - [12/Jun/2018:06:27:48 -0500] "HEAD /BLA/resoluciones/RESOLUCIONES%202011/1402.pdf HTTP/1.1" 200 -
208.94.232.6 - - [12/Jun/2018:06:27:56 -0500] "HEAD /BLA/resoluciones/RESOLUCIONES%202011/1343.pdf HTTP/1.1" 200 -
66.249.65.153 - - [12/Jun/2018:06:27:59 -0500] "GET /robots.txt HTTP/1.1" 404 1018
66.249.65.156 - - [12/Jun/2018:06:27:59 -0500] "GET /BLA/resoluciones/AUTOS%202009/3528.pdf HTTP/1.1" 200 210372
208.94.232.6 - - [12/Jun/2018:06:28:07 -0500] "HEAD /BLA/resoluciones/RESOLUCIONES%202011/1420.pdf HTTP/1.1" 200 -
208.94.232.6 - - [12/Jun/2018:06:28:08 -0500] "HEAD /BLA/resoluciones/RESOLUCIONES%202011/1352.pdf HTTP/1.1" 200 -
192.168.175.104 - - [12/Jun/2018:06:28:16 -0500] "GET / HTTP/1.1" 200 9990
208.94.232.6 - - [12/Jun/2018:06:28:17 -0500] "HEAD /BLA/resoluciones/RESOLUCIONES%202011/1439.pdf HTTP/1.1" 200 -
208.94.232.6 - - [12/Jun/2018:06:28:26 -0500] "HEAD /BLA/resoluciones/RESOLUCIONES%202011/1351.pdf HTTP/1.1" 200 -
208.94.232.6 - - [12/Jun/2018:06:28:28 -0500] "HEAD /BLA/resoluciones/RESOLUCIONES%202011/1482.pdf HTTP/1.1" 200 -
208.94.232.6 - - [12/Jun/2018:06:28:32 -0500] "HEAD /BLA/resoluciones/RESOLUCIONES%202011/1376.pdf HTTP/1.1" 200 -
208.94.232.6 - - [12/Jun/2018:06:28:34 -0500] "HEAD /BLA/resoluciones/RESOLUCIONES%202011/1481.pdf HTTP/1.1" 200 -
208.94.232.6 - - [12/Jun/2018:06:28:36 -0500] "HEAD /BLA/resoluciones/RESOLUCIONES%202011/1347.pdf HTTP/1.1" 200 -
208.94.232.6 - - [12/Jun/2018:06:28:38 -0500] "HEAD /BLA/resoluciones/RESOLUCIONES%202011/1303.pdf HTTP/1.1" 200 -
208.94.232.6 - - [12/Jun/2018:06:28:39 -0500] "HEAD /BLA/resoluciones/RESOLUCIONES%202011/1320.pdf HTTP/1.1" 200 -
208.94.232.6 - - [12/Jun/2018:06:28:44 -0500] "HEAD /BLA/resoluciones/RESOLUCIONES%202011/1363.pdf HTTP/1.1" 200 -
83.49.120.45 - - [12/Jun/2018:06:28:49 -0500] "GET /BLA/boletinlegal/normativa.php HTTP/1.1" 200 8122
208.94.232.6 - - [12/Jun/2018:06:28:51 -0500] "HEAD /BLA/resoluciones/RESOLUCIONES%202011/1440.pdf HTTP/1.1" 200 -
201.245.192.253 - - [12/Jun/2018:06:29:06 -0500] "GET /sipse/faces/javax.faces.resource/images/ui-bg_flat_0_2d5972_40x100.png?ln=primefaces-aristo HTTP/1.1" 200 183
201.245.192.253 - - [12/Jun/2018:06:29:06 -0500] "POST /sipse/faces/bienvenido.xhtml HTTP/1.1" 200 2658
208.94.232.6 - - [12/Jun/2018:06:29:07 -0500] "HEAD /BLA/resoluciones/RESOLUCIONES%202011/1319.pdf HTTP/1.1" 200 -
201.245.192.253 - - [12/Jun/2018:06:29:07 -0500] "POST /sipse/faces/bienvenido.xhtml HTTP/1.1" 200 64062
201.245.192.253 - - [12/Jun/2018:06:29:10 -0500] "GET /sipse/faces/javax.faces.resource/primefaces.css?ln=primefaces&v=4.0 HTTP/1.1" 304 -
201.245.192.253 - - [12/Jun/2018:06:29:10 -0500] "GET /sipse/faces/javax.faces.resource/theme.css?ln=primefaces-sipse HTTP/1.1" 304 -
201.245.192.253 - - [12/Jun/2018:06:29:10 -0500] "GET /sipse/faces/javax.faces.resource/layout/layout.css?ln=primefaces&v=4.0 HTTP/1.1" 304 -
201.245.192.253 - - [12/Jun/2018:06:29:10 -0500] "GET /sipse/faces/javax.faces.resource/jquery/jquery.js?ln=primefaces&v=4.0 HTTP/1.1" 304 -
201.245.192.253 - - [12/Jun/2018:06:29:10 -0500] "GET /sipse/faces/javax.faces.resource/jquery/jquery-plugins.js?ln=primefaces&v=4.0 HTTP/1.1" 304 -
201.245.192.253 - - [12/Jun/2018:06:29:10 -0500] "GET /sipse/faces/javax.faces.resource/primefaces.js?ln=primefaces&v=4.0 HTTP/1.1" 304 -
201.245.192.253 - - [12/Jun/2018:06:29:11 -0500] "GET /sipse/faces/javax.faces.resource/layout/layout.js?ln=primefaces&v=4.0 HTTP/1.1" 304 -
201.245.192.253 - - [12/Jun/2018:06:29:11 -0500] "GET /sipse/css/imagen/contrasena.png HTTP/1.1" 404 383
66.249.65.153 - - [12/Jun/2018:06:29:13 -0500] "GET /BLA/resoluciones/RESOLUCIONES%202008/3089.pdf HTTP/1.1" 200 348296
208.94.232.6 - - [12/Jun/2018:06:29:14 -0500] "HEAD /BLA/resoluciones/RESOLUCIONES%202011/1321.pdf HTTP/1.1" 200 -
201.245.192.253 - - [12/Jun/2018:06:29:11 -0500] "POST /sipse/faces/presentacion/financiero/solicitudProceso/listarSolicitudProceso.xhtml HTTP/1.1" 200 1452
54.36.148.103 - - [12/Jun/2018:06:29:16 -0500] "GET /BLA/resoluciones/RESOLUCIONES%202004/RES%202004%201501-1550/00001528.tif HTTP/1.1" 200 45494
186.155.13.223 - - [12/Jun/2018:06:29:17 -0500] "GET /BLA/resoluciones/RESOLUCIONES%20CONJUNTAS/Resolucion%20conjunta%20No.%20001-2017.pdf HTTP/1.1" 200 332456
186.155.13.223 - - [12/Jun/2018:06:29:17 -0500] "GET /favicon.ico HTTP/1.1" 200 7782
208.94.232.6 - - [12/Jun/2018:06:29:17 -0500] "HEAD /BLA/resoluciones/RESOLUCIONES%202011/1425.pdf HTTP/1.1" 200 -
208.94.232.6 - - [12/Jun/2018:06:29:19 -0500] "HEAD /BLA/resoluciones/RESOLUCIONES%202011/1362.pdf HTTP/1.1" 200 -
201.245.192.253 - - [12/Jun/2018:06:29:26 -0500] "POST /sipse/faces/presentacion/financiero/solicitudProceso/listarSolicitudProceso.xhtml HTTP/1.1" 200 114246
201.245.192.253 - - [12/Jun/2018:06:29:28 -0500] "GET /sipse/faces/javax.faces.resource/theme.css?ln=primefaces-sipse HTTP/1.1" 304 -
201.245.192.253 - - [12/Jun/2018:06:29:28 -0500] "GET /sipse/faces/javax.faces.resource/primefaces.css?ln=primefaces&v=4.0 HTTP/1.1" 304 -
201.245.192.253 - - [12/Jun/2018:06:29:28 -0500] "GET /sipse/faces/javax.faces.resource/layout/layout.css?ln=primefaces&v=4.0 HTTP/1.1" 304 -
201.245.192.253 - - [12/Jun/2018:06:29:28 -0500] "GET /sipse/faces/javax.faces.resource/jquery/jquery.js?ln=primefaces&v=4.0 HTTP/1.1" 304 -
201.245.192.253 - - [12/Jun/2018:06:29:28 -0500] "GET /sipse/faces/javax.faces.resource/jquery/jquery-plugins.js?ln=primefaces&v=4.0 HTTP/1.1" 304 -
201.245.192.253 - - [12/Jun/2018:06:29:28 -0500] "GET /sipse/faces/javax.faces.resource/primefaces.js?ln=primefaces&v=4.0 HTTP/1.1" 304 -
201.245.192.253 - - [12/Jun/2018:06:29:28 -0500] "GET /sipse/faces/javax.faces.resource/layout/layout.js?ln=primefaces&v=4.0 HTTP/1.1" 304 -
201.245.192.253 - - [12/Jun/2018:06:29:28 -0500] "GET /sipse/faces/javax.faces.resource/spacer/dot_clear.gif?ln=primefaces&v=4.0 HTTP/1.1" 200 42
201.245.192.253 - - [12/Jun/2018:06:29:28 -0500] "GET /sipse/css/imagen/contrasena.png HTTP/1.1" 404 383
186.84.8.44 - - [12/Jun/2018:06:29:29 -0500] "GET /BLA/boletinlegal/js/jquery.scrollShow.js HTTP/1.1" 200 4586
186.84.8.44 - - [12/Jun/2018:06:29:29 -0500] "GET /galeria/galeria/jquery.fancybox.js?v=2.1.5 HTTP/1.1" 200 48706
186.84.8.44 - - [12/Jun/2018:06:29:29 -0500] "GET /galeria/galeria/jquery.fancybox.css?v=2.1.5 HTTP/1.1" 200 4895
208.94.232.6 - - [12/Jun/2018:06:29:29 -0500] "HEAD /BLA/resoluciones/RESOLUCIONES%202011/1408.pdf HTTP/1.1" 200 -
186.84.8.44 - - [12/Jun/2018:06:29:30 -0500] "GET /galeria/galeria/jquery.fancybox.css?v=2.1.5 HTTP/1.1" 304 -
186.84.8.44 - - [12/Jun/2018:06:29:30 -0500] "GET /BLA/boletinlegal/js/jquery.scrollShow.js HTTP/1.1" 304 -
186.84.8.44 - - [12/Jun/2018:06:29:30 -0500] "GET /galeria/galeria/jquery.fancybox.js?v=2.1.5 HTTP/1.1" 304 -
208.94.232.6 - - [12/Jun/2018:06:29:30 -0500] "HEAD /BLA/resoluciones/RESOLUCIONES%202011/1304.pdf HTTP/1.1" 200 -
201.245.192.253 - - [12/Jun/2018:06:29:31 -0500] "POST /sipse/faces/presentacion/financiero/solicitudProceso/consultarSolicitudProceso.xhtml HTTP/1.1" 200 64062
201.245.192.253 - - [12/Jun/2018:06:29:31 -0500] "GET /sipse/faces/javax.faces.resource/theme.css?ln=primefaces-sipse HTTP/1.1" 304 -
201.245.192.253 - - [12/Jun/2018:06:29:31 -0500] "GET /sipse/faces/javax.faces.resource/layout/layout.css?ln=primefaces&v=4.0 HTTP/1.1" 304 -
201.245.192.253 - - [12/Jun/2018:06:29:31 -0500] "GET /sipse/faces/javax.faces.resource/primefaces.css?ln=primefaces&v=4.0 HTTP/1.1" 304 -
201.245.192.253 - - [12/Jun/2018:06:29:31 -0500] "GET /sipse/faces/javax.faces.resource/jquery/jquery.js?ln=primefaces&v=4.0 HTTP/1.1" 304 -
201.245.192.253 - - [12/Jun/2018:06:29:31 -0500] "GET /sipse/faces/javax.faces.resource/jquery/jquery-plugins.js?ln=primefaces&v=4.0 HTTP/1.1" 304 -
201.245.192.253 - - [12/Jun/2018:06:29:31 -0500] "GET /sipse/faces/javax.faces.resource/primefaces.js?ln=primefaces&v=4.0 HTTP/1.1" 304 -
201.245.192.253 - - [12/Jun/2018:06:29:31 -0500] "GET /sipse/faces/javax.faces.resource/layout/layout.js?ln=primefaces&v=4.0 HTTP/1.1" 304 -
201.245.192.253 - - [12/Jun/2018:06:29:31 -0500] "GET /sipse/css/imagen/contrasena.png HTTP/1.1" 404 383
201.245.192.253 - - [12/Jun/2018:06:29:31 -0500] "POST /sipse/faces/presentacion/financiero/solicitudProceso/listarSolicitudProceso.xhtml HTTP/1.1" 200 57331
201.245.192.253 - - [12/Jun/2018:06:29:32 -0500] "POST /sipse/faces/presentacion/financiero/solicitudProceso/listarSolicitudProceso.xhtml HTTP/1.1" 200 57331
201.245.192.253 - - [12/Jun/2018:06:29:32 -0500] "POST /sipse/faces/presentacion/financiero/solicitudProceso/listarSolicitudProceso.xhtml HTTP/1.1" 200 1452
208.94.232.6 - - [12/Jun/2018:06:29:35 -0500] "HEAD /BLA/resoluciones/RESOLUCIONES%202011/1499.pdf HTTP/1.1" 200 -
201.245.192.253 - - [12/Jun/2018:06:29:34 -0500] "POST /sipse/faces/presentacion/financiero/solicitudProceso/listarSolicitudProceso.xhtml HTTP/1.1" 200 1452
201.245.192.253 - - [12/Jun/2018:06:29:36 -0500] "POST /sipse/faces/presentacion/financiero/solicitudProceso/listarSolicitudProceso.xhtml HTTP/1.1" 200 1452
201.184.86.74 - - [12/Jun/2018:06:29:41 -0500] "GET /galeria/nivo-slider/demo/images/Caminatas%20Ecol%C3%B3gicas%20JUNIO-01-01.jpg HTTP/1.1" 200 160587
201.184.86.74 - - [12/Jun/2018:06:29:41 -0500] "GET /favicon.ico HTTP/1.1" 200 7782
201.245.192.253 - - [12/Jun/2018:06:29:41 -0500] "POST /sipse/faces/presentacion/financiero/solicitudProceso/listarSolicitudProceso.xhtml HTTP/1.1" 200 114184
201.245.192.253 - - [12/Jun/2018:06:29:42 -0500] "GET /sipse/faces/javax.faces.resource/theme.css?ln=primefaces-sipse HTTP/1.1" 304 -
201.245.192.253 - - [12/Jun/2018:06:29:42 -0500] "GET /sipse/faces/javax.faces.resource/primefaces.css?ln=primefaces&v=4.0 HTTP/1.1" 304 -
201.245.192.253 - - [12/Jun/2018:06:29:42 -0500] "GET /sipse/faces/javax.faces.resource/layout/layout.css?ln=primefaces&v=4.0 HTTP/1.1" 304 -
