208.94.232.6 - - [12/Jun/2018:06:48:30 -0500] "HEAD /BLA/resoluciones/RESOLUCIONES%202011/1470.pdf HTTP/1.1" 200 -
208.94.232.6 - - [12/Jun/2018:06:48:32 -0500] "HEAD /BLA/resoluciones/RESOLUCIONES%202011/1537.pdf HTTP/1.1" 200 -
208.94.232.6 - - [12/Jun/2018:06:48:40 -0500] "HEAD /BLA/resoluciones/RESOLUCIONES%202011/1431.pdf HTTP/1.1" 200 -
208.94.232.6 - - [12/Jun/2018:06:48:43 -0500] "HEAD /BLA/resoluciones/RESOLUCIONES%202011/1679.pdf HTTP/1.1" 200 -
208.94.232.6 - - [12/Jun/2018:06:48:43 -0500] "HEAD /BLA/resoluciones/RESOLUCIONES%202011/1533.pdf HTTP/1.1" 200 -
208.94.232.6 - - [12/Jun/2018:06:48:48 -0500] "HEAD /BLA/resoluciones/RESOLUCIONES%202011/1585.pdf HTTP/1.1" 200 -
200.69.101.18 - - [12/Jun/2018:06:48:48 -0500] "GET /galeria/galeria/jquery.fancybox.css?v=2.1.5 HTTP/1.1" 200 4895
200.69.101.18 - - [12/Jun/2018:06:48:48 -0500] "GET /BLA/boletinlegal/js/jquery.scrollShow.js HTTP/1.1" 200 4586
200.69.101.18 - - [12/Jun/2018:06:48:48 -0500] "GET /galeria/galeria/jquery.fancybox.js?v=2.1.5 HTTP/1.1" 200 48706
208.94.232.6 - - [12/Jun/2018:06:48:55 -0500] "HEAD /BLA/resoluciones/RESOLUCIONES%202011/1627.pdf HTTP/1.1" 200 -
208.94.232.6 - - [12/Jun/2018:06:48:55 -0500] "HEAD /BLA/resoluciones/RESOLUCIONES%202011/1423.pdf HTTP/1.1" 200 -
208.94.232.6 - - [12/Jun/2018:06:48:55 -0500] "HEAD /BLA/resoluciones/RESOLUCIONES%202011/1465.pdf HTTP/1.1" 200 -
208.94.232.6 - - [12/Jun/2018:06:49:01 -0500] "HEAD /BLA/resoluciones/RESOLUCIONES%202011/1552.pdf HTTP/1.1" 200 -
208.94.232.6 - - [12/Jun/2018:06:49:10 -0500] "HEAD /BLA/resoluciones/RESOLUCIONES%202011/1427.pdf HTTP/1.1" 200 -
181.57.244.208 - - [12/Jun/2018:06:49:19 -0500] "GET /BLA/resoluciones/RESOLUCIONES%202016/1573.pdf HTTP/1.1" 200 663405
83.49.120.45 - - [12/Jun/2018:06:49:43 -0500] "GET /BLA/boletinlegal/conceptos.php HTTP/1.1" 200 7261
208.94.232.6 - - [12/Jun/2018:06:49:49 -0500] "HEAD /BLA/resoluciones/RESOLUCIONES%202011/1566.pdf HTTP/1.1" 200 -
83.49.120.45 - - [12/Jun/2018:06:49:52 -0500] "GET /BLA/boletinlegal/actos.php HTTP/1.1" 200 8738
83.49.120.45 - - [12/Jun/2018:06:49:52 -0500] "GET /BLA/boletinlegal/js/lib.js HTTP/1.1" 200 6474
83.49.120.45 - - [12/Jun/2018:06:49:52 -0500] "GET /BLA/boletinlegal/js/popup.js HTTP/1.1" 200 1270
83.49.120.45 - - [12/Jun/2018:06:49:52 -0500] "GET /BLA/boletinlegal/js/jquery1.js HTTP/1.1" 200 29846
83.49.120.45 - - [12/Jun/2018:06:49:53 -0500] "GET /BLA/boletinlegal/js/ajax_actos.js HTTP/1.1" 200 1322
83.49.120.45 - - [12/Jun/2018:06:49:53 -0500] "GET /BLA/boletinlegal/images/green-yellow-blue-pink-th.png HTTP/1.1" 200 7394
83.49.120.45 - - [12/Jun/2018:06:49:57 -0500] "GET /BLA/boletinlegal/normativa.php HTTP/1.1" 200 8122
208.94.232.6 - - [12/Jun/2018:06:49:57 -0500] "HEAD /BLA/resoluciones/RESOLUCIONES%202011/1571.pdf HTTP/1.1" 200 -
179.7.95.156 - - [12/Jun/2018:06:50:03 -0500] "GET /Residuos/textiles/files/guia_textiles.pdf HTTP/1.1" 200 12356716
208.94.232.6 - - [12/Jun/2018:06:50:10 -0500] "HEAD /BLA/resoluciones/RESOLUCIONES%202011/1610.pdf HTTP/1.1" 200 -
83.49.120.45 - - [12/Jun/2018:06:50:01 -0500] "GET /BLA/boletinlegal/index.php HTTP/1.1" 200 16331
69.162.124.233 - - [12/Jun/2018:06:50:23 -0500] "HEAD / HTTP/1.1" 200 -
83.49.120.45 - - [12/Jun/2018:06:50:16 -0500] "GET /BLA/boletinlegal/index.php HTTP/1.1" 200 16331
83.49.120.45 - - [12/Jun/2018:06:50:21 -0500] "GET /BLA/boletinlegal/index.php HTTP/1.1" 200 16331
83.49.120.45 - - [12/Jun/2018:06:50:24 -0500] "GET /BLA/boletinlegal/ HTTP/1.1" 200 16331
54.36.149.82 - - [12/Jun/2018:06:51:04 -0500] "GET /BLA/resoluciones/RESOLUCIONES%202006/RES%202006%20501-550/00000507.tif HTTP/1.1" 200 161234
186.154.251.218 - - [12/Jun/2018:06:51:14 -0500] "GET /BLA/boletinlegal/js/jquery.scrollShow.js HTTP/1.1" 200 4586
208.94.232.6 - - [12/Jun/2018:06:51:15 -0500] "HEAD /BLA/resoluciones/RESOLUCIONES%202011/1639.pdf HTTP/1.1" 200 -
201.245.192.253 - - [12/Jun/2018:06:51:14 -0500] "POST /sipse/faces/presentacion/financiero/solicitudProceso/consultarSolicitudProceso.xhtml HTTP/1.1" 200 68850
201.245.192.253 - - [12/Jun/2018:06:51:16 -0500] "GET /sipse/faces/javax.faces.resource/theme.css?ln=primefaces-sipse HTTP/1.1" 304 -
201.245.192.253 - - [12/Jun/2018:06:51:16 -0500] "GET /sipse/faces/javax.faces.resource/layout/layout.css?ln=primefaces&v=4.0 HTTP/1.1" 304 -
201.245.192.253 - - [12/Jun/2018:06:51:16 -0500] "GET /sipse/faces/javax.faces.resource/jquery/jquery.js?ln=primefaces&v=4.0 HTTP/1.1" 304 -
201.245.192.253 - - [12/Jun/2018:06:51:16 -0500] "GET /sipse/faces/javax.faces.resource/primefaces.css?ln=primefaces&v=4.0 HTTP/1.1" 304 -
201.245.192.253 - - [12/Jun/2018:06:51:16 -0500] "GET /sipse/faces/javax.faces.resource/primefaces.js?ln=primefaces&v=4.0 HTTP/1.1" 304 -
201.245.192.253 - - [12/Jun/2018:06:51:16 -0500] "GET /sipse/faces/javax.faces.resource/jquery/jquery-plugins.js?ln=primefaces&v=4.0 HTTP/1.1" 304 -
201.245.192.253 - - [12/Jun/2018:06:51:16 -0500] "GET /sipse/faces/javax.faces.resource/layout/layout.js?ln=primefaces&v=4.0 HTTP/1.1" 304 -
201.245.192.253 - - [12/Jun/2018:06:51:16 -0500] "GET /sipse/css/imagen/contrasena.png HTTP/1.1" 404 383
186.154.251.218 - - [12/Jun/2018:06:51:17 -0500] "GET /galeria/galeria/jquery.fancybox.js?v=2.1.5 HTTP/1.1" 200 48706
186.154.251.218 - - [12/Jun/2018:06:51:17 -0500] "GET /galeria/galeria/jquery.fancybox.css?v=2.1.5 HTTP/1.1" 200 4895
186.154.251.218 - - [12/Jun/2018:06:51:17 -0500] "GET /galeria/carrusel/Carrusel/jquery.thumbnailScroller.css HTTP/1.1" 200 2066
186.154.251.218 - - [12/Jun/2018:06:51:18 -0500] "GET /galeria/carrusel/Carrusel/jquery-ui-1.8.13.custom.min.js HTTP/1.1" 200 10800
186.154.251.218 - - [12/Jun/2018:06:51:18 -0500] "GET /galeria/carrusel/Carrusel/jquery.thumbnailScroller.js HTTP/1.1" 200 8157
201.245.192.253 - - [12/Jun/2018:06:51:16 -0500] "POST /sipse/faces/presentacion/financiero/solicitudProceso/listarSolicitudProceso.xhtml HTTP/1.1" 200 1452
208.94.232.6 - - [12/Jun/2018:06:51:22 -0500] "HEAD /BLA/resoluciones/RESOLUCIONES%202011/1740.pdf HTTP/1.1" 200 -
201.245.192.253 - - [12/Jun/2018:06:51:19 -0500] "POST /sipse/faces/presentacion/financiero/solicitudProceso/listarSolicitudProceso.xhtml HTTP/1.1" 200 1452
208.94.232.6 - - [12/Jun/2018:06:51:26 -0500] "HEAD /BLA/resoluciones/RESOLUCIONES%202011/1586.pdf HTTP/1.1" 200 -
186.154.251.218 - - [12/Jun/2018:06:51:28 -0500] "GET /galeria/nivo-slider/demo/demo.html HTTP/1.1" 200 13225
186.154.251.218 - - [12/Jun/2018:06:51:29 -0500] "GET /galeria/nivo-slider/themes/orman/orman.css HTTP/1.1" 200 2152
186.154.251.218 - - [12/Jun/2018:06:51:29 -0500] "GET /galeria/nivo-slider/themes/default/default.css HTTP/1.1" 200 1569
186.154.251.218 - - [12/Jun/2018:06:51:29 -0500] "GET /galeria/nivo-slider/themes/pascal/pascal.css HTTP/1.1" 200 2258
186.154.251.218 - - [12/Jun/2018:06:51:29 -0500] "GET /galeria/nivo-slider/nivo-slider.css HTTP/1.1" 200 1507
186.154.251.218 - - [12/Jun/2018:06:51:29 -0500] "GET /galeria/nivo-slider/demo/style.css HTTP/1.1" 200 2222
186.154.251.218 - - [12/Jun/2018:06:51:29 -0500] "GET /galeria/nivo-slider/demo/images/SemanaAmbiental_.jpg HTTP/1.1" 200 75175
186.154.251.218 - - [12/Jun/2018:06:51:29 -0500] "GET /galeria/nivo-slider/demo/images/Banner%20caminatas-Junio.jpg HTTP/1.1" 200 505174
186.154.251.218 - - [12/Jun/2018:06:51:29 -0500] "GET /galeria/nivo-slider/demo/images/calculadora-de-c-onsumo-responsable.jpg HTTP/1.1" 200 280294
186.154.251.218 - - [12/Jun/2018:06:51:29 -0500] "GET /galeria/nivo-slider/demo/images/Otorgamiento-excelencia-ambiental-Jos%C3%A9-Celestino-Mutis-2.jpg HTTP/1.1" 200 276467
186.154.251.218 - - [12/Jun/2018:06:51:29 -0500] "GET /galeria/nivo-slider/demo/scripts/jquery-1.7.1.min.js HTTP/1.1" 200 93868
186.154.251.218 - - [12/Jun/2018:06:51:29 -0500] "GET /galeria/nivo-slider/jquery.nivo.slider.pack.js HTTP/1.1" 200 11561
186.154.251.218 - - [12/Jun/2018:06:51:29 -0500] "GET /galeria/nivo-slider/demo/images/Banner_micrositio.png HTTP/1.1" 200 146950
186.154.251.218 - - [12/Jun/2018:06:51:29 -0500] "GET /galeria/nivo-slider/demo/images/avances-sentencias-rio-bogota-2.jpg HTTP/1.1" 200 304916
186.154.251.218 - - [12/Jun/2018:06:51:30 -0500] "GET /galeria/nivo-slider/themes/default/loading.gif HTTP/1.1" 200 1737
186.154.251.218 - - [12/Jun/2018:06:51:30 -0500] "GET /galeria/nivo-slider/demo/images/4Simple_Slider.png HTTP/1.1" 200 11722
186.154.251.218 - - [12/Jun/2018:06:51:30 -0500] "GET /galeria/nivo-slider/demo/images/BANNER%20VAN%20DER%20HAMMEN.jpg HTTP/1.1" 200 64172
186.154.251.218 - - [12/Jun/2018:06:51:30 -0500] "GET /galeria/nivo-slider/demo/images/banner-humedales-de-bogota.jpg HTTP/1.1" 200 292611
186.154.251.218 - - [12/Jun/2018:06:51:30 -0500] "GET /galeria/nivo-slider/demo/images/maximavelocidad.png HTTP/1.1" 200 880272
186.154.251.218 - - [12/Jun/2018:06:51:31 -0500] "GET /galeria/nivo-slider/demo/images/banner%20aceite%20vegetal%20usado.jpg HTTP/1.1" 200 169350
186.154.251.218 - - [12/Jun/2018:06:51:31 -0500] "GET /galeria/nivo-slider/demo/images/bannerlumina2017web.jpg HTTP/1.1" 200 198918
186.154.251.218 - - [12/Jun/2018:06:51:31 -0500] "GET /galeria/nivo-slider/demo/images/banner-bolsas-plasticas.jpg HTTP/1.1" 200 317939
186.154.251.218 - - [12/Jun/2018:06:51:34 -0500] "GET /galeria/nivo-slider/themes/default/arrows.png HTTP/1.1" 200 824
186.154.251.218 - - [12/Jun/2018:06:51:34 -0500] "GET /galeria/nivo-slider/themes/default/bullets.png HTTP/1.1" 200 1281
66.249.65.153 - - [12/Jun/2018:06:51:39 -0500] "GET /BLA/resoluciones/AUTOS%202007/0027.pdf HTTP/1.1" 200 117079
201.245.192.253 - - [12/Jun/2018:06:51:48 -0500] "POST /sipse/faces/presentacion/financiero/solicitudProceso/listarSolicitudProceso.xhtml HTTP/1.1" 200 112344
201.245.192.253 - - [12/Jun/2018:06:51:49 -0500] "GET /sipse/faces/javax.faces.resource/primefaces.css?ln=primefaces&v=4.0 HTTP/1.1" 304 -
201.245.192.253 - - [12/Jun/2018:06:51:49 -0500] "GET /sipse/faces/javax.faces.resource/layout/layout.css?ln=primefaces&v=4.0 HTTP/1.1" 304 -
201.245.192.253 - - [12/Jun/2018:06:51:49 -0500] "GET /sipse/faces/javax.faces.resource/jquery/jquery.js?ln=primefaces&v=4.0 HTTP/1.1" 304 -
201.245.192.253 - - [12/Jun/2018:06:51:49 -0500] "GET /sipse/faces/javax.faces.resource/jquery/jquery-plugins.js?ln=primefaces&v=4.0 HTTP/1.1" 304 -
201.245.192.253 - - [12/Jun/2018:06:51:49 -0500] "GET /sipse/faces/javax.faces.resource/primefaces.js?ln=primefaces&v=4.0 HTTP/1.1" 304 -
201.245.192.253 - - [12/Jun/2018:06:51:49 -0500] "GET /sipse/faces/javax.faces.resource/layout/layout.js?ln=primefaces&v=4.0 HTTP/1.1" 304 -
201.245.192.253 - - [12/Jun/2018:06:51:49 -0500] "GET /sipse/faces/javax.faces.resource/spacer/dot_clear.gif?ln=primefaces&v=4.0 HTTP/1.1" 304 -
201.245.192.253 - - [12/Jun/2018:06:51:49 -0500] "GET /sipse/faces/javax.faces.resource/theme.css?ln=primefaces-sipse HTTP/1.1" 304 -
201.245.192.253 - - [12/Jun/2018:06:51:49 -0500] "GET /sipse/css/imagen/contrasena.png HTTP/1.1" 404 383
190.127.196.249 - - [12/Jun/2018:06:52:00 -0500] "GET /BLA/resoluciones/AUTOS%202014/1094.pdf HTTP/1.1" 200 430876
208.94.232.6 - - [12/Jun/2018:06:52:06 -0500] "HEAD /BLA/resoluciones/RESOLUCIONES%202011/1650.pdf HTTP/1.1" 200 -
208.94.232.6 - - [12/Jun/2018:06:52:08 -0500] "HEAD /BLA/resoluciones/RESOLUCIONES%202011/1538.pdf HTTP/1.1" 200 -
201.245.192.253 - - [12/Jun/2018:06:52:11 -0500] "POST /sipse/faces/presentacion/financiero/solicitudProceso/consultarSolicitudProceso.xhtml HTTP/1.1" 200 30363
208.94.232.6 - - [12/Jun/2018:06:52:12 -0500] "HEAD /BLA/resoluciones/RESOLUCIONES%202011/1572.pdf HTTP/1.1" 200 -
201.245.192.253 - - [12/Jun/2018:06:52:12 -0500] "GET /sipse/faces/javax.faces.resource/theme.css?ln=primefaces-sipse HTTP/1.1" 304 -
201.245.192.253 - - [12/Jun/2018:06:52:12 -0500] "GET /sipse/faces/javax.faces.resource/primefaces.css?ln=primefaces&v=4.0 HTTP/1.1" 304 -
201.245.192.253 - - [12/Jun/2018:06:52:12 -0500] "GET /sipse/faces/javax.faces.resource/layout/layout.css?ln=primefaces&v=4.0 HTTP/1.1" 304 -
201.245.192.253 - - [12/Jun/2018:06:52:12 -0500] "GET /sipse/faces/javax.faces.resource/jquery/jquery-plugins.js?ln=primefaces&v=4.0 HTTP/1.1" 304 -
201.245.192.253 - - [12/Jun/2018:06:52:12 -0500] "GET /sipse/faces/javax.faces.resource/jquery/jquery.js?ln=primefaces&v=4.0 HTTP/1.1" 304 -
201.245.192.253 - - [12/Jun/2018:06:52:12 -0500] "GET /sipse/faces/javax.faces.resource/primefaces.js?ln=primefaces&v=4.0 HTTP/1.1" 304 -
201.245.192.253 - - [12/Jun/2018:06:52:12 -0500] "GET /sipse/faces/javax.faces.resource/layout/layout.js?ln=primefaces&v=4.0 HTTP/1.1" 304 -
201.245.192.253 - - [12/Jun/2018:06:52:12 -0500] "GET /sipse/css/imagen/contrasena.png HTTP/1.1" 404 383
192.168.175.104 - - [12/Jun/2018:06:52:18 -0500] "GET / HTTP/1.0" 200 9990
192.168.175.104 - - [12/Jun/2018:06:52:21 -0500] "GET / HTTP/1.1" 200 9990
208.94.232.6 - - [12/Jun/2018:06:52:23 -0500] "HEAD /BLA/resoluciones/RESOLUCIONES%202011/1614.pdf HTTP/1.1" 200 -
208.94.232.6 - - [12/Jun/2018:06:52:35 -0500] "HEAD /BLA/resoluciones/RESOLUCIONES%202011/1745.pdf HTTP/1.1" 200 -
54.36.149.60 - - [12/Jun/2018:06:52:46 -0500] "GET /BLA/resoluciones/RESOLUCIONES%202003/RES%202003%201951-2000/00001977.tif HTTP/1.1" 200 115552
66.249.65.156 - - [12/Jun/2018:06:52:53 -0500] "GET /BLA/resoluciones/RESOLUCIONES%202008/2195.pdf HTTP/1.1" 200 500015
208.94.232.6 - - [12/Jun/2018:06:52:55 -0500] "HEAD /BLA/resoluciones/RESOLUCIONES%202011/1686.pdf HTTP/1.1" 200 -
208.94.232.6 - - [12/Jun/2018:06:52:59 -0500] "HEAD /BLA/resoluciones/RESOLUCIONES%202011/1748.pdf HTTP/1.1" 200 -
208.94.232.6 - - [12/Jun/2018:06:52:59 -0500] "HEAD /BLA/resoluciones/RESOLUCIONES%202011/1655.pdf HTTP/1.1" 200 -
201.245.192.253 - - [12/Jun/2018:06:53:05 -0500] "POST /sipse/faces/presentacion/financiero/solicitudProceso/consultarHistorialSolProceso.xhtml HTTP/1.1" 200 150686
192.168.175.104 - - [12/Jun/2018:06:53:05 -0500] "GET / HTTP/1.1" 200 9990
201.245.192.253 - - [12/Jun/2018:06:53:05 -0500] "GET /sipse/faces/javax.faces.resource/theme.css?ln=primefaces-sipse HTTP/1.1" 304 -
201.245.192.253 - - [12/Jun/2018:06:53:05 -0500] "GET /sipse/faces/javax.faces.resource/primefaces.css?ln=primefaces&v=4.0 HTTP/1.1" 304 -
201.245.192.253 - - [12/Jun/2018:06:53:05 -0500] "GET /sipse/faces/javax.faces.resource/jquery/jquery-plugins.js?ln=primefaces&v=4.0 HTTP/1.1" 304 -
201.245.192.253 - - [12/Jun/2018:06:53:05 -0500] "GET /sipse/faces/javax.faces.resource/layout/layout.css?ln=primefaces&v=4.0 HTTP/1.1" 304 -
201.245.192.253 - - [12/Jun/2018:06:53:05 -0500] "GET /sipse/faces/javax.faces.resource/primefaces.js?ln=primefaces&v=4.0 HTTP/1.1" 304 -
201.245.192.253 - - [12/Jun/2018:06:53:05 -0500] "GET /sipse/faces/javax.faces.resource/jquery/jquery.js?ln=primefaces&v=4.0 HTTP/1.1" 304 -
201.245.192.253 - - [12/Jun/2018:06:53:05 -0500] "GET /sipse/faces/javax.faces.resource/layout/layout.js?ln=primefaces&v=4.0 HTTP/1.1" 304 -
201.245.192.253 - - [12/Jun/2018:06:53:05 -0500] "GET /sipse/faces/javax.faces.resource/spacer/dot_clear.gif?ln=primefaces&v=4.0 HTTP/1.1" 304 -
201.245.192.253 - - [12/Jun/2018:06:53:05 -0500] "GET /sipse/css/imagen/contrasena.png HTTP/1.1" 404 383
208.94.232.6 - - [12/Jun/2018:06:53:06 -0500] "HEAD /BLA/resoluciones/RESOLUCIONES%202011/1762.pdf HTTP/1.1" 200 -
208.94.232.6 - - [12/Jun/2018:06:53:11 -0500] "HEAD /BLA/resoluciones/RESOLUCIONES%202011/1467.pdf HTTP/1.1" 200 -
208.94.232.6 - - [12/Jun/2018:06:53:17 -0500] "HEAD /BLA/resoluciones/RESOLUCIONES%202011/1640.pdf HTTP/1.1" 200 -
208.94.232.6 - - [12/Jun/2018:06:53:17 -0500] "HEAD /BLA/resoluciones/RESOLUCIONES%202011/1654.pdf HTTP/1.1" 200 -
201.245.192.253 - - [12/Jun/2018:06:53:26 -0500] "POST /sipse/faces/presentacion/financiero/solicitudProceso/consultarSolicitudProceso.xhtml HTTP/1.1" 200 80239
201.245.192.253 - - [12/Jun/2018:06:53:26 -0500] "GET /sipse/faces/javax.faces.resource/theme.css?ln=primefaces-sipse HTTP/1.1" 304 -
201.245.192.253 - - [12/Jun/2018:06:53:26 -0500] "GET /sipse/faces/javax.faces.resource/layout/layout.css?ln=primefaces&v=4.0 HTTP/1.1" 304 -
201.245.192.253 - - [12/Jun/2018:06:53:26 -0500] "GET /sipse/faces/javax.faces.resource/primefaces.css?ln=primefaces&v=4.0 HTTP/1.1" 304 -
201.245.192.253 - - [12/Jun/2018:06:53:26 -0500] "GET /sipse/faces/javax.faces.resource/jquery/jquery.js?ln=primefaces&v=4.0 HTTP/1.1" 304 -
201.245.192.253 - - [12/Jun/2018:06:53:26 -0500] "GET /sipse/faces/javax.faces.resource/jquery/jquery-plugins.js?ln=primefaces&v=4.0 HTTP/1.1" 304 -
201.245.192.253 - - [12/Jun/2018:06:53:26 -0500] "GET /sipse/faces/javax.faces.resource/primefaces.js?ln=primefaces&v=4.0 HTTP/1.1" 304 -
201.245.192.253 - - [12/Jun/2018:06:53:26 -0500] "GET /sipse/faces/javax.faces.resource/layout/layout.js?ln=primefaces&v=4.0 HTTP/1.1" 304 -
201.245.192.253 - - [12/Jun/2018:06:53:26 -0500] "GET /sipse/css/imagen/contrasena.png HTTP/1.1" 404 383
191.92.200.154 - - [12/Jun/2018:06:53:27 -0500] "GET /galeria/galeria/jquery.fancybox.css?v=2.1.5 HTTP/1.1" 200 4895
191.92.200.154 - - [12/Jun/2018:06:53:27 -0500] "GET /galeria/galeria/jquery.fancybox.js?v=2.1.5 HTTP/1.1" 200 48706
191.92.200.154 - - [12/Jun/2018:06:53:27 -0500] "GET /BLA/boletinlegal/js/jquery.scrollShow.js HTTP/1.1" 200 4586
208.94.232.6 - - [12/Jun/2018:06:53:28 -0500] "HEAD /BLA/resoluciones/RESOLUCIONES%202011/1617.pdf HTTP/1.1" 200 -
104.199.22.153 - - [12/Jun/2018:06:53:32 -0500] "-" 408 -
201.245.192.253 - - [12/Jun/2018:06:53:34 -0500] "POST /sipse/faces/presentacion/financiero/solicitudProceso/crearModificarSolicitudProceso.xhtml HTTP/1.1" 200 112804
201.245.192.253 - - [12/Jun/2018:06:53:38 -0500] "GET /sipse/faces/javax.faces.resource/primefaces.css?ln=primefaces&v=4.0 HTTP/1.1" 304 -
201.245.192.253 - - [12/Jun/2018:06:53:38 -0500] "GET /sipse/faces/javax.faces.resource/layout/layout.css?ln=primefaces&v=4.0 HTTP/1.1" 304 -
201.245.192.253 - - [12/Jun/2018:06:53:38 -0500] "GET /sipse/faces/javax.faces.resource/theme.css?ln=primefaces-sipse HTTP/1.1" 304 -
201.245.192.253 - - [12/Jun/2018:06:53:38 -0500] "GET /sipse/faces/javax.faces.resource/jquery/jquery.js?ln=primefaces&v=4.0 HTTP/1.1" 304 -
201.245.192.253 - - [12/Jun/2018:06:53:38 -0500] "GET /sipse/faces/javax.faces.resource/jquery/jquery-plugins.js?ln=primefaces&v=4.0 HTTP/1.1" 304 -
201.245.192.253 - - [12/Jun/2018:06:53:38 -0500] "GET /sipse/faces/javax.faces.resource/primefaces.js?ln=primefaces&v=4.0 HTTP/1.1" 304 -
201.245.192.253 - - [12/Jun/2018:06:53:38 -0500] "GET /sipse/faces/javax.faces.resource/layout/layout.js?ln=primefaces&v=4.0 HTTP/1.1" 304 -
201.245.192.253 - - [12/Jun/2018:06:53:38 -0500] "GET /sipse/faces/javax.faces.resource/messages/messages.png?ln=primefaces&v=4.0 HTTP/1.1" 304 -
201.245.192.253 - - [12/Jun/2018:06:53:38 -0500] "GET /sipse/css/imagen/contrasena.png HTTP/1.1" 404 383
201.245.192.253 - - [12/Jun/2018:06:53:42 -0500] "POST /sipse/faces/presentacion/financiero/solicitudProceso/consultarSolicitudProceso.xhtml HTTP/1.1" 200 30363
201.245.192.253 - - [12/Jun/2018:06:53:42 -0500] "GET /sipse/faces/javax.faces.resource/layout/layout.css?ln=primefaces&v=4.0 HTTP/1.1" 304 -
201.245.192.253 - - [12/Jun/2018:06:53:42 -0500] "GET /sipse/faces/javax.faces.resource/theme.css?ln=primefaces-sipse HTTP/1.1" 304 -
201.245.192.253 - - [12/Jun/2018:06:53:42 -0500] "GET /sipse/faces/javax.faces.resource/primefaces.css?ln=primefaces&v=4.0 HTTP/1.1" 304 -
201.245.192.253 - - [12/Jun/2018:06:53:42 -0500] "GET /sipse/faces/javax.faces.resource/jquery/jquery.js?ln=primefaces&v=4.0 HTTP/1.1" 304 -
201.245.192.253 - - [12/Jun/2018:06:53:42 -0500] "GET /sipse/faces/javax.faces.resource/jquery/jquery-plugins.js?ln=primefaces&v=4.0 HTTP/1.1" 304 -
201.245.192.253 - - [12/Jun/2018:06:53:42 -0500] "GET /sipse/faces/javax.faces.resource/primefaces.js?ln=primefaces&v=4.0 HTTP/1.1" 304 -
201.245.192.253 - - [12/Jun/2018:06:53:42 -0500] "GET /sipse/faces/javax.faces.resource/layout/layout.js?ln=primefaces&v=4.0 HTTP/1.1" 304 -
201.245.192.253 - - [12/Jun/2018:06:53:43 -0500] "GET /sipse/css/imagen/contrasena.png HTTP/1.1" 404 383
208.94.232.6 - - [12/Jun/2018:06:53:44 -0500] "HEAD /BLA/resoluciones/RESOLUCIONES%202011/1550.pdf HTTP/1.1" 200 -
208.94.232.6 - - [12/Jun/2018:06:53:49 -0500] "HEAD /BLA/resoluciones/RESOLUCIONES%202011/1680.pdf HTTP/1.1" 200 -
208.94.232.6 - - [12/Jun/2018:06:53:49 -0500] "HEAD /BLA/resoluciones/RESOLUCIONES%202011/1709.pdf HTTP/1.1" 200 -
208.94.232.6 - - [12/Jun/2018:06:53:51 -0500] "HEAD /BLA/resoluciones/RESOLUCIONES%202011/1581.pdf HTTP/1.1" 200 -
208.94.232.6 - - [12/Jun/2018:06:53:54 -0500] "HEAD /BLA/resoluciones/RESOLUCIONES%202011/1573.pdf HTTP/1.1" 200 -
208.94.232.6 - - [12/Jun/2018:06:53:56 -0500] "HEAD /BLA/resoluciones/RESOLUCIONES%202011/1746.pdf HTTP/1.1" 200 -
208.94.232.6 - - [12/Jun/2018:06:54:01 -0500] "HEAD /BLA/resoluciones/RESOLUCIONES%202011/1738.pdf HTTP/1.1" 200 -
208.94.232.6 - - [12/Jun/2018:06:54:04 -0500] "HEAD /BLA/resoluciones/RESOLUCIONES%202011/1741.pdf HTTP/1.1" 200 -
66.249.65.153 - - [12/Jun/2018:06:54:08 -0500] "GET /BLA/resoluciones/Notificaciones/AUTOS%202015/4551.doc HTTP/1.1" 200 207360
208.94.232.6 - - [12/Jun/2018:06:54:08 -0500] "HEAD /BLA/resoluciones/RESOLUCIONES%202011/1574.pdf HTTP/1.1" 200 -
208.94.232.6 - - [12/Jun/2018:06:54:08 -0500] "HEAD /BLA/resoluciones/RESOLUCIONES%202011/1612.pdf HTTP/1.1" 200 -
208.94.232.6 - - [12/Jun/2018:06:54:09 -0500] "HEAD /BLA/resoluciones/RESOLUCIONES%202011/1546.pdf HTTP/1.1" 200 -
208.94.232.6 - - [12/Jun/2018:06:54:10 -0500] "HEAD /BLA/resoluciones/RESOLUCIONES%202011/1587.pdf HTTP/1.1" 200 -
208.94.232.6 - - [12/Jun/2018:06:54:19 -0500] "HEAD /BLA/resoluciones/RESOLUCIONES%202011/1697.pdf HTTP/1.1" 200 -
208.94.232.6 - - [12/Jun/2018:06:54:23 -0500] "HEAD /BLA/resoluciones/RESOLUCIONES%202011/1656.pdf HTTP/1.1" 200 -
208.94.232.6 - - [12/Jun/2018:06:54:23 -0500] "HEAD /BLA/resoluciones/RESOLUCIONES%202011/1749.pdf HTTP/1.1" 200 -
208.94.232.6 - - [12/Jun/2018:06:54:30 -0500] "HEAD /BLA/resoluciones/RESOLUCIONES%202011/1590.pdf HTTP/1.1" 200 -
208.94.232.6 - - [12/Jun/2018:06:54:33 -0500] "HEAD /BLA/resoluciones/RESOLUCIONES%202011/1609.pdf HTTP/1.1" 200 -
208.94.232.6 - - [12/Jun/2018:06:54:34 -0500] "HEAD /BLA/resoluciones/RESOLUCIONES%202011/1619.pdf HTTP/1.1" 200 -
208.94.232.6 - - [12/Jun/2018:06:54:35 -0500] "HEAD /BLA/resoluciones/RESOLUCIONES%202011/1800.pdf HTTP/1.1" 200 -
208.94.232.6 - - [12/Jun/2018:06:54:46 -0500] "HEAD /BLA/resoluciones/RESOLUCIONES%202011/1547.pdf HTTP/1.1" 200 -
208.94.232.6 - - [12/Jun/2018:06:54:49 -0500] "HEAD /BLA/resoluciones/RESOLUCIONES%202011/1579.pdf HTTP/1.1" 200 -
208.94.232.6 - - [12/Jun/2018:06:54:53 -0500] "HEAD /BLA/resoluciones/RESOLUCIONES%202011/1588.pdf HTTP/1.1" 200 -
208.94.232.6 - - [12/Jun/2018:06:54:53 -0500] "HEAD /BLA/resoluciones/RESOLUCIONES%202011/1591.pdf HTTP/1.1" 200 -
201.245.192.253 - - [12/Jun/2018:06:55:06 -0500] "POST /sipse/faces/presentacion/financiero/solicitudProceso/consultarHistorialSolProceso.xhtml HTTP/1.1" 200 150691
201.245.192.253 - - [12/Jun/2018:06:55:06 -0500] "GET /sipse/faces/javax.faces.resource/theme.css?ln=primefaces-sipse HTTP/1.1" 304 -
201.245.192.253 - - [12/Jun/2018:06:55:06 -0500] "GET /sipse/faces/javax.faces.resource/primefaces.css?ln=primefaces&v=4.0 HTTP/1.1" 304 -
201.245.192.253 - - [12/Jun/2018:06:55:06 -0500] "GET /sipse/faces/javax.faces.resource/primefaces.js?ln=primefaces&v=4.0 HTTP/1.1" 304 -
201.245.192.253 - - [12/Jun/2018:06:55:06 -0500] "GET /sipse/faces/javax.faces.resource/jquery/jquery.js?ln=primefaces&v=4.0 HTTP/1.1" 304 -
201.245.192.253 - - [12/Jun/2018:06:55:06 -0500] "GET /sipse/faces/javax.faces.resource/layout/layout.js?ln=primefaces&v=4.0 HTTP/1.1" 304 -
201.245.192.253 - - [12/Jun/2018:06:55:06 -0500] "GET /sipse/faces/javax.faces.resource/spacer/dot_clear.gif?ln=primefaces&v=4.0 HTTP/1.1" 304 -
201.245.192.253 - - [12/Jun/2018:06:55:06 -0500] "GET /sipse/faces/javax.faces.resource/jquery/jquery-plugins.js?ln=primefaces&v=4.0 HTTP/1.1" 304 -
201.245.192.253 - - [12/Jun/2018:06:55:06 -0500] "GET /sipse/faces/javax.faces.resource/layout/layout.css?ln=primefaces&v=4.0 HTTP/1.1" 304 -
201.245.192.253 - - [12/Jun/2018:06:55:09 -0500] "GET /sipse/css/imagen/contrasena.png HTTP/1.1" 404 383
208.94.232.6 - - [12/Jun/2018:06:55:13 -0500] "HEAD /BLA/resoluciones/RESOLUCIONES%202011/1620.pdf HTTP/1.1" 200 -
208.94.232.6 - - [12/Jun/2018:06:55:13 -0500] "HEAD /BLA/resoluciones/RESOLUCIONES%202011/1594.pdf HTTP/1.1" 200 -
190.156.22.234 - - [12/Jun/2018:06:55:15 -0500] "GET /galeria/mapa/humedal2017.jpg HTTP/1.1" 200 644667
208.94.232.6 - - [12/Jun/2018:06:55:15 -0500] "HEAD /BLA/resoluciones/RESOLUCIONES%202011/1799.pdf HTTP/1.1" 200 -
201.245.192.253 - - [12/Jun/2018:06:55:16 -0500] "POST /sipse/faces/presentacion/financiero/solicitudProceso/consultarSolicitudProceso.xhtml HTTP/1.1" 200 1377581
208.94.232.6 - - [12/Jun/2018:06:55:18 -0500] "HEAD /BLA/resoluciones/RESOLUCIONES%202011/1580.pdf HTTP/1.1" 200 -
66.249.65.153 - - [12/Jun/2018:06:55:23 -0500] "GET /BLA/resoluciones/Notificaciones/AUTOS%202015/3557.doc HTTP/1.1" 200 166400
69.162.124.233 - - [12/Jun/2018:06:55:23 -0500] "HEAD / HTTP/1.1" 200 -
208.94.232.6 - - [12/Jun/2018:06:55:28 -0500] "HEAD /BLA/resoluciones/RESOLUCIONES%202011/1593.pdf HTTP/1.1" 200 -
208.94.232.6 - - [12/Jun/2018:06:55:31 -0500] "HEAD /BLA/resoluciones/RESOLUCIONES%202011/1584.pdf HTTP/1.1" 200 -
208.94.232.6 - - [12/Jun/2018:06:55:31 -0500] "HEAD /BLA/resoluciones/RESOLUCIONES%202011/1669.pdf HTTP/1.1" 200 -
35.195.104.147 - - [12/Jun/2018:06:55:32 -0500] "-" 408 -
208.94.232.6 - - [12/Jun/2018:06:55:32 -0500] "HEAD /BLA/resoluciones/RESOLUCIONES%202011/1596.pdf HTTP/1.1" 200 -
208.94.232.6 - - [12/Jun/2018:06:55:33 -0500] "HEAD /BLA/resoluciones/RESOLUCIONES%202011/1751.pdf HTTP/1.1" 200 -
208.94.232.6 - - [12/Jun/2018:06:55:36 -0500] "HEAD /BLA/resoluciones/RESOLUCIONES%202011/1714.pdf HTTP/1.1" 200 -
208.94.232.6 - - [12/Jun/2018:06:55:36 -0500] "HEAD /BLA/resoluciones/RESOLUCIONES%202011/1651.pdf HTTP/1.1" 200 -
208.94.232.6 - - [12/Jun/2018:06:55:40 -0500] "HEAD /BLA/resoluciones/RESOLUCIONES%202011/1658.pdf HTTP/1.1" 200 -
208.94.232.6 - - [12/Jun/2018:06:55:54 -0500] "HEAD /BLA/resoluciones/RESOLUCIONES%202011/1638.pdf HTTP/1.1" 200 -
208.94.232.6 - - [12/Jun/2018:06:55:55 -0500] "HEAD /BLA/resoluciones/RESOLUCIONES%202011/1624.pdf HTTP/1.1" 200 -
208.94.232.6 - - [12/Jun/2018:06:55:57 -0500] "HEAD /BLA/resoluciones/RESOLUCIONES%202011/1753.pdf HTTP/1.1" 200 -
208.94.232.6 - - [12/Jun/2018:06:55:58 -0500] "HEAD /BLA/resoluciones/RESOLUCIONES%202011/1685.pdf HTTP/1.1" 200 -
208.94.232.6 - - [12/Jun/2018:06:56:29 -0500] "HEAD /BLA/resoluciones/RESOLUCIONES%202011/1592.pdf HTTP/1.1" 200 -
208.94.232.6 - - [12/Jun/2018:06:56:31 -0500] "HEAD /BLA/resoluciones/RESOLUCIONES%202011/1817.pdf HTTP/1.1" 200 -
35.187.34.70 - - [12/Jun/2018:06:56:32 -0500] "-" 408 -
208.94.232.6 - - [12/Jun/2018:06:56:33 -0500] "HEAD /BLA/resoluciones/RESOLUCIONES%202011/1524.pdf HTTP/1.1" 200 -
66.249.65.153 - - [12/Jun/2018:06:56:37 -0500] "GET /BLA/resoluciones/AUTOS%202010/6001.pdf HTTP/1.1" 200 196333
208.94.232.6 - - [12/Jun/2018:06:56:38 -0500] "HEAD /BLA/resoluciones/RESOLUCIONES%202011/1539.pdf HTTP/1.1" 200 -
208.94.232.6 - - [12/Jun/2018:06:56:59 -0500] "HEAD /BLA/resoluciones/RESOLUCIONES%202011/1595.pdf HTTP/1.1" 200 -
208.94.232.6 - - [12/Jun/2018:06:57:00 -0500] "HEAD /BLA/resoluciones/RESOLUCIONES%202011/1613.pdf HTTP/1.1" 200 -
208.94.232.6 - - [12/Jun/2018:06:57:06 -0500] "HEAD /BLA/resoluciones/RESOLUCIONES%202011/1653.pdf HTTP/1.1" 200 -
208.94.232.6 - - [12/Jun/2018:06:57:11 -0500] "HEAD /BLA/resoluciones/RESOLUCIONES%202011/1804.pdf HTTP/1.1" 200 -
186.29.156.245 - - [12/Jun/2018:06:57:15 -0500] "GET /galeria/galeria/jquery.fancybox.css?v=2.1.5 HTTP/1.1" 200 4895
186.29.156.245 - - [12/Jun/2018:06:57:15 -0500] "GET /BLA/boletinlegal/js/jquery.scrollShow.js HTTP/1.1" 200 4586
186.29.156.245 - - [12/Jun/2018:06:57:16 -0500] "GET /galeria/galeria/jquery.fancybox.js?v=2.1.5 HTTP/1.1" 200 48706
192.168.175.104 - - [12/Jun/2018:06:57:16 -0500] "GET / HTTP/1.0" 200 9990
192.168.175.104 - - [12/Jun/2018:06:57:19 -0500] "GET / HTTP/1.1" 200 9990
208.94.232.6 - - [12/Jun/2018:06:57:19 -0500] "HEAD /BLA/resoluciones/RESOLUCIONES%202011/1801.pdf HTTP/1.1" 200 -
208.94.232.6 - - [12/Jun/2018:06:57:20 -0500] "HEAD /BLA/resoluciones/RESOLUCIONES%202011/1623.pdf HTTP/1.1" 200 -
208.94.232.6 - - [12/Jun/2018:06:57:30 -0500] "HEAD /BLA/resoluciones/RESOLUCIONES%202011/1757.pdf HTTP/1.1" 200 -
208.94.232.6 - - [12/Jun/2018:06:57:31 -0500] "HEAD /BLA/resoluciones/RESOLUCIONES%202011/1558.pdf HTTP/1.1" 200 -
208.94.232.6 - - [12/Jun/2018:06:57:45 -0500] "HEAD /BLA/resoluciones/RESOLUCIONES%202011/1742.pdf HTTP/1.1" 200 -
208.94.232.6 - - [12/Jun/2018:06:57:47 -0500] "HEAD /BLA/resoluciones/RESOLUCIONES%202011/1695.pdf HTTP/1.1" 200 -
208.94.232.6 - - [12/Jun/2018:06:57:53 -0500] "HEAD /BLA/resoluciones/RESOLUCIONES%202011/1825.pdf HTTP/1.1" 200 -
208.94.232.6 - - [12/Jun/2018:06:57:54 -0500] "HEAD /BLA/resoluciones/RESOLUCIONES%202011/1710.pdf HTTP/1.1" 200 -
66.249.65.153 - - [12/Jun/2018:06:57:55 -0500] "GET /BLA/resoluciones/AUTOS%202010/6722.pdf HTTP/1.1" 200 219971
208.94.232.6 - - [12/Jun/2018:06:58:00 -0500] "HEAD /BLA/resoluciones/RESOLUCIONES%202011/1750.pdf HTTP/1.1" 200 -
192.168.175.104 - - [12/Jun/2018:06:58:03 -0500] "GET / HTTP/1.1" 200 9990
208.94.232.6 - - [12/Jun/2018:06:58:21 -0500] "HEAD /BLA/resoluciones/RESOLUCIONES%202011/1647.pdf HTTP/1.1" 200 -
208.94.232.6 - - [12/Jun/2018:06:58:22 -0500] "HEAD /BLA/resoluciones/RESOLUCIONES%202011/1551.pdf HTTP/1.1" 200 -
208.94.232.6 - - [12/Jun/2018:06:58:25 -0500] "HEAD /BLA/resoluciones/RESOLUCIONES%202011/1529.pdf HTTP/1.1" 200 -
208.94.232.6 - - [12/Jun/2018:06:58:32 -0500] "HEAD /BLA/resoluciones/RESOLUCIONES%202011/1637.pdf HTTP/1.1" 200 -
208.94.232.6 - - [12/Jun/2018:06:58:45 -0500] "HEAD /BLA/resoluciones/RESOLUCIONES%202011/1564.pdf HTTP/1.1" 200 -
208.94.232.6 - - [12/Jun/2018:06:58:51 -0500] "HEAD /BLA/resoluciones/RESOLUCIONES%202011/1644.pdf HTTP/1.1" 200 -
208.94.232.6 - - [12/Jun/2018:06:58:57 -0500] "HEAD /BLA/resoluciones/RESOLUCIONES%202011/1599.pdf HTTP/1.1" 200 -
208.94.232.6 - - [12/Jun/2018:06:59:01 -0500] "HEAD /BLA/resoluciones/RESOLUCIONES%202011/1625.pdf HTTP/1.1" 200 -
208.94.232.6 - - [12/Jun/2018:06:59:04 -0500] "HEAD /BLA/resoluciones/RESOLUCIONES%202011/1661.pdf HTTP/1.1" 200 -
208.94.232.6 - - [12/Jun/2018:06:59:06 -0500] "HEAD /BLA/resoluciones/RESOLUCIONES%202011/1569.pdf HTTP/1.1" 200 -
66.249.65.153 - - [12/Jun/2018:06:59:07 -0500] "GET /BLA/resoluciones/AUTOS%202008/1133.pdf HTTP/1.1" 200 68751
208.94.232.6 - - [12/Jun/2018:06:59:08 -0500] "HEAD /BLA/resoluciones/RESOLUCIONES%202011/1755.pdf HTTP/1.1" 200 -
208.94.232.6 - - [12/Jun/2018:06:59:10 -0500] "HEAD /BLA/resoluciones/RESOLUCIONES%202011/1814.pdf HTTP/1.1" 200 -
54.36.149.13 - - [12/Jun/2018:06:59:14 -0500] "GET /BLA/resoluciones/RESOLUCIONES%202005/RES%202005%201851-1900/00001852.tif HTTP/1.1" 200 136430
208.94.232.6 - - [12/Jun/2018:06:59:19 -0500] "HEAD /BLA/resoluciones/RESOLUCIONES%202011/1643.pdf HTTP/1.1" 200 -
208.94.232.6 - - [12/Jun/2018:06:59:19 -0500] "HEAD /BLA/resoluciones/RESOLUCIONES%202011/1696.pdf HTTP/1.1" 200 -
208.94.232.6 - - [12/Jun/2018:06:59:19 -0500] "HEAD /BLA/resoluciones/RESOLUCIONES%202011/1726.pdf HTTP/1.1" 200 -
208.94.232.6 - - [12/Jun/2018:06:59:19 -0500] "HEAD /BLA/resoluciones/RESOLUCIONES%202011/1606.pdf HTTP/1.1" 200 -
208.94.232.6 - - [12/Jun/2018:06:59:30 -0500] "HEAD /BLA/resoluciones/RESOLUCIONES%202011/1600.pdf HTTP/1.1" 200 -
208.94.232.6 - - [12/Jun/2018:06:59:35 -0500] "HEAD /BLA/resoluciones/RESOLUCIONES%202011/1764.pdf HTTP/1.1" 200 -
190.144.247.34 - - [12/Jun/2018:06:59:40 -0500] "GET /BLA/boletinlegal/js/jquery.scrollShow.js HTTP/1.1" 200 4586
190.144.247.34 - - [12/Jun/2018:06:59:40 -0500] "GET /galeria/galeria/jquery.fancybox.css?v=2.1.5 HTTP/1.1" 200 4895
190.144.247.34 - - [12/Jun/2018:06:59:40 -0500] "GET /galeria/galeria/jquery.fancybox.js?v=2.1.5 HTTP/1.1" 200 48706
208.94.232.6 - - [12/Jun/2018:06:59:44 -0500] "HEAD /BLA/resoluciones/RESOLUCIONES%202011/1766.pdf HTTP/1.1" 200 -
208.94.232.6 - - [12/Jun/2018:06:59:51 -0500] "HEAD /BLA/resoluciones/RESOLUCIONES%202011/1756.pdf HTTP/1.1" 200 -
208.94.232.6 - - [12/Jun/2018:06:59:56 -0500] "HEAD /BLA/resoluciones/RESOLUCIONES%202011/1660.pdf HTTP/1.1" 200 -
208.94.232.6 - - [12/Jun/2018:06:59:58 -0500] "HEAD /BLA/resoluciones/RESOLUCIONES%202011/1541.pdf HTTP/1.1" 200 -
208.94.232.6 - - [12/Jun/2018:07:00:00 -0500] "HEAD /BLA/resoluciones/RESOLUCIONES%202011/1652.pdf HTTP/1.1" 200 -
208.94.232.6 - - [12/Jun/2018:07:00:01 -0500] "HEAD /BLA/resoluciones/RESOLUCIONES%202011/1641.pdf HTTP/1.1" 200 -
208.94.232.6 - - [12/Jun/2018:07:00:09 -0500] "HEAD /BLA/resoluciones/RESOLUCIONES%202011/1668.pdf HTTP/1.1" 200 -
208.94.232.6 - - [12/Jun/2018:07:00:14 -0500] "HEAD /BLA/resoluciones/RESOLUCIONES%202011/1536.pdf HTTP/1.1" 200 -
208.94.232.6 - - [12/Jun/2018:07:00:17 -0500] "HEAD /BLA/resoluciones/RESOLUCIONES%202011/1678.pdf HTTP/1.1" 200 -
66.249.65.153 - - [12/Jun/2018:07:00:22 -0500] "GET /BLA/resoluciones/AUTOS%202008/1468.pdf HTTP/1.1" 200 89432
69.162.124.233 - - [12/Jun/2018:07:00:23 -0500] "HEAD / HTTP/1.1" 200 -
208.94.232.6 - - [12/Jun/2018:07:00:25 -0500] "HEAD /BLA/resoluciones/RESOLUCIONES%202011/1732.pdf HTTP/1.1" 200 -
208.94.232.6 - - [12/Jun/2018:07:00:27 -0500] "HEAD /BLA/resoluciones/RESOLUCIONES%202011/1663.pdf HTTP/1.1" 200 -
208.94.232.6 - - [12/Jun/2018:07:00:31 -0500] "HEAD /BLA/resoluciones/RESOLUCIONES%202011/1667.pdf HTTP/1.1" 200 -
208.94.232.6 - - [12/Jun/2018:07:00:35 -0500] "HEAD /BLA/resoluciones/RESOLUCIONES%202011/1763.pdf HTTP/1.1" 200 -
208.94.232.6 - - [12/Jun/2018:07:00:38 -0500] "HEAD /BLA/resoluciones/RESOLUCIONES%202011/1662.pdf HTTP/1.1" 200 -
208.94.232.6 - - [12/Jun/2018:07:01:03 -0500] "HEAD /BLA/resoluciones/RESOLUCIONES%202011/1510.pdf HTTP/1.1" 200 -
208.94.232.6 - - [12/Jun/2018:07:01:22 -0500] "HEAD /BLA/resoluciones/RESOLUCIONES%202011/1657.pdf HTTP/1.1" 200 -
208.94.232.6 - - [12/Jun/2018:07:01:22 -0500] "HEAD /BLA/resoluciones/RESOLUCIONES%202011/1556.pdf HTTP/1.1" 200 -
201.245.192.253 - - [12/Jun/2018:07:01:23 -0500] "POST /sipse/faces/presentacion/financiero/solicitudProceso/consultarSolicitudProceso.xhtml HTTP/1.1" 200 30363
201.245.192.253 - - [12/Jun/2018:07:01:23 -0500] "GET /sipse/faces/javax.faces.resource/theme.css?ln=primefaces-sipse HTTP/1.1" 304 -
201.245.192.253 - - [12/Jun/2018:07:01:23 -0500] "GET /sipse/faces/javax.faces.resource/layout/layout.css?ln=primefaces&v=4.0 HTTP/1.1" 304 -
201.245.192.253 - - [12/Jun/2018:07:01:23 -0500] "GET /sipse/faces/javax.faces.resource/primefaces.css?ln=primefaces&v=4.0 HTTP/1.1" 304 -
201.245.192.253 - - [12/Jun/2018:07:01:23 -0500] "GET /sipse/faces/javax.faces.resource/jquery/jquery-plugins.js?ln=primefaces&v=4.0 HTTP/1.1" 304 -
201.245.192.253 - - [12/Jun/2018:07:01:23 -0500] "GET /sipse/faces/javax.faces.resource/primefaces.js?ln=primefaces&v=4.0 HTTP/1.1" 304 -
201.245.192.253 - - [12/Jun/2018:07:01:23 -0500] "GET /sipse/faces/javax.faces.resource/layout/layout.js?ln=primefaces&v=4.0 HTTP/1.1" 304 -
208.94.232.6 - - [12/Jun/2018:07:01:23 -0500] "HEAD /BLA/resoluciones/RESOLUCIONES%202011/1767.pdf HTTP/1.1" 200 -
208.94.232.6 - - [12/Jun/2018:07:01:25 -0500] "HEAD /BLA/resoluciones/RESOLUCIONES%202011/1727.pdf HTTP/1.1" 200 -
208.94.232.6 - - [12/Jun/2018:07:01:25 -0500] "HEAD /BLA/resoluciones/RESOLUCIONES%202011/1758.pdf HTTP/1.1" 200 -
201.245.192.253 - - [12/Jun/2018:07:01:23 -0500] "GET /sipse/faces/javax.faces.resource/jquery/jquery.js?ln=primefaces&v=4.0 HTTP/1.1" 304 -
201.245.192.253 - - [12/Jun/2018:07:01:26 -0500] "GET /sipse/css/imagen/contrasena.png HTTP/1.1" 404 383
208.94.232.6 - - [12/Jun/2018:07:01:32 -0500] "HEAD /BLA/resoluciones/RESOLUCIONES%202011/1542.pdf HTTP/1.1" 200 -
54.36.148.17 - - [12/Jun/2018:07:01:41 -0500] "GET /BLA/resoluciones/RESOLUCIONES%202003/RES%202003%201951-2000/00001996.tif HTTP/1.1" 200 113180
208.94.232.6 - - [12/Jun/2018:07:01:48 -0500] "HEAD /BLA/resoluciones/RESOLUCIONES%202011/1664.pdf HTTP/1.1" 200 -
208.94.232.6 - - [12/Jun/2018:07:01:50 -0500] "HEAD /BLA/resoluciones/RESOLUCIONES%202011/1670.pdf HTTP/1.1" 200 -
208.94.232.6 - - [12/Jun/2018:07:01:52 -0500] "HEAD /BLA/resoluciones/RESOLUCIONES%202011/1806.pdf HTTP/1.1" 200 -
208.94.232.6 - - [12/Jun/2018:07:01:54 -0500] "HEAD /BLA/resoluciones/RESOLUCIONES%202011/1693.pdf HTTP/1.1" 200 -
208.94.232.6 - - [12/Jun/2018:07:02:03 -0500] "HEAD /BLA/resoluciones/RESOLUCIONES%202011/1839.pdf HTTP/1.1" 200 -
208.94.232.6 - - [12/Jun/2018:07:02:06 -0500] "HEAD /BLA/resoluciones/RESOLUCIONES%202011/1815.pdf HTTP/1.1" 200 -
201.245.192.253 - - [12/Jun/2018:07:01:36 -0500] "POST /kwsrmcab/Wsrmcab HTTP/1.1" 200 14579
201.245.192.253 - - [12/Jun/2018:07:02:14 -0500] "POST /sipse/faces/presentacion/financiero/solicitudProceso/consultarHistorialSolProceso.xhtml HTTP/1.1" 200 150691
201.245.192.253 - - [12/Jun/2018:07:02:14 -0500] "GET /sipse/faces/javax.faces.resource/theme.css?ln=primefaces-sipse HTTP/1.1" 304 -
201.245.192.253 - - [12/Jun/2018:07:02:14 -0500] "GET /sipse/faces/javax.faces.resource/primefaces.css?ln=primefaces&v=4.0 HTTP/1.1" 304 -
201.245.192.253 - - [12/Jun/2018:07:02:14 -0500] "GET /sipse/faces/javax.faces.resource/layout/layout.css?ln=primefaces&v=4.0 HTTP/1.1" 304 -
201.245.192.253 - - [12/Jun/2018:07:02:14 -0500] "GET /sipse/faces/javax.faces.resource/jquery/jquery-plugins.js?ln=primefaces&v=4.0 HTTP/1.1" 304 -
201.245.192.253 - - [12/Jun/2018:07:02:14 -0500] "GET /sipse/faces/javax.faces.resource/jquery/jquery.js?ln=primefaces&v=4.0 HTTP/1.1" 304 -
201.245.192.253 - - [12/Jun/2018:07:02:14 -0500] "GET /sipse/faces/javax.faces.resource/primefaces.js?ln=primefaces&v=4.0 HTTP/1.1" 304 -
201.245.192.253 - - [12/Jun/2018:07:02:14 -0500] "GET /sipse/faces/javax.faces.resource/layout/layout.js?ln=primefaces&v=4.0 HTTP/1.1" 304 -
201.245.192.253 - - [12/Jun/2018:07:02:14 -0500] "GET /sipse/faces/javax.faces.resource/spacer/dot_clear.gif?ln=primefaces&v=4.0 HTTP/1.1" 304 -
201.245.192.253 - - [12/Jun/2018:07:02:14 -0500] "GET /sipse/css/imagen/contrasena.png HTTP/1.1" 404 383
192.168.175.104 - - [12/Jun/2018:07:02:14 -0500] "GET / HTTP/1.0" 200 9990
192.168.175.104 - - [12/Jun/2018:07:02:17 -0500] "GET / HTTP/1.1" 200 9990
208.94.232.6 - - [12/Jun/2018:07:02:20 -0500] "HEAD /BLA/resoluciones/RESOLUCIONES%202011/1729.pdf HTTP/1.1" 200 -
201.245.192.253 - - [12/Jun/2018:07:02:18 -0500] "POST /sipse/faces/presentacion/financiero/solicitudProceso/consultarSolicitudProceso.xhtml HTTP/1.1" 200 68850
201.245.192.253 - - [12/Jun/2018:07:02:23 -0500] "GET /sipse/faces/javax.faces.resource/theme.css?ln=primefaces-sipse HTTP/1.1" 304 -
201.245.192.253 - - [12/Jun/2018:07:02:23 -0500] "GET /sipse/faces/javax.faces.resource/primefaces.css?ln=primefaces&v=4.0 HTTP/1.1" 304 -
201.245.192.253 - - [12/Jun/2018:07:02:23 -0500] "GET /sipse/faces/javax.faces.resource/layout/layout.css?ln=primefaces&v=4.0 HTTP/1.1" 304 -
201.245.192.253 - - [12/Jun/2018:07:02:23 -0500] "GET /sipse/faces/javax.faces.resource/jquery/jquery.js?ln=primefaces&v=4.0 HTTP/1.1" 304 -
201.245.192.253 - - [12/Jun/2018:07:02:23 -0500] "GET /sipse/faces/javax.faces.resource/primefaces.js?ln=primefaces&v=4.0 HTTP/1.1" 304 -
201.245.192.253 - - [12/Jun/2018:07:02:23 -0500] "GET /sipse/faces/javax.faces.resource/jquery/jquery-plugins.js?ln=primefaces&v=4.0 HTTP/1.1" 304 -
201.245.192.253 - - [12/Jun/2018:07:02:23 -0500] "GET /sipse/faces/javax.faces.resource/layout/layout.js?ln=primefaces&v=4.0 HTTP/1.1" 304 -
201.245.192.253 - - [12/Jun/2018:07:02:23 -0500] "GET /sipse/css/imagen/contrasena.png HTTP/1.1" 404 383
201.245.192.253 - - [12/Jun/2018:07:02:23 -0500] "POST /sipse/faces/presentacion/financiero/solicitudProceso/listarSolicitudProceso.xhtml HTTP/1.1" 200 1452
208.94.232.6 - - [12/Jun/2018:07:02:27 -0500] "HEAD /BLA/resoluciones/RESOLUCIONES%202011/1628.pdf HTTP/1.1" 200 -
201.245.192.253 - - [12/Jun/2018:07:02:26 -0500] "POST /sipse/faces/presentacion/financiero/solicitudProceso/listarSolicitudProceso.xhtml HTTP/1.1" 200 1452
208.94.232.6 - - [12/Jun/2018:07:02:28 -0500] "HEAD /BLA/resoluciones/RESOLUCIONES%202011/1570.pdf HTTP/1.1" 200 -
208.94.232.6 - - [12/Jun/2018:07:02:34 -0500] "HEAD /BLA/resoluciones/RESOLUCIONES%202011/1672.pdf HTTP/1.1" 200 -
208.94.232.6 - - [12/Jun/2018:07:02:35 -0500] "HEAD /BLA/resoluciones/RESOLUCIONES%202011/1802.pdf HTTP/1.1" 200 -
201.245.192.253 - - [12/Jun/2018:07:02:07 -0500] "POST /kwsrmcab/Wsrmcab HTTP/1.1" 200 213
208.94.232.6 - - [12/Jun/2018:07:02:36 -0500] "HEAD /BLA/resoluciones/RESOLUCIONES%202011/1818.pdf HTTP/1.1" 200 -
201.245.192.253 - - [12/Jun/2018:07:02:38 -0500] "POST /sipse/faces/presentacion/financiero/solicitudProceso/listarSolicitudProceso.xhtml HTTP/1.1" 200 113994
201.245.192.253 - - [12/Jun/2018:07:02:39 -0500] "GET /sipse/faces/javax.faces.resource/theme.css?ln=primefaces-sipse HTTP/1.1" 304 -
201.245.192.253 - - [12/Jun/2018:07:02:39 -0500] "GET /sipse/faces/javax.faces.resource/primefaces.css?ln=primefaces&v=4.0 HTTP/1.1" 304 -
201.245.192.253 - - [12/Jun/2018:07:02:39 -0500] "GET /sipse/faces/javax.faces.resource/layout/layout.css?ln=primefaces&v=4.0 HTTP/1.1" 304 -
201.245.192.253 - - [12/Jun/2018:07:02:39 -0500] "GET /sipse/faces/javax.faces.resource/jquery/jquery.js?ln=primefaces&v=4.0 HTTP/1.1" 304 -
201.245.192.253 - - [12/Jun/2018:07:02:39 -0500] "GET /sipse/faces/javax.faces.resource/jquery/jquery-plugins.js?ln=primefaces&v=4.0 HTTP/1.1" 304 -
201.245.192.253 - - [12/Jun/2018:07:02:39 -0500] "GET /sipse/faces/javax.faces.resource/primefaces.js?ln=primefaces&v=4.0 HTTP/1.1" 304 -
201.245.192.253 - - [12/Jun/2018:07:02:39 -0500] "GET /sipse/faces/javax.faces.resource/layout/layout.js?ln=primefaces&v=4.0 HTTP/1.1" 304 -
201.245.192.253 - - [12/Jun/2018:07:02:39 -0500] "GET /sipse/faces/javax.faces.resource/spacer/dot_clear.gif?ln=primefaces&v=4.0 HTTP/1.1" 304 -
201.245.192.253 - - [12/Jun/2018:07:02:39 -0500] "GET /sipse/css/imagen/contrasena.png HTTP/1.1" 404 383
201.245.192.253 - - [12/Jun/2018:07:02:42 -0500] "POST /sipse/faces/presentacion/financiero/solicitudProceso/consultarSolicitudProceso.xhtml HTTP/1.1" 200 1385810
179.24.197.52 - - [12/Jun/2018:07:02:48 -0500] "GET / HTTP/1.0" 200 9990
5.255.250.154 - - [12/Jun/2018:07:02:49 -0500] "GET /robots.txt HTTP/1.1" 404 1019
66.249.65.153 - - [12/Jun/2018:07:02:51 -0500] "GET /BLA/resoluciones/RESOLUCIONES%202016/2422.pdf HTTP/1.1" 200 498042
5.255.250.154 - - [12/Jun/2018:07:02:53 -0500] "GET /videos/galeria-cronicas/skin/pink.flag/?C=N;O=D HTTP/1.1" 200 1747
192.168.175.104 - - [12/Jun/2018:07:03:01 -0500] "GET / HTTP/1.1" 200 9990
208.94.232.6 - - [12/Jun/2018:07:03:02 -0500] "HEAD /BLA/resoluciones/RESOLUCIONES%202011/1733.pdf HTTP/1.1" 200 -
181.176.59.217 - - [12/Jun/2018:07:03:03 -0500] "GET /portalsiaccapacitaciones/Soportes%20Capacitaciones%202015/0003.%20Taller%20HC%20Corporativa%20SDA%20Mayo%202015.pptx HTTP/1.1" 200 3526834
208.94.232.6 - - [12/Jun/2018:07:03:06 -0500] "HEAD /BLA/resoluciones/RESOLUCIONES%202011/1828.pdf HTTP/1.1" 200 -
181.49.72.206 - - [12/Jun/2018:07:03:23 -0500] "GET /BLA/boletinlegal/js/jquery.scrollShow.js HTTP/1.1" 200 4586
181.49.72.206 - - [12/Jun/2018:07:03:23 -0500] "GET /galeria/galeria/jquery.fancybox.js?v=2.1.5 HTTP/1.1" 200 48706
54.36.148.92 - - [12/Jun/2018:07:03:23 -0500] "GET /BLA/resoluciones/RESOLUCIONES%202002/RES%202002%20251-300/00000263.tif HTTP/1.1" 200 40570
181.49.72.206 - - [12/Jun/2018:07:03:23 -0500] "GET /galeria/galeria/jquery.fancybox.css?v=2.1.5 HTTP/1.1" 200 4895
181.49.72.206 - - [12/Jun/2018:07:03:23 -0500] "GET /galeria/carrusel/Carrusel/jquery.thumbnailScroller.css HTTP/1.1" 200 2066
208.94.232.6 - - [12/Jun/2018:07:03:24 -0500] "HEAD /BLA/resoluciones/RESOLUCIONES%202011/1659.pdf HTTP/1.1" 200 -
208.94.232.6 - - [12/Jun/2018:07:03:28 -0500] "HEAD /BLA/resoluciones/RESOLUCIONES%202011/1760.pdf HTTP/1.1" 200 -
181.63.18.188 - - [12/Jun/2018:07:03:33 -0500] "GET /galeria/galeria/jquery.fancybox.js?v=2.1.5 HTTP/1.1" 200 48706
181.63.18.188 - - [12/Jun/2018:07:03:33 -0500] "GET /galeria/carrusel/Carrusel/jquery.thumbnailScroller.css HTTP/1.1" 200 2066
181.63.18.188 - - [12/Jun/2018:07:03:34 -0500] "GET /galeria/carrusel/Carrusel/jquery-ui-1.8.13.custom.min.js HTTP/1.1" 200 10800
181.63.18.188 - - [12/Jun/2018:07:03:34 -0500] "GET /galeria/carrusel/Carrusel/jquery.thumbnailScroller.js HTTP/1.1" 200 8157
181.63.18.188 - - [12/Jun/2018:07:03:34 -0500] "GET /galeria/nivo-slider/demo/demo.html HTTP/1.1" 200 13225
181.63.18.188 - - [12/Jun/2018:07:03:35 -0500] "GET /galeria/nivo-slider/themes/default/default.css HTTP/1.1" 200 1569
181.63.18.188 - - [12/Jun/2018:07:03:35 -0500] "GET /galeria/nivo-slider/themes/pascal/pascal.css HTTP/1.1" 200 2258
181.63.18.188 - - [12/Jun/2018:07:03:35 -0500] "GET /galeria/nivo-slider/themes/orman/orman.css HTTP/1.1" 200 2152
181.63.18.188 - - [12/Jun/2018:07:03:35 -0500] "GET /galeria/nivo-slider/demo/scripts/jquery-1.7.1.min.js HTTP/1.1" 200 93868
181.63.18.188 - - [12/Jun/2018:07:03:35 -0500] "GET /galeria/nivo-slider/nivo-slider.css HTTP/1.1" 200 1507
181.63.18.188 - - [12/Jun/2018:07:03:35 -0500] "GET /galeria/nivo-slider/demo/style.css HTTP/1.1" 200 2222
181.63.18.188 - - [12/Jun/2018:07:03:35 -0500] "GET /galeria/nivo-slider/demo/images/SemanaAmbiental_.jpg HTTP/1.1" 200 75175
181.63.18.188 - - [12/Jun/2018:07:03:35 -0500] "GET /galeria/nivo-slider/jquery.nivo.slider.pack.js HTTP/1.1" 200 11561
181.63.18.188 - - [12/Jun/2018:07:03:35 -0500] "GET /galeria/nivo-slider/demo/images/calculadora-de-c-onsumo-responsable.jpg HTTP/1.1" 200 280294
181.63.18.188 - - [12/Jun/2018:07:03:35 -0500] "GET /galeria/nivo-slider/demo/images/Otorgamiento-excelencia-ambiental-Jos%C3%A9-Celestino-Mutis-2.jpg HTTP/1.1" 200 276467
181.63.18.188 - - [12/Jun/2018:07:03:35 -0500] "GET /galeria/nivo-slider/demo/images/Banner%20caminatas-Junio.jpg HTTP/1.1" 200 505174
181.63.18.188 - - [12/Jun/2018:07:03:36 -0500] "GET /galeria/nivo-slider/demo/images/Banner_micrositio.png HTTP/1.1" 200 146950
181.63.18.188 - - [12/Jun/2018:07:03:36 -0500] "GET /galeria/nivo-slider/demo/images/avances-sentencias-rio-bogota-2.jpg HTTP/1.1" 200 304916
181.63.18.188 - - [12/Jun/2018:07:03:36 -0500] "GET /galeria/nivo-slider/demo/images/4Simple_Slider.png HTTP/1.1" 200 11722
208.94.232.6 - - [12/Jun/2018:07:03:36 -0500] "HEAD /BLA/resoluciones/RESOLUCIONES%202011/1819.pdf HTTP/1.1" 200 -
181.63.18.188 - - [12/Jun/2018:07:03:36 -0500] "GET /galeria/nivo-slider/themes/default/loading.gif HTTP/1.1" 200 1737
181.63.18.188 - - [12/Jun/2018:07:03:37 -0500] "GET /galeria/nivo-slider/demo/images/BANNER%20VAN%20DER%20HAMMEN.jpg HTTP/1.1" 200 64172
181.63.18.188 - - [12/Jun/2018:07:03:37 -0500] "GET /galeria/nivo-slider/demo/images/banner-humedales-de-bogota.jpg HTTP/1.1" 200 292611
181.63.18.188 - - [12/Jun/2018:07:03:37 -0500] "GET /galeria/nivo-slider/demo/images/maximavelocidad.png HTTP/1.1" 200 880272
181.63.18.188 - - [12/Jun/2018:07:03:37 -0500] "GET /galeria/nivo-slider/demo/images/banner%20aceite%20vegetal%20usado.jpg HTTP/1.1" 200 169350
208.94.232.6 - - [12/Jun/2018:07:03:37 -0500] "HEAD /BLA/resoluciones/RESOLUCIONES%202011/1626.pdf HTTP/1.1" 200 -
181.63.18.188 - - [12/Jun/2018:07:03:37 -0500] "GET /galeria/nivo-slider/demo/images/bannerlumina2017web.jpg HTTP/1.1" 200 198918
181.63.18.188 - - [12/Jun/2018:07:03:39 -0500] "GET /galeria/nivo-slider/demo/images/banner-bolsas-plasticas.jpg HTTP/1.1" 200 317939
200.25.59.65 - - [12/Jun/2018:07:03:39 -0500] "GET /galeria/nivo-slider/demo/images/BANNER-CONVOCATORIA-PREAD.jpg HTTP/1.1" 304 -
208.94.232.6 - - [12/Jun/2018:07:03:40 -0500] "HEAD /BLA/resoluciones/RESOLUCIONES%202011/1770.pdf HTTP/1.1" 200 -
208.94.232.6 - - [12/Jun/2018:07:03:42 -0500] "HEAD /BLA/resoluciones/RESOLUCIONES%202011/1842.pdf HTTP/1.1" 200 -
181.63.18.188 - - [12/Jun/2018:07:03:44 -0500] "GET /galeria/nivo-slider/themes/default/arrows.png HTTP/1.1" 200 824
181.63.18.188 - - [12/Jun/2018:07:03:44 -0500] "GET /galeria/nivo-slider/themes/default/bullets.png HTTP/1.1" 200 1281
54.36.148.252 - - [12/Jun/2018:07:03:50 -0500] "GET /BLA/resoluciones/RESOLUCIONES%202005/RES%202005%202701%20-2750/00002723.tif HTTP/1.1" 200 119760
208.94.232.6 - - [12/Jun/2018:07:03:50 -0500] "HEAD /BLA/resoluciones/RESOLUCIONES%202011/1555.pdf HTTP/1.1" 200 -
208.94.232.6 - - [12/Jun/2018:07:03:51 -0500] "HEAD /BLA/resoluciones/RESOLUCIONES%202011/1630.pdf HTTP/1.1" 200 -
208.94.232.6 - - [12/Jun/2018:07:03:53 -0500] "HEAD /BLA/resoluciones/RESOLUCIONES%202011/1684.pdf HTTP/1.1" 200 -
208.94.232.6 - - [12/Jun/2018:07:04:10 -0500] "HEAD /BLA/resoluciones/RESOLUCIONES%202011/1694.pdf HTTP/1.1" 200 -
208.94.232.6 - - [12/Jun/2018:07:04:12 -0500] "HEAD /BLA/resoluciones/RESOLUCIONES%202011/1730.pdf HTTP/1.1" 200 -
54.36.148.81 - - [12/Jun/2018:07:04:16 -0500] "GET /BLA/resoluciones/AUTOS%202006/AUTOS%202006%203201%20-%203300/00003268.tif HTTP/1.1" 200 78232
208.94.232.6 - - [12/Jun/2018:07:04:26 -0500] "HEAD /BLA/resoluciones/RESOLUCIONES%202011/1676.pdf HTTP/1.1" 200 -
208.94.232.6 - - [12/Jun/2018:07:04:26 -0500] "HEAD /BLA/resoluciones/RESOLUCIONES%202011/1677.pdf HTTP/1.1" 200 -
201.245.192.253 - - [12/Jun/2018:07:04:32 -0500] "GET /sipse/faces/faces/faces/autenticacion.xhtml HTTP/1.1" 200 12492
201.245.192.253 - - [12/Jun/2018:07:04:32 -0500] "GET /sipse/faces/javax.faces.resource/layout/layout.css;jsessionid=z2ZPS-n2E0v8yXP8Lpx6STGM.undefined?ln=primefaces&v=4.0 HTTP/1.1" 200 542
201.245.192.253 - - [12/Jun/2018:07:04:32 -0500] "GET /sipse/faces/javax.faces.resource/primefaces.css;jsessionid=z2ZPS-n2E0v8yXP8Lpx6STGM.undefined?ln=primefaces&v=4.0 HTTP/1.1" 200 53295
201.245.192.253 - - [12/Jun/2018:07:04:32 -0500] "GET /sipse/faces/javax.faces.resource/layout/layout.js;jsessionid=z2ZPS-n2E0v8yXP8Lpx6STGM.undefined?ln=primefaces&v=4.0 HTTP/1.1" 200 87560
201.245.192.253 - - [12/Jun/2018:07:04:32 -0500] "GET /sipse/js/disable_browser_buttons.js HTTP/1.1" 200 3230
