190.24.136.210 - - [30/Jun/2018:01:10:48 -0500] "GET /BLA/boletinlegal/images/menu_rght.gif HTTP/1.1" 200 1627
190.24.136.210 - - [30/Jun/2018:01:10:48 -0500] "GET /BLA/boletinlegal/images/bg_top.jpg HTTP/1.1" 200 522
190.24.136.210 - - [30/Jun/2018:01:10:48 -0500] "GET /BLA/boletinlegal/images/menu_bg.jpg HTTP/1.1" 200 620
190.24.136.210 - - [30/Jun/2018:01:10:48 -0500] "GET /BLA/boletinlegal/images/body_bg.jpg HTTP/1.1" 200 1601
190.24.136.210 - - [30/Jun/2018:01:10:48 -0500] "GET /BLA/boletinlegal/images/menu_lft.gif HTTP/1.1" 200 1713
190.24.136.210 - - [30/Jun/2018:01:10:48 -0500] "GET /BLA/boletinlegal/images/hover.jpg HTTP/1.1" 200 640
190.24.136.210 - - [30/Jun/2018:01:10:48 -0500] "GET /BLA/boletinlegal/images/pdf.gif HTTP/1.1" 200 567
190.24.136.210 - - [30/Jun/2018:01:10:48 -0500] "GET /BLA/boletinlegal/images/footer_bg.jpg HTTP/1.1" 200 586
190.24.136.210 - - [30/Jun/2018:01:10:49 -0500] "GET /favicon.ico HTTP/1.1" 200 7782
192.168.175.104 - - [30/Jun/2018:01:10:50 -0500] "GET / HTTP/1.0" 200 9990
192.168.175.104 - - [30/Jun/2018:01:11:33 -0500] "GET / HTTP/1.1" 200 9990
66.249.66.91 - - [30/Jun/2018:01:11:34 -0500] "GET /BLA/resoluciones/AUTOS%202014/6356.pdf HTTP/1.1" 200 1703583
66.249.66.90 - - [30/Jun/2018:01:11:39 -0500] "GET /BLA/resoluciones/RESOLUCIONES%202007/RES%202007%20101%20AL%20200/RESOLUCION%200124%20%20DE%202007.pdf HTTP/1.1" 200 392554
66.249.66.91 - - [30/Jun/2018:01:11:43 -0500] "GET /resoluciones/RESOLUCIONES%202008/1457.pdf HTTP/1.1" 404 1018
66.249.66.90 - - [30/Jun/2018:01:11:46 -0500] "GET /BLA/resoluciones/AUTOS%202010/0486.pdf HTTP/1.1" 200 181727
66.249.66.93 - - [30/Jun/2018:01:11:49 -0500] "GET /BLA/resoluciones/RESOLUCIONES%202010/3096.pdf HTTP/1.1" 200 349412
201.245.192.253 - - [30/Jun/2018:01:11:21 -0500] "POST /kwsrmcab/Wsrmcab HTTP/1.1" 200 22385
66.249.66.92 - - [30/Jun/2018:01:12:02 -0500] "GET /BLA/resoluciones/RESOLUCIONES%202008/0788.pdf HTTP/1.1" 200 27865
190.24.136.210 - - [30/Jun/2018:01:12:10 -0500] "GET /BLA/boletinlegal/jurisprudencia.php HTTP/1.1" 200 17573
190.24.136.210 - - [30/Jun/2018:01:12:10 -0500] "GET /BLA/boletinlegal/js/lib.js HTTP/1.1" 200 6474
190.24.136.210 - - [30/Jun/2018:01:12:10 -0500] "GET /BLA/boletinlegal/js/popup.js HTTP/1.1" 200 1270
190.24.136.210 - - [30/Jun/2018:01:12:10 -0500] "GET /BLA/boletinlegal/js/jquery1.js HTTP/1.1" 200 29846
190.24.136.210 - - [30/Jun/2018:01:12:10 -0500] "GET /BLA/boletinlegal/images/footer_bg_l.jpg HTTP/1.1" 200 776
190.24.136.210 - - [30/Jun/2018:01:12:10 -0500] "GET /BLA/boletinlegal/images/hover.png HTTP/1.1" 200 59469
190.24.136.210 - - [30/Jun/2018:01:12:10 -0500] "GET /BLA/boletinlegal/images/jurisprudencia.png HTTP/1.1" 200 66721
190.24.136.210 - - [30/Jun/2018:01:12:10 -0500] "GET /BLA/boletinlegal/images/sub_ul_li.gif HTTP/1.1" 200 343
190.24.136.210 - - [30/Jun/2018:01:12:20 -0500] "GET /BLA/boletinlegal/doctrina.php HTTP/1.1" 200 5604
190.24.136.210 - - [30/Jun/2018:01:12:20 -0500] "GET /BLA/boletinlegal/js/ajax_doctrina.js HTTP/1.1" 200 772
201.245.192.253 - - [30/Jun/2018:01:11:52 -0500] "POST /kwsrmcab/Wsrmcab HTTP/1.1" 200 18980
190.24.136.210 - - [30/Jun/2018:01:12:22 -0500] "GET /BLA/boletinlegal/actos.php HTTP/1.1" 200 8738
190.24.136.210 - - [30/Jun/2018:01:12:22 -0500] "GET /BLA/boletinlegal/js/ajax_actos.js HTTP/1.1" 200 1322
190.24.136.210 - - [30/Jun/2018:01:12:22 -0500] "GET /BLA/boletinlegal/niceforms.js HTTP/1.1" 200 22876
190.24.136.210 - - [30/Jun/2018:01:12:22 -0500] "GET /BLA/boletinlegal/niceforms-default.css HTTP/1.1" 200 6694
190.24.136.210 - - [30/Jun/2018:01:12:22 -0500] "GET /BLA/boletinlegal/images/green-yellow-blue-pink-th.png HTTP/1.1" 200 7394
190.24.136.210 - - [30/Jun/2018:01:12:22 -0500] "GET /BLA/boletinlegal/images/abajo.png HTTP/1.1" 200 96676
190.24.136.210 - - [30/Jun/2018:01:12:22 -0500] "GET /BLA/boletinlegal/images/tel.png HTTP/1.1" 200 14477
190.24.136.210 - - [30/Jun/2018:01:12:22 -0500] "GET /BLA/boletinlegal/images/icono-email.png HTTP/1.1" 200 5544
190.24.136.210 - - [30/Jun/2018:01:12:22 -0500] "GET /BLA/boletinlegal/img/0.png HTTP/1.1" 200 110
190.24.136.210 - - [30/Jun/2018:01:12:22 -0500] "GET /BLA/boletinlegal/img/button-right.png HTTP/1.1" 200 57878
190.24.136.210 - - [30/Jun/2018:01:12:22 -0500] "GET /BLA/boletinlegal/img/button-left.png HTTP/1.1" 200 57071
190.24.136.210 - - [30/Jun/2018:01:12:22 -0500] "GET /BLA/boletinlegal/img/button.png HTTP/1.1" 200 43241
190.24.136.210 - - [30/Jun/2018:01:12:22 -0500] "GET /BLA/boletinlegal/img/select-right.png HTTP/1.1" 200 44019
190.24.136.210 - - [30/Jun/2018:01:12:22 -0500] "GET /BLA/boletinlegal/img/select-left.png HTTP/1.1" 200 263
190.24.136.210 - - [30/Jun/2018:01:12:24 -0500] "GET /BLA/boletinlegal/conceptos.php HTTP/1.1" 200 7261
190.24.136.210 - - [30/Jun/2018:01:12:25 -0500] "GET /BLA/boletinlegal/js/ajax_conceptos.js HTTP/1.1" 200 1326
190.24.136.210 - - [30/Jun/2018:01:12:31 -0500] "GET /BLA/boletinlegal/normativa.php HTTP/1.1" 200 8122
190.24.136.210 - - [30/Jun/2018:01:12:31 -0500] "GET /BLA/boletinlegal/js/ajax_normativa.js HTTP/1.1" 200 1154
69.162.124.233 - - [30/Jun/2018:01:12:38 -0500] "HEAD / HTTP/1.1" 200 -
66.249.66.90 - - [30/Jun/2018:01:12:43 -0500] "GET /BLA/resoluciones/AUTOS%202010/5507.pdf HTTP/1.1" 200 152802
66.249.66.92 - - [30/Jun/2018:01:12:49 -0500] "GET /BLA/resoluciones/RESOLUCIONES%202007/RES%202007%201301%20AL%201400/RESOLUCION%201363%20DE%202007.pdf HTTP/1.1" 200 258672
66.249.66.92 - - [30/Jun/2018:01:12:51 -0500] "GET /BLA/resoluciones/RESOLUCIONES%202007/RES%202007%203401%20AL%203500/RESOLUCION%203448%20DE%202007.pdf HTTP/1.1" 200 1048712
192.168.175.104 - - [30/Jun/2018:01:13:07 -0500] "GET / HTTP/1.1" 200 9990
66.249.66.92 - - [30/Jun/2018:01:13:09 -0500] "GET /BLA/resoluciones/AUTOS%202008/0491.pdf HTTP/1.1" 200 117941
66.249.66.92 - - [30/Jun/2018:01:13:12 -0500] "GET /resoluciones/RESOLUCIONES%202009/1584.pdf HTTP/1.1" 404 1018
66.249.66.92 - - [30/Jun/2018:01:13:24 -0500] "GET /BLA/resoluciones/AUTOS%202015/2170.pdf HTTP/1.1" 200 569345
66.249.66.156 - - [30/Jun/2018:01:13:37 -0500] "GET /portel_dama/libreria/php/2006/ECOSISTEMAS%20FINAL%20web_mz27/restauracion/sitio/22_proye/xtras_in/3a.pdf HTTP/1.1" 404 1019
66.249.66.92 - - [30/Jun/2018:01:13:39 -0500] "GET /BLA/resoluciones/RESOLUCIONES%202010/2092.pdf HTTP/1.1" 200 347720
190.24.136.210 - - [30/Jun/2018:01:12:33 -0500] "GET /BLA/boletinlegal/index.php HTTP/1.1" 200 58793
190.24.136.210 - - [30/Jun/2018:01:13:47 -0500] "GET /BLA/boletinlegal/images/img_1.jpg HTTP/1.1" 200 8067
190.24.136.210 - - [30/Jun/2018:01:13:47 -0500] "GET /BLA/boletinlegal/images/img_3.jpg HTTP/1.1" 200 1841
66.249.66.92 - - [30/Jun/2018:01:13:56 -0500] "GET /BLA/resoluciones/RESOLUCIONES%202007/RES%202007%203301%20AL%203400/RESOLUCION%203344%20DE%202007.pdf HTTP/1.1" 200 420953
66.249.66.91 - - [30/Jun/2018:01:14:02 -0500] "GET /BLA/resoluciones/AUTOS%202013/2701.pdf HTTP/1.1" 200 394736
66.249.66.91 - - [30/Jun/2018:01:14:04 -0500] "GET /BLA/resoluciones/RESOLUCIONES%202011/1670.pdf HTTP/1.1" 200 80349
66.249.66.90 - - [30/Jun/2018:01:14:07 -0500] "GET /BLA/resoluciones/AUTOS%202007/1866.pdf HTTP/1.1" 200 87288
187.253.127.170 - - [30/Jun/2018:01:14:08 -0500] "GET /siipev/Diseno%20de%20Elementos%20de%20Mobiliario%20Urbano/Otros%20Elementos/Infografia/Parte2/M-21.PNG HTTP/1.1" 200 5682
66.249.66.90 - - [30/Jun/2018:01:14:35 -0500] "GET /BLA/resoluciones/RESOLUCIONES%202012/0640.pdf HTTP/1.1" 200 826093
66.249.66.91 - - [30/Jun/2018:01:14:45 -0500] "GET /BLA/resoluciones/RESOLUCIONES%202010/1971.pdf HTTP/1.1" 200 422276
66.249.66.91 - - [30/Jun/2018:01:15:01 -0500] "GET /BLA/resoluciones/AUTOS%202016/6155.pdf HTTP/1.1" 200 438329
66.249.66.90 - - [30/Jun/2018:01:15:02 -0500] "GET /BLA/resoluciones/RESOLUCIONES%202012/1132.pdf HTTP/1.1" 200 363833
66.249.66.90 - - [30/Jun/2018:01:15:06 -0500] "GET /BLA/resoluciones/RESOLUCIONES%202008/1547.pdf HTTP/1.1" 200 240912
66.249.66.90 - - [30/Jun/2018:01:15:16 -0500] "GET /BLA/resoluciones/Autos%202008/0523.pdf HTTP/1.1" 200 241600
181.137.59.193 - - [30/Jun/2018:01:15:27 -0500] "GET /BLA/boletinlegal/js/jquery.scrollShow.js HTTP/1.1" 200 4586
181.137.59.193 - - [30/Jun/2018:01:15:27 -0500] "GET /galeria/galeria/jquery.fancybox.js?v=2.1.5 HTTP/1.1" 200 48706
181.137.59.193 - - [30/Jun/2018:01:15:27 -0500] "GET /galeria/galeria/jquery.fancybox.css?v=2.1.5 HTTP/1.1" 200 4895
181.137.59.193 - - [30/Jun/2018:01:15:29 -0500] "GET /galeria/galeria/jquery.fancybox.css?v=2.1.5 HTTP/1.1" 304 -
181.137.59.193 - - [30/Jun/2018:01:15:29 -0500] "GET /BLA/boletinlegal/js/jquery.scrollShow.js HTTP/1.1" 304 -
181.137.59.193 - - [30/Jun/2018:01:15:29 -0500] "GET /galeria/galeria/jquery.fancybox.js?v=2.1.5 HTTP/1.1" 304 -
66.249.66.90 - - [30/Jun/2018:01:15:35 -0500] "GET /BLA/resoluciones/RESOLUCIONES%202011/5715.pdf HTTP/1.1" 200 591366
192.168.175.104 - - [30/Jun/2018:01:15:48 -0500] "GET / HTTP/1.0" 200 9990
66.249.66.91 - - [30/Jun/2018:01:16:06 -0500] "GET /BLA/resoluciones/AUTOS%202014/5839.pdf HTTP/1.1" 200 466723
66.249.66.90 - - [30/Jun/2018:01:16:14 -0500] "GET /resoluciones/RESOLUCIONES%202010/1868.pdf HTTP/1.1" 404 1018
192.168.175.104 - - [30/Jun/2018:01:16:31 -0500] "GET / HTTP/1.1" 200 9990
66.249.66.91 - - [30/Jun/2018:01:16:53 -0500] "GET /BLA/resoluciones/RESOLUCIONES%202008/3741.pdf HTTP/1.1" 200 222718
66.249.66.91 - - [30/Jun/2018:01:16:55 -0500] "GET /BLA/resoluciones/RESOLUCIONES%202007/RES%202007%202401%20AL%202500/RESOLUCION%202425%20DE%202007.pdf HTTP/1.1" 200 683572
66.249.66.91 - - [30/Jun/2018:01:17:00 -0500] "GET /BLA/resoluciones/RESOLUCIONES%202009/5593.pdf HTTP/1.1" 200 674563
66.249.66.91 - - [30/Jun/2018:01:17:06 -0500] "GET /BLA/resoluciones/RESOLUCIONES%202010/1590.pdf HTTP/1.1" 200 376756
66.249.66.90 - - [30/Jun/2018:01:17:08 -0500] "GET /BLA/resoluciones/RESOLUCIONES%202010/4272.pdf HTTP/1.1" 200 628950
190.12.152.151 - - [30/Jun/2018:01:17:13 -0500] "GET /galeria/galeria/jquery.fancybox.css?v=2.1.5 HTTP/1.1" 200 4895
190.12.152.151 - - [30/Jun/2018:01:17:13 -0500] "GET /BLA/boletinlegal/js/jquery.scrollShow.js HTTP/1.1" 200 4586
190.12.152.151 - - [30/Jun/2018:01:17:13 -0500] "GET /galeria/galeria/jquery.fancybox.js?v=2.1.5 HTTP/1.1" 200 48706
66.249.66.92 - - [30/Jun/2018:01:17:16 -0500] "GET /BLA/resoluciones/RESOLUCIONES%202009/6954.pdf HTTP/1.1" 200 120410
66.249.66.90 - - [30/Jun/2018:01:17:21 -0500] "GET /BLA/resoluciones/AUTOS%202007/2844.pdf HTTP/1.1" 200 117043
66.249.66.93 - - [30/Jun/2018:01:17:32 -0500] "GET /BLA/resoluciones/RESOLUCIONES%202016/2016.pdf HTTP/1.1" 200 492903
69.162.124.233 - - [30/Jun/2018:01:17:38 -0500] "HEAD / HTTP/1.1" 200 -
216.244.66.195 - - [30/Jun/2018:01:17:47 -0500] "GET /robots.txt HTTP/1.1" 404 1018
66.249.66.91 - - [30/Jun/2018:01:18:03 -0500] "GET /BLA/resoluciones/RESOLUCIONES%202010/4354.pdf HTTP/1.1" 200 495923
192.168.175.104 - - [30/Jun/2018:01:18:05 -0500] "GET / HTTP/1.1" 200 9990
66.249.66.90 - - [30/Jun/2018:01:18:08 -0500] "GET /BLA/resoluciones/RESOLUCIONES%202017/0800.pdf HTTP/1.1" 200 577127
66.249.66.91 - - [30/Jun/2018:01:18:10 -0500] "GET /BLA/resoluciones/RESOLUCIONES%202007/RES%202007%203401%20AL%203500/RESOLUCION%203408%20DE%202007.pdf HTTP/1.1" 200 701454
66.249.66.90 - - [30/Jun/2018:01:18:16 -0500] "GET /BLA/resoluciones/RESOLUCIONES%202010/0387.pdf HTTP/1.1" 200 107054
66.249.66.90 - - [30/Jun/2018:01:18:19 -0500] "GET /portel_dama/libreria/php/2006/ECOSISTEMAS%20FINAL%20web_mz27/x%20restauracion/sitio/22_proye/xtras_in/3a.pdf HTTP/1.1" 404 1018
66.249.66.91 - - [30/Jun/2018:01:18:43 -0500] "GET /BLA/resoluciones/AUTOS%202007/3500.pdf HTTP/1.1" 200 126018
66.249.66.92 - - [30/Jun/2018:01:18:45 -0500] "GET /BLA/resoluciones/RESOLUCIONES%202010/2243.pdf HTTP/1.1" 200 492391
66.249.66.80 - - [30/Jun/2018:01:18:47 -0500] "GET /portel_dama/libreria/php/2006/ECOSISTEMAS%20FINAL%20web_mz27/humedales/sitio/22_pol/xtras/1.pdf HTTP/1.1" 404 1018
66.249.66.90 - - [30/Jun/2018:01:18:59 -0500] "GET /BLA/resoluciones/RESOLUCIONES%202010/1485.pdf HTTP/1.1" 200 520999
66.249.66.90 - - [30/Jun/2018:01:19:24 -0500] "GET /BLA/resoluciones/RESOLUCIONES%202009/8352.pdf HTTP/1.1" 200 481263
66.249.66.90 - - [30/Jun/2018:01:19:30 -0500] "GET /BLA/resoluciones/AUTOS%202015/0238.pdf HTTP/1.1" 200 459461
35.190.201.122 - - [30/Jun/2018:01:19:37 -0500] "-" 408 -
66.249.66.90 - - [30/Jun/2018:01:19:45 -0500] "GET /BLA/resoluciones/AUTOS%202007/0214.pdf HTTP/1.1" 200 16712
66.249.66.90 - - [30/Jun/2018:01:19:55 -0500] "GET /BLA/resoluciones/AUTOS%202007/2770.pdf HTTP/1.1" 200 42982
66.249.66.221 - - [30/Jun/2018:01:19:59 -0500] "GET /phpold/AjaxPhpCode/PDFs/Ajax_Chat_and_JSON.pdf HTTP/1.1" 404 1015
66.249.66.91 - - [30/Jun/2018:01:20:00 -0500] "GET /BLA/resoluciones/AUTOS%202007/0220.pdf HTTP/1.1" 200 17400
66.249.66.90 - - [30/Jun/2018:01:20:02 -0500] "GET /BLA/resoluciones/RESOLUCIONES%202008/2514.pdf HTTP/1.1" 200 251855
66.249.66.90 - - [30/Jun/2018:01:20:04 -0500] "GET /BLA/resoluciones/RESOLUCIONES%202010/4563.pdf HTTP/1.1" 200 534707
66.249.66.91 - - [30/Jun/2018:01:20:10 -0500] "GET /BLA/resoluciones/RESOLUCIONES%202008/2816.pdf HTTP/1.1" 200 246271
66.249.66.90 - - [30/Jun/2018:01:20:17 -0500] "GET /BLA/resoluciones/RESOLUCIONES%202010/5234.pdf HTTP/1.1" 200 778733
66.249.66.91 - - [30/Jun/2018:01:20:20 -0500] "GET /BLA/resoluciones/AUTOS%202010/0846.pdf HTTP/1.1" 200 131454
192.168.175.104 - - [30/Jun/2018:01:20:46 -0500] "GET / HTTP/1.0" 200 9990
54.36.150.0 - - [30/Jun/2018:01:20:52 -0500] "GET /robots.txt HTTP/1.1" 404 1018
66.249.66.90 - - [30/Jun/2018:01:20:53 -0500] "GET /BLA/resoluciones/RESOLUCIONES%202010/1236.pdf HTTP/1.1" 200 130256
66.249.66.90 - - [30/Jun/2018:01:21:06 -0500] "GET /BLA/resoluciones/RESOLUCIONES%202010/3653.pdf HTTP/1.1" 200 713375
161.18.95.22 - - [30/Jun/2018:01:21:07 -0500] "GET /galeria/galeria/fotos/Huemdal-Cordoba3G.jpg HTTP/1.1" 200 445563
66.249.66.157 - - [30/Jun/2018:01:21:08 -0500] "GET /portel_dama/libreria/pdf/2.pdf HTTP/1.1" 404 1019
66.249.66.90 - - [30/Jun/2018:01:21:09 -0500] "GET /BLA/resoluciones/RESOLUCIONES%202010/3407.pdf HTTP/1.1" 200 318444
66.249.66.90 - - [30/Jun/2018:01:21:19 -0500] "GET /BLA/resoluciones/AUTOS%202012/2566.pdf HTTP/1.1" 200 505067
66.249.66.90 - - [30/Jun/2018:01:21:22 -0500] "GET /BLA/resoluciones/AUTOS%202007/2067.pdf HTTP/1.1" 200 149064
192.168.175.104 - - [30/Jun/2018:01:21:29 -0500] "GET / HTTP/1.1" 200 9990
66.249.66.91 - - [30/Jun/2018:01:21:32 -0500] "GET /BLA/resoluciones/AUTOS%202016/2554.pdf HTTP/1.1" 200 321963
66.249.66.91 - - [30/Jun/2018:01:21:35 -0500] "GET /BLA/resoluciones/RESOLUCIONES%202007/RES%202007%201101%20AL%201200/RESOLUCION%201127%20DE%202007.pdf HTTP/1.1" 200 222181
66.249.66.90 - - [30/Jun/2018:01:21:37 -0500] "GET /BLA/resoluciones/AUTOS%202007/2352.pdf HTTP/1.1" 200 94194
201.245.192.253 - - [30/Jun/2018:01:21:21 -0500] "POST /kwsrmcab/Wsrmcab HTTP/1.1" 200 22385
66.249.66.156 - - [30/Jun/2018:01:21:58 -0500] "GET /dama/libreria/pdf/varios2006/IGA2004.pdf HTTP/1.1" 404 1019
66.249.66.90 - - [30/Jun/2018:01:22:02 -0500] "GET /resoluciones/RESOLUCIONES%202008/3740.pdf HTTP/1.1" 404 1018
69.162.124.233 - - [30/Jun/2018:01:22:38 -0500] "HEAD / HTTP/1.1" 200 -
66.249.66.92 - - [30/Jun/2018:01:22:41 -0500] "GET /BLA/resoluciones/AUTOS%202013/1163.pdf HTTP/1.1" 200 758428
66.249.66.91 - - [30/Jun/2018:01:22:43 -0500] "GET /BLA/resoluciones/RESOLUCIONES%202007/RES%202007%20901%20AL%201000/RESOLUCION%200903%20DE%202007.pdf HTTP/1.1" 200 374747
66.249.66.92 - - [30/Jun/2018:01:22:53 -0500] "GET /BLA/resoluciones/RESOLUCIONES%202009/2749.pdf HTTP/1.1" 200 459723
66.249.66.92 - - [30/Jun/2018:01:22:53 -0500] "GET /BLA/resoluciones/AUTOS%202010/0474.pdf HTTP/1.1" 200 187591
66.249.66.91 - - [30/Jun/2018:01:22:59 -0500] "GET /BLA/resoluciones/RESOLUCIONES%202010/3215.pdf HTTP/1.1" 200 761629
66.249.66.90 - - [30/Jun/2018:01:23:00 -0500] "GET /BLA/resoluciones/RESOLUCIONES%202010/3554.pdf HTTP/1.1" 200 786927
192.168.175.104 - - [30/Jun/2018:01:23:03 -0500] "GET / HTTP/1.1" 200 9990
66.249.66.90 - - [30/Jun/2018:01:23:12 -0500] "GET /BLA/resoluciones/RESOLUCIONES%202010/1172.pdf HTTP/1.1" 200 107216
66.249.66.91 - - [30/Jun/2018:01:23:18 -0500] "GET /BLA/resoluciones/RESOLUCIONES%202010/0013.pdf HTTP/1.1" 200 407879
66.249.66.91 - - [30/Jun/2018:01:23:19 -0500] "GET /BLA/resoluciones/RESOLUCIONES%202010/1484.pdf HTTP/1.1" 200 519395
66.249.66.91 - - [30/Jun/2018:01:23:20 -0500] "GET /BLA/resoluciones/RESOLUCIONES%202007/RES%202007%204301%20AL%204352/RESOLUCION%204311%20DE%202007.pdf HTTP/1.1" 200 664654
123.126.113.85 - - [30/Jun/2018:01:23:21 -0500] "GET /resoluciones/RESOLUCIONES%202009/0254.pdf HTTP/1.1" 404 1018
66.249.66.91 - - [30/Jun/2018:01:23:21 -0500] "GET /BLA/resoluciones/RESOLUCIONES%202010/3843.pdf HTTP/1.1" 200 1084873
66.249.66.91 - - [30/Jun/2018:01:23:28 -0500] "GET /BLA/resoluciones/RESOLUCIONES%202014/1724.pdf HTTP/1.1" 200 610777
123.126.113.85 - - [30/Jun/2018:01:23:32 -0500] "GET /resoluciones/RESOLUCIONES%202009/0310.pdf HTTP/1.1" 404 1018
66.249.66.93 - - [30/Jun/2018:01:23:32 -0500] "GET /BLA/resoluciones/RESOLUCIONES%202009/1341.pdf HTTP/1.1" 200 511422
123.126.113.85 - - [30/Jun/2018:01:23:43 -0500] "GET /BLA/boletinlegal/documentos-importantes.php HTTP/1.1" 200 4822
207.46.13.119 - - [30/Jun/2018:01:23:46 -0500] "GET / HTTP/1.1" 200 9990
66.249.66.94 - - [30/Jun/2018:01:23:46 -0500] "GET /BLA/resoluciones/RESOLUCIONES%202010/4738.pdf HTTP/1.1" 200 296924
66.249.66.93 - - [30/Jun/2018:01:23:50 -0500] "GET /BLA/resoluciones/RESOLUCIONES%202010/0210.pdf HTTP/1.1" 200 653017
66.249.66.93 - - [30/Jun/2018:01:24:06 -0500] "GET /BLA/resoluciones/RESOLUCIONES%202012/0293.pdf HTTP/1.1" 200 1362825
66.249.66.91 - - [30/Jun/2018:01:24:15 -0500] "GET /BLA/resoluciones/RESOLUCIONES%202014/3256.pdf HTTP/1.1" 200 612728
66.249.66.91 - - [30/Jun/2018:01:24:16 -0500] "GET /BLA/resoluciones/RESOLUCIONES%202010/2784.pdf HTTP/1.1" 200 504805
66.249.66.92 - - [30/Jun/2018:01:24:21 -0500] "GET /BLA/resoluciones/RESOLUCIONES%202010/4364.pdf HTTP/1.1" 200 492573
66.249.66.91 - - [30/Jun/2018:01:24:25 -0500] "GET /BLA/resoluciones/AUTOS%202007/0002.pdf HTTP/1.1" 200 164979
66.249.66.90 - - [30/Jun/2018:01:24:26 -0500] "GET /BLA/resoluciones/RESOLUCIONES%202010/5235.pdf HTTP/1.1" 200 784133
40.77.167.95 - - [30/Jun/2018:01:24:39 -0500] "GET /POT-2013/Cartografia/15_Sistema%20de%20Movilidad%20_Secciones%20Viales_Circuitos_movilida.pdf HTTP/1.1" 200 4830571
66.249.66.91 - - [30/Jun/2018:01:24:44 -0500] "GET /BLA/resoluciones/RESOLUCIONES%202008/1409.pdf HTTP/1.1" 200 202954
66.249.66.91 - - [30/Jun/2018:01:25:15 -0500] "GET /BLA/resoluciones/RESOLUCIONES%202010/2029.pdf HTTP/1.1" 200 347510
66.249.66.91 - - [30/Jun/2018:01:25:23 -0500] "GET /BLA/resoluciones/RESOLUCIONES%202012/0900.pdf HTTP/1.1" 200 550948
66.249.66.91 - - [30/Jun/2018:01:25:31 -0500] "GET /portel_dama/libreria/php/2006/restauracion/22_proye/xtras_in/3a.pdf HTTP/1.1" 404 1018
66.249.66.91 - - [30/Jun/2018:01:25:33 -0500] "GET /BLA/resoluciones/RESOLUCIONES%202010/2028.pdf HTTP/1.1" 200 340994
66.249.66.92 - - [30/Jun/2018:01:25:35 -0500] "GET /BLA/resoluciones/AUTOS%202012/0536.pdf HTTP/1.1" 200 173147
66.249.66.93 - - [30/Jun/2018:01:25:39 -0500] "GET /BLA/resoluciones/AUTOS%202007/0179.pdf HTTP/1.1" 200 56869
66.249.66.93 - - [30/Jun/2018:01:25:40 -0500] "GET /BLA/resoluciones/AUTOS%202007/2708.pdf HTTP/1.1" 200 98024
192.168.175.104 - - [30/Jun/2018:01:25:44 -0500] "GET / HTTP/1.0" 200 9990
66.249.66.91 - - [30/Jun/2018:01:25:56 -0500] "GET /BLA/resoluciones/RESOLUCIONES%202010/0570.pdf HTTP/1.1" 200 92139
66.249.66.91 - - [30/Jun/2018:01:25:57 -0500] "GET /BLA/resoluciones/AUTOS%202007/1344.pdf HTTP/1.1" 200 54677
66.249.66.91 - - [30/Jun/2018:01:26:02 -0500] "GET /BLA/resoluciones/RESOLUCIONES%202010/3404.pdf HTTP/1.1" 200 320044
66.249.66.90 - - [30/Jun/2018:01:26:16 -0500] "GET /BLA/resoluciones/RESOLUCIONES%202010/2017.pdf HTTP/1.1" 200 339030
66.249.66.91 - - [30/Jun/2018:01:26:18 -0500] "GET /BLA/resoluciones/RESOLUCIONES%202010/1225.pdf HTTP/1.1" 200 103850
66.249.66.90 - - [30/Jun/2018:01:26:23 -0500] "GET /BLA/resoluciones/AUTOS%202007/0193.pdf HTTP/1.1" 200 102785
66.249.66.91 - - [30/Jun/2018:01:26:23 -0500] "GET /BLA/resoluciones/RESOLUCIONES%202011/5390.pdf HTTP/1.1" 200 496541
192.168.175.104 - - [30/Jun/2018:01:26:27 -0500] "GET / HTTP/1.1" 200 9990
66.249.66.91 - - [30/Jun/2018:01:26:27 -0500] "GET /BLA/resoluciones/AUTOS%202007/2924.pdf HTTP/1.1" 200 515156
66.249.66.156 - - [30/Jun/2018:01:26:32 -0500] "GET /dama/libreria/pdf/pdf_entrenubes/a3.pdf HTTP/1.1" 404 1019
66.249.66.194 - - [30/Jun/2018:01:26:39 -0500] "GET /dama/libreria/pdf/varios2006/IGA2004.pdf HTTP/1.1" 404 1015
66.249.66.91 - - [30/Jun/2018:01:26:42 -0500] "GET /BLA/resoluciones/AUTOS%202012/0493.pdf HTTP/1.1" 200 347044
66.249.66.90 - - [30/Jun/2018:01:26:47 -0500] "GET /BLA/resoluciones/RESOLUCIONES%202010/0675.pdf HTTP/1.1" 200 112656
66.249.66.91 - - [30/Jun/2018:01:27:03 -0500] "GET /BLA/resoluciones/RESOLUCIONES%202010/1657.pdf HTTP/1.1" 200 436449
66.249.66.90 - - [30/Jun/2018:01:27:04 -0500] "GET /BLA/resoluciones/AUTOS%202007/0387.pdf HTTP/1.1" 200 144629
66.249.66.90 - - [30/Jun/2018:01:27:05 -0500] "GET /BLA/resoluciones/RESOLUCIONES%202010/6908.pdf HTTP/1.1" 200 248065
66.249.66.91 - - [30/Jun/2018:01:27:07 -0500] "GET /BLA/resoluciones/RESOLUCIONES%202012/1081.pdf HTTP/1.1" 200 435221
66.249.66.90 - - [30/Jun/2018:01:27:19 -0500] "GET /BLA/resoluciones/RESOLUCIONES%202010/0790.pdf HTTP/1.1" 200 124988
40.77.167.165 - - [30/Jun/2018:01:27:21 -0500] "GET /BLA/boletinlegal/js/jquery.scrollShow.js HTTP/1.1" 200 4586
66.249.66.90 - - [30/Jun/2018:01:27:33 -0500] "GET /BLA/resoluciones/AUTOS%202006/AUTOS%202006%203301%20-%203418/00003401.tif HTTP/1.1" 200 54492
66.249.66.90 - - [30/Jun/2018:01:27:36 -0500] "GET /BLA/resoluciones/RESOLUCIONES%202010/3963.pdf HTTP/1.1" 200 515941
66.249.66.92 - - [30/Jun/2018:01:27:37 -0500] "GET /BLA/resoluciones/AUTOS%202007/2385.pdf HTTP/1.1" 200 72003
69.162.124.233 - - [30/Jun/2018:01:27:38 -0500] "HEAD / HTTP/1.1" 200 -
66.249.66.91 - - [30/Jun/2018:01:27:44 -0500] "GET /BLA/resoluciones/RESOLUCIONES%202010/4236.pdf HTTP/1.1" 200 751553
66.249.66.93 - - [30/Jun/2018:01:27:47 -0500] "GET /BLA/resoluciones/RESOLUCIONES%202010/3424.pdf HTTP/1.1" 200 755729
66.249.66.91 - - [30/Jun/2018:01:27:48 -0500] "GET /BLA/resoluciones/RESOLUCIONES%202010/0125.pdf HTTP/1.1" 200 385478
192.168.175.104 - - [30/Jun/2018:01:28:01 -0500] "GET / HTTP/1.1" 200 9990
66.249.66.90 - - [30/Jun/2018:01:28:12 -0500] "GET /BLA/resoluciones/RESOLUCIONES%202010/1937.pdf HTTP/1.1" 200 1276340
66.249.66.90 - - [30/Jun/2018:01:28:19 -0500] "GET /BLA/resoluciones/RESOLUCIONES%202007/RES%202007%204001%20AL%204100/RESOLUCION%204090%20DE%202007.pdf HTTP/1.1" 200 13950935
66.249.66.93 - - [30/Jun/2018:01:28:40 -0500] "GET /BLA/resoluciones/RESOLUCIONES%202010/4184.pdf HTTP/1.1" 200 373898
66.249.66.158 - - [30/Jun/2018:01:28:49 -0500] "GET /dama/libreria/pdf/foroaire/UNIANDES%201.pdf HTTP/1.1" 404 1019
66.249.66.91 - - [30/Jun/2018:01:28:57 -0500] "GET /BLA/resoluciones/Autos%202008/2132.pdf HTTP/1.1" 200 131889
66.249.66.95 - - [30/Jun/2018:01:29:14 -0500] "GET /BLA/resoluciones/RESOLUCIONES%202010/0864.pdf HTTP/1.1" 200 436247
66.249.66.91 - - [30/Jun/2018:01:29:16 -0500] "GET /BLA/resoluciones/RESOLUCIONES%202010/1360.pdf HTTP/1.1" 200 394544
54.36.148.109 - - [30/Jun/2018:01:29:25 -0500] "GET /BLA/resoluciones/RESOLUCIONES%202005/RES%202005%202601-2650/00002624.tif HTTP/1.1" 200 220132
35.205.154.43 - - [30/Jun/2018:01:29:37 -0500] "-" 408 -
66.249.66.93 - - [30/Jun/2018:01:30:01 -0500] "GET /BLA/resoluciones/RESOLUCIONES%202011/5019.pdf HTTP/1.1" 200 781030
216.244.66.195 - - [30/Jun/2018:01:30:10 -0500] "GET /BLA/boletinlegal/normativa.php HTTP/1.1" 200 8122
66.249.66.93 - - [30/Jun/2018:01:30:21 -0500] "GET /BLA/resoluciones/AUTOS%202013/1731.pdf HTTP/1.1" 200 560731
54.36.148.116 - - [30/Jun/2018:01:30:21 -0500] "GET /BLA/resoluciones/RESOLUCIONES%202005/RES%202005%201001-1050/00001028.tif HTTP/1.1" 200 251778
192.168.175.104 - - [30/Jun/2018:01:30:42 -0500] "GET / HTTP/1.0" 200 9990
66.249.66.91 - - [30/Jun/2018:01:31:01 -0500] "GET /BLA/resoluciones/RESOLUCIONES%202009/1558.pdf HTTP/1.1" 200 543381
216.244.66.195 - - [30/Jun/2018:01:31:07 -0500] "GET /galeria/galeria/fotos/Soratama2G.jpg HTTP/1.1" 200 167638
54.36.148.166 - - [30/Jun/2018:01:31:16 -0500] "GET /BLA/resoluciones/RESOLUCIONES%202002/RES%202002%201851-1900/20021865.tif HTTP/1.1" 200 81068
192.168.175.104 - - [30/Jun/2018:01:31:24 -0500] "GET / HTTP/1.1" 200 9990
66.249.66.37 - - [30/Jun/2018:01:31:42 -0500] "GET /robots.txt HTTP/1.1" 404 1031
66.249.66.37 - - [30/Jun/2018:01:31:42 -0500] "GET /.well-known/assetlinks.json HTTP/1.1" 404 1031
66.249.66.91 - - [30/Jun/2018:01:31:52 -0500] "GET /Anexos%20estudio%20Organizacional%20SDA/dlf/styles.css HTTP/1.1" 200 3045
69.162.124.233 - - [30/Jun/2018:01:32:38 -0500] "HEAD / HTTP/1.1" 200 -
192.168.175.104 - - [30/Jun/2018:01:32:59 -0500] "GET / HTTP/1.1" 200 9990
54.36.149.60 - - [30/Jun/2018:01:33:17 -0500] "GET /SIG/index.php?dir=Direccionamiento%20Estrategico/&sort=date&order=desc HTTP/1.1" 200 3945
216.244.66.195 - - [30/Jun/2018:01:33:53 -0500] "GET /BLA/resoluciones/AUTOS%202013/0935.pdf HTTP/1.1" 200 1703379
216.244.66.195 - - [30/Jun/2018:01:34:04 -0500] "GET /BLA/resoluciones/RESOLUCIONES%202009/1373.pdf HTTP/1.1" 200 583023
216.244.66.195 - - [30/Jun/2018:01:34:21 -0500] "GET /BLA/resoluciones/RESOLUCIONES%202014/1511.pdf HTTP/1.1" 200 1314697
35.187.34.70 - - [30/Jun/2018:01:34:37 -0500] "-" 408 -
66.249.66.90 - - [30/Jun/2018:01:35:02 -0500] "GET /BLA/resoluciones/AUTOS%202010/0867.pdf HTTP/1.1" 200 293578
54.36.149.55 - - [30/Jun/2018:01:35:03 -0500] "GET /BLA/resoluciones/RESOLUCIONES%202005/RES%202005%20%201701-1750/00001727.tif HTTP/1.1" 200 140840
192.168.175.104 - - [30/Jun/2018:01:35:39 -0500] "GET / HTTP/1.0" 200 9990
66.249.66.90 - - [30/Jun/2018:01:36:22 -0500] "GET /BLA/resoluciones/AUTOS%202007/2151.pdf HTTP/1.1" 200 66958
192.168.175.104 - - [30/Jun/2018:01:36:23 -0500] "GET / HTTP/1.1" 200 9990
66.249.66.90 - - [30/Jun/2018:01:36:38 -0500] "GET /BLA/resoluciones/AUTOS%202007/1069.pdf HTTP/1.1" 200 29696
66.249.66.90 - - [30/Jun/2018:01:36:46 -0500] "GET /BLA/resoluciones/RESOLUCIONES%202016/0631.pdf HTTP/1.1" 200 519410
54.36.149.73 - - [30/Jun/2018:01:36:59 -0500] "GET /BLA/resoluciones/RESOLUCIONES%202002/RES%202002%20401-450/00000403.tif HTTP/1.1" 200 58470
35.233.29.108 - - [30/Jun/2018:01:37:37 -0500] "-" 408 -
69.162.124.233 - - [30/Jun/2018:01:37:38 -0500] "HEAD / HTTP/1.1" 200 -
206.53.226.251 - - [30/Jun/2018:01:37:46 -0500] "GET /galeria/galeria/jquery.fancybox.css?v=2.1.5 HTTP/1.1" 304 -
66.249.66.90 - - [30/Jun/2018:01:37:48 -0500] "GET /BLA/resoluciones/AUTOS%202014/4323.pdf HTTP/1.1" 304 -
192.168.175.104 - - [30/Jun/2018:01:37:57 -0500] "GET / HTTP/1.1" 200 9990
66.249.66.90 - - [30/Jun/2018:01:38:29 -0500] "GET /BLA/resoluciones/AUTOS%202015/1533.pdf HTTP/1.1" 304 -
54.36.149.48 - - [30/Jun/2018:01:38:51 -0500] "GET /BLA/resoluciones/RESOLUCIONES%202001/2001%20750-799.TIF HTTP/1.1" 200 8805346
66.249.66.91 - - [30/Jun/2018:01:39:04 -0500] "GET /BLA/resoluciones/RESOLUCIONES%202010/4372.pdf HTTP/1.1" 200 499133
66.249.66.90 - - [30/Jun/2018:01:39:10 -0500] "GET /BLA/resoluciones/RESOLUCIONES%202007/RES%202007%202401%20AL%202500/RESOLUCION%202460%20DE%202007.pdf HTTP/1.1" 200 494781
66.249.66.90 - - [30/Jun/2018:01:39:16 -0500] "GET /BLA/resoluciones/RESOLUCIONES%202010/0797.pdf HTTP/1.1" 200 99993
66.249.66.90 - - [30/Jun/2018:01:39:23 -0500] "GET /BLA/resoluciones/RESOLUCIONES%202010/0281.pdf HTTP/1.1" 200 52442
66.249.66.90 - - [30/Jun/2018:01:39:35 -0500] "GET /BLA/resoluciones/RESOLUCIONES%202010/0445.pdf HTTP/1.1" 200 107682
163.172.64.188 - - [30/Jun/2018:01:39:46 -0500] "GET /galeria/galeria/jquery.fancybox.css?v=2.1.5 HTTP/1.1" 200 4895
163.172.64.188 - - [30/Jun/2018:01:39:46 -0500] "GET /galeria/carrusel/Carrusel/jquery.thumbnailScroller.css HTTP/1.1" 200 2066
163.172.64.188 - - [30/Jun/2018:01:39:46 -0500] "GET /BLA/boletinlegal/js/jquery.scrollShow.js HTTP/1.1" 200 4586
163.172.64.188 - - [30/Jun/2018:01:39:46 -0500] "GET /galeria/galeria/jquery.fancybox.js?v=2.1.5 HTTP/1.1" 200 48706
66.249.66.91 - - [30/Jun/2018:01:39:46 -0500] "GET /BLA/resoluciones/RESOLUCIONES%202010/3931.pdf HTTP/1.1" 200 491065
163.172.64.188 - - [30/Jun/2018:01:39:48 -0500] "GET /galeria/carrusel/Carrusel/jquery.thumbnailScroller.js HTTP/1.1" 200 8157
163.172.64.188 - - [30/Jun/2018:01:39:48 -0500] "GET /galeria/carrusel/Carrusel/jquery-ui-1.8.13.custom.min.js HTTP/1.1" 200 10800
163.172.64.188 - - [30/Jun/2018:01:39:48 -0500] "GET /galeria/nivo-slider/demo/demo.html HTTP/1.1" 200 14568
163.172.64.188 - - [30/Jun/2018:01:39:48 -0500] "GET /galeria/nivo-slider/themes/default/default.css HTTP/1.1" 200 1569
163.172.64.188 - - [30/Jun/2018:01:39:48 -0500] "GET /galeria/nivo-slider/themes/orman/orman.css HTTP/1.1" 200 2152
163.172.64.188 - - [30/Jun/2018:01:39:48 -0500] "GET /galeria/nivo-slider/themes/pascal/pascal.css HTTP/1.1" 200 2258
163.172.64.188 - - [30/Jun/2018:01:39:48 -0500] "GET /galeria/nivo-slider/nivo-slider.css HTTP/1.1" 200 1507
163.172.64.188 - - [30/Jun/2018:01:39:49 -0500] "GET /galeria/nivo-slider/demo/style.css HTTP/1.1" 200 2222
163.172.64.188 - - [30/Jun/2018:01:39:49 -0500] "GET /galeria/nivo-slider/demo/scripts/jquery-1.7.1.min.js HTTP/1.1" 200 93868
163.172.64.188 - - [30/Jun/2018:01:39:49 -0500] "GET /galeria/nivo-slider/jquery.nivo.slider.pack.js HTTP/1.1" 200 11561
66.249.66.91 - - [30/Jun/2018:01:39:50 -0500] "GET /BLA/resoluciones/RESOLUCIONES%202017/3865.pdf HTTP/1.1" 200 296247
66.249.66.90 - - [30/Jun/2018:01:40:02 -0500] "GET /BLA/resoluciones/RESOLUCIONES%202010/3594.pdf HTTP/1.1" 200 532601
66.249.66.91 - - [30/Jun/2018:01:40:02 -0500] "GET /BLA/resoluciones/RESOLUCIONES%202010/3438.pdf HTTP/1.1" 200 741897
192.168.175.104 - - [30/Jun/2018:01:40:37 -0500] "GET / HTTP/1.0" 200 9990
186.113.10.19 - - [30/Jun/2018:01:40:40 -0500] "GET /galeria/nivo-slider/demo/images/Rendicion.png HTTP/1.1" 304 -
192.168.175.104 - - [30/Jun/2018:01:41:23 -0500] "GET / HTTP/1.1" 200 9990
66.249.66.90 - - [30/Jun/2018:01:42:12 -0500] "GET /BLA/resoluciones/RESOLUCIONES%202007/RES%202007%201401%20AL%201500/RESOLUCION%201465%20DE%202007.pdf HTTP/1.1" 200 242471
66.249.66.90 - - [30/Jun/2018:01:42:14 -0500] "GET /BLA/resoluciones/AUTOS%202013/0078.pdf HTTP/1.1" 200 580467
66.249.66.90 - - [30/Jun/2018:01:42:33 -0500] "GET /BLA/resoluciones/RESOLUCIONES%202014/0546.pdf HTTP/1.1" 200 792136
69.162.124.233 - - [30/Jun/2018:01:42:38 -0500] "HEAD / HTTP/1.1" 200 -
66.249.66.90 - - [30/Jun/2018:01:42:40 -0500] "GET /BLA/resoluciones/RESOLUCIONES%202010/1162.pdf HTTP/1.1" 200 105718
35.187.34.70 - - [30/Jun/2018:01:42:42 -0500] "-" 408 -
192.168.175.104 - - [30/Jun/2018:01:42:55 -0500] "GET / HTTP/1.1" 200 9990
66.249.66.92 - - [30/Jun/2018:01:42:56 -0500] "GET /BLA/resoluciones/RESOLUCIONES%202010/2137.pdf HTTP/1.1" 200 786078
216.244.66.195 - - [30/Jun/2018:01:43:50 -0500] "GET /robots.txt HTTP/1.1" 404 1018
66.249.66.91 - - [30/Jun/2018:01:43:56 -0500] "GET /BLA/resoluciones/RESOLUCIONES%202012/1547.pdf HTTP/1.1" 200 817745
66.249.66.90 - - [30/Jun/2018:01:44:13 -0500] "GET /BLA/resoluciones/RESOLUCIONES%202010/1487.pdf HTTP/1.1" 200 523521
66.249.66.90 - - [30/Jun/2018:01:44:35 -0500] "GET /BLA/resoluciones/RESOLUCIONES%202015/0494.pdf HTTP/1.1" 200 1039338
66.249.66.90 - - [30/Jun/2018:01:44:39 -0500] "GET /BLA/resoluciones/AUTOS%202007/2287.pdf HTTP/1.1" 200 75803
66.249.66.92 - - [30/Jun/2018:01:45:06 -0500] "GET /BLA/resoluciones/RESOLUCIONES%202017/0298.pdf HTTP/1.1" 200 396884
66.249.66.91 - - [30/Jun/2018:01:45:16 -0500] "GET /BLA/resoluciones/AUTOS%202013/2155.pdf HTTP/1.1" 200 758939
66.249.66.90 - - [30/Jun/2018:01:45:18 -0500] "GET /BLA/resoluciones/RESOLUCIONES%202010/2973.pdf HTTP/1.1" 200 1029615
192.168.175.104 - - [30/Jun/2018:01:45:35 -0500] "GET / HTTP/1.0" 200 9990
35.187.34.70 - - [30/Jun/2018:01:45:37 -0500] "-" 408 -
66.249.66.92 - - [30/Jun/2018:01:45:56 -0500] "GET /BLA/resoluciones/RESOLUCIONES%202015/0511.pdf HTTP/1.1" 200 721590
152.61.192.232 - - [30/Jun/2018:01:46:16 -0500] "GET / HTTP/1.1" 200 9990
192.168.175.104 - - [30/Jun/2018:01:46:20 -0500] "GET / HTTP/1.1" 200 9990
66.249.66.90 - - [30/Jun/2018:01:46:37 -0500] "GET /BLA/resoluciones/AUTOS%202010/0853.pdf HTTP/1.1" 304 -
152.61.192.232 - - [30/Jun/2018:01:46:17 -0500] "GET /arcgis/services/Calidad_del_Agua_WQI/MapServer/WMSServer?request=GetCapabilities&service=WMS HTTP/1.1" 503 1020
152.61.192.232 - - [30/Jun/2018:01:46:38 -0500] "GET /arcgis/services/Calidad_del_Agua_WQI/MapServer/WMSServer?SERVICE=WMS&REQUEST=GetCapabilities HTTP/1.1" 503 1020
152.61.192.232 - - [30/Jun/2018:01:46:38 -0500] "GET /arcgis/services/Calidad_del_Agua_WQI/MapServer/WMSServer?WMTVER=1.0.0&REQUEST=capabilities HTTP/1.1" 503 1020
66.249.66.90 - - [30/Jun/2018:01:47:18 -0500] "GET /BLA/resoluciones/AUTOS%202016/0442.pdf HTTP/1.1" 304 -
5.255.250.154 - - [30/Jun/2018:01:47:30 -0500] "GET /robots.txt HTTP/1.1" 404 1015
5.255.250.154 - - [30/Jun/2018:01:47:30 -0500] "GET /robots.txt HTTP/1.1" 404 1019
5.255.250.75 - - [30/Jun/2018:01:47:30 -0500] "GET /robots.txt HTTP/1.1" 404 1019
5.255.250.154 - - [30/Jun/2018:01:47:31 -0500] "GET /robots.txt HTTP/1.1" 404 1015
5.255.250.154 - - [30/Jun/2018:01:47:33 -0500] "GET / HTTP/1.1" 200 9990
5.255.250.75 - - [30/Jun/2018:01:47:33 -0500] "GET / HTTP/1.1" 200 9990
5.255.250.154 - - [30/Jun/2018:01:47:34 -0500] "GET / HTTP/1.1" 200 9990
5.255.250.75 - - [30/Jun/2018:01:47:34 -0500] "GET / HTTP/1.1" 200 9990
69.162.124.233 - - [30/Jun/2018:01:47:38 -0500] "HEAD / HTTP/1.1" 200 -
66.249.66.90 - - [30/Jun/2018:01:47:53 -0500] "GET /BLA/resoluciones/RESOLUCIONES%202007/RES%202007%203701%20AL%203800/RESOLUCION%203732%20DE%202007.pdf HTTP/1.1" 200 163211
192.168.175.104 - - [30/Jun/2018:01:47:54 -0500] "GET / HTTP/1.1" 200 9990
66.249.66.91 - - [30/Jun/2018:01:47:58 -0500] "GET /BLA/resoluciones/RESOLUCIONES%202007/RES%202007%203901%20AL%204000/RESOLUCION%203981%20DE%202007.pdf HTTP/1.1" 304 -
66.249.66.90 - - [30/Jun/2018:01:48:27 -0500] "GET /BLA/resoluciones/RESOLUCIONES%202007/RES%202007%203501%20AL%203600/RESOLUCION%203509%20DE%202007.pdf HTTP/1.1" 200 715788
66.249.66.90 - - [30/Jun/2018:01:48:39 -0500] "GET /BLA/resoluciones/RESOLUCIONES%202009/1171.pdf HTTP/1.1" 304 -
66.249.66.90 - - [30/Jun/2018:01:48:44 -0500] "GET /BLA/resoluciones/AUTOS%202015/4875.pdf HTTP/1.1" 200 806652
66.249.66.90 - - [30/Jun/2018:01:49:09 -0500] "GET /BLA/resoluciones/RESOLUCIONES%202007/RES%202007%201101%20AL%201200/RESOLUCION%201189%20DE%202007.pdf HTTP/1.1" 200 756381
181.130.247.29 - - [30/Jun/2018:01:49:34 -0500] "GET /galeria/galeria/jquery.fancybox.css?v=2.1.5 HTTP/1.1" 200 4895
181.130.247.29 - - [30/Jun/2018:01:49:34 -0500] "GET /BLA/boletinlegal/js/jquery.scrollShow.js HTTP/1.1" 200 4586
181.130.247.29 - - [30/Jun/2018:01:49:34 -0500] "GET /galeria/galeria/jquery.fancybox.js?v=2.1.5 HTTP/1.1" 200 48706
192.168.175.104 - - [30/Jun/2018:01:50:33 -0500] "GET / HTTP/1.0" 200 9990
66.249.66.90 - - [30/Jun/2018:01:50:46 -0500] "GET /BLA/resoluciones/AUTOS%202012/0130.pdf HTTP/1.1" 200 254126
66.249.66.92 - - [30/Jun/2018:01:50:54 -0500] "GET /BLA/resoluciones/RESOLUCIONES%202010/4460.pdf HTTP/1.1" 200 455535
66.249.88.33 - - [30/Jun/2018:01:51:00 -0500] "GET /BLA/boletinlegal/js/jquery.scrollShow.js HTTP/1.1" 200 4586
66.249.88.63 - - [30/Jun/2018:01:51:00 -0500] "GET /galeria/galeria/jquery.fancybox.css?v=2.1.5 HTTP/1.1" 200 4895
66.249.88.33 - - [30/Jun/2018:01:51:00 -0500] "GET /galeria/galeria/jquery.fancybox.js?v=2.1.5 HTTP/1.1" 200 48706
192.168.175.104 - - [30/Jun/2018:01:51:18 -0500] "GET / HTTP/1.1" 200 9990
86.89.182.13 - - [30/Jun/2018:01:51:37 -0500] "GET /BLA/boletinlegal/Directivas/2014/Directiva%20No.%202%20del%205%20de%20Mayo%20de%202014.pdf HTTP/1.1" 206 50001
69.162.124.233 - - [30/Jun/2018:01:52:38 -0500] "HEAD / HTTP/1.1" 200 -
40.77.167.165 - - [30/Jun/2018:01:52:50 -0500] "GET /galeria/galeria/fotos/Encuentro-de-Movimientos-sociales1G.jpg HTTP/1.1" 200 94657
192.168.175.104 - - [30/Jun/2018:01:52:53 -0500] "GET / HTTP/1.1" 200 9990
66.249.66.90 - - [30/Jun/2018:01:53:23 -0500] "GET /BLA/resoluciones/AUTOS%202006/AUTOS%202006%203301%20-%203418/00003313.tif HTTP/1.1" 200 54338
54.36.149.71 - - [30/Jun/2018:01:54:12 -0500] "GET /BLA/resoluciones/RESOLUCIONES%202002/RES%202002%201551-1600/20021570.tif HTTP/1.1" 200 122762
66.249.66.90 - - [30/Jun/2018:01:54:45 -0500] "GET /BLA/resoluciones/RESOLUCIONES%202013/0350.pdf HTTP/1.1" 304 -
40.77.167.93 - - [30/Jun/2018:01:55:25 -0500] "GET /portalsiaccapacitaciones/Soportes%20Capacitaciones%202015/0010.%20TALLER%20EFICIENCIA%20ENERGETICA%20CAEM%20SDA.pdf HTTP/1.1" 200 6176468
192.168.175.104 - - [30/Jun/2018:01:55:31 -0500] "GET / HTTP/1.0" 200 9990
66.249.66.91 - - [30/Jun/2018:01:55:52 -0500] "GET /BLA/resoluciones/AUTOS%202014/1315.pdf HTTP/1.1" 200 369602
216.244.66.195 - - [30/Jun/2018:01:55:57 -0500] "GET /transparencia/directorioservidores/2016/junio2016.xlsx HTTP/1.1" 200 92924
216.244.66.195 - - [30/Jun/2018:01:56:01 -0500] "GET /transparencia/directorioservidores/2017/abril.xlsx HTTP/1.1" 200 88211
66.249.66.91 - - [30/Jun/2018:01:56:06 -0500] "GET /BLA/resoluciones/RESOLUCIONES%202008/0700.pdf HTTP/1.1" 200 1427319
192.168.175.104 - - [30/Jun/2018:01:56:16 -0500] "GET / HTTP/1.1" 200 9990
66.249.66.91 - - [30/Jun/2018:01:56:47 -0500] "GET /BLA/resoluciones/AUTOS%202014/3575.pdf HTTP/1.1" 200 2954063
86.89.182.13 - - [30/Jun/2018:01:56:49 -0500] "GET /BLA/boletinlegal/Directivas/2014/Directiva%20No.%201%20del%2010%20de%20Abril%20de%202014.pdf HTTP/1.1" 206 50001
216.244.66.195 - - [30/Jun/2018:01:57:08 -0500] "GET /galeria/galeria/fotos/3GuaymaralTorcaG3.jpg HTTP/1.1" 200 39105
66.249.66.90 - - [30/Jun/2018:01:57:36 -0500] "GET /BLA/resoluciones/AUTOS%202007/1512.pdf HTTP/1.1" 200 266154
69.162.124.233 - - [30/Jun/2018:01:57:38 -0500] "HEAD / HTTP/1.1" 200 -
54.36.148.50 - - [30/Jun/2018:01:57:41 -0500] "GET /BLA/resoluciones/RESOLUCIONES%202002/RES%202002%201451-1500/20021490.tif HTTP/1.1" 200 36220
192.168.175.104 - - [30/Jun/2018:01:57:52 -0500] "GET / HTTP/1.1" 200 9990
86.89.182.13 - - [30/Jun/2018:01:59:38 -0500] "GET /BLA/boletinlegal/Directivas/2013/Directiva%20No.%203%20del%2016%20de%20julio%20de%202013.pdf HTTP/1.1" 206 50001
192.168.175.104 - - [30/Jun/2018:02:00:29 -0500] "GET / HTTP/1.0" 200 9990
66.249.66.91 - - [30/Jun/2018:02:00:34 -0500] "GET /BLA/resoluciones/RESOLUCIONES%202010/2090.pdf HTTP/1.1" 200 381098
192.168.175.104 - - [30/Jun/2018:02:01:14 -0500] "GET / HTTP/1.1" 200 9990
54.36.148.254 - - [30/Jun/2018:02:02:14 -0500] "GET /BLA/resoluciones/index.php?dir=AUTOS+2018%2F HTTP/1.1" 200 27901
201.245.192.253 - - [30/Jun/2018:02:01:21 -0500] "POST /kwsrmcab/Wsrmcab HTTP/1.1" 200 22530
69.162.124.233 - - [30/Jun/2018:02:02:38 -0500] "HEAD / HTTP/1.1" 200 -
201.245.192.253 - - [30/Jun/2018:02:02:19 -0500] "POST /kwsrmcab/Wsrmcab HTTP/1.1" 200 213
192.168.175.104 - - [30/Jun/2018:02:02:50 -0500] "GET / HTTP/1.1" 200 9990
35.233.29.108 - - [30/Jun/2018:02:03:37 -0500] "-" 408 -
66.249.66.90 - - [30/Jun/2018:02:03:47 -0500] "GET /BLA/resoluciones/AUTOS%202011/7407.pdf HTTP/1.1" 200 148113
192.168.175.104 - - [30/Jun/2018:02:05:26 -0500] "GET / HTTP/1.0" 200 9990
66.249.66.90 - - [30/Jun/2018:02:05:32 -0500] "GET /BLA/resoluciones/AUTOS%202007/3145.pdf HTTP/1.1" 200 61808
192.168.175.104 - - [30/Jun/2018:02:06:12 -0500] "GET / HTTP/1.1" 200 9990
86.89.182.13 - - [30/Jun/2018:02:06:24 -0500] "GET /BLA/boletinlegal/Directivas/2013/Directiva%20No.%202%20del%2004%20de%20Abril%20de%202013.pdf HTTP/1.1" 206 50001
86.89.182.13 - - [30/Jun/2018:02:06:24 -0500] "GET /BLA/boletinlegal/documentos-importantes.php HTTP/1.1" 200 4822
54.36.149.60 - - [30/Jun/2018:02:07:28 -0500] "GET /BLA/resoluciones/RESOLUCIONES%202003/RES%202003%20301-350/321.tif HTTP/1.1" 200 151868
66.249.88.62 - - [30/Jun/2018:02:07:31 -0500] "-" 408 -
69.162.124.233 - - [30/Jun/2018:02:07:38 -0500] "HEAD / HTTP/1.1" 200 -
192.168.175.104 - - [30/Jun/2018:02:07:48 -0500] "GET / HTTP/1.1" 200 9990
66.249.66.90 - - [30/Jun/2018:02:08:54 -0500] "GET /BLA/resoluciones/RESOLUCIONES%202007/RES%202007%20801%20AL%20900/RESOLUCION%200836%20DE%202007.pdf HTTP/1.1" 200 440168
66.249.66.90 - - [30/Jun/2018:02:09:11 -0500] "GET /BLA/resoluciones/RESOLUCIONES%202010/1020.pdf HTTP/1.1" 200 114352
66.249.66.90 - - [30/Jun/2018:02:09:40 -0500] "GET /BLA/resoluciones/RESOLUCIONES%202014/3875.pdf HTTP/1.1" 200 403167
66.249.66.90 - - [30/Jun/2018:02:09:45 -0500] "GET /BLA/resoluciones/RESOLUCIONES%202010/0269.pdf HTTP/1.1" 200 111022
66.249.66.91 - - [30/Jun/2018:02:10:21 -0500] "GET /BLA/resoluciones/RESOLUCIONES%202016/1222.pdf HTTP/1.1" 200 2793339
192.168.175.104 - - [30/Jun/2018:02:10:25 -0500] "GET / HTTP/1.0" 200 9990
66.249.66.91 - - [30/Jun/2018:02:11:01 -0500] "GET /BLA/resoluciones/RESOLUCIONES%202007/RES%202007%201401%20AL%201500/RESOLUCION%201446%20DE%202007.pdf HTTP/1.1" 200 599967
192.168.175.104 - - [30/Jun/2018:02:11:10 -0500] "GET / HTTP/1.1" 200 9990
66.249.66.90 - - [30/Jun/2018:02:11:42 -0500] "GET /BLA/resoluciones/AUTOS%202011/5975.pdf HTTP/1.1" 200 402021
66.249.66.92 - - [30/Jun/2018:02:12:05 -0500] "GET /BLA/resoluciones/AUTOS%202012/1148.pdf HTTP/1.1" 200 159896
201.245.192.253 - - [30/Jun/2018:02:11:21 -0500] "POST /kwsrmcab/Wsrmcab HTTP/1.1" 200 22530
66.249.66.90 - - [30/Jun/2018:02:12:33 -0500] "GET /BLA/resoluciones/RESOLUCIONES%202010/0750.pdf HTTP/1.1" 200 435565
69.162.124.233 - - [30/Jun/2018:02:12:38 -0500] "HEAD / HTTP/1.1" 200 -
192.168.175.104 - - [30/Jun/2018:02:12:46 -0500] "GET / HTTP/1.1" 200 9990
201.245.192.253 - - [30/Jun/2018:02:12:15 -0500] "POST /kwsrmcab/Wsrmcab HTTP/1.1" 200 18830
191.101.204.219 - - [30/Jun/2018:02:12:48 -0500] "GET /BLA/boletinlegal/js/jquery.scrollShow.js HTTP/1.1" 200 4586
191.101.204.219 - - [30/Jun/2018:02:12:48 -0500] "GET /galeria/galeria/jquery.fancybox.js?v=2.1.5 HTTP/1.1" 200 48706
191.101.204.219 - - [30/Jun/2018:02:12:48 -0500] "GET /galeria/carrusel/Carrusel/jquery.thumbnailScroller.css HTTP/1.1" 200 2066
191.101.204.219 - - [30/Jun/2018:02:12:48 -0500] "GET /galeria/carrusel/Carrusel/jquery-ui-1.8.13.custom.min.js HTTP/1.1" 200 10800
191.101.204.219 - - [30/Jun/2018:02:12:48 -0500] "GET /galeria/galeria/jquery.fancybox.css?v=2.1.5 HTTP/1.1" 200 4895
191.101.204.219 - - [30/Jun/2018:02:12:48 -0500] "GET /galeria/carrusel/Carrusel/jquery.thumbnailScroller.js HTTP/1.1" 200 8157
191.101.204.219 - - [30/Jun/2018:02:12:51 -0500] "GET /galeria/nivo-slider/demo/demo.html HTTP/1.1" 200 14568
191.101.204.219 - - [30/Jun/2018:02:12:51 -0500] "GET /galeria/nivo-slider/themes/pascal/pascal.css HTTP/1.1" 200 2258
191.101.204.219 - - [30/Jun/2018:02:12:51 -0500] "GET /galeria/nivo-slider/themes/default/default.css HTTP/1.1" 200 1569
191.101.204.219 - - [30/Jun/2018:02:12:51 -0500] "GET /galeria/nivo-slider/themes/orman/orman.css HTTP/1.1" 200 2152
191.101.204.219 - - [30/Jun/2018:02:12:51 -0500] "GET /galeria/nivo-slider/nivo-slider.css HTTP/1.1" 200 1507
191.101.204.219 - - [30/Jun/2018:02:12:51 -0500] "GET /galeria/nivo-slider/demo/style.css HTTP/1.1" 200 2222
191.101.204.219 - - [30/Jun/2018:02:12:51 -0500] "GET /galeria/nivo-slider/demo/images/Banner%20Incentivos%20tributarios2.jpg HTTP/1.1" 200 200787
191.101.204.219 - - [30/Jun/2018:02:12:51 -0500] "GET /galeria/nivo-slider/demo/images/banner-julio.jpg HTTP/1.1" 200 504701
191.101.204.219 - - [30/Jun/2018:02:12:51 -0500] "GET /galeria/nivo-slider/demo/images/gobierno%20digital-01.jpg HTTP/1.1" 200 116163
191.101.204.219 - - [30/Jun/2018:02:12:51 -0500] "GET /galeria/nivo-slider/demo/images/Otorgamiento-excelencia-ambiental-Jos%C3%A9-Celestino-Mutis-2.jpg HTTP/1.1" 200 276467
191.101.204.219 - - [30/Jun/2018:02:12:51 -0500] "GET /galeria/nivo-slider/demo/images/gestion-ambiental.jpg HTTP/1.1" 200 163297
191.101.204.219 - - [30/Jun/2018:02:12:51 -0500] "GET /galeria/nivo-slider/demo/images/Banner_micrositio.png HTTP/1.1" 200 146950
191.101.204.219 - - [30/Jun/2018:02:12:52 -0500] "GET /galeria/nivo-slider/demo/images/avances-sentencias-rio-bogota-2.jpg HTTP/1.1" 200 304916
191.101.204.219 - - [30/Jun/2018:02:12:53 -0500] "GET /galeria/nivo-slider/demo/images/BANNER%20VAN%20DER%20HAMMEN.jpg HTTP/1.1" 200 64172
191.101.204.219 - - [30/Jun/2018:02:12:53 -0500] "GET /galeria/nivo-slider/demo/images/banner-humedales-de-bogota.jpg HTTP/1.1" 200 292611
191.101.204.219 - - [30/Jun/2018:02:12:53 -0500] "GET /galeria/nivo-slider/demo/scripts/jquery-1.7.1.min.js HTTP/1.1" 200 93868
191.101.204.219 - - [30/Jun/2018:02:12:53 -0500] "GET /galeria/nivo-slider/jquery.nivo.slider.pack.js HTTP/1.1" 200 11561
191.101.204.219 - - [30/Jun/2018:02:12:53 -0500] "GET /galeria/nivo-slider/demo/images/maximavelocidad.png HTTP/1.1" 200 880272
191.101.204.219 - - [30/Jun/2018:02:12:53 -0500] "GET /galeria/nivo-slider/demo/images/banner%20aceite%20vegetal%20usado.jpg HTTP/1.1" 200 169350
191.101.204.219 - - [30/Jun/2018:02:12:53 -0500] "GET /galeria/nivo-slider/demo/images/4Simple_Slider.png HTTP/1.1" 200 11722
191.101.204.219 - - [30/Jun/2018:02:12:53 -0500] "GET /galeria/nivo-slider/demo/images/banner-bolsas-plasticas.jpg HTTP/1.1" 200 317939
191.101.204.219 - - [30/Jun/2018:02:12:53 -0500] "GET /galeria/nivo-slider/demo/images/bannerlumina2017web.jpg HTTP/1.1" 200 198918
191.101.204.219 - - [30/Jun/2018:02:12:54 -0500] "GET /galeria/nivo-slider/themes/default/loading.gif HTTP/1.1" 200 1737
191.101.204.219 - - [30/Jun/2018:02:12:56 -0500] "GET /galeria/nivo-slider/themes/default/arrows.png HTTP/1.1" 200 824
191.101.204.219 - - [30/Jun/2018:02:12:58 -0500] "GET /galeria/nivo-slider/themes/default/bullets.png HTTP/1.1" 200 1281
66.249.66.91 - - [30/Jun/2018:02:13:06 -0500] "GET /BLA/resoluciones/RESOLUCIONES%202010/3783.pdf HTTP/1.1" 200 317854
54.36.148.186 - - [30/Jun/2018:02:13:27 -0500] "GET /BLA/resoluciones/RESOLUCIONES%202006/RES%202006%20201-250/00000214.tif HTTP/1.1" 200 155296
66.249.66.90 - - [30/Jun/2018:02:13:33 -0500] "GET /BLA/resoluciones/AUTOS%202006/AUTOS%202006%203301%20-%203418/00003415.tif HTTP/1.1" 200 58648
186.80.23.166 - - [30/Jun/2018:02:14:06 -0500] "GET /galeria/galeria/jquery.fancybox.js?v=2.1.5 HTTP/1.1" 200 48706
186.80.23.166 - - [30/Jun/2018:02:14:06 -0500] "GET /BLA/boletinlegal/js/jquery.scrollShow.js HTTP/1.1" 200 4586
186.80.23.166 - - [30/Jun/2018:02:14:06 -0500] "GET /galeria/galeria/jquery.fancybox.css?v=2.1.5 HTTP/1.1" 200 4895
186.80.23.166 - - [30/Jun/2018:02:14:08 -0500] "GET /BLA/boletinlegal/js/jquery.scrollShow.js HTTP/1.1" 304 -
186.80.23.166 - - [30/Jun/2018:02:14:08 -0500] "GET /galeria/galeria/jquery.fancybox.js?v=2.1.5 HTTP/1.1" 304 -
186.80.23.166 - - [30/Jun/2018:02:14:08 -0500] "GET /galeria/galeria/jquery.fancybox.css?v=2.1.5 HTTP/1.1" 304 -
216.244.66.195 - - [30/Jun/2018:02:14:52 -0500] "GET /robots.txt HTTP/1.1" 404 1018
66.249.66.92 - - [30/Jun/2018:02:15:05 -0500] "GET /BLA/resoluciones/RESOLUCIONES%202009/1577.pdf HTTP/1.1" 200 703348
66.249.66.91 - - [30/Jun/2018:02:15:14 -0500] "GET /BLA/resoluciones/RESOLUCIONES%202010/0622.pdf HTTP/1.1" 200 445777
192.168.175.104 - - [30/Jun/2018:02:15:23 -0500] "GET / HTTP/1.0" 200 9990
66.249.66.90 - - [30/Jun/2018:02:15:27 -0500] "GET /BLA/resoluciones/RESOLUCIONES%202012/0417.pdf HTTP/1.1" 200 544681
66.249.66.91 - - [30/Jun/2018:02:15:46 -0500] "GET /BLA/resoluciones/AUTOS%202015/3579.pdf HTTP/1.1" 200 539531
213.142.146.154 - - [30/Jun/2018:02:16:05 -0500] "HEAD / HTTP/1.1" 200 -
192.168.175.104 - - [30/Jun/2018:02:16:08 -0500] "GET / HTTP/1.1" 200 9990
66.249.66.90 - - [30/Jun/2018:02:16:29 -0500] "GET /BLA/resoluciones/AUTOS%202015/3905.pdf HTTP/1.1" 200 574145
86.89.182.13 - - [30/Jun/2018:02:16:58 -0500] "GET /BLA/boletinlegal/Directivas/2013/Directiva%20No.%201%20del%2004%20de%20Abril%20de%202013.pdf HTTP/1.1" 206 50001
40.77.167.141 - - [30/Jun/2018:02:17:34 -0500] "GET /galeria/carrusel/Carrusel/jquery-ui- HTTP/1.1" 404 1018
40.77.167.141 - - [30/Jun/2018:02:17:35 -0500] "GET /galeria/carrusel/Carrusel/jquery.thumbnailScroller.js HTTP/1.1" 200 8157
69.162.124.233 - - [30/Jun/2018:02:17:38 -0500] "HEAD / HTTP/1.1" 200 -
192.168.175.104 - - [30/Jun/2018:02:17:44 -0500] "GET / HTTP/1.1" 200 9990
66.249.66.91 - - [30/Jun/2018:02:17:48 -0500] "GET /BLA/resoluciones/RESOLUCIONES%202007/RES%202007%202001%20AL%202100/RESOLUCION%202054%20DE%202007.pdf HTTP/1.1" 304 -
115.236.61.204 - - [30/Jun/2018:02:19:54 -0500] "-" 408 -
192.168.175.104 - - [30/Jun/2018:02:20:21 -0500] "GET / HTTP/1.0" 200 9990
54.36.148.84 - - [30/Jun/2018:02:21:05 -0500] "GET /BLA/resoluciones/RESOLUCIONES%202003/RES%202003%201401-1450/20031429.tif HTTP/1.1" 200 106284
192.168.175.104 - - [30/Jun/2018:02:21:06 -0500] "GET / HTTP/1.1" 200 9990
66.249.66.92 - - [30/Jun/2018:02:21:31 -0500] "GET /BLA/resoluciones/RESOLUCIONES%202010/2942.pdf HTTP/1.1" 200 52852
66.249.66.92 - - [30/Jun/2018:02:21:32 -0500] "GET /transparencia/financiera/General%20Asignado/? HTTP/1.1" 200 3440
66.249.66.91 - - [30/Jun/2018:02:21:43 -0500] "GET /BLA/resoluciones/RESOLUCIONES%202007/RES%202007%203401%20AL%203500/RESOLUCION%203492%20DE%202007.pdf HTTP/1.1" 200 277307
201.245.192.253 - - [30/Jun/2018:02:21:21 -0500] "POST /kwsrmcab/Wsrmcab HTTP/1.1" 200 22530
66.249.66.90 - - [30/Jun/2018:02:21:57 -0500] "GET /BLA/resoluciones/RESOLUCIONES%202010/2752.pdf HTTP/1.1" 200 529045
190.236.81.158 - - [30/Jun/2018:02:22:27 -0500] "GET /galeria/galeria/jquery.fancybox.css?v=2.1.5 HTTP/1.1" 200 4895
190.236.81.158 - - [30/Jun/2018:02:22:27 -0500] "GET /BLA/boletinlegal/js/jquery.scrollShow.js HTTP/1.1" 200 4586
190.236.81.158 - - [30/Jun/2018:02:22:27 -0500] "GET /galeria/galeria/jquery.fancybox.js?v=2.1.5 HTTP/1.1" 200 48706
69.162.124.233 - - [30/Jun/2018:02:22:38 -0500] "HEAD / HTTP/1.1" 200 -
192.168.175.104 - - [30/Jun/2018:02:22:42 -0500] "GET / HTTP/1.1" 200 9990
