181.60.154.117 - - [16/Jul/2018:04:43:40 -0500] "POST /forms/lservlet;jsessionid=ac16012b30d6417d16b23a3c4612830f9021a42856f1.e3iSbxaKaheRe34NahqPaNmMah50n6jAmljGr5XDqQLvpAe HTTP/1.1" 200 7979
181.60.154.117 - - [16/Jul/2018:04:43:41 -0500] "POST /forms/lservlet;jsessionid=ac16012b30d6417d16b23a3c4612830f9021a42856f1.e3iSbxaKaheRe34NahqPaNmMah50n6jAmljGr5XDqQLvpAe HTTP/1.1" 200 64
181.60.154.117 - - [16/Jul/2018:04:43:42 -0500] "POST /forms/lservlet;jsessionid=ac16012b30d6417d16b23a3c4612830f9021a42856f1.e3iSbxaKaheRe34NahqPaNmMah50n6jAmljGr5XDqQLvpAe HTTP/1.1" 200 2
181.60.154.117 - - [16/Jul/2018:04:43:42 -0500] "POST /forms/lservlet;jsessionid=ac16012b30d6417d16b23a3c4612830f9021a42856f1.e3iSbxaKaheRe34NahqPaNmMah50n6jAmljGr5XDqQLvpAe HTTP/1.1" 200 2
181.60.154.117 - - [16/Jul/2018:04:43:42 -0500] "POST /forms/lservlet;jsessionid=ac16012b30d6417d16b23a3c4612830f9021a42856f1.e3iSbxaKaheRe34NahqPaNmMah50n6jAmljGr5XDqQLvpAe HTTP/1.1" 200 2
181.60.154.117 - - [16/Jul/2018:04:43:45 -0500] "POST /forms/lservlet;jsessionid=ac16012b30d6417d16b23a3c4612830f9021a42856f1.e3iSbxaKaheRe34NahqPaNmMah50n6jAmljGr5XDqQLvpAe HTTP/1.1" 200 34712
181.60.154.117 - - [16/Jul/2018:04:43:45 -0500] "GET /imagenes/listval.gif HTTP/1.1" 200 905
181.60.154.117 - - [16/Jul/2018:04:43:46 -0500] "GET /imagenes/tree1.gif HTTP/1.1" 200 1161
181.60.154.117 - - [16/Jul/2018:04:43:46 -0500] "GET /imagenes/listval.gif HTTP/1.1" 200 905
181.60.154.117 - - [16/Jul/2018:04:43:46 -0500] "GET /imagenes/CAMERA3.gif HTTP/1.1" 200 4150
181.60.154.117 - - [16/Jul/2018:04:43:46 -0500] "GET /imagenes/SLIDE1.gif HTTP/1.1" 200 1111
181.60.154.117 - - [16/Jul/2018:04:43:46 -0500] "GET /imagenes/flexcomb.gif HTTP/1.1" 200 1169
181.60.154.117 - - [16/Jul/2018:04:43:46 -0500] "GET /imagenes/GO.gif HTTP/1.1" 200 904
181.60.154.117 - - [16/Jul/2018:04:43:46 -0500] "GET /imagenes/HRTOOLS.gif HTTP/1.1" 200 2238
181.60.154.117 - - [16/Jul/2018:04:43:46 -0500] "GET /imagenes/rt_rec1.gif HTTP/1.1" 200 867
181.60.154.117 - - [16/Jul/2018:04:43:46 -0500] "GET /imagenes/apply.gif HTTP/1.1" 200 903
181.60.154.117 - - [16/Jul/2018:04:43:46 -0500] "GET /imagenes/exit.gif HTTP/1.1" 200 916
181.60.154.117 - - [16/Jul/2018:04:43:46 -0500] "GET /imagenes/LISTVAL.gif HTTP/1.1" 200 905
181.60.154.117 - - [16/Jul/2018:04:43:46 -0500] "GET /imagenes/edit.gif HTTP/1.1" 200 919
181.60.154.117 - - [16/Jul/2018:04:43:46 -0500] "GET /imagenes/rt_rec4.gif HTTP/1.1" 200 865
181.60.154.117 - - [16/Jul/2018:04:43:46 -0500] "GET /imagenes/rt_rec3.gif HTTP/1.1" 200 844
181.60.154.117 - - [16/Jul/2018:04:43:46 -0500] "GET /imagenes/rt_rec2.gif HTTP/1.1" 200 847
181.60.154.117 - - [16/Jul/2018:04:43:46 -0500] "GET /imagenes/rt_rdel.gif HTTP/1.1" 200 899
181.60.154.117 - - [16/Jul/2018:04:43:46 -0500] "GET /imagenes/rt_radd.gif HTTP/1.1" 200 907
181.60.154.117 - - [16/Jul/2018:04:43:46 -0500] "GET /imagenes/rt_quer3.gif HTTP/1.1" 200 939
181.60.154.117 - - [16/Jul/2018:04:43:46 -0500] "GET /imagenes/rt_quer2.gif HTTP/1.1" 200 936
181.60.154.117 - - [16/Jul/2018:04:43:46 -0500] "GET /imagenes/rt_quer1.gif HTTP/1.1" 200 930
181.60.154.117 - - [16/Jul/2018:04:43:46 -0500] "GET /imagenes/rt_save.gif HTTP/1.1" 200 903
181.60.154.117 - - [16/Jul/2018:04:43:46 -0500] "GET /imagenes/rt_pset.gif HTTP/1.1" 200 914
181.60.154.117 - - [16/Jul/2018:04:43:46 -0500] "GET /imagenes/QUEJA.gif HTTP/1.1" 200 1091
181.60.154.117 - - [16/Jul/2018:04:43:46 -0500] "GET /imagenes/ARBOL.gif HTTP/1.1" 200 1026
181.60.154.117 - - [16/Jul/2018:04:43:46 -0500] "GET /imagenes/Clipboard.gif HTTP/1.1" 200 1466
181.60.154.117 - - [16/Jul/2018:04:43:46 -0500] "GET /imagenes/DINERO.gif HTTP/1.1" 200 1766
181.60.154.117 - - [16/Jul/2018:04:43:46 -0500] "GET /imagenes/URGENTE.gif HTTP/1.1" 200 964
181.60.154.117 - - [16/Jul/2018:04:43:46 -0500] "GET /imagenes/TREE4.gif HTTP/1.1" 200 4150
181.60.154.117 - - [16/Jul/2018:04:43:47 -0500] "POST /forms/lservlet;jsessionid=ac16012b30d6417d16b23a3c4612830f9021a42856f1.e3iSbxaKaheRe34NahqPaNmMah50n6jAmljGr5XDqQLvpAe HTTP/1.1" 200 7
181.60.154.117 - - [16/Jul/2018:04:43:47 -0500] "POST /forms/lservlet;jsessionid=ac16012b30d6417d16b23a3c4612830f9021a42856f1.e3iSbxaKaheRe34NahqPaNmMah50n6jAmljGr5XDqQLvpAe HTTP/1.1" 200 34
181.60.154.117 - - [16/Jul/2018:04:43:47 -0500] "POST /forms/lservlet;jsessionid=ac16012b30d6417d16b23a3c4612830f9021a42856f1.e3iSbxaKaheRe34NahqPaNmMah50n6jAmljGr5XDqQLvpAe HTTP/1.1" 200 2
181.60.154.117 - - [16/Jul/2018:04:43:48 -0500] "POST /forms/lservlet;jsessionid=ac16012b30d6417d16b23a3c4612830f9021a42856f1.e3iSbxaKaheRe34NahqPaNmMah50n6jAmljGr5XDqQLvpAe HTTP/1.1" 200 2
181.60.154.117 - - [16/Jul/2018:04:43:48 -0500] "POST /forms/lservlet;jsessionid=ac16012b30d6417d16b23a3c4612830f9021a42856f1.e3iSbxaKaheRe34NahqPaNmMah50n6jAmljGr5XDqQLvpAe HTTP/1.1" 200 699
181.60.154.117 - - [16/Jul/2018:04:43:48 -0500] "GET /imagenes/Srch_frw.gif HTTP/1.1" 200 925
181.60.154.117 - - [16/Jul/2018:04:43:48 -0500] "POST /forms/lservlet;jsessionid=ac16012b30d6417d16b23a3c4612830f9021a42856f1.e3iSbxaKaheRe34NahqPaNmMah50n6jAmljGr5XDqQLvpAe HTTP/1.1" 200 10
181.60.154.117 - - [16/Jul/2018:04:43:55 -0500] "POST /forms/lservlet;jsessionid=ac16012b30d6417d16b23a3c4612830f9021a42856f1.e3iSbxaKaheRe34NahqPaNmMah50n6jAmljGr5XDqQLvpAe HTTP/1.1" 200 24
181.60.154.117 - - [16/Jul/2018:04:43:55 -0500] "POST /forms/lservlet;jsessionid=ac16012b30d6417d16b23a3c4612830f9021a42856f1.e3iSbxaKaheRe34NahqPaNmMah50n6jAmljGr5XDqQLvpAe HTTP/1.1" 200 14
181.60.154.117 - - [16/Jul/2018:04:43:56 -0500] "POST /forms/lservlet;jsessionid=ac16012b30d6417d16b23a3c4612830f9021a42856f1.e3iSbxaKaheRe34NahqPaNmMah50n6jAmljGr5XDqQLvpAe HTTP/1.1" 200 14
181.60.154.117 - - [16/Jul/2018:04:43:57 -0500] "POST /forms/lservlet;jsessionid=ac16012b30d6417d16b23a3c4612830f9021a42856f1.e3iSbxaKaheRe34NahqPaNmMah50n6jAmljGr5XDqQLvpAe HTTP/1.1" 200 14
181.60.154.117 - - [16/Jul/2018:04:43:59 -0500] "POST /forms/lservlet;jsessionid=ac16012b30d6417d16b23a3c4612830f9021a42856f1.e3iSbxaKaheRe34NahqPaNmMah50n6jAmljGr5XDqQLvpAe HTTP/1.1" 200 4153
181.60.154.117 - - [16/Jul/2018:04:43:59 -0500] "POST /forms/lservlet;jsessionid=ac16012b30d6417d16b23a3c4612830f9021a42856f1.e3iSbxaKaheRe34NahqPaNmMah50n6jAmljGr5XDqQLvpAe HTTP/1.1" 200 2
181.60.154.117 - - [16/Jul/2018:04:44:10 -0500] "POST /forms/lservlet;jsessionid=ac16012b30d6417d16b23a3c4612830f9021a42856f1.e3iSbxaKaheRe34NahqPaNmMah50n6jAmljGr5XDqQLvpAe HTTP/1.1" 200 2
181.60.154.117 - - [16/Jul/2018:04:44:10 -0500] "POST /forms/lservlet;jsessionid=ac16012b30d6417d16b23a3c4612830f9021a42856f1.e3iSbxaKaheRe34NahqPaNmMah50n6jAmljGr5XDqQLvpAe HTTP/1.1" 200 14
181.60.154.117 - - [16/Jul/2018:04:44:11 -0500] "POST /forms/lservlet;jsessionid=ac16012b30d6417d16b23a3c4612830f9021a42856f1.e3iSbxaKaheRe34NahqPaNmMah50n6jAmljGr5XDqQLvpAe HTTP/1.1" 200 14
181.60.154.117 - - [16/Jul/2018:04:44:13 -0500] "POST /forms/lservlet;jsessionid=ac16012b30d6417d16b23a3c4612830f9021a42856f1.e3iSbxaKaheRe34NahqPaNmMah50n6jAmljGr5XDqQLvpAe HTTP/1.1" 200 14
181.60.154.117 - - [16/Jul/2018:04:44:14 -0500] "POST /forms/lservlet;jsessionid=ac16012b30d6417d16b23a3c4612830f9021a42856f1.e3iSbxaKaheRe34NahqPaNmMah50n6jAmljGr5XDqQLvpAe HTTP/1.1" 200 14
181.60.154.117 - - [16/Jul/2018:04:44:16 -0500] "POST /forms/lservlet;jsessionid=ac16012b30d6417d16b23a3c4612830f9021a42856f1.e3iSbxaKaheRe34NahqPaNmMah50n6jAmljGr5XDqQLvpAe HTTP/1.1" 200 15
181.60.154.117 - - [16/Jul/2018:04:44:19 -0500] "POST /forms/lservlet;jsessionid=ac16012b30d6417d16b23a3c4612830f9021a42856f1.e3iSbxaKaheRe34NahqPaNmMah50n6jAmljGr5XDqQLvpAe HTTP/1.1" 200 15
181.60.154.117 - - [16/Jul/2018:04:44:23 -0500] "POST /forms/lservlet;jsessionid=ac16012b30d6417d16b23a3c4612830f9021a42856f1.e3iSbxaKaheRe34NahqPaNmMah50n6jAmljGr5XDqQLvpAe HTTP/1.1" 200 15
54.36.148.169 - - [16/Jul/2018:04:44:27 -0500] "GET /BLA/resoluciones/RESOLUCIONES%202003/RES%202003%20851-900/861.tif HTTP/1.1" 200 215484
181.60.154.117 - - [16/Jul/2018:04:44:30 -0500] "POST /forms/lservlet;jsessionid=ac16012b30d6417d16b23a3c4612830f9021a42856f1.e3iSbxaKaheRe34NahqPaNmMah50n6jAmljGr5XDqQLvpAe HTTP/1.1" 200 125
181.60.154.117 - - [16/Jul/2018:04:44:30 -0500] "POST /forms/lservlet;jsessionid=ac16012b30d6417d16b23a3c4612830f9021a42856f1.e3iSbxaKaheRe34NahqPaNmMah50n6jAmljGr5XDqQLvpAe HTTP/1.1" 200 2
181.60.154.117 - - [16/Jul/2018:04:44:30 -0500] "GET /reports/rwservlet/getjobid29842?server=repnomi HTTP/1.1" 200 48113
66.249.64.139 - - [16/Jul/2018:04:44:40 -0500] "GET /BLA/resoluciones/RESOLUCIONES%202017/0222.pdf HTTP/1.1" 304 -
46.32.240.39 - - [16/Jul/2018:04:44:59 -0500] "-" 408 -
181.60.154.117 - - [16/Jul/2018:04:45:06 -0500] "POST /forms/lservlet;jsessionid=ac16012b30d6417d16b23a3c4612830f9021a42856f1.e3iSbxaKaheRe34NahqPaNmMah50n6jAmljGr5XDqQLvpAe HTTP/1.1" 200 2
181.60.154.117 - - [16/Jul/2018:04:45:06 -0500] "POST /forms/lservlet;jsessionid=ac16012b30d6417d16b23a3c4612830f9021a42856f1.e3iSbxaKaheRe34NahqPaNmMah50n6jAmljGr5XDqQLvpAe HTTP/1.1" 200 14
181.60.154.117 - - [16/Jul/2018:04:45:07 -0500] "POST /forms/lservlet;jsessionid=ac16012b30d6417d16b23a3c4612830f9021a42856f1.e3iSbxaKaheRe34NahqPaNmMah50n6jAmljGr5XDqQLvpAe HTTP/1.1" 200 14
181.60.154.117 - - [16/Jul/2018:04:45:09 -0500] "POST /forms/lservlet;jsessionid=ac16012b30d6417d16b23a3c4612830f9021a42856f1.e3iSbxaKaheRe34NahqPaNmMah50n6jAmljGr5XDqQLvpAe HTTP/1.1" 200 14
181.60.154.117 - - [16/Jul/2018:04:45:10 -0500] "POST /forms/lservlet;jsessionid=ac16012b30d6417d16b23a3c4612830f9021a42856f1.e3iSbxaKaheRe34NahqPaNmMah50n6jAmljGr5XDqQLvpAe HTTP/1.1" 200 110
181.60.154.117 - - [16/Jul/2018:04:45:11 -0500] "POST /forms/lservlet;jsessionid=ac16012b30d6417d16b23a3c4612830f9021a42856f1.e3iSbxaKaheRe34NahqPaNmMah50n6jAmljGr5XDqQLvpAe HTTP/1.1" 200 2
181.60.154.117 - - [16/Jul/2018:04:45:11 -0500] "GET /reports/rwservlet/getjobid29843?server=repnomi HTTP/1.1" 200 47517
46.32.240.39 - - [16/Jul/2018:04:45:17 -0500] "-" 408 -
181.60.154.117 - - [16/Jul/2018:04:45:21 -0500] "POST /forms/lservlet;jsessionid=ac16012b30d6417d16b23a3c4612830f9021a42856f1.e3iSbxaKaheRe34NahqPaNmMah50n6jAmljGr5XDqQLvpAe HTTP/1.1" 200 2
54.36.149.107 - - [16/Jul/2018:04:45:32 -0500] "GET /BLA/resoluciones/RESOLUCIONES%202002/RES%202002%20451-500/00000454.tif HTTP/1.1" 200 199332
66.249.64.137 - - [16/Jul/2018:04:45:35 -0500] "GET /BLA/resoluciones/AUTOS%202007/2461.pdf HTTP/1.1" 200 88531
46.32.240.39 - - [16/Jul/2018:04:45:35 -0500] "-" 408 -
192.168.175.104 - - [16/Jul/2018:04:45:37 -0500] "GET / HTTP/1.0" 200 9990
46.32.240.39 - - [16/Jul/2018:04:46:01 -0500] "-" 408 -
69.162.124.233 - - [16/Jul/2018:04:46:21 -0500] "HEAD / HTTP/1.1" 200 -
46.32.240.39 - - [16/Jul/2018:04:46:23 -0500] "-" 408 -
192.168.175.104 - - [16/Jul/2018:04:46:26 -0500] "GET / HTTP/1.1" 200 9990
46.32.240.39 - - [16/Jul/2018:04:46:48 -0500] "-" 408 -
66.249.64.29 - - [16/Jul/2018:04:46:50 -0500] "GET /BLA/boletinlegal/js/ajax.js HTTP/1.1" 200 772
66.249.64.29 - - [16/Jul/2018:04:46:50 -0500] "GET /BLA/boletinlegal/swfobject.js HTTP/1.1" 200 9763
66.249.64.31 - - [16/Jul/2018:04:46:52 -0500] "GET /BLA/boletinlegal/js/popup.js HTTP/1.1" 200 1270
40.77.167.54 - - [16/Jul/2018:04:47:10 -0500] "GET /galeria/bibloteca/ContentFlowAddOn_white.js HTTP/1.1" 200 2497
46.32.240.39 - - [16/Jul/2018:04:47:12 -0500] "-" 408 -
181.60.154.117 - - [16/Jul/2018:04:47:22 -0500] "POST /forms/lservlet;jsessionid=ac16012b30d6417d16b23a3c4612830f9021a42856f1.e3iSbxaKaheRe34NahqPaNmMah50n6jAmljGr5XDqQLvpAe HTTP/1.1" 200 2
66.249.64.137 - - [16/Jul/2018:04:47:23 -0500] "GET /BLA/resoluciones/RESOLUCIONES%202012/1132.pdf HTTP/1.1" 304 -
192.168.175.104 - - [16/Jul/2018:04:47:25 -0500] "GET / HTTP/1.1" 200 9990
46.32.240.39 - - [16/Jul/2018:04:47:37 -0500] "-" 408 -
46.32.240.39 - - [16/Jul/2018:04:47:55 -0500] "-" 408 -
66.249.64.137 - - [16/Jul/2018:04:48:18 -0500] "GET /BLA/resoluciones/AUTOS%202016/0255.pdf HTTP/1.1" 200 571528
186.113.10.19 - - [16/Jul/2018:04:49:08 -0500] "GET /galeria/nivo-slider/demo/images/audencia-Banne.jpg HTTP/1.1" 304 -
23.89.144.56 - - [16/Jul/2018:04:49:15 -0500] "GET /galeria/galeria/jquery.fancybox.css?v=2.1.5 HTTP/1.1" 200 4895
23.89.144.56 - - [16/Jul/2018:04:49:15 -0500] "GET /BLA/boletinlegal/js/jquery.scrollShow.js HTTP/1.1" 200 4586
23.89.144.56 - - [16/Jul/2018:04:49:15 -0500] "GET /galeria/galeria/jquery.fancybox.js?v=2.1.5 HTTP/1.1" 200 48706
181.60.154.117 - - [16/Jul/2018:04:49:22 -0500] "POST /forms/lservlet;jsessionid=ac16012b30d6417d16b23a3c4612830f9021a42856f1.e3iSbxaKaheRe34NahqPaNmMah50n6jAmljGr5XDqQLvpAe HTTP/1.1" 200 2
54.36.149.85 - - [16/Jul/2018:04:49:52 -0500] "GET /BLA/resoluciones/index.php?dir=RESOLUCIONES+2003%2FRES+2003+1251-1300%2F HTTP/1.1" 200 12202
66.249.64.137 - - [16/Jul/2018:04:50:07 -0500] "GET /BLA/resoluciones/RESOLUCIONES%202009/1717.pdf HTTP/1.1" 304 -
192.168.175.104 - - [16/Jul/2018:04:50:35 -0500] "GET / HTTP/1.0" 200 9990
69.162.124.233 - - [16/Jul/2018:04:51:21 -0500] "HEAD / HTTP/1.1" 200 -
181.60.154.117 - - [16/Jul/2018:04:51:22 -0500] "POST /forms/lservlet;jsessionid=ac16012b30d6417d16b23a3c4612830f9021a42856f1.e3iSbxaKaheRe34NahqPaNmMah50n6jAmljGr5XDqQLvpAe HTTP/1.1" 200 2
192.168.175.104 - - [16/Jul/2018:04:51:24 -0500] "GET / HTTP/1.1" 200 9990
192.168.175.104 - - [16/Jul/2018:04:52:23 -0500] "GET / HTTP/1.1" 200 9990
54.36.149.58 - - [16/Jul/2018:04:53:00 -0500] "GET /BLA/resoluciones/RESOLUCIONES%202003/RES%202003%201301-1350/20031309.tif HTTP/1.1" 200 207680
54.36.148.76 - - [16/Jul/2018:04:53:04 -0500] "GET /BLA/resoluciones/RESOLUCIONES%202003/RES%202003%201051-1100/1051.tif HTTP/1.1" 200 818556
181.60.154.117 - - [16/Jul/2018:04:53:22 -0500] "POST /forms/lservlet;jsessionid=ac16012b30d6417d16b23a3c4612830f9021a42856f1.e3iSbxaKaheRe34NahqPaNmMah50n6jAmljGr5XDqQLvpAe HTTP/1.1" 200 2
181.60.154.117 - - [16/Jul/2018:04:55:22 -0500] "POST /forms/lservlet;jsessionid=ac16012b30d6417d16b23a3c4612830f9021a42856f1.e3iSbxaKaheRe34NahqPaNmMah50n6jAmljGr5XDqQLvpAe HTTP/1.1" 200 2
180.76.15.137 - - [16/Jul/2018:04:55:27 -0500] "GET / HTTP/1.1" 200 9990
192.168.175.104 - - [16/Jul/2018:04:55:33 -0500] "GET / HTTP/1.0" 200 9990
69.162.124.233 - - [16/Jul/2018:04:56:21 -0500] "HEAD / HTTP/1.1" 200 -
192.168.175.104 - - [16/Jul/2018:04:56:21 -0500] "GET / HTTP/1.1" 200 9990
40.77.167.193 - - [16/Jul/2018:04:56:19 -0500] "GET /portalsiaccapacitaciones/Soportes%20Capacitaciones%202015/0013.%20ppt%20Compras%20Verdes%2019_11_15.pdf HTTP/1.1" 200 894548
192.168.175.104 - - [16/Jul/2018:04:57:21 -0500] "GET / HTTP/1.1" 200 9990
181.60.154.117 - - [16/Jul/2018:04:57:22 -0500] "POST /forms/lservlet;jsessionid=ac16012b30d6417d16b23a3c4612830f9021a42856f1.e3iSbxaKaheRe34NahqPaNmMah50n6jAmljGr5XDqQLvpAe HTTP/1.1" 200 2
54.36.148.114 - - [16/Jul/2018:04:58:40 -0500] "GET /BLA/resoluciones/RESOLUCIONES%202004/RES%202004%201401-1450/00001434.tif HTTP/1.1" 200 145498
54.36.148.184 - - [16/Jul/2018:04:58:40 -0500] "GET /BLA/resoluciones/RESOLUCIONES%202004/RES%202004%20251-300/00000274.tif HTTP/1.1" 200 180662
181.60.154.117 - - [16/Jul/2018:04:59:22 -0500] "POST /forms/lservlet;jsessionid=ac16012b30d6417d16b23a3c4612830f9021a42856f1.e3iSbxaKaheRe34NahqPaNmMah50n6jAmljGr5XDqQLvpAe HTTP/1.1" 200 2
54.36.148.208 - - [16/Jul/2018:04:59:49 -0500] "GET /BLA/resoluciones/RESOLUCIONES%202006/RES%202006%201051-1100/00001081.tif HTTP/1.1" 200 134878
66.249.64.139 - - [16/Jul/2018:05:00:05 -0500] "GET /BLA/resoluciones/RESOLUCIONES%202014/1691.pdf HTTP/1.1" 200 620839
35.190.207.132 - - [16/Jul/2018:05:00:29 -0500] "-" 408 -
192.168.175.104 - - [16/Jul/2018:05:00:31 -0500] "GET / HTTP/1.0" 200 9990
54.36.148.49 - - [16/Jul/2018:05:00:56 -0500] "GET /BLA/resoluciones/RESOLUCIONES%202005/RES%202005%202151-2200/00002181.tif HTTP/1.1" 200 84678
54.36.149.101 - - [16/Jul/2018:05:00:56 -0500] "GET /BLA/resoluciones/RESOLUCIONES%202006/RES%202006%20851-900/00000870.tif HTTP/1.1" 200 235784
192.168.175.104 - - [16/Jul/2018:05:01:19 -0500] "GET / HTTP/1.1" 200 9990
69.162.124.233 - - [16/Jul/2018:05:01:21 -0500] "HEAD / HTTP/1.1" 200 -
181.60.154.117 - - [16/Jul/2018:05:01:22 -0500] "POST /forms/lservlet;jsessionid=ac16012b30d6417d16b23a3c4612830f9021a42856f1.e3iSbxaKaheRe34NahqPaNmMah50n6jAmljGr5XDqQLvpAe HTTP/1.1" 200 2
54.36.148.197 - - [16/Jul/2018:05:01:37 -0500] "GET /BLA/resoluciones/RESOLUCIONES%202002/RES%202002%201701-1750/20021716.tif HTTP/1.1" 200 76058
201.245.192.253 - - [16/Jul/2018:05:01:14 -0500] "POST /kwsrmcab/Wsrmcab HTTP/1.1" 200 22786
40.77.167.99 - - [16/Jul/2018:05:01:47 -0500] "GET /portalsiaccapacitaciones/soportes%20capacitaciones%202015/0001.%20presentacion%20caem-mvc%2006-04-2015.pdf HTTP/1.1" 200 1249859
201.245.192.253 - - [16/Jul/2018:05:01:45 -0500] "POST /kwsrmcab/Wsrmcab HTTP/1.1" 200 213
192.168.175.104 - - [16/Jul/2018:05:02:19 -0500] "GET / HTTP/1.1" 200 9990
103.24.190.19 - - [16/Jul/2018:05:02:28 -0500] "GET / HTTP/1.1" 200 9990
40.77.167.204 - - [16/Jul/2018:05:02:44 -0500] "GET /galeria/galeria/fotos/Humedal-la-Isla1G.jpg HTTP/1.1" 200 216243
181.60.154.117 - - [16/Jul/2018:05:03:22 -0500] "POST /forms/lservlet;jsessionid=ac16012b30d6417d16b23a3c4612830f9021a42856f1.e3iSbxaKaheRe34NahqPaNmMah50n6jAmljGr5XDqQLvpAe HTTP/1.1" 200 2
181.60.154.117 - - [16/Jul/2018:05:05:22 -0500] "POST /forms/lservlet;jsessionid=ac16012b30d6417d16b23a3c4612830f9021a42856f1.e3iSbxaKaheRe34NahqPaNmMah50n6jAmljGr5XDqQLvpAe HTTP/1.1" 200 2
192.168.175.104 - - [16/Jul/2018:05:05:30 -0500] "GET / HTTP/1.0" 200 9990
94.73.150.29 - - [16/Jul/2018:05:06:15 -0500] "-" 408 -
192.168.175.104 - - [16/Jul/2018:05:06:17 -0500] "GET / HTTP/1.1" 200 9990
69.162.124.233 - - [16/Jul/2018:05:06:21 -0500] "HEAD / HTTP/1.1" 200 -
107.170.227.62 - - [16/Jul/2018:05:06:24 -0500] "GET / HTTP/1.1" 200 9990
201.245.192.253 - - [16/Jul/2018:05:06:26 -0500] "GET /galeria/nivo-slider/demo/images/Ramsar_BannerWeb.jpg HTTP/1.1" 304 -
94.73.150.29 - - [16/Jul/2018:05:06:33 -0500] "-" 408 -
94.73.150.29 - - [16/Jul/2018:05:06:51 -0500] "-" 408 -
192.168.175.104 - - [16/Jul/2018:05:07:17 -0500] "GET / HTTP/1.1" 200 9990
66.249.64.137 - - [16/Jul/2018:05:07:20 -0500] "GET /BLA/resoluciones/AUTOS%202009/1556.pdf HTTP/1.1" 200 125432
181.60.154.117 - - [16/Jul/2018:05:07:22 -0500] "POST /forms/lservlet;jsessionid=ac16012b30d6417d16b23a3c4612830f9021a42856f1.e3iSbxaKaheRe34NahqPaNmMah50n6jAmljGr5XDqQLvpAe HTTP/1.1" 200 2
54.36.148.110 - - [16/Jul/2018:05:07:29 -0500] "GET /BLA/resoluciones/index.php?dir=RESOLUCIONES+2005%2FRES+2005+701-750%2F HTTP/1.1" 200 12247
216.244.66.195 - - [16/Jul/2018:05:07:36 -0500] "GET /robots.txt HTTP/1.1" 404 1018
190.24.57.69 - - [16/Jul/2018:05:08:10 -0500] "GET /BLA/boletinlegal/js/jquery.scrollShow.js HTTP/1.1" 200 4586
190.24.57.69 - - [16/Jul/2018:05:08:10 -0500] "GET /galeria/galeria/jquery.fancybox.css?v=2.1.5 HTTP/1.1" 200 4895
190.24.57.69 - - [16/Jul/2018:05:08:10 -0500] "GET /galeria/galeria/jquery.fancybox.js?v=2.1.5 HTTP/1.1" 200 48706
66.249.64.141 - - [16/Jul/2018:05:08:15 -0500] "GET /BLA/resoluciones/AUTOS%202012/1988.pdf HTTP/1.1" 200 1888377
200.118.132.196 - - [16/Jul/2018:05:08:54 -0500] "GET /galeria/galeria/jquery.fancybox.css?v=2.1.5 HTTP/1.1" 200 4895
200.118.132.196 - - [16/Jul/2018:05:08:54 -0500] "GET /galeria/galeria/jquery.fancybox.js?v=2.1.5 HTTP/1.1" 200 48706
200.118.132.196 - - [16/Jul/2018:05:08:54 -0500] "GET /BLA/boletinlegal/js/jquery.scrollShow.js HTTP/1.1" 200 4586
181.60.154.117 - - [16/Jul/2018:05:09:22 -0500] "POST /forms/lservlet;jsessionid=ac16012b30d6417d16b23a3c4612830f9021a42856f1.e3iSbxaKaheRe34NahqPaNmMah50n6jAmljGr5XDqQLvpAe HTTP/1.1" 200 2
157.55.39.74 - - [16/Jul/2018:05:09:55 -0500] "GET / HTTP/1.1" 200 9990
192.168.175.104 - - [16/Jul/2018:05:10:28 -0500] "GET / HTTP/1.0" 200 9990
35.205.231.166 - - [16/Jul/2018:05:10:29 -0500] "-" 408 -
66.249.64.141 - - [16/Jul/2018:05:10:58 -0500] "GET /BLA/resoluciones/RESOLUCIONES%202007/RES%202007%202901%20AL%203000/RESOLUCION%202970%20DE%202007.pdf HTTP/1.1" 200 755892
192.168.175.104 - - [16/Jul/2018:05:11:15 -0500] "GET / HTTP/1.1" 200 9990
69.162.124.233 - - [16/Jul/2018:05:11:21 -0500] "HEAD / HTTP/1.1" 200 -
181.60.154.117 - - [16/Jul/2018:05:11:22 -0500] "POST /forms/lservlet;jsessionid=ac16012b30d6417d16b23a3c4612830f9021a42856f1.e3iSbxaKaheRe34NahqPaNmMah50n6jAmljGr5XDqQLvpAe HTTP/1.1" 200 2
201.245.192.253 - - [16/Jul/2018:05:11:14 -0500] "POST /kwsrmcab/Wsrmcab HTTP/1.1" 200 22786
201.245.192.253 - - [16/Jul/2018:05:11:44 -0500] "POST /kwsrmcab/Wsrmcab HTTP/1.1" 200 19133
192.168.175.104 - - [16/Jul/2018:05:12:14 -0500] "GET / HTTP/1.1" 200 9990
86.91.190.247 - - [16/Jul/2018:05:12:40 -0500] "GET /galeria/galeria/jquery.fancybox.css?v=2.1.5 HTTP/1.1" 200 4895
86.91.190.247 - - [16/Jul/2018:05:12:40 -0500] "GET /BLA/boletinlegal/js/jquery.scrollShow.js HTTP/1.1" 200 4586
86.91.190.247 - - [16/Jul/2018:05:12:40 -0500] "GET /galeria/galeria/jquery.fancybox.js?v=2.1.5 HTTP/1.1" 200 48706
66.249.64.137 - - [16/Jul/2018:05:12:47 -0500] "GET /BLA/resoluciones/AUTOS%202007/3053.pdf HTTP/1.1" 200 232443
181.60.154.117 - - [16/Jul/2018:05:13:23 -0500] "POST /forms/lservlet;jsessionid=ac16012b30d6417d16b23a3c4612830f9021a42856f1.e3iSbxaKaheRe34NahqPaNmMah50n6jAmljGr5XDqQLvpAe HTTP/1.1" 200 2
35.240.6.101 - - [16/Jul/2018:05:13:29 -0500] "-" 408 -
66.249.64.137 - - [16/Jul/2018:05:13:41 -0500] "GET /BLA/resoluciones/Autos%202008/0625.pdf HTTP/1.1" 304 -
66.249.64.139 - - [16/Jul/2018:05:14:36 -0500] "GET /BLA/resoluciones/AUTOS%202016/2994.pdf HTTP/1.1" 304 -
181.60.154.117 - - [16/Jul/2018:05:15:23 -0500] "POST /forms/lservlet;jsessionid=ac16012b30d6417d16b23a3c4612830f9021a42856f1.e3iSbxaKaheRe34NahqPaNmMah50n6jAmljGr5XDqQLvpAe HTTP/1.1" 200 2
192.168.175.104 - - [16/Jul/2018:05:15:26 -0500] "GET / HTTP/1.0" 200 9990
66.249.64.137 - - [16/Jul/2018:05:15:30 -0500] "GET /BLA/resoluciones/AUTOS%202013/2474.pdf HTTP/1.1" 200 1714476
131.253.25.85 - - [16/Jul/2018:05:15:30 -0500] "GET /BLA/boletinlegal/js/jquery.scrollShow.js HTTP/1.1" 200 4586
131.253.25.89 - - [16/Jul/2018:05:15:30 -0500] "GET /galeria/galeria/jquery.fancybox.js?v=2.1.5 HTTP/1.1" 200 48706
131.253.25.85 - - [16/Jul/2018:05:15:31 -0500] "GET /galeria/galeria/jquery.fancybox.css?v=2.1.5 HTTP/1.1" 200 4895
131.253.25.65 - - [16/Jul/2018:05:15:53 -0500] "GET /galeria/galeria/jquery.fancybox.js?v=2.1.5 HTTP/1.1" 200 48706
131.253.25.90 - - [16/Jul/2018:05:15:53 -0500] "GET /BLA/boletinlegal/js/jquery.scrollShow.js HTTP/1.1" 200 4586
131.253.25.90 - - [16/Jul/2018:05:15:53 -0500] "GET /galeria/galeria/jquery.fancybox.css?v=2.1.5 HTTP/1.1" 200 4895
70.42.131.170 - - [16/Jul/2018:05:15:53 -0500] "GET /galeria/galeria/jquery.fancybox.css?v=2.1.5 HTTP/1.1" 200 4895
70.42.131.170 - - [16/Jul/2018:05:15:53 -0500] "GET /galeria/carrusel/Carrusel/jquery.thumbnailScroller.css HTTP/1.1" 200 2066
70.42.131.170 - - [16/Jul/2018:05:15:53 -0500] "GET /BLA/boletinlegal/js/jquery.scrollShow.js HTTP/1.1" 200 4586
70.42.131.170 - - [16/Jul/2018:05:15:53 -0500] "GET /galeria/galeria/jquery.fancybox.js?v=2.1.5 HTTP/1.1" 200 48706
70.42.131.170 - - [16/Jul/2018:05:15:56 -0500] "GET /galeria/carrusel/Carrusel/jquery-ui-1.8.13.custom.min.js HTTP/1.1" 200 10800
70.42.131.170 - - [16/Jul/2018:05:15:56 -0500] "GET /galeria/carrusel/Carrusel/jquery.thumbnailScroller.js HTTP/1.1" 200 8157
70.42.131.170 - - [16/Jul/2018:05:15:59 -0500] "GET /galeria/nivo-slider/demo/demo.html HTTP/1.1" 200 14693
70.42.131.170 - - [16/Jul/2018:05:16:03 -0500] "GET /galeria/nivo-slider/themes/default/default.css HTTP/1.1" 200 1569
70.42.131.170 - - [16/Jul/2018:05:16:03 -0500] "GET /galeria/nivo-slider/themes/orman/orman.css HTTP/1.1" 200 2152
70.42.131.170 - - [16/Jul/2018:05:16:03 -0500] "GET /galeria/nivo-slider/nivo-slider.css HTTP/1.1" 200 1507
70.42.131.170 - - [16/Jul/2018:05:16:03 -0500] "GET /galeria/nivo-slider/themes/pascal/pascal.css HTTP/1.1" 200 2258
70.42.131.170 - - [16/Jul/2018:05:16:03 -0500] "GET /galeria/nivo-slider/demo/style.css HTTP/1.1" 200 2222
70.42.131.170 - - [16/Jul/2018:05:16:03 -0500] "GET /galeria/nivo-slider/demo/scripts/jquery-1.7.1.min.js HTTP/1.1" 200 93868
70.42.131.170 - - [16/Jul/2018:05:16:04 -0500] "GET /galeria/nivo-slider/jquery.nivo.slider.pack.js HTTP/1.1" 200 11561
70.42.131.170 - - [16/Jul/2018:05:16:04 -0500] "GET /galeria/nivo-slider/demo/images/Banner%20Incentivos%20tributarios2.jpg HTTP/1.1" 200 200787
70.42.131.170 - - [16/Jul/2018:05:16:05 -0500] "GET /galeria/nivo-slider/demo/images/4Simple_Slider.png HTTP/1.1" 200 11722
70.42.131.170 - - [16/Jul/2018:05:16:05 -0500] "GET /galeria/nivo-slider/themes/default/loading.gif HTTP/1.1" 200 1737
70.42.131.170 - - [16/Jul/2018:05:16:05 -0500] "GET /galeria/nivo-slider/demo/images/web%20ingreso%20humedales.png HTTP/1.1" 200 641193
70.42.131.170 - - [16/Jul/2018:05:16:05 -0500] "GET /galeria/nivo-slider/demo/images/banner-julio.jpg HTTP/1.1" 200 504701
70.42.131.170 - - [16/Jul/2018:05:16:05 -0500] "GET /galeria/nivo-slider/demo/images/gobierno%20digital-01.jpg HTTP/1.1" 200 116163
70.42.131.170 - - [16/Jul/2018:05:16:08 -0500] "GET /galeria/nivo-slider/demo/images/gestion-ambiental.jpg HTTP/1.1" 200 163297
70.42.131.170 - - [16/Jul/2018:05:16:08 -0500] "GET /galeria/nivo-slider/demo/images/Otorgamiento-excelencia-ambiental-Jos%C3%A9-Celestino-Mutis-2.jpg HTTP/1.1" 200 276467
70.42.131.170 - - [16/Jul/2018:05:16:08 -0500] "GET /galeria/nivo-slider/demo/images/Banner_micrositio.png HTTP/1.1" 200 146950
70.42.131.170 - - [16/Jul/2018:05:16:08 -0500] "GET /galeria/nivo-slider/demo/images/avances-sentencias-rio-bogota-2.jpg HTTP/1.1" 200 304916
70.42.131.170 - - [16/Jul/2018:05:16:08 -0500] "GET /galeria/nivo-slider/demo/images/BANNER%20VAN%20DER%20HAMMEN.jpg HTTP/1.1" 200 64172
70.42.131.170 - - [16/Jul/2018:05:16:09 -0500] "GET /galeria/nivo-slider/demo/images/banner-humedales-de-bogota.jpg HTTP/1.1" 200 292611
70.42.131.170 - - [16/Jul/2018:05:16:09 -0500] "GET /galeria/nivo-slider/demo/images/maximavelocidad.png HTTP/1.1" 200 880272
70.42.131.170 - - [16/Jul/2018:05:16:10 -0500] "GET /galeria/nivo-slider/demo/images/banner%20aceite%20vegetal%20usado.jpg HTTP/1.1" 200 169350
70.42.131.170 - - [16/Jul/2018:05:16:11 -0500] "GET /galeria/nivo-slider/demo/images/bannerlumina2017web.jpg HTTP/1.1" 200 198918
70.42.131.170 - - [16/Jul/2018:05:16:11 -0500] "GET /galeria/nivo-slider/demo/images/banner-bolsas-plasticas.jpg HTTP/1.1" 200 317939
192.168.175.104 - - [16/Jul/2018:05:16:13 -0500] "GET / HTTP/1.1" 200 9990
69.162.124.233 - - [16/Jul/2018:05:16:21 -0500] "HEAD / HTTP/1.1" 200 -
54.36.148.217 - - [16/Jul/2018:05:16:54 -0500] "GET /BLA/resoluciones/RESOLUCIONES%202002/RES%202002%201701-1750/20021708.tif HTTP/1.1" 200 173358
192.168.175.104 - - [16/Jul/2018:05:17:12 -0500] "GET / HTTP/1.1" 200 9990
66.249.64.137 - - [16/Jul/2018:05:17:19 -0500] "GET /BLA/resoluciones/AUTOS%202013/2060.pdf HTTP/1.1" 304 -
181.60.154.117 - - [16/Jul/2018:05:17:23 -0500] "POST /forms/lservlet;jsessionid=ac16012b30d6417d16b23a3c4612830f9021a42856f1.e3iSbxaKaheRe34NahqPaNmMah50n6jAmljGr5XDqQLvpAe HTTP/1.1" 200 2
181.60.154.117 - - [16/Jul/2018:05:17:40 -0500] "POST /forms/lservlet;jsessionid=ac16012b30d6417d16b23a3c4612830f9021a42856f1.e3iSbxaKaheRe34NahqPaNmMah50n6jAmljGr5XDqQLvpAe HTTP/1.1" 200 2027
181.60.154.117 - - [16/Jul/2018:05:17:40 -0500] "POST /forms/lservlet;jsessionid=ac16012b30d6417d16b23a3c4612830f9021a42856f1.e3iSbxaKaheRe34NahqPaNmMah50n6jAmljGr5XDqQLvpAe HTTP/1.1" 200 78
66.249.64.139 - - [16/Jul/2018:05:19:08 -0500] "GET /BLA/resoluciones/AUTOS%202015/2075.pdf HTTP/1.1" 304 -
181.60.154.117 - - [16/Jul/2018:05:19:23 -0500] "POST /forms/lservlet;jsessionid=ac16012b30d6417d16b23a3c4612830f9021a42856f1.e3iSbxaKaheRe34NahqPaNmMah50n6jAmljGr5XDqQLvpAe HTTP/1.1" 200 2
192.168.175.104 - - [16/Jul/2018:05:20:24 -0500] "GET / HTTP/1.0" 200 9990
192.168.175.104 - - [16/Jul/2018:05:21:12 -0500] "GET / HTTP/1.1" 200 9990
69.162.124.233 - - [16/Jul/2018:05:21:21 -0500] "HEAD / HTTP/1.1" 200 -
181.60.154.117 - - [16/Jul/2018:05:21:23 -0500] "POST /forms/lservlet;jsessionid=ac16012b30d6417d16b23a3c4612830f9021a42856f1.e3iSbxaKaheRe34NahqPaNmMah50n6jAmljGr5XDqQLvpAe HTTP/1.1" 200 2
191.102.238.162 - - [16/Jul/2018:05:21:36 -0500] "GET /galeria/galeria/jquery.fancybox.css?v=2.1.5 HTTP/1.1" 200 4895
191.102.238.162 - - [16/Jul/2018:05:21:36 -0500] "GET /BLA/boletinlegal/js/jquery.scrollShow.js HTTP/1.1" 200 4586
191.102.238.162 - - [16/Jul/2018:05:21:36 -0500] "GET /galeria/galeria/jquery.fancybox.js?v=2.1.5 HTTP/1.1" 200 48706
201.245.192.253 - - [16/Jul/2018:05:21:14 -0500] "POST /kwsrmcab/Wsrmcab HTTP/1.1" 200 22786
66.249.64.137 - - [16/Jul/2018:05:21:51 -0500] "GET /BLA/resoluciones/RESOLUCIONES%202014/0452.pdf HTTP/1.1" 304 -
192.168.175.104 - - [16/Jul/2018:05:22:10 -0500] "GET / HTTP/1.1" 200 9990
54.36.148.187 - - [16/Jul/2018:05:23:14 -0500] "GET /BLA/resoluciones/RESOLUCIONES%202002/RES%202002%201351-1400/20021397.tif HTTP/1.1" 200 97650
186.29.181.156 - - [16/Jul/2018:05:23:21 -0500] "GET /galeria/galeria/jquery.fancybox.css?v=2.1.5 HTTP/1.1" 200 4895
186.29.181.156 - - [16/Jul/2018:05:23:21 -0500] "GET /BLA/boletinlegal/js/jquery.scrollShow.js HTTP/1.1" 200 4586
186.29.181.156 - - [16/Jul/2018:05:23:21 -0500] "GET /galeria/galeria/jquery.fancybox.js?v=2.1.5 HTTP/1.1" 200 48706
181.60.154.117 - - [16/Jul/2018:05:23:23 -0500] "POST /forms/lservlet;jsessionid=ac16012b30d6417d16b23a3c4612830f9021a42856f1.e3iSbxaKaheRe34NahqPaNmMah50n6jAmljGr5XDqQLvpAe HTTP/1.1" 200 2
186.113.10.19 - - [16/Jul/2018:05:25:06 -0500] "GET /galeria/nivo-slider/demo/images/rendicion%20de%20cuentas%202017%20%20banner.jpg HTTP/1.1" 304 -
192.168.175.104 - - [16/Jul/2018:05:25:22 -0500] "GET / HTTP/1.0" 200 9990
181.60.154.117 - - [16/Jul/2018:05:25:23 -0500] "POST /forms/lservlet;jsessionid=ac16012b30d6417d16b23a3c4612830f9021a42856f1.e3iSbxaKaheRe34NahqPaNmMah50n6jAmljGr5XDqQLvpAe HTTP/1.1" 200 2
40.77.167.204 - - [16/Jul/2018:05:25:41 -0500] "GET /galeria/galeria/fotos/Humedal-la-Isla1G.jpg HTTP/1.1" 200 216243
192.168.175.104 - - [16/Jul/2018:05:26:09 -0500] "GET / HTTP/1.1" 200 9990
5.255.250.154 - - [16/Jul/2018:05:26:16 -0500] "GET /robots.txt HTTP/1.1" 404 1019
5.255.250.154 - - [16/Jul/2018:05:26:20 -0500] "GET /StormSDA/userFiles/user_files/98/?C=D;O=A HTTP/1.1" 200 817
69.162.124.233 - - [16/Jul/2018:05:26:21 -0500] "HEAD / HTTP/1.1" 200 -
66.249.64.31 - - [16/Jul/2018:05:26:23 -0500] "GET / HTTP/1.1" 200 9990
192.168.175.104 - - [16/Jul/2018:05:27:08 -0500] "GET / HTTP/1.1" 200 9990
66.249.64.66 - - [16/Jul/2018:05:27:17 -0500] "GET / HTTP/1.1" 200 9990
181.60.154.117 - - [16/Jul/2018:05:27:23 -0500] "POST /forms/lservlet;jsessionid=ac16012b30d6417d16b23a3c4612830f9021a42856f1.e3iSbxaKaheRe34NahqPaNmMah50n6jAmljGr5XDqQLvpAe HTTP/1.1" 200 2
69.89.31.243 - - [16/Jul/2018:05:27:58 -0500] "-" 408 -
66.249.64.137 - - [16/Jul/2018:05:28:12 -0500] "GET /BLA/resoluciones/AUTOS%202016/2233.pdf HTTP/1.1" 304 -
69.89.31.243 - - [16/Jul/2018:05:28:16 -0500] "-" 408 -
54.36.148.103 - - [16/Jul/2018:05:28:33 -0500] "GET /BLA/resoluciones/RESOLUCIONES%202004/RES%202004%20851-900/00000852.tif HTTP/1.1" 200 285636
69.89.31.243 - - [16/Jul/2018:05:28:34 -0500] "-" 408 -
69.89.31.243 - - [16/Jul/2018:05:28:57 -0500] "-" 408 -
69.89.31.243 - - [16/Jul/2018:05:29:18 -0500] "-" 408 -
181.60.154.117 - - [16/Jul/2018:05:29:23 -0500] "POST /forms/lservlet;jsessionid=ac16012b30d6417d16b23a3c4612830f9021a42856f1.e3iSbxaKaheRe34NahqPaNmMah50n6jAmljGr5XDqQLvpAe HTTP/1.1" 200 2
69.89.31.243 - - [16/Jul/2018:05:29:41 -0500] "-" 408 -
69.89.31.243 - - [16/Jul/2018:05:30:03 -0500] "-" 408 -
192.168.175.104 - - [16/Jul/2018:05:30:20 -0500] "GET / HTTP/1.0" 200 9990
69.89.31.243 - - [16/Jul/2018:05:30:27 -0500] "-" 408 -
69.89.31.243 - - [16/Jul/2018:05:30:46 -0500] "-" 408 -
54.36.149.92 - - [16/Jul/2018:05:30:48 -0500] "GET /BLA/resoluciones/RESOLUCIONES%202005/RES%202005%201301-1350/00001303.tif HTTP/1.1" 200 142088
192.168.175.104 - - [16/Jul/2018:05:31:07 -0500] "GET / HTTP/1.1" 200 9990
66.249.88.62 - - [16/Jul/2018:05:31:09 -0500] "GET /BLA/boletinlegal/js/jquery.scrollShow.js HTTP/1.1" 200 4586
66.249.88.62 - - [16/Jul/2018:05:31:09 -0500] "GET /galeria/galeria/jquery.fancybox.css?v=2.1.5 HTTP/1.1" 200 4895
66.249.88.33 - - [16/Jul/2018:05:31:09 -0500] "GET /galeria/galeria/jquery.fancybox.js?v=2.1.5 HTTP/1.1" 200 48706
190.152.178.57 - - [16/Jul/2018:05:31:11 -0500] "GET /galeria/galeria/jquery.fancybox.css?v=2.1.5 HTTP/1.1" 200 4895
190.152.178.57 - - [16/Jul/2018:05:31:11 -0500] "GET /BLA/boletinlegal/js/jquery.scrollShow.js HTTP/1.1" 200 4586
190.152.178.57 - - [16/Jul/2018:05:31:11 -0500] "GET /galeria/galeria/jquery.fancybox.js?v=2.1.5 HTTP/1.1" 200 48706
92.189.160.252 - - [16/Jul/2018:05:31:12 -0500] "GET /BLA/resoluciones/RESOLUCIONES%202014/0355.pdf HTTP/1.1" 200 493723
92.189.160.252 - - [16/Jul/2018:05:31:14 -0500] "GET /BLA/resoluciones/RESOLUCIONES%202014/0355.pdf HTTP/1.1" 206 65536
92.189.160.252 - - [16/Jul/2018:05:31:14 -0500] "GET /BLA/resoluciones/RESOLUCIONES%202014/0355.pdf HTTP/1.1" 206 34971
92.189.160.252 - - [16/Jul/2018:05:31:15 -0500] "GET /favicon.ico HTTP/1.1" 200 7782
92.189.160.252 - - [16/Jul/2018:05:31:15 -0500] "GET /favicon.ico HTTP/1.1" 200 7782
69.162.124.233 - - [16/Jul/2018:05:31:21 -0500] "HEAD / HTTP/1.1" 200 -
181.60.154.117 - - [16/Jul/2018:05:31:23 -0500] "POST /forms/lservlet;jsessionid=ac16012b30d6417d16b23a3c4612830f9021a42856f1.e3iSbxaKaheRe34NahqPaNmMah50n6jAmljGr5XDqQLvpAe HTTP/1.1" 200 2
66.249.64.137 - - [16/Jul/2018:05:31:49 -0500] "GET /siipev/Diseno%20de%20Elementos%20de%20Mobiliario%20Urbano/Diseno%20pertenecientes%20al%20mobiliario%20urbano%20M10-M160/PARTE%20A/Dise%C3%B1o%20de%20Elementos%20M-145.pdf HTTP/1.1" 200 2862220
192.168.175.104 - - [16/Jul/2018:05:32:06 -0500] "GET / HTTP/1.1" 200 9990
186.179.100.39 - - [16/Jul/2018:05:32:15 -0500] "GET /BLA/resoluciones/RESOLUCIONES%202016/1142.pdf HTTP/1.1" 200 659988
66.249.64.137 - - [16/Jul/2018:05:32:44 -0500] "GET /BLA/resoluciones/RESOLUCIONES%202014/1044.pdf HTTP/1.1" 200 664603
181.56.3.109 - - [16/Jul/2018:05:32:46 -0500] "-" 408 -
186.29.183.80 - - [16/Jul/2018:05:33:09 -0500] "GET /galeria/galeria/jquery.fancybox.js?v=2.1.5 HTTP/1.1" 200 48706
181.60.154.117 - - [16/Jul/2018:05:33:23 -0500] "POST /forms/lservlet;jsessionid=ac16012b30d6417d16b23a3c4612830f9021a42856f1.e3iSbxaKaheRe34NahqPaNmMah50n6jAmljGr5XDqQLvpAe HTTP/1.1" 200 2
66.249.64.137 - - [16/Jul/2018:05:33:38 -0500] "GET /BLA/resoluciones/RESOLUCIONES%202007/RES%202007%203101%20AL%203200/RESOLUCION%203197%20DE%202007.pdf HTTP/1.1" 200 192221
186.29.85.167 - - [16/Jul/2018:05:34:33 -0500] "GET /BLA/boletinlegal/js/jquery.scrollShow.js HTTP/1.1" 200 4586
186.29.85.167 - - [16/Jul/2018:05:34:33 -0500] "GET /galeria/galeria/jquery.fancybox.js?v=2.1.5 HTTP/1.1" 200 48706
186.29.85.167 - - [16/Jul/2018:05:34:33 -0500] "GET /galeria/galeria/jquery.fancybox.css?v=2.1.5 HTTP/1.1" 200 4895
186.29.85.167 - - [16/Jul/2018:05:34:33 -0500] "GET /galeria/carrusel/Carrusel/jquery.thumbnailScroller.css HTTP/1.1" 200 2066
163.172.66.66 - - [16/Jul/2018:05:34:35 -0500] "GET /galeria/galeria/jquery.fancybox.css?v=2.1.5 HTTP/1.1" 200 4895
163.172.66.66 - - [16/Jul/2018:05:34:35 -0500] "GET /galeria/carrusel/Carrusel/jquery.thumbnailScroller.css HTTP/1.1" 200 2066
163.172.66.66 - - [16/Jul/2018:05:34:35 -0500] "GET /galeria/galeria/jquery.fancybox.js?v=2.1.5 HTTP/1.1" 200 48706
163.172.66.66 - - [16/Jul/2018:05:34:35 -0500] "GET /BLA/boletinlegal/js/jquery.scrollShow.js HTTP/1.1" 200 4586
163.172.66.66 - - [16/Jul/2018:05:34:36 -0500] "GET /galeria/carrusel/Carrusel/jquery-ui-1.8.13.custom.min.js HTTP/1.1" 200 10800
163.172.66.66 - - [16/Jul/2018:05:34:36 -0500] "GET /galeria/carrusel/Carrusel/jquery.thumbnailScroller.js HTTP/1.1" 200 8157
163.172.66.66 - - [16/Jul/2018:05:34:36 -0500] "GET /galeria/nivo-slider/demo/demo.html HTTP/1.1" 200 14693
163.172.66.66 - - [16/Jul/2018:05:34:37 -0500] "GET /galeria/nivo-slider/themes/default/default.css HTTP/1.1" 200 1569
163.172.66.66 - - [16/Jul/2018:05:34:37 -0500] "GET /galeria/nivo-slider/themes/pascal/pascal.css HTTP/1.1" 200 2258
163.172.66.66 - - [16/Jul/2018:05:34:37 -0500] "GET /galeria/nivo-slider/themes/orman/orman.css HTTP/1.1" 200 2152
163.172.66.66 - - [16/Jul/2018:05:34:37 -0500] "GET /galeria/nivo-slider/nivo-slider.css HTTP/1.1" 200 1507
163.172.66.66 - - [16/Jul/2018:05:34:37 -0500] "GET /galeria/nivo-slider/demo/style.css HTTP/1.1" 200 2222
163.172.66.66 - - [16/Jul/2018:05:34:37 -0500] "GET /galeria/nivo-slider/demo/scripts/jquery-1.7.1.min.js HTTP/1.1" 200 93868
163.172.66.66 - - [16/Jul/2018:05:34:37 -0500] "GET /galeria/nivo-slider/jquery.nivo.slider.pack.js HTTP/1.1" 200 11561
192.168.175.104 - - [16/Jul/2018:05:35:18 -0500] "GET / HTTP/1.0" 200 9990
181.60.154.117 - - [16/Jul/2018:05:35:23 -0500] "POST /forms/lservlet;jsessionid=ac16012b30d6417d16b23a3c4612830f9021a42856f1.e3iSbxaKaheRe34NahqPaNmMah50n6jAmljGr5XDqQLvpAe HTTP/1.1" 200 2
66.249.88.33 - - [16/Jul/2018:05:35:56 -0500] "GET /galeria/galeria/jquery.fancybox.js?v=2.1.5 HTTP/1.1" 200 48706
66.249.88.33 - - [16/Jul/2018:05:35:56 -0500] "GET /galeria/galeria/jquery.fancybox.css?v=2.1.5 HTTP/1.1" 200 4895
192.168.175.104 - - [16/Jul/2018:05:36:05 -0500] "GET / HTTP/1.1" 200 9990
69.162.124.233 - - [16/Jul/2018:05:36:21 -0500] "HEAD / HTTP/1.1" 200 -
192.168.175.104 - - [16/Jul/2018:05:37:04 -0500] "GET / HTTP/1.1" 200 9990
66.249.64.141 - - [16/Jul/2018:05:37:16 -0500] "GET /BLA/resoluciones/RESOLUCIONES%202007/RES%202007%201901%20AL%202000/RESOLUCION%201995%20DE%202007.pdf HTTP/1.1" 200 147084
181.60.154.117 - - [16/Jul/2018:05:37:23 -0500] "POST /forms/lservlet;jsessionid=ac16012b30d6417d16b23a3c4612830f9021a42856f1.e3iSbxaKaheRe34NahqPaNmMah50n6jAmljGr5XDqQLvpAe HTTP/1.1" 200 2
190.235.15.104 - - [16/Jul/2018:05:38:40 -0500] "GET /BLA/resoluciones/AUTOS%202016/0324.pdf HTTP/1.1" 200 459833
190.235.15.104 - - [16/Jul/2018:05:38:40 -0500] "GET /favicon.ico HTTP/1.1" 200 7782
181.60.154.117 - - [16/Jul/2018:05:39:23 -0500] "POST /forms/lservlet;jsessionid=ac16012b30d6417d16b23a3c4612830f9021a42856f1.e3iSbxaKaheRe34NahqPaNmMah50n6jAmljGr5XDqQLvpAe HTTP/1.1" 200 2
192.168.175.104 - - [16/Jul/2018:05:40:16 -0500] "GET / HTTP/1.0" 200 9990
66.249.64.139 - - [16/Jul/2018:05:40:53 -0500] "GET /BLA/resoluciones/AUTOS%202013/3190.pdf HTTP/1.1" 200 620148
192.168.175.104 - - [16/Jul/2018:05:41:03 -0500] "GET / HTTP/1.1" 200 9990
69.162.124.233 - - [16/Jul/2018:05:41:21 -0500] "HEAD / HTTP/1.1" 200 -
181.60.154.117 - - [16/Jul/2018:05:41:24 -0500] "POST /forms/lservlet;jsessionid=ac16012b30d6417d16b23a3c4612830f9021a42856f1.e3iSbxaKaheRe34NahqPaNmMah50n6jAmljGr5XDqQLvpAe HTTP/1.1" 200 2
66.249.64.137 - - [16/Jul/2018:05:41:48 -0500] "GET /BLA/resoluciones/RESOLUCIONES%202009/2783.pdf HTTP/1.1" 200 423691
192.168.175.104 - - [16/Jul/2018:05:42:02 -0500] "GET / HTTP/1.1" 200 9990
54.36.149.63 - - [16/Jul/2018:05:42:14 -0500] "GET /BLA/resoluciones/RESOLUCIONES%202003/RES%202003%201951-2000/00001968.tif HTTP/1.1" 200 87908
54.36.148.187 - - [16/Jul/2018:05:42:32 -0500] "GET /BLA/resoluciones/RESOLUCIONES%202002/RES%202002%201901-1950/20021931.tif HTTP/1.1" 200 80796
23.88.160.219 - - [16/Jul/2018:05:43:04 -0500] "GET /galeria/galeria/jquery.fancybox.css?v=2.1.5 HTTP/1.1" 200 4895
23.88.160.219 - - [16/Jul/2018:05:43:04 -0500] "GET /BLA/boletinlegal/js/jquery.scrollShow.js HTTP/1.1" 200 4586
23.88.160.219 - - [16/Jul/2018:05:43:04 -0500] "GET /galeria/galeria/jquery.fancybox.js?v=2.1.5 HTTP/1.1" 200 48706
181.60.154.117 - - [16/Jul/2018:05:43:24 -0500] "POST /forms/lservlet;jsessionid=ac16012b30d6417d16b23a3c4612830f9021a42856f1.e3iSbxaKaheRe34NahqPaNmMah50n6jAmljGr5XDqQLvpAe HTTP/1.1" 200 2
66.249.64.137 - - [16/Jul/2018:05:43:45 -0500] "GET /BLA/resoluciones/RESOLUCIONES%202007/RES%202007%203901%20AL%204000/RESOLUCION%203953%20DE%202007.pdf HTTP/1.1" 200 831569
66.249.64.137 - - [16/Jul/2018:05:44:31 -0500] "GET /BLA/resoluciones/AUTOS%202014/4841.pdf HTTP/1.1" 200 518989
192.168.175.104 - - [16/Jul/2018:05:45:14 -0500] "GET / HTTP/1.0" 200 9990
181.60.154.117 - - [16/Jul/2018:05:45:24 -0500] "POST /forms/lservlet;jsessionid=ac16012b30d6417d16b23a3c4612830f9021a42856f1.e3iSbxaKaheRe34NahqPaNmMah50n6jAmljGr5XDqQLvpAe HTTP/1.1" 200 2
66.249.64.137 - - [16/Jul/2018:05:45:25 -0500] "GET /autoliquidacion/index.php?dir=TR%C1MITES+VERTIMIENTOS%2FPERMISOS+DE+VERTIMIENTOS%2F HTTP/1.1" 200 3692
192.168.175.104 - - [16/Jul/2018:05:46:01 -0500] "GET / HTTP/1.1" 200 9990
69.162.124.233 - - [16/Jul/2018:05:46:21 -0500] "HEAD / HTTP/1.1" 200 -
54.36.148.210 - - [16/Jul/2018:05:46:28 -0500] "GET /BLA/resoluciones/RESOLUCIONES%202002/RES%202002%20301-350/00000341.tif HTTP/1.1" 200 234116
192.168.175.104 - - [16/Jul/2018:05:47:00 -0500] "GET / HTTP/1.1" 200 9990
66.249.64.137 - - [16/Jul/2018:05:47:16 -0500] "GET /BLA/resoluciones/AUTOS%202015/4606.pdf HTTP/1.1" 304 -
181.60.154.117 - - [16/Jul/2018:05:47:24 -0500] "POST /forms/lservlet;jsessionid=ac16012b30d6417d16b23a3c4612830f9021a42856f1.e3iSbxaKaheRe34NahqPaNmMah50n6jAmljGr5XDqQLvpAe HTTP/1.1" 200 2
54.36.149.71 - - [16/Jul/2018:05:47:48 -0500] "GET /BLA/resoluciones/RESOLUCIONES%202006/RES%202006%201051-1100/00001084.tif HTTP/1.1" 200 216900
89.167.129.89 - - [16/Jul/2018:05:47:57 -0500] "GET /BLA/resoluciones/RESOLUCIONES%202016/1236.pdf HTTP/1.1" 200 539083
89.167.129.89 - - [16/Jul/2018:05:48:00 -0500] "GET /favicon.ico HTTP/1.1" 200 7782
66.249.64.139 - - [16/Jul/2018:05:48:09 -0500] "GET /BLA/resoluciones/AUTOS%202013/0857.pdf HTTP/1.1" 304 -
54.36.148.151 - - [16/Jul/2018:05:48:19 -0500] "GET /BLA/resoluciones/RESOLUCIONES%202005/RES%202005%201001-1050/00001035.tif HTTP/1.1" 200 186948
181.60.154.117 - - [16/Jul/2018:05:49:24 -0500] "POST /forms/lservlet;jsessionid=ac16012b30d6417d16b23a3c4612830f9021a42856f1.e3iSbxaKaheRe34NahqPaNmMah50n6jAmljGr5XDqQLvpAe HTTP/1.1" 200 2
35.205.231.166 - - [16/Jul/2018:05:49:29 -0500] "-" 408 -
54.36.148.200 - - [16/Jul/2018:05:49:33 -0500] "GET /BLA/resoluciones/RESOLUCIONES%202004/RES%202004%201201-1250/00001231.tif HTTP/1.1" 200 91088
173.254.28.46 - - [16/Jul/2018:05:49:57 -0500] "-" 408 -
66.249.64.139 - - [16/Jul/2018:05:49:58 -0500] "GET /BLA/resoluciones/RESOLUCIONES%202013/0817.pdf HTTP/1.1" 304 -
54.36.148.32 - - [16/Jul/2018:05:49:59 -0500] "GET /BLA/resoluciones/RESOLUCIONES%202002/RES%202002%20251-300/00000295.tif HTTP/1.1" 200 168876
157.55.39.17 - - [16/Jul/2018:05:50:02 -0500] "GET /portalsiaccapacitaciones/Listas%20de%20Asistencia%202017/ HTTP/1.1" 200 8882
192.168.175.104 - - [16/Jul/2018:05:50:12 -0500] "GET / HTTP/1.0" 200 9990
173.254.28.46 - - [16/Jul/2018:05:50:15 -0500] "-" 408 -
173.254.28.46 - - [16/Jul/2018:05:50:33 -0500] "-" 408 -
66.249.64.139 - - [16/Jul/2018:05:50:52 -0500] "GET /BLA/resoluciones/RESOLUCIONES%202016/1142.pdf HTTP/1.1" 200 659988
173.254.28.46 - - [16/Jul/2018:05:50:56 -0500] "-" 408 -
192.168.175.104 - - [16/Jul/2018:05:51:00 -0500] "GET / HTTP/1.1" 200 9990
173.254.28.46 - - [16/Jul/2018:05:51:16 -0500] "-" 408 -
69.162.124.233 - - [16/Jul/2018:05:51:21 -0500] "HEAD / HTTP/1.1" 200 -
181.60.154.117 - - [16/Jul/2018:05:51:24 -0500] "POST /forms/lservlet;jsessionid=ac16012b30d6417d16b23a3c4612830f9021a42856f1.e3iSbxaKaheRe34NahqPaNmMah50n6jAmljGr5XDqQLvpAe HTTP/1.1" 200 2
54.36.148.157 - - [16/Jul/2018:05:51:28 -0500] "GET /BLA/resoluciones/RESOLUCIONES%202005/RES%202005%202601-2650/00002628.tif HTTP/1.1" 200 219164
173.254.28.46 - - [16/Jul/2018:05:51:40 -0500] "-" 408 -
195.81.202.66 - - [16/Jul/2018:05:51:43 -0500] "GET /BLA/boletinlegal/js/jquery.scrollShow.js HTTP/1.1" 200 4586
195.81.202.66 - - [16/Jul/2018:05:51:43 -0500] "GET /galeria/galeria/jquery.fancybox.css?v=2.1.5 HTTP/1.1" 200 4895
195.81.202.66 - - [16/Jul/2018:05:51:43 -0500] "GET /galeria/galeria/jquery.fancybox.js?v=2.1.5 HTTP/1.1" 200 48706
66.249.64.137 - - [16/Jul/2018:05:51:46 -0500] "GET /BLA/resoluciones/Notificaciones/AUTOS%202015/05570.doc HTTP/1.1" 200 114705
195.81.202.66 - - [16/Jul/2018:05:51:55 -0500] "GET /BLA/boletinlegal/js/jquery.scrollShow.js HTTP/1.1" 200 4586
195.81.202.66 - - [16/Jul/2018:05:51:55 -0500] "GET /galeria/galeria/jquery.fancybox.js?v=2.1.5 HTTP/1.1" 200 48706
195.81.202.66 - - [16/Jul/2018:05:51:56 -0500] "GET /galeria/galeria/jquery.fancybox.css?v=2.1.5 HTTP/1.1" 200 4895
192.168.175.104 - - [16/Jul/2018:05:51:59 -0500] "GET / HTTP/1.1" 200 9990
173.254.28.46 - - [16/Jul/2018:05:52:03 -0500] "-" 408 -
173.254.28.46 - - [16/Jul/2018:05:52:26 -0500] "-" 408 -
173.254.28.46 - - [16/Jul/2018:05:52:44 -0500] "-" 408 -
54.36.149.92 - - [16/Jul/2018:05:53:24 -0500] "GET /BLA/resoluciones/RESOLUCIONES%202002/RES%202002%20501-550/00000537.tif HTTP/1.1" 200 93076
66.249.64.141 - - [16/Jul/2018:05:54:30 -0500] "GET /BLA/resoluciones/AUTOS%202015/2256.pdf HTTP/1.1" 304 -
192.168.175.104 - - [16/Jul/2018:05:55:10 -0500] "GET / HTTP/1.0" 200 9990
121.22.40.179 - - [16/Jul/2018:05:55:15 -0500] "HEAD / HTTP/1.1" 200 -
192.168.175.104 - - [16/Jul/2018:05:55:58 -0500] "GET / HTTP/1.1" 200 9990
66.249.64.137 - - [16/Jul/2018:05:56:18 -0500] "GET /BLA/resoluciones/AUTOS%202010/2281.pdf HTTP/1.1" 200 154731
69.162.124.233 - - [16/Jul/2018:05:56:21 -0500] "HEAD / HTTP/1.1" 200 -
40.77.167.54 - - [16/Jul/2018:05:56:32 -0500] "GET /galeria/nivo-slider/demo/demo.html HTTP/1.1" 200 14693
186.113.10.19 - - [16/Jul/2018:05:56:45 -0500] "GET /galeria/nivo-slider/demo/images/calculadora-de-c-onsumo-responsable.jpg HTTP/1.1" 304 -
192.168.175.104 - - [16/Jul/2018:05:56:58 -0500] "GET / HTTP/1.1" 200 9990
37.110.129.83 - - [16/Jul/2018:05:59:54 -0500] "GET /Residuos/vehiculos/vehiculos.html HTTP/1.1" 200 1961
37.110.129.83 - - [16/Jul/2018:05:59:54 -0500] "GET /Residuos/vehiculos/vehiculos.swf?pageNumber= HTTP/1.1" 200 400858
190.27.100.94 - - [16/Jul/2018:05:59:56 -0500] "GET /BLA/boletinlegal/js/jquery.scrollShow.js HTTP/1.1" 200 4586
190.27.100.94 - - [16/Jul/2018:05:59:56 -0500] "GET /galeria/galeria/jquery.fancybox.css?v=2.1.5 HTTP/1.1" 200 4895
190.27.100.94 - - [16/Jul/2018:05:59:56 -0500] "GET /galeria/galeria/jquery.fancybox.js?v=2.1.5 HTTP/1.1" 200 48706
37.110.129.83 - - [16/Jul/2018:06:00:03 -0500] "GET /Residuos/vehiculos/files/info.xml?rnd=921f91e0-8cff-41eb-bdc4-8518181cfe90 HTTP/1.1" 200 63954
37.110.129.83 - - [16/Jul/2018:06:00:04 -0500] "GET /Residuos/vehiculos/files/search/searchtext.xml HTTP/1.1" 200 182376
192.168.175.104 - - [16/Jul/2018:06:00:08 -0500] "GET / HTTP/1.0" 200 9990
37.110.129.83 - - [16/Jul/2018:06:00:10 -0500] "GET /Residuos/vehiculos/images/page1_thumbnail.jpg HTTP/1.1" 200 15290
37.110.129.83 - - [16/Jul/2018:06:00:10 -0500] "GET /Residuos/vehiculos/images/page1_thumbnail.jpg HTTP/1.1" 200 15290
37.110.129.83 - - [16/Jul/2018:06:00:10 -0500] "GET /Residuos/vehiculos/images/page2_thumbnail.jpg HTTP/1.1" 200 3878
37.110.129.83 - - [16/Jul/2018:06:00:10 -0500] "GET /Residuos/vehiculos/images/page2_thumbnail.jpg HTTP/1.1" 200 3878
37.110.129.83 - - [16/Jul/2018:06:00:10 -0500] "GET /Residuos/vehiculos/images/page2_thumbnail.jpg HTTP/1.1" 200 3878
37.110.129.83 - - [16/Jul/2018:06:00:10 -0500] "GET /Residuos/vehiculos/images/page1_thumbnail.jpg HTTP/1.1" 200 15290
37.110.129.83 - - [16/Jul/2018:06:00:10 -0500] "GET /Residuos/vehiculos/images/page1.swf HTTP/1.1" 200 385334
37.110.129.83 - - [16/Jul/2018:06:00:11 -0500] "GET /Residuos/vehiculos/images/page3_thumbnail.jpg HTTP/1.1" 200 3581
37.110.129.83 - - [16/Jul/2018:06:00:11 -0500] "GET /Residuos/vehiculos/images/page1_thumbnail.jpg HTTP/1.1" 200 15290
37.110.129.83 - - [16/Jul/2018:06:00:12 -0500] "GET /Residuos/vehiculos/images/page5_thumbnail.jpg HTTP/1.1" 200 3006
37.110.129.83 - - [16/Jul/2018:06:00:12 -0500] "GET /Residuos/vehiculos/images/page4_thumbnail.jpg HTTP/1.1" 200 4267
37.110.129.83 - - [16/Jul/2018:06:00:12 -0500] "GET /Residuos/vehiculos/images/page6_thumbnail.jpg HTTP/1.1" 200 4543
37.110.129.83 - - [16/Jul/2018:06:00:12 -0500] "GET /Residuos/vehiculos/images/page10_thumbnail.jpg HTTP/1.1" 200 6672
37.110.129.83 - - [16/Jul/2018:06:00:12 -0500] "GET /Residuos/vehiculos/images/page9_thumbnail.jpg HTTP/1.1" 200 4741
37.110.129.83 - - [16/Jul/2018:06:00:12 -0500] "GET /Residuos/vehiculos/images/page2_thumbnail.jpg HTTP/1.1" 200 3878
37.110.129.83 - - [16/Jul/2018:06:00:12 -0500] "GET /Residuos/vehiculos/images/page11_thumbnail.jpg HTTP/1.1" 200 15519
37.110.129.83 - - [16/Jul/2018:06:00:13 -0500] "GET /Residuos/vehiculos/images/page1_thumbnail.jpg HTTP/1.1" 200 15290
37.110.129.83 - - [16/Jul/2018:06:00:13 -0500] "GET /Residuos/vehiculos/images/page3_thumbnail.jpg HTTP/1.1" 200 3581
37.110.129.83 - - [16/Jul/2018:06:00:13 -0500] "GET /Residuos/vehiculos/images/page4_thumbnail.jpg HTTP/1.1" 200 4267
37.110.129.83 - - [16/Jul/2018:06:00:13 -0500] "GET /Residuos/vehiculos/images/page5_thumbnail.jpg HTTP/1.1" 200 3006
37.110.129.83 - - [16/Jul/2018:06:00:13 -0500] "GET /Residuos/vehiculos/images/page6_thumbnail.jpg HTTP/1.1" 200 4543
37.110.129.83 - - [16/Jul/2018:06:00:14 -0500] "GET /Residuos/vehiculos/images/page7_thumbnail.jpg HTTP/1.1" 200 3269
37.110.129.83 - - [16/Jul/2018:06:00:14 -0500] "GET /Residuos/vehiculos/images/page8_thumbnail.jpg HTTP/1.1" 200 826
190.27.100.94 - - [16/Jul/2018:06:00:19 -0500] "GET /BLA/boletinlegal/js/jquery.scrollShow.js HTTP/1.1" 304 -
190.27.100.94 - - [16/Jul/2018:06:00:19 -0500] "GET /galeria/galeria/jquery.fancybox.js?v=2.1.5 HTTP/1.1" 304 -
190.27.100.94 - - [16/Jul/2018:06:00:19 -0500] "GET /galeria/galeria/jquery.fancybox.css?v=2.1.5 HTTP/1.1" 304 -
192.168.175.104 - - [16/Jul/2018:06:00:56 -0500] "GET / HTTP/1.1" 200 9990
69.162.124.233 - - [16/Jul/2018:06:01:21 -0500] "HEAD / HTTP/1.1" 200 -
66.249.64.137 - - [16/Jul/2018:06:01:45 -0500] "GET /BLA/resoluciones/RESOLUCIONES%202012/1114.pdf HTTP/1.1" 304 -
201.245.192.253 - - [16/Jul/2018:06:01:14 -0500] "POST /kwsrmcab/Wsrmcab HTTP/1.1" 200 22920
207.46.13.145 - - [16/Jul/2018:06:01:56 -0500] "GET /PORTAL_SIAC/swf/Residuos/cosmeticos/files/search/searchtext.xml HTTP/1.1" 200 195649
192.168.175.104 - - [16/Jul/2018:06:01:56 -0500] "GET / HTTP/1.1" 200 9990
