201.245.192.253 - - [16/Jul/2018:10:17:10 -0500] "GET /sipse/faces/javax.faces.resource/jquery/jquery-plugins.js?ln=primefaces&v=4.0 HTTP/1.1" 304 -
201.245.192.253 - - [16/Jul/2018:10:17:10 -0500] "GET /sipse/faces/javax.faces.resource/layout/layout.js?ln=primefaces&v=4.0 HTTP/1.1" 304 -
201.245.192.253 - - [16/Jul/2018:10:17:10 -0500] "GET /sipse/faces/javax.faces.resource/images/ui-icons_898989_256x240.png?ln=primefaces-aristo HTTP/1.1" 304 -
186.170.150.164 - - [16/Jul/2018:10:17:10 -0500] "GET /galeria/nivo-slider/demo/images/bannerlumina2017web.jpg HTTP/1.1" 200 198918
200.74.144.134 - - [16/Jul/2018:10:17:11 -0500] "GET /BLA/boletinlegal/consulta_normativa.php?tipo=Decreto&sector=emisiones&ano=2018&resuelve= HTTP/1.1" 200 454
152.201.65.112 - - [16/Jul/2018:10:17:11 -0500] "GET /BLA/boletinlegal/js/jquery.scrollShow.js HTTP/1.1" 200 4586
152.201.65.112 - - [16/Jul/2018:10:17:11 -0500] "GET /galeria/galeria/jquery.fancybox.js?v=2.1.5 HTTP/1.1" 200 48706
152.201.65.112 - - [16/Jul/2018:10:17:11 -0500] "GET /galeria/galeria/jquery.fancybox.css?v=2.1.5 HTTP/1.1" 200 4895
201.245.192.253 - - [16/Jul/2018:10:17:12 -0500] "POST /sipse/faces/autenticacion.xhtml HTTP/1.1" 200 15730
201.245.192.253 - - [16/Jul/2018:10:17:12 -0500] "GET /sipse/faces/javax.faces.resource/primefaces.css?ln=primefaces&v=4.0 HTTP/1.1" 304 -
201.245.192.253 - - [16/Jul/2018:10:17:12 -0500] "GET /sipse/faces/javax.faces.resource/theme.css?ln=primefaces-sipse HTTP/1.1" 304 -
201.245.192.253 - - [16/Jul/2018:10:17:12 -0500] "GET /sipse/css/custom_css_sg_prime.css HTTP/1.1" 304 -
201.245.192.253 - - [16/Jul/2018:10:17:12 -0500] "GET /sipse/faces/javax.faces.resource/layout/layout.css?ln=primefaces&v=4.0 HTTP/1.1" 304 -
201.245.192.253 - - [16/Jul/2018:10:17:12 -0500] "GET /sipse/js/jquery.min.js HTTP/1.1" 304 -
201.245.192.253 - - [16/Jul/2018:10:17:12 -0500] "GET /sipse/faces/javax.faces.resource/jquery/jquery.js?ln=primefaces&v=4.0 HTTP/1.1" 304 -
201.245.192.253 - - [16/Jul/2018:10:17:12 -0500] "GET /sipse/faces/javax.faces.resource/jquery/jquery-plugins.js?ln=primefaces&v=4.0 HTTP/1.1" 304 -
201.245.192.253 - - [16/Jul/2018:10:17:12 -0500] "GET /sipse/faces/javax.faces.resource/primefaces.js?ln=primefaces&v=4.0 HTTP/1.1" 304 -
201.245.192.253 - - [16/Jul/2018:10:17:12 -0500] "GET /sipse/faces/javax.faces.resource/layout/layout.js?ln=primefaces&v=4.0 HTTP/1.1" 304 -
201.245.192.253 - - [16/Jul/2018:10:17:12 -0500] "GET /sipse/imagenes/logoAplicacion.jpg HTTP/1.1" 304 -
201.245.192.253 - - [16/Jul/2018:10:17:12 -0500] "GET /sipse/imagenes/cargando.gif HTTP/1.1" 304 -
201.245.192.253 - - [16/Jul/2018:10:17:12 -0500] "GET /sipse/css/imagen/contrasena.png HTTP/1.1" 404 383
201.245.192.253 - - [16/Jul/2018:10:17:12 -0500] "GET /sipse/faces/javax.faces.resource/messages/messages.png?ln=primefaces&v=4.0 HTTP/1.1" 304 -
152.201.65.112 - - [16/Jul/2018:10:17:12 -0500] "GET /siipev/Diseno%20de%20Elementos%20de%20Mobiliario%20Urbano/Parte2.html? HTTP/1.1" 200 21566
152.201.65.112 - - [16/Jul/2018:10:17:12 -0500] "GET /siipev/Diseno%20de%20Elementos%20de%20Mobiliario%20Urbano/Otros%20Elementos/Infografia/Parte2/M-20.PNG HTTP/1.1" 200 7870
152.201.65.112 - - [16/Jul/2018:10:17:12 -0500] "GET /siipev/Diseno%20de%20Elementos%20de%20Mobiliario%20Urbano/Otros%20Elementos/Infografia/Parte2/M-21.PNG HTTP/1.1" 200 5682
152.201.65.112 - - [16/Jul/2018:10:17:12 -0500] "GET /siipev/Diseno%20de%20Elementos%20de%20Mobiliario%20Urbano/Otros%20Elementos/Infografia/Parte2/M-31.PNG HTTP/1.1" 200 7548
152.201.65.112 - - [16/Jul/2018:10:17:12 -0500] "GET /siipev/Diseno%20de%20Elementos%20de%20Mobiliario%20Urbano/Otros%20Elementos/Infografia/Parte2/M-41.PNG HTTP/1.1" 200 4709
152.201.65.112 - - [16/Jul/2018:10:17:12 -0500] "GET /siipev/Diseno%20de%20Elementos%20de%20Mobiliario%20Urbano/Otros%20Elementos/Infografia/Parte2/M-40.PNG HTTP/1.1" 200 7816
152.201.65.112 - - [16/Jul/2018:10:17:12 -0500] "GET /siipev/Diseno%20de%20Elementos%20de%20Mobiliario%20Urbano/Otros%20Elementos/Infografia/Parte2/M-50.png HTTP/1.1" 200 16160
152.201.65.112 - - [16/Jul/2018:10:17:12 -0500] "GET /siipev/Diseno%20de%20Elementos%20de%20Mobiliario%20Urbano/Otros%20Elementos/Infografia/Parte2/M-30.PNG HTTP/1.1" 200 15205
152.201.65.112 - - [16/Jul/2018:10:17:12 -0500] "GET /siipev/Diseno%20de%20Elementos%20de%20Mobiliario%20Urbano/Otros%20Elementos/Infografia/Parte2/M-60.png HTTP/1.1" 200 30439
152.201.65.112 - - [16/Jul/2018:10:17:12 -0500] "GET /siipev/Diseno%20de%20Elementos%20de%20Mobiliario%20Urbano/Otros%20Elementos/Infografia/Parte2/M-61.png HTTP/1.1" 200 7270
152.201.65.112 - - [16/Jul/2018:10:17:12 -0500] "GET /siipev/Diseno%20de%20Elementos%20de%20Mobiliario%20Urbano/Otros%20Elementos/Infografia/Parte2/M-62.png HTTP/1.1" 200 7881
152.201.65.112 - - [16/Jul/2018:10:17:12 -0500] "GET /siipev/Diseno%20de%20Elementos%20de%20Mobiliario%20Urbano/Otros%20Elementos/Infografia/Parte2/M-63.png HTTP/1.1" 200 8412
152.201.65.112 - - [16/Jul/2018:10:17:12 -0500] "GET /siipev/Diseno%20de%20Elementos%20de%20Mobiliario%20Urbano/Otros%20Elementos/Infografia/Parte2/M-70.png HTTP/1.1" 200 18527
152.201.65.112 - - [16/Jul/2018:10:17:12 -0500] "GET /siipev/Diseno%20de%20Elementos%20de%20Mobiliario%20Urbano/Otros%20Elementos/Infografia/Parte2/M-71.png HTTP/1.1" 200 29698
152.201.65.112 - - [16/Jul/2018:10:17:12 -0500] "GET /siipev/Diseno%20de%20Elementos%20de%20Mobiliario%20Urbano/Otros%20Elementos/Infografia/Parte2/M-72.png HTTP/1.1" 200 25370
152.201.65.112 - - [16/Jul/2018:10:17:12 -0500] "GET /siipev/Diseno%20de%20Elementos%20de%20Mobiliario%20Urbano/Otros%20Elementos/Infografia/Parte2/M-81.png HTTP/1.1" 200 6737
152.201.65.112 - - [16/Jul/2018:10:17:12 -0500] "GET /siipev/Diseno%20de%20Elementos%20de%20Mobiliario%20Urbano/Otros%20Elementos/Infografia/Parte2/M-80.png HTTP/1.1" 200 11511
152.201.65.112 - - [16/Jul/2018:10:17:13 -0500] "GET /siipev/Diseno%20de%20Elementos%20de%20Mobiliario%20Urbano/Otros%20Elementos/Infografia/Parte2/M-82.png HTTP/1.1" 200 11389
152.201.65.112 - - [16/Jul/2018:10:17:13 -0500] "GET /siipev/Diseno%20de%20Elementos%20de%20Mobiliario%20Urbano/Otros%20Elementos/Infografia/Parte2/M-90.png HTTP/1.1" 200 24296
152.201.65.112 - - [16/Jul/2018:10:17:13 -0500] "GET /siipev/Diseno%20de%20Elementos%20de%20Mobiliario%20Urbano/Otros%20Elementos/Infografia/Parte2/M-91.png HTTP/1.1" 200 13700
152.201.65.112 - - [16/Jul/2018:10:17:13 -0500] "GET /siipev/Diseno%20de%20Elementos%20de%20Mobiliario%20Urbano/Otros%20Elementos/Infografia/Parte2/M-100.png HTTP/1.1" 200 17003
152.201.65.112 - - [16/Jul/2018:10:17:13 -0500] "GET /siipev/Diseno%20de%20Elementos%20de%20Mobiliario%20Urbano/Otros%20Elementos/Infografia/Parte2/M-101.png HTTP/1.1" 200 21839
152.201.65.112 - - [16/Jul/2018:10:17:13 -0500] "GET /siipev/Diseno%20de%20Elementos%20de%20Mobiliario%20Urbano/Otros%20Elementos/Infografia/Parte2/M-110.png HTTP/1.1" 200 2156
152.201.65.112 - - [16/Jul/2018:10:17:13 -0500] "GET /siipev/Diseno%20de%20Elementos%20de%20Mobiliario%20Urbano/Otros%20Elementos/Infografia/Parte2/M-120.png HTTP/1.1" 200 14640
152.201.65.112 - - [16/Jul/2018:10:17:13 -0500] "GET /siipev/Diseno%20de%20Elementos%20de%20Mobiliario%20Urbano/Otros%20Elementos/Infografia/Parte2/M-121.png HTTP/1.1" 200 31225
152.201.65.112 - - [16/Jul/2018:10:17:13 -0500] "GET /siipev/Diseno%20de%20Elementos%20de%20Mobiliario%20Urbano/Otros%20Elementos/Infografia/Parte2/M-130.png HTTP/1.1" 200 4007
152.201.65.112 - - [16/Jul/2018:10:17:13 -0500] "GET /siipev/Diseno%20de%20Elementos%20de%20Mobiliario%20Urbano/Otros%20Elementos/Infografia/Parte2/M-131.png HTTP/1.1" 200 17197
152.201.65.112 - - [16/Jul/2018:10:17:13 -0500] "GET /siipev/Diseno%20de%20Elementos%20de%20Mobiliario%20Urbano/Otros%20Elementos/Infografia/Parte2/M-140.png HTTP/1.1" 200 27774
152.201.65.112 - - [16/Jul/2018:10:17:13 -0500] "GET /siipev/Diseno%20de%20Elementos%20de%20Mobiliario%20Urbano/Otros%20Elementos/Infografia/Parte2/M-142.png HTTP/1.1" 200 28872
152.201.65.112 - - [16/Jul/2018:10:17:13 -0500] "GET /siipev/Diseno%20de%20Elementos%20de%20Mobiliario%20Urbano/Otros%20Elementos/Infografia/Parte2/M-141.png HTTP/1.1" 200 22886
152.201.65.112 - - [16/Jul/2018:10:17:13 -0500] "GET /siipev/Diseno%20de%20Elementos%20de%20Mobiliario%20Urbano/Otros%20Elementos/Infografia/Parte2/M-143.png HTTP/1.1" 200 24704
152.201.65.112 - - [16/Jul/2018:10:17:13 -0500] "GET /siipev/Diseno%20de%20Elementos%20de%20Mobiliario%20Urbano/Otros%20Elementos/Infografia/Parte2/M-144.png HTTP/1.1" 200 22328
152.201.65.112 - - [16/Jul/2018:10:17:13 -0500] "GET /siipev/Diseno%20de%20Elementos%20de%20Mobiliario%20Urbano/Otros%20Elementos/Infografia/Parte2/M-145.png HTTP/1.1" 200 24761
152.201.65.112 - - [16/Jul/2018:10:17:13 -0500] "GET /siipev/Diseno%20de%20Elementos%20de%20Mobiliario%20Urbano/Otros%20Elementos/Infografia/Parte2/M-146.png HTTP/1.1" 200 29315
152.201.65.112 - - [16/Jul/2018:10:17:13 -0500] "GET /siipev/Diseno%20de%20Elementos%20de%20Mobiliario%20Urbano/Otros%20Elementos/Infografia/Parte2/M-147.png HTTP/1.1" 200 18687
152.201.65.112 - - [16/Jul/2018:10:17:13 -0500] "GET /siipev/Diseno%20de%20Elementos%20de%20Mobiliario%20Urbano/Otros%20Elementos/Infografia/Parte2/M-148.png HTTP/1.1" 200 16745
152.201.65.112 - - [16/Jul/2018:10:17:13 -0500] "GET /siipev/Diseno%20de%20Elementos%20de%20Mobiliario%20Urbano/Otros%20Elementos/Infografia/Parte2/M-150.png HTTP/1.1" 200 6334
200.74.144.134 - - [16/Jul/2018:10:17:14 -0500] "GET /BLA/boletinlegal/consulta_normativa.php?tipo=Decreto&sector=fauna&ano=2018&resuelve= HTTP/1.1" 200 454
201.245.192.253 - - [16/Jul/2018:10:17:15 -0500] "GET /sipse/faces/javax.faces.resource/images/ui-bg_flat_0_2d5972_40x100.png?ln=primefaces-aristo HTTP/1.1" 304 -
201.245.192.253 - - [16/Jul/2018:10:17:15 -0500] "POST /sipse/faces/bienvenido.xhtml HTTP/1.1" 200 1471
186.170.150.164 - - [16/Jul/2018:10:17:16 -0500] "GET /galeria/nivo-slider/demo/images/banner-bolsas-plasticas.jpg HTTP/1.1" 200 317939
152.201.65.112 - - [16/Jul/2018:10:17:16 -0500] "GET /BLA/boletinlegal/js/jquery.scrollShow.js HTTP/1.1" 304 -
152.201.65.112 - - [16/Jul/2018:10:17:16 -0500] "GET /galeria/galeria/jquery.fancybox.js?v=2.1.5 HTTP/1.1" 304 -
152.201.65.112 - - [16/Jul/2018:10:17:16 -0500] "GET /galeria/galeria/jquery.fancybox.css?v=2.1.5 HTTP/1.1" 304 -
201.245.192.253 - - [16/Jul/2018:10:17:16 -0500] "POST /sipse/faces/bienvenido.xhtml HTTP/1.1" 200 40861
201.245.192.253 - - [16/Jul/2018:10:17:16 -0500] "GET /sipse/faces/javax.faces.resource/theme.css?ln=primefaces-sipse HTTP/1.1" 304 -
201.245.192.253 - - [16/Jul/2018:10:17:16 -0500] "GET /sipse/faces/javax.faces.resource/primefaces.css?ln=primefaces&v=4.0 HTTP/1.1" 304 -
201.245.192.253 - - [16/Jul/2018:10:17:16 -0500] "GET /sipse/faces/javax.faces.resource/layout/layout.css?ln=primefaces&v=4.0 HTTP/1.1" 304 -
201.245.192.253 - - [16/Jul/2018:10:17:16 -0500] "GET /sipse/faces/javax.faces.resource/jquery/jquery.js?ln=primefaces&v=4.0 HTTP/1.1" 304 -
152.201.65.112 - - [16/Jul/2018:10:17:16 -0500] "GET /siipev/Diseno%20de%20Elementos%20de%20Mobiliario%20Urbano/Otros%20Elementos/Infografia/Parte2/M-21.PNG HTTP/1.1" 304 -
152.201.65.112 - - [16/Jul/2018:10:17:16 -0500] "GET /siipev/Diseno%20de%20Elementos%20de%20Mobiliario%20Urbano/Otros%20Elementos/Infografia/Parte2/M-20.PNG HTTP/1.1" 304 -
152.201.65.112 - - [16/Jul/2018:10:17:16 -0500] "GET /siipev/Diseno%20de%20Elementos%20de%20Mobiliario%20Urbano/Otros%20Elementos/Infografia/Parte2/M-30.PNG HTTP/1.1" 304 -
201.245.192.253 - - [16/Jul/2018:10:17:16 -0500] "GET /sipse/faces/javax.faces.resource/jquery/jquery-plugins.js?ln=primefaces&v=4.0 HTTP/1.1" 304 -
152.201.65.112 - - [16/Jul/2018:10:17:17 -0500] "GET /siipev/Diseno%20de%20Elementos%20de%20Mobiliario%20Urbano/Otros%20Elementos/Infografia/Parte2/M-41.PNG HTTP/1.1" 304 -
152.201.65.112 - - [16/Jul/2018:10:17:17 -0500] "GET /siipev/Diseno%20de%20Elementos%20de%20Mobiliario%20Urbano/Otros%20Elementos/Infografia/Parte2/M-40.PNG HTTP/1.1" 304 -
152.201.65.112 - - [16/Jul/2018:10:17:17 -0500] "GET /siipev/Diseno%20de%20Elementos%20de%20Mobiliario%20Urbano/Otros%20Elementos/Infografia/Parte2/M-50.png HTTP/1.1" 304 -
152.201.65.112 - - [16/Jul/2018:10:17:17 -0500] "GET /siipev/Diseno%20de%20Elementos%20de%20Mobiliario%20Urbano/Otros%20Elementos/Infografia/Parte2/M-31.PNG HTTP/1.1" 304 -
201.245.192.253 - - [16/Jul/2018:10:17:17 -0500] "GET /sipse/faces/javax.faces.resource/primefaces.js?ln=primefaces&v=4.0 HTTP/1.1" 304 -
152.201.65.112 - - [16/Jul/2018:10:17:17 -0500] "GET /siipev/Diseno%20de%20Elementos%20de%20Mobiliario%20Urbano/Otros%20Elementos/Infografia/Parte2/M-60.png HTTP/1.1" 304 -
152.201.65.112 - - [16/Jul/2018:10:17:17 -0500] "GET /siipev/Diseno%20de%20Elementos%20de%20Mobiliario%20Urbano/Otros%20Elementos/Infografia/Parte2/M-62.png HTTP/1.1" 304 -
152.201.65.112 - - [16/Jul/2018:10:17:17 -0500] "GET /siipev/Diseno%20de%20Elementos%20de%20Mobiliario%20Urbano/Otros%20Elementos/Infografia/Parte2/M-61.png HTTP/1.1" 304 -
152.201.65.112 - - [16/Jul/2018:10:17:17 -0500] "GET /siipev/Diseno%20de%20Elementos%20de%20Mobiliario%20Urbano/Otros%20Elementos/Infografia/Parte2/M-70.png HTTP/1.1" 304 -
201.245.192.253 - - [16/Jul/2018:10:17:17 -0500] "GET /sipse/faces/javax.faces.resource/layout/layout.js?ln=primefaces&v=4.0 HTTP/1.1" 304 -
152.201.65.112 - - [16/Jul/2018:10:17:17 -0500] "GET /siipev/Diseno%20de%20Elementos%20de%20Mobiliario%20Urbano/Otros%20Elementos/Infografia/Parte2/M-63.png HTTP/1.1" 304 -
152.201.65.112 - - [16/Jul/2018:10:17:17 -0500] "GET /siipev/Diseno%20de%20Elementos%20de%20Mobiliario%20Urbano/Otros%20Elementos/Infografia/Parte2/M-71.png HTTP/1.1" 304 -
152.201.65.112 - - [16/Jul/2018:10:17:17 -0500] "GET /siipev/Diseno%20de%20Elementos%20de%20Mobiliario%20Urbano/Otros%20Elementos/Infografia/Parte2/M-72.png HTTP/1.1" 304 -
152.201.65.112 - - [16/Jul/2018:10:17:17 -0500] "GET /siipev/Diseno%20de%20Elementos%20de%20Mobiliario%20Urbano/Otros%20Elementos/Infografia/Parte2/M-80.png HTTP/1.1" 304 -
152.201.65.112 - - [16/Jul/2018:10:17:17 -0500] "GET /siipev/Diseno%20de%20Elementos%20de%20Mobiliario%20Urbano/Otros%20Elementos/Infografia/Parte2/M-81.png HTTP/1.1" 304 -
152.201.65.112 - - [16/Jul/2018:10:17:17 -0500] "GET /siipev/Diseno%20de%20Elementos%20de%20Mobiliario%20Urbano/Otros%20Elementos/Infografia/Parte2/M-82.png HTTP/1.1" 304 -
201.245.192.253 - - [16/Jul/2018:10:17:17 -0500] "GET /sipse/css/imagen/contrasena.png HTTP/1.1" 404 383
152.201.65.112 - - [16/Jul/2018:10:17:17 -0500] "GET /siipev/Diseno%20de%20Elementos%20de%20Mobiliario%20Urbano/Otros%20Elementos/Infografia/Parte2/M-90.png HTTP/1.1" 304 -
152.201.65.112 - - [16/Jul/2018:10:17:17 -0500] "GET /siipev/Diseno%20de%20Elementos%20de%20Mobiliario%20Urbano/Otros%20Elementos/Infografia/Parte2/M-91.png HTTP/1.1" 304 -
152.201.65.112 - - [16/Jul/2018:10:17:17 -0500] "GET /siipev/Diseno%20de%20Elementos%20de%20Mobiliario%20Urbano/Otros%20Elementos/Infografia/Parte2/M-101.png HTTP/1.1" 304 -
152.201.65.112 - - [16/Jul/2018:10:17:17 -0500] "GET /siipev/Diseno%20de%20Elementos%20de%20Mobiliario%20Urbano/Otros%20Elementos/Infografia/Parte2/M-100.png HTTP/1.1" 304 -
152.201.65.112 - - [16/Jul/2018:10:17:17 -0500] "GET /siipev/Diseno%20de%20Elementos%20de%20Mobiliario%20Urbano/Otros%20Elementos/Infografia/Parte2/M-121.png HTTP/1.1" 304 -
152.201.65.112 - - [16/Jul/2018:10:17:17 -0500] "GET /siipev/Diseno%20de%20Elementos%20de%20Mobiliario%20Urbano/Otros%20Elementos/Infografia/Parte2/M-110.png HTTP/1.1" 304 -
152.201.65.112 - - [16/Jul/2018:10:17:17 -0500] "GET /siipev/Diseno%20de%20Elementos%20de%20Mobiliario%20Urbano/Otros%20Elementos/Infografia/Parte2/M-130.png HTTP/1.1" 304 -
152.201.65.112 - - [16/Jul/2018:10:17:17 -0500] "GET /siipev/Diseno%20de%20Elementos%20de%20Mobiliario%20Urbano/Otros%20Elementos/Infografia/Parte2/M-131.png HTTP/1.1" 304 -
200.74.144.134 - - [16/Jul/2018:10:17:17 -0500] "GET /BLA/boletinlegal/consulta_normativa.php?tipo=Decreto&sector=flora&ano=2018&resuelve= HTTP/1.1" 200 454
152.201.65.112 - - [16/Jul/2018:10:17:17 -0500] "GET /siipev/Diseno%20de%20Elementos%20de%20Mobiliario%20Urbano/Otros%20Elementos/Infografia/Parte2/M-120.png HTTP/1.1" 304 -
152.201.65.112 - - [16/Jul/2018:10:17:17 -0500] "GET /siipev/Diseno%20de%20Elementos%20de%20Mobiliario%20Urbano/Otros%20Elementos/Infografia/Parte2/M-140.png HTTP/1.1" 304 -
152.201.65.112 - - [16/Jul/2018:10:17:17 -0500] "GET /siipev/Diseno%20de%20Elementos%20de%20Mobiliario%20Urbano/Otros%20Elementos/Infografia/Parte2/M-142.png HTTP/1.1" 304 -
152.201.65.112 - - [16/Jul/2018:10:17:17 -0500] "GET /siipev/Diseno%20de%20Elementos%20de%20Mobiliario%20Urbano/Otros%20Elementos/Infografia/Parte2/M-141.png HTTP/1.1" 304 -
152.201.65.112 - - [16/Jul/2018:10:17:17 -0500] "GET /siipev/Diseno%20de%20Elementos%20de%20Mobiliario%20Urbano/Otros%20Elementos/Infografia/Parte2/M-146.png HTTP/1.1" 304 -
152.201.65.112 - - [16/Jul/2018:10:17:17 -0500] "GET /siipev/Diseno%20de%20Elementos%20de%20Mobiliario%20Urbano/Otros%20Elementos/Infografia/Parte2/M-143.png HTTP/1.1" 304 -
201.245.192.253 - - [16/Jul/2018:10:17:17 -0500] "POST /sipse/faces/presentacion/financiero/solicitudProceso/listarSolicitudProceso.xhtml HTTP/1.1" 200 1376
152.201.65.112 - - [16/Jul/2018:10:17:17 -0500] "GET /siipev/Diseno%20de%20Elementos%20de%20Mobiliario%20Urbano/Otros%20Elementos/Infografia/Parte2/M-144.png HTTP/1.1" 304 -
152.201.65.112 - - [16/Jul/2018:10:17:17 -0500] "GET /siipev/Diseno%20de%20Elementos%20de%20Mobiliario%20Urbano/Otros%20Elementos/Infografia/Parte2/M-147.png HTTP/1.1" 304 -
152.201.65.112 - - [16/Jul/2018:10:17:17 -0500] "GET /siipev/Diseno%20de%20Elementos%20de%20Mobiliario%20Urbano/Otros%20Elementos/Infografia/Parte2/M-148.png HTTP/1.1" 304 -
152.201.65.112 - - [16/Jul/2018:10:17:17 -0500] "GET /siipev/Diseno%20de%20Elementos%20de%20Mobiliario%20Urbano/Otros%20Elementos/Infografia/Parte2/M-150.png HTTP/1.1" 304 -
152.201.65.112 - - [16/Jul/2018:10:17:17 -0500] "GET /siipev/Diseno%20de%20Elementos%20de%20Mobiliario%20Urbano/Otros%20Elementos/Infografia/Parte2/M-145.png HTTP/1.1" 304 -
201.245.192.253 - - [16/Jul/2018:10:17:18 -0500] "GET /sipse/faces/javax.faces.resource/images/ui-bg_flat_0_2d5972_40x100.png?ln=primefaces-aristo HTTP/1.1" 304 -
201.245.192.253 - - [16/Jul/2018:10:17:19 -0500] "POST /sipse/faces/presentacion/sistema/seguridad/seleccionRol.xhtml HTTP/1.1" 200 15951
201.245.192.253 - - [16/Jul/2018:10:17:19 -0500] "GET /sipse/faces/javax.faces.resource/theme.css?ln=primefaces-sipse HTTP/1.1" 304 -
201.245.192.253 - - [16/Jul/2018:10:17:19 -0500] "GET /sipse/faces/javax.faces.resource/primefaces.css?ln=primefaces&v=4.0 HTTP/1.1" 304 -
201.245.192.253 - - [16/Jul/2018:10:17:19 -0500] "GET /sipse/faces/javax.faces.resource/layout/layout.css?ln=primefaces&v=4.0 HTTP/1.1" 304 -
201.245.192.253 - - [16/Jul/2018:10:17:19 -0500] "GET /sipse/faces/javax.faces.resource/jquery/jquery.js?ln=primefaces&v=4.0 HTTP/1.1" 304 -
201.245.192.253 - - [16/Jul/2018:10:17:19 -0500] "GET /sipse/faces/javax.faces.resource/jquery/jquery-plugins.js?ln=primefaces&v=4.0 HTTP/1.1" 304 -
200.74.144.134 - - [16/Jul/2018:10:17:19 -0500] "GET /BLA/boletinlegal/consulta_normativa.php?tipo=Decreto&sector=hidrocarburos&ano=2018&resuelve= HTTP/1.1" 200 454
201.245.192.253 - - [16/Jul/2018:10:17:19 -0500] "GET /sipse/faces/javax.faces.resource/primefaces.js?ln=primefaces&v=4.0 HTTP/1.1" 304 -
201.245.192.253 - - [16/Jul/2018:10:17:19 -0500] "GET /sipse/faces/javax.faces.resource/layout/layout.js?ln=primefaces&v=4.0 HTTP/1.1" 304 -
201.245.192.253 - - [16/Jul/2018:10:17:19 -0500] "GET /sipse/css/imagen/contrasena.png HTTP/1.1" 404 383
201.245.192.253 - - [16/Jul/2018:10:17:20 -0500] "GET /sipse/faces/javax.faces.resource/images/ui-icons_898989_256x240.png?ln=primefaces-aristo HTTP/1.1" 304 -
201.245.192.253 - - [16/Jul/2018:10:17:21 -0500] "POST /sipse/faces/presentacion/financiero/estudioPrevio/personalSolicitado/asociarProfesionPersonalSolicitado.xhtml HTTP/1.1" 200 17552
201.245.192.253 - - [16/Jul/2018:10:17:22 -0500] "POST /sipse/faces/bienvenido.xhtml HTTP/1.1" 200 2073
200.74.144.134 - - [16/Jul/2018:10:17:22 -0500] "GET /BLA/boletinlegal/consulta_normativa.php?tipo=Decreto&sector=humedales&ano=2018&resuelve= HTTP/1.1" 200 454
201.245.192.253 - - [16/Jul/2018:10:17:22 -0500] "POST /sipse/faces/presentacion/financiero/solicitudProceso/consultar.xhtml HTTP/1.1" 200 12935
201.245.192.253 - - [16/Jul/2018:10:17:23 -0500] "POST /sipse/faces/bienvenido.xhtml HTTP/1.1" 200 38629
201.245.192.253 - - [16/Jul/2018:10:17:23 -0500] "GET /sipse/faces/javax.faces.resource/primefaces.css?ln=primefaces&v=4.0 HTTP/1.1" 304 -
201.245.192.253 - - [16/Jul/2018:10:17:23 -0500] "GET /sipse/faces/javax.faces.resource/layout/layout.css?ln=primefaces&v=4.0 HTTP/1.1" 304 -
201.245.192.253 - - [16/Jul/2018:10:17:23 -0500] "GET /sipse/faces/javax.faces.resource/theme.css?ln=primefaces-sipse HTTP/1.1" 304 -
201.245.192.253 - - [16/Jul/2018:10:17:23 -0500] "GET /sipse/faces/javax.faces.resource/jquery/jquery.js?ln=primefaces&v=4.0 HTTP/1.1" 304 -
201.245.192.253 - - [16/Jul/2018:10:17:23 -0500] "GET /sipse/faces/javax.faces.resource/jquery/jquery-plugins.js?ln=primefaces&v=4.0 HTTP/1.1" 304 -
201.245.192.253 - - [16/Jul/2018:10:17:23 -0500] "GET /sipse/faces/javax.faces.resource/primefaces.js?ln=primefaces&v=4.0 HTTP/1.1" 304 -
201.245.192.253 - - [16/Jul/2018:10:17:23 -0500] "GET /sipse/faces/javax.faces.resource/layout/layout.js?ln=primefaces&v=4.0 HTTP/1.1" 304 -
186.155.15.109 - - [16/Jul/2018:10:17:23 -0500] "GET /BLA/boletinlegal/js/jquery.scrollShow.js HTTP/1.1" 200 4586
201.245.192.253 - - [16/Jul/2018:10:17:23 -0500] "GET /sipse/css/imagen/contrasena.png HTTP/1.1" 404 383
186.155.15.109 - - [16/Jul/2018:10:17:23 -0500] "GET /galeria/galeria/jquery.fancybox.js?v=2.1.5 HTTP/1.1" 200 48706
186.155.15.109 - - [16/Jul/2018:10:17:23 -0500] "GET /galeria/galeria/jquery.fancybox.css?v=2.1.5 HTTP/1.1" 200 4895
186.155.15.109 - - [16/Jul/2018:10:17:23 -0500] "GET /galeria/carrusel/Carrusel/jquery.thumbnailScroller.css HTTP/1.1" 200 2066
201.245.192.253 - - [16/Jul/2018:10:17:25 -0500] "POST /sipse/faces/presentacion/financiero/estudioPrevio/personalSolicitado/asociarProfesionPersonalSolicitado.xhtml HTTP/1.1" 200 53636
201.245.192.253 - - [16/Jul/2018:10:17:25 -0500] "GET /sipse/faces/javax.faces.resource/theme.css?ln=primefaces-sipse HTTP/1.1" 304 -
201.245.192.253 - - [16/Jul/2018:10:17:25 -0500] "GET /sipse/faces/javax.faces.resource/layout/layout.css?ln=primefaces&v=4.0 HTTP/1.1" 304 -
201.245.192.253 - - [16/Jul/2018:10:17:25 -0500] "GET /sipse/faces/javax.faces.resource/jquery/jquery-plugins.js?ln=primefaces&v=4.0 HTTP/1.1" 304 -
201.245.192.253 - - [16/Jul/2018:10:17:25 -0500] "GET /sipse/faces/javax.faces.resource/primefaces.css?ln=primefaces&v=4.0 HTTP/1.1" 304 -
201.245.192.253 - - [16/Jul/2018:10:17:25 -0500] "GET /sipse/faces/javax.faces.resource/jquery/jquery.js?ln=primefaces&v=4.0 HTTP/1.1" 304 -
201.245.192.253 - - [16/Jul/2018:10:17:25 -0500] "GET /sipse/faces/javax.faces.resource/primefaces.js?ln=primefaces&v=4.0 HTTP/1.1" 304 -
201.245.192.253 - - [16/Jul/2018:10:17:25 -0500] "GET /sipse/faces/javax.faces.resource/layout/layout.js?ln=primefaces&v=4.0 HTTP/1.1" 304 -
200.74.144.134 - - [16/Jul/2018:10:17:25 -0500] "GET /BLA/boletinlegal/consulta_normativa.php?tipo=Decreto&sector=licencia&ano=2018&resuelve= HTTP/1.1" 200 454
74.220.219.64 - - [16/Jul/2018:10:17:27 -0500] "-" 408 -
66.249.64.141 - - [16/Jul/2018:10:17:27 -0500] "GET /BLA/resoluciones/AUTOS%202015/4994.pdf HTTP/1.1" 304 -
201.245.192.253 - - [16/Jul/2018:10:17:28 -0500] "GET /sipse/faces/javax.faces.resource/images/ui-bg_flat_0_2d5972_40x100.png?ln=primefaces-aristo HTTP/1.1" 304 -
201.245.192.253 - - [16/Jul/2018:10:17:28 -0500] "POST /sipse/faces/presentacion/financiero/solicitudProceso/consultar.xhtml HTTP/1.1" 200 12800
201.245.162.36 - - [16/Jul/2018:10:17:29 -0500] "GET /BLA/boletinlegal/js/jquery.scrollShow.js HTTP/1.1" 200 4586
201.245.162.36 - - [16/Jul/2018:10:17:29 -0500] "GET /galeria/galeria/jquery.fancybox.js?v=2.1.5 HTTP/1.1" 200 48706
201.245.162.36 - - [16/Jul/2018:10:17:29 -0500] "GET /galeria/carrusel/Carrusel/jquery.thumbnailScroller.css HTTP/1.1" 200 2066
201.245.162.36 - - [16/Jul/2018:10:17:29 -0500] "GET /galeria/galeria/jquery.fancybox.css?v=2.1.5 HTTP/1.1" 200 4895
200.74.144.134 - - [16/Jul/2018:10:17:29 -0500] "GET /BLA/boletinlegal/consulta_normativa.php?tipo=Decreto&sector=mineria&ano=2018&resuelve= HTTP/1.1" 200 454
201.245.162.36 - - [16/Jul/2018:10:17:31 -0500] "GET /galeria/carrusel/Carrusel/jquery-ui-1.8.13.custom.min.js HTTP/1.1" 200 10800
201.245.192.253 - - [16/Jul/2018:10:17:31 -0500] "GET /galeria/nivo-slider/demo/images/calculadora-de-c-onsumo-responsable.jpg HTTP/1.1" 200 280294
201.245.192.253 - - [16/Jul/2018:10:17:31 -0500] "GET /galeria/nivo-slider/demo/images/Banner%20caminatas-Junio.jpg HTTP/1.1" 200 505174
201.245.192.253 - - [16/Jul/2018:10:17:31 -0500] "GET /galeria/nivo-slider/demo/images/CronogramaRAMSA.jpg HTTP/1.1" 200 399485
201.245.162.36 - - [16/Jul/2018:10:17:31 -0500] "GET /galeria/carrusel/Carrusel/jquery.thumbnailScroller.js HTTP/1.1" 200 8157
201.245.162.36 - - [16/Jul/2018:10:17:31 -0500] "GET /galeria/nivo-slider/demo/demo.html HTTP/1.1" 200 14693
200.74.144.134 - - [16/Jul/2018:10:17:32 -0500] "GET /BLA/boletinlegal/consulta_normativa.php?tipo=Decreto&sector=pma&ano=2018&resuelve= HTTP/1.1" 200 454
201.245.162.36 - - [16/Jul/2018:10:17:32 -0500] "GET /galeria/nivo-slider/themes/default/default.css HTTP/1.1" 200 1569
201.245.162.36 - - [16/Jul/2018:10:17:32 -0500] "GET /galeria/nivo-slider/themes/pascal/pascal.css HTTP/1.1" 200 2258
201.245.162.36 - - [16/Jul/2018:10:17:32 -0500] "GET /galeria/nivo-slider/nivo-slider.css HTTP/1.1" 200 1507
201.245.162.36 - - [16/Jul/2018:10:17:32 -0500] "GET /galeria/nivo-slider/themes/orman/orman.css HTTP/1.1" 200 2152
201.245.162.36 - - [16/Jul/2018:10:17:32 -0500] "GET /galeria/nivo-slider/demo/style.css HTTP/1.1" 200 2222
201.245.162.36 - - [16/Jul/2018:10:17:32 -0500] "GET /galeria/nivo-slider/demo/images/Banner%20Incentivos%20tributarios2.jpg HTTP/1.1" 200 200787
66.249.88.62 - - [16/Jul/2018:10:17:32 -0500] "GET /galeria/galeria/jquery.fancybox.css?v=2.1.5 HTTP/1.1" 200 4895
66.249.88.33 - - [16/Jul/2018:10:17:32 -0500] "GET /galeria/galeria/jquery.fancybox.js?v=2.1.5 HTTP/1.1" 200 48706
66.249.88.62 - - [16/Jul/2018:10:17:32 -0500] "GET /BLA/boletinlegal/js/jquery.scrollShow.js HTTP/1.1" 200 4586
201.245.162.36 - - [16/Jul/2018:10:17:33 -0500] "GET /galeria/nivo-slider/demo/scripts/jquery-1.7.1.min.js HTTP/1.1" 200 93868
201.245.162.36 - - [16/Jul/2018:10:17:33 -0500] "GET /galeria/nivo-slider/demo/images/web%20ingreso%20humedales.png HTTP/1.1" 200 641193
201.245.162.36 - - [16/Jul/2018:10:17:33 -0500] "GET /galeria/nivo-slider/demo/images/banner-julio.jpg HTTP/1.1" 200 504701
201.245.162.36 - - [16/Jul/2018:10:17:33 -0500] "GET /galeria/nivo-slider/demo/images/gobierno%20digital-01.jpg HTTP/1.1" 200 116163
201.245.162.36 - - [16/Jul/2018:10:17:33 -0500] "GET /galeria/nivo-slider/demo/images/gestion-ambiental.jpg HTTP/1.1" 200 163297
201.245.162.36 - - [16/Jul/2018:10:17:34 -0500] "GET /galeria/nivo-slider/demo/images/4Simple_Slider.png HTTP/1.1" 200 11722
201.245.162.36 - - [16/Jul/2018:10:17:34 -0500] "GET /galeria/nivo-slider/themes/default/loading.gif HTTP/1.1" 200 1737
201.245.162.36 - - [16/Jul/2018:10:17:34 -0500] "GET /galeria/nivo-slider/jquery.nivo.slider.pack.js HTTP/1.1" 200 11561
201.245.162.36 - - [16/Jul/2018:10:17:34 -0500] "GET /galeria/nivo-slider/demo/images/Otorgamiento-excelencia-ambiental-Jos%C3%A9-Celestino-Mutis-2.jpg HTTP/1.1" 200 276467
201.245.162.36 - - [16/Jul/2018:10:17:34 -0500] "GET /galeria/nivo-slider/demo/images/Banner_micrositio.png HTTP/1.1" 200 146950
201.245.162.36 - - [16/Jul/2018:10:17:34 -0500] "GET /galeria/nivo-slider/demo/images/avances-sentencias-rio-bogota-2.jpg HTTP/1.1" 200 304916
201.245.162.36 - - [16/Jul/2018:10:17:35 -0500] "GET /galeria/nivo-slider/demo/images/BANNER%20VAN%20DER%20HAMMEN.jpg HTTP/1.1" 200 64172
200.74.144.134 - - [16/Jul/2018:10:17:35 -0500] "GET /BLA/boletinlegal/consulta_normativa.php?tipo=Decreto&sector=publicidad&ano=2018&resuelve= HTTP/1.1" 200 1085
190.67.1.66 - - [16/Jul/2018:10:17:35 -0500] "GET /galeria/carrusel/Carrusel/jquery.thumbnailScroller.css HTTP/1.1" 200 2066
201.245.162.36 - - [16/Jul/2018:10:17:36 -0500] "GET /galeria/nivo-slider/demo/images/banner-humedales-de-bogota.jpg HTTP/1.1" 200 292611
201.245.162.36 - - [16/Jul/2018:10:17:36 -0500] "GET /galeria/nivo-slider/demo/images/maximavelocidad.png HTTP/1.1" 200 880272
201.245.162.36 - - [16/Jul/2018:10:17:36 -0500] "GET /galeria/nivo-slider/demo/images/banner%20aceite%20vegetal%20usado.jpg HTTP/1.1" 200 169350
201.245.192.253 - - [16/Jul/2018:10:17:36 -0500] "POST /sipse/faces/presentacion/financiero/solicitudProceso/consultar.xhtml HTTP/1.1" 200 110981
201.245.192.253 - - [16/Jul/2018:10:17:36 -0500] "GET /sipse/faces/javax.faces.resource/theme.css?ln=primefaces-sipse HTTP/1.1" 304 -
201.245.192.253 - - [16/Jul/2018:10:17:36 -0500] "GET /sipse/faces/javax.faces.resource/primefaces.css?ln=primefaces&v=4.0 HTTP/1.1" 304 -
201.245.192.253 - - [16/Jul/2018:10:17:36 -0500] "GET /sipse/faces/javax.faces.resource/layout/layout.css?ln=primefaces&v=4.0 HTTP/1.1" 304 -
201.245.192.253 - - [16/Jul/2018:10:17:36 -0500] "GET /sipse/faces/javax.faces.resource/jquery/jquery.js?ln=primefaces&v=4.0 HTTP/1.1" 304 -
201.245.192.253 - - [16/Jul/2018:10:17:36 -0500] "GET /sipse/faces/javax.faces.resource/jquery/jquery-plugins.js?ln=primefaces&v=4.0 HTTP/1.1" 304 -
201.245.192.253 - - [16/Jul/2018:10:17:36 -0500] "GET /sipse/faces/javax.faces.resource/primefaces.js?ln=primefaces&v=4.0 HTTP/1.1" 304 -
201.245.192.253 - - [16/Jul/2018:10:17:36 -0500] "GET /sipse/faces/javax.faces.resource/layout/layout.js?ln=primefaces&v=4.0 HTTP/1.1" 304 -
201.245.192.253 - - [16/Jul/2018:10:17:36 -0500] "GET /sipse/faces/javax.faces.resource/spacer/dot_clear.gif?ln=primefaces&v=4.0 HTTP/1.1" 304 -
201.245.192.253 - - [16/Jul/2018:10:17:37 -0500] "GET /sipse/css/imagen/contrasena.png HTTP/1.1" 404 383
201.245.192.253 - - [16/Jul/2018:10:17:37 -0500] "GET /reportes_sipse/sdg/ServletReporte?reporte=memo_viabilidad&solicitud=4109&viabilidad=3734&pfdrid_c=false HTTP/1.1" 200 58393
201.245.192.253 - - [16/Jul/2018:10:17:37 -0500] "POST /sipse/faces/presentacion/financiero/solicitudProceso/consultar.xhtml HTTP/1.1" 200 12997
201.245.162.36 - - [16/Jul/2018:10:17:38 -0500] "GET /galeria/nivo-slider/demo/images/bannerlumina2017web.jpg HTTP/1.1" 200 198918
201.245.162.36 - - [16/Jul/2018:10:17:38 -0500] "GET /galeria/nivo-slider/demo/images/banner-bolsas-plasticas.jpg HTTP/1.1" 200 317939
201.245.162.36 - - [16/Jul/2018:10:17:40 -0500] "GET /galeria/nivo-slider/themes/default/arrows.png HTTP/1.1" 200 824
201.245.162.36 - - [16/Jul/2018:10:17:40 -0500] "GET /galeria/nivo-slider/themes/default/bullets.png HTTP/1.1" 200 1281
190.24.131.148 - - [16/Jul/2018:10:17:40 -0500] "GET /galeria/galeria/jquery.fancybox.js?v=2.1.5 HTTP/1.1" 304 -
190.24.131.148 - - [16/Jul/2018:10:17:40 -0500] "GET /BLA/boletinlegal/js/jquery.scrollShow.js HTTP/1.1" 304 -
190.24.131.148 - - [16/Jul/2018:10:17:40 -0500] "GET /galeria/galeria/jquery.fancybox.css?v=2.1.5 HTTP/1.1" 304 -
190.27.26.8 - - [16/Jul/2018:10:17:41 -0500] "GET /BLA/resoluciones/AUTOS%202014/5702.pdf HTTP/1.1" 200 3128293
190.27.26.8 - - [16/Jul/2018:10:17:41 -0500] "GET /favicon.ico HTTP/1.1" 200 7782
201.245.192.253 - - [16/Jul/2018:10:17:40 -0500] "POST /sipse/faces/presentacion/financiero/solicitudProceso/consultarSolicitudProceso.xhtml HTTP/1.1" 200 769083
200.74.144.134 - - [16/Jul/2018:10:17:44 -0500] "GET /BLA/boletinlegal/consulta_normativa.php?tipo=Decreto&sector=residuos&ano=2018&resuelve= HTTP/1.1" 200 454
181.48.144.129 - - [16/Jul/2018:10:17:45 -0500] "GET /BLA/resoluciones/AUTOS%202015/2449.pdf HTTP/1.1" 200 743233
181.48.144.129 - - [16/Jul/2018:10:17:45 -0500] "GET /favicon.ico HTTP/1.1" 200 7782
200.74.144.134 - - [16/Jul/2018:10:17:50 -0500] "GET /BLA/boletinlegal/consulta_normativa.php?tipo=Decreto&sector=ruido&ano=2018&resuelve= HTTP/1.1" 200 454
74.220.219.64 - - [16/Jul/2018:10:17:51 -0500] "-" 408 -
186.154.140.26 - - [16/Jul/2018:10:17:53 -0500] "GET /galeria/galeria/jquery.fancybox.js?v=2.1.5 HTTP/1.1" 200 48706
186.154.140.26 - - [16/Jul/2018:10:17:53 -0500] "GET /galeria/galeria/jquery.fancybox.css?v=2.1.5 HTTP/1.1" 200 4895
186.154.140.26 - - [16/Jul/2018:10:17:53 -0500] "GET /BLA/boletinlegal/js/jquery.scrollShow.js HTTP/1.1" 200 4586
201.245.192.253 - - [16/Jul/2018:10:17:28 -0500] "POST /sipse/faces/presentacion/financiero/estudioPrevio/personalSolicitado/personalSolicitadoSolicitudProceso.xhtml HTTP/1.1" 200 36799
201.245.192.253 - - [16/Jul/2018:10:17:54 -0500] "GET /sipse/faces/javax.faces.resource/theme.css?ln=primefaces-sipse HTTP/1.1" 304 -
201.245.192.253 - - [16/Jul/2018:10:17:54 -0500] "GET /sipse/faces/javax.faces.resource/primefaces.css?ln=primefaces&v=4.0 HTTP/1.1" 304 -
201.245.192.253 - - [16/Jul/2018:10:17:54 -0500] "GET /sipse/faces/javax.faces.resource/layout/layout.css?ln=primefaces&v=4.0 HTTP/1.1" 304 -
201.245.192.253 - - [16/Jul/2018:10:17:54 -0500] "GET /sipse/faces/javax.faces.resource/jquery/jquery.js?ln=primefaces&v=4.0 HTTP/1.1" 304 -
201.245.192.253 - - [16/Jul/2018:10:17:54 -0500] "GET /sipse/faces/javax.faces.resource/jquery/jquery-plugins.js?ln=primefaces&v=4.0 HTTP/1.1" 304 -
201.245.192.253 - - [16/Jul/2018:10:17:54 -0500] "GET /sipse/faces/javax.faces.resource/primefaces.js?ln=primefaces&v=4.0 HTTP/1.1" 304 -
201.245.192.253 - - [16/Jul/2018:10:17:54 -0500] "GET /sipse/faces/javax.faces.resource/layout/layout.js?ln=primefaces&v=4.0 HTTP/1.1" 304 -
200.74.144.134 - - [16/Jul/2018:10:17:57 -0500] "GET /BLA/boletinlegal/consulta_normativa.php?tipo=Decreto&sector=salvoconductos&ano=2018&resuelve= HTTP/1.1" 200 454
186.170.150.164 - - [16/Jul/2018:10:17:57 -0500] "GET /galeria/nivo-slider/themes/default/bullets.png HTTP/1.1" 200 1281
186.170.150.164 - - [16/Jul/2018:10:17:57 -0500] "GET /galeria/nivo-slider/themes/default/arrows.png HTTP/1.1" 200 824
201.245.192.253 - - [16/Jul/2018:10:17:59 -0500] "POST /sipse/faces/presentacion/financiero/solicitudProceso/consultar.xhtml HTTP/1.1" 200 13003
200.74.144.134 - - [16/Jul/2018:10:18:00 -0500] "GET /BLA/boletinlegal/consulta_normativa.php?tipo=Decreto&sector=silvicultura&ano=2018&resuelve= HTTP/1.1" 200 454
201.245.192.253 - - [16/Jul/2018:10:18:01 -0500] "POST /sipse/faces/presentacion/financiero/estudioPrevio/personalSolicitado/asociarProfesionPersonalSolicitado.xhtml HTTP/1.1" 200 53636
201.245.192.253 - - [16/Jul/2018:10:18:02 -0500] "GET /sipse/faces/javax.faces.resource/theme.css?ln=primefaces-sipse HTTP/1.1" 304 -
201.245.192.253 - - [16/Jul/2018:10:18:02 -0500] "GET /sipse/faces/javax.faces.resource/primefaces.css?ln=primefaces&v=4.0 HTTP/1.1" 304 -
201.245.192.253 - - [16/Jul/2018:10:18:02 -0500] "GET /sipse/faces/javax.faces.resource/jquery/jquery.js?ln=primefaces&v=4.0 HTTP/1.1" 304 -
201.245.192.253 - - [16/Jul/2018:10:18:02 -0500] "GET /sipse/faces/javax.faces.resource/layout/layout.css?ln=primefaces&v=4.0 HTTP/1.1" 304 -
201.245.192.253 - - [16/Jul/2018:10:18:02 -0500] "GET /sipse/faces/javax.faces.resource/jquery/jquery-plugins.js?ln=primefaces&v=4.0 HTTP/1.1" 304 -
201.245.192.253 - - [16/Jul/2018:10:18:02 -0500] "GET /sipse/faces/javax.faces.resource/primefaces.js?ln=primefaces&v=4.0 HTTP/1.1" 304 -
201.245.192.253 - - [16/Jul/2018:10:18:02 -0500] "GET /sipse/faces/javax.faces.resource/layout/layout.js?ln=primefaces&v=4.0 HTTP/1.1" 304 -
201.245.192.253 - - [16/Jul/2018:10:18:03 -0500] "POST /sipse/faces/presentacion/financiero/solicitudProceso/consultar.xhtml HTTP/1.1" 200 13003
200.74.144.134 - - [16/Jul/2018:10:18:03 -0500] "GET /BLA/boletinlegal/consulta_normativa.php?tipo=Decreto&sector=vertimientos&ano=2018&resuelve= HTTP/1.1" 200 454
186.155.15.109 - - [16/Jul/2018:10:18:05 -0500] "GET /galeria/carrusel/Carrusel/jquery-ui-1.8.13.custom.min.js HTTP/1.1" 200 10800
186.155.15.109 - - [16/Jul/2018:10:18:05 -0500] "GET /galeria/carrusel/Carrusel/jquery.thumbnailScroller.js HTTP/1.1" 200 8157
186.155.15.109 - - [16/Jul/2018:10:18:05 -0500] "GET /galeria/nivo-slider/demo/demo.html HTTP/1.1" 200 14693
186.155.15.109 - - [16/Jul/2018:10:18:06 -0500] "GET /galeria/nivo-slider/themes/default/default.css HTTP/1.1" 200 1569
186.155.15.109 - - [16/Jul/2018:10:18:06 -0500] "GET /galeria/nivo-slider/themes/pascal/pascal.css HTTP/1.1" 200 2258
186.155.15.109 - - [16/Jul/2018:10:18:06 -0500] "GET /galeria/nivo-slider/themes/orman/orman.css HTTP/1.1" 200 2152
186.155.15.109 - - [16/Jul/2018:10:18:06 -0500] "GET /galeria/nivo-slider/nivo-slider.css HTTP/1.1" 200 1507
186.155.15.109 - - [16/Jul/2018:10:18:06 -0500] "GET /galeria/nivo-slider/demo/style.css HTTP/1.1" 200 2222
186.155.15.109 - - [16/Jul/2018:10:18:06 -0500] "GET /galeria/nivo-slider/demo/images/Banner%20Incentivos%20tributarios2.jpg HTTP/1.1" 200 200787
186.155.15.109 - - [16/Jul/2018:10:18:06 -0500] "GET /galeria/nivo-slider/demo/images/web%20ingreso%20humedales.png HTTP/1.1" 200 641193
186.155.15.109 - - [16/Jul/2018:10:18:06 -0500] "GET /galeria/nivo-slider/demo/images/banner-julio.jpg HTTP/1.1" 200 504701
186.155.15.109 - - [16/Jul/2018:10:18:06 -0500] "GET /galeria/nivo-slider/demo/scripts/jquery-1.7.1.min.js HTTP/1.1" 200 93868
186.155.15.109 - - [16/Jul/2018:10:18:06 -0500] "GET /galeria/nivo-slider/demo/images/gobierno%20digital-01.jpg HTTP/1.1" 200 116163
186.155.15.109 - - [16/Jul/2018:10:18:06 -0500] "GET /galeria/nivo-slider/demo/images/gestion-ambiental.jpg HTTP/1.1" 200 163297
201.245.192.253 - - [16/Jul/2018:10:18:06 -0500] "POST /sipse/faces/presentacion/financiero/solicitudProceso/listarSolicitudProceso.xhtml HTTP/1.1" 200 120036
201.245.192.253 - - [16/Jul/2018:10:18:07 -0500] "GET /sipse/faces/javax.faces.resource/theme.css?ln=primefaces-sipse HTTP/1.1" 304 -
201.245.192.253 - - [16/Jul/2018:10:18:07 -0500] "GET /sipse/faces/javax.faces.resource/primefaces.css?ln=primefaces&v=4.0 HTTP/1.1" 304 -
201.245.192.253 - - [16/Jul/2018:10:18:07 -0500] "GET /sipse/faces/javax.faces.resource/jquery/jquery.js?ln=primefaces&v=4.0 HTTP/1.1" 304 -
201.245.192.253 - - [16/Jul/2018:10:18:07 -0500] "GET /sipse/faces/javax.faces.resource/jquery/jquery-plugins.js?ln=primefaces&v=4.0 HTTP/1.1" 304 -
201.245.192.253 - - [16/Jul/2018:10:18:07 -0500] "GET /sipse/faces/javax.faces.resource/primefaces.js?ln=primefaces&v=4.0 HTTP/1.1" 304 -
201.245.192.253 - - [16/Jul/2018:10:18:07 -0500] "GET /sipse/faces/javax.faces.resource/layout/layout.js?ln=primefaces&v=4.0 HTTP/1.1" 304 -
201.245.192.253 - - [16/Jul/2018:10:18:07 -0500] "GET /sipse/faces/javax.faces.resource/spacer/dot_clear.gif?ln=primefaces&v=4.0 HTTP/1.1" 304 -
201.245.192.253 - - [16/Jul/2018:10:18:07 -0500] "GET /sipse/css/imagen/contrasena.png HTTP/1.1" 404 383
201.245.192.253 - - [16/Jul/2018:10:18:07 -0500] "GET /reportes_sipse/sdg/ServletReporte?reporte=memo_viabilidad&solicitud=4109&viabilidad=3734&pfdrid_c=false HTTP/1.1" 200 58393
186.155.15.109 - - [16/Jul/2018:10:18:07 -0500] "GET /galeria/nivo-slider/demo/images/4Simple_Slider.png HTTP/1.1" 200 11722
186.155.15.109 - - [16/Jul/2018:10:18:08 -0500] "GET /galeria/nivo-slider/themes/default/loading.gif HTTP/1.1" 200 1737
186.155.15.109 - - [16/Jul/2018:10:18:08 -0500] "GET /galeria/nivo-slider/jquery.nivo.slider.pack.js HTTP/1.1" 200 11561
186.155.15.109 - - [16/Jul/2018:10:18:08 -0500] "GET /galeria/nivo-slider/demo/images/Otorgamiento-excelencia-ambiental-Jos%C3%A9-Celestino-Mutis-2.jpg HTTP/1.1" 200 276467
186.170.150.164 - - [16/Jul/2018:10:18:08 -0500] "GET /galeria/nivo-slider/demo/images/web%20ingreso%20humedales.png HTTP/1.1" 206 1
186.170.150.164 - - [16/Jul/2018:10:18:08 -0500] "GET /galeria/nivo-slider/demo/images/web%20ingreso%20humedales.png HTTP/1.1" 206 634259
186.155.15.109 - - [16/Jul/2018:10:18:09 -0500] "GET /galeria/nivo-slider/demo/images/Banner_micrositio.png HTTP/1.1" 200 146950
201.245.192.253 - - [16/Jul/2018:10:18:10 -0500] "GET /sipse/faces/javax.faces.resource/layout/layout.css?ln=primefaces&v=4.0 HTTP/1.1" 304 -
186.155.15.109 - - [16/Jul/2018:10:18:10 -0500] "GET /galeria/nivo-slider/demo/images/avances-sentencias-rio-bogota-2.jpg HTTP/1.1" 200 304916
186.155.15.109 - - [16/Jul/2018:10:18:10 -0500] "GET /galeria/nivo-slider/demo/images/BANNER%20VAN%20DER%20HAMMEN.jpg HTTP/1.1" 200 64172
186.155.15.109 - - [16/Jul/2018:10:18:11 -0500] "GET /galeria/nivo-slider/demo/images/banner-humedales-de-bogota.jpg HTTP/1.1" 200 292611
186.155.15.109 - - [16/Jul/2018:10:18:13 -0500] "GET /galeria/nivo-slider/demo/images/maximavelocidad.png HTTP/1.1" 200 880272
186.155.15.109 - - [16/Jul/2018:10:18:13 -0500] "GET /galeria/nivo-slider/demo/images/banner%20aceite%20vegetal%20usado.jpg HTTP/1.1" 200 169350
186.155.15.109 - - [16/Jul/2018:10:18:13 -0500] "GET /galeria/nivo-slider/demo/images/bannerlumina2017web.jpg HTTP/1.1" 200 198918
186.155.15.109 - - [16/Jul/2018:10:18:13 -0500] "GET /galeria/nivo-slider/demo/images/banner-bolsas-plasticas.jpg HTTP/1.1" 200 317939
201.245.192.253 - - [16/Jul/2018:10:18:14 -0500] "POST /sipse/faces/presentacion/financiero/estudioPrevio/personalSolicitado/personalSolicitadoSolicitudProceso.xhtml HTTP/1.1" 200 159197
201.245.192.253 - - [16/Jul/2018:10:18:15 -0500] "GET /sipse/faces/javax.faces.resource/theme.css?ln=primefaces-sipse HTTP/1.1" 304 -
201.245.192.253 - - [16/Jul/2018:10:18:15 -0500] "GET /sipse/faces/javax.faces.resource/primefaces.css?ln=primefaces&v=4.0 HTTP/1.1" 304 -
201.245.192.253 - - [16/Jul/2018:10:18:15 -0500] "GET /sipse/faces/javax.faces.resource/layout/layout.css?ln=primefaces&v=4.0 HTTP/1.1" 304 -
201.245.192.253 - - [16/Jul/2018:10:18:15 -0500] "GET /sipse/faces/javax.faces.resource/jquery/jquery-plugins.js?ln=primefaces&v=4.0 HTTP/1.1" 304 -
201.245.192.253 - - [16/Jul/2018:10:18:15 -0500] "GET /sipse/faces/javax.faces.resource/jquery/jquery.js?ln=primefaces&v=4.0 HTTP/1.1" 304 -
201.245.192.253 - - [16/Jul/2018:10:18:15 -0500] "GET /sipse/faces/javax.faces.resource/primefaces.js?ln=primefaces&v=4.0 HTTP/1.1" 304 -
200.74.144.134 - - [16/Jul/2018:10:18:15 -0500] "GET /BLA/boletinlegal/consulta_normativa.php?tipo=Ley&sector=Aire&ano=2018&resuelve= HTTP/1.1" 200 454
201.245.192.253 - - [16/Jul/2018:10:18:15 -0500] "GET /sipse/faces/javax.faces.resource/layout/layout.js?ln=primefaces&v=4.0 HTTP/1.1" 304 -
201.245.192.253 - - [16/Jul/2018:10:18:15 -0500] "GET /sipse/faces/javax.faces.resource/spacer/dot_clear.gif?ln=primefaces&v=4.0 HTTP/1.1" 304 -
201.245.192.253 - - [16/Jul/2018:10:18:15 -0500] "GET /sipse/faces/javax.faces.resource/images/ui-icons_898989_256x240.png?ln=primefaces-aristo HTTP/1.1" 304 -
201.245.192.253 - - [16/Jul/2018:10:18:15 -0500] "GET /reportes_sipse/sdg/ServletReporte?reporte=memo_viabilidad&solicitud=4109&viabilidad=3734&pfdrid_c=false HTTP/1.1" 200 58393
201.245.192.253 - - [16/Jul/2018:10:18:18 -0500] "POST /sipse/faces/presentacion/financiero/solicitudProceso/consultar.xhtml HTTP/1.1" 200 2302
200.74.144.134 - - [16/Jul/2018:10:18:18 -0500] "GET /BLA/boletinlegal/consulta_normativa.php?tipo=Ley&sector=competencia-estructura&ano=2018&resuelve= HTTP/1.1" 200 454
201.245.192.253 - - [16/Jul/2018:10:18:18 -0500] "POST /sipse/faces/presentacion/financiero/solicitudProceso/consultar.xhtml HTTP/1.1" 200 10095
186.170.150.164 - - [16/Jul/2018:10:18:18 -0500] "GET /galeria/nivo-slider/demo/images/banner-julio.jpg HTTP/1.1" 206 1
186.170.150.164 - - [16/Jul/2018:10:18:18 -0500] "GET /galeria/nivo-slider/demo/images/banner-julio.jpg HTTP/1.1" 206 488539
201.245.192.253 - - [16/Jul/2018:10:18:18 -0500] "POST /sipse/faces/presentacion/financiero/solicitudProceso/consultar.xhtml HTTP/1.1" 200 2302
186.155.15.109 - - [16/Jul/2018:10:18:19 -0500] "GET /galeria/nivo-slider/themes/default/arrows.png HTTP/1.1" 200 824
186.155.15.109 - - [16/Jul/2018:10:18:19 -0500] "GET /galeria/nivo-slider/themes/default/bullets.png HTTP/1.1" 200 1281
201.245.192.253 - - [16/Jul/2018:10:18:20 -0500] "POST /sipse/faces/presentacion/financiero/solicitudProceso/consultar.xhtml HTTP/1.1" 200 12798
200.74.144.134 - - [16/Jul/2018:10:18:21 -0500] "GET /BLA/boletinlegal/consulta_normativa.php?tipo=Ley&sector=concesion&ano=2018&resuelve= HTTP/1.1" 200 454
66.249.64.137 - - [16/Jul/2018:10:18:22 -0500] "GET /BLA/resoluciones/AUTOS%202015/3405.pdf HTTP/1.1" 200 1099786
201.245.192.253 - - [16/Jul/2018:10:18:22 -0500] "POST /sipse/faces/presentacion/financiero/solicitudProceso/consultar.xhtml HTTP/1.1" 200 10091
201.245.192.253 - - [16/Jul/2018:10:18:23 -0500] "POST /sipse/faces/presentacion/financiero/solicitudProceso/consultar.xhtml HTTP/1.1" 200 12965
74.220.219.64 - - [16/Jul/2018:10:18:25 -0500] "-" 408 -
201.245.192.253 - - [16/Jul/2018:10:18:25 -0500] "GET /reportes_sipse/sdg/ServletReporte?reporte=memo_viabilidad&solicitud=4109&viabilidad=3734&pfdrid_c=false HTTP/1.1" 200 58393
201.245.192.253 - - [16/Jul/2018:10:18:26 -0500] "POST /sipse/faces/presentacion/financiero/solicitudProceso/consultar.xhtml HTTP/1.1" 200 5058
200.74.144.134 - - [16/Jul/2018:10:18:26 -0500] "GET /BLA/boletinlegal/consulta_normativa.php?tipo=Ley&sector=emisiones&ano=2018&resuelve= HTTP/1.1" 200 454
201.245.192.253 - - [16/Jul/2018:10:18:27 -0500] "POST /sipse/faces/presentacion/financiero/solicitudProceso/consultar.xhtml HTTP/1.1" 200 13017
200.74.144.134 - - [16/Jul/2018:10:18:29 -0500] "GET /BLA/boletinlegal/consulta_normativa.php?tipo=Ley&sector=fauna&ano=2018&resuelve= HTTP/1.1" 200 454
181.48.203.58 - - [16/Jul/2018:10:18:32 -0500] "GET /BLA/boletinlegal/js/jquery.scrollShow.js HTTP/1.1" 200 4586
181.48.203.58 - - [16/Jul/2018:10:18:32 -0500] "GET /galeria/galeria/jquery.fancybox.js?v=2.1.5 HTTP/1.1" 200 48706
181.48.203.58 - - [16/Jul/2018:10:18:32 -0500] "GET /galeria/galeria/jquery.fancybox.css?v=2.1.5 HTTP/1.1" 200 4895
181.48.203.58 - - [16/Jul/2018:10:18:32 -0500] "GET /galeria/carrusel/Carrusel/jquery.thumbnailScroller.css HTTP/1.1" 200 2066
201.245.192.253 - - [16/Jul/2018:10:18:32 -0500] "POST /sipse/faces/presentacion/financiero/solicitudProceso/consultarSolicitudProceso.xhtml HTTP/1.1" 200 756343
200.74.144.134 - - [16/Jul/2018:10:18:36 -0500] "GET /BLA/boletinlegal/consulta_normativa.php?tipo=Ley&sector=flora&ano=2018&resuelve= HTTP/1.1" 200 454
192.168.175.104 - - [16/Jul/2018:10:18:36 -0500] "GET / HTTP/1.0" 200 9990
200.74.144.134 - - [16/Jul/2018:10:18:39 -0500] "GET /BLA/boletinlegal/consulta_normativa.php?tipo=Ley&sector=hidrocarburos&ano=2018&resuelve= HTTP/1.1" 200 454
201.245.192.253 - - [16/Jul/2018:10:18:37 -0500] "POST /sipse/faces/presentacion/financiero/solicitudProceso/consultarSolicitudProceso.xhtml HTTP/1.1" 200 42096
201.245.192.253 - - [16/Jul/2018:10:18:39 -0500] "GET /sipse/faces/javax.faces.resource/primefaces.css?ln=primefaces&v=4.0 HTTP/1.1" 304 -
201.245.192.253 - - [16/Jul/2018:10:18:39 -0500] "GET /sipse/faces/javax.faces.resource/theme.css?ln=primefaces-sipse HTTP/1.1" 304 -
201.245.192.253 - - [16/Jul/2018:10:18:39 -0500] "GET /sipse/faces/javax.faces.resource/layout/layout.css?ln=primefaces&v=4.0 HTTP/1.1" 304 -
201.245.192.253 - - [16/Jul/2018:10:18:39 -0500] "GET /sipse/faces/javax.faces.resource/jquery/jquery.js?ln=primefaces&v=4.0 HTTP/1.1" 304 -
201.245.192.253 - - [16/Jul/2018:10:18:39 -0500] "GET /sipse/faces/javax.faces.resource/primefaces.js?ln=primefaces&v=4.0 HTTP/1.1" 304 -
201.245.192.253 - - [16/Jul/2018:10:18:39 -0500] "GET /sipse/faces/javax.faces.resource/jquery/jquery-plugins.js?ln=primefaces&v=4.0 HTTP/1.1" 304 -
201.245.192.253 - - [16/Jul/2018:10:18:39 -0500] "GET /sipse/faces/javax.faces.resource/layout/layout.js?ln=primefaces&v=4.0 HTTP/1.1" 304 -
201.245.192.253 - - [16/Jul/2018:10:18:39 -0500] "GET /sipse/faces/javax.faces.resource/messages/messages.png?ln=primefaces&v=4.0 HTTP/1.1" 304 -
201.245.192.253 - - [16/Jul/2018:10:18:39 -0500] "GET /reportes_sipse/sdg/ServletReporte?reporte=memo_viabilidad&solicitud=4109&viabilidad=3734&pfdrid_c=false HTTP/1.1" 200 58393
201.245.192.253 - - [16/Jul/2018:10:18:40 -0500] "POST /sipse/faces/presentacion/financiero/solicitudProceso/consultar.xhtml HTTP/1.1" 200 13043
201.245.192.253 - - [16/Jul/2018:10:18:39 -0500] "POST /sipse/faces/presentacion/financiero/solicitudProceso/listarSolicitudProceso.xhtml HTTP/1.1" 200 1340
201.245.192.253 - - [16/Jul/2018:10:18:40 -0500] "POST /sipse/faces/presentacion/financiero/solicitudProceso/listarSolicitudProceso.xhtml HTTP/1.1" 200 1344
190.27.214.3 - - [16/Jul/2018:10:18:43 -0500] "GET /galeria/galeria/jquery.fancybox.js?v=2.1.5 HTTP/1.1" 200 48706
190.27.214.3 - - [16/Jul/2018:10:18:43 -0500] "GET /BLA/boletinlegal/js/jquery.scrollShow.js HTTP/1.1" 200 4586
190.27.214.3 - - [16/Jul/2018:10:18:43 -0500] "GET /galeria/galeria/jquery.fancybox.css?v=2.1.5 HTTP/1.1" 200 4895
201.245.192.253 - - [16/Jul/2018:10:18:43 -0500] "POST /sipse/faces/presentacion/financiero/solicitudProceso/consultar.xhtml HTTP/1.1" 200 13043
200.74.144.134 - - [16/Jul/2018:10:18:45 -0500] "GET /BLA/boletinlegal/consulta_normativa.php?tipo=Ley&sector=humedales&ano=2018&resuelve= HTTP/1.1" 200 454
201.245.192.253 - - [16/Jul/2018:10:18:46 -0500] "POST /sipse/faces/presentacion/financiero/solicitudProceso/consultar.xhtml HTTP/1.1" 200 13043
201.245.192.253 - - [16/Jul/2018:10:18:46 -0500] "POST /sipse/faces/presentacion/financiero/solicitudProceso/consultar.xhtml HTTP/1.1" 200 13043
74.220.219.64 - - [16/Jul/2018:10:18:47 -0500] "-" 408 -
201.245.192.253 - - [16/Jul/2018:10:18:48 -0500] "POST /sipse/faces/presentacion/financiero/solicitudProceso/listarSolicitudProceso.xhtml HTTP/1.1" 200 30865
201.245.192.253 - - [16/Jul/2018:10:18:49 -0500] "POST /sipse/faces/presentacion/financiero/solicitudProceso/listarSolicitudProceso.xhtml HTTP/1.1" 200 19730
201.245.192.253 - - [16/Jul/2018:10:18:49 -0500] "POST /sipse/faces/presentacion/financiero/solicitudProceso/listarSolicitudProceso.xhtml HTTP/1.1" 200 19722
