192.168.175.104 - - [26/Jul/2018:01:30:59 -0500] "GET / HTTP/1.0" 200 9990
66.249.64.137 - - [26/Jul/2018:01:31:24 -0500] "GET /BLA/resoluciones/AUTOS%202008/0149.pdf HTTP/1.1" 200 380195
116.62.148.42 - - [26/Jul/2018:01:31:29 -0500] "-" 408 -
116.62.148.42 - - [26/Jul/2018:01:31:47 -0500] "-" 408 -
35.189.215.158 - - [26/Jul/2018:01:32:03 -0500] "-" 408 -
116.62.148.42 - - [26/Jul/2018:01:32:05 -0500] "-" 408 -
192.168.175.104 - - [26/Jul/2018:01:32:18 -0500] "GET / HTTP/1.1" 200 9990
116.62.148.42 - - [26/Jul/2018:01:32:23 -0500] "-" 408 -
116.62.148.42 - - [26/Jul/2018:01:32:41 -0500] "-" 408 -
116.62.148.42 - - [26/Jul/2018:01:32:59 -0500] "-" 408 -
35.190.201.122 - - [26/Jul/2018:01:33:03 -0500] "-" 408 -
116.62.148.42 - - [26/Jul/2018:01:33:17 -0500] "-" 408 -
157.55.39.207 - - [26/Jul/2018:01:33:21 -0500] "GET /images/RMCAB.jpg HTTP/1.1" 200 49926
116.62.148.42 - - [26/Jul/2018:01:33:35 -0500] "-" 408 -
27.112.67.35 - - [26/Jul/2018:01:33:38 -0500] "GET / HTTP/1.1" 200 9990
116.62.148.42 - - [26/Jul/2018:01:33:53 -0500] "-" 408 -
69.162.124.232 - - [26/Jul/2018:01:34:01 -0500] "HEAD / HTTP/1.1" 200 -
116.62.148.42 - - [26/Jul/2018:01:34:11 -0500] "-" 408 -
116.62.148.42 - - [26/Jul/2018:01:34:29 -0500] "-" 408 -
116.62.148.42 - - [26/Jul/2018:01:34:47 -0500] "-" 408 -
66.249.64.137 - - [26/Jul/2018:01:34:50 -0500] "GET /BLA/resoluciones/AUTOS%202011/7745.pdf HTTP/1.1" 200 235673
116.62.148.42 - - [26/Jul/2018:01:35:05 -0500] "-" 408 -
116.62.148.42 - - [26/Jul/2018:01:35:23 -0500] "-" 408 -
66.249.64.137 - - [26/Jul/2018:01:35:37 -0500] "GET /BLA/resoluciones/AUTOS%202016/0618.pdf HTTP/1.1" 200 702084
192.168.175.104 - - [26/Jul/2018:01:35:40 -0500] "GET / HTTP/1.1" 200 9990
116.62.148.42 - - [26/Jul/2018:01:35:41 -0500] "-" 408 -
192.168.175.104 - - [26/Jul/2018:01:35:57 -0500] "GET / HTTP/1.0" 200 9990
13.126.17.46 - - [26/Jul/2018:01:35:57 -0500] "-" 408 -
116.62.148.42 - - [26/Jul/2018:01:35:59 -0500] "-" 408 -
13.126.17.46 - - [26/Jul/2018:01:36:15 -0500] "-" 408 -
13.126.17.46 - - [26/Jul/2018:01:36:33 -0500] "-" 408 -
116.62.148.42 - - [26/Jul/2018:01:36:35 -0500] "-" 408 -
116.62.148.42 - - [26/Jul/2018:01:36:53 -0500] "-" 408 -
66.249.64.137 - - [26/Jul/2018:01:37:01 -0500] "GET /BLA/resoluciones/RESOLUCIONES%202010/6545.pdf HTTP/1.1" 304 -
116.62.148.42 - - [26/Jul/2018:01:37:11 -0500] "-" 408 -
192.168.175.104 - - [26/Jul/2018:01:37:17 -0500] "GET / HTTP/1.1" 200 9990
66.249.64.141 - - [26/Jul/2018:01:37:28 -0500] "GET /sig/CALIDAD/NORMATIVIDAD/NTC-ISO14001%202004.pdf HTTP/1.1" 404 1018
116.62.148.42 - - [26/Jul/2018:01:37:29 -0500] "-" 408 -
40.77.167.187 - - [26/Jul/2018:01:37:44 -0500] "GET /dama/libreria/pdf/formularios/formato_reporte_salvoconductos_MODIFICADO.pdf HTTP/1.1" 404 1019
116.62.148.42 - - [26/Jul/2018:01:37:47 -0500] "-" 408 -
116.62.148.42 - - [26/Jul/2018:01:38:06 -0500] "-" 408 -
66.249.64.137 - - [26/Jul/2018:01:38:16 -0500] "GET /BLA/resoluciones/AUTOS%202009/2551.pdf HTTP/1.1" 200 101256
116.62.148.42 - - [26/Jul/2018:01:38:23 -0500] "-" 408 -
66.249.64.139 - - [26/Jul/2018:01:38:25 -0500] "GET /BLA/resoluciones/RESOLUCIONES%202015/3162.pdf HTTP/1.1" 200 2128141
207.46.13.78 - - [26/Jul/2018:01:38:39 -0500] "GET /galeria/galeria/fotos/diaSC2.jpg HTTP/1.1" 200 169077
116.62.148.42 - - [26/Jul/2018:01:38:41 -0500] "-" 408 -
66.249.88.29 - - [26/Jul/2018:01:38:50 -0500] "GET /galeria/galeria/jquery.fancybox.css?v=2.1.5 HTTP/1.1" 200 4895
66.249.88.31 - - [26/Jul/2018:01:38:50 -0500] "GET /galeria/galeria/jquery.fancybox.js?v=2.1.5 HTTP/1.1" 200 48706
66.249.88.29 - - [26/Jul/2018:01:38:51 -0500] "GET /galeria/mapa/humedal.html? HTTP/1.1" 200 13190
66.249.88.31 - - [26/Jul/2018:01:38:52 -0500] "GET /galeria/mapa/TIBANICA12.jpg HTTP/1.1" 200 23039
66.249.88.29 - - [26/Jul/2018:01:38:52 -0500] "GET /galeria/mapa/Aula-Soratama.jpg HTTP/1.1" 200 51270
66.249.88.1 - - [26/Jul/2018:01:38:52 -0500] "GET /galeria/mapa/CONEJERA12.jpg HTTP/1.1" 200 21841
66.249.88.1 - - [26/Jul/2018:01:38:52 -0500] "GET /galeria/mapa/humedal2017.jpg HTTP/1.1" 200 644667
66.249.88.29 - - [26/Jul/2018:01:38:52 -0500] "GET /galeria/mapa/MEANDRO12.jpg HTTP/1.1" 200 22732
66.249.88.1 - - [26/Jul/2018:01:38:52 -0500] "GET /galeria/mapa/TORCA12.jpg HTTP/1.1" 200 24337
66.249.88.1 - - [26/Jul/2018:01:38:52 -0500] "GET /galeria/mapa/Humedal-tunjo.jpg HTTP/1.1" 200 46098
66.249.88.31 - - [26/Jul/2018:01:38:52 -0500] "GET /galeria/mapa/TECHO12.jpg HTTP/1.1" 200 27716
66.249.88.1 - - [26/Jul/2018:01:38:52 -0500] "GET /galeria/mapa/aulaSantaM.jpg HTTP/1.1" 200 69216
66.249.88.29 - - [26/Jul/2018:01:38:52 -0500] "GET /galeria/mapa/BURRO12.jpg HTTP/1.1" 200 24169
66.249.88.31 - - [26/Jul/2018:01:38:52 -0500] "GET /galeria/mapa/Montana-Entrenubes.jpg HTTP/1.1" 200 42011
66.249.88.29 - - [26/Jul/2018:01:38:52 -0500] "GET /galeria/mapa/JABOQUE12.jpg HTTP/1.1" 200 21815
66.249.88.31 - - [26/Jul/2018:01:38:52 -0500] "GET /galeria/mapa/Guaymaral12.jpg HTTP/1.1" 200 53686
66.249.88.31 - - [26/Jul/2018:01:38:52 -0500] "GET /galeria/mapa/1Humedal-La-Isla.jpg HTTP/1.1" 200 60370
66.249.88.1 - - [26/Jul/2018:01:38:52 -0500] "GET /galeria/mapa/capellania12.jpg HTTP/1.1" 200 22811
66.249.88.1 - - [26/Jul/2018:01:38:52 -0500] "GET /galeria/mapa/Aula-Nevados.jpg HTTP/1.1" 200 64761
66.249.88.1 - - [26/Jul/2018:01:38:52 -0500] "GET /galeria/mapa/SANTAMARIA22.jpg HTTP/1.1" 200 22321
66.249.88.1 - - [26/Jul/2018:01:38:52 -0500] "GET /galeria/mapa/CORDOBA12.jpg HTTP/1.1" 200 23380
66.249.88.31 - - [26/Jul/2018:01:38:52 -0500] "GET /galeria/mapa/Humedal-salitre2.jpg HTTP/1.1" 200 58520
66.249.88.29 - - [26/Jul/2018:01:38:52 -0500] "GET /galeria/mapa/VACA12.jpg HTTP/1.1" 200 22491
66.249.88.31 - - [26/Jul/2018:01:38:52 -0500] "GET /galeria/mapa/JUANAMARILLO12.jpg HTTP/1.1" 200 21131
116.62.148.42 - - [26/Jul/2018:01:38:59 -0500] "-" 408 -
69.162.124.232 - - [26/Jul/2018:01:39:01 -0500] "HEAD / HTTP/1.1" 200 -
66.249.88.1 - - [26/Jul/2018:01:39:02 -0500] "GET /galeria/mapa/humedal.html? HTTP/1.1" 200 13190
66.249.88.31 - - [26/Jul/2018:01:39:03 -0500] "GET /galeria/mapa/Guaymaral12.jpg HTTP/1.1" 200 53686
66.249.88.1 - - [26/Jul/2018:01:39:03 -0500] "GET /galeria/mapa/TORCA12.jpg HTTP/1.1" 200 24337
66.249.88.29 - - [26/Jul/2018:01:39:03 -0500] "GET /galeria/mapa/JUANAMARILLO12.jpg HTTP/1.1" 200 21131
66.249.88.1 - - [26/Jul/2018:01:39:03 -0500] "GET /galeria/mapa/SANTAMARIA22.jpg HTTP/1.1" 200 22321
66.249.88.31 - - [26/Jul/2018:01:39:03 -0500] "GET /galeria/mapa/Humedal-salitre2.jpg HTTP/1.1" 200 58520
66.249.88.31 - - [26/Jul/2018:01:39:03 -0500] "GET /galeria/mapa/TECHO12.jpg HTTP/1.1" 200 27716
66.249.88.1 - - [26/Jul/2018:01:39:03 -0500] "GET /galeria/mapa/aulaSantaM.jpg HTTP/1.1" 200 69216
66.249.88.31 - - [26/Jul/2018:01:39:03 -0500] "GET /galeria/mapa/CONEJERA12.jpg HTTP/1.1" 200 21841
66.249.88.29 - - [26/Jul/2018:01:39:03 -0500] "GET /galeria/mapa/humedal2017.jpg HTTP/1.1" 200 644667
66.249.88.31 - - [26/Jul/2018:01:39:03 -0500] "GET /galeria/mapa/Aula-Soratama.jpg HTTP/1.1" 200 51270
66.249.88.1 - - [26/Jul/2018:01:39:03 -0500] "GET /galeria/mapa/JABOQUE12.jpg HTTP/1.1" 200 21815
66.249.88.31 - - [26/Jul/2018:01:39:03 -0500] "GET /galeria/mapa/capellania12.jpg HTTP/1.1" 200 22811
66.249.88.1 - - [26/Jul/2018:01:39:03 -0500] "GET /galeria/mapa/MEANDRO12.jpg HTTP/1.1" 200 22732
66.249.88.31 - - [26/Jul/2018:01:39:03 -0500] "GET /galeria/mapa/VACA12.jpg HTTP/1.1" 200 22491
66.249.88.1 - - [26/Jul/2018:01:39:03 -0500] "GET /galeria/mapa/1Humedal-La-Isla.jpg HTTP/1.1" 200 60370
66.249.88.29 - - [26/Jul/2018:01:39:03 -0500] "GET /galeria/mapa/Montana-Entrenubes.jpg HTTP/1.1" 200 42011
66.249.88.1 - - [26/Jul/2018:01:39:03 -0500] "GET /galeria/mapa/BURRO12.jpg HTTP/1.1" 200 24169
66.249.88.1 - - [26/Jul/2018:01:39:03 -0500] "GET /galeria/mapa/Humedal-tunjo.jpg HTTP/1.1" 200 46098
66.249.88.31 - - [26/Jul/2018:01:39:03 -0500] "GET /galeria/mapa/CORDOBA12.jpg HTTP/1.1" 200 23380
66.249.88.31 - - [26/Jul/2018:01:39:03 -0500] "GET /galeria/mapa/Aula-Nevados.jpg HTTP/1.1" 200 64761
66.249.88.31 - - [26/Jul/2018:01:39:06 -0500] "GET /galeria/mapa/TIBANICA12.jpg HTTP/1.1" 200 23039
116.62.148.42 - - [26/Jul/2018:01:39:17 -0500] "-" 408 -
66.249.64.141 - - [26/Jul/2018:01:39:21 -0500] "GET /BLA/resoluciones/AUTOS%202015/6376.pdf HTTP/1.1" 304 -
116.62.148.42 - - [26/Jul/2018:01:39:35 -0500] "-" 408 -
116.62.148.42 - - [26/Jul/2018:01:39:56 -0500] "-" 408 -
116.62.148.42 - - [26/Jul/2018:01:40:15 -0500] "-" 408 -
66.249.64.139 - - [26/Jul/2018:01:40:27 -0500] "GET /BLA/resoluciones/RESOLUCIONES%202007/RES%202007%20701%20AL%20800/RESOLUCION%200725%20DE%202007.pdf HTTP/1.1" 200 239683
116.62.148.42 - - [26/Jul/2018:01:40:29 -0500] "-" 408 -
192.168.175.104 - - [26/Jul/2018:01:40:38 -0500] "GET / HTTP/1.1" 200 9990
116.62.148.42 - - [26/Jul/2018:01:40:47 -0500] "-" 408 -
192.168.175.104 - - [26/Jul/2018:01:40:56 -0500] "GET / HTTP/1.0" 200 9990
116.62.148.42 - - [26/Jul/2018:01:41:05 -0500] "-" 408 -
116.62.148.42 - - [26/Jul/2018:01:41:23 -0500] "-" 408 -
116.62.148.42 - - [26/Jul/2018:01:41:41 -0500] "-" 408 -
116.62.148.42 - - [26/Jul/2018:01:41:59 -0500] "-" 408 -
192.168.175.104 - - [26/Jul/2018:01:42:15 -0500] "GET / HTTP/1.1" 200 9990
116.62.148.42 - - [26/Jul/2018:01:42:17 -0500] "-" 408 -
116.62.148.42 - - [26/Jul/2018:01:42:35 -0500] "-" 408 -
116.62.148.42 - - [26/Jul/2018:01:42:53 -0500] "-" 408 -
179.51.109.52 - - [26/Jul/2018:01:43:00 -0500] "GET /galeria/galeria/jquery.fancybox.js?v=2.1.5 HTTP/1.1" 200 48706
179.51.109.52 - - [26/Jul/2018:01:43:00 -0500] "GET /galeria/galeria/jquery.fancybox.css?v=2.1.5 HTTP/1.1" 200 4895
179.51.109.52 - - [26/Jul/2018:01:43:01 -0500] "GET /galeria/galeria/fotos/Entrenube2P.jpg HTTP/1.1" 200 8416
179.51.109.52 - - [26/Jul/2018:01:43:01 -0500] "GET /galeria/galeria/fotos/Entrenube1P.jpg HTTP/1.1" 200 6959
179.51.109.52 - - [26/Jul/2018:01:43:01 -0500] "GET /galeria/galeria/fotos/Entrenube3P.jpg HTTP/1.1" 200 8487
179.51.109.52 - - [26/Jul/2018:01:43:01 -0500] "GET /galeria/galeria/fotos/Entrenube4P.jpg HTTP/1.1" 200 10881
66.249.64.137 - - [26/Jul/2018:01:43:06 -0500] "GET /BLA/resoluciones/AUTOS%202012/2034.pdf HTTP/1.1" 200 1800738
116.62.148.42 - - [26/Jul/2018:01:43:11 -0500] "-" 408 -
179.51.109.52 - - [26/Jul/2018:01:43:24 -0500] "GET /BLA/boletinlegal/js/jquery.scrollShow.js HTTP/1.1" 200 4586
179.51.109.52 - - [26/Jul/2018:01:43:28 -0500] "GET /BLA/boletinlegal/js/jquery.scrollShow.js HTTP/1.1" 304 -
179.51.109.52 - - [26/Jul/2018:01:43:28 -0500] "GET /galeria/galeria/jquery.fancybox.css?v=2.1.5 HTTP/1.1" 304 -
179.51.109.52 - - [26/Jul/2018:01:43:28 -0500] "GET /galeria/galeria/jquery.fancybox.js?v=2.1.5 HTTP/1.1" 304 -
66.249.64.141 - - [26/Jul/2018:01:43:34 -0500] "GET /BLA/resoluciones/AUTOS%202015/4248.pdf HTTP/1.1" 200 465534
116.62.148.42 - - [26/Jul/2018:01:43:38 -0500] "-" 408 -
116.62.148.42 - - [26/Jul/2018:01:43:47 -0500] "-" 408 -
69.162.124.232 - - [26/Jul/2018:01:44:01 -0500] "HEAD / HTTP/1.1" 200 -
116.62.148.42 - - [26/Jul/2018:01:44:05 -0500] "-" 408 -
116.62.148.42 - - [26/Jul/2018:01:44:23 -0500] "-" 408 -
66.249.64.137 - - [26/Jul/2018:01:44:30 -0500] "GET /BLA/resoluciones/AUTOS%202016/0326.pdf HTTP/1.1" 200 463013
116.62.148.42 - - [26/Jul/2018:01:44:41 -0500] "-" 408 -
66.249.64.139 - - [26/Jul/2018:01:44:58 -0500] "GET /BLA/resoluciones/RESOLUCIONES%202014/0085.pdf HTTP/1.1" 200 457041
116.62.148.42 - - [26/Jul/2018:01:45:00 -0500] "-" 408 -
116.62.148.42 - - [26/Jul/2018:01:45:17 -0500] "-" 408 -
66.249.64.139 - - [26/Jul/2018:01:45:26 -0500] "GET /BLA/resoluciones/RESOLUCIONES%202016/1805.pdf HTTP/1.1" 304 -
116.62.148.42 - - [26/Jul/2018:01:45:35 -0500] "-" 408 -
192.168.175.104 - - [26/Jul/2018:01:45:36 -0500] "GET / HTTP/1.1" 200 9990
116.62.148.42 - - [26/Jul/2018:01:45:53 -0500] "-" 408 -
192.168.175.104 - - [26/Jul/2018:01:45:54 -0500] "GET / HTTP/1.0" 200 9990
66.249.64.137 - - [26/Jul/2018:01:45:54 -0500] "GET /BLA/resoluciones/RESOLUCIONES%202007/RES%202007%20301%20AL%20400/RESOLUCION%200356%20DE%202007.pdf HTTP/1.1" 200 261198
116.62.148.42 - - [26/Jul/2018:01:46:14 -0500] "-" 408 -
216.244.66.195 - - [26/Jul/2018:01:46:22 -0500] "GET /robots.txt HTTP/1.1" 404 1018
116.62.148.42 - - [26/Jul/2018:01:46:50 -0500] "-" 408 -
116.62.148.42 - - [26/Jul/2018:01:47:06 -0500] "-" 408 -
192.168.175.104 - - [26/Jul/2018:01:47:13 -0500] "GET / HTTP/1.1" 200 9990
116.62.148.42 - - [26/Jul/2018:01:47:23 -0500] "-" 408 -
116.62.148.42 - - [26/Jul/2018:01:47:41 -0500] "-" 408 -
116.62.148.42 - - [26/Jul/2018:01:47:59 -0500] "-" 408 -
116.62.148.42 - - [26/Jul/2018:01:48:17 -0500] "-" 408 -
116.62.148.42 - - [26/Jul/2018:01:48:35 -0500] "-" 408 -
116.62.148.42 - - [26/Jul/2018:01:48:53 -0500] "-" 408 -
69.162.124.232 - - [26/Jul/2018:01:49:01 -0500] "HEAD / HTTP/1.1" 200 -
116.62.148.42 - - [26/Jul/2018:01:49:11 -0500] "-" 408 -
116.62.148.42 - - [26/Jul/2018:01:49:29 -0500] "-" 408 -
116.62.148.42 - - [26/Jul/2018:01:49:47 -0500] "-" 408 -
116.62.148.42 - - [26/Jul/2018:01:50:05 -0500] "-" 408 -
116.62.148.42 - - [26/Jul/2018:01:50:23 -0500] "-" 408 -
163.172.68.123 - - [26/Jul/2018:01:50:26 -0500] "GET /galeria/carrusel/Carrusel/jquery.thumbnailScroller.css HTTP/1.1" 200 2066
163.172.68.123 - - [26/Jul/2018:01:50:26 -0500] "GET /galeria/galeria/jquery.fancybox.css?v=2.1.5 HTTP/1.1" 200 4895
163.172.68.123 - - [26/Jul/2018:01:50:26 -0500] "GET /galeria/galeria/jquery.fancybox.js?v=2.1.5 HTTP/1.1" 200 48706
163.172.68.123 - - [26/Jul/2018:01:50:26 -0500] "GET /BLA/boletinlegal/js/jquery.scrollShow.js HTTP/1.1" 200 4586
163.172.68.123 - - [26/Jul/2018:01:50:26 -0500] "GET /galeria/carrusel/Carrusel/jquery-ui-1.8.13.custom.min.js HTTP/1.1" 200 10800
163.172.68.123 - - [26/Jul/2018:01:50:27 -0500] "GET /galeria/carrusel/Carrusel/jquery.thumbnailScroller.js HTTP/1.1" 200 8157
163.172.68.123 - - [26/Jul/2018:01:50:27 -0500] "GET /galeria/nivo-slider/demo/demo.html HTTP/1.1" 200 15041
163.172.68.123 - - [26/Jul/2018:01:50:27 -0500] "GET /galeria/nivo-slider/nivo-slider.css HTTP/1.1" 200 1507
163.172.68.123 - - [26/Jul/2018:01:50:27 -0500] "GET /galeria/nivo-slider/themes/default/default.css HTTP/1.1" 200 1569
163.172.68.123 - - [26/Jul/2018:01:50:27 -0500] "GET /galeria/nivo-slider/themes/pascal/pascal.css HTTP/1.1" 200 2258
163.172.68.123 - - [26/Jul/2018:01:50:27 -0500] "GET /galeria/nivo-slider/themes/orman/orman.css HTTP/1.1" 200 2152
163.172.68.123 - - [26/Jul/2018:01:50:28 -0500] "GET /galeria/nivo-slider/demo/scripts/jquery-1.7.1.min.js HTTP/1.1" 200 93868
163.172.68.123 - - [26/Jul/2018:01:50:28 -0500] "GET /galeria/nivo-slider/demo/style.css HTTP/1.1" 200 2222
163.172.68.123 - - [26/Jul/2018:01:50:28 -0500] "GET /galeria/nivo-slider/jquery.nivo.slider.pack.js HTTP/1.1" 200 11561
192.168.175.104 - - [26/Jul/2018:01:50:34 -0500] "GET / HTTP/1.1" 200 9990
116.62.148.42 - - [26/Jul/2018:01:50:41 -0500] "-" 408 -
54.36.148.78 - - [26/Jul/2018:01:50:49 -0500] "GET /BLA/resoluciones/RESOLUCIONES%202002/RES%202002%201201-1250/20021243.tif HTTP/1.1" 200 45768
192.168.175.104 - - [26/Jul/2018:01:50:52 -0500] "GET / HTTP/1.0" 200 9990
116.62.148.42 - - [26/Jul/2018:01:50:59 -0500] "-" 408 -
116.62.148.42 - - [26/Jul/2018:01:51:17 -0500] "-" 408 -
116.62.148.42 - - [26/Jul/2018:01:51:35 -0500] "-" 408 -
116.62.148.42 - - [26/Jul/2018:01:51:53 -0500] "-" 408 -
192.168.175.104 - - [26/Jul/2018:01:52:11 -0500] "GET / HTTP/1.1" 200 9990
116.62.148.42 - - [26/Jul/2018:01:52:11 -0500] "-" 408 -
116.62.148.42 - - [26/Jul/2018:01:52:48 -0500] "-" 408 -
116.62.148.42 - - [26/Jul/2018:01:53:05 -0500] "-" 408 -
116.62.148.42 - - [26/Jul/2018:01:53:23 -0500] "-" 408 -
66.249.64.137 - - [26/Jul/2018:01:53:24 -0500] "GET /BLA/resoluciones/AUTOS%202008/0757.pdf HTTP/1.1" 200 87143
116.62.148.42 - - [26/Jul/2018:01:53:41 -0500] "-" 408 -
157.55.39.207 - - [26/Jul/2018:01:53:47 -0500] "GET /SIG/Gesti%C3%B3n%20de%20Recursos%20F%C3%ADsicos/126PA04-PR23.pdf HTTP/1.1" 200 90596
66.249.64.139 - - [26/Jul/2018:01:53:52 -0500] "GET /BLA/resoluciones/RESOLUCIONES%202007/RES%202007%203301%20AL%203400/RESOLUCION%203376%20DE%202007.pdf HTTP/1.1" 200 472622
69.162.124.232 - - [26/Jul/2018:01:54:01 -0500] "HEAD / HTTP/1.1" 200 -
116.62.148.42 - - [26/Jul/2018:01:54:17 -0500] "-" 408 -
66.249.64.137 - - [26/Jul/2018:01:54:48 -0500] "GET /BLA/resoluciones/RESOLUCIONES%202008/4921.pdf HTTP/1.1" 200 416005
116.62.148.42 - - [26/Jul/2018:01:54:53 -0500] "-" 408 -
35.240.120.10 - - [26/Jul/2018:01:55:03 -0500] "-" 408 -
116.62.148.42 - - [26/Jul/2018:01:55:11 -0500] "-" 408 -
66.249.64.137 - - [26/Jul/2018:01:55:16 -0500] "GET /BLA/resoluciones/AUTOS%202016/0669.pdf HTTP/1.1" 200 480238
116.62.148.42 - - [26/Jul/2018:01:55:29 -0500] "-" 408 -
192.168.175.104 - - [26/Jul/2018:01:55:32 -0500] "GET / HTTP/1.1" 200 9990
66.249.64.141 - - [26/Jul/2018:01:55:44 -0500] "GET /BLA/resoluciones/AUTOS%202008/0673.pdf HTTP/1.1" 200 299993
116.62.148.42 - - [26/Jul/2018:01:55:47 -0500] "-" 408 -
192.168.175.104 - - [26/Jul/2018:01:55:50 -0500] "GET / HTTP/1.0" 200 9990
116.62.148.42 - - [26/Jul/2018:01:56:05 -0500] "-" 408 -
66.249.64.137 - - [26/Jul/2018:01:56:12 -0500] "GET /BLA/resoluciones/AUTOS%202015/4127.pdf HTTP/1.1" 200 435845
116.62.148.42 - - [26/Jul/2018:01:56:26 -0500] "-" 408 -
66.249.64.137 - - [26/Jul/2018:01:56:40 -0500] "GET /BLA/resoluciones/AUTOS%202014/4099.pdf HTTP/1.1" 200 196611
116.62.148.42 - - [26/Jul/2018:01:56:41 -0500] "-" 408 -
116.62.148.42 - - [26/Jul/2018:01:56:59 -0500] "-" 408 -
192.168.175.104 - - [26/Jul/2018:01:57:09 -0500] "GET / HTTP/1.1" 200 9990
66.249.64.137 - - [26/Jul/2018:01:57:09 -0500] "GET /BLA/resoluciones/RESOLUCIONES%202009/0450.pdf HTTP/1.1" 200 1201430
116.62.148.42 - - [26/Jul/2018:01:57:17 -0500] "-" 408 -
152.201.184.159 - - [26/Jul/2018:01:57:18 -0500] "GET /galeria/galeria/jquery.fancybox.css?v=2.1.5 HTTP/1.1" 200 4895
152.201.184.159 - - [26/Jul/2018:01:57:18 -0500] "GET /BLA/boletinlegal/js/jquery.scrollShow.js HTTP/1.1" 200 4586
152.201.184.159 - - [26/Jul/2018:01:57:18 -0500] "GET /galeria/galeria/jquery.fancybox.js?v=2.1.5 HTTP/1.1" 200 48706
116.62.148.42 - - [26/Jul/2018:01:57:35 -0500] "-" 408 -
66.249.64.139 - - [26/Jul/2018:01:57:37 -0500] "GET /BLA/resoluciones/AUTOS%202015/0669.pdf HTTP/1.1" 200 552983
116.62.148.42 - - [26/Jul/2018:01:57:53 -0500] "-" 408 -
54.36.148.124 - - [26/Jul/2018:01:58:03 -0500] "GET /BLA/resoluciones/RESOLUCIONES%202006/RES%202006%20901-950/00000946.tif HTTP/1.1" 200 77510
66.249.64.139 - - [26/Jul/2018:01:58:05 -0500] "GET /BLA/resoluciones/AUTOS%202008/0408.pdf HTTP/1.1" 200 80893
116.62.148.42 - - [26/Jul/2018:01:58:29 -0500] "-" 408 -
116.62.148.42 - - [26/Jul/2018:01:58:47 -0500] "-" 408 -
54.36.148.101 - - [26/Jul/2018:01:58:58 -0500] "GET /BLA/resoluciones/RESOLUCIONES%202002/RES%202002%20851-900/00000891.tif HTTP/1.1" 200 187764
69.162.124.232 - - [26/Jul/2018:01:59:01 -0500] "HEAD / HTTP/1.1" 200 -
116.62.148.42 - - [26/Jul/2018:01:59:05 -0500] "-" 408 -
116.62.148.42 - - [26/Jul/2018:01:59:23 -0500] "-" 408 -
116.62.148.42 - - [26/Jul/2018:01:59:41 -0500] "-" 408 -
207.46.13.123 - - [26/Jul/2018:01:58:57 -0500] "GET /bla/boletinlegal/directivas/2017/directiva%20no.%2002%20del%2017%20de%20enero%20de%202017.pdf HTTP/1.1" 200 3521427
116.62.148.42 - - [26/Jul/2018:01:59:59 -0500] "-" 408 -
116.62.148.42 - - [26/Jul/2018:02:00:17 -0500] "-" 408 -
66.249.64.30 - - [26/Jul/2018:02:00:26 -0500] "GET /ial/presentaciones/pte1/1.pdf HTTP/1.1" 404 1019
192.168.175.104 - - [26/Jul/2018:02:00:30 -0500] "GET / HTTP/1.1" 200 9990
116.62.148.42 - - [26/Jul/2018:02:00:35 -0500] "-" 408 -
66.249.64.137 - - [26/Jul/2018:02:00:43 -0500] "GET /BLA/resoluciones/RESOLUCIONES%202010/5185.pdf HTTP/1.1" 200 849599
192.168.175.104 - - [26/Jul/2018:02:00:48 -0500] "GET / HTTP/1.0" 200 9990
116.62.148.42 - - [26/Jul/2018:02:01:29 -0500] "-" 408 -
116.62.148.42 - - [26/Jul/2018:02:01:47 -0500] "-" 408 -
116.62.148.42 - - [26/Jul/2018:02:02:05 -0500] "-" 408 -
192.168.175.104 - - [26/Jul/2018:02:02:06 -0500] "GET / HTTP/1.1" 200 9990
116.62.148.42 - - [26/Jul/2018:02:02:23 -0500] "-" 408 -
201.245.192.253 - - [26/Jul/2018:02:01:33 -0500] "POST /kwsrmcab/Wsrmcab HTTP/1.1" 200 23582
116.62.148.42 - - [26/Jul/2018:02:02:59 -0500] "-" 408 -
201.245.192.253 - - [26/Jul/2018:02:02:29 -0500] "POST /kwsrmcab/Wsrmcab HTTP/1.1" 200 213
116.62.148.42 - - [26/Jul/2018:02:03:17 -0500] "-" 408 -
54.36.149.101 - - [26/Jul/2018:02:03:23 -0500] "GET /BLA/resoluciones/RESOLUCIONES%202003/RES%202003%201651-1700/20031667.tif HTTP/1.1" 200 202760
116.62.148.42 - - [26/Jul/2018:02:03:35 -0500] "-" 408 -
54.36.148.243 - - [26/Jul/2018:02:03:52 -0500] "GET /BLA/resoluciones/RESOLUCIONES%202003/RES%202003%20551-600/594.tif HTTP/1.1" 200 172160
116.62.148.42 - - [26/Jul/2018:02:03:53 -0500] "-" 408 -
69.162.124.232 - - [26/Jul/2018:02:04:01 -0500] "HEAD / HTTP/1.1" 200 -
116.62.148.42 - - [26/Jul/2018:02:04:14 -0500] "-" 408 -
116.62.148.42 - - [26/Jul/2018:02:04:29 -0500] "-" 408 -
116.62.148.42 - - [26/Jul/2018:02:04:47 -0500] "-" 408 -
116.62.148.42 - - [26/Jul/2018:02:05:08 -0500] "-" 408 -
54.36.149.20 - - [26/Jul/2018:02:05:11 -0500] "GET /BLA/resoluciones/RESOLUCIONES%202002/RES%202002%20401-450/00000440.tif HTTP/1.1" 200 176892
116.62.148.42 - - [26/Jul/2018:02:05:23 -0500] "-" 408 -
66.249.64.141 - - [26/Jul/2018:02:05:27 -0500] "GET /BLA/resoluciones/RESOLUCIONES%202008/1308.pdf HTTP/1.1" 200 430019
192.168.175.104 - - [26/Jul/2018:02:05:28 -0500] "GET / HTTP/1.1" 200 9990
116.62.148.42 - - [26/Jul/2018:02:05:41 -0500] "-" 408 -
66.249.64.139 - - [26/Jul/2018:02:05:41 -0500] "GET /resoluciones/RESOLUCIONES%202008/1859.pdf HTTP/1.1" 404 1018
192.168.175.104 - - [26/Jul/2018:02:05:46 -0500] "GET / HTTP/1.0" 200 9990
66.249.64.137 - - [26/Jul/2018:02:05:56 -0500] "GET /BLA/resoluciones/RESOLUCIONES%202008/3088.pdf HTTP/1.1" 200 295906
116.62.148.42 - - [26/Jul/2018:02:05:59 -0500] "-" 408 -
66.249.64.137 - - [26/Jul/2018:02:06:12 -0500] "GET /BLA/resoluciones/RESOLUCIONES%202008/1257.pdf HTTP/1.1" 200 1082799
116.62.148.42 - - [26/Jul/2018:02:06:20 -0500] "-" 408 -
116.62.148.42 - - [26/Jul/2018:02:06:35 -0500] "-" 408 -
186.113.10.19 - - [26/Jul/2018:02:06:52 -0500] "GET /galeria/nivo-slider/demo/images/dia-del-agua-banner.jpg HTTP/1.1" 304 -
116.62.148.42 - - [26/Jul/2018:02:06:53 -0500] "-" 408 -
66.249.64.137 - - [26/Jul/2018:02:07:03 -0500] "GET /POT-2013/SEGUIMIENTO/Microsoft%20Word%20-%20seguimiento_evaluacion%20POT%20Oct%2029.doc.pdf HTTP/1.1" 200 791863
35.240.120.10 - - [26/Jul/2018:02:07:03 -0500] "-" 408 -
192.168.175.104 - - [26/Jul/2018:02:07:05 -0500] "GET / HTTP/1.1" 200 9990
116.62.148.42 - - [26/Jul/2018:02:07:11 -0500] "-" 408 -
116.62.148.42 - - [26/Jul/2018:02:07:29 -0500] "-" 408 -
116.62.148.42 - - [26/Jul/2018:02:07:47 -0500] "-" 408 -
66.249.64.137 - - [26/Jul/2018:02:07:55 -0500] "GET /BLA/resoluciones/AUTOS%202012/0163.pdf HTTP/1.1" 200 594718
116.62.148.42 - - [26/Jul/2018:02:08:05 -0500] "-" 408 -
66.249.64.137 - - [26/Jul/2018:02:08:23 -0500] "GET /BLA/resoluciones/RESOLUCIONES%202011/0309.pdf HTTP/1.1" 200 85183
116.62.148.42 - - [26/Jul/2018:02:08:26 -0500] "-" 408 -
66.249.64.139 - - [26/Jul/2018:02:08:39 -0500] "GET /BLA/resoluciones/RESOLUCIONES%202009/0228.pdf HTTP/1.1" 200 240848
66.249.64.139 - - [26/Jul/2018:02:08:40 -0500] "GET /BLA/resoluciones/AUTOS%202014/0436.pdf HTTP/1.1" 200 433144
116.62.148.42 - - [26/Jul/2018:02:08:41 -0500] "-" 408 -
66.249.64.137 - - [26/Jul/2018:02:08:51 -0500] "GET /autoliquidacion/index.php?dir= HTTP/1.1" 200 6377
116.62.148.42 - - [26/Jul/2018:02:08:59 -0500] "-" 408 -
69.162.124.232 - - [26/Jul/2018:02:09:01 -0500] "HEAD / HTTP/1.1" 200 -
116.62.148.42 - - [26/Jul/2018:02:09:17 -0500] "-" 408 -
66.249.64.141 - - [26/Jul/2018:02:09:19 -0500] "GET /BLA/resoluciones/RESOLUCIONES%202012/1241.pdf HTTP/1.1" 200 1139998
116.62.148.42 - - [26/Jul/2018:02:09:35 -0500] "-" 408 -
66.249.64.137 - - [26/Jul/2018:02:09:47 -0500] "GET /BLA/resoluciones/AUTOS%202014/2525.pdf HTTP/1.1" 200 700960
116.62.148.42 - - [26/Jul/2018:02:09:53 -0500] "-" 408 -
66.249.64.137 - - [26/Jul/2018:02:09:57 -0500] "GET /resoluciones/RESOLUCIONES%202008/3500.pdf HTTP/1.1" 404 1018
116.62.148.42 - - [26/Jul/2018:02:10:11 -0500] "-" 408 -
66.249.64.139 - - [26/Jul/2018:02:10:16 -0500] "GET /BLA/resoluciones/RESOLUCIONES%202007/RES%202007%203701%20AL%203800/RESOLUCION%203707%20DE%202007.pdf HTTP/1.1" 200 155160
192.168.175.104 - - [26/Jul/2018:02:10:27 -0500] "GET / HTTP/1.1" 200 9990
116.62.148.42 - - [26/Jul/2018:02:10:29 -0500] "-" 408 -
66.249.64.137 - - [26/Jul/2018:02:10:36 -0500] "GET /BLA/resoluciones/AUTOS%202012/1055.pdf HTTP/1.1" 200 210353
66.249.64.137 - - [26/Jul/2018:02:10:43 -0500] "GET /BLA/resoluciones/AUTOS%202016/2719.pdf HTTP/1.1" 200 684612
220.181.125.82 - - [26/Jul/2018:02:10:44 -0500] "GET /resoluciones/RESOLUCIONES%202009/0237.pdf HTTP/1.1" 404 1018
192.168.175.104 - - [26/Jul/2018:02:10:44 -0500] "GET / HTTP/1.0" 200 9990
116.62.148.42 - - [26/Jul/2018:02:10:47 -0500] "-" 408 -
66.249.64.137 - - [26/Jul/2018:02:10:48 -0500] "GET /resoluciones/RESOLUCIONES%202008/1712.pdf HTTP/1.1" 404 1018
66.249.64.137 - - [26/Jul/2018:02:10:56 -0500] "GET /BLA/resoluciones/AUTOS%202007/0288.pdf HTTP/1.1" 200 117249
220.181.125.82 - - [26/Jul/2018:02:10:57 -0500] "GET /resoluciones/RESOLUCIONES%202009/0809.pdf HTTP/1.1" 404 1018
66.249.64.137 - - [26/Jul/2018:02:11:03 -0500] "GET /BLA/resoluciones/RESOLUCIONES%202004/RES%202004%20551-600/00000562.tif HTTP/1.1" 304 -
116.62.148.42 - - [26/Jul/2018:02:11:05 -0500] "-" 408 -
66.249.64.137 - - [26/Jul/2018:02:11:07 -0500] "GET /BLA/resoluciones/RESOLUCIONES%202007/RES%202007%202301%20AL%202400/RESOLUCION%202368%20DE%202007.pdf HTTP/1.1" 200 218910
220.181.125.82 - - [26/Jul/2018:02:11:09 -0500] "GET /BLA/boletinlegal HTTP/1.1" 301 311
66.249.64.137 - - [26/Jul/2018:02:11:11 -0500] "GET /BLA/resoluciones/AUTOS%202014/5548.pdf HTTP/1.1" 200 362203
66.249.64.137 - - [26/Jul/2018:02:11:12 -0500] "GET /BLA/resoluciones/RESOLUCIONES%202012/1038.pdf HTTP/1.1" 200 331960
66.249.64.137 - - [26/Jul/2018:02:11:15 -0500] "GET /BLA/resoluciones/AUTOS%202007/1878.pdf HTTP/1.1" 200 59618
116.62.148.42 - - [26/Jul/2018:02:11:23 -0500] "-" 408 -
66.249.64.137 - - [26/Jul/2018:02:11:39 -0500] "GET /BLA/resoluciones/AUTOS%202008/0578.pdf HTTP/1.1" 200 97145
116.62.148.42 - - [26/Jul/2018:02:11:44 -0500] "-" 408 -
116.62.148.42 - - [26/Jul/2018:02:11:59 -0500] "-" 408 -
192.168.175.104 - - [26/Jul/2018:02:12:03 -0500] "GET / HTTP/1.1" 200 9990
66.249.64.141 - - [26/Jul/2018:02:12:11 -0500] "GET /BLA/resoluciones/AUTOS%202014/1693.pdf HTTP/1.1" 200 524482
66.249.64.137 - - [26/Jul/2018:02:12:13 -0500] "GET /BLA/resoluciones/RESOLUCIONES%202008/0552.pdf HTTP/1.1" 200 117435
66.249.64.137 - - [26/Jul/2018:02:12:13 -0500] "GET /BLA/resoluciones/RESOLUCIONES%202009/8804.pdf HTTP/1.1" 200 354115
116.62.148.42 - - [26/Jul/2018:02:12:17 -0500] "-" 408 -
66.249.64.139 - - [26/Jul/2018:02:12:20 -0500] "GET /BLA/resoluciones/RESOLUCIONES%202009/0648.pdf HTTP/1.1" 200 265326
66.249.64.141 - - [26/Jul/2018:02:12:20 -0500] "GET /resoluciones/RESOLUCIONES%202007/RES%202007%20201%20AL%20300/RESOLUCION%200202%20DE%202007.pdf HTTP/1.1" 404 1018
66.249.64.95 - - [26/Jul/2018:02:12:29 -0500] "GET /dama/libreria/pdf/SAS/DX%20salud.pdf HTTP/1.1" 404 1015
220.181.125.82 - - [26/Jul/2018:02:11:19 -0500] "GET /BLA/boletinlegal/ HTTP/1.1" 200 59387
116.62.148.42 - - [26/Jul/2018:02:12:35 -0500] "-" 408 -
201.245.192.253 - - [26/Jul/2018:02:11:33 -0500] "POST /kwsrmcab/Wsrmcab HTTP/1.1" 200 23582
116.62.148.42 - - [26/Jul/2018:02:12:53 -0500] "-" 408 -
66.249.64.139 - - [26/Jul/2018:02:12:53 -0500] "GET /portel_dama/libreria/pdf/ecosistemas/restauracion/sitio/22_proye/xtras_in/3a.pdf HTTP/1.1" 404 1018
66.249.64.137 - - [26/Jul/2018:02:13:00 -0500] "GET /BLA/resoluciones/RESOLUCIONES%202015/1054.pdf HTTP/1.1" 200 487632
66.249.64.139 - - [26/Jul/2018:02:13:07 -0500] "GET /BLA/resoluciones/RESOLUCIONES%202009/0371.pdf HTTP/1.1" 200 118947
66.249.64.141 - - [26/Jul/2018:02:13:09 -0500] "GET /BLA/resoluciones/RESOLUCIONES%202009/6150.pdf HTTP/1.1" 200 624801
201.245.192.253 - - [26/Jul/2018:02:12:33 -0500] "POST /kwsrmcab/Wsrmcab HTTP/1.1" 200 16733
66.249.64.137 - - [26/Jul/2018:02:13:15 -0500] "GET /BLA/resoluciones/RESOLUCIONES%202012/0281.pdf HTTP/1.1" 200 303127
66.249.64.139 - - [26/Jul/2018:02:13:22 -0500] "GET /BLA/resoluciones/RESOLUCIONES%202009/4419.pdf HTTP/1.1" 200 662153
116.62.148.42 - - [26/Jul/2018:02:13:29 -0500] "-" 408 -
35.202.99.105 - - [26/Jul/2018:02:13:31 -0500] "GET /robots.txt HTTP/1.1" 404 1018
116.62.148.42 - - [26/Jul/2018:02:13:47 -0500] "-" 408 -
66.249.64.137 - - [26/Jul/2018:02:13:59 -0500] "GET /BLA/resoluciones/RESOLUCIONES%202010/1989.pdf HTTP/1.1" 200 339200
69.162.124.232 - - [26/Jul/2018:02:14:01 -0500] "HEAD / HTTP/1.1" 200 -
66.249.64.141 - - [26/Jul/2018:02:14:02 -0500] "GET /BLA/resoluciones/RESOLUCIONES%202010/7221.pdf HTTP/1.1" 200 917568
35.233.36.178 - - [26/Jul/2018:02:14:03 -0500] "-" 408 -
116.62.148.42 - - [26/Jul/2018:02:14:05 -0500] "-" 408 -
66.249.64.141 - - [26/Jul/2018:02:14:06 -0500] "GET /resoluciones/RESOLUCIONES%202010/2029.pdf HTTP/1.1" 404 1018
66.249.64.143 - - [26/Jul/2018:02:14:09 -0500] "GET /resoluciones/RESOLUCIONES%202009/1335.pdf HTTP/1.1" 404 1018
66.249.64.137 - - [26/Jul/2018:02:14:15 -0500] "GET /BLA/resoluciones/RESOLUCIONES%202010/4171.pdf HTTP/1.1" 200 755723
66.249.64.143 - - [26/Jul/2018:02:14:24 -0500] "GET /BLA/resoluciones/RESOLUCIONES%202008/5524.pdf HTTP/1.1" 200 46698
66.249.64.141 - - [26/Jul/2018:02:14:29 -0500] "GET /BLA/resoluciones/RESOLUCIONES%202007/RES%202007%202501%20AL%202600/RESOLUCION%202515%20DE%202007.pdf HTTP/1.1" 200 260973
66.249.64.137 - - [26/Jul/2018:02:14:31 -0500] "GET /BLA/resoluciones/RESOLUCIONES%202010/3317.pdf HTTP/1.1" 200 498723
216.244.66.195 - - [26/Jul/2018:02:14:32 -0500] "GET /robots.txt HTTP/1.1" 404 1018
116.62.148.42 - - [26/Jul/2018:02:14:41 -0500] "-" 408 -
66.249.64.137 - - [26/Jul/2018:02:14:42 -0500] "GET /BLA/resoluciones/RESOLUCIONES%202012/0415.pdf HTTP/1.1" 200 422093
66.249.64.139 - - [26/Jul/2018:02:14:44 -0500] "GET /BLA/resoluciones/RESOLUCIONES%202011/4956.pdf HTTP/1.1" 200 351467
66.249.64.139 - - [26/Jul/2018:02:14:57 -0500] "GET /BLA/resoluciones/RESOLUCIONES%202010/0127.pdf HTTP/1.1" 200 384472
66.249.64.137 - - [26/Jul/2018:02:14:58 -0500] "GET /BLA/resoluciones/RESOLUCIONES%202013/1626.pdf HTTP/1.1" 200 595328
116.62.148.42 - - [26/Jul/2018:02:14:59 -0500] "-" 408 -
116.62.148.42 - - [26/Jul/2018:02:15:17 -0500] "-" 408 -
192.168.175.104 - - [26/Jul/2018:02:15:26 -0500] "GET / HTTP/1.1" 200 9990
66.249.64.137 - - [26/Jul/2018:02:15:33 -0500] "GET /BLA/resoluciones/RESOLUCIONES%202008/0760.pdf HTTP/1.1" 200 48844
66.249.64.137 - - [26/Jul/2018:02:15:38 -0500] "GET /BLA/resoluciones/RESOLUCIONES%202009/4137.pdf HTTP/1.1" 200 658458
192.168.175.104 - - [26/Jul/2018:02:15:42 -0500] "GET / HTTP/1.0" 200 9990
116.62.148.42 - - [26/Jul/2018:02:15:53 -0500] "-" 408 -
66.249.64.141 - - [26/Jul/2018:02:16:11 -0500] "GET /BLA/resoluciones/RESOLUCIONES%202012/0727.pdf HTTP/1.1" 200 407479
116.62.148.42 - - [26/Jul/2018:02:16:11 -0500] "-" 408 -
66.249.64.137 - - [26/Jul/2018:02:16:21 -0500] "GET /BLA/resoluciones/AUTOS%202013/2813.pdf HTTP/1.1" 200 259542
66.249.64.139 - - [26/Jul/2018:02:16:27 -0500] "GET /BLA/resoluciones/AUTOS%202012/1329.pdf HTTP/1.1" 200 159068
116.62.148.42 - - [26/Jul/2018:02:16:29 -0500] "-" 408 -
66.249.64.95 - - [26/Jul/2018:02:16:35 -0500] "GET /portel_dama/libreria/pdf/Memoriasdecapacitacinenincendiosforestales2005.pdf HTTP/1.1" 404 1015
190.113.210.237 - - [26/Jul/2018:02:16:43 -0500] "GET /BLA/boletinlegal/js/jquery.scrollShow.js HTTP/1.1" 200 4586
190.113.210.237 - - [26/Jul/2018:02:16:43 -0500] "GET /galeria/galeria/jquery.fancybox.js?v=2.1.5 HTTP/1.1" 200 48706
190.113.210.237 - - [26/Jul/2018:02:16:43 -0500] "GET /galeria/galeria/jquery.fancybox.css?v=2.1.5 HTTP/1.1" 200 4895
66.249.64.137 - - [26/Jul/2018:02:16:44 -0500] "GET /BLA/resoluciones/RESOLUCIONES%202008/4462.pdf HTTP/1.1" 200 696783
116.62.148.42 - - [26/Jul/2018:02:16:47 -0500] "-" 408 -
190.113.210.237 - - [26/Jul/2018:02:16:49 -0500] "GET /galeria/galeria/jquery.fancybox.js?v=2.1.5 HTTP/1.1" 304 -
190.113.210.237 - - [26/Jul/2018:02:16:49 -0500] "GET /BLA/boletinlegal/js/jquery.scrollShow.js HTTP/1.1" 304 -
190.113.210.237 - - [26/Jul/2018:02:16:50 -0500] "GET /galeria/galeria/jquery.fancybox.css?v=2.1.5 HTTP/1.1" 304 -
66.249.64.139 - - [26/Jul/2018:02:16:51 -0500] "GET /BLA/resoluciones/RESOLUCIONES%202009/2817.pdf HTTP/1.1" 200 405869
192.168.175.104 - - [26/Jul/2018:02:17:01 -0500] "GET / HTTP/1.1" 200 9990
116.62.148.42 - - [26/Jul/2018:02:17:06 -0500] "-" 408 -
66.249.64.137 - - [26/Jul/2018:02:17:07 -0500] "GET /BLA/resoluciones/RESOLUCIONES%202012/0716.pdf HTTP/1.1" 200 179002
66.249.64.128 - - [26/Jul/2018:02:17:10 -0500] "GET /portel_dama/libreria/php/2006/ECOSISTEMAS%20FINAL%20web_mz27/restauracion/sitio/22_proye/xtras_in/2a.pdf HTTP/1.1" 404 1018
66.249.64.137 - - [26/Jul/2018:02:17:12 -0500] "GET /BLA/resoluciones/RESOLUCIONES%202011/3340.pdf HTTP/1.1" 200 613208
66.249.64.137 - - [26/Jul/2018:02:17:14 -0500] "GET /resoluciones/RESOLUCIONES%202009/2869.pdf HTTP/1.1" 404 1018
66.249.64.141 - - [26/Jul/2018:02:17:16 -0500] "GET /BLA/resoluciones/RESOLUCIONES%202008/1495.pdf HTTP/1.1" 200 327251
116.62.148.42 - - [26/Jul/2018:02:17:23 -0500] "-" 408 -
66.249.64.158 - - [26/Jul/2018:02:17:29 -0500] "GET /portel_dama/libreria/php/2006/ECOSISTEMAS%20FINAL%20web_mz27/restauracion/sitio/22_proye/xtras_in/cni_3.pdf HTTP/1.1" 404 1018
66.249.64.137 - - [26/Jul/2018:02:17:31 -0500] "GET /BLA/resoluciones/AUTOS%202007/1405.pdf HTTP/1.1" 200 31093
116.62.148.42 - - [26/Jul/2018:02:17:41 -0500] "-" 408 -
66.249.64.139 - - [26/Jul/2018:02:17:44 -0500] "GET /BLA/resoluciones/AUTOS%202013/1006.pdf HTTP/1.1" 200 546255
116.62.148.42 - - [26/Jul/2018:02:17:59 -0500] "-" 408 -
66.249.64.137 - - [26/Jul/2018:02:18:01 -0500] "GET /BLA/resoluciones/RESOLUCIONES%202009/0080.pdf HTTP/1.1" 200 163848
66.249.64.139 - - [26/Jul/2018:02:18:06 -0500] "GET /BLA/resoluciones/RESOLUCIONES%202009/5439.pdf HTTP/1.1" 200 527507
66.249.64.139 - - [26/Jul/2018:02:18:18 -0500] "GET /BLA/resoluciones/RESOLUCIONES%202014/0305.pdf HTTP/1.1" 200 497909
116.62.148.42 - - [26/Jul/2018:02:18:20 -0500] "-" 408 -
66.249.64.137 - - [26/Jul/2018:02:18:23 -0500] "GET /BLA/resoluciones/AUTOS%202014/1133.pdf HTTP/1.1" 200 411250
66.249.64.137 - - [26/Jul/2018:02:18:25 -0500] "GET /BLA/resoluciones/AUTOS%202013/0335.pdf HTTP/1.1" 200 1687303
66.249.64.137 - - [26/Jul/2018:02:18:30 -0500] "GET /BLA/resoluciones/RESOLUCIONES%202011/1036.pdf HTTP/1.1" 200 86919
66.249.64.158 - - [26/Jul/2018:02:18:32 -0500] "GET /portel_dama/libreria/php/2006/restauracion/22_proye/xtras_in/cni_3.pdf HTTP/1.1" 404 1018
66.249.64.19 - - [26/Jul/2018:02:18:34 -0500] "GET /portel_dama/libreria/php/2006/ECOSISTEMAS%20FINAL%20web_mz27/x%20restauracion/sitio/55_artic/xtras/13.pdf HTTP/1.1" 404 1019
66.249.64.139 - - [26/Jul/2018:02:18:35 -0500] "GET /BLA/resoluciones/AUTOS%202012/0514.pdf HTTP/1.1" 200 300762
116.62.148.42 - - [26/Jul/2018:02:18:36 -0500] "-" 408 -
66.249.64.141 - - [26/Jul/2018:02:18:36 -0500] "GET /BLA/resoluciones/AUTOS%202012/0525.pdf HTTP/1.1" 200 268564
66.249.64.137 - - [26/Jul/2018:02:18:44 -0500] "GET /BLA/resoluciones/RESOLUCIONES%202007/RES%202007%203401%20AL%203500/RESOLUCION%203414%20DE%202007.pdf HTTP/1.1" 200 398608
66.249.64.141 - - [26/Jul/2018:02:18:46 -0500] "GET /BLA/resoluciones/RESOLUCIONES%202007/RES%202007%20101%20AL%20200/RESOLUCION%200110%20%20DE%202007.pdf HTTP/1.1" 200 1605474
66.249.64.145 - - [26/Jul/2018:02:18:50 -0500] "GET /BLA/resoluciones/AUTOS%202012/0343.pdf HTTP/1.1" 200 329341
66.249.64.145 - - [26/Jul/2018:02:18:51 -0500] "GET /BLA/resoluciones/RESOLUCIONES%202008/3740.pdf HTTP/1.1" 200 242537
116.62.148.42 - - [26/Jul/2018:02:18:53 -0500] "-" 408 -
66.249.64.137 - - [26/Jul/2018:02:18:53 -0500] "GET /BLA/resoluciones/RESOLUCIONES%202009/1971.pdf HTTP/1.1" 200 669621
69.162.124.232 - - [26/Jul/2018:02:19:01 -0500] "HEAD / HTTP/1.1" 200 -
66.249.64.139 - - [26/Jul/2018:02:19:03 -0500] "GET /BLA/resoluciones/RESOLUCIONES%202013/0041.pdf HTTP/1.1" 200 352322
66.249.64.128 - - [26/Jul/2018:02:19:05 -0500] "GET /portel_dama/libreria/php/2006/ECOSISTEMAS%20FINAL%20web_mz27/x%20restauracion/sitio/22_proye/xtras_in/3a.pdf HTTP/1.1" 404 1018
66.249.64.147 - - [26/Jul/2018:02:19:09 -0500] "GET /BLA/resoluciones/RESOLUCIONES%202009/4796.pdf HTTP/1.1" 200 376216
66.249.64.143 - - [26/Jul/2018:02:19:10 -0500] "GET /BLA/resoluciones/RESOLUCIONES%202007/RES%202007%203001%20AL%203100/RESOLUCION%203018%20DE%202007.pdf HTTP/1.1" 200 236539
116.62.148.42 - - [26/Jul/2018:02:19:11 -0500] "-" 408 -
66.249.64.147 - - [26/Jul/2018:02:19:11 -0500] "GET /portel_dama/libreria/php/2006/ECOSISTEMAS%20FINAL%20web_mz27/restauracion/sitio/22_proye/xtras_in/cni_3.pdf HTTP/1.1" 404 1018
66.249.64.149 - - [26/Jul/2018:02:19:14 -0500] "GET /BLA/resoluciones/RESOLUCIONES%202013/0056.pdf HTTP/1.1" 200 592311
66.249.64.137 - - [26/Jul/2018:02:19:15 -0500] "GET /BLA/resoluciones/RESOLUCIONES%202008/3161.pdf HTTP/1.1" 200 224838
66.249.64.147 - - [26/Jul/2018:02:19:24 -0500] "GET /BLA/resoluciones/RESOLUCIONES%202009/0702.pdf HTTP/1.1" 200 248706
66.249.64.19 - - [26/Jul/2018:02:19:26 -0500] "GET /portel_dama/libreria/php/2006/ECOSISTEMAS%20FINAL%20web_mz27/restauracion/sitio/55_artic/xtras/13.pdf HTTP/1.1" 404 1019
66.249.64.65 - - [26/Jul/2018:02:19:28 -0500] "GET /POT-2013/SEGUIMIENTO/Microsoft%20Word%20-%20seguimiento_evaluacion%20POT%20Oct%2029.doc.pdf HTTP/1.1" 200 791863
66.249.64.139 - - [26/Jul/2018:02:19:30 -0500] "GET /BLA/resoluciones/RESOLUCIONES%202008/4428.pdf HTTP/1.1" 200 551577
66.249.64.139 - - [26/Jul/2018:02:19:37 -0500] "GET /BLA/resoluciones/RESOLUCIONES%202008/3035.pdf HTTP/1.1" 200 409371
66.249.64.137 - - [26/Jul/2018:02:19:38 -0500] "GET /BLA/resoluciones/RESOLUCIONES%202008/1417.pdf HTTP/1.1" 200 278853
66.249.64.93 - - [26/Jul/2018:02:19:46 -0500] "GET /ial/presentaciones/pte1/1.pdf HTTP/1.1" 404 1015
116.62.148.42 - - [26/Jul/2018:02:19:47 -0500] "-" 408 -
66.249.64.139 - - [26/Jul/2018:02:19:50 -0500] "GET /BLA/resoluciones/AUTOS%202007/1801.pdf HTTP/1.1" 200 29449
66.249.64.141 - - [26/Jul/2018:02:19:54 -0500] "GET /BLA/resoluciones/RESOLUCIONES%202009/1253.pdf HTTP/1.1" 200 568037
66.249.64.139 - - [26/Jul/2018:02:19:55 -0500] "GET /BLA/resoluciones/RESOLUCIONES%202009/0159.pdf HTTP/1.1" 200 190105
66.249.64.139 - - [26/Jul/2018:02:19:58 -0500] "GET /portel_dama/libreria/pdf/ecosistemas/restauracion/sitio/22_proye/xtras_in/4.pdf HTTP/1.1" 404 1018
66.249.64.137 - - [26/Jul/2018:02:19:59 -0500] "GET /BLA/resoluciones/RESOLUCIONES%202009/6047.pdf HTTP/1.1" 200 494067
157.55.39.207 - - [26/Jul/2018:02:20:02 -0500] "GET /ecodirectorio/files/res/downloads/download_0051.pdf HTTP/1.1" 404 1019
66.249.64.137 - - [26/Jul/2018:02:20:03 -0500] "GET /BLA/resoluciones/RESOLUCIONES%202009/9644.pdf HTTP/1.1" 200 666256
66.249.64.137 - - [26/Jul/2018:02:20:05 -0500] "GET /BLA/resoluciones/AUTOS%202009/2019.pdf HTTP/1.1" 200 100465
116.62.148.42 - - [26/Jul/2018:02:20:05 -0500] "-" 408 -
186.113.10.19 - - [26/Jul/2018:02:20:05 -0500] "GET /galeria/nivo-slider/demo/images/Urgente.jpg HTTP/1.1" 304 -
66.249.64.139 - - [26/Jul/2018:02:20:05 -0500] "GET /BLA/resoluciones/RESOLUCIONES%202008/4054.pdf HTTP/1.1" 200 828793
66.249.64.19 - - [26/Jul/2018:02:20:07 -0500] "GET /portel_dama/libreria/php/2006/ECOSISTEMAS%20FINAL%20web_mz27/xxxxx%20incendios/sitio/xtras/2.pdf HTTP/1.1" 404 1019
66.249.64.141 - - [26/Jul/2018:02:20:12 -0500] "GET /BLA/resoluciones/AUTOS%202008/1972.pdf HTTP/1.1" 200 90468
66.249.64.143 - - [26/Jul/2018:02:20:15 -0500] "GET /BLA/resoluciones/AUTOS%202014/1743.pdf HTTP/1.1" 200 618035
66.249.64.137 - - [26/Jul/2018:02:20:19 -0500] "GET /BLA/resoluciones/RESOLUCIONES%202007/RES%202007%201726%20AL%201800/RESOLUCION%201786%20DE%202007.pdf HTTP/1.1" 200 499924
66.249.64.137 - - [26/Jul/2018:02:20:20 -0500] "GET /BLA/resoluciones/RESOLUCIONES%202008/3830.pdf HTTP/1.1" 200 267266
66.249.64.137 - - [26/Jul/2018:02:20:22 -0500] "GET /BLA/resoluciones/AUTOS%202007/2964.pdf HTTP/1.1" 200 121502
116.62.148.42 - - [26/Jul/2018:02:20:23 -0500] "-" 408 -
192.168.175.104 - - [26/Jul/2018:02:20:24 -0500] "GET / HTTP/1.1" 200 9990
66.249.64.137 - - [26/Jul/2018:02:20:28 -0500] "GET /BLA/resoluciones/RESOLUCIONES%202008/3791.pdf HTTP/1.1" 200 85906
157.55.39.48 - - [26/Jul/2018:02:20:29 -0500] "GET /robots.txt HTTP/1.1" 404 1015
66.249.64.137 - - [26/Jul/2018:02:20:33 -0500] "GET /BLA/resoluciones/RESOLUCIONES%202007/RES%202007%204301%20AL%204352/RESOLUCION%204328%20DE%202007.pdf HTTP/1.1" 200 229542
54.36.149.43 - - [26/Jul/2018:02:20:35 -0500] "GET /BLA/resoluciones/RESOLUCIONES%202002/RES%202002%201751-1800/20021767.tif HTTP/1.1" 200 223698
66.249.64.137 - - [26/Jul/2018:02:20:38 -0500] "GET /BLA/resoluciones/RESOLUCIONES%202008/3790.pdf HTTP/1.1" 200 85491
66.249.64.137 - - [26/Jul/2018:02:20:39 -0500] "GET /BLA/resoluciones/RESOLUCIONES%202009/0794.pdf HTTP/1.1" 200 405476
66.249.64.137 - - [26/Jul/2018:02:20:40 -0500] "GET /BLA/resoluciones/RESOLUCIONES%202008/2273.pdf HTTP/1.1" 200 200097
192.168.175.104 - - [26/Jul/2018:02:20:40 -0500] "GET / HTTP/1.0" 200 9990
66.249.64.137 - - [26/Jul/2018:02:20:41 -0500] "GET /portel_dama/libreria/php/2006/ECOSISTEMAS%20FINAL%20web_mz27/x%20restauracion/sitio/55_artic/xtras/13.pdf HTTP/1.1" 404 1018
116.62.148.42 - - [26/Jul/2018:02:20:41 -0500] "-" 408 -
66.249.64.137 - - [26/Jul/2018:02:20:42 -0500] "GET /BLA/resoluciones/RESOLUCIONES%202009/2620.pdf HTTP/1.1" 200 476067
66.249.64.139 - - [26/Jul/2018:02:20:44 -0500] "GET /BLA/resoluciones/AUTOS%202012/2933.pdf HTTP/1.1" 200 858856
66.249.64.139 - - [26/Jul/2018:02:20:45 -0500] "GET /BLA/resoluciones/RESOLUCIONES%202008/2605.pdf HTTP/1.1" 200 188389
157.55.39.207 - - [26/Jul/2018:02:20:49 -0500] "GET / HTTP/1.1" 200 9990
66.249.64.139 - - [26/Jul/2018:02:20:49 -0500] "GET /BLA/resoluciones/RESOLUCIONES%202008/5392.pdf HTTP/1.1" 200 211191
66.249.64.139 - - [26/Jul/2018:02:20:51 -0500] "GET /BLA/resoluciones/RESOLUCIONES%202009/9826.pdf HTTP/1.1" 200 1982638
66.249.64.141 - - [26/Jul/2018:02:20:54 -0500] "GET /BLA/resoluciones/RESOLUCIONES%202009/4411.pdf HTTP/1.1" 200 720750
66.249.64.139 - - [26/Jul/2018:02:20:55 -0500] "GET /BLA/resoluciones/AUTOS%202007/3035.pdf HTTP/1.1" 200 92509
116.62.148.42 - - [26/Jul/2018:02:20:59 -0500] "-" 408 -
66.249.64.137 - - [26/Jul/2018:02:21:01 -0500] "GET /BLA/resoluciones/RESOLUCIONES%202007/RES%202007%201401%20AL%201500/RESOLUCION%201432%20DE%202007.pdf HTTP/1.1" 200 254827
66.249.64.137 - - [26/Jul/2018:02:21:10 -0500] "GET /BLA/resoluciones/AUTOS%202008/1968.pdf HTTP/1.1" 200 88322
66.249.64.143 - - [26/Jul/2018:02:21:11 -0500] "GET /BLA/resoluciones/RESOLUCIONES%202009/9649.pdf HTTP/1.1" 200 534569
66.249.64.137 - - [26/Jul/2018:02:21:12 -0500] "GET /BLA/resoluciones/AUTOS%202006/AUTOS%202006%202801%20-%202900/00002805.tif HTTP/1.1" 200 92688
116.62.148.42 - - [26/Jul/2018:02:21:17 -0500] "-" 408 -
66.249.64.141 - - [26/Jul/2018:02:21:27 -0500] "GET /resoluciones/RESOLUCIONES%202008/2955.pdf HTTP/1.1" 404 1018
66.249.64.137 - - [26/Jul/2018:02:21:28 -0500] "GET /BLA/resoluciones/RESOLUCIONES%202007/RES%202007%201801%20AL%201900/RESOLUCION%201884%20DE%202007.pdf HTTP/1.1" 200 399948
66.249.64.141 - - [26/Jul/2018:02:21:30 -0500] "GET /BLA/resoluciones/AUTOS%202007/1499.pdf HTTP/1.1" 200 262604
66.249.64.137 - - [26/Jul/2018:02:21:31 -0500] "GET /BLA/resoluciones/RESOLUCIONES%202009/5315.pdf HTTP/1.1" 200 530285
66.249.64.137 - - [26/Jul/2018:02:21:32 -0500] "GET /BLA/resoluciones/RESOLUCIONES%202008/4084.pdf HTTP/1.1" 200 895314
66.249.64.137 - - [26/Jul/2018:02:21:33 -0500] "GET /BLA/resoluciones/RESOLUCIONES%202009/4458.pdf HTTP/1.1" 200 411262
116.62.148.42 - - [26/Jul/2018:02:21:35 -0500] "-" 408 -
66.249.64.137 - - [26/Jul/2018:02:21:41 -0500] "GET /BLA/resoluciones/AUTOS%202007/0128.pdf HTTP/1.1" 200 45701
66.249.64.137 - - [26/Jul/2018:02:21:50 -0500] "GET /BLA/resoluciones/RESOLUCIONES%202008/4842.pdf HTTP/1.1" 200 34143
116.62.148.42 - - [26/Jul/2018:02:21:53 -0500] "-" 408 -
66.249.64.141 - - [26/Jul/2018:02:21:57 -0500] "GET /BLA/resoluciones/AUTOS%202007/3828.pdf HTTP/1.1" 200 62279
66.249.64.139 - - [26/Jul/2018:02:21:58 -0500] "GET /BLA/resoluciones/RESOLUCIONES%202007/RES%202007%201001%20AL%201100/RESOLUCION%201050%20DE%202007.pdf HTTP/1.1" 200 934407
192.168.175.104 - - [26/Jul/2018:02:21:59 -0500] "GET / HTTP/1.1" 200 9990
116.62.148.42 - - [26/Jul/2018:02:22:11 -0500] "-" 408 -
66.249.64.141 - - [26/Jul/2018:02:22:13 -0500] "GET /BLA/resoluciones/RESOLUCIONES%202009/0387.pdf HTTP/1.1" 200 354736
201.245.192.253 - - [26/Jul/2018:02:21:33 -0500] "POST /kwsrmcab/Wsrmcab HTTP/1.1" 200 23582
66.249.64.137 - - [26/Jul/2018:02:22:20 -0500] "GET /BLA/resoluciones/RESOLUCIONES%202009/5728.pdf HTTP/1.1" 200 530977
116.62.148.42 - - [26/Jul/2018:02:22:29 -0500] "-" 408 -
116.62.148.42 - - [26/Jul/2018:02:22:47 -0500] "-" 408 -
66.249.64.139 - - [26/Jul/2018:02:23:04 -0500] "GET /BLA/resoluciones/Notificaciones/AUTOS%202014/5761.doc HTTP/1.1" 200 231424
116.62.148.42 - - [26/Jul/2018:02:23:08 -0500] "-" 408 -
66.249.64.137 - - [26/Jul/2018:02:23:18 -0500] "GET /BLA/resoluciones/RESOLUCIONES%202009/2644.pdf HTTP/1.1" 200 851056
116.62.148.42 - - [26/Jul/2018:02:23:23 -0500] "-" 408 -
66.249.64.137 - - [26/Jul/2018:02:23:32 -0500] "GET /BLA/resoluciones/RESOLUCIONES%202007/RES%202007%202801%20AL%202900/RESOLUCION%202893%20DE%202007.pdf HTTP/1.1" 200 1241094
116.62.148.42 - - [26/Jul/2018:02:23:41 -0500] "-" 408 -
66.249.64.137 - - [26/Jul/2018:02:23:50 -0500] "GET /BLA/resoluciones/RESOLUCIONES%202016/1866.pdf HTTP/1.1" 200 804894
116.62.148.42 - - [26/Jul/2018:02:23:59 -0500] "-" 408 -
69.162.124.232 - - [26/Jul/2018:02:24:01 -0500] "HEAD / HTTP/1.1" 200 -
116.62.148.42 - - [26/Jul/2018:02:24:17 -0500] "-" 408 -
66.249.64.139 - - [26/Jul/2018:02:24:18 -0500] "GET /BLA/resoluciones/RESOLUCIONES%202012/0409.pdf HTTP/1.1" 200 788161
116.62.148.42 - - [26/Jul/2018:02:24:35 -0500] "-" 408 -
66.249.64.141 - - [26/Jul/2018:02:24:46 -0500] "GET /BLA/resoluciones/RESOLUCIONES%202008/1525.pdf HTTP/1.1" 200 249535
116.62.148.42 - - [26/Jul/2018:02:24:53 -0500] "-" 408 -
66.249.64.139 - - [26/Jul/2018:02:25:09 -0500] "GET /BLA/resoluciones/AUTOS%202013/0550.pdf HTTP/1.1" 200 1580619
116.62.148.42 - - [26/Jul/2018:02:25:12 -0500] "-" 408 -
66.249.64.139 - - [26/Jul/2018:02:25:12 -0500] "GET /BLA/resoluciones/RESOLUCIONES%202009/7153.pdf HTTP/1.1" 200 491993
66.249.64.137 - - [26/Jul/2018:02:25:14 -0500] "GET /BLA/resoluciones/RESOLUCIONES%202008/3650.pdf HTTP/1.1" 200 1546650
192.168.175.104 - - [26/Jul/2018:02:25:22 -0500] "GET / HTTP/1.1" 200 9990
66.249.64.141 - - [26/Jul/2018:02:25:25 -0500] "GET /BLA/resoluciones/RESOLUCIONES%202009/2649.pdf HTTP/1.1" 200 517460
116.62.148.42 - - [26/Jul/2018:02:25:29 -0500] "-" 408 -
192.168.175.104 - - [26/Jul/2018:02:25:38 -0500] "GET / HTTP/1.0" 200 9990
66.249.64.137 - - [26/Jul/2018:02:25:42 -0500] "GET /BLA/resoluciones/AUTOS%202016/1914.pdf HTTP/1.1" 200 331478
116.62.148.42 - - [26/Jul/2018:02:25:47 -0500] "-" 408 -
116.62.148.42 - - [26/Jul/2018:02:26:05 -0500] "-" 408 -
66.249.64.137 - - [26/Jul/2018:02:26:10 -0500] "GET /BLA/resoluciones/AUTOS%202008/3479.pdf HTTP/1.1" 200 88153
116.62.148.42 - - [26/Jul/2018:02:26:23 -0500] "-" 408 -
66.249.64.137 - - [26/Jul/2018:02:26:38 -0500] "GET /BLA/resoluciones/RESOLUCIONES%202016/0858.pdf HTTP/1.1" 200 680942
116.62.148.42 - - [26/Jul/2018:02:26:41 -0500] "-" 408 -
192.168.175.104 - - [26/Jul/2018:02:26:57 -0500] "GET / HTTP/1.1" 200 9990
116.62.148.42 - - [26/Jul/2018:02:26:59 -0500] "-" 408 -
66.249.64.137 - - [26/Jul/2018:02:27:06 -0500] "GET /BLA/resoluciones/RESOLUCIONES%202007/RES%202007%201501%20AL%201600/RESOLUCION%201558%20DE%202007.pdf HTTP/1.1" 200 548705
116.62.148.42 - - [26/Jul/2018:02:27:17 -0500] "-" 408 -
66.249.64.139 - - [26/Jul/2018:02:27:32 -0500] "GET /BLA/resoluciones/RESOLUCIONES%202009/8812.pdf HTTP/1.1" 200 353268
66.249.64.141 - - [26/Jul/2018:02:27:34 -0500] "GET /BLA/resoluciones/RESOLUCIONES%202008/3673.pdf HTTP/1.1" 200 840748
116.62.148.42 - - [26/Jul/2018:02:27:35 -0500] "-" 408 -
116.62.148.42 - - [26/Jul/2018:02:27:53 -0500] "-" 408 -
66.249.64.83 - - [26/Jul/2018:02:28:02 -0500] "GET /inicio/wp-content/uploads/2018/01/Acciones-de-control-Humedales-a-Enero-31-de-2018.pdf HTTP/1.1" 404 1049
66.249.64.139 - - [26/Jul/2018:02:28:09 -0500] "GET /BLA/resoluciones/RESOLUCIONES%202012/1576.pdf HTTP/1.1" 200 435402
116.62.148.42 - - [26/Jul/2018:02:28:11 -0500] "-" 408 -
66.249.64.139 - - [26/Jul/2018:02:28:22 -0500] "GET /BLA/resoluciones/RESOLUCIONES%202012/0756.pdf HTTP/1.1" 200 302836
116.62.148.42 - - [26/Jul/2018:02:28:29 -0500] "-" 408 -
66.249.64.139 - - [26/Jul/2018:02:28:31 -0500] "GET /BLA/resoluciones/RESOLUCIONES%202009/9311.pdf HTTP/1.1" 200 444941
116.62.148.42 - - [26/Jul/2018:02:28:47 -0500] "-" 408 -
69.162.124.232 - - [26/Jul/2018:02:29:01 -0500] "HEAD / HTTP/1.1" 200 -
116.62.148.42 - - [26/Jul/2018:02:29:05 -0500] "-" 408 -
66.249.64.137 - - [26/Jul/2018:02:29:13 -0500] "GET /BLA/resoluciones/RESOLUCIONES%202012/0815.pdf HTTP/1.1" 200 369128
116.62.148.42 - - [26/Jul/2018:02:29:23 -0500] "-" 408 -
66.249.64.137 - - [26/Jul/2018:02:29:27 -0500] "GET /BLA/resoluciones/RESOLUCIONES%202010/0524.pdf HTTP/1.1" 200 277425
116.62.148.42 - - [26/Jul/2018:02:29:41 -0500] "-" 408 -
66.249.64.137 - - [26/Jul/2018:02:29:48 -0500] "GET /BLA/resoluciones/RESOLUCIONES%202009/3520.pdf HTTP/1.1" 200 630717
66.249.64.137 - - [26/Jul/2018:02:29:55 -0500] "GET /BLA/resoluciones/AUTOS%202011/3035.pdf HTTP/1.1" 200 111386
66.249.64.137 - - [26/Jul/2018:02:30:00 -0500] "GET /BLA/resoluciones/RESOLUCIONES%202009/0831.pdf HTTP/1.1" 200 597596
116.62.148.42 - - [26/Jul/2018:02:30:02 -0500] "-" 408 -
