90.74.139.212 - - [06/Aug/2018:02:49:18 -0500] "GET /BLA/boletinlegal/js/jquery.scrollShow.js HTTP/1.1" 200 4586
104.238.93.11 - - [06/Aug/2018:02:49:20 -0500] "GET /catalogoisis/Diccionario.php?i=1&form=0&element=3&first=yes&prefix=ti- and 1%3E1 HTTP/1.1" 200 4199
104.238.93.11 - - [06/Aug/2018:02:49:20 -0500] "GET /catalogoisis/Diccionario.php?i=1&form=0&element=3&first=yes&prefix=ti-%27 and %27x%27%3D%27x HTTP/1.1" 200 4201
104.238.93.11 - - [06/Aug/2018:02:49:20 -0500] "GET /catalogoisis/Diccionario.php?i=1&form=0&element=3&first=yes&prefix=ti-%27 and %27x%27%3D%27y HTTP/1.1" 200 4201
104.238.93.11 - - [06/Aug/2018:02:49:21 -0500] "GET /catalogoisis/Diccionario.php?i=1&form=0&element=3&first=yes&prefix=ti-\" and \"x\"%3D\"x HTTP/1.1" 200 4201
104.238.93.11 - - [06/Aug/2018:02:49:21 -0500] "GET /catalogoisis/Diccionario.php?i=1&form=0&element=3&first=yes&prefix=ti-%22 and %22x%22%3D%22y HTTP/1.1" 200 4201
104.238.93.11 - - [06/Aug/2018:02:49:39 -0500] "GET /catalogoisis/Diccionario.php?i=1&form=0&element=3&prefix=ti-&first=yes HTTP/1.1" 200 4199
104.238.93.11 - - [06/Aug/2018:02:49:40 -0500] "GET /catalogoisis/Diccionario.php?i=1&form=0&element=3&prefix=ti-&first=yes2121121121212.1 HTTP/1.1" 200 4199
192.168.175.104 - - [06/Aug/2018:02:49:52 -0500] "GET / HTTP/1.1" 200 9990
69.162.124.232 - - [06/Aug/2018:02:49:54 -0500] "HEAD / HTTP/1.1" 200 -
104.238.93.11 - - [06/Aug/2018:02:49:58 -0500] "GET /catalogoisis/Diccionario.php?i=1&form=0&element=3&prefix=ti-&first=yes and 1%3E1 HTTP/1.1" 200 4199
104.238.93.11 - - [06/Aug/2018:02:49:59 -0500] "GET /catalogoisis/Diccionario.php?i=1&form=0&element=3&prefix=ti-&first=yes%27 and %27x%27%3D%27x HTTP/1.1" 200 4199
104.238.93.11 - - [06/Aug/2018:02:49:59 -0500] "GET /catalogoisis/Diccionario.php?i=1&form=0&element=3&prefix=ti-&first=yes%27 and %27x%27%3D%27y HTTP/1.1" 200 4199
104.238.93.11 - - [06/Aug/2018:02:49:59 -0500] "GET /catalogoisis/Diccionario.php?i=1&form=0&element=3&prefix=ti-&first=yes\" and \"x\"%3D\"x HTTP/1.1" 200 4199
104.238.93.11 - - [06/Aug/2018:02:50:00 -0500] "GET /catalogoisis/Diccionario.php?i=1&form=0&element=3&prefix=ti-&first=yes%22 and %22x%22%3D%22y HTTP/1.1" 200 4199
192.168.175.104 - - [06/Aug/2018:02:50:08 -0500] "GET / HTTP/1.0" 200 9990
104.238.93.11 - - [06/Aug/2018:02:50:18 -0500] "GET /catalogoisis/Diccionario.php?form=0&element=3&prefix=ti-&first=yes&i=1 HTTP/1.0" 200 4199
54.36.148.75 - - [06/Aug/2018:02:50:34 -0500] "GET /BLA/resoluciones/RESOLUCIONES%202002/RES%202002%201451-1500/20021482.tif HTTP/1.1" 200 46138
40.77.167.162 - - [06/Aug/2018:02:50:35 -0500] "GET /BLA/boletinlegal/jurisprudencia/analisis/CUADRO%20ANALISIS%20SENTENCIA%20C-554%20DE%202007.doc HTTP/1.1" 304 -
216.244.66.195 - - [06/Aug/2018:02:51:07 -0500] "GET /BLA/resoluciones/AUTOS%202013/0622.pdf HTTP/1.1" 200 2618431
216.244.66.195 - - [06/Aug/2018:02:51:45 -0500] "GET /BLA/resoluciones/AUTOS%202013/1741.pdf HTTP/1.1" 200 1416095
216.244.66.195 - - [06/Aug/2018:02:51:51 -0500] "GET /BLA/resoluciones/AUTOS%202016/1029.pdf HTTP/1.1" 200 488229
216.244.66.195 - - [06/Aug/2018:02:51:56 -0500] "GET /BLA/resoluciones/AUTOS%202017/0612.pdf HTTP/1.1" 200 541229
216.244.66.195 - - [06/Aug/2018:02:51:59 -0500] "GET /BLA/resoluciones/RESOLUCIONES%202017/0812.pdf HTTP/1.1" 200 643664
35.189.215.158 - - [06/Aug/2018:02:52:09 -0500] "-" 408 -
23.101.169.3 - - [06/Aug/2018:02:52:37 -0500] "GET /BLA/resoluciones/AUTOS%202015/1052.pdf HTTP/1.1" 200 2210866
190.145.243.99 - - [06/Aug/2018:02:52:48 -0500] "GET /galeria/galeria/jquery.fancybox.css?v=2.1.5 HTTP/1.1" 200 4895
190.145.243.99 - - [06/Aug/2018:02:52:48 -0500] "GET /BLA/boletinlegal/js/jquery.scrollShow.js HTTP/1.1" 200 4586
190.145.243.99 - - [06/Aug/2018:02:52:48 -0500] "GET /galeria/galeria/jquery.fancybox.js?v=2.1.5 HTTP/1.1" 200 48706
35.194.11.106 - - [06/Aug/2018:02:53:02 -0500] "GET /dama/libreria/jpg/ecosistemas/aulas/aa2_1.jpg HTTP/1.0" 404 1019
192.168.175.104 - - [06/Aug/2018:02:53:45 -0500] "GET / HTTP/1.1" 200 9990
192.168.175.104 - - [06/Aug/2018:02:54:50 -0500] "GET / HTTP/1.1" 200 9990
69.162.124.232 - - [06/Aug/2018:02:54:54 -0500] "HEAD / HTTP/1.1" 200 -
195.154.123.67 - - [06/Aug/2018:02:54:54 -0500] "GET /galeria/galeria/jquery.fancybox.css?v=2.1.5 HTTP/1.1" 200 4895
195.154.123.67 - - [06/Aug/2018:02:54:54 -0500] "GET /BLA/boletinlegal/js/jquery.scrollShow.js HTTP/1.1" 200 4586
195.154.123.67 - - [06/Aug/2018:02:54:54 -0500] "GET /galeria/galeria/jquery.fancybox.js?v=2.1.5 HTTP/1.1" 200 48706
207.46.13.135 - - [06/Aug/2018:02:54:48 -0500] "GET /BLA/boletinlegal/Circulares/2012/Circular%20No.%209%20del%2021%20de%20Agosto%20de%202012.pdf HTTP/1.1" 200 1402289
192.168.175.104 - - [06/Aug/2018:02:55:05 -0500] "GET / HTTP/1.0" 200 9990
66.249.64.73 - - [06/Aug/2018:02:55:06 -0500] "GET /BLA/resoluciones/RESOLUCIONES%202008/3477.pdf HTTP/1.1" 200 379507
40.77.167.89 - - [06/Aug/2018:02:55:27 -0500] "GET /POT-2013/Cartografia/22_Sistema%20de%20Gas%20Natural_FEB.pdf HTTP/1.1" 200 4131653
66.249.64.73 - - [06/Aug/2018:02:55:28 -0500] "GET /BLA/resoluciones/RESOLUCIONES%202010/7481.pdf HTTP/1.1" 200 68557
66.249.64.77 - - [06/Aug/2018:02:55:50 -0500] "GET /BLA/resoluciones/AUTOS%202014/4264.pdf HTTP/1.1" 200 504631
66.249.64.75 - - [06/Aug/2018:02:56:08 -0500] "GET /BLA/resoluciones/RESOLUCIONES%202004/RES%202004%2001-%2050/00000037.tif HTTP/1.1" 200 100056
66.249.64.73 - - [06/Aug/2018:02:56:13 -0500] "GET /BLA/resoluciones/AUTOS%202013/3210.pdf HTTP/1.1" 200 1672004
66.249.64.73 - - [06/Aug/2018:02:56:36 -0500] "GET /galeria/mapa2/TECHO12.jpg HTTP/1.1" 304 -
66.249.70.9 - - [06/Aug/2018:02:56:39 -0500] "GET /Anexos%20estudio%20Organizacional%20SDA/ANEXO%20No.%201-%20NORMAS%20LEGALES%20DE%20ESTRUCTURA%20Y%20PLANTA/RESE%C3%91A%20HIST%C3%93RICA%20SDA-NORMAS/Acuerdo%209%20de%201990%20Concejo%20de%20Bogot%C3%A1._files/ladc.htm HTTP/1.1" 200 1071
66.249.64.73 - - [06/Aug/2018:02:56:57 -0500] "GET /BLA/resoluciones/AUTOS%202011/3954.pdf HTTP/1.1" 200 215402
104.155.60.215 - - [06/Aug/2018:02:57:09 -0500] "-" 408 -
66.249.64.73 - - [06/Aug/2018:02:57:19 -0500] "GET /BLA/resoluciones/AUTOS%202015/2016.pdf HTTP/1.1" 200 625763
66.249.64.77 - - [06/Aug/2018:02:57:42 -0500] "GET /BLA/resoluciones/RESOLUCIONES%202015/2925.pdf HTTP/1.1" 200 827697
66.249.64.75 - - [06/Aug/2018:02:58:04 -0500] "GET /BLA/resoluciones/Notificaciones/AUTOS%202015/05423.doc HTTP/1.1" 200 136847
66.249.64.73 - - [06/Aug/2018:02:58:26 -0500] "GET /BLA/resoluciones/AUTOS%202014/1794.pdf HTTP/1.1" 200 432046
192.168.175.104 - - [06/Aug/2018:02:58:43 -0500] "GET / HTTP/1.1" 200 9990
216.244.66.195 - - [06/Aug/2018:02:58:48 -0500] "GET /robots.txt HTTP/1.1" 404 1018
66.249.64.77 - - [06/Aug/2018:02:58:48 -0500] "GET /BLA/resoluciones/RESOLUCIONES%202008/2399.pdf HTTP/1.1" 200 208688
35.190.201.122 - - [06/Aug/2018:02:59:09 -0500] "-" 408 -
66.249.64.75 - - [06/Aug/2018:02:59:12 -0500] "GET /BLA/resoluciones/index.php?dir=RESOLUCIONES+2004%2FRES+2004+501-550%2F HTTP/1.1" 200 12048
40.77.167.72 - - [06/Aug/2018:02:59:37 -0500] "GET /www.bogota.gov.co/sdqs HTTP/1.1" 404 1018
192.168.175.104 - - [06/Aug/2018:02:59:48 -0500] "GET / HTTP/1.1" 200 9990
69.162.124.232 - - [06/Aug/2018:02:59:54 -0500] "HEAD / HTTP/1.1" 200 -
192.168.175.104 - - [06/Aug/2018:03:00:04 -0500] "GET / HTTP/1.0" 200 9990
54.36.148.102 - - [06/Aug/2018:03:00:48 -0500] "GET /BLA/resoluciones/RESOLUCIONES%202004/RES%202004%201951-2000/00001981.tif HTTP/1.1" 200 181872
40.77.167.127 - - [06/Aug/2018:03:00:52 -0500] "GET /galeria/galeria/fotos/juan-amarillo1G.jpg HTTP/1.1" 200 407260
185.5.249.185 - - [06/Aug/2018:03:00:54 -0500] "HEAD / HTTP/1.1" 200 -
194.67.207.9 - - [06/Aug/2018:03:00:54 -0500] "HEAD / HTTP/1.1" 200 -
194.67.210.77 - - [06/Aug/2018:03:00:54 -0500] "HEAD / HTTP/1.1" 200 -
194.67.207.94 - - [06/Aug/2018:03:00:54 -0500] "HEAD / HTTP/1.1" 200 -
66.249.64.73 - - [06/Aug/2018:03:01:07 -0500] "GET /BLA/resoluciones/AUTOS%202008/0315.pdf HTTP/1.1" 200 106711
66.249.70.11 - - [06/Aug/2018:03:01:17 -0500] "GET /Anexos%20estudio%20Organizacional%20SDA/ANEXO%20No.%201-%20NORMAS%20LEGALES%20DE%20ESTRUCTURA%20Y%20PLANTA/RESE%C3%91A%20HIST%C3%93RICA%20SDA-NORMAS/Acuerdo%209%20de%201990%20Concejo%20de%20Bogot%C3%A1._files/sisjur.htm HTTP/1.1" 200 1077
201.245.192.253 - - [06/Aug/2018:03:00:45 -0500] "POST /kwsrmcab/Wsrmcab HTTP/1.1" 200 23049
66.249.64.73 - - [06/Aug/2018:03:01:24 -0500] "GET /BLA/resoluciones/RESOLUCIONES%202009/5433.pdf HTTP/1.1" 200 390485
54.36.148.137 - - [06/Aug/2018:03:01:53 -0500] "GET /BLA/resoluciones/RESOLUCIONES%202000/2000%202900-2915.tif HTTP/1.1" 200 1525102
201.245.192.253 - - [06/Aug/2018:03:01:22 -0500] "POST /kwsrmcab/Wsrmcab HTTP/1.1" 200 213
181.49.78.45 - - [06/Aug/2018:03:01:57 -0500] "GET /BLA/resoluciones/AUTOS%202008/0729.pdf HTTP/1.1" 200 93723
35.190.207.132 - - [06/Aug/2018:03:02:09 -0500] "-" 408 -
5.255.250.154 - - [06/Aug/2018:03:02:29 -0500] "GET /PruebasSTORM/silvicultura2Pruebas/ HTTP/1.1" 200 1235
5.255.250.154 - - [06/Aug/2018:03:02:50 -0500] "GET /StormSDA/nsjars/ HTTP/1.1" 200 5602
66.249.70.11 - - [06/Aug/2018:03:01:49 -0500] "GET /BLA/boletinlegal/ HTTP/1.1" 200 59387
66.249.64.73 - - [06/Aug/2018:03:03:28 -0500] "GET /BLA/resoluciones/RESOLUCIONES%202014/0434.pdf HTTP/1.1" 200 619141
192.168.175.104 - - [06/Aug/2018:03:03:40 -0500] "GET / HTTP/1.1" 200 9990
54.36.150.0 - - [06/Aug/2018:03:03:49 -0500] "GET /robots.txt HTTP/1.1" 404 1018
66.249.64.73 - - [06/Aug/2018:03:03:53 -0500] "GET /resoluciones/AUTOS%202007/3485.pdf HTTP/1.1" 404 1018
66.249.64.73 - - [06/Aug/2018:03:04:29 -0500] "GET /BLA/boletinlegal/images/pdf.gif HTTP/1.1" 304 -
192.168.175.104 - - [06/Aug/2018:03:04:46 -0500] "GET / HTTP/1.1" 200 9990
69.162.124.232 - - [06/Aug/2018:03:04:54 -0500] "HEAD / HTTP/1.1" 200 -
192.168.175.104 - - [06/Aug/2018:03:05:01 -0500] "GET / HTTP/1.0" 200 9990
23.101.169.3 - - [06/Aug/2018:03:06:08 -0500] "GET /POT-2013/Cartografia/09_EEP.pdf HTTP/1.1" 200 3326963
54.36.148.148 - - [06/Aug/2018:03:06:23 -0500] "GET /BLA/resoluciones/RESOLUCIONES%202005/RES%202005%201101-1150/00001125.tif HTTP/1.1" 200 134802
42.236.99.166 - - [06/Aug/2018:03:08:07 -0500] "GET / HTTP/1.1" 200 9990
54.36.148.252 - - [06/Aug/2018:03:08:37 -0500] "GET /BLA/resoluciones/RESOLUCIONES%202002/RES%202002%201901-1950/20021946.tif HTTP/1.1" 200 44544
192.168.175.104 - - [06/Aug/2018:03:08:38 -0500] "GET / HTTP/1.1" 200 9990
66.249.64.73 - - [06/Aug/2018:03:09:11 -0500] "GET /BLA/resoluciones/RESOLUCIONES%202004/RES%202004%201301-1350/00001313.tif HTTP/1.1" 200 110958
66.249.64.73 - - [06/Aug/2018:03:09:14 -0500] "GET /BLA/resoluciones/RESOLUCIONES%202009/0568.pdf HTTP/1.1" 200 301949
66.249.64.73 - - [06/Aug/2018:03:09:34 -0500] "GET /BLA/resoluciones/index.php?dir=RESOLUCIONES+2004%2FRES+2004+951-1000%2F HTTP/1.1" 200 12101
195.154.122.107 - - [06/Aug/2018:03:09:43 -0500] "GET /galeria/carrusel/Carrusel/jquery.thumbnailScroller.css HTTP/1.1" 200 2066
195.154.122.107 - - [06/Aug/2018:03:09:43 -0500] "GET /galeria/galeria/jquery.fancybox.css?v=2.1.5 HTTP/1.1" 200 4895
195.154.122.107 - - [06/Aug/2018:03:09:43 -0500] "GET /BLA/boletinlegal/js/jquery.scrollShow.js HTTP/1.1" 200 4586
195.154.122.107 - - [06/Aug/2018:03:09:43 -0500] "GET /galeria/galeria/jquery.fancybox.js?v=2.1.5 HTTP/1.1" 200 48706
192.168.175.104 - - [06/Aug/2018:03:09:44 -0500] "GET / HTTP/1.1" 200 9990
195.154.122.107 - - [06/Aug/2018:03:09:45 -0500] "GET /galeria/carrusel/Carrusel/jquery-ui-1.8.13.custom.min.js HTTP/1.1" 200 10800
195.154.122.107 - - [06/Aug/2018:03:09:45 -0500] "GET /galeria/carrusel/Carrusel/jquery.thumbnailScroller.js HTTP/1.1" 200 8157
195.154.122.107 - - [06/Aug/2018:03:09:45 -0500] "GET /galeria/nivo-slider/demo/demo.html HTTP/1.1" 200 15466
195.154.122.107 - - [06/Aug/2018:03:09:45 -0500] "GET /galeria/nivo-slider/nivo-slider.css HTTP/1.1" 200 1507
195.154.122.107 - - [06/Aug/2018:03:09:45 -0500] "GET /galeria/nivo-slider/themes/default/default.css HTTP/1.1" 200 1569
195.154.122.107 - - [06/Aug/2018:03:09:45 -0500] "GET /galeria/nivo-slider/themes/pascal/pascal.css HTTP/1.1" 200 2258
195.154.122.107 - - [06/Aug/2018:03:09:45 -0500] "GET /galeria/nivo-slider/themes/orman/orman.css HTTP/1.1" 200 2152
195.154.122.107 - - [06/Aug/2018:03:09:45 -0500] "GET /galeria/nivo-slider/demo/scripts/jquery-1.7.1.min.js HTTP/1.1" 200 93868
195.154.122.107 - - [06/Aug/2018:03:09:45 -0500] "GET /galeria/nivo-slider/demo/style.css HTTP/1.1" 200 2222
195.154.122.107 - - [06/Aug/2018:03:09:46 -0500] "GET /galeria/nivo-slider/jquery.nivo.slider.pack.js HTTP/1.1" 200 11561
66.249.88.1 - - [06/Aug/2018:03:09:47 -0500] "GET /BLA/boletinlegal/js/jquery.scrollShow.js HTTP/1.1" 200 4586
66.249.88.1 - - [06/Aug/2018:03:09:47 -0500] "GET /galeria/galeria/jquery.fancybox.css?v=2.1.5 HTTP/1.1" 200 4895
66.249.88.27 - - [06/Aug/2018:03:09:47 -0500] "GET /galeria/galeria/jquery.fancybox.js?v=2.1.5 HTTP/1.1" 200 48706
54.36.149.8 - - [06/Aug/2018:03:09:48 -0500] "GET /BLA/resoluciones/RESOLUCIONES%202005/RES%202005%202801-2850/00002816.tif HTTP/1.1" 200 171850
69.162.124.232 - - [06/Aug/2018:03:09:54 -0500] "HEAD / HTTP/1.1" 200 -
66.249.64.73 - - [06/Aug/2018:03:09:57 -0500] "GET /BLA/resoluciones/AUTOS%202015/1925.pdf HTTP/1.1" 200 645100
192.168.175.104 - - [06/Aug/2018:03:09:59 -0500] "GET / HTTP/1.0" 200 9990
109.225.188.84 - - [06/Aug/2018:03:10:29 -0500] "GET / HTTP/1.1" 200 9990
201.245.192.253 - - [06/Aug/2018:03:10:44 -0500] "POST /kwsrmcab/Wsrmcab HTTP/1.1" 200 23049
66.249.64.73 - - [06/Aug/2018:03:11:19 -0500] "GET /Residuos/impresion/files/search/search87.xml HTTP/1.1" 200 8042
201.245.192.253 - - [06/Aug/2018:03:11:15 -0500] "POST /kwsrmcab/Wsrmcab HTTP/1.1" 200 21987
35.190.213.89 - - [06/Aug/2018:03:13:09 -0500] "-" 408 -
192.168.175.104 - - [06/Aug/2018:03:13:36 -0500] "GET / HTTP/1.1" 200 9990
216.244.66.195 - - [06/Aug/2018:03:14:07 -0500] "GET /BLA/resoluciones/AUTOS%202011/7318.pdf HTTP/1.1" 200 155788
216.244.66.195 - - [06/Aug/2018:03:14:10 -0500] "GET /BLA/resoluciones/AUTOS%202013/3597.pdf HTTP/1.1" 200 4700435
216.244.66.195 - - [06/Aug/2018:03:14:12 -0500] "GET /BLA/resoluciones/AUTOS%202014/5570.pdf HTTP/1.1" 200 5119417
216.244.66.195 - - [06/Aug/2018:03:14:13 -0500] "GET /BLA/resoluciones/AUTOS%202014/5991.pdf HTTP/1.1" 200 538873
192.168.175.104 - - [06/Aug/2018:03:14:42 -0500] "GET / HTTP/1.1" 200 9990
69.162.124.232 - - [06/Aug/2018:03:14:54 -0500] "HEAD / HTTP/1.1" 200 -
192.168.175.104 - - [06/Aug/2018:03:14:58 -0500] "GET / HTTP/1.0" 200 9990
65.99.237.167 - - [06/Aug/2018:03:15:16 -0500] "-" 408 -
65.99.237.167 - - [06/Aug/2018:03:15:34 -0500] "-" 408 -
65.99.237.167 - - [06/Aug/2018:03:15:52 -0500] "-" 408 -
217.69.143.63 - - [06/Aug/2018:03:15:57 -0500] "GET /robots.txt HTTP/1.0" 404 1015
217.69.143.67 - - [06/Aug/2018:03:16:04 -0500] "GET /galeria/bibloteca/pics/pic0.png HTTP/1.1" 304 -
65.99.237.167 - - [06/Aug/2018:03:16:11 -0500] "-" 408 -
66.249.64.73 - - [06/Aug/2018:03:16:18 -0500] "GET /BLA/resoluciones/RESOLUCIONES%202004/RES%202004%2001-%2050/00000048.tif HTTP/1.1" 200 62094
65.99.237.167 - - [06/Aug/2018:03:16:30 -0500] "-" 408 -
65.99.237.167 - - [06/Aug/2018:03:16:49 -0500] "-" 408 -
96.9.86.70 - - [06/Aug/2018:03:16:54 -0500] "GET / HTTP/1.1" 200 9990
65.99.237.167 - - [06/Aug/2018:03:17:08 -0500] "-" 408 -
65.99.237.167 - - [06/Aug/2018:03:17:27 -0500] "-" 408 -
65.99.237.167 - - [06/Aug/2018:03:17:46 -0500] "-" 408 -
65.99.237.167 - - [06/Aug/2018:03:18:05 -0500] "-" 408 -
65.99.237.167 - - [06/Aug/2018:03:18:24 -0500] "-" 408 -
192.168.175.104 - - [06/Aug/2018:03:18:34 -0500] "GET / HTTP/1.1" 200 9990
65.99.237.167 - - [06/Aug/2018:03:18:43 -0500] "-" 408 -
66.249.64.73 - - [06/Aug/2018:03:18:51 -0500] "GET /BLA/resoluciones/RESOLUCIONES%202007/RES%202007%20401%20AL%20500/?C=N;O=D HTTP/1.1" 200 24752
65.99.237.167 - - [06/Aug/2018:03:19:02 -0500] "-" 408 -
54.36.148.146 - - [06/Aug/2018:03:19:29 -0500] "GET /BLA/resoluciones/RESOLUCIONES%202002/RES%202002%201601-1650/20021606.tif HTTP/1.1" 200 154992
192.168.175.104 - - [06/Aug/2018:03:19:40 -0500] "GET / HTTP/1.1" 200 9990
69.162.124.232 - - [06/Aug/2018:03:19:54 -0500] "HEAD / HTTP/1.1" 200 -
192.168.175.104 - - [06/Aug/2018:03:19:56 -0500] "GET / HTTP/1.0" 200 9990
201.245.192.253 - - [06/Aug/2018:03:20:45 -0500] "POST /kwsrmcab/Wsrmcab HTTP/1.1" 200 23049
216.244.66.195 - - [06/Aug/2018:03:21:20 -0500] "GET /galeria/galeria/fotos/Caminando-la-tierra2G.jpg HTTP/1.1" 200 116148
216.244.66.195 - - [06/Aug/2018:03:21:23 -0500] "GET /galeria/galeria/fotos/Encuentro-de-Movimientos-sociales3G.jpg HTTP/1.1" 200 93530
66.249.70.7 - - [06/Aug/2018:03:21:27 -0500] "GET /BLA/boletinlegal/jurisprudencia/analisis/CUADRO%20ANALISIS%20SENTENCIA%20T-411%20DE%201992.doc HTTP/1.1" 304 -
216.244.66.195 - - [06/Aug/2018:03:22:02 -0500] "GET /php/CarreraAdministrativa/RESOLUCION_4335_DEL_2010_SDA.pdf HTTP/1.1" 404 1018
157.55.39.142 - - [06/Aug/2018:03:22:10 -0500] "GET /SIG/Gesti%C3%B3n%20Ambiental/126PM03-PR01.pdf HTTP/1.1" 200 377677
66.249.64.73 - - [06/Aug/2018:03:22:56 -0500] "GET /BLA/resoluciones/RESOLUCIONES%202011/5794.pdf HTTP/1.1" 304 -
192.168.175.104 - - [06/Aug/2018:03:23:32 -0500] "GET / HTTP/1.1" 200 9990
54.36.149.72 - - [06/Aug/2018:03:23:41 -0500] "GET /BLA/resoluciones/RESOLUCIONES%202005/RES%202005%203051-3100/00003084.tif HTTP/1.1" 200 170286
35.187.34.70 - - [06/Aug/2018:03:24:09 -0500] "-" 408 -
54.36.148.121 - - [06/Aug/2018:03:24:15 -0500] "GET /BLA/resoluciones/RESOLUCIONES%202002/RES%202002%20401-450/00000445.tif HTTP/1.1" 200 112754
181.57.244.84 - - [06/Aug/2018:03:24:25 -0500] "GET /galeria/galeria/jquery.fancybox.css?v=2.1.5 HTTP/1.1" 200 4895
181.57.244.84 - - [06/Aug/2018:03:24:25 -0500] "GET /BLA/boletinlegal/js/jquery.scrollShow.js HTTP/1.1" 200 4586
181.57.244.84 - - [06/Aug/2018:03:24:25 -0500] "GET /galeria/galeria/jquery.fancybox.js?v=2.1.5 HTTP/1.1" 200 48706
192.168.175.104 - - [06/Aug/2018:03:24:38 -0500] "GET / HTTP/1.1" 200 9990
192.168.175.104 - - [06/Aug/2018:03:24:54 -0500] "GET / HTTP/1.0" 200 9990
69.162.124.232 - - [06/Aug/2018:03:24:54 -0500] "HEAD / HTTP/1.1" 200 -
35.190.201.122 - - [06/Aug/2018:03:25:09 -0500] "-" 408 -
66.249.64.73 - - [06/Aug/2018:03:25:10 -0500] "GET / HTTP/1.1" 200 9990
216.244.66.195 - - [06/Aug/2018:03:25:27 -0500] "GET /robots.txt HTTP/1.1" 404 1018
76.71.179.17 - - [06/Aug/2018:03:25:56 -0500] "GET /webdav/x32.php?host=24.72.84.206&time=60&port=80 HTTP/1.1" 404 1018
192.168.175.104 - - [06/Aug/2018:03:28:29 -0500] "GET / HTTP/1.1" 200 9990
190.113.215.13 - - [06/Aug/2018:03:29:06 -0500] "GET /galeria/galeria/jquery.fancybox.css?v=2.1.5 HTTP/1.1" 200 4895
190.113.215.13 - - [06/Aug/2018:03:29:06 -0500] "GET /BLA/boletinlegal/js/jquery.scrollShow.js HTTP/1.1" 200 4586
190.113.215.13 - - [06/Aug/2018:03:29:06 -0500] "GET /galeria/galeria/jquery.fancybox.js?v=2.1.5 HTTP/1.1" 200 48706
190.113.215.13 - - [06/Aug/2018:03:29:12 -0500] "GET /BLA/boletinlegal/js/jquery.scrollShow.js HTTP/1.1" 304 -
190.113.215.13 - - [06/Aug/2018:03:29:12 -0500] "GET /galeria/galeria/jquery.fancybox.css?v=2.1.5 HTTP/1.1" 304 -
190.113.215.13 - - [06/Aug/2018:03:29:12 -0500] "GET /galeria/galeria/jquery.fancybox.js?v=2.1.5 HTTP/1.1" 304 -
192.168.175.104 - - [06/Aug/2018:03:29:36 -0500] "GET / HTTP/1.1" 200 9990
192.168.175.104 - - [06/Aug/2018:03:29:52 -0500] "GET / HTTP/1.0" 200 9990
69.162.124.232 - - [06/Aug/2018:03:29:54 -0500] "HEAD / HTTP/1.1" 200 -
66.249.70.9 - - [06/Aug/2018:03:29:59 -0500] "GET /BLA/boletinlegal/jurisprudencia.php HTTP/1.1" 200 17573
35.190.207.132 - - [06/Aug/2018:03:30:09 -0500] "-" 408 -
54.36.148.35 - - [06/Aug/2018:03:30:30 -0500] "GET /BLA/resoluciones/RESOLUCIONES%202003/RES%202003%20651-700/668.tif HTTP/1.1" 200 237140
206.189.114.244 - - [06/Aug/2018:03:31:46 -0500] "GET /robots.txt HTTP/1.1" 404 1015
192.168.175.104 - - [06/Aug/2018:03:33:27 -0500] "GET / HTTP/1.1" 200 9990
192.168.175.104 - - [06/Aug/2018:03:34:34 -0500] "GET / HTTP/1.1" 200 9990
191.252.132.101 - - [06/Aug/2018:03:34:41 -0500] "GET /catalogoisis/Diccionario.php?i=1'&form=0'&element=3'&prefix=ti-'&first=yes'\" HTTP/1.1" 200 4195
191.252.132.101 - - [06/Aug/2018:03:34:41 -0500] "GET /catalogoisis/Diccionario.php?form=0&element=3&prefix=ti-&first=yes&i=1 HTTP/1.1" 200 4199
191.252.132.101 - - [06/Aug/2018:03:34:42 -0500] "GET /catalogoisis/Diccionario.php?form=0&element=3&prefix=ti-&first=yes&i=12121121121212.1 HTTP/1.1" 200 4202
192.168.175.104 - - [06/Aug/2018:03:34:50 -0500] "GET / HTTP/1.0" 200 9990
69.162.124.232 - - [06/Aug/2018:03:34:54 -0500] "HEAD / HTTP/1.1" 200 -
66.249.64.73 - - [06/Aug/2018:03:35:11 -0500] "GET /BLA/resoluciones/RESOLUCIONES%202012/1320.pdf HTTP/1.1" 200 289703
216.244.66.197 - - [06/Aug/2018:03:35:27 -0500] "GET /robots.txt HTTP/1.1" 404 1019
66.249.64.73 - - [06/Aug/2018:03:35:33 -0500] "GET /BLA/resoluciones/RESOLUCIONES%202015/2144.pdf HTTP/1.1" 200 1034430
191.252.132.101 - - [06/Aug/2018:03:35:37 -0500] "GET /catalogoisis/Diccionario.php?form=0&element=3&prefix=ti-&first=yes&i=1 and 1%3E1 HTTP/1.1" 200 4199
191.252.132.101 - - [06/Aug/2018:03:35:37 -0500] "GET /catalogoisis/Diccionario.php?form=0&element=3&prefix=ti-&first=yes&i=1%27 and %27x%27%3D%27x HTTP/1.1" 200 4189
191.252.132.101 - - [06/Aug/2018:03:35:38 -0500] "GET /catalogoisis/Diccionario.php?form=0&element=3&prefix=ti-&first=yes&i=1%27 and %27x%27%3D%27y HTTP/1.1" 200 4189
191.252.132.101 - - [06/Aug/2018:03:35:38 -0500] "GET /catalogoisis/Diccionario.php?form=0&element=3&prefix=ti-&first=yes&i=1\" and \"x\"%3D\"x HTTP/1.1" 200 4189
191.252.132.101 - - [06/Aug/2018:03:35:39 -0500] "GET /catalogoisis/Diccionario.php?form=0&element=3&prefix=ti-&first=yes&i=1%22 and %22x%22%3D%22y HTTP/1.1" 200 4189
66.249.64.73 - - [06/Aug/2018:03:35:55 -0500] "GET /BLA/resoluciones/RESOLUCIONES%202007/RES%202007%202701%20AL%202800/RESOLUCION%202744%20DE%202007.pdf HTTP/1.1" 200 520644
191.252.132.101 - - [06/Aug/2018:03:35:57 -0500] "GET /catalogoisis/Diccionario.php?i=1&element=3&prefix=ti-&first=yes&form=0 HTTP/1.1" 200 4199
191.252.132.101 - - [06/Aug/2018:03:35:58 -0500] "GET /catalogoisis/Diccionario.php?i=1&element=3&prefix=ti-&first=yes&form=02121121121212.1 HTTP/1.1" 200 4214
191.252.132.101 - - [06/Aug/2018:03:36:16 -0500] "GET /catalogoisis/Diccionario.php?i=1&element=3&prefix=ti-&first=yes&form=0 and 1%3E1 HTTP/1.1" 200 4199
191.252.132.101 - - [06/Aug/2018:03:36:17 -0500] "GET /catalogoisis/Diccionario.php?i=1&element=3&prefix=ti-&first=yes&form=0%27 and %27x%27%3D%27x HTTP/1.1" 200 4201
191.252.132.101 - - [06/Aug/2018:03:36:17 -0500] "GET /catalogoisis/Diccionario.php?i=1&element=3&prefix=ti-&first=yes&form=0%27 and %27x%27%3D%27y HTTP/1.1" 200 4201
66.249.64.73 - - [06/Aug/2018:03:36:17 -0500] "GET /BLA/resoluciones/AUTOS%202014/0046.pdf HTTP/1.1" 200 427201
191.252.132.101 - - [06/Aug/2018:03:36:18 -0500] "GET /catalogoisis/Diccionario.php?i=1&element=3&prefix=ti-&first=yes&form=0\" and \"x\"%3D\"x HTTP/1.1" 200 4201
191.252.132.101 - - [06/Aug/2018:03:36:18 -0500] "GET /catalogoisis/Diccionario.php?i=1&element=3&prefix=ti-&first=yes&form=0%22 and %22x%22%3D%22y HTTP/1.1" 200 4201
66.249.64.73 - - [06/Aug/2018:03:36:25 -0500] "GET /BLA/resoluciones/RESOLUCIONES%202004/RES%202004%2001-%2050/00000039.tif HTTP/1.1" 200 98582
186.113.10.19 - - [06/Aug/2018:03:36:36 -0500] "GET /galeria/nivo-slider/demo/images/Rutas%20de%20recolecci%C3%B3n%20banner.jpg HTTP/1.1" 304 -
191.252.132.101 - - [06/Aug/2018:03:36:37 -0500] "GET /catalogoisis/Diccionario.php?i=1&form=0&prefix=ti-&first=yes&element=3 HTTP/1.1" 200 4199
191.252.132.101 - - [06/Aug/2018:03:36:38 -0500] "GET /catalogoisis/Diccionario.php?i=1&form=0&prefix=ti-&first=yes&element=32121121121212.1 HTTP/1.1" 200 4214
66.249.64.73 - - [06/Aug/2018:03:36:50 -0500] "GET /autoliquidacion/ HTTP/1.1" 200 6377
191.252.132.101 - - [06/Aug/2018:03:36:56 -0500] "GET /catalogoisis/Diccionario.php?i=1&form=0&prefix=ti-&first=yes&element=3 and 1%3E1 HTTP/1.1" 200 4199
191.252.132.101 - - [06/Aug/2018:03:36:57 -0500] "GET /catalogoisis/Diccionario.php?i=1&form=0&prefix=ti-&first=yes&element=3%27 and %27x%27%3D%27x HTTP/1.1" 200 4201
191.252.132.101 - - [06/Aug/2018:03:36:57 -0500] "GET /catalogoisis/Diccionario.php?i=1&form=0&prefix=ti-&first=yes&element=3%27 and %27x%27%3D%27y HTTP/1.1" 200 4201
191.252.132.101 - - [06/Aug/2018:03:36:58 -0500] "GET /catalogoisis/Diccionario.php?i=1&form=0&prefix=ti-&first=yes&element=3\" and \"x\"%3D\"x HTTP/1.1" 200 4201
191.252.132.101 - - [06/Aug/2018:03:36:58 -0500] "GET /catalogoisis/Diccionario.php?i=1&form=0&prefix=ti-&first=yes&element=3%22 and %22x%22%3D%22y HTTP/1.1" 200 4201
66.249.64.73 - - [06/Aug/2018:03:37:02 -0500] "GET /BLA/resoluciones/AUTOS%202009/3113.pdf HTTP/1.1" 200 100205
191.252.132.101 - - [06/Aug/2018:03:37:17 -0500] "GET /catalogoisis/Diccionario.php?i=1&form=0&element=3&first=yes&prefix=ti- HTTP/1.1" 200 4199
191.252.132.101 - - [06/Aug/2018:03:37:17 -0500] "GET /catalogoisis/Diccionario.php?i=1&form=0&element=3&first=yes&prefix=ti-2121121121212.1 HTTP/1.1" 200 4214
66.249.64.73 - - [06/Aug/2018:03:37:24 -0500] "GET /BLA/resoluciones/AUTOS%202014/6461.pdf HTTP/1.1" 200 591690
191.252.132.101 - - [06/Aug/2018:03:37:36 -0500] "GET /catalogoisis/Diccionario.php?i=1&form=0&element=3&first=yes&prefix=ti- and 1%3E1 HTTP/1.1" 200 4199
191.252.132.101 - - [06/Aug/2018:03:37:36 -0500] "GET /catalogoisis/Diccionario.php?i=1&form=0&element=3&first=yes&prefix=ti-%27 and %27x%27%3D%27x HTTP/1.1" 200 4201
191.252.132.101 - - [06/Aug/2018:03:37:37 -0500] "GET /catalogoisis/Diccionario.php?i=1&form=0&element=3&first=yes&prefix=ti-%27 and %27x%27%3D%27y HTTP/1.1" 200 4201
191.252.132.101 - - [06/Aug/2018:03:37:37 -0500] "GET /catalogoisis/Diccionario.php?i=1&form=0&element=3&first=yes&prefix=ti-\" and \"x\"%3D\"x HTTP/1.1" 200 4201
191.252.132.101 - - [06/Aug/2018:03:37:38 -0500] "GET /catalogoisis/Diccionario.php?i=1&form=0&element=3&first=yes&prefix=ti-%22 and %22x%22%3D%22y HTTP/1.1" 200 4201
66.249.64.77 - - [06/Aug/2018:03:37:50 -0500] "GET /galeria/mapa2/Aula-Soratama.jpg HTTP/1.1" 304 -
66.249.64.73 - - [06/Aug/2018:03:37:52 -0500] "GET /BLA/resoluciones/index.php?dir=RESOLUCIONES+2003%2FRES+2003+051-100%2F HTTP/1.1" 200 11998
191.252.132.101 - - [06/Aug/2018:03:37:56 -0500] "GET /catalogoisis/Diccionario.php?i=1&form=0&element=3&prefix=ti-&first=yes HTTP/1.1" 200 4199
191.252.132.101 - - [06/Aug/2018:03:37:57 -0500] "GET /catalogoisis/Diccionario.php?i=1&form=0&element=3&prefix=ti-&first=yes2121121121212.1 HTTP/1.1" 200 4199
66.249.64.75 - - [06/Aug/2018:03:37:59 -0500] "GET /BLA/resoluciones/RESOLUCIONES%202004/RES%202004%201001-1050/00001029.tif HTTP/1.1" 200 182678
191.252.132.101 - - [06/Aug/2018:03:38:16 -0500] "GET /catalogoisis/Diccionario.php?i=1&form=0&element=3&prefix=ti-&first=yes and 1%3E1 HTTP/1.1" 200 4199
191.252.132.101 - - [06/Aug/2018:03:38:16 -0500] "GET /catalogoisis/Diccionario.php?i=1&form=0&element=3&prefix=ti-&first=yes%27 and %27x%27%3D%27x HTTP/1.1" 200 4199
191.252.132.101 - - [06/Aug/2018:03:38:17 -0500] "GET /catalogoisis/Diccionario.php?i=1&form=0&element=3&prefix=ti-&first=yes%27 and %27x%27%3D%27y HTTP/1.1" 200 4199
191.252.132.101 - - [06/Aug/2018:03:38:17 -0500] "GET /catalogoisis/Diccionario.php?i=1&form=0&element=3&prefix=ti-&first=yes\" and \"x\"%3D\"x HTTP/1.1" 200 4199
191.252.132.101 - - [06/Aug/2018:03:38:18 -0500] "GET /catalogoisis/Diccionario.php?i=1&form=0&element=3&prefix=ti-&first=yes%22 and %22x%22%3D%22y HTTP/1.1" 200 4199
192.168.175.104 - - [06/Aug/2018:03:38:26 -0500] "GET / HTTP/1.1" 200 9990
54.36.148.192 - - [06/Aug/2018:03:38:27 -0500] "GET /BLA/resoluciones/RESOLUCIONES%202004/RES%202004%201351-1400/00001357.tif HTTP/1.1" 200 203430
66.249.64.73 - - [06/Aug/2018:03:38:31 -0500] "GET /BLA/resoluciones/index.php?dir=RESOLUCIONES+2004%2FRES+2004+201-250%2F HTTP/1.1" 200 12050
191.252.132.101 - - [06/Aug/2018:03:38:36 -0500] "GET /catalogoisis/Diccionario.php?form=0&element=3&prefix=ti-&first=yes&i=1 HTTP/1.0" 200 4199
66.249.64.75 - - [06/Aug/2018:03:38:46 -0500] "GET /galeria/nivo-slider/demo/images/web%20ingreso%20humedales.png HTTP/1.1" 200 641193
192.168.175.104 - - [06/Aug/2018:03:39:31 -0500] "GET / HTTP/1.1" 200 9990
66.249.64.73 - - [06/Aug/2018:03:39:16 -0500] "GET /isolucionsda/FrameSetArticulo.asp?Pagina=/isolucionsda/BancoConocimiento/D/Decreto482dediciembre30de2003/Decreto482dediciembre30de2003.asp?IdArticulo=483 HTTP/1.1" 503 1020
192.168.175.104 - - [06/Aug/2018:03:39:48 -0500] "GET / HTTP/1.0" 200 9990
69.162.124.232 - - [06/Aug/2018:03:39:54 -0500] "HEAD / HTTP/1.1" 200 -
66.249.64.73 - - [06/Aug/2018:03:39:55 -0500] "GET /BLA/resoluciones/RESOLUCIONES%202010/5992.pdf HTTP/1.1" 304 -
35.187.96.204 - - [06/Aug/2018:03:41:09 -0500] "-" 408 -
195.154.123.84 - - [06/Aug/2018:03:41:50 -0500] "GET /galeria/carrusel/Carrusel/jquery.thumbnailScroller.css HTTP/1.1" 200 2066
195.154.123.84 - - [06/Aug/2018:03:41:50 -0500] "GET /galeria/galeria/jquery.fancybox.css?v=2.1.5 HTTP/1.1" 200 4895
195.154.123.84 - - [06/Aug/2018:03:41:50 -0500] "GET /BLA/boletinlegal/js/jquery.scrollShow.js HTTP/1.1" 200 4586
195.154.123.84 - - [06/Aug/2018:03:41:50 -0500] "GET /galeria/galeria/jquery.fancybox.js?v=2.1.5 HTTP/1.1" 200 48706
195.154.123.84 - - [06/Aug/2018:03:41:50 -0500] "GET /galeria/carrusel/Carrusel/jquery-ui-1.8.13.custom.min.js HTTP/1.1" 200 10800
195.154.123.84 - - [06/Aug/2018:03:41:51 -0500] "GET /galeria/carrusel/Carrusel/jquery.thumbnailScroller.js HTTP/1.1" 200 8157
195.154.123.84 - - [06/Aug/2018:03:41:51 -0500] "GET /galeria/nivo-slider/demo/demo.html HTTP/1.1" 200 15466
195.154.123.84 - - [06/Aug/2018:03:41:51 -0500] "GET /galeria/nivo-slider/themes/pascal/pascal.css HTTP/1.1" 200 2258
195.154.123.84 - - [06/Aug/2018:03:41:51 -0500] "GET /galeria/nivo-slider/themes/default/default.css HTTP/1.1" 200 1569
195.154.123.84 - - [06/Aug/2018:03:41:51 -0500] "GET /galeria/nivo-slider/nivo-slider.css HTTP/1.1" 200 1507
195.154.123.84 - - [06/Aug/2018:03:41:51 -0500] "GET /galeria/nivo-slider/themes/orman/orman.css HTTP/1.1" 200 2152
195.154.123.84 - - [06/Aug/2018:03:41:52 -0500] "GET /galeria/nivo-slider/demo/style.css HTTP/1.1" 200 2222
195.154.123.84 - - [06/Aug/2018:03:41:52 -0500] "GET /galeria/nivo-slider/demo/scripts/jquery-1.7.1.min.js HTTP/1.1" 200 93868
195.154.123.84 - - [06/Aug/2018:03:41:52 -0500] "GET /galeria/nivo-slider/jquery.nivo.slider.pack.js HTTP/1.1" 200 11561
192.168.175.104 - - [06/Aug/2018:03:43:24 -0500] "GET / HTTP/1.1" 200 9990
76.71.179.17 - - [06/Aug/2018:03:43:37 -0500] "GET /webdav/x32.php?host=24.72.84.206&time=60&port=80 HTTP/1.1" 404 1018
216.244.66.197 - - [06/Aug/2018:03:43:40 -0500] "GET /kmz/vallas_otorgadas_Octubre2014.kmz HTTP/1.1" 200 107671
216.244.66.195 - - [06/Aug/2018:03:43:42 -0500] "GET /BLA/resoluciones/RESOLUCIONES%202007/RES%202007%201101%20AL%201200/RESOLUCION%201155%20DE%202007.pdf HTTP/1.1" 200 742860
216.244.66.195 - - [06/Aug/2018:03:43:46 -0500] "GET /BLA/resoluciones/RESOLUCIONES%202007/RES%202007%201401%20AL%201500/RESOLUCION%201426%20DE%202007.pdf HTTP/1.1" 200 203152
66.249.64.73 - - [06/Aug/2018:03:44:05 -0500] "GET /BLA/resoluciones/RESOLUCIONES%202007/RES%202007%203801%20AL%203900/RESOLUCION%203863%20DE%202007.pdf HTTP/1.1" 200 870486
66.249.88.29 - - [06/Aug/2018:03:44:09 -0500] "GET /galeria/galeria/jquery.fancybox.css?v=2.1.5 HTTP/1.1" 200 4895
66.249.88.1 - - [06/Aug/2018:03:44:10 -0500] "GET /galeria/galeria/jquery.fancybox.js?v=2.1.5 HTTP/1.1" 200 48706
66.249.88.1 - - [06/Aug/2018:03:44:10 -0500] "GET /galeria/carrusel/Carrusel/jquery.thumbnailScroller.css HTTP/1.1" 200 2066
66.249.88.27 - - [06/Aug/2018:03:44:10 -0500] "GET /BLA/boletinlegal/js/jquery.scrollShow.js HTTP/1.1" 200 4586
66.249.88.1 - - [06/Aug/2018:03:44:11 -0500] "GET /galeria/carrusel/Carrusel/jquery-ui-1.8.13.custom.min.js HTTP/1.1" 200 10800
66.249.88.29 - - [06/Aug/2018:03:44:12 -0500] "GET /galeria/carrusel/Carrusel/jquery.thumbnailScroller.js HTTP/1.1" 200 8157
66.249.88.29 - - [06/Aug/2018:03:44:12 -0500] "GET /galeria/nivo-slider/demo/demo.html HTTP/1.1" 200 15466
66.249.88.29 - - [06/Aug/2018:03:44:13 -0500] "GET /galeria/nivo-slider/themes/orman/orman.css HTTP/1.1" 200 2152
66.249.88.1 - - [06/Aug/2018:03:44:13 -0500] "GET /galeria/nivo-slider/themes/pascal/pascal.css HTTP/1.1" 200 2258
66.249.88.1 - - [06/Aug/2018:03:44:13 -0500] "GET /galeria/nivo-slider/demo/style.css HTTP/1.1" 200 2222
66.249.88.29 - - [06/Aug/2018:03:44:13 -0500] "GET /galeria/nivo-slider/nivo-slider.css HTTP/1.1" 200 1507
66.249.88.29 - - [06/Aug/2018:03:44:13 -0500] "GET /galeria/nivo-slider/themes/default/default.css HTTP/1.1" 200 1569
66.249.88.27 - - [06/Aug/2018:03:44:14 -0500] "GET /galeria/nivo-slider/demo/scripts/jquery-1.7.1.min.js HTTP/1.1" 200 93868
66.249.88.29 - - [06/Aug/2018:03:44:16 -0500] "GET /galeria/nivo-slider/demo/images/4Simple_Slider.png HTTP/1.1" 200 11722
66.249.88.27 - - [06/Aug/2018:03:44:16 -0500] "GET /galeria/nivo-slider/themes/default/loading.gif HTTP/1.1" 200 1737
66.249.88.1 - - [06/Aug/2018:03:44:18 -0500] "GET /galeria/nivo-slider/jquery.nivo.slider.pack.js HTTP/1.1" 200 11561
66.249.88.29 - - [06/Aug/2018:03:44:18 -0500] "GET /galeria/nivo-slider/demo/images/Banner%20Incentivos%20tributarios2.jpg HTTP/1.1" 200 200787
66.249.88.1 - - [06/Aug/2018:03:44:18 -0500] "GET /galeria/nivo-slider/demo/images/Introducci%C3%B3n%20a%20la%20%C3%A9tica%20animal%20y%20ambiental%202.jpg HTTP/1.1" 200 371212
66.249.88.1 - - [06/Aug/2018:03:44:18 -0500] "GET /galeria/nivo-slider/demo/images/banner-caminatas-agosto.jpg HTTP/1.1" 200 506863
66.249.88.1 - - [06/Aug/2018:03:44:18 -0500] "GET /galeria/nivo-slider/demo/images/web%20ingreso%20humedales.png HTTP/1.1" 200 641193
66.249.88.1 - - [06/Aug/2018:03:44:19 -0500] "GET /galeria/nivo-slider/demo/images/gobierno%20digital-01.jpg HTTP/1.1" 200 116163
66.249.88.1 - - [06/Aug/2018:03:44:21 -0500] "GET /galeria/nivo-slider/demo/images/Otorgamiento-excelencia-ambiental-Jos%C3%A9-Celestino-Mutis-2.jpg HTTP/1.1" 200 276467
66.249.88.27 - - [06/Aug/2018:03:44:21 -0500] "GET /galeria/nivo-slider/demo/images/Banner_micrositio.png HTTP/1.1" 200 146950
66.249.88.27 - - [06/Aug/2018:03:44:21 -0500] "GET /galeria/nivo-slider/demo/images/avances-sentencias-rio-bogota-2.jpg HTTP/1.1" 200 304916
66.249.88.29 - - [06/Aug/2018:03:44:22 -0500] "GET /galeria/nivo-slider/demo/images/BANNER%20VAN%20DER%20HAMMEN.jpg HTTP/1.1" 200 64172
66.249.88.1 - - [06/Aug/2018:03:44:22 -0500] "GET /galeria/nivo-slider/demo/images/banner-humedales-de-bogota.jpg HTTP/1.1" 200 292611
66.249.88.1 - - [06/Aug/2018:03:44:22 -0500] "GET /galeria/nivo-slider/demo/images/maximavelocidad.png HTTP/1.1" 200 880272
186.155.109.124 - - [06/Aug/2018:03:44:22 -0500] "GET /galeria/galeria/jquery.fancybox.css?v=2.1.5 HTTP/1.1" 200 4895
186.155.109.124 - - [06/Aug/2018:03:44:22 -0500] "GET /galeria/galeria/jquery.fancybox.js?v=2.1.5 HTTP/1.1" 200 48706
186.155.109.124 - - [06/Aug/2018:03:44:22 -0500] "GET /BLA/boletinlegal/js/jquery.scrollShow.js HTTP/1.1" 200 4586
66.249.88.27 - - [06/Aug/2018:03:44:22 -0500] "GET /galeria/nivo-slider/demo/images/banner%20aceite%20vegetal%20usado.jpg HTTP/1.1" 200 169350
66.249.88.1 - - [06/Aug/2018:03:44:22 -0500] "GET /galeria/nivo-slider/demo/images/bannerlumina2017web.jpg HTTP/1.1" 200 198918
66.249.88.27 - - [06/Aug/2018:03:44:22 -0500] "GET /galeria/nivo-slider/demo/images/banner-bolsas-plasticas.jpg HTTP/1.1" 200 317939
66.249.88.29 - - [06/Aug/2018:03:44:26 -0500] "GET /galeria/nivo-slider/themes/default/bullets.png HTTP/1.1" 200 1281
66.249.88.1 - - [06/Aug/2018:03:44:26 -0500] "GET /galeria/nivo-slider/themes/default/arrows.png HTTP/1.1" 200 824
192.168.175.104 - - [06/Aug/2018:03:44:29 -0500] "GET / HTTP/1.1" 200 9990
216.244.66.195 - - [06/Aug/2018:03:44:44 -0500] "GET /BLA/resoluciones/AUTOS%202013/0014.pdf HTTP/1.1" 200 2661777
192.168.175.104 - - [06/Aug/2018:03:44:46 -0500] "GET / HTTP/1.0" 200 9990
66.249.64.75 - - [06/Aug/2018:03:44:50 -0500] "GET /BLA/resoluciones/RESOLUCIONES%202009/0754.pdf HTTP/1.1" 200 341699
69.162.124.232 - - [06/Aug/2018:03:44:54 -0500] "HEAD / HTTP/1.1" 200 -
216.244.66.195 - - [06/Aug/2018:03:45:19 -0500] "GET /BLA/resoluciones/AUTOS%202016/2910.pdf HTTP/1.1" 200 336890
216.244.66.195 - - [06/Aug/2018:03:45:25 -0500] "GET /BLA/resoluciones/RESOLUCIONES%202011/1556.pdf HTTP/1.1" 200 155911
216.244.66.195 - - [06/Aug/2018:03:45:28 -0500] "GET /BLA/resoluciones/RESOLUCIONES%202015/0775.pdf HTTP/1.1" 200 4250452
216.244.66.195 - - [06/Aug/2018:03:45:29 -0500] "GET /BLA/resoluciones/RESOLUCIONES%202016/0403.pdf HTTP/1.1" 200 922306
66.249.64.73 - - [06/Aug/2018:03:45:34 -0500] "GET /BLA/resoluciones/RESOLUCIONES%202009/1080.pdf HTTP/1.1" 200 288913
190.255.40.75 - - [06/Aug/2018:03:46:22 -0500] "GET /BLA/resoluciones/RESOLUCIONES%202016/1361.pdf HTTP/1.1" 200 486149
190.255.40.75 - - [06/Aug/2018:03:46:22 -0500] "GET /favicon.ico HTTP/1.1" 200 7782
76.71.179.17 - - [06/Aug/2018:03:48:01 -0500] "GET /webdav/x32.php?host=24.72.84.206&time=60&port=80 HTTP/1.1" 404 1018
192.168.175.104 - - [06/Aug/2018:03:48:21 -0500] "GET / HTTP/1.1" 200 9990
66.249.64.73 - - [06/Aug/2018:03:48:32 -0500] "GET /BLA/resoluciones/AUTOS%202015/4132.pdf HTTP/1.1" 200 500692
192.168.175.104 - - [06/Aug/2018:03:49:27 -0500] "GET / HTTP/1.1" 200 9990
66.249.64.73 - - [06/Aug/2018:03:49:39 -0500] "GET /BLA/resoluciones/RESOLUCIONES%202013/0405.pdf HTTP/1.1" 200 2032311
192.168.175.104 - - [06/Aug/2018:03:49:43 -0500] "GET / HTTP/1.0" 200 9990
69.162.124.232 - - [06/Aug/2018:03:49:54 -0500] "HEAD / HTTP/1.1" 200 -
66.249.64.73 - - [06/Aug/2018:03:50:01 -0500] "GET /BLA/resoluciones/Notificaciones/AUTOS%202014/4470.doc HTTP/1.1" 304 -
66.249.64.73 - - [06/Aug/2018:03:50:46 -0500] "GET /BLA/resoluciones/RESOLUCIONES%202013/1167.pdf HTTP/1.1" 200 457061
54.36.149.9 - - [06/Aug/2018:03:51:31 -0500] "GET /BLA/resoluciones/RESOLUCIONES%202002/RES%202002%201551-1600/20021584.tif HTTP/1.1" 200 106182
66.249.64.75 - - [06/Aug/2018:03:51:53 -0500] "GET /BLA/resoluciones/RESOLUCIONES%202007/RES%202007%202801%20AL%202900/RESOLUCION%202889%20DE%202007.pdf HTTP/1.1" 200 1379292
66.249.64.77 - - [06/Aug/2018:03:51:56 -0500] "GET /BLA/resoluciones/AUTOS%202013/1691.pdf HTTP/1.1" 200 443315
216.244.66.195 - - [06/Aug/2018:03:52:05 -0500] "GET /robots.txt HTTP/1.1" 404 1018
35.190.207.132 - - [06/Aug/2018:03:52:09 -0500] "-" 408 -
66.249.88.29 - - [06/Aug/2018:03:52:25 -0500] "GET /BLA/boletinlegal/js/jquery.scrollShow.js HTTP/1.1" 200 4586
66.249.88.29 - - [06/Aug/2018:03:52:25 -0500] "GET /galeria/galeria/jquery.fancybox.css?v=2.1.5 HTTP/1.1" 200 4895
66.249.88.27 - - [06/Aug/2018:03:52:25 -0500] "GET /galeria/galeria/jquery.fancybox.js?v=2.1.5 HTTP/1.1" 200 48706
66.249.64.73 - - [06/Aug/2018:03:53:04 -0500] "GET /BLA/resoluciones/RESOLUCIONES%202007/RES%202007%204201%20AL%204300/RESOLUCION%204232%20DE%202007.pdf HTTP/1.1" 200 4667333
76.71.179.17 - - [06/Aug/2018:03:53:10 -0500] "GET /webdav/x32.php?host=2.91.232.127&time=60&port=80 HTTP/1.1" 404 1018
192.168.175.104 - - [06/Aug/2018:03:53:19 -0500] "GET / HTTP/1.1" 200 9990
181.49.77.200 - - [06/Aug/2018:03:53:35 -0500] "GET /galeria/nivo-slider/demo/demo.html HTTP/1.1" 304 -
181.49.77.200 - - [06/Aug/2018:03:53:38 -0500] "GET /galeria/nivo-slider/demo/images/banner-caminatas-agosto.jpg HTTP/1.1" 200 506863
181.49.77.200 - - [06/Aug/2018:03:53:38 -0500] "GET /galeria/nivo-slider/demo/images/Introducci%C3%B3n%20a%20la%20%C3%A9tica%20animal%20y%20ambiental%202.jpg HTTP/1.1" 200 371212
181.49.77.200 - - [06/Aug/2018:03:53:38 -0500] "GET /galeria/nivo-slider/demo/images/Banner%20Incentivos%20tributarios2.jpg HTTP/1.1" 200 200787
181.49.77.200 - - [06/Aug/2018:03:53:38 -0500] "GET /galeria/nivo-slider/demo/images/web%20ingreso%20humedales.png HTTP/1.1" 200 641193
181.49.77.200 - - [06/Aug/2018:03:53:38 -0500] "GET /galeria/nivo-slider/demo/images/gobierno%20digital-01.jpg HTTP/1.1" 200 116163
181.49.77.200 - - [06/Aug/2018:03:53:38 -0500] "GET /galeria/nivo-slider/demo/images/Otorgamiento-excelencia-ambiental-Jos%C3%A9-Celestino-Mutis-2.jpg HTTP/1.1" 200 276467
181.49.77.200 - - [06/Aug/2018:03:53:39 -0500] "GET /galeria/nivo-slider/demo/scripts/jquery-1.7.1.min.js HTTP/1.1" 200 93868
181.49.77.200 - - [06/Aug/2018:03:53:39 -0500] "GET /galeria/nivo-slider/demo/images/Banner_micrositio.png HTTP/1.1" 200 146950
181.49.77.200 - - [06/Aug/2018:03:53:40 -0500] "GET /galeria/nivo-slider/demo/images/avances-sentencias-rio-bogota-2.jpg HTTP/1.1" 200 304916
181.49.77.200 - - [06/Aug/2018:03:53:40 -0500] "GET /galeria/nivo-slider/demo/images/banner-humedales-de-bogota.jpg HTTP/1.1" 200 292611
181.49.77.200 - - [06/Aug/2018:03:53:40 -0500] "GET /galeria/nivo-slider/demo/images/maximavelocidad.png HTTP/1.1" 200 880272
181.49.77.200 - - [06/Aug/2018:03:53:40 -0500] "GET /galeria/nivo-slider/demo/images/banner%20aceite%20vegetal%20usado.jpg HTTP/1.1" 200 169350
181.49.77.200 - - [06/Aug/2018:03:53:40 -0500] "GET /galeria/nivo-slider/demo/images/bannerlumina2017web.jpg HTTP/1.1" 200 198918
181.49.77.200 - - [06/Aug/2018:03:53:41 -0500] "GET /galeria/nivo-slider/demo/images/banner-bolsas-plasticas.jpg HTTP/1.1" 200 317939
66.249.64.77 - - [06/Aug/2018:03:53:44 -0500] "GET /BLA/resoluciones/RESOLUCIONES%202008/1098.pdf HTTP/1.1" 200 374190
66.249.64.73 - - [06/Aug/2018:03:54:06 -0500] "GET /BLA/resoluciones/RESOLUCIONES%202009/0449.pdf HTTP/1.1" 200 956422
192.168.175.104 - - [06/Aug/2018:03:54:26 -0500] "GET / HTTP/1.1" 200 9990
192.168.175.104 - - [06/Aug/2018:03:54:42 -0500] "GET / HTTP/1.0" 200 9990
76.71.179.17 - - [06/Aug/2018:03:54:42 -0500] "GET /webdav/x32.php?host=24.72.84.206&time=60&port=80 HTTP/1.1" 404 1018
69.162.124.232 - - [06/Aug/2018:03:54:54 -0500] "HEAD / HTTP/1.1" 200 -
54.36.148.158 - - [06/Aug/2018:03:55:02 -0500] "GET /BLA/resoluciones/RESOLUCIONES%202002/RES%202002%20601-650/00000617.tif HTTP/1.1" 200 38132
66.249.88.1 - - [06/Aug/2018:03:55:13 -0500] "GET /galeria/galeria/jquery.fancybox.css?v=2.1.5 HTTP/1.1" 200 4895
66.249.88.1 - - [06/Aug/2018:03:55:13 -0500] "GET /galeria/galeria/jquery.fancybox.js?v=2.1.5 HTTP/1.1" 200 48706
66.249.88.1 - - [06/Aug/2018:03:55:13 -0500] "GET /BLA/boletinlegal/js/jquery.scrollShow.js HTTP/1.1" 200 4586
66.249.64.73 - - [06/Aug/2018:03:55:13 -0500] "GET /BLA/resoluciones/RESOLUCIONES%202007/RES%202007%202701%20AL%202800/RESOLUCION%202754%20DE%202007.pdf HTTP/1.1" 200 353413
66.249.64.73 - - [06/Aug/2018:03:55:35 -0500] "GET /BLA/resoluciones/RESOLUCIONES%202007/RES%202007%202801%20AL%202900/RESOLUCION%202886%20DE%202007.pdf HTTP/1.1" 200 5095924
40.77.167.89 - - [06/Aug/2018:03:56:08 -0500] "GET /BLA/boletinlegal/Circulares/2014/Circular%20No.%202%20del%2021%20de%20septiembre%20de%202014.pdf HTTP/1.1" 304 -
66.249.64.75 - - [06/Aug/2018:03:56:34 -0500] "GET /BLA/resoluciones/RESOLUCIONES%202004/RES%202004%2001-%2050/00000050.tif HTTP/1.1" 200 33474
76.71.179.17 - - [06/Aug/2018:03:57:47 -0500] "GET /webdav/x32.php?host=24.72.84.206&time=60&port=80 HTTP/1.1" 404 1018
111.206.221.48 - - [06/Aug/2018:03:57:58 -0500] "GET /galeria/nivo-slider/demo/demo.html HTTP/1.1" 200 15466
66.249.64.75 - - [06/Aug/2018:03:58:00 -0500] "GET /BLA/resoluciones/RESOLUCIONES%202013/2038.pdf HTTP/1.1" 200 3177175
111.206.198.48 - - [06/Aug/2018:03:58:01 -0500] "GET /galeria/nivo-slider/demo/images/Otorgamiento-excelencia-ambiental-Jos%C3%A9-Celestino-Mutis-2.jpg HTTP/1.1" 200 276467
111.206.198.119 - - [06/Aug/2018:03:58:02 -0500] "GET /galeria/nivo-slider/demo/images/Introducci%C3%B3n%20a%20la%20%C3%A9tica%20animal%20y%20ambiental%202.jpg HTTP/1.1" 200 371212
192.168.175.104 - - [06/Aug/2018:03:58:17 -0500] "GET / HTTP/1.1" 200 9990
207.46.13.211 - - [06/Aug/2018:03:59:02 -0500] "GET /galeria/nivo-slider/demo/2demo.html? HTTP/1.1" 200 3810
192.168.175.104 - - [06/Aug/2018:03:59:24 -0500] "GET / HTTP/1.1" 200 9990
192.168.175.104 - - [06/Aug/2018:03:59:40 -0500] "GET / HTTP/1.0" 200 9990
69.162.124.232 - - [06/Aug/2018:03:59:54 -0500] "HEAD / HTTP/1.1" 200 -
201.245.192.253 - - [06/Aug/2018:04:00:44 -0500] "POST /kwsrmcab/Wsrmcab HTTP/1.1" 200 23042
201.245.192.253 - - [06/Aug/2018:04:01:18 -0500] "POST /kwsrmcab/Wsrmcab HTTP/1.1" 200 213
207.46.13.39 - - [06/Aug/2018:04:02:11 -0500] "GET /portalsiaccapacitaciones/soportes%20capacitaciones%202015/0010.%20taller%20eficiencia%20energetica%20caem%20sda.pdf HTTP/1.1" 200 6176468
23.101.169.3 - - [06/Aug/2018:04:02:44 -0500] "GET /POT-2013/Cartografia/09_EEP.pdf HTTP/1.1" 200 3326963
35.190.207.132 - - [06/Aug/2018:04:03:09 -0500] "-" 408 -
192.168.175.104 - - [06/Aug/2018:04:03:15 -0500] "GET / HTTP/1.1" 200 9990
66.249.64.73 - - [06/Aug/2018:04:03:54 -0500] "GET /BLA/resoluciones/RESOLUCIONES%202004/RES%202004%201301-1350/00001326.tif HTTP/1.1" 200 88716
192.168.175.104 - - [06/Aug/2018:04:04:21 -0500] "GET / HTTP/1.1" 200 9990
103.76.173.37 - - [06/Aug/2018:04:04:25 -0500] "-" 408 -
66.249.88.1 - - [06/Aug/2018:04:04:34 -0500] "GET /BLA/boletinlegal/js/jquery.scrollShow.js HTTP/1.1" 200 4586
66.249.88.29 - - [06/Aug/2018:04:04:34 -0500] "GET /galeria/galeria/jquery.fancybox.js?v=2.1.5 HTTP/1.1" 200 48706
66.249.88.1 - - [06/Aug/2018:04:04:34 -0500] "GET /galeria/galeria/jquery.fancybox.css?v=2.1.5 HTTP/1.1" 200 4895
192.168.175.104 - - [06/Aug/2018:04:04:38 -0500] "GET / HTTP/1.0" 200 9990
103.76.173.37 - - [06/Aug/2018:04:04:43 -0500] "-" 408 -
69.162.124.232 - - [06/Aug/2018:04:04:54 -0500] "HEAD / HTTP/1.1" 200 -
103.76.173.37 - - [06/Aug/2018:04:05:01 -0500] "-" 408 -
76.71.179.17 - - [06/Aug/2018:04:05:21 -0500] "GET /webdav/x32.php?host=24.72.84.206&time=60&port=80 HTTP/1.1" 404 1018
40.77.167.127 - - [06/Aug/2018:04:05:24 -0500] "GET /transparencia/directorioservidores/2017/febrero.xlsx HTTP/1.1" 200 88385
103.76.173.37 - - [06/Aug/2018:04:05:25 -0500] "-" 408 -
66.249.70.11 - - [06/Aug/2018:04:05:37 -0500] "GET /PORTAL_SIAC/swf/?C=D;O=D HTTP/1.1" 200 6173
103.76.173.37 - - [06/Aug/2018:04:05:45 -0500] "-" 408 -
66.249.70.7 - - [06/Aug/2018:04:05:59 -0500] "GET /PORTAL_SIAC/swf/videos/?C=N;O=D HTTP/1.1" 200 13066
103.76.173.37 - - [06/Aug/2018:04:06:08 -0500] "-" 408 -
40.77.167.89 - - [06/Aug/2018:04:05:52 -0500] "GET /POT-2013/Cartografia/37_PROGRAMA%20DE%20MEJORAMIENTO%20INTEGRAL.pdf HTTP/1.1" 200 4112752
103.76.173.37 - - [06/Aug/2018:04:06:29 -0500] "-" 408 -
103.76.173.37 - - [06/Aug/2018:04:06:55 -0500] "-" 408 -
66.249.64.73 - - [06/Aug/2018:04:07:07 -0500] "GET /BLA/resoluciones/AUTOS%202015/3954.pdf HTTP/1.1" 200 613238
103.76.173.37 - - [06/Aug/2018:04:07:15 -0500] "-" 408 -
66.249.70.11 - - [06/Aug/2018:04:07:28 -0500] "GET /SIG/Gesti%C3%B3n%20Jur%C3%ADdica/126PA05-PR06.pdf HTTP/1.1" 200 81617
103.76.173.37 - - [06/Aug/2018:04:07:38 -0500] "-" 408 -
66.249.70.11 - - [06/Aug/2018:04:07:50 -0500] "GET /SIG/Gesti%C3%B3n%20Jur%C3%ADdica/126PA05-PR03.pdf HTTP/1.1" 200 83799
103.76.173.37 - - [06/Aug/2018:04:07:58 -0500] "-" 408 -
216.244.66.195 - - [06/Aug/2018:04:08:12 -0500] "GET /BLA/resoluciones/RESOLUCIONES%202007/RES%202007%202301%20AL%202400/RESOLUCION%202382%20DE%202007.pdf HTTP/1.1" 200 638359
66.249.64.73 - - [06/Aug/2018:04:08:12 -0500] "GET /BLA/resoluciones/RESOLUCIONES%202007/RES%202007%202801%20AL%202900/RESOLUCION%202861%20%20DE%202007.pdf HTTP/1.1" 200 245724
192.168.175.104 - - [06/Aug/2018:04:08:13 -0500] "GET / HTTP/1.1" 200 9990
216.244.66.195 - - [06/Aug/2018:04:08:16 -0500] "GET /BLA/resoluciones/RESOLUCIONES%202007/RES%202007%202501%20AL%202600/RESOLUCION%202518%20DE%202007.pdf HTTP/1.1" 200 710384
103.76.173.37 - - [06/Aug/2018:04:08:21 -0500] "-" 408 -
66.249.70.7 - - [06/Aug/2018:04:08:35 -0500] "GET /SIG/Gesti%C3%B3n%20de%20Recursos%20F%C3%ADsicos/126PA04-PR37.pdf HTTP/1.1" 200 135270
76.71.179.17 - - [06/Aug/2018:04:08:38 -0500] "GET /webdav/x32.php?host=24.72.84.206&time=60&port=80 HTTP/1.1" 404 1018
103.76.173.37 - - [06/Aug/2018:04:08:41 -0500] "-" 408 -
66.249.70.9 - - [06/Aug/2018:04:08:57 -0500] "GET /Anexos%20estudio%20Organizacional%20SDA/index.php?dir=ANEXO%20No.%205%20-%20ESTUDIO%20Y%20PROPUESTA%20SERAMB%20IENTE/&sort=size&order=asc HTTP/1.1" 200 3623
216.244.66.195 - - [06/Aug/2018:04:09:03 -0500] "GET /BLA/resoluciones/AUTOS%202008/0209.pdf HTTP/1.1" 200 121888
192.168.175.104 - - [06/Aug/2018:04:09:19 -0500] "GET / HTTP/1.1" 200 9990
66.249.70.7 - - [06/Aug/2018:04:09:19 -0500] "GET /Anexos%20estudio%20Organizacional%20SDA/ANEXO%20No.%204%20-%20ENCUESTA%20DE%20AN%C3%81LISIS%20ORGANIZACIONAL/RESPUESTA%20A%20ENCUESTA%20SUBDIRECCI%C3%93N%20CONTRACTUAL.DOC HTTP/1.1" 200 150528
192.168.175.104 - - [06/Aug/2018:04:09:36 -0500] "GET / HTTP/1.0" 200 9990
66.249.70.9 - - [06/Aug/2018:04:09:42 -0500] "GET /catalogoisis/Diccionario.php?i=4&form=0&element=6&prefix=es-&first=yes HTTP/1.1" 200 4203
207.46.13.39 - - [06/Aug/2018:04:09:42 -0500] "GET /BLA/boletinlegal/Circulares/2011/Circular%20003%20de%20Febrero%20de%202011.pdf HTTP/1.1" 200 224758
69.162.124.232 - - [06/Aug/2018:04:09:54 -0500] "HEAD / HTTP/1.1" 200 -
66.249.70.9 - - [06/Aug/2018:04:10:04 -0500] "GET /SIG/Direccionamiento%20Estrategico/126PG01-PR14.pdf HTTP/1.1" 200 3995408
66.249.70.9 - - [06/Aug/2018:04:10:48 -0500] "GET /Autoliquidacion/Cobro%20Clasificacion%20Uso%20De%20Vivenda%20En%20Suelo%20Restringido/Aplicativo.html HTTP/1.1" 200 359
66.249.64.73 - - [06/Aug/2018:04:11:05 -0500] "GET /galeria/mapa2/3MapaBogot%C3%A1.jpg HTTP/1.1" 304 -
66.249.70.9 - - [06/Aug/2018:04:11:11 -0500] "GET /Autoliquidacion/Solicitudes%20relacionadas%20con%20calidad%20del%20aire%20auditiva%20y%20visual/Evaluaci%C3%B3n%20para%20Certificaci%C3%B3n%20en%20materia%20de%20Revisi%C3%B3n%20de%20Gases/Aplicativo.html HTTP/1.1" 200 359
201.245.192.253 - - [06/Aug/2018:04:10:45 -0500] "POST /kwsrmcab/Wsrmcab HTTP/1.1" 200 23042
66.249.64.73 - - [06/Aug/2018:04:11:33 -0500] "GET /BLA/resoluciones/RESOLUCIONES%202010/5720.pdf HTTP/1.1" 304 -
201.245.192.253 - - [06/Aug/2018:04:11:20 -0500] "POST /kwsrmcab/Wsrmcab HTTP/1.1" 200 21989
