190.130.65.148 - - [15/Sep/2018:09:00:44 -0500] "GET /galeria/nivo-slider/demo/images/banner%20restrepo.jpg HTTP/1.1" 200 316959
190.130.65.148 - - [15/Sep/2018:09:00:45 -0500] "GET /galeria/nivo-slider/demo/images/Banner%20Incentivos%20tributarios2.jpg HTTP/1.1" 200 200787
190.130.65.148 - - [15/Sep/2018:09:00:45 -0500] "GET /galeria/nivo-slider/demo/images/web%20ingreso%20humedales.png HTTP/1.1" 200 641193
190.130.65.148 - - [15/Sep/2018:09:00:45 -0500] "GET /galeria/nivo-slider/themes/default/loading.gif HTTP/1.1" 200 1737
190.130.65.148 - - [15/Sep/2018:09:00:46 -0500] "GET /galeria/nivo-slider/demo/images/4Simple_Slider.png HTTP/1.1" 200 11722
190.130.65.148 - - [15/Sep/2018:09:00:47 -0500] "GET /galeria/nivo-slider/demo/images/gobierno%20digital-01.jpg HTTP/1.1" 200 116163
190.130.65.148 - - [15/Sep/2018:09:00:47 -0500] "GET /galeria/nivo-slider/demo/images/Otorgamiento-excelencia-ambiental-Jos%C3%A9-Celestino-Mutis-2.jpg HTTP/1.1" 200 276467
66.249.69.232 - - [15/Sep/2018:09:00:47 -0500] "GET /BLA/resoluciones/Notificaciones/AUTOS%202016/02917.doc HTTP/1.1" 200 358720
190.130.65.148 - - [15/Sep/2018:09:00:48 -0500] "GET /galeria/nivo-slider/demo/images/Banner_micrositio.png HTTP/1.1" 200 146950
190.130.65.148 - - [15/Sep/2018:09:00:48 -0500] "GET /galeria/nivo-slider/demo/images/avances-sentencias-rio-bogota-2.jpg HTTP/1.1" 200 304916
94.130.18.160 - - [15/Sep/2018:09:00:48 -0500] "GET /BLA/resoluciones/index.php?dir=AUTOS%202006/AUTOS%202006%202101%20-%202200/&sort=date&order=desc HTTP/1.1" 200 22203
190.130.65.148 - - [15/Sep/2018:09:00:49 -0500] "GET /galeria/nivo-slider/demo/images/BANNER%20VAN%20DER%20HAMMEN.jpg HTTP/1.1" 200 64172
177.252.248.29 - - [15/Sep/2018:09:00:49 -0500] "GET /BLA/boletinlegal/js/jquery.scrollShow.js HTTP/1.1" 304 -
177.252.248.29 - - [15/Sep/2018:09:00:49 -0500] "GET /galeria/galeria/jquery.fancybox.css?v=2.1.5 HTTP/1.1" 304 -
177.252.248.29 - - [15/Sep/2018:09:00:49 -0500] "GET /galeria/galeria/jquery.fancybox.js?v=2.1.5 HTTP/1.1" 304 -
190.130.65.148 - - [15/Sep/2018:09:00:50 -0500] "GET /galeria/nivo-slider/demo/images/banner-humedales-de-bogota.jpg HTTP/1.1" 200 292611
190.130.65.148 - - [15/Sep/2018:09:00:50 -0500] "GET /galeria/nivo-slider/demo/images/maximavelocidad.png HTTP/1.1" 200 880272
190.130.65.148 - - [15/Sep/2018:09:00:50 -0500] "GET /galeria/nivo-slider/demo/images/banner%20aceite%20vegetal%20usado.jpg HTTP/1.1" 200 169350
190.130.65.148 - - [15/Sep/2018:09:00:51 -0500] "GET /galeria/nivo-slider/demo/images/bannerlumina2017web.jpg HTTP/1.1" 200 198918
190.130.65.148 - - [15/Sep/2018:09:00:51 -0500] "GET /galeria/nivo-slider/demo/images/banner-bolsas-plasticas.jpg HTTP/1.1" 200 317939
66.249.69.73 - - [15/Sep/2018:09:00:56 -0500] "GET /PruebasSTORM/StormSDA_pruebas/userFiles/user_files/98/asocia.xml HTTP/1.1" 200 5183
190.130.65.148 - - [15/Sep/2018:09:00:56 -0500] "GET /galeria/nivo-slider/themes/default/arrows.png HTTP/1.1" 200 824
190.130.65.148 - - [15/Sep/2018:09:00:56 -0500] "GET /galeria/nivo-slider/themes/default/bullets.png HTTP/1.1" 200 1281
207.46.13.69 - - [15/Sep/2018:09:00:56 -0500] "GET /BLA/resoluciones/index.php HTTP/1.1" 200 9737
94.130.18.160 - - [15/Sep/2018:09:00:56 -0500] "GET /BLA/resoluciones/index.php?dir=AUTOS%202006/AUTOS%202006%202101%20-%202200/&sort=name&order=asc HTTP/1.1" 200 22204
94.130.18.160 - - [15/Sep/2018:09:01:03 -0500] "GET /BLA/resoluciones/index.php?dir=AUTOS%202006/AUTOS%202006%202101%20-%202200/&sort=size&order=desc HTTP/1.1" 200 22203
157.55.39.7 - - [15/Sep/2018:09:01:08 -0500] "GET /BLA/resoluciones/dlf/styles.css HTTP/1.1" 200 3049
94.130.18.160 - - [15/Sep/2018:09:01:10 -0500] "GET /BLA/resoluciones/index.php?dir=AUTOS%202006/AUTOS%202006%202201%20-%202300/&sort=date&order=desc HTTP/1.1" 200 22193
216.244.66.197 - - [15/Sep/2018:09:01:17 -0500] "GET /robots.txt HTTP/1.1" 404 1019
94.130.18.160 - - [15/Sep/2018:09:01:17 -0500] "GET /BLA/resoluciones/index.php?dir=AUTOS%202006/AUTOS%202006%202201%20-%202300/&sort=name&order=asc HTTP/1.1" 200 22194
94.130.18.160 - - [15/Sep/2018:09:01:23 -0500] "GET /BLA/resoluciones/index.php?dir=AUTOS%202006/AUTOS%202006%202201%20-%202300/&sort=size&order=desc HTTP/1.1" 200 22193
201.245.192.253 - - [15/Sep/2018:09:00:57 -0500] "POST /kwsrmcab/Wsrmcab HTTP/1.1" 200 23816
94.130.18.160 - - [15/Sep/2018:09:01:35 -0500] "GET /BLA/resoluciones/index.php?dir=AUTOS%202006/AUTOS%202006%202301%20-%202400/&sort=date&order=desc HTTP/1.1" 200 22196
69.162.124.232 - - [15/Sep/2018:09:01:35 -0500] "HEAD / HTTP/1.1" 200 -
200.122.249.162 - - [15/Sep/2018:09:01:50 -0500] "GET /BLA/resoluciones/AUTOS%202014/3813.pdf HTTP/1.1" 200 577148
94.130.18.160 - - [15/Sep/2018:09:01:49 -0500] "GET /BLA/resoluciones/index.php?dir=AUTOS%202006/AUTOS%202006%202301%20-%202400/&sort=name&order=asc HTTP/1.1" 200 22197
94.130.18.160 - - [15/Sep/2018:09:01:58 -0500] "GET /BLA/resoluciones/index.php?dir=AUTOS%202006/AUTOS%202006%202301%20-%202400/&sort=size&order=desc HTTP/1.1" 200 22196
201.245.192.253 - - [15/Sep/2018:09:01:34 -0500] "POST /kwsrmcab/Wsrmcab HTTP/1.1" 200 213
94.130.18.160 - - [15/Sep/2018:09:02:09 -0500] "GET /BLA/resoluciones/index.php?dir=AUTOS%202006/AUTOS%202006%202401%20-%202500/&sort=date&order=desc HTTP/1.1" 200 22198
200.122.249.162 - - [15/Sep/2018:09:02:13 -0500] "GET /favicon.ico HTTP/1.1" 200 7782
94.130.18.160 - - [15/Sep/2018:09:02:18 -0500] "GET /BLA/resoluciones/index.php?dir=AUTOS%202006/AUTOS%202006%202401%20-%202500/&sort=name&order=asc HTTP/1.1" 200 22199
94.130.18.160 - - [15/Sep/2018:09:02:29 -0500] "GET /BLA/resoluciones/index.php?dir=AUTOS%202006/AUTOS%202006%202401%20-%202500/&sort=size&order=desc HTTP/1.1" 200 22198
190.158.180.99 - - [15/Sep/2018:09:02:35 -0500] "GET /galeria/galeria/jquery.fancybox.css?v=2.1.5 HTTP/1.1" 200 4895
190.158.180.99 - - [15/Sep/2018:09:02:35 -0500] "GET /galeria/galeria/fotos/Capellania1P.jpg HTTP/1.1" 200 33952
190.158.180.99 - - [15/Sep/2018:09:02:36 -0500] "GET /galeria/galeria/fotos/Capellania2P.jpg HTTP/1.1" 200 35380
190.158.180.99 - - [15/Sep/2018:09:02:36 -0500] "GET /galeria/galeria/fotos/Capellania3P.jpg HTTP/1.1" 200 34835
190.158.180.99 - - [15/Sep/2018:09:02:36 -0500] "GET /galeria/galeria/fotos/Capellania4P.jpg HTTP/1.1" 200 37377
94.130.18.160 - - [15/Sep/2018:09:02:42 -0500] "GET /BLA/resoluciones/index.php?dir=AUTOS%202006/AUTOS%202006%202501%20-%202600/&sort=date&order=desc HTTP/1.1" 200 22208
94.130.18.160 - - [15/Sep/2018:09:02:50 -0500] "GET /robots.txt HTTP/1.1" 404 1018
94.130.18.160 - - [15/Sep/2018:09:02:50 -0500] "GET /BLA/resoluciones/index.php?dir=AUTOS%202006/AUTOS%202006%202501%20-%202600/&sort=name&order=asc HTTP/1.1" 200 22209
94.130.18.160 - - [15/Sep/2018:09:02:59 -0500] "GET /BLA/resoluciones/index.php?dir=AUTOS%202006/AUTOS%202006%202501%20-%202600/&sort=size&order=desc HTTP/1.1" 200 22208
186.113.10.19 - - [15/Sep/2018:09:03:03 -0500] "GET /galeria/nivo-slider/demo/images/gestion-ambiental.jpg HTTP/1.1" 304 -
94.130.18.160 - - [15/Sep/2018:09:03:06 -0500] "GET /BLA/resoluciones/index.php?dir=AUTOS%202006/AUTOS%202006%202601%20-%202700/&sort=date&order=desc HTTP/1.1" 200 22188
94.130.18.160 - - [15/Sep/2018:09:03:24 -0500] "GET /BLA/resoluciones/index.php?dir=AUTOS%202006/AUTOS%202006%202601%20-%202700/&sort=name&order=asc HTTP/1.1" 200 22189
192.168.175.104 - - [15/Sep/2018:09:03:32 -0500] "GET / HTTP/1.1" 200 9990
94.130.18.160 - - [15/Sep/2018:09:03:35 -0500] "GET /BLA/resoluciones/index.php?dir=AUTOS%202006/AUTOS%202006%202601%20-%202700/&sort=size&order=desc HTTP/1.1" 200 22188
94.130.18.160 - - [15/Sep/2018:09:03:41 -0500] "GET /BLA/resoluciones/index.php?dir=AUTOS%202006/AUTOS%202006%202701%20-%202800/&sort=date&order=desc HTTP/1.1" 200 22409
94.130.18.160 - - [15/Sep/2018:09:03:49 -0500] "GET /BLA/resoluciones/index.php?dir=AUTOS%202006/AUTOS%202006%202701%20-%202800/&sort=name&order=asc HTTP/1.1" 200 22410
192.168.175.104 - - [15/Sep/2018:09:03:54 -0500] "GET / HTTP/1.0" 200 9990
94.130.18.160 - - [15/Sep/2018:09:03:57 -0500] "GET /BLA/resoluciones/index.php?dir=AUTOS%202006/AUTOS%202006%202701%20-%202800/&sort=size&order=desc HTTP/1.1" 200 22409
94.130.18.160 - - [15/Sep/2018:09:04:04 -0500] "GET /BLA/resoluciones/index.php?dir=AUTOS%202006/AUTOS%202006%202801%20-%202900/&sort=date&order=desc HTTP/1.1" 200 22228
190.60.233.196 - - [15/Sep/2018:09:04:05 -0500] "GET /BLA/resoluciones/RESOLUCIONES%202007/RES%202007%202301%20AL%202400/RESOLUCION%202384%20DE%202007.pdf HTTP/1.1" 200 549993
190.60.233.196 - - [15/Sep/2018:09:04:06 -0500] "GET /favicon.ico HTTP/1.1" 200 7782
201.244.171.128 - - [15/Sep/2018:09:04:08 -0500] "GET /galeria/carrusel/Carrusel/jquery.thumbnailScroller.css HTTP/1.1" 200 2066
201.244.171.128 - - [15/Sep/2018:09:04:08 -0500] "GET /galeria/carrusel/Carrusel/jquery-ui-1.8.13.custom.min.js HTTP/1.1" 200 10800
201.244.171.128 - - [15/Sep/2018:09:04:08 -0500] "GET /galeria/carrusel/Carrusel/jquery.thumbnailScroller.js HTTP/1.1" 200 8157
201.244.171.128 - - [15/Sep/2018:09:04:09 -0500] "GET /galeria/nivo-slider/demo/demo.html HTTP/1.1" 200 16210
94.130.18.160 - - [15/Sep/2018:09:04:11 -0500] "GET /BLA/resoluciones/index.php?dir=AUTOS%202006/AUTOS%202006%202801%20-%202900/&sort=name&order=asc HTTP/1.1" 200 22229
201.244.171.128 - - [15/Sep/2018:09:04:13 -0500] "GET /galeria/nivo-slider/themes/default/default.css HTTP/1.1" 200 1569
201.244.171.128 - - [15/Sep/2018:09:04:13 -0500] "GET /galeria/nivo-slider/themes/pascal/pascal.css HTTP/1.1" 200 2258
201.244.171.128 - - [15/Sep/2018:09:04:13 -0500] "GET /galeria/nivo-slider/demo/images/BannerCaminatasSeptiembre.jpg HTTP/1.1" 200 303232
201.244.171.128 - - [15/Sep/2018:09:04:13 -0500] "GET /galeria/nivo-slider/themes/orman/orman.css HTTP/1.1" 200 2152
201.244.171.128 - - [15/Sep/2018:09:04:13 -0500] "GET /galeria/nivo-slider/demo/style.css HTTP/1.1" 200 2222
201.244.171.128 - - [15/Sep/2018:09:04:13 -0500] "GET /galeria/nivo-slider/nivo-slider.css HTTP/1.1" 200 1507
201.244.171.128 - - [15/Sep/2018:09:04:13 -0500] "GET /galeria/nivo-slider/demo/scripts/jquery-1.7.1.min.js HTTP/1.1" 200 93868
201.244.171.128 - - [15/Sep/2018:09:04:13 -0500] "GET /galeria/nivo-slider/demo/images/banner%20mono.jpg HTTP/1.1" 200 762506
201.244.171.128 - - [15/Sep/2018:09:04:13 -0500] "GET /galeria/nivo-slider/demo/images/Banner%206F.jpg HTTP/1.1" 200 242532
201.244.171.128 - - [15/Sep/2018:09:04:13 -0500] "GET /galeria/nivo-slider/demo/images/Banner%20Incentivos%20tributarios2.jpg HTTP/1.1" 200 200787
201.244.171.128 - - [15/Sep/2018:09:04:13 -0500] "GET /galeria/nivo-slider/demo/images/banner%20restrepo.jpg HTTP/1.1" 200 316959
201.244.171.128 - - [15/Sep/2018:09:04:14 -0500] "GET /galeria/nivo-slider/demo/images/4Simple_Slider.png HTTP/1.1" 200 11722
201.244.171.128 - - [15/Sep/2018:09:04:14 -0500] "GET /galeria/nivo-slider/themes/default/loading.gif HTTP/1.1" 200 1737
201.244.171.128 - - [15/Sep/2018:09:04:14 -0500] "GET /galeria/nivo-slider/demo/images/web%20ingreso%20humedales.png HTTP/1.1" 200 641193
94.130.18.160 - - [15/Sep/2018:09:04:20 -0500] "GET /BLA/resoluciones/index.php?dir=AUTOS%202006/AUTOS%202006%202801%20-%202900/&sort=size&order=desc HTTP/1.1" 200 22228
66.249.69.234 - - [15/Sep/2018:09:04:22 -0500] "GET /BLA/resoluciones/RESOLUCIONES%202007/RES%202007%201301%20AL%201400/RESOLUCION%201330%20DE%202007.pdf HTTP/1.1" 200 567400
192.168.175.104 - - [15/Sep/2018:09:04:27 -0500] "GET / HTTP/1.1" 200 9990
94.130.18.160 - - [15/Sep/2018:09:04:29 -0500] "GET /BLA/resoluciones/index.php?dir=AUTOS%202006/AUTOS%202006%202901%20-%203000/&sort=date&order=desc HTTP/1.1" 200 22190
66.249.69.71 - - [15/Sep/2018:09:04:36 -0500] "GET /PORTAL_SIAC/swf/Residuos/textiles/textiles.swf?pageNumber= HTTP/1.1" 200 400852
94.130.18.160 - - [15/Sep/2018:09:04:36 -0500] "GET /BLA/resoluciones/index.php?dir=AUTOS%202006/AUTOS%202006%202901%20-%203000/&sort=name&order=asc HTTP/1.1" 200 22191
66.249.69.71 - - [15/Sep/2018:09:04:41 -0500] "GET /PORTAL_SIAC/swf/Residuos/textiles/textiles.swf?pageNumber= HTTP/1.1" 200 400852
94.130.18.160 - - [15/Sep/2018:09:04:45 -0500] "GET /BLA/resoluciones/index.php?dir=AUTOS%202006/AUTOS%202006%202901%20-%203000/&sort=size&order=desc HTTP/1.1" 200 22190
66.249.69.71 - - [15/Sep/2018:09:04:48 -0500] "GET /PORTAL_SIAC/swf/Residuos/textiles/files/info.xml?rnd=162a75bf-2661-4d15-a1ce-18f0b4590622 HTTP/1.1" 200 72848
66.249.69.71 - - [15/Sep/2018:09:04:50 -0500] "GET /PORTAL_SIAC/swf/Residuos/textiles/files/search/searchtext.xml HTTP/1.1" 200 210604
94.130.18.160 - - [15/Sep/2018:09:04:54 -0500] "GET /BLA/resoluciones/index.php?dir=AUTOS%202006/AUTOS%202006%20301-400/&sort=date&order=desc HTTP/1.1" 200 21780
190.70.153.136 - - [15/Sep/2018:09:04:54 -0500] "GET /galeria/nivo-slider/demo/images/banner%20mono.jpg HTTP/1.1" 200 762506
190.70.153.136 - - [15/Sep/2018:09:04:54 -0500] "GET /galeria/nivo-slider/demo/images/web%20ingreso%20humedales.png HTTP/1.1" 200 641193
190.70.153.136 - - [15/Sep/2018:09:04:54 -0500] "GET /galeria/nivo-slider/demo/images/gobierno%20digital-01.jpg HTTP/1.1" 200 116163
190.70.153.136 - - [15/Sep/2018:09:04:54 -0500] "GET /galeria/nivo-slider/demo/images/Banner%206F.jpg HTTP/1.1" 200 242532
190.70.153.136 - - [15/Sep/2018:09:04:54 -0500] "GET /galeria/nivo-slider/demo/images/banner%20restrepo.jpg HTTP/1.1" 200 316959
190.70.153.136 - - [15/Sep/2018:09:04:54 -0500] "GET /galeria/nivo-slider/demo/images/Banner%20Incentivos%20tributarios2.jpg HTTP/1.1" 200 200787
190.70.153.136 - - [15/Sep/2018:09:04:56 -0500] "GET /galeria/nivo-slider/demo/images/Otorgamiento-excelencia-ambiental-Jos%C3%A9-Celestino-Mutis-2.jpg HTTP/1.1" 200 276467
190.70.153.136 - - [15/Sep/2018:09:04:57 -0500] "GET /galeria/nivo-slider/demo/images/Banner_micrositio.png HTTP/1.1" 200 146950
190.70.153.136 - - [15/Sep/2018:09:04:57 -0500] "GET /galeria/nivo-slider/demo/images/avances-sentencias-rio-bogota-2.jpg HTTP/1.1" 200 304916
190.70.153.136 - - [15/Sep/2018:09:04:58 -0500] "GET /galeria/nivo-slider/demo/images/BANNER%20VAN%20DER%20HAMMEN.jpg HTTP/1.1" 200 64172
190.70.153.136 - - [15/Sep/2018:09:04:58 -0500] "GET /galeria/nivo-slider/demo/images/banner-humedales-de-bogota.jpg HTTP/1.1" 200 292611
190.70.153.136 - - [15/Sep/2018:09:04:59 -0500] "GET /galeria/nivo-slider/demo/images/maximavelocidad.png HTTP/1.1" 200 880272
190.70.153.136 - - [15/Sep/2018:09:04:59 -0500] "GET /galeria/nivo-slider/demo/images/banner%20aceite%20vegetal%20usado.jpg HTTP/1.1" 200 169350
94.130.18.160 - - [15/Sep/2018:09:05:03 -0500] "GET /BLA/resoluciones/index.php?dir=AUTOS%202006/AUTOS%202006%20301-400/&sort=name&order=asc HTTP/1.1" 200 21781
94.130.18.160 - - [15/Sep/2018:09:05:09 -0500] "GET /BLA/resoluciones/index.php?dir=AUTOS%202006/AUTOS%202006%20301-400/&sort=size&order=desc HTTP/1.1" 200 21780
190.90.19.173 - - [15/Sep/2018:09:05:10 -0500] "GET /BLA/boletinlegal/js/jquery.scrollShow.js HTTP/1.1" 200 4586
190.90.19.173 - - [15/Sep/2018:09:05:10 -0500] "GET /galeria/galeria/jquery.fancybox.js?v=2.1.5 HTTP/1.1" 200 48706
190.90.19.173 - - [15/Sep/2018:09:05:10 -0500] "GET /galeria/galeria/jquery.fancybox.css?v=2.1.5 HTTP/1.1" 200 4895
190.90.19.173 - - [15/Sep/2018:09:05:10 -0500] "GET /galeria/carrusel/Carrusel/jquery.thumbnailScroller.css HTTP/1.1" 200 2066
94.130.18.160 - - [15/Sep/2018:09:05:15 -0500] "GET /BLA/resoluciones/index.php?dir=AUTOS%202006/AUTOS%202006%203101%20-%203200/&sort=date&order=desc HTTP/1.1" 200 22188
94.130.18.160 - - [15/Sep/2018:09:05:21 -0500] "GET /BLA/resoluciones/index.php?dir=AUTOS%202006/AUTOS%202006%203101%20-%203200/&sort=name&order=asc HTTP/1.1" 200 22189
181.143.224.166 - - [15/Sep/2018:09:05:29 -0500] "GET /galeria/galeria/jquery.fancybox.css?v=2.1.5 HTTP/1.1" 200 4895
181.143.224.166 - - [15/Sep/2018:09:05:29 -0500] "GET /galeria/galeria/jquery.fancybox.js?v=2.1.5 HTTP/1.1" 200 48706
181.143.224.166 - - [15/Sep/2018:09:05:29 -0500] "GET /BLA/boletinlegal/js/jquery.scrollShow.js HTTP/1.1" 200 4586
94.130.18.160 - - [15/Sep/2018:09:05:32 -0500] "GET /BLA/resoluciones/index.php?dir=AUTOS%202006/AUTOS%202006%203101%20-%203200/&sort=size&order=desc HTTP/1.1" 200 22188
66.249.88.173 - - [15/Sep/2018:09:05:33 -0500] "GET /galeria/galeria/jquery.fancybox.js?v=2.1.5 HTTP/1.1" 200 48706
66.249.88.173 - - [15/Sep/2018:09:05:33 -0500] "GET /BLA/boletinlegal/js/jquery.scrollShow.js HTTP/1.1" 200 4586
66.249.88.173 - - [15/Sep/2018:09:05:33 -0500] "GET /galeria/galeria/jquery.fancybox.css?v=2.1.5 HTTP/1.1" 200 4895
181.143.224.166 - - [15/Sep/2018:09:05:40 -0500] "GET /galeria/galeria/jquery.fancybox.css?v=2.1.5 HTTP/1.1" 304 -
181.143.224.166 - - [15/Sep/2018:09:05:40 -0500] "GET /BLA/boletinlegal/js/jquery.scrollShow.js HTTP/1.1" 304 -
181.143.224.166 - - [15/Sep/2018:09:05:40 -0500] "GET /galeria/galeria/jquery.fancybox.js?v=2.1.5 HTTP/1.1" 304 -
94.130.18.160 - - [15/Sep/2018:09:05:47 -0500] "GET /BLA/resoluciones/index.php?dir=AUTOS%202006/AUTOS%202006%203201%20-%203300/&sort=date&order=desc HTTP/1.1" 200 22208
94.130.18.160 - - [15/Sep/2018:09:06:02 -0500] "GET /BLA/resoluciones/index.php?dir=AUTOS%202006/AUTOS%202006%203201%20-%203300/&sort=name&order=asc HTTP/1.1" 200 22209
190.158.180.99 - - [15/Sep/2018:09:06:07 -0500] "GET /BLA/boletinlegal/js/jquery.scrollShow.js HTTP/1.1" 200 4586
94.130.18.160 - - [15/Sep/2018:09:06:13 -0500] "GET /BLA/resoluciones/index.php?dir=AUTOS%202006/AUTOS%202006%203201%20-%203300/&sort=size&order=desc HTTP/1.1" 200 22208
94.130.18.160 - - [15/Sep/2018:09:06:21 -0500] "GET /BLA/resoluciones/index.php?dir=AUTOS%202006/AUTOS%202006%203301%20-%203418/&sort=date&order=desc HTTP/1.1" 200 25806
181.49.188.10 - - [15/Sep/2018:09:06:26 -0500] "GET /galeria/galeria/jquery.fancybox.css?v=2.1.5 HTTP/1.1" 200 4895
181.49.188.10 - - [15/Sep/2018:09:06:26 -0500] "GET /BLA/boletinlegal/js/jquery.scrollShow.js HTTP/1.1" 200 4586
181.49.188.10 - - [15/Sep/2018:09:06:26 -0500] "GET /galeria/galeria/jquery.fancybox.js?v=2.1.5 HTTP/1.1" 200 48706
94.130.18.160 - - [15/Sep/2018:09:06:28 -0500] "GET /BLA/resoluciones/index.php?dir=AUTOS%202006/AUTOS%202006%203301%20-%203418/&sort=name&order=asc HTTP/1.1" 200 25807
69.162.124.232 - - [15/Sep/2018:09:06:35 -0500] "HEAD / HTTP/1.1" 200 -
94.130.18.160 - - [15/Sep/2018:09:06:36 -0500] "GET /BLA/resoluciones/index.php?dir=AUTOS%202006/AUTOS%202006%203301%20-%203418/&sort=size&order=desc HTTP/1.1" 200 25806
94.130.18.160 - - [15/Sep/2018:09:06:44 -0500] "GET /BLA/resoluciones/index.php?dir=AUTOS%202006/AUTOS%202006%20401-500/&sort=date&order=desc HTTP/1.1" 200 21768
94.130.18.160 - - [15/Sep/2018:09:06:56 -0500] "GET /BLA/resoluciones/index.php?dir=AUTOS%202006/AUTOS%202006%20401-500/&sort=name&order=asc HTTP/1.1" 200 21769
94.130.18.160 - - [15/Sep/2018:09:07:04 -0500] "GET /BLA/resoluciones/index.php?dir=AUTOS%202006/AUTOS%202006%20401-500/&sort=size&order=desc HTTP/1.1" 200 21768
94.130.18.160 - - [15/Sep/2018:09:07:12 -0500] "GET /BLA/resoluciones/index.php?dir=AUTOS%202006/AUTOS%202006%20501-600/&sort=date&order=desc HTTP/1.1" 200 21779
94.130.18.160 - - [15/Sep/2018:09:07:19 -0500] "GET /BLA/resoluciones/index.php?dir=AUTOS%202006/AUTOS%202006%20501-600/&sort=name&order=asc HTTP/1.1" 200 21780
94.130.18.160 - - [15/Sep/2018:09:07:29 -0500] "GET /BLA/resoluciones/index.php?dir=AUTOS%202006/AUTOS%202006%20501-600/&sort=size&order=desc HTTP/1.1" 200 21779
66.249.88.169 - - [15/Sep/2018:09:07:35 -0500] "GET /BLA/boletinlegal/js/jquery.scrollShow.js HTTP/1.1" 200 4586
66.249.88.173 - - [15/Sep/2018:09:07:35 -0500] "GET /galeria/galeria/jquery.fancybox.js?v=2.1.5 HTTP/1.1" 200 48706
66.249.88.171 - - [15/Sep/2018:09:07:36 -0500] "GET /galeria/galeria/jquery.fancybox.css?v=2.1.5 HTTP/1.1" 200 4895
94.130.18.160 - - [15/Sep/2018:09:07:36 -0500] "GET /BLA/resoluciones/index.php?dir=AUTOS%202006/AUTOS%202006%20601-700/&sort=date&order=desc HTTP/1.1" 200 21775
94.130.18.160 - - [15/Sep/2018:09:07:49 -0500] "GET /BLA/resoluciones/index.php?dir=AUTOS%202006/AUTOS%202006%20601-700/&sort=name&order=asc HTTP/1.1" 200 21776
94.130.18.160 - - [15/Sep/2018:09:07:59 -0500] "GET /BLA/resoluciones/index.php?dir=AUTOS%202006/AUTOS%202006%20601-700/&sort=size&order=desc HTTP/1.1" 200 21775
94.130.18.160 - - [15/Sep/2018:09:08:06 -0500] "GET /BLA/resoluciones/index.php?dir=AUTOS%202006/AUTOS%202006%20701-800/&sort=date&order=desc HTTP/1.1" 200 21968
94.130.18.160 - - [15/Sep/2018:09:08:15 -0500] "GET /BLA/resoluciones/index.php?dir=AUTOS%202006/AUTOS%202006%20701-800/&sort=name&order=asc HTTP/1.1" 200 21969
66.249.69.71 - - [15/Sep/2018:09:08:16 -0500] "GET /PORTAL_SIAC/swf/Residuos/textiles/files/search/searchtext.xml HTTP/1.1" 200 210604
186.96.105.83 - - [15/Sep/2018:09:08:22 -0500] "GET /BLA/resoluciones/AUTOS%202016/0257.pdf HTTP/1.1" 200 572599
94.130.18.160 - - [15/Sep/2018:09:08:25 -0500] "GET /BLA/resoluciones/index.php?dir=AUTOS%202006/AUTOS%202006%20701-800/&sort=size&order=desc HTTP/1.1" 200 21968
195.154.122.53 - - [15/Sep/2018:09:08:29 -0500] "GET /galeria/galeria/jquery.fancybox.css?v=2.1.5 HTTP/1.1" 200 4895
195.154.122.53 - - [15/Sep/2018:09:08:29 -0500] "GET /galeria/galeria/jquery.fancybox.js?v=2.1.5 HTTP/1.1" 200 48706
195.154.122.53 - - [15/Sep/2018:09:08:29 -0500] "GET /BLA/boletinlegal/js/jquery.scrollShow.js HTTP/1.1" 200 4586
192.168.175.104 - - [15/Sep/2018:09:08:30 -0500] "GET / HTTP/1.1" 200 9990
94.130.18.160 - - [15/Sep/2018:09:08:32 -0500] "GET /BLA/resoluciones/index.php?dir=AUTOS%202006/AUTOS%202006%20801-900/&sort=date&order=desc HTTP/1.1" 200 21774
66.249.69.234 - - [15/Sep/2018:09:08:40 -0500] "GET /BLA/resoluciones/AUTOS%202015/6491.pdf HTTP/1.1" 200 1015924
94.130.18.160 - - [15/Sep/2018:09:08:43 -0500] "GET /BLA/resoluciones/index.php?dir=AUTOS%202006/AUTOS%202006%20801-900/&sort=name&order=asc HTTP/1.1" 200 21775
66.249.69.232 - - [15/Sep/2018:09:08:45 -0500] "GET /galeria/galeria/fotos/MeandrodelSay2G.jpg HTTP/1.1" 200 321492
94.130.18.160 - - [15/Sep/2018:09:08:50 -0500] "GET /BLA/resoluciones/index.php?dir=AUTOS%202006/AUTOS%202006%20801-900/&sort=size&order=desc HTTP/1.1" 200 21774
192.168.175.104 - - [15/Sep/2018:09:08:52 -0500] "GET / HTTP/1.0" 200 9990
94.130.18.160 - - [15/Sep/2018:09:08:58 -0500] "GET /BLA/resoluciones/index.php?dir=AUTOS%202006/AUTOS%202006%20901-1000/&sort=date&order=desc HTTP/1.1" 200 21876
94.130.18.160 - - [15/Sep/2018:09:09:06 -0500] "GET /BLA/resoluciones/index.php?dir=AUTOS%202006/AUTOS%202006%20901-1000/&sort=name&order=asc HTTP/1.1" 200 21877
94.130.18.160 - - [15/Sep/2018:09:09:16 -0500] "GET /BLA/resoluciones/index.php?dir=AUTOS%202006/AUTOS%202006%20901-1000/&sort=size&order=desc HTTP/1.1" 200 21876
190.145.24.243 - - [15/Sep/2018:09:09:17 -0500] "GET /galeria/nivo-slider/demo/demo.html HTTP/1.1" 304 -
190.145.24.243 - - [15/Sep/2018:09:09:19 -0500] "GET /galeria/nivo-slider/demo/images/BannerCaminatasSeptiembre.jpg HTTP/1.1" 304 -
190.145.24.243 - - [15/Sep/2018:09:09:20 -0500] "GET /galeria/nivo-slider/demo/images/banner%20mono.jpg HTTP/1.1" 304 -
66.102.8.13 - - [15/Sep/2018:09:09:23 -0500] "GET /galeria/galeria/fotos/Humedal-Tibanica1G.jpg HTTP/1.1" 200 541579
192.168.175.104 - - [15/Sep/2018:09:09:25 -0500] "GET / HTTP/1.1" 200 9990
94.130.18.160 - - [15/Sep/2018:09:09:27 -0500] "GET /BLA/resoluciones/index.php?dir=Notificaciones/AUTOS%201985/&sort=date&order=desc HTTP/1.1" 200 2732
94.130.18.160 - - [15/Sep/2018:09:09:37 -0500] "GET /BLA/resoluciones/index.php?dir=Notificaciones/AUTOS%201985/&sort=name&order=asc HTTP/1.1" 200 2733
94.130.18.160 - - [15/Sep/2018:09:09:44 -0500] "GET /BLA/resoluciones/index.php?dir=Notificaciones/AUTOS%201985/&sort=size&order=desc HTTP/1.1" 200 2732
94.130.18.160 - - [15/Sep/2018:09:09:52 -0500] "GET /BLA/resoluciones/index.php?dir=Notificaciones/AUTOS%201988/&sort=date&order=desc HTTP/1.1" 200 2204
94.130.18.160 - - [15/Sep/2018:09:09:59 -0500] "GET /BLA/resoluciones/index.php?dir=Notificaciones/AUTOS%201988/&sort=name&order=asc HTTP/1.1" 200 2205
94.130.18.160 - - [15/Sep/2018:09:10:06 -0500] "GET /BLA/resoluciones/index.php?dir=Notificaciones/AUTOS%201988/&sort=size&order=desc HTTP/1.1" 200 2204
66.249.69.232 - - [15/Sep/2018:09:10:06 -0500] "GET /BLA/resoluciones/AUTOS%202015/4983.pdf HTTP/1.1" 200 502117
94.130.18.160 - - [15/Sep/2018:09:10:12 -0500] "GET /BLA/resoluciones/index.php?dir=Notificaciones/AUTOS%202012/&sort=date&order=desc HTTP/1.1" 200 3091
2.137.125.180 - - [15/Sep/2018:09:10:17 -0500] "POST /client/en/community/supportcli.php HTTP/1.1" 404 1018
94.130.18.160 - - [15/Sep/2018:09:10:18 -0500] "GET /BLA/resoluciones/index.php?dir=Notificaciones/AUTOS%202012/&sort=name&order=asc HTTP/1.1" 200 3092
186.154.33.223 - - [15/Sep/2018:09:10:23 -0500] "GET /galeria/galeria/fotos/Soratama4G.jpg HTTP/1.1" 200 167128
186.29.193.190 - - [15/Sep/2018:09:10:27 -0500] "GET /BLA/boletinlegal/js/jquery.scrollShow.js HTTP/1.1" 200 4586
186.29.193.190 - - [15/Sep/2018:09:10:27 -0500] "GET /galeria/galeria/jquery.fancybox.js?v=2.1.5 HTTP/1.1" 200 48706
186.29.193.190 - - [15/Sep/2018:09:10:27 -0500] "GET /galeria/galeria/jquery.fancybox.css?v=2.1.5 HTTP/1.1" 200 4895
186.29.193.190 - - [15/Sep/2018:09:10:28 -0500] "GET /galeria/carrusel/Carrusel/jquery.thumbnailScroller.css HTTP/1.1" 200 2066
94.130.18.160 - - [15/Sep/2018:09:10:30 -0500] "GET /BLA/resoluciones/index.php?dir=Notificaciones/AUTOS%202012/&sort=size&order=desc HTTP/1.1" 200 3091
186.29.193.190 - - [15/Sep/2018:09:10:31 -0500] "GET /galeria/carrusel/Carrusel/jquery-ui-1.8.13.custom.min.js HTTP/1.1" 200 10800
186.29.193.190 - - [15/Sep/2018:09:10:31 -0500] "GET /galeria/carrusel/Carrusel/jquery.thumbnailScroller.js HTTP/1.1" 200 8157
186.29.193.190 - - [15/Sep/2018:09:10:31 -0500] "GET /galeria/nivo-slider/demo/demo.html HTTP/1.1" 200 16210
186.29.193.190 - - [15/Sep/2018:09:10:31 -0500] "GET /galeria/nivo-slider/themes/default/default.css HTTP/1.1" 200 1569
186.29.193.190 - - [15/Sep/2018:09:10:31 -0500] "GET /galeria/nivo-slider/themes/pascal/pascal.css HTTP/1.1" 200 2258
186.29.193.190 - - [15/Sep/2018:09:10:31 -0500] "GET /galeria/nivo-slider/themes/orman/orman.css HTTP/1.1" 200 2152
186.29.193.190 - - [15/Sep/2018:09:10:31 -0500] "GET /galeria/nivo-slider/demo/scripts/jquery-1.7.1.min.js HTTP/1.1" 200 93868
186.29.193.190 - - [15/Sep/2018:09:10:31 -0500] "GET /galeria/nivo-slider/demo/style.css HTTP/1.1" 200 2222
186.29.193.190 - - [15/Sep/2018:09:10:31 -0500] "GET /galeria/nivo-slider/nivo-slider.css HTTP/1.1" 200 1507
186.29.193.190 - - [15/Sep/2018:09:10:32 -0500] "GET /galeria/nivo-slider/demo/images/BannerCaminatasSeptiembre.jpg HTTP/1.1" 200 303232
186.29.193.190 - - [15/Sep/2018:09:10:32 -0500] "GET /galeria/nivo-slider/jquery.nivo.slider.pack.js HTTP/1.1" 200 11561
186.29.193.190 - - [15/Sep/2018:09:10:32 -0500] "GET /galeria/nivo-slider/demo/images/banner%20mono.jpg HTTP/1.1" 200 762506
186.29.193.190 - - [15/Sep/2018:09:10:32 -0500] "GET /galeria/nivo-slider/demo/images/Banner%206F.jpg HTTP/1.1" 200 242532
186.29.193.190 - - [15/Sep/2018:09:10:32 -0500] "GET /galeria/nivo-slider/demo/images/banner%20restrepo.jpg HTTP/1.1" 200 316959
186.29.193.190 - - [15/Sep/2018:09:10:32 -0500] "GET /galeria/nivo-slider/demo/images/Banner%20Incentivos%20tributarios2.jpg HTTP/1.1" 200 200787
186.29.193.190 - - [15/Sep/2018:09:10:32 -0500] "GET /galeria/nivo-slider/demo/images/web%20ingreso%20humedales.png HTTP/1.1" 200 641193
186.29.193.190 - - [15/Sep/2018:09:10:33 -0500] "GET /galeria/nivo-slider/demo/images/4Simple_Slider.png HTTP/1.1" 200 11722
186.29.193.190 - - [15/Sep/2018:09:10:34 -0500] "GET /galeria/nivo-slider/themes/default/loading.gif HTTP/1.1" 200 1737
186.29.193.190 - - [15/Sep/2018:09:10:34 -0500] "GET /galeria/nivo-slider/demo/images/gobierno%20digital-01.jpg HTTP/1.1" 200 116163
186.29.193.190 - - [15/Sep/2018:09:10:34 -0500] "GET /galeria/nivo-slider/demo/images/Otorgamiento-excelencia-ambiental-Jos%C3%A9-Celestino-Mutis-2.jpg HTTP/1.1" 200 276467
186.29.193.190 - - [15/Sep/2018:09:10:34 -0500] "GET /galeria/nivo-slider/demo/images/Banner_micrositio.png HTTP/1.1" 200 146950
186.29.193.190 - - [15/Sep/2018:09:10:34 -0500] "GET /galeria/nivo-slider/demo/images/avances-sentencias-rio-bogota-2.jpg HTTP/1.1" 200 304916
186.29.193.190 - - [15/Sep/2018:09:10:34 -0500] "GET /galeria/nivo-slider/demo/images/BANNER%20VAN%20DER%20HAMMEN.jpg HTTP/1.1" 200 64172
186.29.193.190 - - [15/Sep/2018:09:10:35 -0500] "GET /galeria/nivo-slider/demo/images/banner-humedales-de-bogota.jpg HTTP/1.1" 200 292611
186.29.193.190 - - [15/Sep/2018:09:10:35 -0500] "GET /galeria/nivo-slider/demo/images/maximavelocidad.png HTTP/1.1" 200 880272
186.29.193.190 - - [15/Sep/2018:09:10:35 -0500] "GET /galeria/nivo-slider/demo/images/banner%20aceite%20vegetal%20usado.jpg HTTP/1.1" 200 169350
186.29.193.190 - - [15/Sep/2018:09:10:35 -0500] "GET /galeria/nivo-slider/demo/images/bannerlumina2017web.jpg HTTP/1.1" 200 198918
94.130.18.160 - - [15/Sep/2018:09:10:36 -0500] "GET /BLA/resoluciones/index.php?dir=Notificaciones/AUTOS%202013/&sort=date&order=desc HTTP/1.1" 200 38884
186.154.33.223 - - [15/Sep/2018:09:10:36 -0500] "GET /galeria/galeria/fotos/Soratama3G.jpg HTTP/1.1" 200 159434
186.29.193.190 - - [15/Sep/2018:09:10:37 -0500] "GET /galeria/nivo-slider/demo/images/banner-bolsas-plasticas.jpg HTTP/1.1" 200 317939
186.29.193.190 - - [15/Sep/2018:09:10:38 -0500] "GET /galeria/nivo-slider/themes/default/arrows.png HTTP/1.1" 200 824
186.29.193.190 - - [15/Sep/2018:09:10:38 -0500] "GET /galeria/nivo-slider/themes/default/bullets.png HTTP/1.1" 200 1281
94.130.18.160 - - [15/Sep/2018:09:10:42 -0500] "GET /BLA/resoluciones/index.php?dir=Notificaciones/AUTOS%202013/&sort=name&order=asc HTTP/1.1" 200 38885
94.130.18.160 - - [15/Sep/2018:09:10:50 -0500] "GET /BLA/resoluciones/index.php?dir=Notificaciones/AUTOS%202013/&sort=size&order=desc HTTP/1.1" 200 38884
94.130.18.160 - - [15/Sep/2018:09:10:57 -0500] "GET /BLA/resoluciones/index.php?dir=Notificaciones/AUTOS%202014/&sort=date&order=desc HTTP/1.1" 200 306460
94.130.18.160 - - [15/Sep/2018:09:11:04 -0500] "GET /BLA/resoluciones/index.php?dir=Notificaciones/AUTOS%202014/&sort=name&order=asc HTTP/1.1" 200 306461
94.130.18.160 - - [15/Sep/2018:09:11:12 -0500] "GET /BLA/resoluciones/index.php?dir=Notificaciones/AUTOS%202014/&sort=size&order=desc HTTP/1.1" 200 306460
94.130.18.160 - - [15/Sep/2018:09:11:22 -0500] "GET /BLA/resoluciones/index.php?dir=Notificaciones/AUTOS%202015/&sort=date&order=desc HTTP/1.1" 200 101714
201.184.39.223 - - [15/Sep/2018:09:11:23 -0500] "GET /galeria/galeria/jquery.fancybox.css?v=2.1.5 HTTP/1.1" 200 4895
201.184.39.223 - - [15/Sep/2018:09:11:23 -0500] "GET /galeria/carrusel/Carrusel/jquery.thumbnailScroller.css HTTP/1.1" 200 2066
201.184.39.223 - - [15/Sep/2018:09:11:23 -0500] "GET /BLA/boletinlegal/js/jquery.scrollShow.js HTTP/1.1" 200 4586
201.184.39.223 - - [15/Sep/2018:09:11:23 -0500] "GET /galeria/galeria/jquery.fancybox.js?v=2.1.5 HTTP/1.1" 200 48706
201.184.39.223 - - [15/Sep/2018:09:11:24 -0500] "GET /galeria/carrusel/Carrusel/jquery-ui-1.8.13.custom.min.js HTTP/1.1" 200 10800
201.184.39.223 - - [15/Sep/2018:09:11:24 -0500] "GET /galeria/carrusel/Carrusel/jquery.thumbnailScroller.js HTTP/1.1" 200 8157
201.184.39.223 - - [15/Sep/2018:09:11:24 -0500] "GET /galeria/nivo-slider/demo/demo.html HTTP/1.1" 200 16210
201.184.39.223 - - [15/Sep/2018:09:11:25 -0500] "GET /galeria/nivo-slider/themes/default/default.css HTTP/1.1" 200 1569
201.184.39.223 - - [15/Sep/2018:09:11:25 -0500] "GET /galeria/nivo-slider/themes/pascal/pascal.css HTTP/1.1" 200 2258
201.184.39.223 - - [15/Sep/2018:09:11:25 -0500] "GET /galeria/nivo-slider/jquery.nivo.slider.pack.js HTTP/1.1" 200 11561
201.184.39.223 - - [15/Sep/2018:09:11:25 -0500] "GET /galeria/nivo-slider/themes/orman/orman.css HTTP/1.1" 200 2152
201.184.39.223 - - [15/Sep/2018:09:11:25 -0500] "GET /galeria/nivo-slider/nivo-slider.css HTTP/1.1" 200 1507
201.184.39.223 - - [15/Sep/2018:09:11:25 -0500] "GET /galeria/nivo-slider/demo/style.css HTTP/1.1" 200 2222
201.184.39.223 - - [15/Sep/2018:09:11:25 -0500] "GET /galeria/nivo-slider/demo/scripts/jquery-1.7.1.min.js HTTP/1.1" 200 93868
201.184.39.223 - - [15/Sep/2018:09:11:26 -0500] "GET /galeria/nivo-slider/demo/images/BannerCaminatasSeptiembre.jpg HTTP/1.1" 200 303232
201.184.39.223 - - [15/Sep/2018:09:11:26 -0500] "GET /galeria/nivo-slider/demo/images/banner%20mono.jpg HTTP/1.1" 200 762506
201.184.39.223 - - [15/Sep/2018:09:11:26 -0500] "GET /galeria/nivo-slider/demo/images/Banner%206F.jpg HTTP/1.1" 200 242532
201.184.39.223 - - [15/Sep/2018:09:11:26 -0500] "GET /galeria/nivo-slider/demo/images/banner%20restrepo.jpg HTTP/1.1" 200 316959
201.184.39.223 - - [15/Sep/2018:09:11:27 -0500] "GET /galeria/nivo-slider/themes/default/loading.gif HTTP/1.1" 200 1737
201.184.39.223 - - [15/Sep/2018:09:11:27 -0500] "GET /galeria/nivo-slider/demo/images/4Simple_Slider.png HTTP/1.1" 200 11722
201.184.39.223 - - [15/Sep/2018:09:11:28 -0500] "GET /galeria/nivo-slider/demo/images/Banner%20Incentivos%20tributarios2.jpg HTTP/1.1" 200 200787
201.184.39.223 - - [15/Sep/2018:09:11:28 -0500] "GET /galeria/nivo-slider/demo/images/web%20ingreso%20humedales.png HTTP/1.1" 200 641193
201.184.39.223 - - [15/Sep/2018:09:11:28 -0500] "GET /galeria/nivo-slider/demo/images/gobierno%20digital-01.jpg HTTP/1.1" 200 116163
201.184.39.223 - - [15/Sep/2018:09:11:29 -0500] "GET /galeria/nivo-slider/demo/images/Otorgamiento-excelencia-ambiental-Jos%C3%A9-Celestino-Mutis-2.jpg HTTP/1.1" 200 276467
201.184.39.223 - - [15/Sep/2018:09:11:30 -0500] "GET /galeria/nivo-slider/demo/images/Banner_micrositio.png HTTP/1.1" 200 146950
201.184.39.223 - - [15/Sep/2018:09:11:30 -0500] "GET /galeria/nivo-slider/demo/images/avances-sentencias-rio-bogota-2.jpg HTTP/1.1" 200 304916
94.130.18.160 - - [15/Sep/2018:09:11:30 -0500] "GET /BLA/resoluciones/index.php?dir=Notificaciones/AUTOS%202015/&sort=name&order=asc HTTP/1.1" 200 101715
201.184.39.223 - - [15/Sep/2018:09:11:31 -0500] "GET /galeria/nivo-slider/demo/images/BANNER%20VAN%20DER%20HAMMEN.jpg HTTP/1.1" 200 64172
201.184.39.223 - - [15/Sep/2018:09:11:31 -0500] "GET /galeria/nivo-slider/demo/images/banner-humedales-de-bogota.jpg HTTP/1.1" 200 292611
201.184.39.223 - - [15/Sep/2018:09:11:31 -0500] "GET /galeria/nivo-slider/demo/images/maximavelocidad.png HTTP/1.1" 200 880272
201.184.39.223 - - [15/Sep/2018:09:11:32 -0500] "GET /galeria/nivo-slider/demo/images/banner%20aceite%20vegetal%20usado.jpg HTTP/1.1" 200 169350
201.184.39.223 - - [15/Sep/2018:09:11:32 -0500] "GET /galeria/nivo-slider/demo/images/bannerlumina2017web.jpg HTTP/1.1" 200 198918
201.184.39.223 - - [15/Sep/2018:09:11:32 -0500] "GET /galeria/nivo-slider/demo/images/banner-bolsas-plasticas.jpg HTTP/1.1" 200 317939
66.249.69.232 - - [15/Sep/2018:09:11:32 -0500] "GET /BLA/resoluciones/AUTOS%202015/3512.pdf HTTP/1.1" 304 -
201.245.192.253 - - [15/Sep/2018:09:10:57 -0500] "POST /kwsrmcab/Wsrmcab HTTP/1.1" 200 23816
69.162.124.232 - - [15/Sep/2018:09:11:35 -0500] "HEAD / HTTP/1.1" 200 -
201.184.39.223 - - [15/Sep/2018:09:11:36 -0500] "GET /galeria/nivo-slider/themes/default/arrows.png HTTP/1.1" 200 824
201.184.39.223 - - [15/Sep/2018:09:11:36 -0500] "GET /galeria/nivo-slider/themes/default/bullets.png HTTP/1.1" 200 1281
94.130.18.160 - - [15/Sep/2018:09:11:39 -0500] "GET /BLA/resoluciones/index.php?dir=Notificaciones/AUTOS%202015/&sort=size&order=desc HTTP/1.1" 200 101714
167.0.196.71 - - [15/Sep/2018:09:11:44 -0500] "GET /BLA/boletinlegal/js/jquery.scrollShow.js HTTP/1.1" 200 4586
167.0.196.71 - - [15/Sep/2018:09:11:44 -0500] "GET /galeria/galeria/jquery.fancybox.css?v=2.1.5 HTTP/1.1" 200 4895
167.0.196.71 - - [15/Sep/2018:09:11:44 -0500] "GET /galeria/galeria/jquery.fancybox.js?v=2.1.5 HTTP/1.1" 200 48706
94.130.18.160 - - [15/Sep/2018:09:11:46 -0500] "GET /BLA/resoluciones/index.php?dir=Notificaciones/AUTOS%202016/&sort=date&order=desc HTTP/1.1" 200 62477
106.38.241.184 - - [15/Sep/2018:09:11:50 -0500] "GET /robots.txt HTTP/1.1" 404 1019
94.130.18.160 - - [15/Sep/2018:09:11:55 -0500] "GET /BLA/resoluciones/index.php?dir=Notificaciones/AUTOS%202016/&sort=name&order=asc HTTP/1.1" 200 62478
66.249.69.73 - - [15/Sep/2018:09:11:56 -0500] "GET /PruebasSTORM/StormSDA_pruebas/userFiles/user_files/listas/53.xml HTTP/1.1" 200 247
94.130.18.160 - - [15/Sep/2018:09:12:05 -0500] "GET /BLA/resoluciones/index.php?dir=Notificaciones/AUTOS%202016/&sort=size&order=desc HTTP/1.1" 200 62477
201.245.192.253 - - [15/Sep/2018:09:11:35 -0500] "POST /kwsrmcab/Wsrmcab HTTP/1.1" 200 24924
181.59.228.205 - - [15/Sep/2018:09:12:13 -0500] "GET /galeria/galeria/jquery.fancybox.css?v=2.1.5 HTTP/1.1" 200 4895
181.59.228.205 - - [15/Sep/2018:09:12:13 -0500] "GET /BLA/boletinlegal/js/jquery.scrollShow.js HTTP/1.1" 200 4586
181.59.228.205 - - [15/Sep/2018:09:12:13 -0500] "GET /galeria/galeria/jquery.fancybox.js?v=2.1.5 HTTP/1.1" 200 48706
66.249.69.232 - - [15/Sep/2018:09:12:16 -0500] "GET /BLA/resoluciones/RESOLUCIONES%202013/0363.pdf HTTP/1.1" 304 -
106.38.241.184 - - [15/Sep/2018:09:12:17 -0500] "GET / HTTP/1.1" 200 9990
94.130.18.160 - - [15/Sep/2018:09:12:17 -0500] "GET /BLA/resoluciones/index.php?dir=Notificaciones/AUTOS%202017/&sort=date&order=desc HTTP/1.1" 200 82379
94.130.18.160 - - [15/Sep/2018:09:12:24 -0500] "GET /BLA/resoluciones/index.php?dir=Notificaciones/AUTOS%202017/&sort=name&order=asc HTTP/1.1" 200 82380
181.131.231.81 - - [15/Sep/2018:09:12:27 -0500] "GET /BLA/boletinlegal/js/jquery.scrollShow.js HTTP/1.1" 200 4586
181.131.231.81 - - [15/Sep/2018:09:12:27 -0500] "GET /galeria/galeria/jquery.fancybox.css?v=2.1.5 HTTP/1.1" 200 4895
181.131.231.81 - - [15/Sep/2018:09:12:27 -0500] "GET /galeria/galeria/jquery.fancybox.js?v=2.1.5 HTTP/1.1" 200 48706
94.130.18.160 - - [15/Sep/2018:09:12:30 -0500] "GET /BLA/resoluciones/index.php?dir=Notificaciones/AUTOS%202017/&sort=size&order=desc HTTP/1.1" 200 82379
94.130.18.160 - - [15/Sep/2018:09:12:37 -0500] "GET /BLA/resoluciones/index.php?dir=Notificaciones/AUTOS%202018/&sort=date&order=desc HTTP/1.1" 200 11974
94.130.18.160 - - [15/Sep/2018:09:12:42 -0500] "GET /BLA/resoluciones/index.php?dir=Notificaciones/AUTOS%202018/&sort=name&order=asc HTTP/1.1" 200 11975
94.130.18.160 - - [15/Sep/2018:09:12:57 -0500] "GET /robots.txt HTTP/1.1" 404 1018
94.130.18.160 - - [15/Sep/2018:09:12:57 -0500] "GET /BLA/resoluciones/index.php?dir=Notificaciones/AUTOS%202018/&sort=size&order=desc HTTP/1.1" 200 11974
94.130.18.160 - - [15/Sep/2018:09:13:06 -0500] "GET /BLA/resoluciones/index.php?dir=Notificaciones/REGISTROS%202013/&sort=date&order=desc HTTP/1.1" 200 2052
94.130.18.160 - - [15/Sep/2018:09:13:13 -0500] "GET /BLA/resoluciones/index.php?dir=Notificaciones/REGISTROS%202013/&sort=name&order=asc HTTP/1.1" 200 2053
94.130.18.160 - - [15/Sep/2018:09:13:23 -0500] "GET /BLA/resoluciones/index.php?dir=Notificaciones/REGISTROS%202013/&sort=size&order=desc HTTP/1.1" 200 2052
192.168.175.104 - - [15/Sep/2018:09:13:28 -0500] "GET / HTTP/1.1" 200 9990
94.130.18.160 - - [15/Sep/2018:09:13:29 -0500] "GET /BLA/resoluciones/index.php?dir=Notificaciones/REGISTROS%202014/&sort=date&order=desc HTTP/1.1" 200 15753
94.130.18.160 - - [15/Sep/2018:09:13:46 -0500] "GET /BLA/resoluciones/index.php?dir=Notificaciones/REGISTROS%202014/&sort=name&order=asc HTTP/1.1" 200 15754
192.168.175.104 - - [15/Sep/2018:09:13:49 -0500] "GET / HTTP/1.0" 200 9990
94.130.18.160 - - [15/Sep/2018:09:13:53 -0500] "GET /BLA/resoluciones/index.php?dir=Notificaciones/REGISTROS%202014/&sort=size&order=desc HTTP/1.1" 200 15753
94.130.18.160 - - [15/Sep/2018:09:14:03 -0500] "GET /BLA/resoluciones/index.php?dir=Notificaciones/REGISTROS%202015/&sort=date&order=desc HTTP/1.1" 200 19556
94.130.18.160 - - [15/Sep/2018:09:14:14 -0500] "GET /BLA/resoluciones/index.php?dir=Notificaciones/REGISTROS%202015/&sort=name&order=asc HTTP/1.1" 200 19557
94.130.18.160 - - [15/Sep/2018:09:14:21 -0500] "GET /BLA/resoluciones/index.php?dir=Notificaciones/REGISTROS%202015/&sort=size&order=desc HTTP/1.1" 200 19556
192.168.175.104 - - [15/Sep/2018:09:14:24 -0500] "GET / HTTP/1.1" 200 9990
94.130.18.160 - - [15/Sep/2018:09:14:30 -0500] "GET /BLA/resoluciones/index.php?dir=Notificaciones/REGISTROS%202016/&sort=date&order=desc HTTP/1.1" 200 4645
94.130.18.160 - - [15/Sep/2018:09:14:37 -0500] "GET /BLA/resoluciones/index.php?dir=Notificaciones/REGISTROS%202016/&sort=name&order=asc HTTP/1.1" 200 4646
94.130.18.160 - - [15/Sep/2018:09:14:45 -0500] "GET /BLA/resoluciones/index.php?dir=Notificaciones/REGISTROS%202016/&sort=size&order=desc HTTP/1.1" 200 4645
94.130.18.160 - - [15/Sep/2018:09:14:52 -0500] "GET /BLA/resoluciones/index.php?dir=Notificaciones/REGISTROS%202017/&sort=date&order=desc HTTP/1.1" 200 2055
181.49.188.12 - - [15/Sep/2018:09:15:02 -0500] "GET /galeria/galeria/jquery.fancybox.css?v=2.1.5 HTTP/1.1" 200 4895
181.49.188.12 - - [15/Sep/2018:09:15:02 -0500] "GET /BLA/boletinlegal/js/jquery.scrollShow.js HTTP/1.1" 200 4586
190.24.223.132 - - [15/Sep/2018:09:15:03 -0500] "GET /galeria/galeria/jquery.fancybox.css?v=2.1.5 HTTP/1.1" 200 4895
190.24.223.132 - - [15/Sep/2018:09:15:03 -0500] "GET /galeria/carrusel/Carrusel/jquery.thumbnailScroller.css HTTP/1.1" 200 2066
181.49.188.12 - - [15/Sep/2018:09:15:03 -0500] "GET /galeria/galeria/jquery.fancybox.js?v=2.1.5 HTTP/1.1" 200 48706
190.24.223.132 - - [15/Sep/2018:09:15:03 -0500] "GET /galeria/carrusel/Carrusel/jquery-ui-1.8.13.custom.min.js HTTP/1.1" 200 10800
190.24.223.132 - - [15/Sep/2018:09:15:03 -0500] "GET /galeria/galeria/jquery.fancybox.js?v=2.1.5 HTTP/1.1" 200 48706
190.24.223.132 - - [15/Sep/2018:09:15:03 -0500] "GET /galeria/carrusel/Carrusel/jquery.thumbnailScroller.js HTTP/1.1" 200 8157
190.24.223.132 - - [15/Sep/2018:09:15:04 -0500] "GET /BLA/boletinlegal/js/jquery.scrollShow.js HTTP/1.1" 200 4586
190.24.223.132 - - [15/Sep/2018:09:15:04 -0500] "GET /galeria/nivo-slider/demo/demo.html HTTP/1.1" 200 16210
190.24.223.132 - - [15/Sep/2018:09:15:05 -0500] "GET /galeria/nivo-slider/themes/default/default.css HTTP/1.1" 200 1569
190.24.223.132 - - [15/Sep/2018:09:15:05 -0500] "GET /galeria/nivo-slider/themes/pascal/pascal.css HTTP/1.1" 200 2258
190.24.223.132 - - [15/Sep/2018:09:15:05 -0500] "GET /galeria/nivo-slider/themes/orman/orman.css HTTP/1.1" 200 2152
190.24.223.132 - - [15/Sep/2018:09:15:05 -0500] "GET /galeria/nivo-slider/nivo-slider.css HTTP/1.1" 200 1507
190.24.223.132 - - [15/Sep/2018:09:15:05 -0500] "GET /galeria/nivo-slider/demo/style.css HTTP/1.1" 200 2222
190.24.223.132 - - [15/Sep/2018:09:15:05 -0500] "GET /galeria/nivo-slider/demo/images/BannerCaminatasSeptiembre.jpg HTTP/1.1" 200 303232
190.24.223.132 - - [15/Sep/2018:09:15:05 -0500] "GET /galeria/nivo-slider/demo/scripts/jquery-1.7.1.min.js HTTP/1.1" 200 93868
190.24.223.132 - - [15/Sep/2018:09:15:05 -0500] "GET /galeria/nivo-slider/demo/images/banner%20mono.jpg HTTP/1.1" 200 762506
190.24.223.132 - - [15/Sep/2018:09:15:05 -0500] "GET /galeria/nivo-slider/demo/images/Banner%206F.jpg HTTP/1.1" 200 242532
190.24.223.132 - - [15/Sep/2018:09:15:05 -0500] "GET /galeria/nivo-slider/demo/images/banner%20restrepo.jpg HTTP/1.1" 200 316959
190.24.223.132 - - [15/Sep/2018:09:15:05 -0500] "GET /galeria/nivo-slider/demo/images/Banner%20Incentivos%20tributarios2.jpg HTTP/1.1" 200 200787
94.130.18.160 - - [15/Sep/2018:09:15:05 -0500] "GET /BLA/resoluciones/index.php?dir=Notificaciones/REGISTROS%202017/&sort=name&order=asc HTTP/1.1" 200 2056
190.24.223.132 - - [15/Sep/2018:09:15:06 -0500] "GET /galeria/nivo-slider/demo/images/web%20ingreso%20humedales.png HTTP/1.1" 200 641193
190.24.223.132 - - [15/Sep/2018:09:15:09 -0500] "GET /galeria/nivo-slider/demo/images/4Simple_Slider.png HTTP/1.1" 200 11722
190.24.223.132 - - [15/Sep/2018:09:15:10 -0500] "GET /galeria/nivo-slider/themes/default/loading.gif HTTP/1.1" 200 1737
190.24.223.132 - - [15/Sep/2018:09:15:10 -0500] "GET /galeria/nivo-slider/jquery.nivo.slider.pack.js HTTP/1.1" 200 11561
190.24.223.132 - - [15/Sep/2018:09:15:10 -0500] "GET /galeria/nivo-slider/demo/images/gobierno%20digital-01.jpg HTTP/1.1" 200 116163
190.24.223.132 - - [15/Sep/2018:09:15:10 -0500] "GET /galeria/nivo-slider/demo/images/BannerCaminatasSeptiembre.jpg HTTP/1.1" 206 1
190.24.223.132 - - [15/Sep/2018:09:15:10 -0500] "GET /galeria/nivo-slider/demo/images/banner%20mono.jpg HTTP/1.1" 206 1
190.24.223.132 - - [15/Sep/2018:09:15:10 -0500] "GET /galeria/nivo-slider/demo/images/web%20ingreso%20humedales.png HTTP/1.1" 206 1
190.24.223.132 - - [15/Sep/2018:09:15:10 -0500] "GET /galeria/nivo-slider/demo/images/gobierno%20digital-01.jpg HTTP/1.1" 200 116163
190.24.223.132 - - [15/Sep/2018:09:15:10 -0500] "GET /galeria/nivo-slider/demo/images/Otorgamiento-excelencia-ambiental-Jos%C3%A9-Celestino-Mutis-2.jpg HTTP/1.1" 200 276467
190.24.223.132 - - [15/Sep/2018:09:15:10 -0500] "GET /galeria/nivo-slider/demo/images/Banner_micrositio.png HTTP/1.1" 200 146950
190.24.223.132 - - [15/Sep/2018:09:15:11 -0500] "GET /galeria/nivo-slider/demo/images/BannerCaminatasSeptiembre.jpg HTTP/1.1" 206 8099
190.24.223.132 - - [15/Sep/2018:09:15:11 -0500] "GET /galeria/nivo-slider/demo/images/banner%20mono.jpg HTTP/1.1" 206 402973
190.24.223.132 - - [15/Sep/2018:09:15:11 -0500] "GET /galeria/nivo-slider/demo/images/web%20ingreso%20humedales.png HTTP/1.1" 206 50659
190.24.223.132 - - [15/Sep/2018:09:15:11 -0500] "GET /galeria/nivo-slider/themes/default/loading.gif HTTP/1.1" 200 1737
190.24.223.132 - - [15/Sep/2018:09:15:11 -0500] "GET /galeria/nivo-slider/jquery.nivo.slider.pack.js HTTP/1.1" 200 11561
190.24.223.132 - - [15/Sep/2018:09:15:12 -0500] "GET /galeria/nivo-slider/demo/images/avances-sentencias-rio-bogota-2.jpg HTTP/1.1" 200 304916
190.24.223.132 - - [15/Sep/2018:09:15:12 -0500] "GET /galeria/nivo-slider/demo/images/BANNER%20VAN%20DER%20HAMMEN.jpg HTTP/1.1" 200 64172
190.24.223.132 - - [15/Sep/2018:09:15:13 -0500] "GET /galeria/nivo-slider/demo/images/banner-humedales-de-bogota.jpg HTTP/1.1" 200 292611
190.24.223.132 - - [15/Sep/2018:09:15:13 -0500] "GET /galeria/nivo-slider/demo/images/maximavelocidad.png HTTP/1.1" 200 880272
190.24.223.132 - - [15/Sep/2018:09:15:13 -0500] "GET /galeria/nivo-slider/demo/images/banner%20aceite%20vegetal%20usado.jpg HTTP/1.1" 200 169350
190.24.223.132 - - [15/Sep/2018:09:15:14 -0500] "GET /galeria/nivo-slider/demo/images/bannerlumina2017web.jpg HTTP/1.1" 200 198918
190.24.223.132 - - [15/Sep/2018:09:15:15 -0500] "GET /galeria/nivo-slider/demo/images/banner-bolsas-plasticas.jpg HTTP/1.1" 200 317939
94.130.18.160 - - [15/Sep/2018:09:15:15 -0500] "GET /BLA/resoluciones/index.php?dir=Notificaciones/REGISTROS%202017/&sort=size&order=desc HTTP/1.1" 200 2055
190.60.199.74 - - [15/Sep/2018:09:15:15 -0500] "GET /BLA/resoluciones/RESOLUCIONES%202007/RES%202007%202901%20AL%203000/RESOLUCION%202984%20%20DE%202007.pdf HTTP/1.1" 200 574646
190.60.199.74 - - [15/Sep/2018:09:15:16 -0500] "GET /favicon.ico HTTP/1.1" 200 7782
94.130.18.160 - - [15/Sep/2018:09:15:21 -0500] "GET /BLA/resoluciones/index.php?dir=Notificaciones/RESOLUCIONES%202012/&sort=date&order=desc HTTP/1.1" 200 2076
94.130.18.160 - - [15/Sep/2018:09:15:30 -0500] "GET /BLA/resoluciones/index.php?dir=Notificaciones/RESOLUCIONES%202012/&sort=name&order=asc HTTP/1.1" 200 2077
94.130.18.160 - - [15/Sep/2018:09:15:36 -0500] "GET /BLA/resoluciones/index.php?dir=Notificaciones/RESOLUCIONES%202012/&sort=size&order=desc HTTP/1.1" 200 2076
94.130.18.160 - - [15/Sep/2018:09:15:43 -0500] "GET /BLA/resoluciones/index.php?dir=Notificaciones/RESOLUCIONES%202013/&sort=date&order=desc HTTP/1.1" 200 2631
66.249.69.232 - - [15/Sep/2018:09:15:51 -0500] "GET /BLA/resoluciones/Notificaciones/AUTOS%202014/6267.doc HTTP/1.1" 200 161280
94.130.18.160 - - [15/Sep/2018:09:15:52 -0500] "GET /BLA/resoluciones/index.php?dir=Notificaciones/RESOLUCIONES%202013/&sort=name&order=asc HTTP/1.1" 200 2632
94.130.18.160 - - [15/Sep/2018:09:16:13 -0500] "GET /BLA/resoluciones/index.php?dir=Notificaciones/RESOLUCIONES%202013/&sort=size&order=desc HTTP/1.1" 200 2631
94.130.18.160 - - [15/Sep/2018:09:16:20 -0500] "GET /BLA/resoluciones/index.php?dir=Notificaciones/RESOLUCIONES%202014/&sort=date&order=desc HTTP/1.1" 200 13746
94.130.18.160 - - [15/Sep/2018:09:16:32 -0500] "GET /BLA/resoluciones/index.php?dir=Notificaciones/RESOLUCIONES%202014/&sort=name&order=asc HTTP/1.1" 200 13747
69.162.124.232 - - [15/Sep/2018:09:16:35 -0500] "HEAD / HTTP/1.1" 200 -
94.130.18.160 - - [15/Sep/2018:09:16:48 -0500] "GET /BLA/resoluciones/index.php?dir=Notificaciones/RESOLUCIONES%202014/&sort=size&order=desc HTTP/1.1" 200 13746
181.236.112.46 - - [15/Sep/2018:09:17:01 -0500] "GET /galeria/galeria/jquery.fancybox.css?v=2.1.5 HTTP/1.1" 200 4895
181.236.112.46 - - [15/Sep/2018:09:17:01 -0500] "GET /galeria/galeria/jquery.fancybox.js?v=2.1.5 HTTP/1.1" 200 48706
181.236.112.46 - - [15/Sep/2018:09:17:01 -0500] "GET /BLA/boletinlegal/js/jquery.scrollShow.js HTTP/1.1" 200 4586
94.130.18.160 - - [15/Sep/2018:09:17:06 -0500] "GET /BLA/resoluciones/index.php?dir=Notificaciones/RESOLUCIONES%202015/&sort=date&order=desc HTTP/1.1" 200 14393
94.130.18.160 - - [15/Sep/2018:09:17:16 -0500] "GET /BLA/resoluciones/index.php?dir=Notificaciones/RESOLUCIONES%202015/&sort=name&order=asc HTTP/1.1" 200 14394
94.130.18.160 - - [15/Sep/2018:09:17:23 -0500] "GET /BLA/resoluciones/index.php?dir=Notificaciones/RESOLUCIONES%202015/&sort=size&order=desc HTTP/1.1" 200 14393
94.130.18.160 - - [15/Sep/2018:09:17:30 -0500] "GET /BLA/resoluciones/index.php?dir=Notificaciones/RESOLUCIONES%202016/&sort=date&order=desc HTTP/1.1" 200 14873
190.158.180.99 - - [15/Sep/2018:09:17:46 -0500] "GET /galeria/galeria/fotos/MeandrodelSay1P.jpg HTTP/1.1" 200 27908
190.158.180.99 - - [15/Sep/2018:09:17:47 -0500] "GET /galeria/galeria/fotos/MeandrodelSay2P.jpg HTTP/1.1" 200 30394
190.158.180.99 - - [15/Sep/2018:09:17:47 -0500] "GET /galeria/galeria/fotos/MeandrodelSay3P.jpg HTTP/1.1" 200 32353
190.158.180.99 - - [15/Sep/2018:09:17:47 -0500] "GET /galeria/galeria/fotos/MeandrodelSay4P.jpg HTTP/1.1" 200 32545
94.130.18.160 - - [15/Sep/2018:09:17:48 -0500] "GET /BLA/resoluciones/index.php?dir=Notificaciones/RESOLUCIONES%202016/&sort=name&order=asc HTTP/1.1" 200 14874
