181.50.207.71 - - [15/Sep/2018:12:03:18 -0500] "GET /galeria/galeria/fotos/2GuaymaralTorcaG2.jpg HTTP/1.1" 200 28916
192.168.175.104 - - [15/Sep/2018:12:03:24 -0500] "GET / HTTP/1.0" 200 9990
66.249.69.127 - - [15/Sep/2018:12:03:34 -0500] "GET / HTTP/1.1" 200 9990
94.130.18.160 - - [15/Sep/2018:12:03:36 -0500] "GET /BLA/resoluciones/index.php?dir=RESOLUCIONES%202005/RES%202005%20601-650/&sort=size&order=desc HTTP/1.1" 200 12245
190.24.129.157 - - [15/Sep/2018:12:03:37 -0500] "GET /galeria/galeria/jquery.fancybox.js?v=2.1.5 HTTP/1.1" 200 48706
190.24.129.157 - - [15/Sep/2018:12:03:37 -0500] "GET /galeria/galeria/jquery.fancybox.css?v=2.1.5 HTTP/1.1" 200 4895
190.24.129.157 - - [15/Sep/2018:12:03:37 -0500] "GET /BLA/boletinlegal/js/jquery.scrollShow.js HTTP/1.1" 200 4586
66.249.88.173 - - [15/Sep/2018:12:03:45 -0500] "GET /galeria/galeria/jquery.fancybox.css?v=2.1.5 HTTP/1.1" 200 4895
66.249.88.171 - - [15/Sep/2018:12:03:45 -0500] "GET /galeria/galeria/jquery.fancybox.js?v=2.1.5 HTTP/1.1" 200 48706
66.249.88.171 - - [15/Sep/2018:12:03:45 -0500] "GET /BLA/boletinlegal/js/jquery.scrollShow.js HTTP/1.1" 200 4586
94.130.18.160 - - [15/Sep/2018:12:03:45 -0500] "GET /BLA/resoluciones/index.php?dir=RESOLUCIONES%202005/RES%202005%20651-700/&sort=date&order=desc HTTP/1.1" 200 12231
94.130.18.160 - - [15/Sep/2018:12:04:03 -0500] "GET /BLA/resoluciones/index.php?dir=RESOLUCIONES%202005/RES%202005%20651-700/&sort=name&order=asc HTTP/1.1" 200 12232
200.106.191.39 - - [15/Sep/2018:12:04:05 -0500] "GET /galeria/galeria/jquery.fancybox.css?v=2.1.5 HTTP/1.1" 200 4895
200.106.191.39 - - [15/Sep/2018:12:04:05 -0500] "GET /BLA/boletinlegal/js/jquery.scrollShow.js HTTP/1.1" 200 4586
200.106.191.39 - - [15/Sep/2018:12:04:05 -0500] "GET /galeria/galeria/jquery.fancybox.js?v=2.1.5 HTTP/1.1" 200 48706
94.130.18.160 - - [15/Sep/2018:12:04:09 -0500] "GET /BLA/resoluciones/index.php?dir=RESOLUCIONES%202005/RES%202005%20651-700/&sort=size&order=desc HTTP/1.1" 200 12231
192.168.175.104 - - [15/Sep/2018:12:04:14 -0500] "GET / HTTP/1.1" 200 9990
66.249.69.75 - - [15/Sep/2018:12:04:18 -0500] "GET /Anexos%20estudio%20Organizacional%20SDA/ANEXO%20No.%201-%20NORMAS%20LEGALES%20DE%20ESTRUCTURA%20Y%20PLANTA/RESE%C3%91A%20HIST%C3%93RICA%20SDA-NORMAS/Decreto%20308%20de%202001%20-%20Modifica%20estructura%20del%20DAMA.jsp_files/ladc.htm HTTP/1.1" 200 1071
190.90.21.2 - - [15/Sep/2018:12:04:26 -0500] "GET /galeria/carrusel/Carrusel/jquery-ui-1.8.13.custom.min.js HTTP/1.1" 200 10800
190.90.21.2 - - [15/Sep/2018:12:04:29 -0500] "GET /galeria/carrusel/Carrusel/jquery.thumbnailScroller.js HTTP/1.1" 200 8157
94.130.18.160 - - [15/Sep/2018:12:04:33 -0500] "GET /BLA/resoluciones/index.php?dir=RESOLUCIONES%202005/RES%202005%20701-750/&sort=date&order=desc HTTP/1.1" 200 12246
190.90.21.2 - - [15/Sep/2018:12:04:49 -0500] "GET /galeria/nivo-slider/demo/demo.html HTTP/1.1" 200 16210
66.249.69.75 - - [15/Sep/2018:12:04:56 -0500] "GET /Anexos%20estudio%20Organizacional%20SDA/ANEXO%20No.%201-%20NORMAS%20LEGALES%20DE%20ESTRUCTURA%20Y%20PLANTA/RESE%C3%91A%20HIST%C3%93RICA%20SDA-NORMAS/Decreto%20673%20de%201995%20Reestructura%20el%20DAMA_files/screen.css HTTP/1.1" 200 2444
94.130.18.160 - - [15/Sep/2018:12:04:57 -0500] "GET /BLA/resoluciones/index.php?dir=RESOLUCIONES%202005/RES%202005%20701-750/&sort=name&order=asc HTTP/1.1" 200 12247
66.249.69.73 - - [15/Sep/2018:12:05:03 -0500] "GET /Anexos%20estudio%20Organizacional%20SDA/ANEXO%20No.%201-%20NORMAS%20LEGALES%20DE%20ESTRUCTURA%20Y%20PLANTA/RESE%C3%91A%20HIST%C3%93RICA%20SDA-NORMAS/Decreto%20673%20de%201995%20Reestructura%20el%20DAMA_files/jquery-1.js HTTP/1.1" 200 57254
190.90.21.2 - - [15/Sep/2018:12:05:03 -0500] "GET /galeria/nivo-slider/themes/orman/orman.css HTTP/1.1" 200 2152
190.90.21.2 - - [15/Sep/2018:12:05:03 -0500] "GET /galeria/nivo-slider/themes/default/default.css HTTP/1.1" 200 1569
190.90.21.2 - - [15/Sep/2018:12:05:03 -0500] "GET /galeria/nivo-slider/nivo-slider.css HTTP/1.1" 200 1507
190.90.21.2 - - [15/Sep/2018:12:05:03 -0500] "GET /galeria/nivo-slider/themes/pascal/pascal.css HTTP/1.1" 200 2258
190.90.21.2 - - [15/Sep/2018:12:05:04 -0500] "GET /galeria/nivo-slider/demo/style.css HTTP/1.1" 200 2222
190.90.21.2 - - [15/Sep/2018:12:05:04 -0500] "GET /galeria/nivo-slider/demo/scripts/jquery-1.7.1.min.js HTTP/1.1" 200 93868
190.90.21.2 - - [15/Sep/2018:12:05:04 -0500] "GET /galeria/nivo-slider/jquery.nivo.slider.pack.js HTTP/1.1" 200 11561
190.90.21.2 - - [15/Sep/2018:12:05:04 -0500] "GET /galeria/nivo-slider/demo/images/BannerCaminatasSeptiembre.jpg HTTP/1.1" 200 303232
190.90.21.2 - - [15/Sep/2018:12:05:04 -0500] "GET /galeria/nivo-slider/demo/images/banner%20mono.jpg HTTP/1.1" 200 762506
190.90.21.2 - - [15/Sep/2018:12:05:04 -0500] "GET /galeria/nivo-slider/demo/images/Banner%206F.jpg HTTP/1.1" 200 242532
190.90.21.2 - - [15/Sep/2018:12:05:04 -0500] "GET /galeria/nivo-slider/demo/images/banner%20restrepo.jpg HTTP/1.1" 200 316959
190.90.21.2 - - [15/Sep/2018:12:05:04 -0500] "GET /galeria/nivo-slider/demo/images/Banner%20Incentivos%20tributarios2.jpg HTTP/1.1" 200 200787
66.249.69.71 - - [15/Sep/2018:12:05:09 -0500] "GET /Anexos%20estudio%20Organizacional%20SDA/ANEXO%20No.%201-%20NORMAS%20LEGALES%20DE%20ESTRUCTURA%20Y%20PLANTA/RESE%C3%91A%20HIST%C3%93RICA%20SDA-NORMAS/Decreto%20673%20de%201995%20Reestructura%20el%20DAMA_files/jquery.css HTTP/1.1" 200 4557
190.90.21.2 - - [15/Sep/2018:12:05:12 -0500] "GET /galeria/nivo-slider/demo/images/web%20ingreso%20humedales.png HTTP/1.1" 200 641193
94.130.18.160 - - [15/Sep/2018:12:05:12 -0500] "GET /BLA/resoluciones/index.php?dir=RESOLUCIONES%202005/RES%202005%20701-750/&sort=size&order=desc HTTP/1.1" 200 12246
66.249.69.71 - - [15/Sep/2018:12:05:13 -0500] "GET /Anexos%20estudio%20Organizacional%20SDA/ANEXO%20No.%201-%20NORMAS%20LEGALES%20DE%20ESTRUCTURA%20Y%20PLANTA/RESE%C3%91A%20HIST%C3%93RICA%20SDA-NORMAS/Decreto%20673%20de%201995%20Reestructura%20el%20DAMA_files/ladc.css HTTP/1.1" 200 5119
66.249.69.71 - - [15/Sep/2018:12:05:18 -0500] "GET /Anexos%20estudio%20Organizacional%20SDA/ANEXO%20No.%201-%20NORMAS%20LEGALES%20DE%20ESTRUCTURA%20Y%20PLANTA/RESE%C3%91A%20HIST%C3%93RICA%20SDA-NORMAS/Decreto%20673%20de%201995%20Reestructura%20el%20DAMA_files/AjaxRequest.js HTTP/1.1" 200 17069
190.90.21.2 - - [15/Sep/2018:12:05:18 -0500] "GET /galeria/nivo-slider/demo/images/4Simple_Slider.png HTTP/1.1" 200 11722
66.249.88.173 - - [15/Sep/2018:12:05:19 -0500] "GET /galeria/galeria/jquery.fancybox.css?v=2.1.5 HTTP/1.1" 200 4895
66.249.88.169 - - [15/Sep/2018:12:05:19 -0500] "GET /BLA/boletinlegal/js/jquery.scrollShow.js HTTP/1.1" 200 4586
66.249.88.169 - - [15/Sep/2018:12:05:19 -0500] "GET /galeria/galeria/jquery.fancybox.js?v=2.1.5 HTTP/1.1" 200 48706
190.90.21.2 - - [15/Sep/2018:12:05:20 -0500] "GET /galeria/nivo-slider/demo/images/gobierno%20digital-01.jpg HTTP/1.1" 200 116163
94.130.18.160 - - [15/Sep/2018:12:05:20 -0500] "GET /BLA/resoluciones/index.php?dir=RESOLUCIONES%202005/RES%202005%20751-800/&sort=date&order=desc HTTP/1.1" 200 12253
190.90.21.2 - - [15/Sep/2018:12:05:21 -0500] "GET /galeria/nivo-slider/demo/images/Otorgamiento-excelencia-ambiental-Jos%C3%A9-Celestino-Mutis-2.jpg HTTP/1.1" 200 276467
190.90.21.2 - - [15/Sep/2018:12:05:21 -0500] "GET /galeria/nivo-slider/demo/images/Banner_micrositio.png HTTP/1.1" 200 146950
190.90.21.2 - - [15/Sep/2018:12:05:21 -0500] "GET /galeria/nivo-slider/demo/images/avances-sentencias-rio-bogota-2.jpg HTTP/1.1" 200 304916
66.249.69.71 - - [15/Sep/2018:12:05:21 -0500] "GET /Anexos%20estudio%20Organizacional%20SDA/ANEXO%20No.%201-%20NORMAS%20LEGALES%20DE%20ESTRUCTURA%20Y%20PLANTA/RESE%C3%91A%20HIST%C3%93RICA%20SDA-NORMAS/Decreto%20673%20de%201995%20Reestructura%20el%20DAMA_files/jquery.js HTTP/1.1" 200 18179
200.106.191.39 - - [15/Sep/2018:12:05:21 -0500] "GET /BLA/boletinlegal/js/jquery.scrollShow.js HTTP/1.1" 200 4586
200.106.191.39 - - [15/Sep/2018:12:05:22 -0500] "GET /galeria/galeria/jquery.fancybox.css?v=2.1.5 HTTP/1.1" 200 4895
200.106.191.39 - - [15/Sep/2018:12:05:22 -0500] "GET /galeria/galeria/jquery.fancybox.js?v=2.1.5 HTTP/1.1" 200 48706
66.249.69.71 - - [15/Sep/2018:12:05:24 -0500] "GET /Anexos%20estudio%20Organizacional%20SDA/ANEXO%20No.%201-%20NORMAS%20LEGALES%20DE%20ESTRUCTURA%20Y%20PLANTA/RESE%C3%91A%20HIST%C3%93RICA%20SDA-NORMAS/norma_ajax.jsp?showBar=true&AjaxRequestUniqueId=15369696000240 HTTP/1.1" 404 1655
201.103.143.175 - - [15/Sep/2018:12:05:26 -0500] "GET /galeria/galeria/jquery.fancybox.css?v=2.1.5 HTTP/1.1" 200 4895
201.103.143.175 - - [15/Sep/2018:12:05:26 -0500] "GET /BLA/boletinlegal/js/jquery.scrollShow.js HTTP/1.1" 200 4586
201.103.143.175 - - [15/Sep/2018:12:05:26 -0500] "GET /galeria/galeria/jquery.fancybox.js?v=2.1.5 HTTP/1.1" 200 48706
190.90.21.2 - - [15/Sep/2018:12:05:26 -0500] "GET /galeria/nivo-slider/demo/images/BANNER%20VAN%20DER%20HAMMEN.jpg HTTP/1.1" 200 64172
190.90.21.2 - - [15/Sep/2018:12:05:31 -0500] "GET /galeria/nivo-slider/demo/images/banner-humedales-de-bogota.jpg HTTP/1.1" 200 292611
190.90.21.2 - - [15/Sep/2018:12:05:32 -0500] "GET /galeria/nivo-slider/demo/images/maximavelocidad.png HTTP/1.1" 200 880272
190.90.21.2 - - [15/Sep/2018:12:05:37 -0500] "GET /galeria/nivo-slider/demo/images/banner%20aceite%20vegetal%20usado.jpg HTTP/1.1" 200 169350
94.130.18.160 - - [15/Sep/2018:12:05:37 -0500] "GET /BLA/resoluciones/index.php?dir=RESOLUCIONES%202005/RES%202005%20751-800/&sort=name&order=asc HTTP/1.1" 200 12254
190.90.21.2 - - [15/Sep/2018:12:05:39 -0500] "GET /galeria/nivo-slider/demo/images/bannerlumina2017web.jpg HTTP/1.1" 200 198918
83.53.167.79 - - [15/Sep/2018:12:05:41 -0500] "GET /BLA/resoluciones/AUTOS%202016/0399.pdf HTTP/1.1" 200 813039
83.53.167.79 - - [15/Sep/2018:12:05:42 -0500] "GET /favicon.ico HTTP/1.1" 200 7782
190.90.21.2 - - [15/Sep/2018:12:05:47 -0500] "GET /galeria/nivo-slider/demo/images/banner-bolsas-plasticas.jpg HTTP/1.1" 200 317939
94.130.18.160 - - [15/Sep/2018:12:05:47 -0500] "GET /BLA/resoluciones/index.php?dir=RESOLUCIONES%202005/RES%202005%20751-800/&sort=size&order=desc HTTP/1.1" 200 12253
190.90.21.2 - - [15/Sep/2018:12:05:48 -0500] "GET /galeria/nivo-slider/themes/default/loading.gif HTTP/1.1" 200 1737
190.90.21.2 - - [15/Sep/2018:12:05:57 -0500] "GET /galeria/nivo-slider/themes/default/arrows.png HTTP/1.1" 200 824
190.90.21.2 - - [15/Sep/2018:12:05:57 -0500] "GET /galeria/nivo-slider/themes/default/bullets.png HTTP/1.1" 200 1281
200.77.24.94 - - [15/Sep/2018:12:06:01 -0500] "GET /galeria/galeria/jquery.fancybox.css?v=2.1.5 HTTP/1.1" 200 4895
200.77.24.94 - - [15/Sep/2018:12:06:01 -0500] "GET /BLA/boletinlegal/js/jquery.scrollShow.js HTTP/1.1" 200 4586
200.77.24.94 - - [15/Sep/2018:12:06:01 -0500] "GET /galeria/galeria/jquery.fancybox.js?v=2.1.5 HTTP/1.1" 200 48706
94.130.18.160 - - [15/Sep/2018:12:06:04 -0500] "GET /BLA/resoluciones/index.php?dir=RESOLUCIONES%202005/RES%202005%20801-850/&sort=date&order=desc HTTP/1.1" 200 12245
181.59.52.139 - - [15/Sep/2018:12:06:05 -0500] "GET /galeria/galeria/jquery.fancybox.css?v=2.1.5 HTTP/1.1" 200 4895
181.59.52.139 - - [15/Sep/2018:12:06:05 -0500] "GET /BLA/boletinlegal/js/jquery.scrollShow.js HTTP/1.1" 200 4586
181.59.52.139 - - [15/Sep/2018:12:06:05 -0500] "GET /galeria/galeria/jquery.fancybox.js?v=2.1.5 HTTP/1.1" 200 48706
66.249.69.232 - - [15/Sep/2018:12:06:07 -0500] "GET /BLA/resoluciones/RESOLUCIONES%202007/RES%202007%201%20AL%20100/RESOLUCION%200041%20DE%202007.pdf HTTP/1.1" 200 445581
181.59.52.139 - - [15/Sep/2018:12:06:08 -0500] "GET /BLA/boletinlegal/js/jquery.scrollShow.js HTTP/1.1" 304 -
181.59.52.139 - - [15/Sep/2018:12:06:08 -0500] "GET /galeria/galeria/jquery.fancybox.css?v=2.1.5 HTTP/1.1" 304 -
181.59.52.139 - - [15/Sep/2018:12:06:08 -0500] "GET /galeria/galeria/jquery.fancybox.js?v=2.1.5 HTTP/1.1" 304 -
181.59.52.139 - - [15/Sep/2018:12:06:08 -0500] "GET /galeria/galeria/jquery.fancybox.css?v=2.1.5 HTTP/1.1" 200 4895
181.59.52.139 - - [15/Sep/2018:12:06:08 -0500] "GET /BLA/boletinlegal/js/jquery.scrollShow.js HTTP/1.1" 200 4586
181.59.52.139 - - [15/Sep/2018:12:06:08 -0500] "GET /galeria/galeria/jquery.fancybox.js?v=2.1.5 HTTP/1.1" 200 48706
94.130.18.160 - - [15/Sep/2018:12:06:11 -0500] "GET /BLA/resoluciones/index.php?dir=RESOLUCIONES%202005/RES%202005%20801-850/&sort=name&order=asc HTTP/1.1" 200 12246
66.249.69.253 - - [15/Sep/2018:12:06:20 -0500] "GET /portel_dama/libreria/pdf/ecosistemas/restauracion/sitio/22_proye/xtras_in/2a.pdf HTTP/1.1" 404 1018
216.244.66.195 - - [15/Sep/2018:12:06:23 -0500] "GET /robots.txt HTTP/1.1" 404 1018
200.77.24.94 - - [15/Sep/2018:12:06:24 -0500] "GET /galeria/galeria/jquery.fancybox.css?v=2.1.5 HTTP/1.1" 304 -
200.77.24.94 - - [15/Sep/2018:12:06:24 -0500] "GET /BLA/boletinlegal/js/jquery.scrollShow.js HTTP/1.1" 304 -
200.77.24.94 - - [15/Sep/2018:12:06:24 -0500] "GET /galeria/galeria/jquery.fancybox.js?v=2.1.5 HTTP/1.1" 304 -
66.249.69.232 - - [15/Sep/2018:12:06:31 -0500] "GET /BLA/resoluciones/RESOLUCIONES%202007/RES%202007%202401%20AL%202500/RESOLUCION%202430%20DE%202007.pdf HTTP/1.1" 200 185250
69.162.124.232 - - [15/Sep/2018:12:06:34 -0500] "HEAD / HTTP/1.1" 200 -
190.85.140.204 - - [15/Sep/2018:12:06:38 -0500] "GET /galeria/galeria/jquery.fancybox.js?v=2.1.5 HTTP/1.1" 200 48706
190.85.140.204 - - [15/Sep/2018:12:06:38 -0500] "GET /BLA/boletinlegal/js/jquery.scrollShow.js HTTP/1.1" 200 4586
190.85.140.204 - - [15/Sep/2018:12:06:38 -0500] "GET /galeria/carrusel/Carrusel/jquery.thumbnailScroller.css HTTP/1.1" 200 2066
94.130.18.160 - - [15/Sep/2018:12:06:38 -0500] "GET /BLA/resoluciones/index.php?dir=RESOLUCIONES%202005/RES%202005%20801-850/&sort=size&order=desc HTTP/1.1" 200 12245
190.85.140.204 - - [15/Sep/2018:12:06:39 -0500] "GET /galeria/galeria/jquery.fancybox.css?v=2.1.5 HTTP/1.1" 200 4895
190.85.140.204 - - [15/Sep/2018:12:06:40 -0500] "GET /galeria/carrusel/Carrusel/jquery-ui-1.8.13.custom.min.js HTTP/1.1" 200 10800
190.85.140.204 - - [15/Sep/2018:12:06:40 -0500] "GET /galeria/carrusel/Carrusel/jquery.thumbnailScroller.js HTTP/1.1" 200 8157
190.85.140.204 - - [15/Sep/2018:12:06:42 -0500] "GET /galeria/nivo-slider/demo/demo.html HTTP/1.1" 200 16210
190.85.140.204 - - [15/Sep/2018:12:06:42 -0500] "GET /galeria/nivo-slider/themes/default/default.css HTTP/1.1" 200 1569
190.85.140.204 - - [15/Sep/2018:12:06:42 -0500] "GET /galeria/nivo-slider/themes/pascal/pascal.css HTTP/1.1" 200 2258
190.85.140.204 - - [15/Sep/2018:12:06:42 -0500] "GET /galeria/nivo-slider/themes/orman/orman.css HTTP/1.1" 200 2152
190.85.140.204 - - [15/Sep/2018:12:06:42 -0500] "GET /galeria/nivo-slider/nivo-slider.css HTTP/1.1" 200 1507
190.85.140.204 - - [15/Sep/2018:12:06:42 -0500] "GET /galeria/nivo-slider/demo/style.css HTTP/1.1" 200 2222
190.85.140.204 - - [15/Sep/2018:12:06:42 -0500] "GET /galeria/nivo-slider/demo/images/BannerCaminatasSeptiembre.jpg HTTP/1.1" 200 303232
190.85.140.204 - - [15/Sep/2018:12:06:42 -0500] "GET /galeria/nivo-slider/demo/images/banner%20mono.jpg HTTP/1.1" 200 762506
190.85.140.204 - - [15/Sep/2018:12:06:42 -0500] "GET /galeria/nivo-slider/demo/scripts/jquery-1.7.1.min.js HTTP/1.1" 200 93868
190.85.140.204 - - [15/Sep/2018:12:06:42 -0500] "GET /galeria/nivo-slider/jquery.nivo.slider.pack.js HTTP/1.1" 200 11561
190.85.140.204 - - [15/Sep/2018:12:06:42 -0500] "GET /galeria/nivo-slider/demo/images/Banner%206F.jpg HTTP/1.1" 200 242532
190.85.140.204 - - [15/Sep/2018:12:06:42 -0500] "GET /galeria/nivo-slider/demo/images/banner%20restrepo.jpg HTTP/1.1" 200 316959
190.85.140.204 - - [15/Sep/2018:12:06:44 -0500] "GET /galeria/nivo-slider/demo/images/Banner%20Incentivos%20tributarios2.jpg HTTP/1.1" 200 200787
190.85.140.204 - - [15/Sep/2018:12:06:44 -0500] "GET /galeria/nivo-slider/demo/images/web%20ingreso%20humedales.png HTTP/1.1" 200 641193
190.85.140.204 - - [15/Sep/2018:12:06:46 -0500] "GET /galeria/nivo-slider/demo/images/gobierno%20digital-01.jpg HTTP/1.1" 200 116163
190.85.140.204 - - [15/Sep/2018:12:06:46 -0500] "GET /galeria/nivo-slider/demo/images/Otorgamiento-excelencia-ambiental-Jos%C3%A9-Celestino-Mutis-2.jpg HTTP/1.1" 200 276467
190.85.140.204 - - [15/Sep/2018:12:06:47 -0500] "GET /galeria/nivo-slider/demo/images/4Simple_Slider.png HTTP/1.1" 200 11722
190.85.140.204 - - [15/Sep/2018:12:06:47 -0500] "GET /galeria/nivo-slider/themes/default/loading.gif HTTP/1.1" 200 1737
190.85.140.204 - - [15/Sep/2018:12:06:47 -0500] "GET /galeria/nivo-slider/demo/images/Banner_micrositio.png HTTP/1.1" 200 146950
94.130.18.160 - - [15/Sep/2018:12:06:48 -0500] "GET /BLA/resoluciones/index.php?dir=RESOLUCIONES%202005/RES%202005%20851-900/&sort=date&order=desc HTTP/1.1" 200 12241
190.85.140.204 - - [15/Sep/2018:12:06:49 -0500] "GET /galeria/nivo-slider/demo/images/avances-sentencias-rio-bogota-2.jpg HTTP/1.1" 200 304916
190.85.140.204 - - [15/Sep/2018:12:06:50 -0500] "GET /galeria/nivo-slider/demo/images/BANNER%20VAN%20DER%20HAMMEN.jpg HTTP/1.1" 200 64172
190.85.140.204 - - [15/Sep/2018:12:06:50 -0500] "GET /galeria/nivo-slider/demo/images/banner-humedales-de-bogota.jpg HTTP/1.1" 200 292611
190.85.140.204 - - [15/Sep/2018:12:06:51 -0500] "GET /galeria/nivo-slider/demo/images/maximavelocidad.png HTTP/1.1" 200 880272
190.85.140.204 - - [15/Sep/2018:12:06:51 -0500] "GET /galeria/nivo-slider/demo/images/banner%20aceite%20vegetal%20usado.jpg HTTP/1.1" 200 169350
190.85.140.204 - - [15/Sep/2018:12:06:52 -0500] "GET /galeria/nivo-slider/demo/images/bannerlumina2017web.jpg HTTP/1.1" 200 198918
190.85.140.204 - - [15/Sep/2018:12:06:52 -0500] "GET /galeria/nivo-slider/demo/images/banner-bolsas-plasticas.jpg HTTP/1.1" 200 317939
190.85.140.204 - - [15/Sep/2018:12:07:08 -0500] "GET /galeria/nivo-slider/themes/default/arrows.png HTTP/1.1" 200 824
190.85.140.204 - - [15/Sep/2018:12:07:08 -0500] "GET /galeria/nivo-slider/themes/default/bullets.png HTTP/1.1" 200 1281
190.24.58.7 - - [15/Sep/2018:12:07:14 -0500] "GET /galeria/galeria/jquery.fancybox.css?v=2.1.5 HTTP/1.1" 200 4895
190.24.58.7 - - [15/Sep/2018:12:07:14 -0500] "GET /BLA/boletinlegal/js/jquery.scrollShow.js HTTP/1.1" 200 4586
190.24.58.7 - - [15/Sep/2018:12:07:14 -0500] "GET /galeria/galeria/jquery.fancybox.js?v=2.1.5 HTTP/1.1" 200 48706
192.168.175.104 - - [15/Sep/2018:12:07:16 -0500] "GET / HTTP/1.1" 200 9990
191.102.236.33 - - [15/Sep/2018:12:07:17 -0500] "GET /BLA/boletinlegal/js/jquery.scrollShow.js HTTP/1.1" 200 4586
191.102.236.33 - - [15/Sep/2018:12:07:17 -0500] "GET /galeria/galeria/jquery.fancybox.css?v=2.1.5 HTTP/1.1" 200 4895
191.102.236.33 - - [15/Sep/2018:12:07:17 -0500] "GET /galeria/galeria/jquery.fancybox.js?v=2.1.5 HTTP/1.1" 200 48706
94.130.18.160 - - [15/Sep/2018:12:07:22 -0500] "GET /robots.txt HTTP/1.1" 404 1018
94.130.18.160 - - [15/Sep/2018:12:07:22 -0500] "GET /BLA/resoluciones/index.php?dir=RESOLUCIONES%202005/RES%202005%20851-900/&sort=name&order=asc HTTP/1.1" 200 12242
190.27.221.146 - - [15/Sep/2018:12:07:40 -0500] "GET /galeria/galeria/fotos/mirador2G.jpg HTTP/1.1" 200 115084
66.249.88.173 - - [15/Sep/2018:12:07:41 -0500] "GET /videos/galeria-cronicas/1V3wnplaylist.htm? HTTP/1.1" 200 4013
66.249.88.171 - - [15/Sep/2018:12:07:41 -0500] "GET /videos/galeria-cronicas/js/jplayer.playlist.min.js HTTP/1.1" 200 8608
66.249.88.169 - - [15/Sep/2018:12:07:41 -0500] "GET /videos/galeria-cronicas/js/jquery.jplayer.min.js HTTP/1.1" 200 43668
66.249.88.169 - - [15/Sep/2018:12:07:41 -0500] "GET /videos/galeria-cronicas/skin/blue.monday/jplayer.blue.monday.css HTTP/1.1" 200 12518
190.27.221.146 - - [15/Sep/2018:12:07:42 -0500] "GET /galeria/galeria/fotos/mirador4G.jpg HTTP/1.1" 200 159827
66.249.88.169 - - [15/Sep/2018:12:07:42 -0500] "GET /videos/galeria-cronicas/skin/blue.monday/jplayer.blue.monday.jpg HTTP/1.1" 200 23189
66.249.88.173 - - [15/Sep/2018:12:07:42 -0500] "GET /videos/galeria-cronicas/skin/blue.monday/jplayer.blue.monday.video.play.png HTTP/1.1" 200 14424
66.249.88.173 - - [15/Sep/2018:12:07:43 -0500] "GET /videos/galeria-cronicas/1videos/parche.mp4video.mp4 HTTP/1.1" 206 2821840
190.24.57.211 - - [15/Sep/2018:12:07:43 -0500] "GET /videos/galeria-cronicas/1videos/parche.mp4video.mp4 HTTP/1.1" 206 65537
190.24.57.211 - - [15/Sep/2018:12:07:43 -0500] "GET /videos/galeria-cronicas/1videos/parche.mp4video.mp4 HTTP/1.1" 206 2821840
190.24.57.211 - - [15/Sep/2018:12:07:44 -0500] "GET /videos/galeria-cronicas/1videos/parche.mp4video.mp4 HTTP/1.1" 206 36560
190.24.57.211 - - [15/Sep/2018:12:07:45 -0500] "GET /videos/galeria-cronicas/1videos/parche.mp4video.mp4 HTTP/1.1" 206 2789072
94.130.18.160 - - [15/Sep/2018:12:07:47 -0500] "GET /BLA/resoluciones/index.php?dir=RESOLUCIONES%202005/RES%202005%20851-900/&sort=size&order=desc HTTP/1.1" 200 12241
66.249.88.169 - - [15/Sep/2018:12:07:51 -0500] "GET /videos/galeria-cronicas/1videos/parche.mp4video.mp4 HTTP/1.1" 206 32768
190.24.57.211 - - [15/Sep/2018:12:07:51 -0500] "GET /videos/galeria-cronicas/1videos/parche.mp4video.mp4 HTTP/1.1" 206 65537
66.249.88.171 - - [15/Sep/2018:12:07:52 -0500] "GET /videos/galeria-cronicas/1videos/parche.mp4video.mp4 HTTP/1.1" 206 2500693
190.24.57.211 - - [15/Sep/2018:12:07:52 -0500] "GET /videos/galeria-cronicas/1videos/parche.mp4video.mp4 HTTP/1.1" 206 36560
190.24.57.211 - - [15/Sep/2018:12:07:53 -0500] "GET /videos/galeria-cronicas/1videos/parche.mp4video.mp4 HTTP/1.1" 206 2756304
190.24.57.211 - - [15/Sep/2018:12:07:54 -0500] "GET /videos/galeria-cronicas/1videos/parche.mp4video.mp4 HTTP/1.1" 206 2587293
94.130.18.160 - - [15/Sep/2018:12:07:54 -0500] "GET /BLA/resoluciones/index.php?dir=RESOLUCIONES%202005/RES%202005%20901-950/&sort=date&order=desc HTTP/1.1" 200 12244
190.27.221.146 - - [15/Sep/2018:12:08:01 -0500] "GET /galeria/galeria/fotos/mirador3G.jpg HTTP/1.1" 200 131992
66.249.69.236 - - [15/Sep/2018:12:08:02 -0500] "GET /BLA/resoluciones/AUTOS%202016/1990.pdf HTTP/1.1" 200 525147
94.130.18.160 - - [15/Sep/2018:12:08:14 -0500] "GET /BLA/resoluciones/index.php?dir=RESOLUCIONES%202005/RES%202005%20901-950/&sort=name&order=asc HTTP/1.1" 200 12245
190.24.3.17 - - [15/Sep/2018:12:08:14 -0500] "GET /BLA/boletinlegal/js/jquery.scrollShow.js HTTP/1.1" 200 4586
190.24.3.17 - - [15/Sep/2018:12:08:15 -0500] "GET /galeria/galeria/jquery.fancybox.js?v=2.1.5 HTTP/1.1" 200 48706
190.24.3.17 - - [15/Sep/2018:12:08:15 -0500] "GET /galeria/galeria/jquery.fancybox.css?v=2.1.5 HTTP/1.1" 200 4895
190.24.3.17 - - [15/Sep/2018:12:08:15 -0500] "GET /galeria/carrusel/Carrusel/jquery.thumbnailScroller.css HTTP/1.1" 200 2066
94.130.18.160 - - [15/Sep/2018:12:08:20 -0500] "GET /BLA/resoluciones/index.php?dir=RESOLUCIONES%202005/RES%202005%20901-950/&sort=size&order=desc HTTP/1.1" 200 12244
192.168.175.104 - - [15/Sep/2018:12:08:23 -0500] "GET / HTTP/1.0" 200 9990
181.136.3.123 - - [15/Sep/2018:12:08:24 -0500] "GET /BLA/resoluciones/RESOLUCIONES%202007/RES%202007%20201%20AL%20300/RESOLUCION%200272%20DE%202007.pdf HTTP/1.1" 200 280658
181.136.3.123 - - [15/Sep/2018:12:08:25 -0500] "GET /favicon.ico HTTP/1.1" 200 7782
189.235.119.68 - - [15/Sep/2018:12:08:30 -0500] "GET /galeria/galeria/jquery.fancybox.js?v=2.1.5 HTTP/1.1" 200 48706
189.235.119.68 - - [15/Sep/2018:12:08:30 -0500] "GET /galeria/galeria/jquery.fancybox.css?v=2.1.5 HTTP/1.1" 200 4895
189.235.119.68 - - [15/Sep/2018:12:08:30 -0500] "GET /BLA/boletinlegal/js/jquery.scrollShow.js HTTP/1.1" 200 4586
66.249.69.234 - - [15/Sep/2018:12:08:42 -0500] "GET /BLA/resoluciones/AUTOS%202010/4737.pdf HTTP/1.1" 200 151657
94.130.18.160 - - [15/Sep/2018:12:08:43 -0500] "GET /BLA/resoluciones/index.php?dir=RESOLUCIONES%202005/RES%202005%20951-1000/&sort=date&order=desc HTTP/1.1" 200 12303
94.130.18.160 - - [15/Sep/2018:12:09:00 -0500] "GET /BLA/resoluciones/index.php?dir=RESOLUCIONES%202005/RES%202005%20951-1000/&sort=name&order=asc HTTP/1.1" 200 12304
190.104.180.15 - - [15/Sep/2018:12:09:10 -0500] "GET /BLA/boletinlegal/jurisprudencia/analisis/Analisis%20jurisprudencial%20Sentencia%20C-366-11.doc HTTP/1.1" 200 59392
94.130.18.160 - - [15/Sep/2018:12:09:10 -0500] "GET /BLA/resoluciones/index.php?dir=RESOLUCIONES%202005/RES%202005%20951-1000/&sort=size&order=desc HTTP/1.1" 200 12303
192.168.175.104 - - [15/Sep/2018:12:09:12 -0500] "GET / HTTP/1.1" 200 9990
66.249.88.169 - - [15/Sep/2018:12:09:16 -0500] "GET /BLA/resoluciones/RESOLUCIONES%202007/RES%202007%202201%20AL%202300/RESOLUCION%202246%20DE%202007.pdf HTTP/1.1" 200 1009743
190.26.207.49 - - [15/Sep/2018:12:09:26 -0500] "GET /POT-2013/dlf/styles.css HTTP/1.1" 200 3045
190.26.207.49 - - [15/Sep/2018:12:09:22 -0500] "GET /POT-2013/index.php?dir=Cartografia%2F HTTP/1.1" 200 11465
190.26.207.49 - - [15/Sep/2018:12:09:26 -0500] "GET /POT-2013/dlf/dirup.png HTTP/1.1" 200 644
190.26.207.49 - - [15/Sep/2018:12:09:26 -0500] "GET /POT-2013/dlf/pdf.gif HTTP/1.1" 200 272
190.26.207.49 - - [15/Sep/2018:12:09:26 -0500] "GET /POT-2013/dlf/bg.gif HTTP/1.1" 200 54
190.26.207.49 - - [15/Sep/2018:12:09:26 -0500] "GET /favicon.ico HTTP/1.1" 200 7782
94.130.18.160 - - [15/Sep/2018:12:09:27 -0500] "GET /BLA/resoluciones/index.php?dir=RESOLUCIONES%202006/RES%202006%201-50/&sort=date&order=desc HTTP/1.1" 200 11866
190.26.207.49 - - [15/Sep/2018:12:09:33 -0500] "GET /POT-2013/index.php?dir= HTTP/1.1" 200 2679
190.26.207.49 - - [15/Sep/2018:12:09:33 -0500] "GET /POT-2013/dlf/folder.png HTTP/1.1" 200 410
190.26.207.49 - - [15/Sep/2018:12:09:35 -0500] "GET /POT-2013/index.php?dir=Cartografia%2F HTTP/1.1" 200 11465
181.143.169.162 - - [15/Sep/2018:12:09:38 -0500] "GET /galeria/galeria/jquery.fancybox.js?v=2.1.5 HTTP/1.0" 304 -
181.143.169.162 - - [15/Sep/2018:12:09:38 -0500] "GET /galeria/galeria/jquery.fancybox.css?v=2.1.5 HTTP/1.0" 304 -
94.130.18.160 - - [15/Sep/2018:12:09:52 -0500] "GET /BLA/resoluciones/index.php?dir=RESOLUCIONES%202006/RES%202006%201-50/&sort=name&order=asc HTTP/1.1" 200 11867
190.26.207.49 - - [15/Sep/2018:12:09:58 -0500] "GET /POT-2013/index.php?dir=Cartografia%2F HTTP/1.1" 200 11465
190.24.3.17 - - [15/Sep/2018:12:10:00 -0500] "GET /galeria/carrusel/Carrusel/jquery-ui-1.8.13.custom.min.js HTTP/1.1" 200 10800
190.24.3.17 - - [15/Sep/2018:12:10:00 -0500] "GET /galeria/carrusel/Carrusel/jquery.thumbnailScroller.js HTTP/1.1" 200 8157
190.24.3.17 - - [15/Sep/2018:12:10:01 -0500] "GET /galeria/nivo-slider/demo/demo.html HTTP/1.1" 200 16210
190.24.3.17 - - [15/Sep/2018:12:10:01 -0500] "GET /galeria/nivo-slider/themes/default/default.css HTTP/1.1" 200 1569
190.24.3.17 - - [15/Sep/2018:12:10:01 -0500] "GET /galeria/nivo-slider/themes/pascal/pascal.css HTTP/1.1" 200 2258
190.24.3.17 - - [15/Sep/2018:12:10:01 -0500] "GET /galeria/nivo-slider/themes/orman/orman.css HTTP/1.1" 200 2152
190.24.3.17 - - [15/Sep/2018:12:10:01 -0500] "GET /galeria/nivo-slider/nivo-slider.css HTTP/1.1" 200 1507
190.24.3.17 - - [15/Sep/2018:12:10:01 -0500] "GET /galeria/nivo-slider/demo/style.css HTTP/1.1" 200 2222
190.24.3.17 - - [15/Sep/2018:12:10:01 -0500] "GET /galeria/nivo-slider/demo/scripts/jquery-1.7.1.min.js HTTP/1.1" 200 93868
190.24.3.17 - - [15/Sep/2018:12:10:01 -0500] "GET /galeria/nivo-slider/demo/images/BannerCaminatasSeptiembre.jpg HTTP/1.1" 200 303232
190.24.3.17 - - [15/Sep/2018:12:10:01 -0500] "GET /galeria/nivo-slider/jquery.nivo.slider.pack.js HTTP/1.1" 200 11561
190.24.3.17 - - [15/Sep/2018:12:10:02 -0500] "GET /galeria/nivo-slider/demo/images/banner%20mono.jpg HTTP/1.1" 200 762506
190.24.3.17 - - [15/Sep/2018:12:10:02 -0500] "GET /galeria/nivo-slider/demo/images/banner%20restrepo.jpg HTTP/1.1" 200 316959
190.24.3.17 - - [15/Sep/2018:12:10:02 -0500] "GET /galeria/nivo-slider/demo/images/Banner%206F.jpg HTTP/1.1" 200 242532
190.24.3.17 - - [15/Sep/2018:12:10:02 -0500] "GET /galeria/nivo-slider/demo/images/Banner%20Incentivos%20tributarios2.jpg HTTP/1.1" 200 200787
190.24.3.17 - - [15/Sep/2018:12:10:02 -0500] "GET /galeria/nivo-slider/demo/images/4Simple_Slider.png HTTP/1.1" 200 11722
94.130.18.160 - - [15/Sep/2018:12:10:02 -0500] "GET /BLA/resoluciones/index.php?dir=RESOLUCIONES%202006/RES%202006%201-50/&sort=size&order=desc HTTP/1.1" 200 11866
190.24.3.17 - - [15/Sep/2018:12:10:04 -0500] "GET /galeria/nivo-slider/themes/default/loading.gif HTTP/1.1" 200 1737
190.24.3.17 - - [15/Sep/2018:12:10:04 -0500] "GET /galeria/nivo-slider/demo/images/web%20ingreso%20humedales.png HTTP/1.1" 200 641193
190.24.3.17 - - [15/Sep/2018:12:10:05 -0500] "GET /galeria/nivo-slider/demo/images/gobierno%20digital-01.jpg HTTP/1.1" 200 116163
66.249.69.232 - - [15/Sep/2018:12:10:06 -0500] "GET /BLA/resoluciones/RESOLUCIONES%202007/RES%202007%203001%20AL%203100/RESOLUCION%203005%20DE%202007.pdf HTTP/1.1" 200 827520
190.24.3.17 - - [15/Sep/2018:12:10:07 -0500] "GET /galeria/nivo-slider/demo/images/Otorgamiento-excelencia-ambiental-Jos%C3%A9-Celestino-Mutis-2.jpg HTTP/1.1" 200 276467
190.24.3.17 - - [15/Sep/2018:12:10:07 -0500] "GET /galeria/nivo-slider/demo/images/Banner_micrositio.png HTTP/1.1" 200 146950
190.24.3.17 - - [15/Sep/2018:12:10:08 -0500] "GET /galeria/nivo-slider/demo/images/avances-sentencias-rio-bogota-2.jpg HTTP/1.1" 200 304916
190.24.3.17 - - [15/Sep/2018:12:10:09 -0500] "GET /galeria/nivo-slider/demo/images/BANNER%20VAN%20DER%20HAMMEN.jpg HTTP/1.1" 200 64172
190.24.3.17 - - [15/Sep/2018:12:10:10 -0500] "GET /galeria/nivo-slider/demo/images/banner-humedales-de-bogota.jpg HTTP/1.1" 200 292611
190.24.3.17 - - [15/Sep/2018:12:10:11 -0500] "GET /galeria/nivo-slider/demo/images/maximavelocidad.png HTTP/1.1" 200 880272
190.24.3.17 - - [15/Sep/2018:12:10:12 -0500] "GET /galeria/nivo-slider/demo/images/banner%20aceite%20vegetal%20usado.jpg HTTP/1.1" 200 169350
190.24.3.17 - - [15/Sep/2018:12:10:12 -0500] "GET /galeria/nivo-slider/demo/images/bannerlumina2017web.jpg HTTP/1.1" 200 198918
190.24.3.17 - - [15/Sep/2018:12:10:13 -0500] "GET /galeria/nivo-slider/demo/images/banner-bolsas-plasticas.jpg HTTP/1.1" 200 317939
190.24.3.17 - - [15/Sep/2018:12:10:19 -0500] "GET /galeria/nivo-slider/themes/default/arrows.png HTTP/1.1" 200 824
190.24.3.17 - - [15/Sep/2018:12:10:19 -0500] "GET /galeria/nivo-slider/themes/default/bullets.png HTTP/1.1" 200 1281
94.130.18.160 - - [15/Sep/2018:12:10:24 -0500] "GET /BLA/resoluciones/index.php?dir=RESOLUCIONES%202006/RES%202006%201001-1050/&sort=date&order=desc HTTP/1.1" 200 12340
94.130.18.160 - - [15/Sep/2018:12:10:40 -0500] "GET /BLA/resoluciones/index.php?dir=RESOLUCIONES%202006/RES%202006%201001-1050/&sort=name&order=asc HTTP/1.1" 200 12341
94.130.18.160 - - [15/Sep/2018:12:10:48 -0500] "GET /BLA/resoluciones/index.php?dir=RESOLUCIONES%202006/RES%202006%201001-1050/&sort=size&order=desc HTTP/1.1" 200 12340
66.249.69.234 - - [15/Sep/2018:12:10:49 -0500] "GET /BLA/resoluciones/AUTOS%202008/1159.pdf HTTP/1.1" 200 145873
190.146.227.57 - - [15/Sep/2018:12:11:01 -0500] "GET /galeria/galeria/jquery.fancybox.css?v=2.1.5 HTTP/1.1" 200 4895
190.146.227.57 - - [15/Sep/2018:12:11:01 -0500] "GET /galeria/carrusel/Carrusel/jquery.thumbnailScroller.css HTTP/1.1" 200 2066
190.146.227.57 - - [15/Sep/2018:12:11:02 -0500] "GET /galeria/galeria/jquery.fancybox.js?v=2.1.5 HTTP/1.1" 200 48706
190.146.227.57 - - [15/Sep/2018:12:11:02 -0500] "GET /BLA/boletinlegal/js/jquery.scrollShow.js HTTP/1.1" 200 4586
190.146.227.57 - - [15/Sep/2018:12:11:02 -0500] "GET /galeria/carrusel/Carrusel/jquery-ui-1.8.13.custom.min.js HTTP/1.1" 200 10800
190.146.227.57 - - [15/Sep/2018:12:11:02 -0500] "GET /galeria/carrusel/Carrusel/jquery.thumbnailScroller.js HTTP/1.1" 200 8157
190.146.227.57 - - [15/Sep/2018:12:11:03 -0500] "GET /galeria/nivo-slider/demo/demo.html HTTP/1.1" 200 16210
190.146.227.57 - - [15/Sep/2018:12:11:04 -0500] "GET /galeria/nivo-slider/themes/default/default.css HTTP/1.1" 200 1569
190.146.227.57 - - [15/Sep/2018:12:11:04 -0500] "GET /galeria/nivo-slider/themes/pascal/pascal.css HTTP/1.1" 200 2258
190.146.227.57 - - [15/Sep/2018:12:11:04 -0500] "GET /galeria/nivo-slider/nivo-slider.css HTTP/1.1" 200 1507
190.146.227.57 - - [15/Sep/2018:12:11:04 -0500] "GET /galeria/nivo-slider/themes/orman/orman.css HTTP/1.1" 200 2152
190.146.227.57 - - [15/Sep/2018:12:11:04 -0500] "GET /galeria/nivo-slider/demo/style.css HTTP/1.1" 200 2222
190.146.227.57 - - [15/Sep/2018:12:11:04 -0500] "GET /galeria/nivo-slider/demo/images/banner%20mono.jpg HTTP/1.1" 200 762506
190.146.227.57 - - [15/Sep/2018:12:11:04 -0500] "GET /galeria/nivo-slider/demo/images/BannerCaminatasSeptiembre.jpg HTTP/1.1" 200 303232
190.146.227.57 - - [15/Sep/2018:12:11:04 -0500] "GET /galeria/nivo-slider/demo/images/banner%20restrepo.jpg HTTP/1.1" 200 316959
190.146.227.57 - - [15/Sep/2018:12:11:04 -0500] "GET /galeria/nivo-slider/demo/images/Banner%206F.jpg HTTP/1.1" 200 242532
190.146.227.57 - - [15/Sep/2018:12:11:04 -0500] "GET /galeria/nivo-slider/demo/images/web%20ingreso%20humedales.png HTTP/1.1" 200 641193
190.146.227.57 - - [15/Sep/2018:12:11:04 -0500] "GET /galeria/nivo-slider/demo/images/Banner%20Incentivos%20tributarios2.jpg HTTP/1.1" 200 200787
190.146.227.57 - - [15/Sep/2018:12:11:05 -0500] "GET /galeria/nivo-slider/demo/images/4Simple_Slider.png HTTP/1.1" 200 11722
190.146.227.57 - - [15/Sep/2018:12:11:05 -0500] "GET /galeria/nivo-slider/themes/default/loading.gif HTTP/1.1" 200 1737
190.146.227.57 - - [15/Sep/2018:12:11:06 -0500] "GET /galeria/nivo-slider/demo/scripts/jquery-1.7.1.min.js HTTP/1.1" 200 93868
190.146.227.57 - - [15/Sep/2018:12:11:06 -0500] "GET /galeria/nivo-slider/demo/images/gobierno%20digital-01.jpg HTTP/1.1" 200 116163
190.146.227.57 - - [15/Sep/2018:12:11:06 -0500] "GET /galeria/nivo-slider/demo/images/Otorgamiento-excelencia-ambiental-Jos%C3%A9-Celestino-Mutis-2.jpg HTTP/1.1" 200 276467
190.146.227.57 - - [15/Sep/2018:12:11:06 -0500] "GET /galeria/nivo-slider/demo/images/Banner_micrositio.png HTTP/1.1" 200 146950
190.146.227.57 - - [15/Sep/2018:12:11:06 -0500] "GET /galeria/nivo-slider/demo/images/avances-sentencias-rio-bogota-2.jpg HTTP/1.1" 200 304916
190.146.227.57 - - [15/Sep/2018:12:11:07 -0500] "GET /galeria/nivo-slider/jquery.nivo.slider.pack.js HTTP/1.1" 200 11561
190.146.227.57 - - [15/Sep/2018:12:11:08 -0500] "GET /galeria/nivo-slider/demo/images/BANNER%20VAN%20DER%20HAMMEN.jpg HTTP/1.1" 200 64172
190.146.227.57 - - [15/Sep/2018:12:11:08 -0500] "GET /galeria/nivo-slider/demo/images/banner-humedales-de-bogota.jpg HTTP/1.1" 200 292611
190.146.227.57 - - [15/Sep/2018:12:11:08 -0500] "GET /galeria/nivo-slider/demo/images/maximavelocidad.png HTTP/1.1" 200 880272
190.146.227.57 - - [15/Sep/2018:12:11:08 -0500] "GET /galeria/nivo-slider/demo/images/banner%20aceite%20vegetal%20usado.jpg HTTP/1.1" 200 169350
94.130.18.160 - - [15/Sep/2018:12:11:07 -0500] "GET /BLA/resoluciones/index.php?dir=RESOLUCIONES%202006/RES%202006%20101-150/&sort=date&order=desc HTTP/1.1" 200 12240
190.146.227.57 - - [15/Sep/2018:12:11:09 -0500] "GET /galeria/nivo-slider/demo/images/bannerlumina2017web.jpg HTTP/1.1" 200 198918
190.146.227.57 - - [15/Sep/2018:12:11:09 -0500] "GET /galeria/nivo-slider/demo/images/banner-bolsas-plasticas.jpg HTTP/1.1" 200 317939
190.146.227.57 - - [15/Sep/2018:12:11:10 -0500] "GET /galeria/nivo-slider/themes/default/bullets.png HTTP/1.1" 200 1281
190.146.227.57 - - [15/Sep/2018:12:11:11 -0500] "GET /galeria/nivo-slider/themes/default/arrows.png HTTP/1.1" 200 824
94.130.18.160 - - [15/Sep/2018:12:11:14 -0500] "GET /BLA/resoluciones/index.php?dir=RESOLUCIONES%202006/RES%202006%20101-150/&sort=name&order=asc HTTP/1.1" 200 12241
190.146.227.57 - - [15/Sep/2018:12:11:15 -0500] "GET /galeria/nivo-slider/themes/default/arrows.png HTTP/1.1" 200 824
190.146.227.57 - - [15/Sep/2018:12:11:15 -0500] "GET /galeria/nivo-slider/themes/default/bullets.png HTTP/1.1" 200 1281
201.245.192.253 - - [15/Sep/2018:12:10:56 -0500] "POST /kwsrmcab/Wsrmcab HTTP/1.1" 200 24152
94.130.18.160 - - [15/Sep/2018:12:11:31 -0500] "GET /BLA/resoluciones/index.php?dir=RESOLUCIONES%202006/RES%202006%20101-150/&sort=size&order=desc HTTP/1.1" 200 12240
69.162.124.232 - - [15/Sep/2018:12:11:33 -0500] "HEAD / HTTP/1.1" 200 -
66.249.69.234 - - [15/Sep/2018:12:11:34 -0500] "GET /BLA/resoluciones/RESOLUCIONES%202007/RES%202007%202501%20AL%202600/RESOLUCION%202558%20DE%202007.pdf HTTP/1.1" 200 153412
186.154.34.55 - - [15/Sep/2018:12:11:34 -0500] "GET /galeria/galeria/jquery.fancybox.css?v=2.1.5 HTTP/1.1" 200 4895
186.154.34.55 - - [15/Sep/2018:12:11:34 -0500] "GET /BLA/boletinlegal/js/jquery.scrollShow.js HTTP/1.1" 200 4586
186.154.34.55 - - [15/Sep/2018:12:11:34 -0500] "GET /galeria/galeria/jquery.fancybox.js?v=2.1.5 HTTP/1.1" 200 48706
94.130.18.160 - - [15/Sep/2018:12:11:42 -0500] "GET /BLA/resoluciones/index.php?dir=RESOLUCIONES%202006/RES%202006%201051-1100/&sort=date&order=desc HTTP/1.1" 200 12368
200.21.45.11 - - [15/Sep/2018:12:11:51 -0500] "-" 408 -
177.252.250.61 - - [15/Sep/2018:12:11:56 -0500] "GET /galeria/galeria/jquery.fancybox.css?v=2.1.5 HTTP/1.1" 200 4895
177.252.250.61 - - [15/Sep/2018:12:11:56 -0500] "GET /BLA/boletinlegal/js/jquery.scrollShow.js HTTP/1.1" 200 4586
177.252.250.61 - - [15/Sep/2018:12:11:57 -0500] "GET /galeria/galeria/jquery.fancybox.js?v=2.1.5 HTTP/1.1" 200 48706
201.245.192.253 - - [15/Sep/2018:12:11:32 -0500] "POST /kwsrmcab/Wsrmcab HTTP/1.1" 200 25253
94.130.18.160 - - [15/Sep/2018:12:12:04 -0500] "GET /BLA/resoluciones/index.php?dir=RESOLUCIONES%202006/RES%202006%201051-1100/&sort=name&order=asc HTTP/1.1" 200 12369
94.130.18.160 - - [15/Sep/2018:12:12:13 -0500] "GET /BLA/resoluciones/index.php?dir=RESOLUCIONES%202006/RES%202006%201051-1100/&sort=size&order=desc HTTP/1.1" 200 12368
192.168.175.104 - - [15/Sep/2018:12:12:14 -0500] "GET / HTTP/1.1" 200 9990
66.249.69.234 - - [15/Sep/2018:12:12:15 -0500] "GET /BLA/resoluciones/AUTOS%202008/2970.pdf HTTP/1.1" 200 182454
94.130.18.160 - - [15/Sep/2018:12:12:34 -0500] "GET /BLA/resoluciones/index.php?dir=RESOLUCIONES%202006/RES%202006%201101-1150/&sort=date&order=desc HTTP/1.1" 200 12367
190.156.30.77 - - [15/Sep/2018:12:12:35 -0500] "GET /BLA/boletinlegal/js/jquery.scrollShow.js HTTP/1.1" 200 4586
190.156.30.77 - - [15/Sep/2018:12:12:35 -0500] "GET /galeria/galeria/jquery.fancybox.js?v=2.1.5 HTTP/1.1" 200 48706
190.156.30.77 - - [15/Sep/2018:12:12:35 -0500] "GET /galeria/galeria/jquery.fancybox.css?v=2.1.5 HTTP/1.1" 200 4895
190.156.30.77 - - [15/Sep/2018:12:12:41 -0500] "GET /galeria/carrusel/Carrusel/jquery.thumbnailScroller.css HTTP/1.1" 200 2066
190.156.30.77 - - [15/Sep/2018:12:12:41 -0500] "GET /galeria/carrusel/Carrusel/jquery-ui-1.8.13.custom.min.js HTTP/1.1" 200 10800
190.156.30.77 - - [15/Sep/2018:12:12:42 -0500] "GET /galeria/carrusel/Carrusel/jquery.thumbnailScroller.js HTTP/1.1" 200 8157
190.156.30.77 - - [15/Sep/2018:12:12:42 -0500] "GET /galeria/nivo-slider/demo/demo.html HTTP/1.1" 200 16210
190.156.30.77 - - [15/Sep/2018:12:12:44 -0500] "GET /galeria/nivo-slider/themes/default/default.css HTTP/1.1" 200 1569
190.156.30.77 - - [15/Sep/2018:12:12:44 -0500] "GET /galeria/nivo-slider/themes/orman/orman.css HTTP/1.1" 200 2152
190.156.30.77 - - [15/Sep/2018:12:12:44 -0500] "GET /galeria/nivo-slider/themes/pascal/pascal.css HTTP/1.1" 200 2258
190.156.30.77 - - [15/Sep/2018:12:12:44 -0500] "GET /galeria/nivo-slider/nivo-slider.css HTTP/1.1" 200 1507
190.156.30.77 - - [15/Sep/2018:12:12:44 -0500] "GET /galeria/nivo-slider/demo/style.css HTTP/1.1" 200 2222
190.156.30.77 - - [15/Sep/2018:12:12:44 -0500] "GET /galeria/nivo-slider/demo/scripts/jquery-1.7.1.min.js HTTP/1.1" 200 93868
190.156.30.77 - - [15/Sep/2018:12:12:44 -0500] "GET /galeria/nivo-slider/demo/images/BannerCaminatasSeptiembre.jpg HTTP/1.1" 200 303232
190.156.30.77 - - [15/Sep/2018:12:12:44 -0500] "GET /galeria/nivo-slider/demo/images/banner%20mono.jpg HTTP/1.1" 200 762506
190.156.30.77 - - [15/Sep/2018:12:12:44 -0500] "GET /galeria/nivo-slider/demo/images/Banner%206F.jpg HTTP/1.1" 200 242532
190.156.30.77 - - [15/Sep/2018:12:12:44 -0500] "GET /galeria/nivo-slider/demo/images/banner%20restrepo.jpg HTTP/1.1" 200 316959
190.156.30.77 - - [15/Sep/2018:12:12:44 -0500] "GET /galeria/nivo-slider/demo/images/Banner%20Incentivos%20tributarios2.jpg HTTP/1.1" 200 200787
190.156.30.77 - - [15/Sep/2018:12:12:45 -0500] "GET /galeria/nivo-slider/demo/images/web%20ingreso%20humedales.png HTTP/1.1" 200 641193
190.156.30.77 - - [15/Sep/2018:12:12:45 -0500] "GET /galeria/nivo-slider/demo/images/gobierno%20digital-01.jpg HTTP/1.1" 200 116163
190.156.30.77 - - [15/Sep/2018:12:12:46 -0500] "GET /galeria/nivo-slider/demo/images/Otorgamiento-excelencia-ambiental-Jos%C3%A9-Celestino-Mutis-2.jpg HTTP/1.1" 200 276467
190.156.30.77 - - [15/Sep/2018:12:12:46 -0500] "GET /galeria/nivo-slider/demo/images/4Simple_Slider.png HTTP/1.1" 200 11722
190.156.30.77 - - [15/Sep/2018:12:12:47 -0500] "GET /galeria/nivo-slider/themes/default/loading.gif HTTP/1.1" 200 1737
190.156.30.77 - - [15/Sep/2018:12:12:48 -0500] "GET /galeria/nivo-slider/jquery.nivo.slider.pack.js HTTP/1.1" 200 11561
190.156.30.77 - - [15/Sep/2018:12:12:48 -0500] "GET /galeria/nivo-slider/demo/images/Banner_micrositio.png HTTP/1.1" 200 146950
190.156.30.77 - - [15/Sep/2018:12:12:48 -0500] "GET /galeria/nivo-slider/demo/images/avances-sentencias-rio-bogota-2.jpg HTTP/1.1" 200 304916
190.156.30.77 - - [15/Sep/2018:12:12:48 -0500] "GET /galeria/nivo-slider/demo/images/BANNER%20VAN%20DER%20HAMMEN.jpg HTTP/1.1" 200 64172
190.156.30.77 - - [15/Sep/2018:12:12:48 -0500] "GET /galeria/nivo-slider/demo/images/banner-humedales-de-bogota.jpg HTTP/1.1" 200 292611
190.156.30.77 - - [15/Sep/2018:12:12:49 -0500] "GET /galeria/nivo-slider/demo/images/maximavelocidad.png HTTP/1.1" 200 880272
190.156.30.77 - - [15/Sep/2018:12:12:50 -0500] "GET /galeria/nivo-slider/demo/images/banner%20aceite%20vegetal%20usado.jpg HTTP/1.1" 200 169350
66.249.88.169 - - [15/Sep/2018:12:12:50 -0500] "GET /galeria/carrusel/Carrusel/jquery.thumbnailScroller.css HTTP/1.1" 200 2066
66.249.88.173 - - [15/Sep/2018:12:12:50 -0500] "GET /galeria/galeria/jquery.fancybox.css?v=2.1.5 HTTP/1.1" 200 4895
66.249.88.173 - - [15/Sep/2018:12:12:50 -0500] "GET /galeria/galeria/jquery.fancybox.js?v=2.1.5 HTTP/1.1" 200 48706
190.156.30.77 - - [15/Sep/2018:12:12:50 -0500] "GET /galeria/nivo-slider/demo/images/bannerlumina2017web.jpg HTTP/1.1" 200 198918
66.249.88.169 - - [15/Sep/2018:12:12:50 -0500] "GET /BLA/boletinlegal/js/jquery.scrollShow.js HTTP/1.1" 200 4586
66.249.88.173 - - [15/Sep/2018:12:12:50 -0500] "GET /galeria/carrusel/Carrusel/jquery-ui-1.8.13.custom.min.js HTTP/1.1" 200 10800
66.249.88.173 - - [15/Sep/2018:12:12:50 -0500] "GET /galeria/carrusel/Carrusel/jquery.thumbnailScroller.js HTTP/1.1" 200 8157
190.156.30.77 - - [15/Sep/2018:12:12:51 -0500] "GET /galeria/nivo-slider/demo/images/banner-bolsas-plasticas.jpg HTTP/1.1" 200 317939
94.130.18.160 - - [15/Sep/2018:12:12:53 -0500] "GET /BLA/resoluciones/index.php?dir=RESOLUCIONES%202006/RES%202006%201101-1150/&sort=name&order=asc HTTP/1.1" 200 12368
190.156.30.77 - - [15/Sep/2018:12:12:54 -0500] "GET /galeria/nivo-slider/themes/default/bullets.png HTTP/1.1" 200 1281
190.156.30.77 - - [15/Sep/2018:12:12:54 -0500] "GET /galeria/nivo-slider/themes/default/arrows.png HTTP/1.1" 200 824
66.249.88.169 - - [15/Sep/2018:12:12:56 -0500] "GET /galeria/nivo-slider/demo/demo.html HTTP/1.1" 200 16210
66.249.88.173 - - [15/Sep/2018:12:12:56 -0500] "GET /galeria/nivo-slider/themes/pascal/pascal.css HTTP/1.1" 200 2258
66.249.88.173 - - [15/Sep/2018:12:12:56 -0500] "GET /galeria/nivo-slider/themes/default/default.css HTTP/1.1" 200 1569
66.249.88.173 - - [15/Sep/2018:12:12:56 -0500] "GET /galeria/nivo-slider/themes/orman/orman.css HTTP/1.1" 200 2152
66.249.88.171 - - [15/Sep/2018:12:12:57 -0500] "GET /galeria/nivo-slider/nivo-slider.css HTTP/1.1" 200 1507
66.249.88.171 - - [15/Sep/2018:12:12:57 -0500] "GET /galeria/nivo-slider/demo/scripts/jquery-1.7.1.min.js HTTP/1.1" 200 93868
66.249.88.173 - - [15/Sep/2018:12:12:57 -0500] "GET /galeria/nivo-slider/demo/style.css HTTP/1.1" 200 2222
66.249.88.169 - - [15/Sep/2018:12:12:57 -0500] "GET /galeria/nivo-slider/demo/images/Banner%206F.jpg HTTP/1.1" 200 242532
66.249.88.169 - - [15/Sep/2018:12:12:57 -0500] "GET /galeria/nivo-slider/demo/images/Otorgamiento-excelencia-ambiental-Jos%C3%A9-Celestino-Mutis-2.jpg HTTP/1.1" 200 276467
66.249.88.173 - - [15/Sep/2018:12:12:57 -0500] "GET /galeria/nivo-slider/demo/images/banner%20aceite%20vegetal%20usado.jpg HTTP/1.1" 200 169350
66.249.88.171 - - [15/Sep/2018:12:12:57 -0500] "GET /galeria/nivo-slider/demo/images/avances-sentencias-rio-bogota-2.jpg HTTP/1.1" 200 304916
66.249.88.173 - - [15/Sep/2018:12:12:57 -0500] "GET /galeria/nivo-slider/demo/images/BannerCaminatasSeptiembre.jpg HTTP/1.1" 200 303232
66.249.88.173 - - [15/Sep/2018:12:12:57 -0500] "GET /galeria/nivo-slider/demo/images/web%20ingreso%20humedales.png HTTP/1.1" 200 641193
66.249.88.173 - - [15/Sep/2018:12:12:57 -0500] "GET /galeria/nivo-slider/demo/images/banner-humedales-de-bogota.jpg HTTP/1.1" 200 292611
66.249.88.169 - - [15/Sep/2018:12:12:57 -0500] "GET /galeria/nivo-slider/demo/images/bannerlumina2017web.jpg HTTP/1.1" 200 198918
66.249.88.169 - - [15/Sep/2018:12:12:57 -0500] "GET /galeria/nivo-slider/demo/images/banner%20restrepo.jpg HTTP/1.1" 200 316959
66.249.88.171 - - [15/Sep/2018:12:12:57 -0500] "GET /galeria/nivo-slider/demo/images/Banner%20Incentivos%20tributarios2.jpg HTTP/1.1" 200 200787
66.249.88.169 - - [15/Sep/2018:12:12:57 -0500] "GET /galeria/nivo-slider/demo/images/banner%20mono.jpg HTTP/1.1" 200 762506
66.249.88.169 - - [15/Sep/2018:12:12:57 -0500] "GET /galeria/nivo-slider/demo/images/Banner_micrositio.png HTTP/1.1" 200 146950
66.249.88.169 - - [15/Sep/2018:12:12:57 -0500] "GET /galeria/nivo-slider/demo/images/BANNER%20VAN%20DER%20HAMMEN.jpg HTTP/1.1" 200 64172
66.249.88.171 - - [15/Sep/2018:12:12:57 -0500] "GET /galeria/nivo-slider/demo/images/maximavelocidad.png HTTP/1.1" 200 880272
66.249.88.169 - - [15/Sep/2018:12:12:57 -0500] "GET /galeria/nivo-slider/demo/images/gobierno%20digital-01.jpg HTTP/1.1" 200 116163
66.249.88.171 - - [15/Sep/2018:12:12:57 -0500] "GET /galeria/nivo-slider/demo/images/banner-bolsas-plasticas.jpg HTTP/1.1" 200 317939
66.249.88.169 - - [15/Sep/2018:12:12:57 -0500] "GET /galeria/nivo-slider/themes/default/loading.gif HTTP/1.1" 200 1737
66.249.88.169 - - [15/Sep/2018:12:12:57 -0500] "GET /galeria/nivo-slider/demo/images/4Simple_Slider.png HTTP/1.1" 200 11722
66.249.88.169 - - [15/Sep/2018:12:12:58 -0500] "GET /galeria/nivo-slider/jquery.nivo.slider.pack.js HTTP/1.1" 200 11561
94.130.18.160 - - [15/Sep/2018:12:12:58 -0500] "GET /BLA/resoluciones/index.php?dir=RESOLUCIONES%202006/RES%202006%201101-1150/&sort=size&order=desc HTTP/1.1" 200 12367
66.249.88.171 - - [15/Sep/2018:12:13:04 -0500] "GET /galeria/nivo-slider/themes/default/bullets.png HTTP/1.1" 200 1281
66.249.88.171 - - [15/Sep/2018:12:13:04 -0500] "GET /galeria/nivo-slider/themes/default/arrows.png HTTP/1.1" 200 824
94.130.18.160 - - [15/Sep/2018:12:13:18 -0500] "GET /BLA/resoluciones/index.php?dir=RESOLUCIONES%202006/RES%202006%201151-1200/&sort=date&order=desc HTTP/1.1" 200 12364
192.168.175.104 - - [15/Sep/2018:12:13:21 -0500] "GET / HTTP/1.0" 200 9990
181.48.138.218 - - [15/Sep/2018:12:13:36 -0500] "GET /dama/libreria/jpg/sec_amb.jpg HTTP/1.1" 404 1019
181.48.138.218 - - [15/Sep/2018:12:13:36 -0500] "GET /dama/libreria/jpg/sec_amb.jpg HTTP/1.1" 404 1019
181.48.138.218 - - [15/Sep/2018:12:13:36 -0500] "GET /dama/libreria/jpg/sec_amb.jpg HTTP/1.1" 404 1019
181.48.138.218 - - [15/Sep/2018:12:13:37 -0500] "GET /dama/libreria/jpg/sec_amb.jpg HTTP/1.1" 404 1019
181.48.138.218 - - [15/Sep/2018:12:13:37 -0500] "GET /dama/libreria/jpg/sec_amb.jpg HTTP/1.1" 404 1019
181.48.138.218 - - [15/Sep/2018:12:13:37 -0500] "GET /dama/libreria/jpg/sec_amb.jpg HTTP/1.1" 404 1019
161.18.152.17 - - [15/Sep/2018:12:13:47 -0500] "GET /siipev/Diseno%20de%20Elementos%20de%20Mobiliario%20Urbano/Otros%20Elementos/Infografia/Parte2/M-131.png HTTP/1.1" 200 17197
94.130.18.160 - - [15/Sep/2018:12:13:56 -0500] "GET /BLA/resoluciones/index.php?dir=RESOLUCIONES%202006/RES%202006%201151-1200/&sort=name&order=asc HTTP/1.1" 200 12365
94.130.18.160 - - [15/Sep/2018:12:14:04 -0500] "GET /BLA/resoluciones/index.php?dir=RESOLUCIONES%202006/RES%202006%201151-1200/&sort=size&order=desc HTTP/1.1" 200 12364
192.168.175.104 - - [15/Sep/2018:12:14:11 -0500] "GET / HTTP/1.1" 200 9990
94.130.18.160 - - [15/Sep/2018:12:14:20 -0500] "GET /BLA/resoluciones/index.php?dir=RESOLUCIONES%202006/RES%202006%201201-1250/&sort=date&order=desc HTTP/1.1" 200 12345
94.130.18.160 - - [15/Sep/2018:12:14:26 -0500] "GET /BLA/resoluciones/index.php?dir=RESOLUCIONES%202006/RES%202006%201201-1250/&sort=name&order=asc HTTP/1.1" 200 12346
94.130.18.160 - - [15/Sep/2018:12:14:42 -0500] "GET /BLA/resoluciones/index.php?dir=RESOLUCIONES%202006/RES%202006%201201-1250/&sort=size&order=desc HTTP/1.1" 200 12345
94.130.18.160 - - [15/Sep/2018:12:14:47 -0500] "GET /BLA/resoluciones/index.php?dir=RESOLUCIONES%202006/RES%202006%201251-1300/&sort=date&order=desc HTTP/1.1" 200 12367
94.130.18.160 - - [15/Sep/2018:12:15:05 -0500] "GET /BLA/resoluciones/index.php?dir=RESOLUCIONES%202006/RES%202006%201251-1300/&sort=name&order=asc HTTP/1.1" 200 12368
201.141.192.107 - - [15/Sep/2018:12:15:12 -0500] "GET /galeria/galeria/jquery.fancybox.css?v=2.1.5 HTTP/1.1" 200 4895
201.141.192.107 - - [15/Sep/2018:12:15:12 -0500] "GET /BLA/boletinlegal/js/jquery.scrollShow.js HTTP/1.1" 200 4586
201.141.192.107 - - [15/Sep/2018:12:15:12 -0500] "GET /galeria/galeria/jquery.fancybox.js?v=2.1.5 HTTP/1.1" 200 48706
94.130.18.160 - - [15/Sep/2018:12:15:14 -0500] "GET /BLA/resoluciones/index.php?dir=RESOLUCIONES%202006/RES%202006%201251-1300/&sort=size&order=desc HTTP/1.1" 200 12367
66.249.69.73 - - [15/Sep/2018:12:15:15 -0500] "GET /PruebasSTORM/StormSDA_pruebas/userFiles/user_files/listas/57.xml HTTP/1.1" 200 356
191.103.164.163 - - [15/Sep/2018:12:15:42 -0500] "GET /galeria/galeria/jquery.fancybox.css?v=2.1.5 HTTP/1.1" 200 4895
191.103.164.163 - - [15/Sep/2018:12:15:42 -0500] "GET /BLA/boletinlegal/js/jquery.scrollShow.js HTTP/1.1" 200 4586
191.103.164.163 - - [15/Sep/2018:12:15:42 -0500] "GET /galeria/galeria/jquery.fancybox.js?v=2.1.5 HTTP/1.1" 200 48706
