94.130.18.160 - - [15/Sep/2018:09:17:56 -0500] "GET /BLA/resoluciones/index.php?dir=Notificaciones/RESOLUCIONES%202016/&sort=size&order=desc HTTP/1.1" 200 14873
190.145.241.152 - - [15/Sep/2018:09:18:02 -0500] "GET /galeria/nivo-slider/demo/demo.html HTTP/1.1" 304 -
190.145.241.152 - - [15/Sep/2018:09:18:03 -0500] "GET /galeria/nivo-slider/demo/images/BannerCaminatasSeptiembre.jpg HTTP/1.1" 304 -
190.145.241.152 - - [15/Sep/2018:09:18:03 -0500] "GET /galeria/nivo-slider/demo/images/Banner%20Incentivos%20tributarios2.jpg HTTP/1.1" 304 -
190.145.241.152 - - [15/Sep/2018:09:18:03 -0500] "GET /galeria/nivo-slider/demo/images/Otorgamiento-excelencia-ambiental-Jos%C3%A9-Celestino-Mutis-2.jpg HTTP/1.1" 304 -
94.130.18.160 - - [15/Sep/2018:09:18:05 -0500] "GET /BLA/resoluciones/index.php?dir=Notificaciones/RESOLUCIONES%202017/&sort=date&order=desc HTTP/1.1" 200 6384
94.130.18.160 - - [15/Sep/2018:09:18:14 -0500] "GET /BLA/resoluciones/index.php?dir=Notificaciones/RESOLUCIONES%202017/&sort=name&order=asc HTTP/1.1" 200 6385
94.130.18.160 - - [15/Sep/2018:09:18:22 -0500] "GET /BLA/resoluciones/index.php?dir=Notificaciones/RESOLUCIONES%202017/&sort=size&order=desc HTTP/1.1" 200 6384
192.168.175.104 - - [15/Sep/2018:09:18:25 -0500] "GET / HTTP/1.1" 200 9990
190.70.153.136 - - [15/Sep/2018:09:18:31 -0500] "GET /galeria/nivo-slider/demo/images/banner%20mono.jpg HTTP/1.1" 200 762506
190.70.153.136 - - [15/Sep/2018:09:18:31 -0500] "GET /galeria/nivo-slider/demo/images/Banner_micrositio.png HTTP/1.1" 200 146950
190.70.153.136 - - [15/Sep/2018:09:18:31 -0500] "GET /galeria/nivo-slider/demo/images/avances-sentencias-rio-bogota-2.jpg HTTP/1.1" 200 304916
190.70.153.136 - - [15/Sep/2018:09:18:31 -0500] "GET /galeria/nivo-slider/demo/images/Otorgamiento-excelencia-ambiental-Jos%C3%A9-Celestino-Mutis-2.jpg HTTP/1.1" 200 276467
190.70.153.136 - - [15/Sep/2018:09:18:31 -0500] "GET /galeria/nivo-slider/demo/images/BANNER%20VAN%20DER%20HAMMEN.jpg HTTP/1.1" 200 64172
190.70.153.136 - - [15/Sep/2018:09:18:31 -0500] "GET /galeria/nivo-slider/demo/images/banner-humedales-de-bogota.jpg HTTP/1.1" 200 292611
94.130.18.160 - - [15/Sep/2018:09:18:31 -0500] "GET /BLA/resoluciones/index.php?dir=Notificaciones/RESOLUCIONES%202018/&sort=date&order=desc HTTP/1.1" 200 2267
190.70.153.136 - - [15/Sep/2018:09:18:32 -0500] "GET /galeria/nivo-slider/demo/images/maximavelocidad.png HTTP/1.1" 200 880272
190.70.153.136 - - [15/Sep/2018:09:18:32 -0500] "GET /galeria/nivo-slider/demo/images/bannerlumina2017web.jpg HTTP/1.1" 200 198918
190.70.153.136 - - [15/Sep/2018:09:18:32 -0500] "GET /galeria/nivo-slider/demo/images/banner%20aceite%20vegetal%20usado.jpg HTTP/1.1" 200 169350
190.70.153.136 - - [15/Sep/2018:09:18:33 -0500] "GET /galeria/nivo-slider/demo/images/banner-bolsas-plasticas.jpg HTTP/1.1" 200 317939
190.70.153.136 - - [15/Sep/2018:09:18:33 -0500] "GET /galeria/nivo-slider/demo/images/4Simple_Slider.png HTTP/1.1" 200 11722
190.70.153.136 - - [15/Sep/2018:09:18:33 -0500] "GET /galeria/nivo-slider/themes/default/loading.gif HTTP/1.1" 200 1737
94.130.18.160 - - [15/Sep/2018:09:18:46 -0500] "GET /BLA/resoluciones/index.php?dir=Notificaciones/RESOLUCIONES%202018/&sort=name&order=asc HTTP/1.1" 200 2268
192.168.175.104 - - [15/Sep/2018:09:18:48 -0500] "GET / HTTP/1.0" 200 9990
201.245.161.67 - - [15/Sep/2018:09:19:03 -0500] "GET /galeria/galeria/jquery.fancybox.js?v=2.1.5 HTTP/1.1" 200 48706
201.245.161.67 - - [15/Sep/2018:09:19:03 -0500] "GET /BLA/boletinlegal/js/jquery.scrollShow.js HTTP/1.1" 200 4586
201.245.161.67 - - [15/Sep/2018:09:19:03 -0500] "GET /galeria/galeria/jquery.fancybox.css?v=2.1.5 HTTP/1.1" 200 4895
201.245.161.67 - - [15/Sep/2018:09:19:06 -0500] "GET /galeria/galeria/jquery.fancybox.js?v=2.1.5 HTTP/1.1" 304 -
201.245.161.67 - - [15/Sep/2018:09:19:06 -0500] "GET /BLA/boletinlegal/js/jquery.scrollShow.js HTTP/1.1" 304 -
201.245.161.67 - - [15/Sep/2018:09:19:06 -0500] "GET /galeria/galeria/jquery.fancybox.css?v=2.1.5 HTTP/1.1" 304 -
94.130.18.160 - - [15/Sep/2018:09:19:09 -0500] "GET /BLA/resoluciones/index.php?dir=Notificaciones/RESOLUCIONES%202018/&sort=size&order=desc HTTP/1.1" 200 2267
191.109.222.39 - - [15/Sep/2018:09:19:13 -0500] "GET /BLA/resoluciones/AUTOS%202015/2469.pdf HTTP/1.1" 200 664492
94.130.18.160 - - [15/Sep/2018:09:19:16 -0500] "GET /BLA/resoluciones/index.php?dir=RESOLUCIONES%202002/ANEXOS/&sort=date&order=desc HTTP/1.1" 200 2239
66.249.69.75 - - [15/Sep/2018:09:19:16 -0500] "GET /PruebasSTORM/StormSDA_pruebas/userFiles/user_files/94/desasocia.xml HTTP/1.1" 200 58
192.168.175.104 - - [15/Sep/2018:09:19:22 -0500] "GET / HTTP/1.1" 200 9990
94.130.18.160 - - [15/Sep/2018:09:19:25 -0500] "GET /BLA/resoluciones/index.php?dir=RESOLUCIONES%202002/ANEXOS/&sort=name&order=asc HTTP/1.1" 200 2240
181.144.199.176 - - [15/Sep/2018:09:19:25 -0500] "GET /BLA/resoluciones/AUTOS%202015/2469.pdf HTTP/1.1" 200 664492
94.130.18.160 - - [15/Sep/2018:09:19:32 -0500] "GET /BLA/resoluciones/index.php?dir=RESOLUCIONES%202002/ANEXOS/&sort=size&order=desc HTTP/1.1" 200 2239
94.130.18.160 - - [15/Sep/2018:09:19:44 -0500] "GET /BLA/resoluciones/index.php?dir=RESOLUCIONES%202002/RES%202002%2001-50/&sort=date&order=desc HTTP/1.1" 200 12044
94.130.18.160 - - [15/Sep/2018:09:20:03 -0500] "GET /BLA/resoluciones/index.php?dir=RESOLUCIONES%202002/RES%202002%2001-50/&sort=name&order=asc HTTP/1.1" 200 12045
66.249.88.169 - - [15/Sep/2018:09:20:10 -0500] "GET /galeria/galeria/jquery.fancybox.css?v=2.1.5 HTTP/1.1" 200 4895
66.249.88.171 - - [15/Sep/2018:09:20:10 -0500] "GET /galeria/galeria/jquery.fancybox.js?v=2.1.5 HTTP/1.1" 200 48706
66.249.88.169 - - [15/Sep/2018:09:20:10 -0500] "GET /BLA/boletinlegal/js/jquery.scrollShow.js HTTP/1.1" 200 4586
94.130.18.160 - - [15/Sep/2018:09:20:11 -0500] "GET /BLA/resoluciones/index.php?dir=RESOLUCIONES%202002/RES%202002%2001-50/&sort=size&order=desc HTTP/1.1" 200 12044
94.130.18.160 - - [15/Sep/2018:09:20:23 -0500] "GET /BLA/resoluciones/index.php?dir=RESOLUCIONES%202002/RES%202002%201001-1050/&sort=date&order=desc HTTP/1.1" 200 12609
42.236.10.117 - - [15/Sep/2018:09:20:27 -0500] "GET /galeria/galeria/jquery.fancybox.css?v=2.1.5 HTTP/1.1" 200 4895
42.236.10.106 - - [15/Sep/2018:09:20:27 -0500] "GET /BLA/boletinlegal/js/jquery.scrollShow.js HTTP/1.1" 200 4586
42.236.10.124 - - [15/Sep/2018:09:20:27 -0500] "GET /galeria/carrusel/Carrusel/jquery.thumbnailScroller.css HTTP/1.1" 200 2066
42.236.10.117 - - [15/Sep/2018:09:20:29 -0500] "GET /galeria/galeria/jquery.fancybox.js?v=2.1.5 HTTP/1.1" 200 48706
94.130.18.160 - - [15/Sep/2018:09:20:31 -0500] "GET /BLA/resoluciones/index.php?dir=RESOLUCIONES%202002/RES%202002%201001-1050/&sort=name&order=asc HTTP/1.1" 200 12610
94.130.18.160 - - [15/Sep/2018:09:20:39 -0500] "GET /BLA/resoluciones/index.php?dir=RESOLUCIONES%202002/RES%202002%201001-1050/&sort=size&order=desc HTTP/1.1" 200 12609
94.130.18.160 - - [15/Sep/2018:09:20:55 -0500] "GET /BLA/resoluciones/index.php?dir=RESOLUCIONES%202002/RES%202002%20101-150/&sort=date&order=desc HTTP/1.1" 200 12338
94.130.18.160 - - [15/Sep/2018:09:21:10 -0500] "GET /BLA/resoluciones/index.php?dir=RESOLUCIONES%202002/RES%202002%20101-150/&sort=name&order=asc HTTP/1.1" 200 12339
94.130.18.160 - - [15/Sep/2018:09:21:19 -0500] "GET /BLA/resoluciones/index.php?dir=RESOLUCIONES%202002/RES%202002%20101-150/&sort=size&order=desc HTTP/1.1" 200 12338
181.131.231.81 - - [15/Sep/2018:09:21:20 -0500] "GET /galeria/carrusel/Carrusel/jquery.thumbnailScroller.css HTTP/1.1" 200 2066
181.49.188.11 - - [15/Sep/2018:09:21:26 -0500] "GET /galeria/galeria/jquery.fancybox.css?v=2.1.5 HTTP/1.1" 200 4895
181.49.188.11 - - [15/Sep/2018:09:21:26 -0500] "GET /galeria/galeria/jquery.fancybox.js?v=2.1.5 HTTP/1.1" 200 48706
181.49.188.11 - - [15/Sep/2018:09:21:26 -0500] "GET /BLA/boletinlegal/js/jquery.scrollShow.js HTTP/1.1" 200 4586
94.130.18.160 - - [15/Sep/2018:09:21:28 -0500] "GET /BLA/resoluciones/index.php?dir=RESOLUCIONES%202002/RES%202002%201051-1100/&sort=date&order=desc HTTP/1.1" 200 12142
66.249.88.173 - - [15/Sep/2018:09:21:29 -0500] "GET /galeria/galeria/fotos/Humedal-Santa-Mar%C3%ADa-del-Lago1G.jpg HTTP/1.1" 200 290867
201.245.192.253 - - [15/Sep/2018:09:20:57 -0500] "POST /kwsrmcab/Wsrmcab HTTP/1.1" 200 23816
69.162.124.232 - - [15/Sep/2018:09:21:35 -0500] "HEAD / HTTP/1.1" 200 -
66.249.88.169 - - [15/Sep/2018:09:21:36 -0500] "GET /galeria/galeria/jquery.fancybox.css?v=2.1.5 HTTP/1.1" 200 4895
66.249.88.169 - - [15/Sep/2018:09:21:36 -0500] "GET /BLA/boletinlegal/js/jquery.scrollShow.js HTTP/1.1" 200 4586
66.249.88.171 - - [15/Sep/2018:09:21:36 -0500] "GET /galeria/galeria/jquery.fancybox.js?v=2.1.5 HTTP/1.1" 200 48706
94.130.18.160 - - [15/Sep/2018:09:21:38 -0500] "GET /BLA/resoluciones/index.php?dir=RESOLUCIONES%202002/RES%202002%201051-1100/&sort=name&order=asc HTTP/1.1" 200 12143
66.249.88.171 - - [15/Sep/2018:09:21:41 -0500] "GET /galeria/galeria/fotos/Humedal-Santa-Mar%C3%ADa-del-Lago3G.jpg HTTP/1.1" 200 271832
67.191.42.87 - - [15/Sep/2018:09:21:45 -0500] "GET /BLA/resoluciones/RESOLUCIONES%202012/0904.pdf HTTP/1.1" 200 309527
67.191.42.87 - - [15/Sep/2018:09:21:45 -0500] "GET /favicon.ico HTTP/1.1" 200 7782
190.26.206.214 - - [15/Sep/2018:09:21:52 -0500] "GET /galeria/galeria/fotos/Capellania1G.jpg HTTP/1.1" 200 373859
94.130.18.160 - - [15/Sep/2018:09:21:54 -0500] "GET /BLA/resoluciones/index.php?dir=RESOLUCIONES%202002/RES%202002%201051-1100/&sort=size&order=desc HTTP/1.1" 200 12142
66.249.88.171 - - [15/Sep/2018:09:21:57 -0500] "GET /galeria/galeria/fotos/Humedal-Santa-Mar%C3%ADa-del-Lago2G.jpg HTTP/1.1" 200 313606
94.130.18.160 - - [15/Sep/2018:09:22:02 -0500] "GET /BLA/resoluciones/index.php?dir=RESOLUCIONES%202002/RES%202002%201101-1150/&sort=date&order=desc HTTP/1.1" 200 12346
94.130.18.160 - - [15/Sep/2018:09:22:07 -0500] "GET /BLA/resoluciones/index.php?dir=RESOLUCIONES%202002/RES%202002%201101-1150/&sort=name&order=asc HTTP/1.1" 200 12347
94.130.18.160 - - [15/Sep/2018:09:22:19 -0500] "GET /BLA/resoluciones/index.php?dir=RESOLUCIONES%202002/RES%202002%201101-1150/&sort=size&order=desc HTTP/1.1" 200 12346
94.130.18.160 - - [15/Sep/2018:09:22:27 -0500] "GET /BLA/resoluciones/index.php?dir=RESOLUCIONES%202002/RES%202002%201151-1200/&sort=date&order=desc HTTP/1.1" 200 12143
94.130.18.160 - - [15/Sep/2018:09:22:36 -0500] "GET /BLA/resoluciones/index.php?dir=RESOLUCIONES%202002/RES%202002%201151-1200/&sort=name&order=asc HTTP/1.1" 200 12144
94.130.18.160 - - [15/Sep/2018:09:22:44 -0500] "GET /BLA/resoluciones/index.php?dir=RESOLUCIONES%202002/RES%202002%201151-1200/&sort=size&order=desc HTTP/1.1" 200 12143
94.130.18.160 - - [15/Sep/2018:09:23:01 -0500] "GET /robots.txt HTTP/1.1" 404 1018
94.130.18.160 - - [15/Sep/2018:09:23:01 -0500] "GET /BLA/resoluciones/index.php?dir=RESOLUCIONES%202002/RES%202002%201201-1250/&sort=date&order=desc HTTP/1.1" 200 12150
66.249.69.125 - - [15/Sep/2018:09:23:03 -0500] "GET / HTTP/1.1" 200 9990
94.130.18.160 - - [15/Sep/2018:09:23:08 -0500] "GET /BLA/resoluciones/index.php?dir=RESOLUCIONES%202002/RES%202002%201201-1250/&sort=name&order=asc HTTP/1.1" 200 12151
94.130.18.160 - - [15/Sep/2018:09:23:17 -0500] "GET /BLA/resoluciones/index.php?dir=RESOLUCIONES%202002/RES%202002%201201-1250/&sort=size&order=desc HTTP/1.1" 200 12150
192.168.175.104 - - [15/Sep/2018:09:23:23 -0500] "GET / HTTP/1.1" 200 9990
94.130.18.160 - - [15/Sep/2018:09:23:24 -0500] "GET /BLA/resoluciones/index.php?dir=RESOLUCIONES%202002/RES%202002%201251-1301/&sort=date&order=desc HTTP/1.1" 200 12147
190.240.156.155 - - [15/Sep/2018:09:23:29 -0500] "GET /galeria/galeria/fotos/Entrenube3G.jpg HTTP/1.1" 200 138221
190.240.156.155 - - [15/Sep/2018:09:23:30 -0500] "GET /galeria/galeria/fotos/Entrenube2G.jpg HTTP/1.1" 200 111422
94.130.18.160 - - [15/Sep/2018:09:23:34 -0500] "GET /BLA/resoluciones/index.php?dir=RESOLUCIONES%202002/RES%202002%201251-1301/&sort=name&order=asc HTTP/1.1" 200 12148
148.202.141.141 - - [15/Sep/2018:09:23:34 -0500] "GET /galeria/galeria/jquery.fancybox.js?v=2.1.5 HTTP/1.1" 200 48706
148.202.141.141 - - [15/Sep/2018:09:23:34 -0500] "GET /BLA/boletinlegal/js/jquery.scrollShow.js HTTP/1.1" 200 4586
148.202.141.141 - - [15/Sep/2018:09:23:34 -0500] "GET /galeria/galeria/jquery.fancybox.css?v=2.1.5 HTTP/1.1" 200 4895
66.249.88.169 - - [15/Sep/2018:09:23:38 -0500] "GET /galeria/galeria/jquery.fancybox.css?v=2.1.5 HTTP/1.1" 200 4895
66.249.88.171 - - [15/Sep/2018:09:23:38 -0500] "GET /BLA/boletinlegal/js/jquery.scrollShow.js HTTP/1.1" 200 4586
66.249.88.173 - - [15/Sep/2018:09:23:38 -0500] "GET /galeria/galeria/jquery.fancybox.js?v=2.1.5 HTTP/1.1" 200 48706
201.245.161.67 - - [15/Sep/2018:09:23:41 -0500] "GET /galeria/carrusel/Carrusel/jquery.thumbnailScroller.css HTTP/1.1" 200 2066
201.245.161.67 - - [15/Sep/2018:09:23:41 -0500] "GET /galeria/carrusel/Carrusel/jquery-ui-1.8.13.custom.min.js HTTP/1.1" 200 10800
201.245.161.67 - - [15/Sep/2018:09:23:41 -0500] "GET /galeria/carrusel/Carrusel/jquery.thumbnailScroller.js HTTP/1.1" 200 8157
201.245.161.67 - - [15/Sep/2018:09:23:41 -0500] "GET /galeria/nivo-slider/demo/demo.html HTTP/1.1" 200 16210
201.245.161.67 - - [15/Sep/2018:09:23:41 -0500] "GET /galeria/nivo-slider/themes/pascal/pascal.css HTTP/1.1" 200 2258
201.245.161.67 - - [15/Sep/2018:09:23:41 -0500] "GET /galeria/nivo-slider/themes/orman/orman.css HTTP/1.1" 200 2152
201.245.161.67 - - [15/Sep/2018:09:23:41 -0500] "GET /galeria/nivo-slider/themes/default/default.css HTTP/1.1" 200 1569
201.245.161.67 - - [15/Sep/2018:09:23:41 -0500] "GET /galeria/nivo-slider/nivo-slider.css HTTP/1.1" 200 1507
201.245.161.67 - - [15/Sep/2018:09:23:41 -0500] "GET /galeria/nivo-slider/jquery.nivo.slider.pack.js HTTP/1.1" 200 11561
201.245.161.67 - - [15/Sep/2018:09:23:41 -0500] "GET /galeria/nivo-slider/demo/style.css HTTP/1.1" 200 2222
201.245.161.67 - - [15/Sep/2018:09:23:41 -0500] "GET /galeria/nivo-slider/demo/scripts/jquery-1.7.1.min.js HTTP/1.1" 200 93868
201.245.161.67 - - [15/Sep/2018:09:23:41 -0500] "GET /galeria/nivo-slider/demo/images/Banner%206F.jpg HTTP/1.1" 200 242532
201.245.161.67 - - [15/Sep/2018:09:23:41 -0500] "GET /galeria/nivo-slider/demo/images/banner%20mono.jpg HTTP/1.1" 200 762506
201.245.161.67 - - [15/Sep/2018:09:23:42 -0500] "GET /galeria/nivo-slider/demo/images/BannerCaminatasSeptiembre.jpg HTTP/1.1" 200 303232
94.130.18.160 - - [15/Sep/2018:09:23:41 -0500] "GET /BLA/resoluciones/index.php?dir=RESOLUCIONES%202002/RES%202002%201251-1301/&sort=size&order=desc HTTP/1.1" 200 12147
201.245.161.67 - - [15/Sep/2018:09:23:42 -0500] "GET /galeria/nivo-slider/demo/images/banner%20restrepo.jpg HTTP/1.1" 200 316959
201.245.161.67 - - [15/Sep/2018:09:23:42 -0500] "GET /galeria/nivo-slider/demo/images/Banner%20Incentivos%20tributarios2.jpg HTTP/1.1" 200 200787
201.245.161.67 - - [15/Sep/2018:09:23:42 -0500] "GET /galeria/nivo-slider/demo/images/web%20ingreso%20humedales.png HTTP/1.1" 200 641193
201.245.161.67 - - [15/Sep/2018:09:23:43 -0500] "GET /galeria/nivo-slider/demo/images/gobierno%20digital-01.jpg HTTP/1.1" 200 116163
201.245.161.67 - - [15/Sep/2018:09:23:43 -0500] "GET /galeria/nivo-slider/demo/images/Otorgamiento-excelencia-ambiental-Jos%C3%A9-Celestino-Mutis-2.jpg HTTP/1.1" 200 276467
201.245.161.67 - - [15/Sep/2018:09:23:43 -0500] "GET /galeria/nivo-slider/demo/images/Banner_micrositio.png HTTP/1.1" 200 146950
201.245.161.67 - - [15/Sep/2018:09:23:43 -0500] "GET /galeria/nivo-slider/demo/images/avances-sentencias-rio-bogota-2.jpg HTTP/1.1" 200 304916
201.245.161.67 - - [15/Sep/2018:09:23:43 -0500] "GET /galeria/nivo-slider/demo/images/BANNER%20VAN%20DER%20HAMMEN.jpg HTTP/1.1" 200 64172
201.245.161.67 - - [15/Sep/2018:09:23:44 -0500] "GET /galeria/nivo-slider/demo/images/banner-humedales-de-bogota.jpg HTTP/1.1" 200 292611
201.245.161.67 - - [15/Sep/2018:09:23:44 -0500] "GET /galeria/nivo-slider/demo/images/maximavelocidad.png HTTP/1.1" 200 880272
201.245.161.67 - - [15/Sep/2018:09:23:44 -0500] "GET /galeria/nivo-slider/demo/images/banner%20aceite%20vegetal%20usado.jpg HTTP/1.1" 200 169350
192.168.175.104 - - [15/Sep/2018:09:23:47 -0500] "GET / HTTP/1.0" 200 9990
181.115.130.64 - - [15/Sep/2018:09:23:47 -0500] "GET /galeria/galeria/jquery.fancybox.css?v=2.1.5 HTTP/1.1" 200 4895
181.115.130.64 - - [15/Sep/2018:09:23:47 -0500] "GET /BLA/boletinlegal/js/jquery.scrollShow.js HTTP/1.1" 200 4586
181.115.130.64 - - [15/Sep/2018:09:23:48 -0500] "GET /galeria/galeria/jquery.fancybox.js?v=2.1.5 HTTP/1.1" 200 48706
94.130.18.160 - - [15/Sep/2018:09:23:49 -0500] "GET /BLA/resoluciones/index.php?dir=RESOLUCIONES%202002/RES%202002%201301-1350/&sort=date&order=desc HTTP/1.1" 200 12141
177.252.251.87 - - [15/Sep/2018:09:23:54 -0500] "GET /BLA/boletinlegal/js/jquery.scrollShow.js HTTP/1.1" 200 4586
177.252.251.87 - - [15/Sep/2018:09:23:54 -0500] "GET /galeria/galeria/jquery.fancybox.js?v=2.1.5 HTTP/1.1" 200 48706
177.252.251.87 - - [15/Sep/2018:09:23:54 -0500] "GET /galeria/galeria/jquery.fancybox.css?v=2.1.5 HTTP/1.1" 200 4895
94.130.18.160 - - [15/Sep/2018:09:23:55 -0500] "GET /BLA/resoluciones/index.php?dir=RESOLUCIONES%202002/RES%202002%201301-1350/&sort=name&order=asc HTTP/1.1" 200 12142
181.115.130.64 - - [15/Sep/2018:09:24:01 -0500] "GET /BLA/boletinlegal/js/jquery.scrollShow.js HTTP/1.1" 304 -
181.115.130.64 - - [15/Sep/2018:09:24:01 -0500] "GET /galeria/galeria/jquery.fancybox.js?v=2.1.5 HTTP/1.1" 304 -
181.115.130.64 - - [15/Sep/2018:09:24:02 -0500] "GET /galeria/galeria/jquery.fancybox.css?v=2.1.5 HTTP/1.1" 304 -
94.130.18.160 - - [15/Sep/2018:09:24:04 -0500] "GET /BLA/resoluciones/index.php?dir=RESOLUCIONES%202002/RES%202002%201301-1350/&sort=size&order=desc HTTP/1.1" 200 12141
200.47.156.216 - - [15/Sep/2018:09:24:09 -0500] "GET /galeria/galeria/jquery.fancybox.css?v=2.1.5 HTTP/1.1" 200 4895
200.47.156.216 - - [15/Sep/2018:09:24:09 -0500] "GET /BLA/boletinlegal/js/jquery.scrollShow.js HTTP/1.1" 200 4586
200.47.156.216 - - [15/Sep/2018:09:24:09 -0500] "GET /galeria/galeria/jquery.fancybox.js?v=2.1.5 HTTP/1.1" 200 48706
94.130.18.160 - - [15/Sep/2018:09:24:12 -0500] "GET /BLA/resoluciones/index.php?dir=RESOLUCIONES%202002/RES%202002%201351-1400/&sort=date&order=desc HTTP/1.1" 200 12140
94.130.18.160 - - [15/Sep/2018:09:24:18 -0500] "GET /BLA/resoluciones/index.php?dir=RESOLUCIONES%202002/RES%202002%201351-1400/&sort=name&order=asc HTTP/1.1" 200 12141
192.168.175.104 - - [15/Sep/2018:09:24:20 -0500] "GET / HTTP/1.1" 200 9990
94.130.18.160 - - [15/Sep/2018:09:24:26 -0500] "GET /BLA/resoluciones/index.php?dir=RESOLUCIONES%202002/RES%202002%201351-1400/&sort=size&order=desc HTTP/1.1" 200 12140
186.85.187.200 - - [15/Sep/2018:09:24:33 -0500] "GET /BLA/boletinlegal/js/jquery.scrollShow.js HTTP/1.1" 200 4586
186.85.187.200 - - [15/Sep/2018:09:24:33 -0500] "GET /galeria/galeria/jquery.fancybox.js?v=2.1.5 HTTP/1.1" 200 48706
186.85.187.200 - - [15/Sep/2018:09:24:33 -0500] "GET /galeria/galeria/jquery.fancybox.css?v=2.1.5 HTTP/1.1" 200 4895
186.85.187.200 - - [15/Sep/2018:09:24:33 -0500] "GET /galeria/carrusel/Carrusel/jquery.thumbnailScroller.css HTTP/1.1" 200 2066
94.130.18.160 - - [15/Sep/2018:09:24:34 -0500] "GET /BLA/resoluciones/index.php?dir=RESOLUCIONES%202002/RES%202002%201401-1450/&sort=date&order=desc HTTP/1.1" 200 12161
94.130.18.160 - - [15/Sep/2018:09:24:47 -0500] "GET /BLA/resoluciones/index.php?dir=RESOLUCIONES%202002/RES%202002%201401-1450/&sort=name&order=asc HTTP/1.1" 200 12162
177.252.251.87 - - [15/Sep/2018:09:24:57 -0500] "GET /BLA/boletinlegal/js/jquery.scrollShow.js HTTP/1.1" 304 -
177.252.251.87 - - [15/Sep/2018:09:24:57 -0500] "GET /galeria/galeria/jquery.fancybox.css?v=2.1.5 HTTP/1.1" 304 -
177.252.251.87 - - [15/Sep/2018:09:24:57 -0500] "GET /galeria/galeria/jquery.fancybox.js?v=2.1.5 HTTP/1.1" 304 -
186.85.187.200 - - [15/Sep/2018:09:25:01 -0500] "GET /galeria/carrusel/Carrusel/jquery-ui-1.8.13.custom.min.js HTTP/1.1" 200 10800
186.85.187.200 - - [15/Sep/2018:09:25:01 -0500] "GET /galeria/carrusel/Carrusel/jquery.thumbnailScroller.js HTTP/1.1" 200 8157
186.85.187.200 - - [15/Sep/2018:09:25:01 -0500] "GET /galeria/nivo-slider/demo/demo.html HTTP/1.1" 200 16210
186.85.187.200 - - [15/Sep/2018:09:25:02 -0500] "GET /galeria/nivo-slider/themes/default/default.css HTTP/1.1" 200 1569
186.85.187.200 - - [15/Sep/2018:09:25:02 -0500] "GET /galeria/nivo-slider/themes/pascal/pascal.css HTTP/1.1" 200 2258
186.85.187.200 - - [15/Sep/2018:09:25:02 -0500] "GET /galeria/nivo-slider/themes/orman/orman.css HTTP/1.1" 200 2152
186.85.187.200 - - [15/Sep/2018:09:25:02 -0500] "GET /galeria/nivo-slider/nivo-slider.css HTTP/1.1" 200 1507
186.85.187.200 - - [15/Sep/2018:09:25:02 -0500] "GET /galeria/nivo-slider/demo/style.css HTTP/1.1" 200 2222
186.85.187.200 - - [15/Sep/2018:09:25:02 -0500] "GET /galeria/nivo-slider/demo/images/BannerCaminatasSeptiembre.jpg HTTP/1.1" 200 303232
186.116.27.68 - - [15/Sep/2018:09:25:02 -0500] "GET /galeria/galeria/jquery.fancybox.css?v=2.1.5 HTTP/1.1" 200 4895
186.116.27.68 - - [15/Sep/2018:09:25:02 -0500] "GET /BLA/boletinlegal/js/jquery.scrollShow.js HTTP/1.1" 200 4586
186.116.27.68 - - [15/Sep/2018:09:25:02 -0500] "GET /galeria/galeria/jquery.fancybox.js?v=2.1.5 HTTP/1.1" 200 48706
186.85.187.200 - - [15/Sep/2018:09:25:02 -0500] "GET /galeria/nivo-slider/demo/images/banner%20mono.jpg HTTP/1.1" 200 762506
186.85.187.200 - - [15/Sep/2018:09:25:02 -0500] "GET /galeria/nivo-slider/demo/scripts/jquery-1.7.1.min.js HTTP/1.1" 200 93868
186.85.187.200 - - [15/Sep/2018:09:25:02 -0500] "GET /galeria/nivo-slider/demo/images/Banner%20Incentivos%20tributarios2.jpg HTTP/1.1" 200 200787
186.85.187.200 - - [15/Sep/2018:09:25:02 -0500] "GET /galeria/nivo-slider/demo/images/banner-humedales-de-bogota.jpg HTTP/1.1" 200 292611
186.85.187.200 - - [15/Sep/2018:09:25:02 -0500] "GET /galeria/nivo-slider/demo/images/banner-bolsas-plasticas.jpg HTTP/1.1" 200 317939
186.85.187.200 - - [15/Sep/2018:09:25:04 -0500] "GET /galeria/nivo-slider/demo/images/banner%20restrepo.jpg HTTP/1.1" 200 316959
186.85.187.200 - - [15/Sep/2018:09:25:04 -0500] "GET /galeria/nivo-slider/demo/images/bannerlumina2017web.jpg HTTP/1.1" 200 198918
186.85.187.200 - - [15/Sep/2018:09:25:04 -0500] "GET /galeria/nivo-slider/demo/images/Banner_micrositio.png HTTP/1.1" 200 146950
186.85.187.200 - - [15/Sep/2018:09:25:05 -0500] "GET /galeria/nivo-slider/demo/images/banner%20aceite%20vegetal%20usado.jpg HTTP/1.1" 200 169350
186.85.187.200 - - [15/Sep/2018:09:25:05 -0500] "GET /galeria/nivo-slider/demo/images/gobierno%20digital-01.jpg HTTP/1.1" 200 116163
181.49.188.10 - - [15/Sep/2018:09:25:05 -0500] "GET /galeria/galeria/jquery.fancybox.css?v=2.1.5 HTTP/1.1" 200 4895
181.49.188.10 - - [15/Sep/2018:09:25:05 -0500] "GET /galeria/galeria/jquery.fancybox.js?v=2.1.5 HTTP/1.1" 200 48706
181.49.188.10 - - [15/Sep/2018:09:25:05 -0500] "GET /BLA/boletinlegal/js/jquery.scrollShow.js HTTP/1.1" 200 4586
186.85.187.200 - - [15/Sep/2018:09:25:06 -0500] "GET /galeria/nivo-slider/demo/images/maximavelocidad.png HTTP/1.1" 200 880272
186.85.187.200 - - [15/Sep/2018:09:25:06 -0500] "GET /galeria/nivo-slider/demo/images/BANNER%20VAN%20DER%20HAMMEN.jpg HTTP/1.1" 200 64172
186.85.187.200 - - [15/Sep/2018:09:25:06 -0500] "GET /galeria/nivo-slider/demo/images/web%20ingreso%20humedales.png HTTP/1.1" 200 641193
186.85.187.200 - - [15/Sep/2018:09:25:06 -0500] "GET /galeria/nivo-slider/demo/images/Otorgamiento-excelencia-ambiental-Jos%C3%A9-Celestino-Mutis-2.jpg HTTP/1.1" 200 276467
186.85.187.200 - - [15/Sep/2018:09:25:06 -0500] "GET /galeria/nivo-slider/demo/images/Banner%206F.jpg HTTP/1.1" 200 242532
186.85.187.200 - - [15/Sep/2018:09:25:06 -0500] "GET /galeria/nivo-slider/demo/images/avances-sentencias-rio-bogota-2.jpg HTTP/1.1" 200 304916
94.130.18.160 - - [15/Sep/2018:09:25:06 -0500] "GET /BLA/resoluciones/index.php?dir=RESOLUCIONES%202002/RES%202002%201401-1450/&sort=size&order=desc HTTP/1.1" 200 12161
186.85.187.200 - - [15/Sep/2018:09:25:07 -0500] "GET /galeria/nivo-slider/demo/images/4Simple_Slider.png HTTP/1.1" 200 11722
186.85.187.200 - - [15/Sep/2018:09:25:07 -0500] "GET /galeria/nivo-slider/themes/default/loading.gif HTTP/1.1" 200 1737
186.85.187.200 - - [15/Sep/2018:09:25:08 -0500] "GET /galeria/nivo-slider/jquery.nivo.slider.pack.js HTTP/1.1" 200 11561
186.85.187.200 - - [15/Sep/2018:09:25:11 -0500] "GET /galeria/nivo-slider/themes/default/arrows.png HTTP/1.1" 200 824
186.85.187.200 - - [15/Sep/2018:09:25:11 -0500] "GET /galeria/nivo-slider/themes/default/bullets.png HTTP/1.1" 200 1281
186.116.27.68 - - [15/Sep/2018:09:25:11 -0500] "GET /BLA/boletinlegal/js/jquery.scrollShow.js HTTP/1.1" 304 -
186.116.27.68 - - [15/Sep/2018:09:25:11 -0500] "GET /galeria/galeria/jquery.fancybox.js?v=2.1.5 HTTP/1.1" 304 -
186.116.27.68 - - [15/Sep/2018:09:25:11 -0500] "GET /galeria/galeria/jquery.fancybox.css?v=2.1.5 HTTP/1.1" 304 -
94.130.18.160 - - [15/Sep/2018:09:25:14 -0500] "GET /BLA/resoluciones/index.php?dir=RESOLUCIONES%202002/RES%202002%201451-1500/&sort=date&order=desc HTTP/1.1" 200 12145
94.130.18.160 - - [15/Sep/2018:09:25:20 -0500] "GET /BLA/resoluciones/index.php?dir=RESOLUCIONES%202002/RES%202002%201451-1500/&sort=name&order=asc HTTP/1.1" 200 12146
190.70.153.136 - - [15/Sep/2018:09:25:22 -0500] "GET /galeria/nivo-slider/demo/images/maximavelocidad.png HTTP/1.1" 200 880272
190.70.153.136 - - [15/Sep/2018:09:25:22 -0500] "GET /galeria/nivo-slider/demo/images/banner-bolsas-plasticas.jpg HTTP/1.1" 200 317939
190.70.153.136 - - [15/Sep/2018:09:25:22 -0500] "GET /galeria/nivo-slider/demo/images/banner%20mono.jpg HTTP/1.1" 200 762506
94.130.18.160 - - [15/Sep/2018:09:25:28 -0500] "GET /BLA/resoluciones/index.php?dir=RESOLUCIONES%202002/RES%202002%201451-1500/&sort=size&order=desc HTTP/1.1" 200 12145
94.130.18.160 - - [15/Sep/2018:09:25:34 -0500] "GET /BLA/resoluciones/index.php?dir=RESOLUCIONES%202002/RES%202002%201501-1550/&sort=date&order=desc HTTP/1.1" 200 12146
186.83.84.113 - - [15/Sep/2018:09:25:38 -0500] "GET /galeria/galeria/jquery.fancybox.js?v=2.1.5 HTTP/1.1" 200 48706
186.83.84.113 - - [15/Sep/2018:09:25:38 -0500] "GET /galeria/galeria/jquery.fancybox.css?v=2.1.5 HTTP/1.1" 200 4895
186.83.84.113 - - [15/Sep/2018:09:25:38 -0500] "GET /galeria/galeria/fotos/mirador1P.jpg HTTP/1.1" 200 11433
186.83.84.113 - - [15/Sep/2018:09:25:38 -0500] "GET /galeria/galeria/fotos/mirador2P.jpg HTTP/1.1" 200 10111
186.83.84.113 - - [15/Sep/2018:09:25:39 -0500] "GET /galeria/galeria/fotos/mirador3P.jpg HTTP/1.1" 200 9765
186.83.84.113 - - [15/Sep/2018:09:25:39 -0500] "GET /galeria/galeria/fotos/mirador4P.jpg HTTP/1.1" 200 11757
94.130.18.160 - - [15/Sep/2018:09:25:42 -0500] "GET /BLA/resoluciones/index.php?dir=RESOLUCIONES%202002/RES%202002%201501-1550/&sort=name&order=asc HTTP/1.1" 200 12147
40.77.167.72 - - [15/Sep/2018:09:25:52 -0500] "GET /autoliquidacion HTTP/1.1" 301 310
40.77.167.72 - - [15/Sep/2018:09:25:52 -0500] "GET /autoliquidacion/ HTTP/1.1" 200 6377
94.130.18.160 - - [15/Sep/2018:09:25:54 -0500] "GET /BLA/resoluciones/index.php?dir=RESOLUCIONES%202002/RES%202002%201501-1550/&sort=size&order=desc HTTP/1.1" 200 12146
94.130.18.160 - - [15/Sep/2018:09:26:01 -0500] "GET /BLA/resoluciones/index.php?dir=RESOLUCIONES%202002/RES%202002%20151-200/&sort=date&order=desc HTTP/1.1" 200 12328
94.130.18.160 - - [15/Sep/2018:09:26:08 -0500] "GET /BLA/resoluciones/index.php?dir=RESOLUCIONES%202002/RES%202002%20151-200/&sort=name&order=asc HTTP/1.1" 200 12329
94.130.18.160 - - [15/Sep/2018:09:26:15 -0500] "GET /BLA/resoluciones/index.php?dir=RESOLUCIONES%202002/RES%202002%20151-200/&sort=size&order=desc HTTP/1.1" 200 12328
190.144.20.125 - - [15/Sep/2018:09:26:22 -0500] "GET /dama/libreria/jpg/sec_amb.jpg HTTP/1.1" 404 1019
94.130.18.160 - - [15/Sep/2018:09:26:21 -0500] "GET /BLA/resoluciones/index.php?dir=RESOLUCIONES%202002/RES%202002%201551-1600/&sort=date&order=desc HTTP/1.1" 200 12154
190.144.20.125 - - [15/Sep/2018:09:26:22 -0500] "GET /dama/libreria/jpg/sec_amb.jpg HTTP/1.1" 404 1019
94.130.18.160 - - [15/Sep/2018:09:26:26 -0500] "GET /BLA/resoluciones/index.php?dir=RESOLUCIONES%202002/RES%202002%201551-1600/&sort=name&order=asc HTTP/1.1" 200 12155
190.144.20.125 - - [15/Sep/2018:09:26:34 -0500] "GET /dama/libreria/jpg/sec_amb.jpg HTTP/1.1" 404 1019
190.144.20.125 - - [15/Sep/2018:09:26:35 -0500] "GET /dama/libreria/jpg/sec_amb.jpg HTTP/1.1" 404 1019
190.144.20.125 - - [15/Sep/2018:09:26:35 -0500] "GET /dama/libreria/jpg/sec_amb.jpg HTTP/1.1" 404 1019
190.144.20.125 - - [15/Sep/2018:09:26:35 -0500] "GET /dama/libreria/jpg/sec_amb.jpg HTTP/1.1" 404 1019
69.162.124.232 - - [15/Sep/2018:09:26:35 -0500] "HEAD / HTTP/1.1" 200 -
66.249.69.71 - - [15/Sep/2018:09:26:36 -0500] "GET /PruebasSTORM/StormSDA_pruebas/userFiles/user_files/listas/173.xml HTTP/1.1" 200 619
94.130.18.160 - - [15/Sep/2018:09:27:03 -0500] "GET /BLA/resoluciones/index.php?dir=RESOLUCIONES%202002/RES%202002%201551-1600/&sort=size&order=desc HTTP/1.1" 200 12154
94.130.18.160 - - [15/Sep/2018:09:27:09 -0500] "GET /BLA/resoluciones/index.php?dir=RESOLUCIONES%202002/RES%202002%201601-1650/&sort=date&order=desc HTTP/1.1" 200 12157
181.60.76.158 - - [15/Sep/2018:09:27:26 -0500] "GET /BLA/boletinlegal/js/jquery.scrollShow.js HTTP/1.1" 200 4586
181.60.76.158 - - [15/Sep/2018:09:27:26 -0500] "GET /galeria/galeria/jquery.fancybox.js?v=2.1.5 HTTP/1.1" 200 48706
181.60.76.158 - - [15/Sep/2018:09:27:26 -0500] "GET /galeria/galeria/jquery.fancybox.css?v=2.1.5 HTTP/1.1" 200 4895
94.130.18.160 - - [15/Sep/2018:09:27:26 -0500] "GET /BLA/resoluciones/index.php?dir=RESOLUCIONES%202002/RES%202002%201601-1650/&sort=name&order=asc HTTP/1.1" 200 12158
94.130.18.160 - - [15/Sep/2018:09:27:32 -0500] "GET /BLA/resoluciones/index.php?dir=RESOLUCIONES%202002/RES%202002%201601-1650/&sort=size&order=desc HTTP/1.1" 200 12157
94.130.18.160 - - [15/Sep/2018:09:27:50 -0500] "GET /BLA/resoluciones/index.php?dir=RESOLUCIONES%202002/RES%202002%201651-1700/&sort=date&order=desc HTTP/1.1" 200 12154
181.63.103.55 - - [15/Sep/2018:09:27:56 -0500] "GET /galeria/galeria/jquery.fancybox.css?v=2.1.5 HTTP/1.1" 200 4895
181.63.103.55 - - [15/Sep/2018:09:27:56 -0500] "GET /BLA/boletinlegal/js/jquery.scrollShow.js HTTP/1.1" 200 4586
181.63.103.55 - - [15/Sep/2018:09:27:56 -0500] "GET /galeria/galeria/jquery.fancybox.js?v=2.1.5 HTTP/1.1" 200 48706
94.130.18.160 - - [15/Sep/2018:09:28:04 -0500] "GET /BLA/resoluciones/index.php?dir=RESOLUCIONES%202002/RES%202002%201651-1700/&sort=name&order=asc HTTP/1.1" 200 12155
192.168.175.104 - - [15/Sep/2018:09:28:21 -0500] "GET / HTTP/1.1" 200 9990
94.130.18.160 - - [15/Sep/2018:09:28:23 -0500] "GET /BLA/resoluciones/index.php?dir=RESOLUCIONES%202002/RES%202002%201651-1700/&sort=size&order=desc HTTP/1.1" 200 12154
200.14.238.173 - - [15/Sep/2018:09:28:28 -0500] "GET /galeria/galeria/jquery.fancybox.css?v=2.1.5 HTTP/1.1" 200 4895
200.14.238.173 - - [15/Sep/2018:09:28:28 -0500] "GET /BLA/boletinlegal/js/jquery.scrollShow.js HTTP/1.1" 200 4586
200.14.238.173 - - [15/Sep/2018:09:28:28 -0500] "GET /galeria/galeria/jquery.fancybox.js?v=2.1.5 HTTP/1.1" 200 48706
94.130.18.160 - - [15/Sep/2018:09:28:31 -0500] "GET /BLA/resoluciones/index.php?dir=RESOLUCIONES%202002/RES%202002%201701-1750/&sort=date&order=desc HTTP/1.1" 200 12140
201.244.128.79 - - [15/Sep/2018:09:28:38 -0500] "GET /BLA/boletinlegal/js/jquery.scrollShow.js HTTP/1.1" 200 4586
201.244.128.79 - - [15/Sep/2018:09:28:38 -0500] "GET /galeria/galeria/jquery.fancybox.css?v=2.1.5 HTTP/1.1" 200 4895
201.244.128.79 - - [15/Sep/2018:09:28:38 -0500] "GET /galeria/galeria/jquery.fancybox.js?v=2.1.5 HTTP/1.1" 200 48706
181.54.156.245 - - [15/Sep/2018:09:28:43 -0500] "GET /galeria/galeria/jquery.fancybox.css?v=2.1.5 HTTP/1.1" 200 4895
181.54.156.245 - - [15/Sep/2018:09:28:43 -0500] "GET /galeria/galeria/jquery.fancybox.js?v=2.1.5 HTTP/1.1" 200 48706
181.54.156.245 - - [15/Sep/2018:09:28:43 -0500] "GET /BLA/boletinlegal/js/jquery.scrollShow.js HTTP/1.1" 200 4586
192.168.175.104 - - [15/Sep/2018:09:28:45 -0500] "GET / HTTP/1.0" 200 9990
66.249.69.236 - - [15/Sep/2018:09:28:45 -0500] "GET /BLA/resoluciones/Notificaciones/AUTOS%202014/5343.doc HTTP/1.1" 200 118784
94.130.18.160 - - [15/Sep/2018:09:28:49 -0500] "GET /BLA/resoluciones/index.php?dir=RESOLUCIONES%202002/RES%202002%201701-1750/&sort=name&order=asc HTTP/1.1" 200 12141
181.56.80.244 - - [15/Sep/2018:09:28:54 -0500] "GET /galeria/galeria/jquery.fancybox.js?v=2.1.5 HTTP/1.1" 200 48706
181.56.80.244 - - [15/Sep/2018:09:28:54 -0500] "GET /BLA/boletinlegal/js/jquery.scrollShow.js HTTP/1.1" 200 4586
181.56.80.244 - - [15/Sep/2018:09:28:54 -0500] "GET /galeria/galeria/jquery.fancybox.css?v=2.1.5 HTTP/1.1" 200 4895
200.69.103.254 - - [15/Sep/2018:09:28:57 -0500] "GET /galeria/galeria/jquery.fancybox.css?v=2.1.5 HTTP/1.1" 200 4895
200.69.103.254 - - [15/Sep/2018:09:28:57 -0500] "GET /BLA/boletinlegal/js/jquery.scrollShow.js HTTP/1.1" 200 4586
181.56.80.244 - - [15/Sep/2018:09:28:57 -0500] "GET /galeria/carrusel/Carrusel/jquery.thumbnailScroller.css HTTP/1.1" 200 2066
94.130.18.160 - - [15/Sep/2018:09:28:57 -0500] "GET /BLA/resoluciones/index.php?dir=RESOLUCIONES%202002/RES%202002%201701-1750/&sort=size&order=desc HTTP/1.1" 200 12140
181.56.80.244 - - [15/Sep/2018:09:28:58 -0500] "GET /galeria/carrusel/Carrusel/jquery-ui-1.8.13.custom.min.js HTTP/1.1" 200 10800
181.56.80.244 - - [15/Sep/2018:09:28:58 -0500] "GET /galeria/carrusel/Carrusel/jquery.thumbnailScroller.js HTTP/1.1" 200 8157
181.56.80.244 - - [15/Sep/2018:09:28:58 -0500] "GET /galeria/nivo-slider/demo/demo.html HTTP/1.1" 200 16210
181.56.80.244 - - [15/Sep/2018:09:28:59 -0500] "GET /galeria/nivo-slider/themes/default/default.css HTTP/1.1" 200 1569
181.56.80.244 - - [15/Sep/2018:09:28:59 -0500] "GET /galeria/nivo-slider/themes/orman/orman.css HTTP/1.1" 200 2152
181.56.80.244 - - [15/Sep/2018:09:28:59 -0500] "GET /galeria/nivo-slider/themes/pascal/pascal.css HTTP/1.1" 200 2258
181.56.80.244 - - [15/Sep/2018:09:28:59 -0500] "GET /galeria/nivo-slider/demo/style.css HTTP/1.1" 200 2222
181.56.80.244 - - [15/Sep/2018:09:28:59 -0500] "GET /galeria/nivo-slider/nivo-slider.css HTTP/1.1" 200 1507
181.56.80.244 - - [15/Sep/2018:09:28:59 -0500] "GET /galeria/nivo-slider/demo/scripts/jquery-1.7.1.min.js HTTP/1.1" 200 93868
181.56.80.244 - - [15/Sep/2018:09:28:59 -0500] "GET /galeria/nivo-slider/demo/images/BannerCaminatasSeptiembre.jpg HTTP/1.1" 200 303232
181.56.80.244 - - [15/Sep/2018:09:28:59 -0500] "GET /galeria/nivo-slider/jquery.nivo.slider.pack.js HTTP/1.1" 200 11561
181.56.80.244 - - [15/Sep/2018:09:28:59 -0500] "GET /galeria/nivo-slider/demo/images/banner%20mono.jpg HTTP/1.1" 200 762506
181.56.80.244 - - [15/Sep/2018:09:28:59 -0500] "GET /galeria/nivo-slider/demo/images/Banner%206F.jpg HTTP/1.1" 200 242532
181.56.80.244 - - [15/Sep/2018:09:28:59 -0500] "GET /galeria/nivo-slider/demo/images/banner%20restrepo.jpg HTTP/1.1" 200 316959
181.56.80.244 - - [15/Sep/2018:09:28:59 -0500] "GET /galeria/nivo-slider/demo/images/Banner%20Incentivos%20tributarios2.jpg HTTP/1.1" 200 200787
181.56.80.244 - - [15/Sep/2018:09:28:59 -0500] "GET /galeria/nivo-slider/demo/images/4Simple_Slider.png HTTP/1.1" 200 11722
181.56.80.244 - - [15/Sep/2018:09:29:00 -0500] "GET /galeria/nivo-slider/themes/default/loading.gif HTTP/1.1" 200 1737
181.56.80.244 - - [15/Sep/2018:09:29:00 -0500] "GET /galeria/nivo-slider/demo/images/web%20ingreso%20humedales.png HTTP/1.1" 200 641193
181.56.80.244 - - [15/Sep/2018:09:29:00 -0500] "GET /galeria/nivo-slider/demo/images/Otorgamiento-excelencia-ambiental-Jos%C3%A9-Celestino-Mutis-2.jpg HTTP/1.1" 200 276467
181.56.80.244 - - [15/Sep/2018:09:29:00 -0500] "GET /galeria/nivo-slider/demo/images/gobierno%20digital-01.jpg HTTP/1.1" 200 116163
181.56.80.244 - - [15/Sep/2018:09:29:00 -0500] "GET /galeria/nivo-slider/demo/images/Banner_micrositio.png HTTP/1.1" 200 146950
181.56.80.244 - - [15/Sep/2018:09:29:00 -0500] "GET /galeria/nivo-slider/demo/images/avances-sentencias-rio-bogota-2.jpg HTTP/1.1" 200 304916
181.56.80.244 - - [15/Sep/2018:09:29:01 -0500] "GET /galeria/nivo-slider/demo/images/BANNER%20VAN%20DER%20HAMMEN.jpg HTTP/1.1" 200 64172
181.56.80.244 - - [15/Sep/2018:09:29:01 -0500] "GET /galeria/nivo-slider/demo/images/banner-humedales-de-bogota.jpg HTTP/1.1" 200 292611
181.56.80.244 - - [15/Sep/2018:09:29:01 -0500] "GET /galeria/nivo-slider/demo/images/maximavelocidad.png HTTP/1.1" 200 880272
181.56.80.244 - - [15/Sep/2018:09:29:02 -0500] "GET /galeria/nivo-slider/demo/images/banner%20aceite%20vegetal%20usado.jpg HTTP/1.1" 200 169350
181.56.80.244 - - [15/Sep/2018:09:29:02 -0500] "GET /galeria/nivo-slider/demo/images/bannerlumina2017web.jpg HTTP/1.1" 200 198918
181.56.80.244 - - [15/Sep/2018:09:29:02 -0500] "GET /galeria/nivo-slider/demo/images/banner-bolsas-plasticas.jpg HTTP/1.1" 200 317939
181.56.80.244 - - [15/Sep/2018:09:29:03 -0500] "GET /galeria/nivo-slider/themes/default/arrows.png HTTP/1.1" 200 824
181.56.80.244 - - [15/Sep/2018:09:29:03 -0500] "GET /galeria/nivo-slider/themes/default/bullets.png HTTP/1.1" 200 1281
201.244.128.79 - - [15/Sep/2018:09:29:04 -0500] "GET /BLA/boletinlegal/js/jquery.scrollShow.js HTTP/1.1" 304 -
201.244.128.79 - - [15/Sep/2018:09:29:04 -0500] "GET /galeria/galeria/jquery.fancybox.css?v=2.1.5 HTTP/1.1" 304 -
201.244.128.79 - - [15/Sep/2018:09:29:04 -0500] "GET /galeria/galeria/jquery.fancybox.js?v=2.1.5 HTTP/1.1" 304 -
94.130.18.160 - - [15/Sep/2018:09:29:15 -0500] "GET /BLA/resoluciones/index.php?dir=RESOLUCIONES%202002/RES%202002%201751-1800/&sort=date&order=desc HTTP/1.1" 200 12155
192.168.175.104 - - [15/Sep/2018:09:29:18 -0500] "GET / HTTP/1.1" 200 9990
94.130.18.160 - - [15/Sep/2018:09:29:22 -0500] "GET /BLA/resoluciones/index.php?dir=RESOLUCIONES%202002/RES%202002%201751-1800/&sort=name&order=asc HTTP/1.1" 200 12156
66.249.69.232 - - [15/Sep/2018:09:29:28 -0500] "GET /BLA/resoluciones/RESOLUCIONES%202015/2877.pdf HTTP/1.1" 200 685457
190.146.226.156 - - [15/Sep/2018:09:29:37 -0500] "GET /galeria/galeria/jquery.fancybox.css?v=2.1.5 HTTP/1.1" 200 4895
190.146.226.156 - - [15/Sep/2018:09:29:37 -0500] "GET /BLA/boletinlegal/js/jquery.scrollShow.js HTTP/1.1" 200 4586
190.146.226.156 - - [15/Sep/2018:09:29:37 -0500] "GET /galeria/galeria/jquery.fancybox.js?v=2.1.5 HTTP/1.1" 200 48706
94.130.18.160 - - [15/Sep/2018:09:29:41 -0500] "GET /BLA/resoluciones/index.php?dir=RESOLUCIONES%202002/RES%202002%201751-1800/&sort=size&order=desc HTTP/1.1" 200 12155
190.158.110.178 - - [15/Sep/2018:09:29:56 -0500] "GET /galeria/galeria/jquery.fancybox.css?v=2.1.5 HTTP/1.1" 200 4895
190.158.110.178 - - [15/Sep/2018:09:29:56 -0500] "GET /galeria/galeria/jquery.fancybox.js?v=2.1.5 HTTP/1.1" 200 48706
190.158.110.178 - - [15/Sep/2018:09:29:56 -0500] "GET /BLA/boletinlegal/js/jquery.scrollShow.js HTTP/1.1" 200 4586
94.130.18.160 - - [15/Sep/2018:09:29:59 -0500] "GET /BLA/resoluciones/index.php?dir=RESOLUCIONES%202002/RES%202002%201801-1850/&sort=date&order=desc HTTP/1.1" 200 12157
94.130.18.160 - - [15/Sep/2018:09:30:07 -0500] "GET /BLA/resoluciones/index.php?dir=RESOLUCIONES%202002/RES%202002%201801-1850/&sort=name&order=asc HTTP/1.1" 200 12158
94.130.18.160 - - [15/Sep/2018:09:30:26 -0500] "GET /BLA/resoluciones/index.php?dir=RESOLUCIONES%202002/RES%202002%201801-1850/&sort=size&order=desc HTTP/1.1" 200 12157
94.130.18.160 - - [15/Sep/2018:09:30:34 -0500] "GET /BLA/resoluciones/index.php?dir=RESOLUCIONES%202002/RES%202002%201851-1900/&sort=date&order=desc HTTP/1.1" 200 12149
94.130.18.160 - - [15/Sep/2018:09:30:51 -0500] "GET /BLA/resoluciones/index.php?dir=RESOLUCIONES%202002/RES%202002%201851-1900/&sort=name&order=asc HTTP/1.1" 200 12150
66.249.69.234 - - [15/Sep/2018:09:30:54 -0500] "GET /BLA/resoluciones/RESOLUCIONES%202007/RES%202007%202101%20AL%202200/RESOLUCION%202152%20DE%202007.pdf HTTP/1.1" 304 -
92.185.243.10 - - [15/Sep/2018:09:30:54 -0500] "GET /galeria/galeria/jquery.fancybox.css?v=2.1.5 HTTP/1.1" 200 4895
92.185.243.10 - - [15/Sep/2018:09:30:54 -0500] "GET /BLA/boletinlegal/js/jquery.scrollShow.js HTTP/1.1" 200 4586
92.185.243.10 - - [15/Sep/2018:09:30:54 -0500] "GET /galeria/galeria/jquery.fancybox.js?v=2.1.5 HTTP/1.1" 200 48706
94.130.18.160 - - [15/Sep/2018:09:30:58 -0500] "GET /BLA/resoluciones/index.php?dir=RESOLUCIONES%202002/RES%202002%201851-1900/&sort=size&order=desc HTTP/1.1" 200 12149
94.130.18.160 - - [15/Sep/2018:09:31:20 -0500] "GET /BLA/resoluciones/index.php?dir=RESOLUCIONES%202002/RES%202002%201901-1950/&sort=date&order=desc HTTP/1.1" 200 12148
69.162.124.232 - - [15/Sep/2018:09:31:35 -0500] "HEAD / HTTP/1.1" 200 -
94.130.18.160 - - [15/Sep/2018:09:31:38 -0500] "GET /BLA/resoluciones/index.php?dir=RESOLUCIONES%202002/RES%202002%201901-1950/&sort=name&order=asc HTTP/1.1" 200 12149
94.130.18.160 - - [15/Sep/2018:09:31:45 -0500] "GET /BLA/resoluciones/index.php?dir=RESOLUCIONES%202002/RES%202002%201901-1950/&sort=size&order=desc HTTP/1.1" 200 12148
200.24.27.214 - - [15/Sep/2018:09:32:01 -0500] "GET /galeria/galeria/jquery.fancybox.css?v=2.1.5 HTTP/1.1" 200 4895
200.24.27.214 - - [15/Sep/2018:09:32:01 -0500] "GET /BLA/boletinlegal/js/jquery.scrollShow.js HTTP/1.1" 200 4586
200.24.27.214 - - [15/Sep/2018:09:32:01 -0500] "GET /galeria/galeria/jquery.fancybox.js?v=2.1.5 HTTP/1.1" 200 48706
181.49.188.11 - - [15/Sep/2018:09:32:04 -0500] "GET /galeria/galeria/jquery.fancybox.js?v=2.1.5 HTTP/1.1" 200 48706
181.49.188.11 - - [15/Sep/2018:09:32:04 -0500] "GET /BLA/boletinlegal/js/jquery.scrollShow.js HTTP/1.1" 200 4586
181.49.188.11 - - [15/Sep/2018:09:32:04 -0500] "GET /galeria/galeria/jquery.fancybox.css?v=2.1.5 HTTP/1.1" 200 4895
94.130.18.160 - - [15/Sep/2018:09:32:05 -0500] "GET /BLA/resoluciones/index.php?dir=RESOLUCIONES%202002/RES%202002%201951-1971/&sort=date&order=desc HTTP/1.1" 200 6224
190.85.119.251 - - [15/Sep/2018:09:32:15 -0500] "GET /BLA/boletinlegal/js/jquery.scrollShow.js HTTP/1.1" 200 4586
190.85.119.251 - - [15/Sep/2018:09:32:15 -0500] "GET /galeria/galeria/jquery.fancybox.css?v=2.1.5 HTTP/1.1" 200 4895
190.85.119.251 - - [15/Sep/2018:09:32:15 -0500] "GET /galeria/galeria/jquery.fancybox.js?v=2.1.5 HTTP/1.1" 200 48706
157.55.39.103 - - [15/Sep/2018:09:32:20 -0500] "GET /BLA/boletinlegal/Directivas/2017/Directiva%20No.%2001%20del%2017%20de%20Enero%20de%202017.pdf HTTP/1.1" 200 2804310
190.158.142.53 - - [15/Sep/2018:09:32:31 -0500] "GET /galeria/galeria/jquery.fancybox.css?v=2.1.5 HTTP/1.1" 200 4895
190.158.142.53 - - [15/Sep/2018:09:32:31 -0500] "GET /BLA/boletinlegal/js/jquery.scrollShow.js HTTP/1.1" 200 4586
190.158.142.53 - - [15/Sep/2018:09:32:31 -0500] "GET /galeria/galeria/jquery.fancybox.js?v=2.1.5 HTTP/1.1" 200 48706
94.130.18.160 - - [15/Sep/2018:09:32:37 -0500] "GET /BLA/resoluciones/index.php?dir=RESOLUCIONES%202002/RES%202002%201951-1971/&sort=name&order=asc HTTP/1.1" 200 6225
94.130.18.160 - - [15/Sep/2018:09:32:56 -0500] "GET /BLA/resoluciones/index.php?dir=RESOLUCIONES%202002/RES%202002%201951-1971/&sort=size&order=desc HTTP/1.1" 200 6224
177.252.253.60 - - [15/Sep/2018:09:32:58 -0500] "GET /galeria/galeria/jquery.fancybox.css?v=2.1.5 HTTP/1.1" 200 4895
177.252.253.60 - - [15/Sep/2018:09:32:58 -0500] "GET /galeria/galeria/jquery.fancybox.js?v=2.1.5 HTTP/1.1" 200 48706
177.252.253.60 - - [15/Sep/2018:09:32:59 -0500] "GET /galeria/galeria/fotos/Capellania1P.jpg HTTP/1.1" 200 33952
177.252.253.60 - - [15/Sep/2018:09:32:59 -0500] "GET /galeria/galeria/fotos/Capellania2P.jpg HTTP/1.1" 200 35380
177.252.253.60 - - [15/Sep/2018:09:32:59 -0500] "GET /galeria/galeria/fotos/Capellania3P.jpg HTTP/1.1" 200 34835
177.252.253.60 - - [15/Sep/2018:09:32:59 -0500] "GET /galeria/galeria/fotos/Capellania4P.jpg HTTP/1.1" 200 37377
94.130.18.160 - - [15/Sep/2018:09:33:14 -0500] "GET /robots.txt HTTP/1.1" 404 1018
94.130.18.160 - - [15/Sep/2018:09:33:14 -0500] "GET /BLA/resoluciones/index.php?dir=RESOLUCIONES%202002/RES%202002%20201-250/&sort=date&order=desc HTTP/1.1" 200 12324
192.168.175.104 - - [15/Sep/2018:09:33:19 -0500] "GET / HTTP/1.1" 200 9990
177.228.0.29 - - [15/Sep/2018:09:33:27 -0500] "GET /galeria/galeria/jquery.fancybox.css?v=2.1.5 HTTP/1.1" 200 4895
177.228.0.29 - - [15/Sep/2018:09:33:27 -0500] "GET /BLA/boletinlegal/js/jquery.scrollShow.js HTTP/1.1" 200 4586
177.228.0.29 - - [15/Sep/2018:09:33:27 -0500] "GET /galeria/galeria/jquery.fancybox.js?v=2.1.5 HTTP/1.1" 200 48706
189.217.99.104 - - [15/Sep/2018:09:33:32 -0500] "GET /galeria/galeria/jquery.fancybox.css?v=2.1.5 HTTP/1.1" 200 4895
189.217.99.104 - - [15/Sep/2018:09:33:32 -0500] "GET /BLA/boletinlegal/js/jquery.scrollShow.js HTTP/1.1" 200 4586
189.217.99.104 - - [15/Sep/2018:09:33:32 -0500] "GET /galeria/galeria/jquery.fancybox.js?v=2.1.5 HTTP/1.1" 200 48706
94.130.18.160 - - [15/Sep/2018:09:33:36 -0500] "GET /BLA/resoluciones/index.php?dir=RESOLUCIONES%202002/RES%202002%20201-250/&sort=name&order=asc HTTP/1.1" 200 12325
192.168.175.104 - - [15/Sep/2018:09:33:43 -0500] "GET / HTTP/1.0" 200 9990
186.86.33.85 - - [15/Sep/2018:09:33:45 -0500] "GET /galeria/galeria/fotos/Capellania3G.jpg HTTP/1.1" 200 515718
66.249.69.232 - - [15/Sep/2018:09:33:47 -0500] "GET /BLA/resoluciones/RESOLUCIONES%202013/1039.pdf HTTP/1.1" 304 -
186.86.33.85 - - [15/Sep/2018:09:33:48 -0500] "GET /galeria/galeria/fotos/Capellania3G.jpg HTTP/1.1" 206 1
186.86.33.85 - - [15/Sep/2018:09:33:48 -0500] "GET /galeria/galeria/fotos/Capellania3G.jpg HTTP/1.1" 206 332025
94.130.18.160 - - [15/Sep/2018:09:33:53 -0500] "GET /BLA/resoluciones/index.php?dir=RESOLUCIONES%202002/RES%202002%20201-250/&sort=size&order=desc HTTP/1.1" 200 12324
66.249.69.71 - - [15/Sep/2018:09:33:56 -0500] "GET /PruebasSTORM/StormSDA_pruebas/userFiles/user_files/formatos/34.xml HTTP/1.1" 200 3910
94.130.18.160 - - [15/Sep/2018:09:34:02 -0500] "GET /BLA/resoluciones/index.php?dir=RESOLUCIONES%202002/RES%202002%20251-300/&sort=date&order=desc HTTP/1.1" 200 12033
192.168.175.104 - - [15/Sep/2018:09:34:15 -0500] "GET / HTTP/1.1" 200 9990
94.130.18.160 - - [15/Sep/2018:09:34:20 -0500] "GET /BLA/resoluciones/index.php?dir=RESOLUCIONES%202002/RES%202002%20251-300/&sort=name&order=asc HTTP/1.1" 200 12034
181.57.244.186 - - [15/Sep/2018:09:34:25 -0500] "GET /BLA/boletinlegal/js/jquery.scrollShow.js HTTP/1.1" 200 4586
181.57.244.186 - - [15/Sep/2018:09:34:25 -0500] "GET /galeria/carrusel/Carrusel/jquery.thumbnailScroller.js HTTP/1.1" 200 8157
181.57.244.186 - - [15/Sep/2018:09:34:25 -0500] "GET /galeria/galeria/jquery.fancybox.js?v=2.1.5 HTTP/1.1" 200 48706
181.57.244.186 - - [15/Sep/2018:09:34:25 -0500] "GET /galeria/carrusel/Carrusel/jquery.thumbnailScroller.css HTTP/1.1" 200 2066
181.57.244.186 - - [15/Sep/2018:09:34:25 -0500] "GET /galeria/galeria/jquery.fancybox.css?v=2.1.5 HTTP/1.1" 200 4895
181.57.244.186 - - [15/Sep/2018:09:34:25 -0500] "GET /galeria/carrusel/Carrusel/jquery-ui-1.8.13.custom.min.js HTTP/1.1" 200 10800
94.130.18.160 - - [15/Sep/2018:09:34:28 -0500] "GET /BLA/resoluciones/index.php?dir=RESOLUCIONES%202002/RES%202002%20251-300/&sort=size&order=desc HTTP/1.1" 200 12033
177.247.182.96 - - [15/Sep/2018:09:34:44 -0500] "GET /galeria/galeria/fotos/Humedal-Vaca4G.jpg HTTP/1.1" 200 375197
94.130.18.160 - - [15/Sep/2018:09:34:46 -0500] "GET /BLA/resoluciones/index.php?dir=RESOLUCIONES%202002/RES%202002%20301-350/&sort=date&order=desc HTTP/1.1" 200 12033
181.57.244.186 - - [15/Sep/2018:09:34:56 -0500] "GET /galeria/nivo-slider/demo/demo.html HTTP/1.1" 200 16210
181.57.244.186 - - [15/Sep/2018:09:34:56 -0500] "GET /galeria/nivo-slider/themes/pascal/pascal.css HTTP/1.1" 200 2258
181.57.244.186 - - [15/Sep/2018:09:34:56 -0500] "GET /galeria/nivo-slider/nivo-slider.css HTTP/1.1" 200 1507
181.57.244.186 - - [15/Sep/2018:09:34:56 -0500] "GET /galeria/nivo-slider/demo/images/BannerCaminatasSeptiembre.jpg HTTP/1.1" 200 303232
181.57.244.186 - - [15/Sep/2018:09:34:56 -0500] "GET /galeria/nivo-slider/themes/orman/orman.css HTTP/1.1" 200 2152
181.57.244.186 - - [15/Sep/2018:09:34:56 -0500] "GET /galeria/nivo-slider/demo/style.css HTTP/1.1" 200 2222
181.57.244.186 - - [15/Sep/2018:09:34:56 -0500] "GET /galeria/nivo-slider/demo/images/Banner%206F.jpg HTTP/1.1" 200 242532
181.57.244.186 - - [15/Sep/2018:09:34:56 -0500] "GET /galeria/nivo-slider/demo/images/banner%20restrepo.jpg HTTP/1.1" 200 316959
181.57.244.186 - - [15/Sep/2018:09:34:56 -0500] "GET /galeria/nivo-slider/demo/images/banner%20mono.jpg HTTP/1.1" 200 762506
181.57.244.186 - - [15/Sep/2018:09:34:56 -0500] "GET /galeria/nivo-slider/demo/images/Banner%20Incentivos%20tributarios2.jpg HTTP/1.1" 200 200787
181.57.244.186 - - [15/Sep/2018:09:34:56 -0500] "GET /galeria/nivo-slider/demo/images/web%20ingreso%20humedales.png HTTP/1.1" 200 641193
181.57.244.186 - - [15/Sep/2018:09:34:57 -0500] "GET /galeria/nivo-slider/demo/images/gobierno%20digital-01.jpg HTTP/1.1" 200 116163
181.57.244.186 - - [15/Sep/2018:09:34:57 -0500] "GET /galeria/nivo-slider/demo/images/Otorgamiento-excelencia-ambiental-Jos%C3%A9-Celestino-Mutis-2.jpg HTTP/1.1" 200 276467
181.57.244.186 - - [15/Sep/2018:09:34:57 -0500] "GET /galeria/nivo-slider/demo/images/Banner_micrositio.png HTTP/1.1" 200 146950
181.57.244.186 - - [15/Sep/2018:09:34:57 -0500] "GET /galeria/nivo-slider/demo/images/avances-sentencias-rio-bogota-2.jpg HTTP/1.1" 200 304916
186.85.187.200 - - [15/Sep/2018:09:34:57 -0500] "GET /BLA/boletinlegal/js/jquery.scrollShow.js HTTP/1.1" 200 4586
186.85.187.200 - - [15/Sep/2018:09:34:57 -0500] "GET /galeria/galeria/jquery.fancybox.js?v=2.1.5 HTTP/1.1" 200 48706
186.85.187.200 - - [15/Sep/2018:09:34:57 -0500] "GET /galeria/galeria/jquery.fancybox.css?v=2.1.5 HTTP/1.1" 200 4895
186.85.187.200 - - [15/Sep/2018:09:34:57 -0500] "GET /galeria/carrusel/Carrusel/jquery.thumbnailScroller.css HTTP/1.1" 200 2066
94.130.18.160 - - [15/Sep/2018:09:34:57 -0500] "GET /BLA/resoluciones/index.php?dir=RESOLUCIONES%202002/RES%202002%20301-350/&sort=name&order=asc HTTP/1.1" 200 12034
181.57.244.186 - - [15/Sep/2018:09:34:58 -0500] "GET /galeria/nivo-slider/demo/images/BANNER%20VAN%20DER%20HAMMEN.jpg HTTP/1.1" 200 64172
181.57.244.186 - - [15/Sep/2018:09:34:58 -0500] "GET /galeria/nivo-slider/themes/default/default.css HTTP/1.1" 200 1569
