201.245.192.253 - - [11/Dec/2018:09:16:02 -0500] "POST /sipse/faces/presentacion/financiero/solicitudProceso/listarSolicitudProceso.xhtml HTTP/1.1" 200 63632
201.245.192.253 - - [11/Dec/2018:09:16:02 -0500] "POST /sipse/faces/presentacion/financiero/solicitudProceso/listarSolicitudProceso.xhtml HTTP/1.1" 200 1452
201.245.192.253 - - [11/Dec/2018:09:16:02 -0500] "POST /sipse/faces/presentacion/financiero/solicitudProceso/listarSolicitudProceso.xhtml HTTP/1.1" 200 1452
181.48.85.165 - - [11/Dec/2018:09:16:02 -0500] "GET /BLA/boletinlegal/consulta_normativa.php?tipo=Ley&sector=residuos&ano=1993&resuelve=%20 HTTP/1.1" 200 454
181.48.85.165 - - [11/Dec/2018:09:16:03 -0500] "GET /BLA/boletinlegal/consulta_normativa.php?tipo=Ley&sector=residuos&ano=1993&resuelve=%20 HTTP/1.1" 200 454
201.245.192.253 - - [11/Dec/2018:09:16:04 -0500] "POST /sipse/faces/presentacion/financiero/solicitudProceso/listarSolicitudProceso.xhtml HTTP/1.1" 200 37081
201.245.192.253 - - [11/Dec/2018:09:16:05 -0500] "POST /sipse/faces/presentacion/financiero/solicitudProceso/listarSolicitudProceso.xhtml HTTP/1.1" 200 9735
181.48.85.165 - - [11/Dec/2018:09:16:07 -0500] "GET /BLA/boletinlegal/consulta_normativa.php?tipo=Ley&sector=residuos&ano=1994&resuelve=%20 HTTP/1.1" 200 454
201.245.192.253 - - [11/Dec/2018:09:16:07 -0500] "POST /sipse/faces/presentacion/financiero/solicitudProceso/listarSolicitudProceso.xhtml HTTP/1.1" 200 101488
181.48.85.165 - - [11/Dec/2018:09:16:07 -0500] "GET /BLA/boletinlegal/consulta_normativa.php?tipo=Ley&sector=residuos&ano=1994&resuelve=%20 HTTP/1.1" 200 454
201.245.192.253 - - [11/Dec/2018:09:16:07 -0500] "GET /sipse/faces/javax.faces.resource/jquery/jquery.js?ln=primefaces&v=4.0 HTTP/1.1" 304 -
201.245.192.253 - - [11/Dec/2018:09:16:07 -0500] "GET /sipse/faces/javax.faces.resource/jquery/jquery-plugins.js?ln=primefaces&v=4.0 HTTP/1.1" 304 -
201.245.192.253 - - [11/Dec/2018:09:16:07 -0500] "GET /sipse/faces/javax.faces.resource/primefaces.js?ln=primefaces&v=4.0 HTTP/1.1" 304 -
201.245.192.253 - - [11/Dec/2018:09:16:07 -0500] "GET /sipse/faces/javax.faces.resource/layout/layout.js?ln=primefaces&v=4.0 HTTP/1.1" 304 -
201.245.192.253 - - [11/Dec/2018:09:16:07 -0500] "GET /reportes_sipse/sdg/ServletReporte?reporte=solicitud_cdp&Solicitud=5001&pfdrid_c=false HTTP/1.1" 200 55845
181.48.85.165 - - [11/Dec/2018:09:16:08 -0500] "GET /BLA/boletinlegal/consulta_normativa.php?tipo=Ley&sector=residuos&ano=1994&resuelve=%20 HTTP/1.1" 200 454
201.245.192.253 - - [11/Dec/2018:09:16:11 -0500] "GET /reportes_sipse/sdg/ServletReporte?reporte=solicitud_cdp&Solicitud=5001&pfdrid_c=false HTTP/1.1" 200 55845
181.48.85.165 - - [11/Dec/2018:09:16:12 -0500] "GET /BLA/boletinlegal/consulta_normativa.php?tipo=Ley&sector=residuos&ano=1994&resuelve=%20 HTTP/1.1" 200 454
181.48.85.165 - - [11/Dec/2018:09:16:13 -0500] "GET /BLA/boletinlegal/consulta_normativa.php?tipo=Ley&sector=residuos&ano=1994&resuelve=%20 HTTP/1.1" 200 454
181.48.85.165 - - [11/Dec/2018:09:16:13 -0500] "GET /BLA/boletinlegal/consulta_normativa.php?tipo=Ley&sector=residuos&ano=1994&resuelve=%20 HTTP/1.1" 200 454
181.48.85.165 - - [11/Dec/2018:09:16:16 -0500] "GET /BLA/boletinlegal/consulta_normativa.php?tipo=Ley&sector=residuos&ano=1995&resuelve=%20 HTTP/1.1" 200 454
181.48.85.165 - - [11/Dec/2018:09:16:17 -0500] "GET /BLA/boletinlegal/consulta_normativa.php?tipo=Ley&sector=residuos&ano=1995&resuelve=%20 HTTP/1.1" 200 454
190.24.233.239 - - [11/Dec/2018:09:16:18 -0500] "GET /galeria/carrusel/Carrusel/jquery.thumbnailScroller.css HTTP/1.1" 200 2066
190.24.233.239 - - [11/Dec/2018:09:16:18 -0500] "GET /galeria/carrusel/Carrusel/jquery-ui-1.8.13.custom.min.js HTTP/1.1" 200 10800
190.24.233.239 - - [11/Dec/2018:09:16:18 -0500] "GET /galeria/carrusel/Carrusel/jquery.thumbnailScroller.js HTTP/1.1" 200 8157
190.24.233.239 - - [11/Dec/2018:09:16:20 -0500] "GET /galeria/nivo-slider/demo/demo.html HTTP/1.1" 200 19633
190.24.233.239 - - [11/Dec/2018:09:16:20 -0500] "GET /galeria/nivo-slider/themes/default/default.css HTTP/1.1" 200 1569
190.24.233.239 - - [11/Dec/2018:09:16:20 -0500] "GET /galeria/nivo-slider/themes/pascal/pascal.css HTTP/1.1" 200 2258
190.24.233.239 - - [11/Dec/2018:09:16:20 -0500] "GET /galeria/nivo-slider/themes/orman/orman.css HTTP/1.1" 200 2152
190.24.233.239 - - [11/Dec/2018:09:16:20 -0500] "GET /galeria/nivo-slider/nivo-slider.css HTTP/1.1" 200 1507
190.24.233.239 - - [11/Dec/2018:09:16:20 -0500] "GET /galeria/nivo-slider/demo/style.css HTTP/1.1" 200 2222
190.24.233.239 - - [11/Dec/2018:09:16:20 -0500] "GET /galeria/nivo-slider/demo/scripts/jquery-1.7.1.min.js HTTP/1.1" 200 93868
190.24.233.239 - - [11/Dec/2018:09:16:20 -0500] "GET /galeria/nivo-slider/demo/images/Bannerweb_Tinguas.jpg HTTP/1.1" 200 258471
190.24.233.239 - - [11/Dec/2018:09:16:20 -0500] "GET /galeria/nivo-slider/jquery.nivo.slider.pack.js HTTP/1.1" 200 11561
190.24.233.239 - - [11/Dec/2018:09:16:20 -0500] "GET /galeria/nivo-slider/demo/images/Caminatas%20Ecol%C3%B3gicas%20Diciembre.jpg HTTP/1.1" 200 437964
190.24.233.239 - - [11/Dec/2018:09:16:20 -0500] "GET /galeria/nivo-slider/demo/images/Banner%20POT.png HTTP/1.1" 200 418238
190.24.233.239 - - [11/Dec/2018:09:16:20 -0500] "GET /galeria/nivo-slider/demo/images/Banner%20musgo.jpg HTTP/1.1" 200 380071
190.24.233.239 - - [11/Dec/2018:09:16:20 -0500] "GET /galeria/nivo-slider/demo/images/Banner%20Capacitaci%C3%B3n%20RCD.png HTTP/1.1" 200 299783
181.48.85.165 - - [11/Dec/2018:09:16:21 -0500] "GET /BLA/boletinlegal/consulta_normativa.php?tipo=Ley&sector=residuos&ano=1997&resuelve=%20 HTTP/1.1" 200 454
181.48.85.165 - - [11/Dec/2018:09:16:21 -0500] "GET /BLA/boletinlegal/consulta_normativa.php?tipo=Ley&sector=residuos&ano=1997&resuelve=%20 HTTP/1.1" 200 454
190.24.233.239 - - [11/Dec/2018:09:16:23 -0500] "GET /galeria/nivo-slider/demo/images/4Simple_Slider.png HTTP/1.1" 200 11722
181.48.85.165 - - [11/Dec/2018:09:16:24 -0500] "GET /BLA/boletinlegal/consulta_normativa.php?tipo=Ley&sector=residuos&ano=1998&resuelve=%20 HTTP/1.1" 200 454
181.48.85.165 - - [11/Dec/2018:09:16:24 -0500] "GET /BLA/boletinlegal/consulta_normativa.php?tipo=Ley&sector=residuos&ano=1998&resuelve=%20 HTTP/1.1" 200 454
190.24.233.239 - - [11/Dec/2018:09:16:24 -0500] "GET /galeria/nivo-slider/themes/default/loading.gif HTTP/1.1" 200 1737
181.48.85.165 - - [11/Dec/2018:09:16:24 -0500] "GET /BLA/boletinlegal/consulta_normativa.php?tipo=Ley&sector=residuos&ano=1998&resuelve=%20 HTTP/1.1" 200 454
190.24.233.239 - - [11/Dec/2018:09:16:24 -0500] "GET /galeria/nivo-slider/demo/images/Banner%20Construcci%C3%B3n%20Sostenible.jpg HTTP/1.1" 200 112255
190.24.233.239 - - [11/Dec/2018:09:16:25 -0500] "GET /galeria/nivo-slider/demo/images/BANNER%20punto.jpg HTTP/1.1" 200 75932
190.24.233.239 - - [11/Dec/2018:09:16:26 -0500] "GET /galeria/nivo-slider/demo/images/Cucos3_BannerWeb.png HTTP/1.1" 200 373609
190.24.233.239 - - [11/Dec/2018:09:16:27 -0500] "GET /galeria/nivo-slider/demo/images/Serpientes.jpg HTTP/1.1" 200 304010
190.24.233.239 - - [11/Dec/2018:09:16:27 -0500] "GET /galeria/nivo-slider/demo/images/Banneranonimos.png HTTP/1.1" 200 109388
190.24.233.239 - - [11/Dec/2018:09:16:28 -0500] "GET /galeria/nivo-slider/demo/images/web%20ingreso%20humedales.png HTTP/1.1" 200 641193
181.57.233.185 - - [11/Dec/2018:09:16:28 -0500] "GET /galeria/galeria/jquery.fancybox.css?v=2.1.5 HTTP/1.1" 200 4895
181.48.85.165 - - [11/Dec/2018:09:16:29 -0500] "GET /BLA/boletinlegal/consulta_normativa.php?tipo=Ley&sector=residuos&ano=1999&resuelve=%20 HTTP/1.1" 200 454
190.24.233.239 - - [11/Dec/2018:09:16:29 -0500] "GET /galeria/nivo-slider/demo/images/gobierno%20digital-01.jpg HTTP/1.1" 200 116163
190.24.233.239 - - [11/Dec/2018:09:16:30 -0500] "GET /galeria/nivo-slider/demo/images/Otorgamiento-excelencia-ambiental-Jos%C3%A9-Celestino-Mutis-2.jpg HTTP/1.1" 200 276467
181.48.85.165 - - [11/Dec/2018:09:16:30 -0500] "GET /BLA/boletinlegal/consulta_normativa.php?tipo=Ley&sector=residuos&ano=1999&resuelve=%20 HTTP/1.1" 200 454
181.48.85.165 - - [11/Dec/2018:09:16:30 -0500] "GET /BLA/boletinlegal/consulta_normativa.php?tipo=Ley&sector=residuos&ano=1999&resuelve=%20 HTTP/1.1" 200 454
190.24.233.239 - - [11/Dec/2018:09:16:30 -0500] "GET /galeria/nivo-slider/demo/images/Banner_micrositio.png HTTP/1.1" 200 146950
181.48.85.165 - - [11/Dec/2018:09:16:30 -0500] "GET /BLA/boletinlegal/consulta_normativa.php?tipo=Ley&sector=residuos&ano=1999&resuelve=%20 HTTP/1.1" 200 454
181.48.85.165 - - [11/Dec/2018:09:16:30 -0500] "GET /BLA/boletinlegal/consulta_normativa.php?tipo=Ley&sector=residuos&ano=1999&resuelve=%20 HTTP/1.1" 200 454
190.24.233.239 - - [11/Dec/2018:09:16:31 -0500] "GET /galeria/nivo-slider/demo/images/avances-sentencias-rio-bogota-2.jpg HTTP/1.1" 200 304916
190.24.233.239 - - [11/Dec/2018:09:16:31 -0500] "GET /galeria/nivo-slider/demo/images/BANNER%20VAN%20DER%20HAMMEN.jpg HTTP/1.1" 200 64172
190.24.233.239 - - [11/Dec/2018:09:16:32 -0500] "GET /galeria/nivo-slider/demo/images/banner-humedales-de-bogota.jpg HTTP/1.1" 200 292611
190.24.233.239 - - [11/Dec/2018:09:16:32 -0500] "GET /galeria/nivo-slider/demo/images/maximavelocidad.png HTTP/1.1" 200 880272
190.24.233.239 - - [11/Dec/2018:09:16:33 -0500] "GET /galeria/nivo-slider/demo/images/banner%20aceite%20vegetal%20usado.jpg HTTP/1.1" 200 169350
190.24.233.239 - - [11/Dec/2018:09:16:34 -0500] "GET /galeria/nivo-slider/demo/images/bannerlumina2017web.jpg HTTP/1.1" 200 198918
190.24.233.239 - - [11/Dec/2018:09:16:35 -0500] "GET /galeria/nivo-slider/demo/images/banner-bolsas-plasticas.jpg HTTP/1.1" 200 317939
181.48.85.165 - - [11/Dec/2018:09:16:37 -0500] "GET /BLA/boletinlegal/consulta_normativa.php?tipo=Ley&sector=residuos&ano=2000&resuelve=%20 HTTP/1.1" 200 454
181.48.85.165 - - [11/Dec/2018:09:16:37 -0500] "GET /BLA/boletinlegal/consulta_normativa.php?tipo=Ley&sector=residuos&ano=2000&resuelve=%20 HTTP/1.1" 200 454
181.48.85.165 - - [11/Dec/2018:09:16:37 -0500] "GET /BLA/boletinlegal/consulta_normativa.php?tipo=Ley&sector=residuos&ano=2000&resuelve=%20 HTTP/1.1" 200 454
181.48.85.165 - - [11/Dec/2018:09:16:38 -0500] "GET /BLA/boletinlegal/consulta_normativa.php?tipo=Ley&sector=residuos&ano=2000&resuelve=%20 HTTP/1.1" 200 454
181.48.85.165 - - [11/Dec/2018:09:16:39 -0500] "GET /BLA/boletinlegal/consulta_normativa.php?tipo=Ley&sector=residuos&ano=2000&resuelve=%20 HTTP/1.1" 200 454
181.48.85.165 - - [11/Dec/2018:09:16:39 -0500] "GET /BLA/boletinlegal/consulta_normativa.php?tipo=Ley&sector=residuos&ano=2000&resuelve=%20 HTTP/1.1" 200 454
181.48.85.165 - - [11/Dec/2018:09:16:39 -0500] "GET /BLA/boletinlegal/consulta_normativa.php?tipo=Ley&sector=residuos&ano=2000&resuelve=%20 HTTP/1.1" 200 454
181.48.85.165 - - [11/Dec/2018:09:16:39 -0500] "GET /BLA/boletinlegal/consulta_normativa.php?tipo=Ley&sector=residuos&ano=2000&resuelve=%20 HTTP/1.1" 200 454
181.48.85.165 - - [11/Dec/2018:09:16:39 -0500] "GET /BLA/boletinlegal/consulta_normativa.php?tipo=Ley&sector=residuos&ano=2000&resuelve=%20 HTTP/1.1" 200 454
181.48.85.165 - - [11/Dec/2018:09:16:40 -0500] "GET /BLA/boletinlegal/consulta_normativa.php?tipo=Ley&sector=residuos&ano=2000&resuelve=%20 HTTP/1.1" 200 454
190.24.233.239 - - [11/Dec/2018:09:16:40 -0500] "GET /galeria/nivo-slider/themes/default/arrows.png HTTP/1.1" 200 824
190.24.233.239 - - [11/Dec/2018:09:16:40 -0500] "GET /galeria/nivo-slider/themes/default/bullets.png HTTP/1.1" 200 1281
181.48.85.165 - - [11/Dec/2018:09:16:40 -0500] "GET /BLA/boletinlegal/consulta_normativa.php?tipo=Ley&sector=residuos&ano=2000&resuelve=%20 HTTP/1.1" 200 454
181.48.85.165 - - [11/Dec/2018:09:16:40 -0500] "GET /BLA/boletinlegal/consulta_normativa.php?tipo=Ley&sector=residuos&ano=2000&resuelve=%20 HTTP/1.1" 200 454
181.48.85.165 - - [11/Dec/2018:09:16:40 -0500] "GET /BLA/boletinlegal/consulta_normativa.php?tipo=Ley&sector=residuos&ano=2000&resuelve=%20 HTTP/1.1" 200 454
190.7.130.91 - - [11/Dec/2018:09:16:47 -0500] "GET /galeria/galeria/jquery.fancybox.css?v=2.1.5 HTTP/1.1" 200 4895
190.7.130.91 - - [11/Dec/2018:09:16:47 -0500] "GET /BLA/boletinlegal/js/jquery.scrollShow.js HTTP/1.1" 200 4586
190.7.130.91 - - [11/Dec/2018:09:16:47 -0500] "GET /galeria/carrusel/Carrusel/jquery.thumbnailScroller.css HTTP/1.1" 200 2066
190.7.130.91 - - [11/Dec/2018:09:16:47 -0500] "GET /galeria/galeria/jquery.fancybox.js?v=2.1.5 HTTP/1.1" 200 48706
190.7.130.91 - - [11/Dec/2018:09:16:47 -0500] "GET /galeria/carrusel/Carrusel/jquery-ui-1.8.13.custom.min.js HTTP/1.1" 200 10800
190.7.130.91 - - [11/Dec/2018:09:16:48 -0500] "GET /galeria/carrusel/Carrusel/jquery.thumbnailScroller.js HTTP/1.1" 200 8157
190.7.130.91 - - [11/Dec/2018:09:16:48 -0500] "GET /galeria/nivo-slider/demo/demo.html HTTP/1.1" 200 19633
190.7.130.91 - - [11/Dec/2018:09:16:50 -0500] "GET /galeria/nivo-slider/themes/default/default.css HTTP/1.1" 200 1569
190.7.130.91 - - [11/Dec/2018:09:16:50 -0500] "GET /galeria/nivo-slider/themes/pascal/pascal.css HTTP/1.1" 200 2258
190.7.130.91 - - [11/Dec/2018:09:16:50 -0500] "GET /galeria/nivo-slider/nivo-slider.css HTTP/1.1" 200 1507
190.7.130.91 - - [11/Dec/2018:09:16:50 -0500] "GET /galeria/nivo-slider/themes/orman/orman.css HTTP/1.1" 200 2152
190.7.130.91 - - [11/Dec/2018:09:16:50 -0500] "GET /galeria/nivo-slider/demo/style.css HTTP/1.1" 200 2222
190.7.130.91 - - [11/Dec/2018:09:16:50 -0500] "GET /galeria/nivo-slider/demo/scripts/jquery-1.7.1.min.js HTTP/1.1" 200 93868
190.7.130.91 - - [11/Dec/2018:09:16:50 -0500] "GET /galeria/nivo-slider/demo/images/Bannerweb_Tinguas.jpg HTTP/1.1" 200 258471
181.48.85.165 - - [11/Dec/2018:09:16:51 -0500] "GET /BLA/boletinlegal/consulta_normativa.php?tipo=Ley&sector=residuos&ano=2001&resuelve=%20 HTTP/1.1" 200 454
190.7.130.91 - - [11/Dec/2018:09:16:51 -0500] "GET /galeria/nivo-slider/jquery.nivo.slider.pack.js HTTP/1.1" 200 11561
181.48.85.165 - - [11/Dec/2018:09:16:51 -0500] "GET /BLA/boletinlegal/consulta_normativa.php?tipo=Ley&sector=residuos&ano=2001&resuelve=%20 HTTP/1.1" 200 454
190.7.130.91 - - [11/Dec/2018:09:16:51 -0500] "GET /galeria/nivo-slider/demo/images/Caminatas%20Ecol%C3%B3gicas%20Diciembre.jpg HTTP/1.1" 200 437964
190.7.130.91 - - [11/Dec/2018:09:16:52 -0500] "GET /galeria/nivo-slider/demo/images/Banner%20POT.png HTTP/1.1" 200 418238
190.7.130.91 - - [11/Dec/2018:09:16:52 -0500] "GET /galeria/nivo-slider/demo/images/Banner%20musgo.jpg HTTP/1.1" 200 380071
181.48.85.165 - - [11/Dec/2018:09:16:52 -0500] "GET /BLA/boletinlegal/consulta_normativa.php?tipo=Ley&sector=residuos&ano=2001&resuelve=%20 HTTP/1.1" 200 454
190.7.130.91 - - [11/Dec/2018:09:16:53 -0500] "GET /galeria/nivo-slider/demo/images/Banner%20Capacitaci%C3%B3n%20RCD.png HTTP/1.1" 200 299783
190.7.130.91 - - [11/Dec/2018:09:16:56 -0500] "GET /galeria/nivo-slider/demo/images/Banner%20Construcci%C3%B3n%20Sostenible.jpg HTTP/1.1" 200 112255
190.25.230.97 - - [11/Dec/2018:09:16:56 -0500] "POST /sipse/faces/presentacion/financiero/solicitudProceso/listarSolicitudProceso.xhtml HTTP/1.1" 200 27017
190.7.130.91 - - [11/Dec/2018:09:16:56 -0500] "GET /galeria/nivo-slider/demo/images/BANNER%20punto.jpg HTTP/1.1" 200 75932
190.25.230.97 - - [11/Dec/2018:09:16:56 -0500] "POST /sipse/faces/presentacion/financiero/solicitudProceso/listarSolicitudProceso.xhtml HTTP/1.1" 200 1328
181.48.85.165 - - [11/Dec/2018:09:16:56 -0500] "GET /BLA/boletinlegal/consulta_normativa.php?tipo=Ley&sector=residuos&ano=2001&resuelve=%20 HTTP/1.1" 200 454
181.48.85.165 - - [11/Dec/2018:09:16:57 -0500] "GET /BLA/boletinlegal/consulta_normativa.php?tipo=Ley&sector=residuos&ano=2001&resuelve=%20 HTTP/1.1" 200 454
181.48.85.165 - - [11/Dec/2018:09:16:58 -0500] "GET /BLA/boletinlegal/consulta_normativa.php?tipo=Ley&sector=residuos&ano=2001&resuelve=%20 HTTP/1.1" 200 454
181.48.85.165 - - [11/Dec/2018:09:16:58 -0500] "GET /BLA/boletinlegal/consulta_normativa.php?tipo=Ley&sector=residuos&ano=2001&resuelve=%20 HTTP/1.1" 200 454
190.7.130.91 - - [11/Dec/2018:09:16:58 -0500] "GET /galeria/nivo-slider/demo/images/4Simple_Slider.png HTTP/1.1" 200 11722
190.7.130.91 - - [11/Dec/2018:09:16:59 -0500] "GET /galeria/nivo-slider/themes/default/loading.gif HTTP/1.1" 200 1737
201.245.192.253 - - [11/Dec/2018:09:16:59 -0500] "GET /reportes_sipse/sdg/ServletReporte?reporte=solicitud_cdp&Solicitud=5002&pfdrid_c=false HTTP/1.1" 200 55846
190.7.130.91 - - [11/Dec/2018:09:16:59 -0500] "GET /galeria/nivo-slider/demo/images/Cucos3_BannerWeb.png HTTP/1.1" 200 373609
190.25.230.97 - - [11/Dec/2018:09:16:59 -0500] "POST /sipse/faces/presentacion/financiero/solicitudProceso/listarSolicitudProceso.xhtml HTTP/1.1" 200 911
190.7.130.91 - - [11/Dec/2018:09:16:59 -0500] "GET /galeria/nivo-slider/demo/images/Serpientes.jpg HTTP/1.1" 200 304010
190.7.130.91 - - [11/Dec/2018:09:17:00 -0500] "GET /galeria/nivo-slider/demo/images/Banneranonimos.png HTTP/1.1" 200 109388
190.7.130.91 - - [11/Dec/2018:09:17:01 -0500] "GET /galeria/nivo-slider/demo/images/web%20ingreso%20humedales.png HTTP/1.1" 200 641193
181.48.85.165 - - [11/Dec/2018:09:17:02 -0500] "GET /BLA/boletinlegal/consulta_normativa.php?tipo=Ley&sector=residuos&ano=2002&resuelve=%20 HTTP/1.1" 200 454
181.48.85.165 - - [11/Dec/2018:09:17:02 -0500] "GET /BLA/boletinlegal/consulta_normativa.php?tipo=Ley&sector=residuos&ano=2002&resuelve=%20 HTTP/1.1" 200 454
190.7.130.91 - - [11/Dec/2018:09:17:03 -0500] "GET /galeria/nivo-slider/demo/images/gobierno%20digital-01.jpg HTTP/1.1" 200 116163
190.7.130.91 - - [11/Dec/2018:09:17:03 -0500] "GET /galeria/nivo-slider/demo/images/Otorgamiento-excelencia-ambiental-Jos%C3%A9-Celestino-Mutis-2.jpg HTTP/1.1" 200 276467
181.48.85.165 - - [11/Dec/2018:09:17:03 -0500] "GET /BLA/boletinlegal/consulta_normativa.php?tipo=Ley&sector=residuos&ano=2002&resuelve=%20 HTTP/1.1" 200 454
190.7.130.91 - - [11/Dec/2018:09:17:04 -0500] "GET /galeria/nivo-slider/demo/images/Banner_micrositio.png HTTP/1.1" 200 146950
190.7.130.91 - - [11/Dec/2018:09:17:05 -0500] "GET /galeria/nivo-slider/demo/images/avances-sentencias-rio-bogota-2.jpg HTTP/1.1" 200 304916
181.48.85.165 - - [11/Dec/2018:09:17:07 -0500] "GET /BLA/boletinlegal/consulta_normativa.php?tipo=Ley&sector=residuos&ano=2003&resuelve=%20 HTTP/1.1" 200 454
181.48.85.165 - - [11/Dec/2018:09:17:07 -0500] "GET /BLA/boletinlegal/consulta_normativa.php?tipo=Ley&sector=residuos&ano=2003&resuelve=%20 HTTP/1.1" 200 454
190.7.130.91 - - [11/Dec/2018:09:17:08 -0500] "GET /galeria/nivo-slider/demo/images/BANNER%20VAN%20DER%20HAMMEN.jpg HTTP/1.1" 200 64172
181.48.85.165 - - [11/Dec/2018:09:17:08 -0500] "GET /BLA/boletinlegal/consulta_normativa.php?tipo=Ley&sector=residuos&ano=2003&resuelve=%20 HTTP/1.1" 200 454
181.48.85.165 - - [11/Dec/2018:09:17:08 -0500] "GET /BLA/boletinlegal/consulta_normativa.php?tipo=Ley&sector=residuos&ano=2003&resuelve=%20 HTTP/1.1" 200 454
181.48.85.165 - - [11/Dec/2018:09:17:08 -0500] "GET /BLA/boletinlegal/consulta_normativa.php?tipo=Ley&sector=residuos&ano=2003&resuelve=%20 HTTP/1.1" 200 454
190.7.130.91 - - [11/Dec/2018:09:17:08 -0500] "GET /galeria/nivo-slider/demo/images/banner-humedales-de-bogota.jpg HTTP/1.1" 200 292611
181.48.85.165 - - [11/Dec/2018:09:17:08 -0500] "GET /BLA/boletinlegal/consulta_normativa.php?tipo=Ley&sector=residuos&ano=2003&resuelve=%20 HTTP/1.1" 200 454
190.7.130.91 - - [11/Dec/2018:09:17:10 -0500] "GET /galeria/nivo-slider/demo/images/maximavelocidad.png HTTP/1.1" 200 880272
190.7.130.91 - - [11/Dec/2018:09:17:10 -0500] "GET /galeria/nivo-slider/demo/images/banner%20aceite%20vegetal%20usado.jpg HTTP/1.1" 200 169350
190.7.130.91 - - [11/Dec/2018:09:17:12 -0500] "GET /galeria/nivo-slider/demo/images/bannerlumina2017web.jpg HTTP/1.1" 200 198918
190.7.130.91 - - [11/Dec/2018:09:17:12 -0500] "GET /galeria/nivo-slider/demo/images/banner-bolsas-plasticas.jpg HTTP/1.1" 200 317939
181.48.85.165 - - [11/Dec/2018:09:17:13 -0500] "GET /BLA/boletinlegal/consulta_normativa.php?tipo=Ley&sector=residuos&ano=2004&resuelve=%20 HTTP/1.1" 200 454
181.48.85.165 - - [11/Dec/2018:09:17:14 -0500] "GET /BLA/boletinlegal/consulta_normativa.php?tipo=Ley&sector=residuos&ano=2004&resuelve=%20 HTTP/1.1" 200 454
181.48.85.165 - - [11/Dec/2018:09:17:14 -0500] "GET /BLA/boletinlegal/consulta_normativa.php?tipo=Ley&sector=residuos&ano=2004&resuelve=%20 HTTP/1.1" 200 454
181.48.85.165 - - [11/Dec/2018:09:17:14 -0500] "GET /BLA/boletinlegal/consulta_normativa.php?tipo=Ley&sector=residuos&ano=2004&resuelve=%20 HTTP/1.1" 200 454
181.48.85.165 - - [11/Dec/2018:09:17:14 -0500] "GET /BLA/boletinlegal/consulta_normativa.php?tipo=Ley&sector=residuos&ano=2004&resuelve=%20 HTTP/1.1" 200 454
181.48.85.165 - - [11/Dec/2018:09:17:14 -0500] "GET /BLA/boletinlegal/consulta_normativa.php?tipo=Ley&sector=residuos&ano=2004&resuelve=%20 HTTP/1.1" 200 454
66.249.88.95 - - [11/Dec/2018:09:17:15 -0500] "GET /BLA/boletinlegal/js/jquery.scrollShow.js HTTP/1.1" 200 4586
66.249.88.95 - - [11/Dec/2018:09:17:15 -0500] "GET /galeria/galeria/jquery.fancybox.js?v=2.1.5 HTTP/1.1" 200 48706
66.249.88.93 - - [11/Dec/2018:09:17:15 -0500] "GET /galeria/carrusel/Carrusel/jquery.thumbnailScroller.css HTTP/1.1" 200 2066
66.249.88.93 - - [11/Dec/2018:09:17:15 -0500] "GET /galeria/galeria/jquery.fancybox.css?v=2.1.5 HTTP/1.1" 200 4895
66.249.88.64 - - [11/Dec/2018:09:17:16 -0500] "GET /galeria/carrusel/Carrusel/jquery-ui-1.8.13.custom.min.js HTTP/1.1" 200 10800
66.249.88.64 - - [11/Dec/2018:09:17:16 -0500] "GET /galeria/carrusel/Carrusel/jquery.thumbnailScroller.js HTTP/1.1" 200 8157
66.249.88.95 - - [11/Dec/2018:09:17:16 -0500] "GET /galeria/nivo-slider/demo/demo.html HTTP/1.1" 200 19633
66.249.88.64 - - [11/Dec/2018:09:17:17 -0500] "GET /galeria/nivo-slider/themes/default/default.css HTTP/1.1" 200 1569
66.249.88.64 - - [11/Dec/2018:09:17:17 -0500] "GET /galeria/nivo-slider/themes/orman/orman.css HTTP/1.1" 200 2152
66.249.88.93 - - [11/Dec/2018:09:17:17 -0500] "GET /galeria/nivo-slider/themes/pascal/pascal.css HTTP/1.1" 200 2258
66.249.88.64 - - [11/Dec/2018:09:17:17 -0500] "GET /galeria/nivo-slider/demo/images/Bannerweb_Tinguas.jpg HTTP/1.1" 200 258471
66.249.88.64 - - [11/Dec/2018:09:17:17 -0500] "GET /galeria/nivo-slider/demo/style.css HTTP/1.1" 200 2222
66.249.88.64 - - [11/Dec/2018:09:17:17 -0500] "GET /galeria/nivo-slider/nivo-slider.css HTTP/1.1" 200 1507
66.249.88.64 - - [11/Dec/2018:09:17:17 -0500] "GET /galeria/nivo-slider/demo/scripts/jquery-1.7.1.min.js HTTP/1.1" 200 93868
66.249.88.95 - - [11/Dec/2018:09:17:17 -0500] "GET /galeria/nivo-slider/jquery.nivo.slider.pack.js HTTP/1.1" 200 11561
66.249.88.95 - - [11/Dec/2018:09:17:17 -0500] "GET /galeria/nivo-slider/demo/images/Caminatas%20Ecol%C3%B3gicas%20Diciembre.jpg HTTP/1.1" 200 437964
66.249.88.64 - - [11/Dec/2018:09:17:18 -0500] "GET /galeria/nivo-slider/demo/images/Banner%20POT.png HTTP/1.1" 200 418238
66.249.88.95 - - [11/Dec/2018:09:17:18 -0500] "GET /galeria/nivo-slider/demo/images/Banner%20musgo.jpg HTTP/1.1" 200 380071
66.249.88.93 - - [11/Dec/2018:09:17:18 -0500] "GET /galeria/nivo-slider/demo/images/Banner%20Capacitaci%C3%B3n%20RCD.png HTTP/1.1" 200 299783
66.249.88.64 - - [11/Dec/2018:09:17:18 -0500] "GET /galeria/nivo-slider/demo/images/4Simple_Slider.png HTTP/1.1" 200 11722
66.249.88.95 - - [11/Dec/2018:09:17:18 -0500] "GET /galeria/nivo-slider/themes/default/loading.gif HTTP/1.1" 200 1737
181.48.85.165 - - [11/Dec/2018:09:17:19 -0500] "GET /BLA/boletinlegal/consulta_normativa.php?tipo=Ley&sector=residuos&ano=2005&resuelve=%20 HTTP/1.1" 200 454
66.249.88.95 - - [11/Dec/2018:09:17:19 -0500] "GET /galeria/nivo-slider/demo/images/Banner%20Construcci%C3%B3n%20Sostenible.jpg HTTP/1.1" 200 112255
66.249.88.64 - - [11/Dec/2018:09:17:19 -0500] "GET /galeria/nivo-slider/demo/images/BANNER%20punto.jpg HTTP/1.1" 200 75932
66.249.88.93 - - [11/Dec/2018:09:17:19 -0500] "GET /galeria/nivo-slider/demo/images/Cucos3_BannerWeb.png HTTP/1.1" 200 373609
181.48.85.165 - - [11/Dec/2018:09:17:19 -0500] "GET /BLA/boletinlegal/consulta_normativa.php?tipo=Ley&sector=residuos&ano=2005&resuelve=%20 HTTP/1.1" 200 454
201.245.192.253 - - [11/Dec/2018:09:17:20 -0500] "POST /sipse/faces/presentacion/financiero/solicitudProceso/consultarSolicitudProceso.xhtml HTTP/1.1" 200 5216
66.249.88.64 - - [11/Dec/2018:09:17:20 -0500] "GET /galeria/nivo-slider/demo/images/Serpientes.jpg HTTP/1.1" 200 304010
201.245.192.253 - - [11/Dec/2018:09:17:20 -0500] "GET /reportes_sipse/sdg/ServletReporte?reporte=solicitud_cdp&Solicitud=5038&pfdrid_c=false HTTP/1.1" 200 55909
181.48.85.165 - - [11/Dec/2018:09:17:20 -0500] "GET /BLA/boletinlegal/consulta_normativa.php?tipo=Ley&sector=residuos&ano=2005&resuelve=%20 HTTP/1.1" 200 454
66.249.88.93 - - [11/Dec/2018:09:17:21 -0500] "GET /galeria/nivo-slider/demo/images/Banneranonimos.png HTTP/1.1" 200 109388
66.249.88.64 - - [11/Dec/2018:09:17:21 -0500] "GET /galeria/nivo-slider/demo/images/web%20ingreso%20humedales.png HTTP/1.1" 200 641193
66.249.88.93 - - [11/Dec/2018:09:17:21 -0500] "GET /galeria/nivo-slider/demo/images/gobierno%20digital-01.jpg HTTP/1.1" 200 116163
172.22.2.1 - - [11/Dec/2018:09:17:22 -0500] "GET /reportes_sipse/sdg/ServletFirma?solicitud=5002 HTTP/1.1" 200 -
66.249.88.93 - - [11/Dec/2018:09:17:22 -0500] "GET /galeria/nivo-slider/demo/images/Otorgamiento-excelencia-ambiental-Jos%C3%A9-Celestino-Mutis-2.jpg HTTP/1.1" 200 276467
66.249.88.93 - - [11/Dec/2018:09:17:22 -0500] "GET /galeria/nivo-slider/demo/images/Banner_micrositio.png HTTP/1.1" 200 146950
66.249.88.95 - - [11/Dec/2018:09:17:22 -0500] "GET /galeria/nivo-slider/demo/images/avances-sentencias-rio-bogota-2.jpg HTTP/1.1" 200 304916
66.249.88.95 - - [11/Dec/2018:09:17:22 -0500] "GET /galeria/nivo-slider/demo/images/BANNER%20VAN%20DER%20HAMMEN.jpg HTTP/1.1" 200 64172
201.245.192.253 - - [11/Dec/2018:09:17:22 -0500] "GET /desprendiblespago/controlador HTTP/1.1" 200 2321
201.245.192.253 - - [11/Dec/2018:09:17:22 -0500] "GET /desprendiblespago/css/estilos.css HTTP/1.1" 200 3850
201.245.192.253 - - [11/Dec/2018:09:17:22 -0500] "GET /desprendiblespago/scripts/validarIngreso.js HTTP/1.1" 200 851
201.245.192.253 - - [11/Dec/2018:09:17:22 -0500] "GET /desprendiblespago/images/cabezoteHojaVida.jpg HTTP/1.1" 200 8386
201.245.192.253 - - [11/Dec/2018:09:17:22 -0500] "GET /desprendiblespago/images/logo_bogota_p.jpg HTTP/1.1" 200 48415
66.249.88.64 - - [11/Dec/2018:09:17:23 -0500] "GET /galeria/nivo-slider/demo/images/banner-humedales-de-bogota.jpg HTTP/1.1" 200 292611
181.48.85.165 - - [11/Dec/2018:09:17:23 -0500] "GET /BLA/boletinlegal/consulta_normativa.php?tipo=Ley&sector=residuos&ano=2005&resuelve=%20 HTTP/1.1" 200 454
66.249.88.95 - - [11/Dec/2018:09:17:24 -0500] "GET /galeria/nivo-slider/demo/images/maximavelocidad.png HTTP/1.1" 200 880272
66.249.88.93 - - [11/Dec/2018:09:17:24 -0500] "GET /galeria/nivo-slider/demo/images/banner%20aceite%20vegetal%20usado.jpg HTTP/1.1" 200 169350
66.249.88.64 - - [11/Dec/2018:09:17:24 -0500] "GET /galeria/nivo-slider/demo/images/bannerlumina2017web.jpg HTTP/1.1" 200 198918
66.249.88.64 - - [11/Dec/2018:09:17:24 -0500] "GET /galeria/nivo-slider/demo/images/banner-bolsas-plasticas.jpg HTTP/1.1" 200 317939
190.7.130.91 - - [11/Dec/2018:09:17:27 -0500] "GET /galeria/nivo-slider/themes/default/arrows.png HTTP/1.1" 200 824
190.7.130.91 - - [11/Dec/2018:09:17:27 -0500] "GET /galeria/nivo-slider/themes/default/bullets.png HTTP/1.1" 200 1281
66.249.88.93 - - [11/Dec/2018:09:17:28 -0500] "GET /galeria/nivo-slider/themes/default/arrows.png HTTP/1.1" 200 824
66.249.88.95 - - [11/Dec/2018:09:17:28 -0500] "GET /galeria/nivo-slider/themes/default/bullets.png HTTP/1.1" 200 1281
181.48.85.165 - - [11/Dec/2018:09:17:28 -0500] "GET /BLA/boletinlegal/consulta_normativa.php?tipo=Ley&sector=residuos&ano=2006&resuelve=%20 HTTP/1.1" 200 454
181.48.85.165 - - [11/Dec/2018:09:17:29 -0500] "GET /BLA/boletinlegal/consulta_normativa.php?tipo=Ley&sector=residuos&ano=2006&resuelve=%20 HTTP/1.1" 200 454
181.48.85.165 - - [11/Dec/2018:09:17:29 -0500] "GET /BLA/boletinlegal/consulta_normativa.php?tipo=Ley&sector=residuos&ano=2006&resuelve=%20 HTTP/1.1" 200 454
201.245.192.253 - - [11/Dec/2018:09:17:30 -0500] "POST /desprendiblespago/controlador HTTP/1.1" 200 5359
190.84.108.216 - - [11/Dec/2018:09:17:32 -0500] "GET /galeria/galeria/jquery.fancybox.css?v=2.1.5 HTTP/1.1" 200 4895
190.84.108.216 - - [11/Dec/2018:09:17:32 -0500] "GET /BLA/boletinlegal/js/jquery.scrollShow.js HTTP/1.1" 200 4586
190.84.108.216 - - [11/Dec/2018:09:17:32 -0500] "GET /galeria/carrusel/Carrusel/jquery.thumbnailScroller.css HTTP/1.1" 200 2066
190.84.108.216 - - [11/Dec/2018:09:17:32 -0500] "GET /galeria/galeria/jquery.fancybox.js?v=2.1.5 HTTP/1.1" 200 48706
190.84.108.216 - - [11/Dec/2018:09:17:32 -0500] "GET /galeria/carrusel/Carrusel/jquery-ui-1.8.13.custom.min.js HTTP/1.1" 200 10800
190.84.108.216 - - [11/Dec/2018:09:17:32 -0500] "GET /galeria/carrusel/Carrusel/jquery.thumbnailScroller.js HTTP/1.1" 200 8157
190.84.108.216 - - [11/Dec/2018:09:17:33 -0500] "GET /galeria/nivo-slider/demo/demo.html HTTP/1.1" 200 19633
190.84.108.216 - - [11/Dec/2018:09:17:33 -0500] "GET /galeria/nivo-slider/themes/default/default.css HTTP/1.1" 200 1569
190.84.108.216 - - [11/Dec/2018:09:17:33 -0500] "GET /galeria/nivo-slider/themes/pascal/pascal.css HTTP/1.1" 200 2258
190.84.108.216 - - [11/Dec/2018:09:17:33 -0500] "GET /galeria/nivo-slider/themes/orman/orman.css HTTP/1.1" 200 2152
190.84.108.216 - - [11/Dec/2018:09:17:33 -0500] "GET /galeria/nivo-slider/nivo-slider.css HTTP/1.1" 200 1507
190.84.108.216 - - [11/Dec/2018:09:17:33 -0500] "GET /galeria/nivo-slider/demo/style.css HTTP/1.1" 200 2222
190.84.108.216 - - [11/Dec/2018:09:17:33 -0500] "GET /galeria/nivo-slider/demo/scripts/jquery-1.7.1.min.js HTTP/1.1" 200 93868
190.84.108.216 - - [11/Dec/2018:09:17:34 -0500] "GET /galeria/nivo-slider/demo/images/Bannerweb_Tinguas.jpg HTTP/1.1" 200 258471
190.84.108.216 - - [11/Dec/2018:09:17:34 -0500] "GET /galeria/nivo-slider/jquery.nivo.slider.pack.js HTTP/1.1" 200 11561
190.84.108.216 - - [11/Dec/2018:09:17:34 -0500] "GET /galeria/nivo-slider/demo/images/Caminatas%20Ecol%C3%B3gicas%20Diciembre.jpg HTTP/1.1" 200 437964
190.84.108.216 - - [11/Dec/2018:09:17:34 -0500] "GET /galeria/nivo-slider/demo/images/Banner%20POT.png HTTP/1.1" 200 418238
181.48.85.165 - - [11/Dec/2018:09:17:33 -0500] "GET /BLA/boletinlegal/consulta_normativa.php?tipo=Ley&sector=residuos&ano=2008&resuelve=%20 HTTP/1.1" 200 922
181.48.85.165 - - [11/Dec/2018:09:17:34 -0500] "GET /BLA/boletinlegal/images/docs.png HTTP/1.1" 200 10288
190.84.108.216 - - [11/Dec/2018:09:17:34 -0500] "GET /galeria/nivo-slider/demo/images/Banner%20musgo.jpg HTTP/1.1" 200 380071
181.48.85.165 - - [11/Dec/2018:09:17:34 -0500] "GET /BLA/boletinlegal/consulta_normativa.php?tipo=Ley&sector=residuos&ano=2008&resuelve=%20 HTTP/1.1" 200 922
181.48.85.165 - - [11/Dec/2018:09:17:34 -0500] "GET /BLA/boletinlegal/consulta_normativa.php?tipo=Ley&sector=residuos&ano=2008&resuelve=%20 HTTP/1.1" 200 922
190.84.108.216 - - [11/Dec/2018:09:17:34 -0500] "GET /galeria/nivo-slider/demo/images/Banner%20Capacitaci%C3%B3n%20RCD.png HTTP/1.1" 200 299783
181.48.85.165 - - [11/Dec/2018:09:17:34 -0500] "GET /BLA/boletinlegal/consulta_normativa.php?tipo=Ley&sector=residuos&ano=2008&resuelve=%20 HTTP/1.1" 200 922
190.84.108.216 - - [11/Dec/2018:09:17:34 -0500] "GET /galeria/nivo-slider/demo/images/Banner%20Construcci%C3%B3n%20Sostenible.jpg HTTP/1.1" 200 112255
201.245.192.253 - - [11/Dec/2018:09:17:34 -0500] "POST /desprendiblespago/controlador HTTP/1.1" 200 6633
181.48.85.165 - - [11/Dec/2018:09:17:34 -0500] "GET /BLA/boletinlegal/consulta_normativa.php?tipo=Ley&sector=residuos&ano=2008&resuelve=%20 HTTP/1.1" 200 922
190.84.108.216 - - [11/Dec/2018:09:17:34 -0500] "GET /galeria/nivo-slider/demo/images/4Simple_Slider.png HTTP/1.1" 200 11722
190.84.108.216 - - [11/Dec/2018:09:17:35 -0500] "GET /galeria/nivo-slider/themes/default/loading.gif HTTP/1.1" 200 1737
190.84.108.216 - - [11/Dec/2018:09:17:35 -0500] "GET /galeria/nivo-slider/demo/images/BANNER%20punto.jpg HTTP/1.1" 200 75932
201.245.192.253 - - [11/Dec/2018:09:17:35 -0500] "POST /desprendiblespago/controlador HTTP/1.1" 200 9468
190.84.108.216 - - [11/Dec/2018:09:17:35 -0500] "GET /galeria/nivo-slider/demo/images/Cucos3_BannerWeb.png HTTP/1.1" 200 373609
190.84.108.216 - - [11/Dec/2018:09:17:36 -0500] "GET /galeria/nivo-slider/demo/images/Serpientes.jpg HTTP/1.1" 200 304010
190.84.108.216 - - [11/Dec/2018:09:17:36 -0500] "GET /galeria/nivo-slider/demo/images/Banneranonimos.png HTTP/1.1" 200 109388
190.84.108.216 - - [11/Dec/2018:09:17:36 -0500] "GET /galeria/nivo-slider/demo/images/web%20ingreso%20humedales.png HTTP/1.1" 200 641193
201.245.192.253 - - [11/Dec/2018:09:17:36 -0500] "GET /reportes_sipse/sdg/ServletReporte?reporte=solicitud_cdp&Solicitud=5038&pfdrid_c=false HTTP/1.1" 200 55909
201.245.192.253 - - [11/Dec/2018:09:17:38 -0500] "POST /sipse/faces/presentacion/financiero/solicitudProceso/consultarSolicitudProceso.xhtml HTTP/1.1" 302 -
201.245.192.253 - - [11/Dec/2018:09:17:39 -0500] "GET /sipse/faces/autenticacion.xhtml HTTP/1.1" 200 1099
190.62.244.0 - - [11/Dec/2018:09:17:39 -0500] "GET /galeria/galeria/fotos/Entrenube2G.jpg HTTP/1.1" 200 111422
201.245.192.253 - - [11/Dec/2018:09:17:39 -0500] "POST /sipse/faces/presentacion/financiero/solicitudProceso/consultarSolicitudProceso.xhtml HTTP/1.1" 302 -
201.245.192.253 - - [11/Dec/2018:09:17:39 -0500] "GET /sipse/faces/autenticacion.xhtml HTTP/1.1" 200 1099
201.245.192.253 - - [11/Dec/2018:09:17:39 -0500] "POST /sipse/faces/presentacion/financiero/solicitudProceso/consultarSolicitudProceso.xhtml HTTP/1.1" 302 -
201.245.192.253 - - [11/Dec/2018:09:17:39 -0500] "GET /sipse/faces/autenticacion.xhtml HTTP/1.1" 200 1099
181.48.85.165 - - [11/Dec/2018:09:17:39 -0500] "GET /BLA/boletinlegal/consulta_normativa.php?tipo=Ley&sector=residuos&ano=2007&resuelve=%20 HTTP/1.1" 200 454
201.245.192.253 - - [11/Dec/2018:09:17:39 -0500] "POST /sipse/faces/presentacion/financiero/solicitudProceso/consultarSolicitudProceso.xhtml HTTP/1.1" 200 76982
201.245.192.253 - - [11/Dec/2018:09:17:41 -0500] "GET /sipse/faces/javax.faces.resource/theme.css?ln=primefaces-sipse HTTP/1.1" 304 -
201.245.192.253 - - [11/Dec/2018:09:17:41 -0500] "GET /sipse/faces/javax.faces.resource/primefaces.css?ln=primefaces&v=4.0 HTTP/1.1" 304 -
201.245.192.253 - - [11/Dec/2018:09:17:41 -0500] "GET /sipse/faces/javax.faces.resource/jquery/jquery.js?ln=primefaces&v=4.0 HTTP/1.1" 304 -
201.245.192.253 - - [11/Dec/2018:09:17:41 -0500] "GET /sipse/faces/javax.faces.resource/jquery/jquery-plugins.js?ln=primefaces&v=4.0 HTTP/1.1" 304 -
201.245.192.253 - - [11/Dec/2018:09:17:41 -0500] "GET /sipse/faces/javax.faces.resource/layout/layout.css?ln=primefaces&v=4.0 HTTP/1.1" 304 -
201.245.192.253 - - [11/Dec/2018:09:17:41 -0500] "GET /sipse/faces/javax.faces.resource/primefaces.js?ln=primefaces&v=4.0 HTTP/1.1" 304 -
201.245.192.253 - - [11/Dec/2018:09:17:41 -0500] "GET /sipse/faces/javax.faces.resource/layout/layout.js?ln=primefaces&v=4.0 HTTP/1.1" 304 -
201.245.192.253 - - [11/Dec/2018:09:17:41 -0500] "GET /sipse/css/imagen/contrasena.png HTTP/1.1" 404 383
201.245.192.253 - - [11/Dec/2018:09:17:41 -0500] "GET /sipse/faces/javax.faces.resource/images/ui-icons_898989_256x240.png?ln=primefaces-aristo HTTP/1.1" 304 -
201.245.192.253 - - [11/Dec/2018:09:17:41 -0500] "GET /sipse/faces/javax.faces.resource/messages/messages.png?ln=primefaces&v=4.0 HTTP/1.1" 304 -
201.245.192.253 - - [11/Dec/2018:09:17:41 -0500] "GET /sipse/faces/javax.faces.resource/images/ui-bg_flat_0_2d5972_40x100.png?ln=primefaces-aristo HTTP/1.1" 304 -
201.245.192.253 - - [11/Dec/2018:09:17:41 -0500] "POST /sipse/faces/presentacion/financiero/solicitudProceso/listarSolicitudProceso.xhtml HTTP/1.1" 200 1452
201.245.192.253 - - [11/Dec/2018:09:17:41 -0500] "POST /sipse/faces/presentacion/financiero/solicitudProceso/listarSolicitudProceso.xhtml HTTP/1.1" 200 1452
181.48.85.165 - - [11/Dec/2018:09:17:43 -0500] "GET /BLA/boletinlegal/consulta_normativa.php?tipo=Ley&sector=residuos&ano=2008&resuelve=%20 HTTP/1.1" 200 922
201.245.192.253 - - [11/Dec/2018:09:17:44 -0500] "POST /sipse/faces/presentacion/financiero/solicitudProceso/listarSolicitudProceso.xhtml HTTP/1.1" 200 37694
201.245.192.253 - - [11/Dec/2018:09:17:45 -0500] "POST /sipse/faces/presentacion/financiero/solicitudProceso/listarSolicitudProceso.xhtml HTTP/1.1" 200 38486
201.245.192.253 - - [11/Dec/2018:09:17:48 -0500] "POST /sipse/faces/presentacion/financiero/solicitudProceso/listarSolicitudProceso.xhtml HTTP/1.1" 200 98900
201.245.192.253 - - [11/Dec/2018:09:17:48 -0500] "GET /sipse/faces/javax.faces.resource/jquery/jquery.js?ln=primefaces&v=4.0 HTTP/1.1" 304 -
201.245.192.253 - - [11/Dec/2018:09:17:48 -0500] "GET /sipse/faces/javax.faces.resource/jquery/jquery-plugins.js?ln=primefaces&v=4.0 HTTP/1.1" 304 -
201.245.192.253 - - [11/Dec/2018:09:17:48 -0500] "GET /sipse/faces/javax.faces.resource/primefaces.js?ln=primefaces&v=4.0 HTTP/1.1" 304 -
201.245.192.253 - - [11/Dec/2018:09:17:48 -0500] "GET /sipse/faces/javax.faces.resource/layout/layout.js?ln=primefaces&v=4.0 HTTP/1.1" 304 -
201.245.192.253 - - [11/Dec/2018:09:17:48 -0500] "GET /sipse/faces/javax.faces.resource/spacer/dot_clear.gif?ln=primefaces&v=4.0 HTTP/1.1" 304 -
201.245.192.253 - - [11/Dec/2018:09:17:48 -0500] "GET /reportes_sipse/sdg/ServletReporte?reporte=solicitud_cdp&Solicitud=5038&pfdrid_c=false HTTP/1.1" 200 55911
201.245.192.253 - - [11/Dec/2018:09:17:51 -0500] "POST /desprendiblespago/controlador HTTP/1.1" 200 2321
200.122.255.130 - - [11/Dec/2018:09:17:56 -0500] "GET /BLA/boletinlegal/js/jquery.scrollShow.js HTTP/1.1" 200 4586
200.122.255.130 - - [11/Dec/2018:09:17:56 -0500] "GET /galeria/galeria/jquery.fancybox.js?v=2.1.5 HTTP/1.1" 200 48706
200.122.255.130 - - [11/Dec/2018:09:17:56 -0500] "GET /galeria/galeria/jquery.fancybox.css?v=2.1.5 HTTP/1.1" 200 4895
200.122.255.130 - - [11/Dec/2018:09:18:00 -0500] "GET /BLA/boletinlegal/js/jquery.scrollShow.js HTTP/1.1" 304 -
200.122.255.130 - - [11/Dec/2018:09:18:00 -0500] "GET /galeria/galeria/jquery.fancybox.js?v=2.1.5 HTTP/1.1" 304 -
200.122.255.130 - - [11/Dec/2018:09:18:00 -0500] "GET /galeria/galeria/jquery.fancybox.css?v=2.1.5 HTTP/1.1" 304 -
186.86.32.2 - - [11/Dec/2018:09:18:11 -0500] "GET /BLA/boletinlegal/js/jquery.scrollShow.js HTTP/1.1" 200 4586
186.86.32.2 - - [11/Dec/2018:09:18:11 -0500] "GET /galeria/galeria/jquery.fancybox.js?v=2.1.5 HTTP/1.1" 200 48706
186.86.32.2 - - [11/Dec/2018:09:18:11 -0500] "GET /galeria/galeria/jquery.fancybox.css?v=2.1.5 HTTP/1.1" 200 4895
201.245.192.253 - - [11/Dec/2018:09:18:13 -0500] "POST /sipse/faces/presentacion/financiero/solicitudProceso/consultarSolicitudProceso.xhtml HTTP/1.1" 200 5216
201.245.192.253 - - [11/Dec/2018:09:18:13 -0500] "GET /reportes_sipse/sdg/ServletReporte?reporte=solicitud_cdp&Solicitud=5095&pfdrid_c=false HTTP/1.1" 200 43783
186.86.32.2 - - [11/Dec/2018:09:18:16 -0500] "GET /galeria/galeria/jquery.fancybox.js?v=2.1.5 HTTP/1.1" 304 -
186.86.32.2 - - [11/Dec/2018:09:18:16 -0500] "GET /BLA/boletinlegal/js/jquery.scrollShow.js HTTP/1.1" 304 -
186.86.32.2 - - [11/Dec/2018:09:18:16 -0500] "GET /galeria/galeria/jquery.fancybox.css?v=2.1.5 HTTP/1.1" 304 -
201.245.192.253 - - [11/Dec/2018:09:18:24 -0500] "GET /reportes_sipse/sdg/ServletReporte?reporte=solicitud_cdp&Solicitud=5095&pfdrid_c=false HTTP/1.1" 200 43783
192.168.175.104 - - [11/Dec/2018:09:18:27 -0500] "GET / HTTP/1.1" 200 9990
201.245.192.253 - - [11/Dec/2018:09:18:27 -0500] "POST /sipse/faces/presentacion/financiero/solicitudProceso/consultarSolicitudProceso.xhtml HTTP/1.1" 200 77493
201.245.192.253 - - [11/Dec/2018:09:18:29 -0500] "GET /sipse/faces/javax.faces.resource/layout/layout.css?ln=primefaces&v=4.0 HTTP/1.1" 304 -
201.245.192.253 - - [11/Dec/2018:09:18:29 -0500] "GET /sipse/faces/javax.faces.resource/theme.css?ln=primefaces-sipse HTTP/1.1" 304 -
201.245.192.253 - - [11/Dec/2018:09:18:29 -0500] "GET /sipse/faces/javax.faces.resource/jquery/jquery.js?ln=primefaces&v=4.0 HTTP/1.1" 304 -
201.245.192.253 - - [11/Dec/2018:09:18:29 -0500] "GET /sipse/faces/javax.faces.resource/jquery/jquery-plugins.js?ln=primefaces&v=4.0 HTTP/1.1" 304 -
201.245.192.253 - - [11/Dec/2018:09:18:29 -0500] "GET /sipse/faces/javax.faces.resource/layout/layout.js?ln=primefaces&v=4.0 HTTP/1.1" 304 -
201.245.192.253 - - [11/Dec/2018:09:18:29 -0500] "GET /sipse/faces/javax.faces.resource/primefaces.js?ln=primefaces&v=4.0 HTTP/1.1" 304 -
201.245.192.253 - - [11/Dec/2018:09:18:29 -0500] "GET /sipse/faces/javax.faces.resource/primefaces.css?ln=primefaces&v=4.0 HTTP/1.1" 304 -
201.245.192.253 - - [11/Dec/2018:09:18:29 -0500] "GET /sipse/css/imagen/contrasena.png HTTP/1.1" 404 383
201.245.192.253 - - [11/Dec/2018:09:18:29 -0500] "GET /sipse/faces/javax.faces.resource/images/ui-icons_898989_256x240.png?ln=primefaces-aristo HTTP/1.1" 304 -
201.245.192.253 - - [11/Dec/2018:09:18:29 -0500] "GET /sipse/faces/javax.faces.resource/messages/messages.png?ln=primefaces&v=4.0 HTTP/1.1" 304 -
201.245.192.253 - - [11/Dec/2018:09:18:29 -0500] "GET /sipse/faces/javax.faces.resource/images/ui-bg_flat_0_2d5972_40x100.png?ln=primefaces-aristo HTTP/1.1" 304 -
201.245.192.253 - - [11/Dec/2018:09:18:29 -0500] "POST /sipse/faces/presentacion/financiero/solicitudProceso/listarSolicitudProceso.xhtml HTTP/1.1" 200 1452
201.245.192.253 - - [11/Dec/2018:09:18:30 -0500] "POST /sipse/faces/presentacion/financiero/solicitudProceso/listarSolicitudProceso.xhtml HTTP/1.1" 200 1452
201.245.192.253 - - [11/Dec/2018:09:18:30 -0500] "GET /reportes_sipse/sdg/ServletReporte?reporte=solicitud_cdp&Solicitud=4998&pfdrid_c=false HTTP/1.1" 200 55848
138.121.14.118 - - [11/Dec/2018:09:18:31 -0500] "GET /galeria/galeria/jquery.fancybox.css?v=2.1.5 HTTP/1.1" 200 4895
138.121.14.118 - - [11/Dec/2018:09:18:31 -0500] "GET /BLA/boletinlegal/js/jquery.scrollShow.js HTTP/1.1" 200 4586
138.121.14.118 - - [11/Dec/2018:09:18:31 -0500] "GET /galeria/galeria/jquery.fancybox.js?v=2.1.5 HTTP/1.1" 200 48706
201.245.192.253 - - [11/Dec/2018:09:18:31 -0500] "POST /sipse/faces/presentacion/financiero/solicitudProceso/listarSolicitudProceso.xhtml HTTP/1.1" 200 37686
201.245.192.253 - - [11/Dec/2018:09:18:33 -0500] "POST /sipse/faces/presentacion/financiero/solicitudProceso/listarSolicitudProceso.xhtml HTTP/1.1" 200 34827
200.30.83.178 - - [11/Dec/2018:09:18:36 -0500] "GET /BLA/resoluciones/RESOLUCIONES%202015/1007.pdf HTTP/1.1" 200 740851
201.245.192.253 - - [11/Dec/2018:09:18:37 -0500] "POST /sipse/faces/presentacion/financiero/solicitudProceso/listarSolicitudProceso.xhtml HTTP/1.1" 200 99573
201.245.192.253 - - [11/Dec/2018:09:18:37 -0500] "GET /sipse/faces/javax.faces.resource/jquery/jquery.js?ln=primefaces&v=4.0 HTTP/1.1" 304 -
201.245.192.253 - - [11/Dec/2018:09:18:37 -0500] "GET /sipse/faces/javax.faces.resource/jquery/jquery-plugins.js?ln=primefaces&v=4.0 HTTP/1.1" 304 -
201.245.192.253 - - [11/Dec/2018:09:18:38 -0500] "GET /sipse/faces/javax.faces.resource/primefaces.js?ln=primefaces&v=4.0 HTTP/1.1" 304 -
201.245.192.253 - - [11/Dec/2018:09:18:38 -0500] "GET /sipse/faces/javax.faces.resource/layout/layout.js?ln=primefaces&v=4.0 HTTP/1.1" 304 -
201.245.192.253 - - [11/Dec/2018:09:18:38 -0500] "GET /sipse/faces/javax.faces.resource/spacer/dot_clear.gif?ln=primefaces&v=4.0 HTTP/1.1" 304 -
201.245.192.253 - - [11/Dec/2018:09:18:38 -0500] "GET /reportes_sipse/sdg/ServletReporte?reporte=solicitud_cdp&Solicitud=4998&pfdrid_c=false HTTP/1.1" 200 55848
200.30.83.178 - - [11/Dec/2018:09:18:39 -0500] "GET /favicon.ico HTTP/1.1" 200 7782
200.116.15.205 - - [11/Dec/2018:09:18:41 -0500] "GET /BLA/boletinlegal/js/jquery.scrollShow.js HTTP/1.1" 200 4586
200.116.15.205 - - [11/Dec/2018:09:18:41 -0500] "GET /galeria/galeria/jquery.fancybox.js?v=2.1.5 HTTP/1.1" 200 48706
200.116.15.205 - - [11/Dec/2018:09:18:41 -0500] "GET /galeria/galeria/jquery.fancybox.css?v=2.1.5 HTTP/1.1" 200 4895
200.116.15.205 - - [11/Dec/2018:09:18:42 -0500] "GET /galeria/carrusel/Carrusel/jquery.thumbnailScroller.css HTTP/1.1" 200 2066
200.116.15.205 - - [11/Dec/2018:09:18:43 -0500] "GET /galeria/carrusel/Carrusel/jquery-ui-1.8.13.custom.min.js HTTP/1.1" 200 10800
200.116.15.205 - - [11/Dec/2018:09:18:43 -0500] "GET /galeria/carrusel/Carrusel/jquery.thumbnailScroller.js HTTP/1.1" 200 8157
200.116.15.205 - - [11/Dec/2018:09:18:44 -0500] "GET /galeria/nivo-slider/demo/demo.html HTTP/1.1" 200 19633
200.116.15.205 - - [11/Dec/2018:09:18:48 -0500] "GET /galeria/nivo-slider/themes/default/default.css HTTP/1.1" 200 1569
200.116.15.205 - - [11/Dec/2018:09:18:48 -0500] "GET /galeria/nivo-slider/themes/pascal/pascal.css HTTP/1.1" 200 2258
200.116.15.205 - - [11/Dec/2018:09:18:48 -0500] "GET /galeria/nivo-slider/themes/orman/orman.css HTTP/1.1" 200 2152
200.116.15.205 - - [11/Dec/2018:09:18:49 -0500] "GET /galeria/nivo-slider/nivo-slider.css HTTP/1.1" 200 1507
200.116.15.205 - - [11/Dec/2018:09:18:49 -0500] "GET /galeria/nivo-slider/demo/style.css HTTP/1.1" 200 2222
200.116.15.205 - - [11/Dec/2018:09:18:49 -0500] "GET /galeria/nivo-slider/demo/images/Bannerweb_Tinguas.jpg HTTP/1.1" 200 258471
200.116.15.205 - - [11/Dec/2018:09:18:49 -0500] "GET /galeria/nivo-slider/jquery.nivo.slider.pack.js HTTP/1.1" 200 11561
200.116.15.205 - - [11/Dec/2018:09:18:49 -0500] "GET /galeria/nivo-slider/demo/scripts/jquery-1.7.1.min.js HTTP/1.1" 200 93868
200.116.15.205 - - [11/Dec/2018:09:18:49 -0500] "GET /galeria/nivo-slider/demo/images/Caminatas%20Ecol%C3%B3gicas%20Diciembre.jpg HTTP/1.1" 200 437964
200.116.15.205 - - [11/Dec/2018:09:18:49 -0500] "GET /galeria/nivo-slider/demo/images/Banner%20POT.png HTTP/1.1" 200 418238
200.116.15.205 - - [11/Dec/2018:09:18:49 -0500] "GET /galeria/nivo-slider/demo/images/Banner%20musgo.jpg HTTP/1.1" 200 380071
200.116.15.205 - - [11/Dec/2018:09:18:50 -0500] "GET /galeria/nivo-slider/demo/images/Banner%20Capacitaci%C3%B3n%20RCD.png HTTP/1.1" 200 299783
200.116.15.205 - - [11/Dec/2018:09:18:51 -0500] "GET /galeria/nivo-slider/demo/images/Banner%20Construcci%C3%B3n%20Sostenible.jpg HTTP/1.1" 200 112255
152.202.34.190 - - [11/Dec/2018:09:18:52 -0500] "GET /galeria/nivo-slider/demo/demo.html HTTP/1.1" 304 -
200.116.15.205 - - [11/Dec/2018:09:18:52 -0500] "GET /galeria/nivo-slider/demo/images/BANNER%20punto.jpg HTTP/1.1" 200 75932
200.116.15.205 - - [11/Dec/2018:09:18:52 -0500] "GET /galeria/nivo-slider/demo/images/Cucos3_BannerWeb.png HTTP/1.1" 200 373609
152.202.34.190 - - [11/Dec/2018:09:18:52 -0500] "GET /galeria/nivo-slider/demo/images/Caminatas%20Ecol%C3%B3gicas%20Diciembre.jpg HTTP/1.1" 304 -
152.202.34.190 - - [11/Dec/2018:09:18:52 -0500] "GET /galeria/nivo-slider/demo/images/Banner%20POT.png HTTP/1.1" 304 -
152.202.34.190 - - [11/Dec/2018:09:18:52 -0500] "GET /galeria/nivo-slider/demo/images/Banner%20musgo.jpg HTTP/1.1" 304 -
152.202.34.190 - - [11/Dec/2018:09:18:52 -0500] "GET /galeria/nivo-slider/demo/images/Banner%20Capacitaci%C3%B3n%20RCD.png HTTP/1.1" 304 -
200.116.15.205 - - [11/Dec/2018:09:18:53 -0500] "GET /galeria/nivo-slider/demo/images/Serpientes.jpg HTTP/1.1" 200 304010
190.130.110.32 - - [11/Dec/2018:09:18:53 -0500] "GET /galeria/galeria/jquery.fancybox.css?v=2.1.5 HTTP/1.1" 200 4895
200.116.15.205 - - [11/Dec/2018:09:18:54 -0500] "GET /galeria/nivo-slider/demo/images/Banneranonimos.png HTTP/1.1" 200 109388
190.130.110.32 - - [11/Dec/2018:09:18:54 -0500] "GET /BLA/boletinlegal/js/jquery.scrollShow.js HTTP/1.1" 200 4586
190.130.110.32 - - [11/Dec/2018:09:18:54 -0500] "GET /galeria/galeria/jquery.fancybox.js?v=2.1.5 HTTP/1.1" 200 48706
200.116.15.205 - - [11/Dec/2018:09:18:55 -0500] "GET /galeria/nivo-slider/demo/images/4Simple_Slider.png HTTP/1.1" 200 11722
200.116.15.205 - - [11/Dec/2018:09:18:55 -0500] "GET /galeria/nivo-slider/themes/default/loading.gif HTTP/1.1" 200 1737
200.116.15.205 - - [11/Dec/2018:09:18:55 -0500] "GET /galeria/nivo-slider/demo/images/web%20ingreso%20humedales.png HTTP/1.1" 200 641193
200.116.15.205 - - [11/Dec/2018:09:18:56 -0500] "GET /galeria/nivo-slider/demo/images/gobierno%20digital-01.jpg HTTP/1.1" 200 116163
200.116.15.205 - - [11/Dec/2018:09:18:56 -0500] "GET /galeria/nivo-slider/demo/images/Otorgamiento-excelencia-ambiental-Jos%C3%A9-Celestino-Mutis-2.jpg HTTP/1.1" 200 276467
200.116.15.205 - - [11/Dec/2018:09:18:56 -0500] "GET /galeria/nivo-slider/demo/images/Banner_micrositio.png HTTP/1.1" 200 146950
200.116.15.205 - - [11/Dec/2018:09:18:56 -0500] "GET /galeria/nivo-slider/demo/images/avances-sentencias-rio-bogota-2.jpg HTTP/1.1" 200 304916
200.116.15.205 - - [11/Dec/2018:09:18:56 -0500] "GET /galeria/nivo-slider/demo/images/BANNER%20VAN%20DER%20HAMMEN.jpg HTTP/1.1" 200 64172
200.116.15.205 - - [11/Dec/2018:09:18:57 -0500] "GET /galeria/nivo-slider/demo/images/maximavelocidad.png HTTP/1.1" 200 880272
200.116.15.205 - - [11/Dec/2018:09:18:57 -0500] "GET /galeria/nivo-slider/demo/images/banner-humedales-de-bogota.jpg HTTP/1.1" 200 292611
200.116.15.205 - - [11/Dec/2018:09:18:57 -0500] "GET /galeria/nivo-slider/demo/images/banner%20aceite%20vegetal%20usado.jpg HTTP/1.1" 200 169350
200.116.15.205 - - [11/Dec/2018:09:18:58 -0500] "GET /galeria/nivo-slider/demo/images/bannerlumina2017web.jpg HTTP/1.1" 200 198918
200.116.15.205 - - [11/Dec/2018:09:18:59 -0500] "GET /galeria/nivo-slider/demo/images/banner-bolsas-plasticas.jpg HTTP/1.1" 200 317939
192.168.175.104 - - [11/Dec/2018:09:18:59 -0500] "GET / HTTP/1.0" 200 9990
66.249.70.11 - - [11/Dec/2018:09:19:01 -0500] "GET /BLA/resoluciones/RESOLUCIONES%202009/0114.pdf HTTP/1.1" 200 188468
172.22.2.1 - - [11/Dec/2018:09:19:05 -0500] "GET /reportes_sipse/sdg/ServletFirma?solicitud=4998 HTTP/1.1" 200 -
191.92.197.165 - - [11/Dec/2018:09:19:06 -0500] "GET /galeria/galeria/fotos/mirador2G.jpg HTTP/1.1" 200 115084
200.116.15.205 - - [11/Dec/2018:09:19:08 -0500] "GET /galeria/nivo-slider/themes/default/arrows.png HTTP/1.1" 200 824
200.116.15.205 - - [11/Dec/2018:09:19:08 -0500] "GET /galeria/nivo-slider/themes/default/bullets.png HTTP/1.1" 200 1281
201.245.192.253 - - [11/Dec/2018:09:19:17 -0500] "GET /reportes_sipse/sdg/ServletReporte?reporte=solicitud_cdp&Solicitud=4998&pfdrid_c=false HTTP/1.1" 200 55848
191.92.197.165 - - [11/Dec/2018:09:19:20 -0500] "GET /galeria/galeria/fotos/mirador4G.jpg HTTP/1.1" 200 159827
