66.249.70.9 - - [22/Dec/2018:16:29:01 -0500] "GET / HTTP/1.1" 200 9990
192.168.175.104 - - [22/Dec/2018:16:29:32 -0500] "GET / HTTP/1.0" 200 9990
66.249.88.95 - - [22/Dec/2018:16:30:22 -0500] "GET /BLA/boletinlegal/js/jquery.scrollShow.js HTTP/1.1" 200 4586
66.249.88.95 - - [22/Dec/2018:16:30:22 -0500] "GET /galeria/galeria/jquery.fancybox.js?v=2.1.5 HTTP/1.1" 200 48706
66.249.88.95 - - [22/Dec/2018:16:30:22 -0500] "GET /galeria/galeria/jquery.fancybox.css?v=2.1.5 HTTP/1.1" 200 4895
207.46.13.108 - - [22/Dec/2018:16:30:48 -0500] "GET /POT-2013/Cartografia/34_EST_ORDENAMIENTO%20PARA%20EL%20SUELO_RURAL.pdf HTTP/1.1" 200 3028053
66.249.70.9 - - [22/Dec/2018:16:31:21 -0500] "GET /BLA/resoluciones/AUTOS%202012/0663.pdf HTTP/1.1" 304 -
66.249.70.11 - - [22/Dec/2018:16:32:35 -0500] "GET /galeria/galeria/jquery.fancybox.js?v=2.1.5 HTTP/1.1" 200 48706
66.249.70.13 - - [22/Dec/2018:16:32:36 -0500] "GET /galeria/galeria/jquery.fancybox.css?v=2.1.5 HTTP/1.1" 200 4895
186.115.56.212 - - [22/Dec/2018:16:32:37 -0500] "GET /BLA/resoluciones/RESOLUCIONES%202007/RES%202007%202501%20AL%202600/RESOLUCION%202542%20DE%202007.pdf HTTP/1.1" 200 867071
66.249.70.13 - - [22/Dec/2018:16:32:37 -0500] "GET /BLA/boletinlegal/js/jquery.scrollShow.js HTTP/1.1" 200 4586
66.249.70.11 - - [22/Dec/2018:16:32:55 -0500] "GET / HTTP/1.1" 200 9990
66.249.70.11 - - [22/Dec/2018:16:32:57 -0500] "GET /galeria/galeria/jquery.fancybox.js?v=2.1.5 HTTP/1.1" 304 -
66.249.70.11 - - [22/Dec/2018:16:32:57 -0500] "GET /BLA/boletinlegal/js/jquery.scrollShow.js HTTP/1.1" 304 -
66.249.70.11 - - [22/Dec/2018:16:32:58 -0500] "GET /galeria/galeria/jquery.fancybox.css?v=2.1.5 HTTP/1.1" 304 -
201.245.192.253 - - [22/Dec/2018:16:32:29 -0500] "POST /kwsrmcab/Wsrmcab HTTP/1.1" 200 29202
186.113.10.19 - - [22/Dec/2018:16:33:16 -0500] "GET /galeria/nivo-slider/demo/images/educacionambiental1.jpg HTTP/1.1" 304 -
66.249.70.9 - - [22/Dec/2018:16:33:41 -0500] "GET /BLA/resoluciones/index.php?dir=RESOLUCIONES+2004%2FRES+2004+101-150%2F HTTP/1.1" 200 12033
69.162.124.233 - - [22/Dec/2018:16:33:45 -0500] "HEAD / HTTP/1.1" 200 -
192.168.175.104 - - [22/Dec/2018:16:33:59 -0500] "GET / HTTP/1.1" 200 9990
66.249.70.9 - - [22/Dec/2018:16:34:12 -0500] "GET /BLA/resoluciones/RESOLUCIONES%202004/RES%202004%20101-150/00000103.tif HTTP/1.1" 200 279966
66.249.70.9 - - [22/Dec/2018:16:34:23 -0500] "GET /BLA/resoluciones/RESOLUCIONES%202010/1089.pdf HTTP/1.1" 200 110386
192.168.175.104 - - [22/Dec/2018:16:34:30 -0500] "GET / HTTP/1.0" 200 9990
181.49.88.248 - - [22/Dec/2018:16:34:43 -0500] "GET /galeria/galeria/jquery.fancybox.css?v=2.1.5 HTTP/1.1" 200 4895
181.49.88.248 - - [22/Dec/2018:16:34:43 -0500] "GET /BLA/boletinlegal/js/jquery.scrollShow.js HTTP/1.1" 200 4586
181.49.88.248 - - [22/Dec/2018:16:34:43 -0500] "GET /galeria/galeria/jquery.fancybox.js?v=2.1.5 HTTP/1.1" 200 48706
157.55.39.203 - - [22/Dec/2018:16:35:59 -0500] "GET /galeria/galeria/fotos/Jaboque4G.jpg HTTP/1.1" 200 295106
190.27.0.249 - - [22/Dec/2018:16:36:00 -0500] "GET /BLA/boletinlegal/js/jquery.scrollShow.js HTTP/1.1" 200 4586
66.249.70.13 - - [22/Dec/2018:16:36:02 -0500] "GET /BLA/resoluciones/AUTOS%202007/1829.pdf HTTP/1.1" 200 30212
200.69.77.51 - - [22/Dec/2018:16:36:06 -0500] "GET /galeria/galeria/jquery.fancybox.css?v=2.1.5 HTTP/1.1" 200 4895
200.69.77.51 - - [22/Dec/2018:16:36:06 -0500] "GET /galeria/carrusel/Carrusel/jquery.thumbnailScroller.css HTTP/1.1" 200 2066
200.69.77.51 - - [22/Dec/2018:16:36:06 -0500] "GET /BLA/boletinlegal/js/jquery.scrollShow.js HTTP/1.1" 200 4586
200.69.77.51 - - [22/Dec/2018:16:36:06 -0500] "GET /galeria/galeria/jquery.fancybox.js?v=2.1.5 HTTP/1.1" 200 48706
157.55.39.203 - - [22/Dec/2018:16:36:08 -0500] "GET /BLA/resoluciones/RESOLUCIONES%202015/0995.pdf HTTP/1.1" 200 6388920
200.69.77.51 - - [22/Dec/2018:16:36:11 -0500] "GET /galeria/carrusel/Carrusel/jquery-ui-1.8.13.custom.min.js HTTP/1.1" 200 10800
200.69.77.51 - - [22/Dec/2018:16:36:15 -0500] "GET /galeria/carrusel/Carrusel/jquery.thumbnailScroller.js HTTP/1.1" 200 8157
157.55.39.203 - - [22/Dec/2018:16:36:05 -0500] "GET /BLA/boletinlegal/Directivas/2017/Directiva%20No.%2002%20del%2017%20de%20Enero%20de%202017.pdf HTTP/1.1" 200 3521427
181.57.240.0 - - [22/Dec/2018:16:37:04 -0500] "GET /galeria/carrusel/Carrusel/jquery.thumbnailScroller.css HTTP/1.1" 200 2066
181.57.240.0 - - [22/Dec/2018:16:37:04 -0500] "GET /galeria/carrusel/Carrusel/jquery-ui-1.8.13.custom.min.js HTTP/1.1" 200 10800
181.57.240.0 - - [22/Dec/2018:16:37:04 -0500] "GET /galeria/carrusel/Carrusel/jquery.thumbnailScroller.js HTTP/1.1" 200 8157
181.57.240.0 - - [22/Dec/2018:16:37:04 -0500] "GET /galeria/nivo-slider/demo/demo.html HTTP/1.1" 200 20142
181.57.240.0 - - [22/Dec/2018:16:37:05 -0500] "GET /galeria/nivo-slider/themes/default/default.css HTTP/1.1" 200 1569
181.57.240.0 - - [22/Dec/2018:16:37:05 -0500] "GET /galeria/nivo-slider/themes/pascal/pascal.css HTTP/1.1" 200 2258
181.57.240.0 - - [22/Dec/2018:16:37:05 -0500] "GET /galeria/nivo-slider/nivo-slider.css HTTP/1.1" 200 1507
181.57.240.0 - - [22/Dec/2018:16:37:05 -0500] "GET /galeria/nivo-slider/themes/orman/orman.css HTTP/1.1" 200 2152
181.57.240.0 - - [22/Dec/2018:16:37:05 -0500] "GET /galeria/nivo-slider/demo/style.css HTTP/1.1" 200 2222
181.57.240.0 - - [22/Dec/2018:16:37:05 -0500] "GET /galeria/nivo-slider/demo/scripts/jquery-1.7.1.min.js HTTP/1.1" 200 93868
181.57.240.0 - - [22/Dec/2018:16:37:05 -0500] "GET /galeria/nivo-slider/demo/images/Trafico%20de%20fauna.jpg HTTP/1.1" 200 198327
181.57.240.0 - - [22/Dec/2018:16:37:05 -0500] "GET /galeria/nivo-slider/jquery.nivo.slider.pack.js HTTP/1.1" 200 11561
181.57.240.0 - - [22/Dec/2018:16:37:05 -0500] "GET /galeria/nivo-slider/demo/images/Bannerweb_Tinguas.jpg HTTP/1.1" 200 258471
181.57.240.0 - - [22/Dec/2018:16:37:05 -0500] "GET /galeria/nivo-slider/demo/images/Caminatas%20Ecol%C3%B3gicas%20Diciembre.jpg HTTP/1.1" 200 437964
181.57.240.0 - - [22/Dec/2018:16:37:05 -0500] "GET /galeria/nivo-slider/demo/images/Banner%20POT.png HTTP/1.1" 200 418238
181.57.240.0 - - [22/Dec/2018:16:37:05 -0500] "GET /galeria/nivo-slider/demo/images/Banner%20musgo.jpg HTTP/1.1" 200 380071
181.57.240.0 - - [22/Dec/2018:16:37:06 -0500] "GET /galeria/nivo-slider/demo/images/4Simple_Slider.png HTTP/1.1" 200 11722
181.57.240.0 - - [22/Dec/2018:16:37:06 -0500] "GET /galeria/nivo-slider/themes/default/loading.gif HTTP/1.1" 200 1737
181.57.240.0 - - [22/Dec/2018:16:37:07 -0500] "GET /galeria/nivo-slider/demo/images/Resultados%20Eco%20Empresarial%20web.jpg HTTP/1.1" 200 228464
181.57.240.0 - - [22/Dec/2018:16:37:07 -0500] "GET /galeria/nivo-slider/demo/images/Pot_banner.jpg HTTP/1.1" 200 204736
181.57.240.0 - - [22/Dec/2018:16:37:07 -0500] "GET /galeria/nivo-slider/demo/images/BANNER%20punto.jpg HTTP/1.1" 200 75932
181.57.240.0 - - [22/Dec/2018:16:37:08 -0500] "GET /galeria/nivo-slider/demo/images/Cucos3_BannerWeb.png HTTP/1.1" 200 373609
181.57.240.0 - - [22/Dec/2018:16:37:08 -0500] "GET /galeria/nivo-slider/demo/images/Serpientes.jpg HTTP/1.1" 200 304010
181.57.240.0 - - [22/Dec/2018:16:37:08 -0500] "GET /galeria/nivo-slider/demo/images/Banneranonimos.png HTTP/1.1" 200 109388
181.57.240.0 - - [22/Dec/2018:16:37:08 -0500] "GET /galeria/nivo-slider/demo/images/web%20ingreso%20humedales.png HTTP/1.1" 200 641193
181.57.240.0 - - [22/Dec/2018:16:37:08 -0500] "GET /galeria/nivo-slider/demo/images/gobierno%20digital-01.jpg HTTP/1.1" 200 116163
181.57.240.0 - - [22/Dec/2018:16:37:09 -0500] "GET /galeria/nivo-slider/demo/images/Otorgamiento-excelencia-ambiental-Jos%C3%A9-Celestino-Mutis-2.jpg HTTP/1.1" 200 276467
181.57.240.0 - - [22/Dec/2018:16:37:09 -0500] "GET /galeria/nivo-slider/demo/images/Banner_micrositio.png HTTP/1.1" 200 146950
181.57.240.0 - - [22/Dec/2018:16:37:09 -0500] "GET /galeria/nivo-slider/demo/images/avances-sentencias-rio-bogota-2.jpg HTTP/1.1" 200 304916
181.57.240.0 - - [22/Dec/2018:16:37:10 -0500] "GET /galeria/nivo-slider/demo/images/BANNER%20VAN%20DER%20HAMMEN.jpg HTTP/1.1" 200 64172
181.57.240.0 - - [22/Dec/2018:16:37:10 -0500] "GET /galeria/nivo-slider/demo/images/banner-humedales-de-bogota.jpg HTTP/1.1" 200 292611
181.57.240.0 - - [22/Dec/2018:16:37:10 -0500] "GET /galeria/nivo-slider/demo/images/maximavelocidad.png HTTP/1.1" 200 880272
181.57.240.0 - - [22/Dec/2018:16:37:10 -0500] "GET /galeria/nivo-slider/demo/images/banner%20aceite%20vegetal%20usado.jpg HTTP/1.1" 200 169350
181.57.240.0 - - [22/Dec/2018:16:37:11 -0500] "GET /galeria/nivo-slider/demo/images/bannerlumina2017web.jpg HTTP/1.1" 200 198918
181.57.240.0 - - [22/Dec/2018:16:37:11 -0500] "GET /galeria/nivo-slider/demo/images/banner-bolsas-plasticas.jpg HTTP/1.1" 200 317939
181.57.240.0 - - [22/Dec/2018:16:37:16 -0500] "GET /galeria/nivo-slider/themes/default/arrows.png HTTP/1.1" 200 824
181.57.240.0 - - [22/Dec/2018:16:37:16 -0500] "GET /galeria/nivo-slider/themes/default/bullets.png HTTP/1.1" 200 1281
201.184.80.170 - - [22/Dec/2018:16:38:05 -0500] "-" 408 -
66.249.70.9 - - [22/Dec/2018:16:38:22 -0500] "GET /BLA/resoluciones/AUTOS%202010/5535.pdf HTTP/1.1" 200 1006218
69.162.124.233 - - [22/Dec/2018:16:38:45 -0500] "HEAD / HTTP/1.1" 200 -
192.168.175.104 - - [22/Dec/2018:16:38:57 -0500] "GET / HTTP/1.1" 200 9990
186.155.14.74 - - [22/Dec/2018:16:39:16 -0500] "GET /galeria/galeria/jquery.fancybox.js?v=2.1.5 HTTP/1.1" 200 48706
186.155.14.74 - - [22/Dec/2018:16:39:16 -0500] "GET /galeria/galeria/jquery.fancybox.css?v=2.1.5 HTTP/1.1" 200 4895
186.155.14.74 - - [22/Dec/2018:16:39:16 -0500] "GET /BLA/boletinlegal/js/jquery.scrollShow.js HTTP/1.1" 200 4586
192.168.175.104 - - [22/Dec/2018:16:39:28 -0500] "GET / HTTP/1.0" 200 9990
66.249.70.11 - - [22/Dec/2018:16:39:55 -0500] "GET /BLA/resoluciones/RESOLUCIONES%202009/0161.pdf HTTP/1.1" 200 266693
186.154.85.1 - - [22/Dec/2018:16:40:11 -0500] "GET /BLA/boletinlegal/js/jquery.scrollShow.js HTTP/1.1" 200 4586
186.154.85.1 - - [22/Dec/2018:16:40:11 -0500] "GET /galeria/galeria/jquery.fancybox.js?v=2.1.5 HTTP/1.1" 200 48706
186.154.85.1 - - [22/Dec/2018:16:40:11 -0500] "GET /galeria/galeria/jquery.fancybox.css?v=2.1.5 HTTP/1.1" 200 4895
186.154.85.1 - - [22/Dec/2018:16:40:17 -0500] "GET /BLA/boletinlegal/js/jquery.scrollShow.js HTTP/1.1" 304 -
186.154.85.1 - - [22/Dec/2018:16:40:17 -0500] "GET /galeria/galeria/jquery.fancybox.css?v=2.1.5 HTTP/1.1" 304 -
186.154.85.1 - - [22/Dec/2018:16:40:17 -0500] "GET /galeria/galeria/jquery.fancybox.js?v=2.1.5 HTTP/1.1" 304 -
66.249.70.9 - - [22/Dec/2018:16:40:42 -0500] "GET /BLA/resoluciones/AUTOS%202013/1091.pdf HTTP/1.1" 200 1572045
186.85.51.201 - - [22/Dec/2018:16:42:06 -0500] "GET /galeria/galeria/jquery.fancybox.css?v=2.1.5 HTTP/1.1" 200 4895
186.85.51.201 - - [22/Dec/2018:16:42:06 -0500] "GET /BLA/boletinlegal/js/jquery.scrollShow.js HTTP/1.1" 200 4586
186.85.51.201 - - [22/Dec/2018:16:42:06 -0500] "GET /galeria/galeria/jquery.fancybox.js?v=2.1.5 HTTP/1.1" 200 48706
66.249.70.13 - - [22/Dec/2018:16:42:16 -0500] "GET /BLA/resoluciones/AUTOS%202011/4119.pdf HTTP/1.1" 200 233901
66.249.70.9 - - [22/Dec/2018:16:43:03 -0500] "GET /BLA/resoluciones/AUTOS%202015/2434.pdf HTTP/1.1" 200 535551
14.231.151.159 - - [22/Dec/2018:16:43:31 -0500] "GET / HTTP/1.0" 200 9990
69.162.124.233 - - [22/Dec/2018:16:43:45 -0500] "HEAD / HTTP/1.1" 200 -
192.168.175.104 - - [22/Dec/2018:16:43:55 -0500] "GET / HTTP/1.1" 200 9990
192.168.175.104 - - [22/Dec/2018:16:44:26 -0500] "GET / HTTP/1.0" 200 9990
66.249.88.64 - - [22/Dec/2018:16:44:27 -0500] "GET /galeria/galeria/jquery.fancybox.css?v=2.1.5 HTTP/1.1" 200 4895
66.249.88.93 - - [22/Dec/2018:16:44:27 -0500] "GET /galeria/carrusel/Carrusel/jquery.thumbnailScroller.css HTTP/1.1" 200 2066
66.249.88.95 - - [22/Dec/2018:16:44:27 -0500] "GET /BLA/boletinlegal/js/jquery.scrollShow.js HTTP/1.1" 200 4586
66.249.88.95 - - [22/Dec/2018:16:44:27 -0500] "GET /galeria/galeria/jquery.fancybox.js?v=2.1.5 HTTP/1.1" 200 48706
47.91.231.225 - - [22/Dec/2018:16:44:27 -0500] "-" 408 -
66.249.88.93 - - [22/Dec/2018:16:44:27 -0500] "GET /galeria/carrusel/Carrusel/jquery-ui-1.8.13.custom.min.js HTTP/1.1" 200 10800
66.249.88.64 - - [22/Dec/2018:16:44:28 -0500] "GET /galeria/carrusel/Carrusel/jquery.thumbnailScroller.js HTTP/1.1" 200 8157
66.249.88.93 - - [22/Dec/2018:16:44:29 -0500] "GET /galeria/nivo-slider/demo/demo.html HTTP/1.1" 200 20142
66.249.88.93 - - [22/Dec/2018:16:44:29 -0500] "GET /galeria/nivo-slider/demo/style.css HTTP/1.1" 200 2222
66.249.88.95 - - [22/Dec/2018:16:44:29 -0500] "GET /galeria/nivo-slider/demo/images/Trafico%20de%20fauna.jpg HTTP/1.1" 200 198327
66.249.88.64 - - [22/Dec/2018:16:44:29 -0500] "GET /galeria/nivo-slider/themes/default/default.css HTTP/1.1" 200 1569
66.249.88.95 - - [22/Dec/2018:16:44:29 -0500] "GET /galeria/nivo-slider/nivo-slider.css HTTP/1.1" 200 1507
66.249.88.93 - - [22/Dec/2018:16:44:29 -0500] "GET /galeria/nivo-slider/themes/pascal/pascal.css HTTP/1.1" 200 2258
66.249.88.64 - - [22/Dec/2018:16:44:29 -0500] "GET /galeria/nivo-slider/themes/orman/orman.css HTTP/1.1" 200 2152
66.249.88.93 - - [22/Dec/2018:16:44:29 -0500] "GET /galeria/nivo-slider/demo/scripts/jquery-1.7.1.min.js HTTP/1.1" 200 93868
66.249.88.95 - - [22/Dec/2018:16:44:29 -0500] "GET /galeria/nivo-slider/jquery.nivo.slider.pack.js HTTP/1.1" 200 11561
66.249.88.64 - - [22/Dec/2018:16:44:29 -0500] "GET /galeria/nivo-slider/demo/images/Bannerweb_Tinguas.jpg HTTP/1.1" 200 258471
66.249.88.93 - - [22/Dec/2018:16:44:30 -0500] "GET /galeria/nivo-slider/demo/images/Caminatas%20Ecol%C3%B3gicas%20Diciembre.jpg HTTP/1.1" 200 437964
66.249.88.93 - - [22/Dec/2018:16:44:30 -0500] "GET /galeria/nivo-slider/themes/default/loading.gif HTTP/1.1" 200 1737
66.249.88.93 - - [22/Dec/2018:16:44:30 -0500] "GET /galeria/nivo-slider/demo/images/4Simple_Slider.png HTTP/1.1" 200 11722
66.249.88.95 - - [22/Dec/2018:16:44:32 -0500] "GET /galeria/nivo-slider/demo/images/Banner%20POT.png HTTP/1.1" 200 418238
66.249.88.64 - - [22/Dec/2018:16:44:33 -0500] "GET /galeria/nivo-slider/demo/images/Banner%20musgo.jpg HTTP/1.1" 200 380071
66.249.88.95 - - [22/Dec/2018:16:44:33 -0500] "GET /galeria/nivo-slider/demo/images/Resultados%20Eco%20Empresarial%20web.jpg HTTP/1.1" 200 228464
66.249.88.95 - - [22/Dec/2018:16:44:33 -0500] "GET /galeria/nivo-slider/demo/images/Pot_banner.jpg HTTP/1.1" 200 204736
66.249.88.95 - - [22/Dec/2018:16:44:34 -0500] "GET /galeria/nivo-slider/demo/images/BANNER%20punto.jpg HTTP/1.1" 200 75932
66.249.88.93 - - [22/Dec/2018:16:44:34 -0500] "GET /galeria/nivo-slider/demo/images/Cucos3_BannerWeb.png HTTP/1.1" 200 373609
66.249.88.64 - - [22/Dec/2018:16:44:36 -0500] "GET /galeria/nivo-slider/demo/images/Serpientes.jpg HTTP/1.1" 200 304010
66.249.88.95 - - [22/Dec/2018:16:44:36 -0500] "GET /galeria/nivo-slider/demo/images/Banneranonimos.png HTTP/1.1" 200 109388
66.249.88.64 - - [22/Dec/2018:16:44:36 -0500] "GET /galeria/nivo-slider/demo/images/web%20ingreso%20humedales.png HTTP/1.1" 200 641193
66.249.88.93 - - [22/Dec/2018:16:44:36 -0500] "GET /galeria/nivo-slider/demo/images/Otorgamiento-excelencia-ambiental-Jos%C3%A9-Celestino-Mutis-2.jpg HTTP/1.1" 200 276467
66.249.88.64 - - [22/Dec/2018:16:44:36 -0500] "GET /galeria/nivo-slider/demo/images/gobierno%20digital-01.jpg HTTP/1.1" 200 116163
66.249.88.64 - - [22/Dec/2018:16:44:37 -0500] "GET /galeria/nivo-slider/demo/images/Banner_micrositio.png HTTP/1.1" 200 146950
66.249.88.64 - - [22/Dec/2018:16:44:37 -0500] "GET /galeria/nivo-slider/demo/images/avances-sentencias-rio-bogota-2.jpg HTTP/1.1" 200 304916
66.249.88.95 - - [22/Dec/2018:16:44:37 -0500] "GET /galeria/nivo-slider/demo/images/BANNER%20VAN%20DER%20HAMMEN.jpg HTTP/1.1" 200 64172
66.249.88.64 - - [22/Dec/2018:16:44:37 -0500] "GET /galeria/nivo-slider/demo/images/banner-humedales-de-bogota.jpg HTTP/1.1" 200 292611
66.249.88.93 - - [22/Dec/2018:16:44:37 -0500] "GET /galeria/nivo-slider/demo/images/maximavelocidad.png HTTP/1.1" 200 880272
66.249.88.64 - - [22/Dec/2018:16:44:38 -0500] "GET /galeria/nivo-slider/demo/images/bannerlumina2017web.jpg HTTP/1.1" 200 198918
66.249.88.93 - - [22/Dec/2018:16:44:38 -0500] "GET /galeria/nivo-slider/demo/images/banner%20aceite%20vegetal%20usado.jpg HTTP/1.1" 200 169350
66.249.88.64 - - [22/Dec/2018:16:44:40 -0500] "GET /galeria/nivo-slider/demo/images/web%20ingreso%20humedales.png HTTP/1.1" 200 641193
66.249.88.93 - - [22/Dec/2018:16:44:40 -0500] "GET /galeria/nivo-slider/demo/images/maximavelocidad.png HTTP/1.1" 200 880272
66.249.88.95 - - [22/Dec/2018:16:44:40 -0500] "GET /galeria/nivo-slider/demo/images/bannerlumina2017web.jpg HTTP/1.1" 200 198918
66.249.88.95 - - [22/Dec/2018:16:44:40 -0500] "GET /galeria/nivo-slider/demo/images/banner-humedales-de-bogota.jpg HTTP/1.1" 200 292611
66.249.88.95 - - [22/Dec/2018:16:44:40 -0500] "GET /galeria/nivo-slider/demo/images/Otorgamiento-excelencia-ambiental-Jos%C3%A9-Celestino-Mutis-2.jpg HTTP/1.1" 200 276467
66.249.88.95 - - [22/Dec/2018:16:44:40 -0500] "GET /galeria/nivo-slider/demo/images/banner%20aceite%20vegetal%20usado.jpg HTTP/1.1" 200 169350
66.249.88.64 - - [22/Dec/2018:16:44:41 -0500] "GET /galeria/nivo-slider/demo/images/banner-bolsas-plasticas.jpg HTTP/1.1" 200 317939
66.249.88.95 - - [22/Dec/2018:16:44:44 -0500] "GET /galeria/nivo-slider/themes/default/arrows.png HTTP/1.1" 200 824
66.249.88.64 - - [22/Dec/2018:16:44:44 -0500] "GET /galeria/nivo-slider/themes/default/bullets.png HTTP/1.1" 200 1281
216.244.66.195 - - [22/Dec/2018:16:45:07 -0500] "GET /robots.txt HTTP/1.1" 404 1018
66.249.70.9 - - [22/Dec/2018:16:46:10 -0500] "GET /BLA/resoluciones/AUTOS%202015/4758.pdf HTTP/1.1" 200 565761
66.249.88.64 - - [22/Dec/2018:16:46:30 -0500] "GET /galeria/galeria/jquery.fancybox.css?v=2.1.5 HTTP/1.1" 200 4895
66.249.88.95 - - [22/Dec/2018:16:46:30 -0500] "GET /galeria/galeria/jquery.fancybox.js?v=2.1.5 HTTP/1.1" 200 48706
66.249.88.64 - - [22/Dec/2018:16:46:30 -0500] "GET /BLA/boletinlegal/js/jquery.scrollShow.js HTTP/1.1" 200 4586
200.71.47.69 - - [22/Dec/2018:16:46:33 -0500] "GET /BLA/boletinlegal/js/jquery.scrollShow.js HTTP/1.1" 200 4586
200.71.47.69 - - [22/Dec/2018:16:46:33 -0500] "GET /galeria/galeria/jquery.fancybox.css?v=2.1.5 HTTP/1.1" 200 4895
200.71.47.69 - - [22/Dec/2018:16:46:33 -0500] "GET /galeria/galeria/jquery.fancybox.js?v=2.1.5 HTTP/1.1" 200 48706
172.58.97.68 - - [22/Dec/2018:16:46:42 -0500] "GET /galeria/galeria/fotos/mirador2G.jpg HTTP/1.1" 200 115084
66.249.70.9 - - [22/Dec/2018:16:46:56 -0500] "GET /BLA/resoluciones/RESOLUCIONES%202007/RES%202007%20601%20AL%20700/RESOLUCION%200681%20DE%202007.pdf HTTP/1.1" 200 1058317
193.128.108.226 - - [22/Dec/2018:16:46:58 -0500] "GET /BLA/resoluciones/AUTOS%202017/3865.pdf HTTP/1.1" 200 296247
66.249.70.11 - - [22/Dec/2018:16:47:43 -0500] "GET /BLA/resoluciones/RESOLUCIONES%202008/5518.pdf HTTP/1.1" 200 166914
66.249.70.9 - - [22/Dec/2018:16:48:30 -0500] "GET /BLA/resoluciones/RESOLUCIONES%202007/RES%202007%202301%20AL%202400/RESOLUCION%202389%20DE%202007.pdf HTTP/1.1" 200 1011035
31.184.238.107 - - [22/Dec/2018:16:48:38 -0500] "GET /portalsiaccapacitaciones/list.php HTTP/1.0" 200 5422
69.162.124.233 - - [22/Dec/2018:16:48:44 -0500] "HEAD / HTTP/1.1" 200 -
192.168.175.104 - - [22/Dec/2018:16:48:53 -0500] "GET / HTTP/1.1" 200 9990
66.249.70.9 - - [22/Dec/2018:16:49:16 -0500] "GET /BLA/resoluciones/AUTOS%202011/3415.pdf HTTP/1.1" 200 214857
192.168.175.104 - - [22/Dec/2018:16:49:24 -0500] "GET / HTTP/1.0" 200 9990
191.95.52.211 - - [22/Dec/2018:16:50:48 -0500] "GET /galeria/galeria/jquery.fancybox.css?v=2.1.5 HTTP/1.1" 200 4895
191.95.52.211 - - [22/Dec/2018:16:50:48 -0500] "GET /BLA/boletinlegal/js/jquery.scrollShow.js HTTP/1.1" 200 4586
191.95.52.211 - - [22/Dec/2018:16:50:48 -0500] "GET /galeria/galeria/jquery.fancybox.js?v=2.1.5 HTTP/1.1" 200 48706
190.130.121.192 - - [22/Dec/2018:16:51:05 -0500] "GET /galeria/galeria/jquery.fancybox.js?v=2.1.5 HTTP/1.1" 200 48706
190.130.121.192 - - [22/Dec/2018:16:51:05 -0500] "GET /BLA/boletinlegal/js/jquery.scrollShow.js HTTP/1.1" 200 4586
190.130.121.192 - - [22/Dec/2018:16:51:05 -0500] "GET /galeria/galeria/jquery.fancybox.css?v=2.1.5 HTTP/1.1" 200 4895
190.130.121.192 - - [22/Dec/2018:16:51:10 -0500] "GET /BLA/boletinlegal/js/jquery.scrollShow.js HTTP/1.1" 304 -
190.130.121.192 - - [22/Dec/2018:16:51:10 -0500] "GET /galeria/galeria/jquery.fancybox.css?v=2.1.5 HTTP/1.1" 304 -
190.130.121.192 - - [22/Dec/2018:16:51:10 -0500] "GET /galeria/galeria/jquery.fancybox.js?v=2.1.5 HTTP/1.1" 304 -
66.249.70.11 - - [22/Dec/2018:16:51:37 -0500] "GET /BLA/resoluciones/AUTOS%202015/4656.pdf HTTP/1.1" 200 538657
181.134.123.42 - - [22/Dec/2018:16:52:43 -0500] "GET /BLA/resoluciones/RESOLUCIONES%202016/2074.pdf HTTP/1.1" 200 306608
181.134.123.42 - - [22/Dec/2018:16:52:46 -0500] "GET /favicon.ico HTTP/1.1" 200 7782
190.9.202.18 - - [22/Dec/2018:16:53:10 -0500] "GET /galeria/nivo-slider/demo/demo.html HTTP/1.1" 304 -
190.9.202.18 - - [22/Dec/2018:16:53:15 -0500] "GET /galeria/nivo-slider/demo/images/Trafico%20de%20fauna.jpg HTTP/1.1" 304 -
190.9.202.18 - - [22/Dec/2018:16:53:15 -0500] "GET /galeria/nivo-slider/demo/images/Bannerweb_Tinguas.jpg HTTP/1.1" 304 -
190.9.202.18 - - [22/Dec/2018:16:53:15 -0500] "GET /galeria/nivo-slider/demo/images/Banner%20POT.png HTTP/1.1" 304 -
190.9.202.18 - - [22/Dec/2018:16:53:15 -0500] "GET /galeria/nivo-slider/demo/images/Caminatas%20Ecol%C3%B3gicas%20Diciembre.jpg HTTP/1.1" 304 -
190.9.202.18 - - [22/Dec/2018:16:53:15 -0500] "GET /galeria/nivo-slider/demo/images/Banner%20musgo.jpg HTTP/1.1" 304 -
190.9.202.18 - - [22/Dec/2018:16:53:15 -0500] "GET /galeria/nivo-slider/demo/images/Resultados%20Eco%20Empresarial%20web.jpg HTTP/1.1" 304 -
190.9.202.18 - - [22/Dec/2018:16:53:15 -0500] "GET /galeria/nivo-slider/demo/images/Pot_banner.jpg HTTP/1.1" 304 -
190.9.202.18 - - [22/Dec/2018:16:53:17 -0500] "GET /galeria/nivo-slider/demo/images/BANNER%20punto.jpg HTTP/1.1" 304 -
190.9.202.18 - - [22/Dec/2018:16:53:18 -0500] "GET /galeria/nivo-slider/demo/images/Cucos3_BannerWeb.png HTTP/1.1" 304 -
190.9.202.18 - - [22/Dec/2018:16:53:18 -0500] "GET /galeria/nivo-slider/demo/images/Serpientes.jpg HTTP/1.1" 304 -
190.9.202.18 - - [22/Dec/2018:16:53:19 -0500] "GET /galeria/nivo-slider/demo/images/Banneranonimos.png HTTP/1.1" 304 -
186.113.10.19 - - [22/Dec/2018:16:53:19 -0500] "GET /galeria/nivo-slider/demo/images/Banner_micrositio.png HTTP/1.1" 304 -
66.249.88.95 - - [22/Dec/2018:16:53:33 -0500] "GET /BLA/boletinlegal/js/jquery.scrollShow.js HTTP/1.1" 200 4586
66.249.88.93 - - [22/Dec/2018:16:53:33 -0500] "GET /galeria/galeria/jquery.fancybox.js?v=2.1.5 HTTP/1.1" 200 48706
66.249.88.64 - - [22/Dec/2018:16:53:34 -0500] "GET /galeria/galeria/jquery.fancybox.css?v=2.1.5 HTTP/1.1" 200 4895
69.162.124.233 - - [22/Dec/2018:16:53:44 -0500] "HEAD / HTTP/1.1" 200 -
192.168.175.104 - - [22/Dec/2018:16:53:51 -0500] "GET / HTTP/1.1" 200 9990
66.249.70.9 - - [22/Dec/2018:16:53:57 -0500] "GET /BLA/resoluciones/AUTOS%202015/1795.pdf HTTP/1.1" 304 -
192.168.175.104 - - [22/Dec/2018:16:54:22 -0500] "GET / HTTP/1.0" 200 9990
66.249.70.11 - - [22/Dec/2018:16:54:44 -0500] "GET /BLA/resoluciones/RESOLUCIONES%202007/RES%202007%201%20AL%20100/RESOLUCION%200012%20%20DE%202007.pdf HTTP/1.1" 200 381499
66.249.70.9 - - [22/Dec/2018:16:55:30 -0500] "GET /BLA/resoluciones/RESOLUCIONES%202014/2740.pdf HTTP/1.1" 304 -
216.244.66.197 - - [22/Dec/2018:16:55:48 -0500] "GET /robots.txt HTTP/1.1" 404 1015
216.244.66.197 - - [22/Dec/2018:16:55:48 -0500] "GET /robots.txt HTTP/1.1" 404 1019
179.51.101.3 - - [22/Dec/2018:16:56:20 -0500] "-" 408 -
179.51.101.3 - - [22/Dec/2018:16:56:20 -0500] "-" 408 -
179.51.101.3 - - [22/Dec/2018:16:56:20 -0500] "-" 408 -
66.249.70.11 - - [22/Dec/2018:16:58:38 -0500] "GET /BLA/resoluciones/RESOLUCIONES%202010/1042.pdf HTTP/1.1" 200 142958
69.162.124.233 - - [22/Dec/2018:16:58:44 -0500] "HEAD / HTTP/1.1" 200 -
192.168.175.104 - - [22/Dec/2018:16:58:49 -0500] "GET / HTTP/1.1" 200 9990
192.168.175.104 - - [22/Dec/2018:16:59:20 -0500] "GET / HTTP/1.0" 200 9990
66.249.70.9 - - [22/Dec/2018:17:00:14 -0500] "GET /Anexos%20estudio%20Organizacional%20SDA/ANEXO%20No.%203-%20CONTRATACI%C3%93N%20%20OPS%C2%B4s%202008-2012/CONTRATOS%20SDA%202011%20POR%20DEPENDENCIA.xls HTTP/1.1" 304 -
66.249.70.9 - - [22/Dec/2018:17:00:58 -0500] "GET /BLA/resoluciones/AUTOS%202013/0368.pdf HTTP/1.1" 304 -
207.46.13.40 - - [22/Dec/2018:17:01:23 -0500] "GET /BLA/boletinlegal/Circulares/2011/Circular%20No.%207%20del%2015%20de%20Septiembre%20de%202011.pdf HTTP/1.1" 304 -
103.123.160.235 - - [22/Dec/2018:17:02:05 -0500] "-" 408 -
207.46.13.221 - - [22/Dec/2018:17:03:26 -0500] "GET /BLA/resoluciones/RESOLUCIONES%202007/RES%202007%203701%20AL%203800/RESOLUCION%203716%20DE%202007.pdf HTTP/1.1" 304 -
69.162.124.233 - - [22/Dec/2018:17:03:44 -0500] "HEAD / HTTP/1.1" 200 -
192.168.175.104 - - [22/Dec/2018:17:03:48 -0500] "GET / HTTP/1.1" 200 9990
66.249.70.9 - - [22/Dec/2018:17:04:05 -0500] "GET /BLA/resoluciones/AUTOS%202015/4784.pdf HTTP/1.1" 200 486775
207.46.13.40 - - [22/Dec/2018:17:04:09 -0500] "GET /BLA/boletinlegal/Circulares/2010/Circular%2006%20de%208%20de%20septiembre%20de%202010.pdf HTTP/1.1" 200 4657752
192.168.175.104 - - [22/Dec/2018:17:04:18 -0500] "GET / HTTP/1.0" 200 9990
66.249.70.11 - - [22/Dec/2018:17:04:52 -0500] "GET /BLA/resoluciones/RESOLUCIONES%202012/1550.pdf HTTP/1.1" 200 1140765
188.40.102.169 - - [22/Dec/2018:17:04:54 -0500] "GET /robots.txt HTTP/1.1" 404 1018
66.249.70.11 - - [22/Dec/2018:17:05:38 -0500] "GET /BLA/resoluciones/AUTOS%202010/3738.pdf HTTP/1.1" 200 1461840
188.40.102.169 - - [22/Dec/2018:17:04:54 -0500] "GET /BLA/boletinlegal/index.php? HTTP/1.1" 200 62112
188.40.102.169 - - [22/Dec/2018:17:06:18 -0500] "GET /BLA/resoluciones/index.php?dir= HTTP/1.1" 200 9737
188.40.102.169 - - [22/Dec/2018:17:06:22 -0500] "GET /BLA/resoluciones/index.php?dir=&sort=date&order=desc HTTP/1.1" 200 9736
188.40.102.169 - - [22/Dec/2018:17:06:25 -0500] "GET /BLA/resoluciones/index.php?dir=&sort=name&order=asc HTTP/1.1" 200 9737
188.40.102.169 - - [22/Dec/2018:17:06:28 -0500] "GET /BLA/resoluciones/index.php?dir=&sort=size&order=desc HTTP/1.1" 200 9736
188.40.102.169 - - [22/Dec/2018:17:06:32 -0500] "GET /BLA/resoluciones/index.php?dir=2018/&sort=date&order=asc HTTP/1.1" 200 1608
188.40.102.169 - - [22/Dec/2018:17:06:35 -0500] "GET /BLA/resoluciones/index.php?dir=2018/&sort=name&order=desc HTTP/1.1" 200 1607
190.255.40.74 - - [22/Dec/2018:17:06:39 -0500] "GET /BLA/resoluciones/RESOLUCIONES%202016/1361.pdf HTTP/1.1" 200 486149
188.40.102.169 - - [22/Dec/2018:17:06:39 -0500] "GET /BLA/resoluciones/index.php?dir=2018/&sort=size&order=asc HTTP/1.1" 200 1608
190.255.40.74 - - [22/Dec/2018:17:06:40 -0500] "GET /favicon.ico HTTP/1.1" 200 7782
190.255.40.74 - - [22/Dec/2018:17:06:42 -0500] "GET /BLA/resoluciones/RESOLUCIONES%202016/1361.pdf HTTP/1.1" 206 32768
190.255.40.74 - - [22/Dec/2018:17:06:43 -0500] "GET /BLA/resoluciones/RESOLUCIONES%202016/1361.pdf HTTP/1.1" 206 453381
188.40.102.169 - - [22/Dec/2018:17:06:44 -0500] "GET /BLA/resoluciones/index.php?dir=AUTOS%201997/&sort=date&order=asc HTTP/1.1" 200 1812
188.40.102.169 - - [22/Dec/2018:17:06:48 -0500] "GET /BLA/resoluciones/index.php?dir=AUTOS%201997/&sort=name&order=desc HTTP/1.1" 200 1811
188.40.102.169 - - [22/Dec/2018:17:06:52 -0500] "GET /BLA/resoluciones/index.php?dir=AUTOS%201997/&sort=size&order=asc HTTP/1.1" 200 1812
188.40.102.169 - - [22/Dec/2018:17:06:55 -0500] "GET /BLA/resoluciones/index.php?dir=AUTOS%202002/&sort=date&order=asc HTTP/1.1" 200 1813
188.40.102.169 - - [22/Dec/2018:17:07:02 -0500] "GET /BLA/resoluciones/index.php?dir=AUTOS%202002/&sort=name&order=desc HTTP/1.1" 200 1812
66.249.70.13 - - [22/Dec/2018:17:07:12 -0500] "GET /BLA/resoluciones/RESOLUCIONES%202008/3916.pdf HTTP/1.1" 200 210617
188.40.102.169 - - [22/Dec/2018:17:07:13 -0500] "GET /BLA/resoluciones/index.php?dir=AUTOS%202002/&sort=size&order=asc HTTP/1.1" 200 1813
188.40.102.169 - - [22/Dec/2018:17:07:19 -0500] "GET /BLA/resoluciones/index.php?dir=AUTOS%202004/&sort=date&order=asc HTTP/1.1" 200 2786
188.40.102.169 - - [22/Dec/2018:17:07:32 -0500] "GET /BLA/resoluciones/index.php?dir=AUTOS%202004/&sort=name&order=desc HTTP/1.1" 200 2785
188.40.102.169 - - [22/Dec/2018:17:07:37 -0500] "GET /BLA/resoluciones/index.php?dir=AUTOS%202004/&sort=size&order=asc HTTP/1.1" 200 2786
95.21.70.208 - - [22/Dec/2018:17:07:37 -0500] "GET /galeria/galeria/fotos/JornadaG.jpg HTTP/1.1" 200 50761
157.55.39.34 - - [22/Dec/2018:17:07:50 -0500] "GET /robots.txt HTTP/1.1" 404 1049
157.55.39.34 - - [22/Dec/2018:17:07:51 -0500] "GET /robots.txt HTTP/1.1" 404 1049
188.40.102.169 - - [22/Dec/2018:17:07:54 -0500] "GET /BLA/resoluciones/index.php?dir=AUTOS%202005/&sort=date&order=asc HTTP/1.1" 200 2628
188.40.102.169 - - [22/Dec/2018:17:08:04 -0500] "GET /BLA/resoluciones/index.php?dir=AUTOS%202005/&sort=name&order=desc HTTP/1.1" 200 2627
188.40.102.169 - - [22/Dec/2018:17:08:18 -0500] "GET /BLA/resoluciones/index.php?dir=AUTOS%202005/&sort=size&order=asc HTTP/1.1" 200 2628
188.40.102.169 - - [22/Dec/2018:17:08:32 -0500] "GET /BLA/resoluciones/index.php?dir=AUTOS%202006/&sort=date&order=asc HTTP/1.1" 200 9519
122.228.19.80 - - [22/Dec/2018:17:08:35 -0500] "GET / HTTP/1.1" 200 9990
69.162.124.233 - - [22/Dec/2018:17:08:44 -0500] "HEAD / HTTP/1.1" 200 -
188.40.102.169 - - [22/Dec/2018:17:08:45 -0500] "GET /BLA/resoluciones/index.php?dir=AUTOS%202006/&sort=name&order=desc HTTP/1.1" 200 9518
192.168.175.104 - - [22/Dec/2018:17:08:46 -0500] "GET / HTTP/1.1" 200 9990
188.40.102.169 - - [22/Dec/2018:17:08:52 -0500] "GET /BLA/resoluciones/index.php?dir=AUTOS%202006/&sort=size&order=asc HTTP/1.1" 200 9519
188.40.102.169 - - [22/Dec/2018:17:08:56 -0500] "GET /BLA/resoluciones/index.php?dir=AUTOS%202007/&sort=date&order=asc HTTP/1.1" 200 628423
188.40.102.169 - - [22/Dec/2018:17:09:03 -0500] "GET /BLA/resoluciones/index.php?dir=AUTOS%202007/&sort=name&order=desc HTTP/1.1" 200 628422
188.40.102.169 - - [22/Dec/2018:17:09:08 -0500] "GET /BLA/resoluciones/index.php?dir=AUTOS%202007/&sort=size&order=asc HTTP/1.1" 200 628423
188.40.102.169 - - [22/Dec/2018:17:09:13 -0500] "GET /BLA/resoluciones/index.php?dir=AUTOS%202008/&sort=date&order=asc HTTP/1.1" 200 569644
192.168.175.104 - - [22/Dec/2018:17:09:16 -0500] "GET / HTTP/1.0" 200 9990
188.40.102.169 - - [22/Dec/2018:17:09:20 -0500] "GET /BLA/resoluciones/index.php?dir=AUTOS%202008/&sort=name&order=desc HTTP/1.1" 200 569643
188.40.102.169 - - [22/Dec/2018:17:09:24 -0500] "GET /BLA/resoluciones/index.php?dir=AUTOS%202008/&sort=size&order=asc HTTP/1.1" 200 569644
188.40.102.169 - - [22/Dec/2018:17:09:30 -0500] "GET /BLA/resoluciones/index.php?dir=AUTOS%202009/&sort=date&order=asc HTTP/1.1" 200 399207
66.249.70.9 - - [22/Dec/2018:17:09:36 -0500] "GET /BLA/resoluciones/RESOLUCIONES%202010/5581.pdf HTTP/1.1" 200 1600100
188.40.102.169 - - [22/Dec/2018:17:09:35 -0500] "GET /BLA/resoluciones/index.php?dir=AUTOS%202009/&sort=name&order=desc HTTP/1.1" 200 399206
188.40.102.169 - - [22/Dec/2018:17:09:43 -0500] "GET /BLA/resoluciones/index.php?dir=AUTOS%202009/&sort=size&order=asc HTTP/1.1" 200 399207
188.40.102.169 - - [22/Dec/2018:17:09:50 -0500] "GET /BLA/resoluciones/index.php?dir=AUTOS%202010/&sort=date&order=asc HTTP/1.1" 200 270578
188.40.102.169 - - [22/Dec/2018:17:09:54 -0500] "GET /BLA/resoluciones/index.php?dir=AUTOS%202010/&sort=name&order=desc HTTP/1.1" 200 270577
188.40.102.169 - - [22/Dec/2018:17:09:58 -0500] "GET /BLA/resoluciones/index.php?dir=AUTOS%202010/&sort=size&order=asc HTTP/1.1" 200 270578
188.40.102.169 - - [22/Dec/2018:17:10:02 -0500] "GET /BLA/resoluciones/index.php?dir=AUTOS%202011/&sort=date&order=asc HTTP/1.1" 200 612114
188.40.102.169 - - [22/Dec/2018:17:10:08 -0500] "GET /BLA/resoluciones/index.php?dir=AUTOS%202011/&sort=name&order=desc HTTP/1.1" 200 612113
188.40.102.169 - - [22/Dec/2018:17:10:13 -0500] "GET /BLA/resoluciones/index.php?dir=AUTOS%202011/&sort=size&order=asc HTTP/1.1" 200 612114
188.40.102.169 - - [22/Dec/2018:17:10:17 -0500] "GET /BLA/resoluciones/index.php?dir=AUTOS%202012/&sort=date&order=asc HTTP/1.1" 200 267671
188.40.102.169 - - [22/Dec/2018:17:10:23 -0500] "GET /BLA/resoluciones/index.php?dir=AUTOS%202012/&sort=name&order=desc HTTP/1.1" 200 267670
188.40.102.169 - - [22/Dec/2018:17:10:27 -0500] "GET /BLA/resoluciones/index.php?dir=AUTOS%202012/&sort=size&order=asc HTTP/1.1" 200 267671
13.66.139.1 - - [22/Dec/2018:17:10:29 -0500] "GET /robots.txt HTTP/1.1" 404 1018
13.66.139.1 - - [22/Dec/2018:17:10:29 -0500] "GET /robots.txt HTTP/1.1" 404 1018
201.185.135.49 - - [22/Dec/2018:17:10:31 -0500] "GET /BLA/boletinlegal/js/jquery.scrollShow.js HTTP/1.1" 200 4586
201.185.135.49 - - [22/Dec/2018:17:10:31 -0500] "GET /galeria/galeria/jquery.fancybox.js?v=2.1.5 HTTP/1.1" 200 48706
201.185.135.49 - - [22/Dec/2018:17:10:31 -0500] "GET /galeria/galeria/jquery.fancybox.css?v=2.1.5 HTTP/1.1" 200 4895
188.40.102.169 - - [22/Dec/2018:17:10:32 -0500] "GET /BLA/resoluciones/index.php?dir=AUTOS%202013/&sort=date&order=asc HTTP/1.1" 200 403841
13.66.139.0 - - [22/Dec/2018:17:10:34 -0500] "GET /BLA/boletinlegal/jurisprudencia/analisis/CUADRO%20ANALISIS%20SENTENCIA%20T-411%20DE%201992.doc HTTP/1.1" 304 -
188.40.102.169 - - [22/Dec/2018:17:10:38 -0500] "GET /BLA/resoluciones/index.php?dir=AUTOS%202013/&sort=name&order=desc HTTP/1.1" 200 403840
188.40.102.169 - - [22/Dec/2018:17:10:42 -0500] "GET /BLA/resoluciones/index.php?dir=AUTOS%202013/&sort=size&order=asc HTTP/1.1" 200 403841
188.40.102.169 - - [22/Dec/2018:17:10:49 -0500] "GET /BLA/resoluciones/index.php?dir=AUTOS%202014/&sort=date&order=asc HTTP/1.1" 200 844513
188.40.102.169 - - [22/Dec/2018:17:10:55 -0500] "GET /BLA/resoluciones/index.php?dir=AUTOS%202014/&sort=name&order=desc HTTP/1.1" 200 844512
207.46.13.182 - - [22/Dec/2018:17:10:18 -0500] "GET /POT-2013/Cartografia/24_Sistema%20de%20las%20Tecnologias%20de%20la%20Informacion%20y%20las%20Comuni.pdf HTTP/1.1" 200 5212859
188.40.102.169 - - [22/Dec/2018:17:11:01 -0500] "GET /BLA/resoluciones/index.php?dir=AUTOS%202014/&sort=size&order=asc HTTP/1.1" 200 844513
66.249.70.11 - - [22/Dec/2018:17:11:06 -0500] "GET /BLA/resoluciones/RESOLUCIONES%202008/4862.pdf HTTP/1.1" 200 253161
188.40.102.169 - - [22/Dec/2018:17:11:07 -0500] "GET /BLA/resoluciones/index.php?dir=AUTOS%202015/&sort=date&order=asc HTTP/1.1" 200 539001
188.40.102.169 - - [22/Dec/2018:17:11:12 -0500] "GET /BLA/resoluciones/index.php?dir=AUTOS%202015/&sort=name&order=desc HTTP/1.1" 200 539000
188.40.102.169 - - [22/Dec/2018:17:11:17 -0500] "GET /BLA/resoluciones/index.php?dir=AUTOS%202015/&sort=size&order=asc HTTP/1.1" 200 539001
188.40.102.169 - - [22/Dec/2018:17:11:25 -0500] "GET /BLA/resoluciones/index.php?dir=AUTOS%202016/&sort=date&order=asc HTTP/1.1" 200 283838
188.40.102.169 - - [22/Dec/2018:17:11:28 -0500] "GET /BLA/resoluciones/index.php?dir=AUTOS%202016/&sort=name&order=desc HTTP/1.1" 200 283837
188.40.102.169 - - [22/Dec/2018:17:11:34 -0500] "GET /BLA/resoluciones/index.php?dir=AUTOS%202016/&sort=size&order=asc HTTP/1.1" 200 283838
188.40.102.169 - - [22/Dec/2018:17:11:41 -0500] "GET /BLA/resoluciones/index.php?dir=AUTOS%202017/&sort=date&order=asc HTTP/1.1" 200 342854
188.40.102.169 - - [22/Dec/2018:17:11:46 -0500] "GET /BLA/resoluciones/index.php?dir=AUTOS%202017/&sort=name&order=desc HTTP/1.1" 200 342853
188.40.102.169 - - [22/Dec/2018:17:11:52 -0500] "GET /BLA/resoluciones/index.php?dir=AUTOS%202017/&sort=size&order=asc HTTP/1.1" 200 342854
188.40.102.169 - - [22/Dec/2018:17:11:56 -0500] "GET /BLA/resoluciones/index.php?dir=AUTOS%202018/&sort=date&order=asc HTTP/1.1" 200 141235
188.40.102.169 - - [22/Dec/2018:17:11:59 -0500] "GET /BLA/resoluciones/index.php?dir=AUTOS%202018/&sort=name&order=desc HTTP/1.1" 200 141234
188.40.102.169 - - [22/Dec/2018:17:12:04 -0500] "GET /BLA/resoluciones/index.php?dir=AUTOS%202018/&sort=size&order=asc HTTP/1.1" 200 141235
188.40.102.169 - - [22/Dec/2018:17:12:12 -0500] "GET /BLA/resoluciones/index.php?dir=AUTOS+2006/AUTOS+2006+1-100/ HTTP/1.1" 200 21539
188.40.102.169 - - [22/Dec/2018:17:12:15 -0500] "GET /BLA/resoluciones/index.php?dir=AUTOS+2006/AUTOS+2006+1001-1100/ HTTP/1.1" 200 21966
188.40.102.169 - - [22/Dec/2018:17:12:20 -0500] "GET /BLA/resoluciones/index.php?dir=AUTOS+2006/AUTOS+2006+101-200/ HTTP/1.1" 200 21758
190.27.151.252 - - [22/Dec/2018:17:12:20 -0500] "GET /BLA/boletinlegal/js/jquery.scrollShow.js HTTP/1.1" 200 4586
190.27.151.252 - - [22/Dec/2018:17:12:20 -0500] "GET /galeria/galeria/jquery.fancybox.js?v=2.1.5 HTTP/1.1" 200 48706
190.27.151.252 - - [22/Dec/2018:17:12:20 -0500] "GET /galeria/galeria/jquery.fancybox.css?v=2.1.5 HTTP/1.1" 200 4895
190.27.151.252 - - [22/Dec/2018:17:12:22 -0500] "GET /BLA/boletinlegal/js/jquery.scrollShow.js HTTP/1.1" 304 -
190.27.151.252 - - [22/Dec/2018:17:12:22 -0500] "GET /galeria/galeria/jquery.fancybox.css?v=2.1.5 HTTP/1.1" 304 -
190.27.151.252 - - [22/Dec/2018:17:12:22 -0500] "GET /galeria/galeria/jquery.fancybox.js?v=2.1.5 HTTP/1.1" 304 -
188.40.102.169 - - [22/Dec/2018:17:12:27 -0500] "GET /BLA/resoluciones/index.php?dir=AUTOS+2006/AUTOS+2006+1101-1200/ HTTP/1.1" 200 21976
207.46.13.173 - - [22/Dec/2018:17:12:27 -0500] "GET /BLA/boletinlegal/Circulares/2012/Circular%20No.%206%20del%2025%20de%20Mayo%20de%202012.pdf HTTP/1.1" 200 387391
188.40.102.169 - - [22/Dec/2018:17:12:31 -0500] "GET /BLA/resoluciones/index.php?dir=AUTOS+2006/AUTOS+2006+1201-1300/ HTTP/1.1" 200 22013
188.40.102.169 - - [22/Dec/2018:17:12:37 -0500] "GET /BLA/resoluciones/index.php?dir=AUTOS+2006/AUTOS+2006+1301-1400/ HTTP/1.1" 200 22002
188.40.102.169 - - [22/Dec/2018:17:12:41 -0500] "GET /BLA/resoluciones/index.php?dir=AUTOS+2006/AUTOS+2006+1401+-+1500/ HTTP/1.1" 200 13545
188.40.102.169 - - [22/Dec/2018:17:12:44 -0500] "GET /BLA/resoluciones/index.php?dir=AUTOS+2006/AUTOS+2006+1501+-+1600/ HTTP/1.1" 200 22232
188.40.102.169 - - [22/Dec/2018:17:12:48 -0500] "GET /BLA/resoluciones/index.php?dir=AUTOS+2006/AUTOS+2006+1601+-+1700/ HTTP/1.1" 200 22248
188.40.102.169 - - [22/Dec/2018:17:12:51 -0500] "GET /BLA/resoluciones/index.php?dir=AUTOS+2006/AUTOS+2006+1701+-+1800/ HTTP/1.1" 200 22247
188.40.102.169 - - [22/Dec/2018:17:12:55 -0500] "GET /BLA/resoluciones/index.php?dir=AUTOS+2006/AUTOS+2006+1801-+1900/ HTTP/1.1" 200 22159
188.40.102.169 - - [22/Dec/2018:17:13:02 -0500] "GET /BLA/resoluciones/index.php?dir=AUTOS+2006/AUTOS+2006+1901+-+2000/ HTTP/1.1" 200 22186
201.245.192.253 - - [22/Dec/2018:17:12:29 -0500] "POST /kwsrmcab/Wsrmcab HTTP/1.1" 200 29643
188.40.102.169 - - [22/Dec/2018:17:13:04 -0500] "GET /BLA/resoluciones/index.php?dir=AUTOS+2006/AUTOS+2006+2001+-+2100/ HTTP/1.1" 200 22199
188.40.102.169 - - [22/Dec/2018:17:13:09 -0500] "GET /BLA/resoluciones/index.php?dir=AUTOS+2006/AUTOS+2006+201-300/ HTTP/1.1" 200 21766
188.40.102.169 - - [22/Dec/2018:17:13:14 -0500] "GET /BLA/resoluciones/index.php?dir=AUTOS+2006/AUTOS+2006+2101+-+2200/ HTTP/1.1" 200 22204
188.40.102.169 - - [22/Dec/2018:17:13:18 -0500] "GET /BLA/resoluciones/index.php?dir=AUTOS+2006/AUTOS+2006+2201+-+2300/ HTTP/1.1" 200 22194
188.40.102.169 - - [22/Dec/2018:17:13:22 -0500] "GET /BLA/resoluciones/index.php?dir=AUTOS+2006/AUTOS+2006+2301+-+2400/ HTTP/1.1" 200 22197
188.40.102.169 - - [22/Dec/2018:17:13:25 -0500] "GET /BLA/resoluciones/index.php?dir=AUTOS+2006/AUTOS+2006+2401+-+2500/ HTTP/1.1" 200 22199
66.249.70.9 - - [22/Dec/2018:17:13:26 -0500] "GET /BLA/resoluciones/AUTOS%202014/2403.pdf HTTP/1.1" 200 440625
188.40.102.169 - - [22/Dec/2018:17:13:30 -0500] "GET /BLA/resoluciones/index.php?dir=AUTOS+2006/AUTOS+2006+2501+-+2600/ HTTP/1.1" 200 22209
188.40.102.169 - - [22/Dec/2018:17:13:35 -0500] "GET /BLA/resoluciones/index.php?dir=AUTOS+2006/AUTOS+2006+2601+-+2700/ HTTP/1.1" 200 22189
201.245.192.253 - - [22/Dec/2018:17:13:03 -0500] "POST /kwsrmcab/Wsrmcab HTTP/1.1" 200 27520
188.40.102.169 - - [22/Dec/2018:17:13:40 -0500] "GET /BLA/resoluciones/index.php?dir=AUTOS+2006/AUTOS+2006+2701+-+2800/ HTTP/1.1" 200 22410
69.162.124.233 - - [22/Dec/2018:17:13:44 -0500] "HEAD / HTTP/1.1" 200 -
188.40.102.169 - - [22/Dec/2018:17:13:43 -0500] "GET /BLA/resoluciones/index.php?dir=AUTOS+2006/AUTOS+2006+2801+-+2900/ HTTP/1.1" 200 22229
192.168.175.104 - - [22/Dec/2018:17:13:44 -0500] "GET / HTTP/1.1" 200 9990
188.40.102.169 - - [22/Dec/2018:17:13:50 -0500] "GET /BLA/resoluciones/index.php?dir=AUTOS+2006/AUTOS+2006+2901+-+3000/ HTTP/1.1" 200 22191
188.40.102.169 - - [22/Dec/2018:17:13:55 -0500] "GET /BLA/resoluciones/index.php?dir=AUTOS+2006/AUTOS+2006+301-400/ HTTP/1.1" 200 21781
188.40.102.169 - - [22/Dec/2018:17:14:02 -0500] "GET /BLA/resoluciones/index.php?dir=AUTOS+2006/AUTOS+2006+3101+-+3200/ HTTP/1.1" 200 22189
188.40.102.169 - - [22/Dec/2018:17:14:07 -0500] "GET /BLA/resoluciones/index.php?dir=AUTOS+2006/AUTOS+2006+3201+-+3300/ HTTP/1.1" 200 22209
188.40.102.169 - - [22/Dec/2018:17:14:12 -0500] "GET /BLA/resoluciones/index.php?dir=AUTOS+2006/AUTOS+2006+3301+-+3418/ HTTP/1.1" 200 25807
66.249.70.13 - - [22/Dec/2018:17:14:13 -0500] "GET /BLA/resoluciones/AUTOS%202014/1811.pdf HTTP/1.1" 200 136482
192.168.175.104 - - [22/Dec/2018:17:14:14 -0500] "GET / HTTP/1.0" 200 9990
188.40.102.169 - - [22/Dec/2018:17:14:15 -0500] "GET /BLA/resoluciones/index.php?dir=AUTOS+2006/AUTOS+2006+401-500/ HTTP/1.1" 200 21769
188.40.102.169 - - [22/Dec/2018:17:14:21 -0500] "GET /BLA/resoluciones/index.php?dir=AUTOS+2006/AUTOS+2006+501-600/ HTTP/1.1" 200 21780
188.40.102.169 - - [22/Dec/2018:17:14:27 -0500] "GET /BLA/resoluciones/index.php?dir=AUTOS+2006/AUTOS+2006+601-700/ HTTP/1.1" 200 21776
188.40.102.169 - - [22/Dec/2018:17:14:30 -0500] "GET /BLA/resoluciones/index.php?dir=AUTOS+2006/AUTOS+2006+701-800/ HTTP/1.1" 200 21969
188.40.102.169 - - [22/Dec/2018:17:14:35 -0500] "GET /BLA/resoluciones/index.php?dir=AUTOS+2006/AUTOS+2006+801-900/ HTTP/1.1" 200 21775
188.40.102.169 - - [22/Dec/2018:17:14:41 -0500] "GET /BLA/resoluciones/index.php?dir=AUTOS+2006/AUTOS+2006+901-1000/ HTTP/1.1" 200 21877
188.40.102.169 - - [22/Dec/2018:17:14:49 -0500] "GET /BLA/resoluciones/index.php?dir=Acuerdos/&sort=date&order=asc HTTP/1.1" 200 2840
188.40.102.169 - - [22/Dec/2018:17:14:54 -0500] "GET /BLA/resoluciones/index.php?dir=Acuerdos/&sort=name&order=desc HTTP/1.1" 200 2839
66.249.70.13 - - [22/Dec/2018:17:14:59 -0500] "GET /BLA/resoluciones/RESOLUCIONES%202008/1668.pdf HTTP/1.1" 200 116067
188.40.102.169 - - [22/Dec/2018:17:15:01 -0500] "GET /robots.txt HTTP/1.1" 404 1018
188.40.102.169 - - [22/Dec/2018:17:15:01 -0500] "GET /BLA/resoluciones/index.php?dir=Acuerdos/&sort=size&order=asc HTTP/1.1" 200 2840
188.40.102.169 - - [22/Dec/2018:17:15:09 -0500] "GET /BLA/resoluciones/index.php?dir=Decretos/&sort=date&order=asc HTTP/1.1" 200 5838
188.40.102.169 - - [22/Dec/2018:17:15:14 -0500] "GET /BLA/resoluciones/index.php?dir=Decretos/&sort=name&order=desc HTTP/1.1" 200 5837
188.40.102.169 - - [22/Dec/2018:17:15:23 -0500] "GET /BLA/resoluciones/index.php?dir=Decretos/&sort=size&order=asc HTTP/1.1" 200 5838
188.40.102.169 - - [22/Dec/2018:17:15:30 -0500] "GET /BLA/resoluciones/index.php?dir=Notificaciones/&sort=date&order=asc HTTP/1.1" 200 6539
188.40.102.169 - - [22/Dec/2018:17:15:35 -0500] "GET /BLA/resoluciones/index.php?dir=Notificaciones/&sort=name&order=desc HTTP/1.1" 200 6538
188.40.102.169 - - [22/Dec/2018:17:15:41 -0500] "GET /BLA/resoluciones/index.php?dir=Notificaciones/&sort=size&order=asc HTTP/1.1" 200 6539
66.249.70.13 - - [22/Dec/2018:17:15:46 -0500] "GET /BLA/resoluciones/AUTOS%202016/2732.pdf HTTP/1.1" 200 631028
188.40.102.169 - - [22/Dec/2018:17:15:49 -0500] "GET /BLA/resoluciones/index.php?dir=Notificaciones/AUTOS+1985/ HTTP/1.1" 200 2733
188.40.102.169 - - [22/Dec/2018:17:16:00 -0500] "GET /BLA/resoluciones/index.php?dir=Notificaciones/AUTOS+1988/ HTTP/1.1" 200 2205
188.40.102.169 - - [22/Dec/2018:17:16:10 -0500] "GET /BLA/resoluciones/index.php?dir=Notificaciones/AUTOS+2012/ HTTP/1.1" 200 3092
188.40.102.169 - - [22/Dec/2018:17:16:21 -0500] "GET /BLA/resoluciones/index.php?dir=Notificaciones/AUTOS+2013/ HTTP/1.1" 200 38885
188.40.102.169 - - [22/Dec/2018:17:16:30 -0500] "GET /BLA/resoluciones/index.php?dir=Notificaciones/AUTOS+2014/ HTTP/1.1" 200 306461
66.249.70.13 - - [22/Dec/2018:17:16:36 -0500] "GET /BLA/resoluciones/RESOLUCIONES%202007/RES%202007%203301%20AL%203400/RESOLUCION%203346%20DE%202007.pdf HTTP/1.1" 200 1322853
188.40.102.169 - - [22/Dec/2018:17:16:40 -0500] "GET /BLA/resoluciones/index.php?dir=Notificaciones/AUTOS+2015/ HTTP/1.1" 200 102077
157.55.39.203 - - [22/Dec/2018:17:16:42 -0500] "GET /POT-2013/Cartografia/Anexo01_Sistema_Hidrico.pdf HTTP/1.1" 200 5860035
188.40.102.169 - - [22/Dec/2018:17:16:46 -0500] "GET /BLA/resoluciones/index.php?dir=Notificaciones/AUTOS+2016/ HTTP/1.1" 200 65736
188.40.102.169 - - [22/Dec/2018:17:16:54 -0500] "GET /BLA/resoluciones/index.php?dir=Notificaciones/AUTOS+2017/ HTTP/1.1" 200 107155
188.40.102.169 - - [22/Dec/2018:17:17:00 -0500] "GET /BLA/resoluciones/index.php?dir=Notificaciones/AUTOS+2018/ HTTP/1.1" 200 29531
188.40.102.169 - - [22/Dec/2018:17:17:08 -0500] "GET /BLA/resoluciones/index.php?dir=Notificaciones/REGISTROS+2013/ HTTP/1.1" 200 2053
188.40.102.169 - - [22/Dec/2018:17:17:15 -0500] "GET /BLA/resoluciones/index.php?dir=Notificaciones/REGISTROS+2014/ HTTP/1.1" 200 15754
207.46.13.221 - - [22/Dec/2018:17:17:20 -0500] "GET / HTTP/1.1" 200 9990
188.40.102.169 - - [22/Dec/2018:17:17:22 -0500] "GET /BLA/resoluciones/index.php?dir=Notificaciones/REGISTROS+2015/ HTTP/1.1" 200 19557
188.40.102.169 - - [22/Dec/2018:17:17:30 -0500] "GET /BLA/resoluciones/index.php?dir=Notificaciones/REGISTROS+2016/ HTTP/1.1" 200 10012
188.40.102.169 - - [22/Dec/2018:17:17:40 -0500] "GET /BLA/resoluciones/index.php?dir=Notificaciones/REGISTROS+2017/ HTTP/1.1" 200 2796
188.40.102.169 - - [22/Dec/2018:17:17:49 -0500] "GET /BLA/resoluciones/index.php?dir=Notificaciones/REGISTROS+2018/ HTTP/1.1" 200 2241
188.40.102.169 - - [22/Dec/2018:17:17:57 -0500] "GET /BLA/resoluciones/index.php?dir=Notificaciones/RESOLUCIONES+2012/ HTTP/1.1" 200 2077
188.40.102.169 - - [22/Dec/2018:17:18:03 -0500] "GET /BLA/resoluciones/index.php?dir=Notificaciones/RESOLUCIONES+2013/ HTTP/1.1" 200 2632
66.249.70.11 - - [22/Dec/2018:17:18:06 -0500] "GET /BLA/resoluciones/RESOLUCIONES%202007/RES%202007%20901%20AL%201000/RESOLUCION%200984%20DE%202007.pdf HTTP/1.1" 200 265341
188.40.102.169 - - [22/Dec/2018:17:18:10 -0500] "GET /BLA/resoluciones/index.php?dir=Notificaciones/RESOLUCIONES+2014/ HTTP/1.1" 200 13747
66.249.88.64 - - [22/Dec/2018:17:18:12 -0500] "GET /galeria/galeria/jquery.fancybox.css?v=2.1.5 HTTP/1.1" 200 4895
66.249.88.64 - - [22/Dec/2018:17:18:12 -0500] "GET /galeria/galeria/jquery.fancybox.js?v=2.1.5 HTTP/1.1" 200 48706
66.249.88.95 - - [22/Dec/2018:17:18:12 -0500] "GET /BLA/boletinlegal/js/jquery.scrollShow.js HTTP/1.1" 200 4586
188.40.102.169 - - [22/Dec/2018:17:18:16 -0500] "GET /BLA/resoluciones/index.php?dir=Notificaciones/RESOLUCIONES+2015/ HTTP/1.1" 200 14394
188.40.102.169 - - [22/Dec/2018:17:18:23 -0500] "GET /BLA/resoluciones/index.php?dir=Notificaciones/RESOLUCIONES+2016/ HTTP/1.1" 200 15250
188.40.102.169 - - [22/Dec/2018:17:18:32 -0500] "GET /BLA/resoluciones/index.php?dir=Notificaciones/RESOLUCIONES+2017/ HTTP/1.1" 200 6761
188.40.102.169 - - [22/Dec/2018:17:18:39 -0500] "GET /BLA/resoluciones/index.php?dir=Notificaciones/RESOLUCIONES+2018/ HTTP/1.1" 200 2833
192.168.175.104 - - [22/Dec/2018:17:18:42 -0500] "GET / HTTP/1.1" 200 9990
69.162.124.233 - - [22/Dec/2018:17:18:44 -0500] "HEAD / HTTP/1.1" 200 -
188.40.102.169 - - [22/Dec/2018:17:18:46 -0500] "GET /BLA/resoluciones/index.php?dir=RESOLUCIONES%202000/&sort=date&order=asc HTTP/1.1" 200 13662
66.249.70.9 - - [22/Dec/2018:17:18:53 -0500] "GET /BLA/resoluciones/AUTOS%202015/5552.pdf HTTP/1.1" 200 504587
188.40.102.169 - - [22/Dec/2018:17:18:53 -0500] "GET /BLA/resoluciones/index.php?dir=RESOLUCIONES%202000/&sort=name&order=desc HTTP/1.1" 200 13661
188.40.102.169 - - [22/Dec/2018:17:19:01 -0500] "GET /BLA/resoluciones/index.php?dir=RESOLUCIONES%202000/&sort=size&order=asc HTTP/1.1" 200 13662
192.168.175.104 - - [22/Dec/2018:17:19:12 -0500] "GET / HTTP/1.0" 200 9990
66.249.70.9 - - [22/Dec/2018:17:19:12 -0500] "GET /BLA/boletinlegal/jurisprudencia.php HTTP/1.1" 200 17573
188.40.102.169 - - [22/Dec/2018:17:19:12 -0500] "GET /BLA/resoluciones/index.php?dir=RESOLUCIONES%202001/&sort=date&order=asc HTTP/1.1" 200 8131
188.40.102.169 - - [22/Dec/2018:17:19:17 -0500] "GET /BLA/resoluciones/index.php?dir=RESOLUCIONES%202001/&sort=name&order=desc HTTP/1.1" 200 8130
188.40.102.169 - - [22/Dec/2018:17:19:23 -0500] "GET /BLA/resoluciones/index.php?dir=RESOLUCIONES%202001/&sort=size&order=asc HTTP/1.1" 200 8131
188.40.102.169 - - [22/Dec/2018:17:19:32 -0500] "GET /BLA/resoluciones/index.php?dir=RESOLUCIONES%202002/&sort=date&order=asc HTTP/1.1" 200 11295
188.40.102.169 - - [22/Dec/2018:17:19:42 -0500] "GET /BLA/resoluciones/index.php?dir=RESOLUCIONES%202002/&sort=name&order=desc HTTP/1.1" 200 11294
188.40.102.169 - - [22/Dec/2018:17:19:50 -0500] "GET /BLA/resoluciones/index.php?dir=RESOLUCIONES%202002/&sort=size&order=asc HTTP/1.1" 200 11295
157.55.39.142 - - [22/Dec/2018:17:19:53 -0500] "GET /portalsiaccapacitaciones/Listas%20de%20Asistencia%202015/L.A-MT12-2Jun2015.pdf HTTP/1.1" 304 -
188.40.102.169 - - [22/Dec/2018:17:19:56 -0500] "GET /BLA/resoluciones/index.php?dir=RESOLUCIONES%202003/&sort=date&order=asc HTTP/1.1" 200 12456
188.40.102.169 - - [22/Dec/2018:17:20:05 -0500] "GET /BLA/resoluciones/index.php?dir=RESOLUCIONES%202003/&sort=name&order=desc HTTP/1.1" 200 12455
188.40.102.169 - - [22/Dec/2018:17:20:16 -0500] "GET /BLA/resoluciones/index.php?dir=RESOLUCIONES%202003/&sort=size&order=asc HTTP/1.1" 200 12456
66.249.88.64 - - [22/Dec/2018:17:20:22 -0500] "GET /galeria/galeria/fotos/Entrenube2G.jpg HTTP/1.1" 200 111422
74.57.20.213 - - [22/Dec/2018:17:20:25 -0500] "GET /galeria/galeria/fotos/mirador3G.jpg HTTP/1.1" 200 131992
66.249.70.9 - - [22/Dec/2018:17:20:27 -0500] "GET /BLA/resoluciones/RESOLUCIONES%202012/0775.pdf HTTP/1.1" 200 494520
