188.40.102.169 - - [22/Dec/2018:17:44:38 -0500] "GET /BLA/resoluciones/index.php?dir=RESOLUCIONES+2005/RES+2005+301-351/ HTTP/1.1" 200 12252
188.40.102.169 - - [22/Dec/2018:17:44:45 -0500] "GET /BLA/resoluciones/index.php?dir=RESOLUCIONES+2005/RES+2005+3051-3100/ HTTP/1.1" 200 12360
188.40.102.169 - - [22/Dec/2018:17:44:49 -0500] "GET /BLA/resoluciones/index.php?dir=RESOLUCIONES+2005/RES+2005+3101-3150/ HTTP/1.1" 200 12367
188.40.102.169 - - [22/Dec/2018:17:44:53 -0500] "GET /BLA/resoluciones/index.php?dir=RESOLUCIONES+2005/RES+2005+3151-3180/ HTTP/1.1" 200 8263
188.40.102.169 - - [22/Dec/2018:17:44:59 -0500] "GET /BLA/resoluciones/index.php?dir=RESOLUCIONES+2005/RES+2005+351-400/ HTTP/1.1" 200 12243
188.40.102.169 - - [22/Dec/2018:17:45:02 -0500] "GET /BLA/resoluciones/index.php?dir=RESOLUCIONES+2005/RES+2005+401-450/ HTTP/1.1" 200 12254
188.40.102.169 - - [22/Dec/2018:17:45:07 -0500] "GET /BLA/resoluciones/index.php?dir=RESOLUCIONES+2005/RES+2005+451-500/ HTTP/1.1" 200 12244
188.40.102.169 - - [22/Dec/2018:17:45:14 -0500] "GET /robots.txt HTTP/1.1" 404 1018
188.40.102.169 - - [22/Dec/2018:17:45:14 -0500] "GET /BLA/resoluciones/index.php?dir=RESOLUCIONES+2005/RES+2005+501-550/ HTTP/1.1" 200 12244
188.40.102.169 - - [22/Dec/2018:17:45:21 -0500] "GET /BLA/resoluciones/index.php?dir=RESOLUCIONES+2005/RES+2005+51-100/ HTTP/1.1" 200 12192
188.40.102.169 - - [22/Dec/2018:17:45:25 -0500] "GET /BLA/resoluciones/index.php?dir=RESOLUCIONES+2005/RES+2005+551-600/ HTTP/1.1" 200 12249
181.57.246.234 - - [22/Dec/2018:17:45:30 -0500] "GET /galeria/galeria/jquery.fancybox.css?v=2.1.5 HTTP/1.1" 200 4895
181.57.246.234 - - [22/Dec/2018:17:45:30 -0500] "GET /BLA/boletinlegal/js/jquery.scrollShow.js HTTP/1.1" 200 4586
181.57.246.234 - - [22/Dec/2018:17:45:30 -0500] "GET /galeria/galeria/jquery.fancybox.js?v=2.1.5 HTTP/1.1" 200 48706
188.40.102.169 - - [22/Dec/2018:17:45:34 -0500] "GET /BLA/resoluciones/index.php?dir=RESOLUCIONES+2005/RES+2005+601-650/ HTTP/1.1" 200 12246
188.40.102.169 - - [22/Dec/2018:17:45:40 -0500] "GET /BLA/resoluciones/index.php?dir=RESOLUCIONES+2005/RES+2005+651-700/ HTTP/1.1" 200 12232
188.40.102.169 - - [22/Dec/2018:17:45:49 -0500] "GET /BLA/resoluciones/index.php?dir=RESOLUCIONES+2005/RES+2005+701-750/ HTTP/1.1" 200 12247
188.40.102.169 - - [22/Dec/2018:17:45:58 -0500] "GET /BLA/resoluciones/index.php?dir=RESOLUCIONES+2005/RES+2005+751-800/ HTTP/1.1" 200 12254
188.40.102.169 - - [22/Dec/2018:17:46:06 -0500] "GET /BLA/resoluciones/index.php?dir=RESOLUCIONES+2005/RES+2005+801-850/ HTTP/1.1" 200 12246
188.40.102.169 - - [22/Dec/2018:17:46:13 -0500] "GET /BLA/resoluciones/index.php?dir=RESOLUCIONES+2005/RES+2005+851-900/ HTTP/1.1" 200 12242
188.40.102.169 - - [22/Dec/2018:17:46:21 -0500] "GET /BLA/resoluciones/index.php?dir=RESOLUCIONES+2005/RES+2005+901-950/ HTTP/1.1" 200 12245
188.40.102.169 - - [22/Dec/2018:17:46:28 -0500] "GET /BLA/resoluciones/index.php?dir=RESOLUCIONES+2005/RES+2005+951-1000/ HTTP/1.1" 200 12304
188.40.102.169 - - [22/Dec/2018:17:46:32 -0500] "GET /BLA/resoluciones/index.php?dir=RESOLUCIONES+2006/RES+2006++2801-2850/ HTTP/1.1" 200 12415
188.40.102.169 - - [22/Dec/2018:17:46:38 -0500] "GET /BLA/resoluciones/index.php?dir=RESOLUCIONES+2006/RES+2006++2851-2900/ HTTP/1.1" 200 12177
188.40.102.169 - - [22/Dec/2018:17:46:43 -0500] "GET /BLA/resoluciones/index.php?dir=RESOLUCIONES+2006/RES+2006++2901-2950/ HTTP/1.1" 200 12406
188.40.102.169 - - [22/Dec/2018:17:46:49 -0500] "GET /BLA/resoluciones/index.php?dir=RESOLUCIONES+2006/RES+2006++2951-3000/ HTTP/1.1" 200 12390
188.40.102.169 - - [22/Dec/2018:17:46:55 -0500] "GET /BLA/resoluciones/index.php?dir=RESOLUCIONES+2006/RES+2006++3001-3054/ HTTP/1.1" 200 13210
181.55.232.79 - - [22/Dec/2018:17:46:55 -0500] "GET /galeria/mapa/humedal2017.jpg HTTP/1.1" 200 644667
66.249.70.9 - - [22/Dec/2018:17:46:56 -0500] "GET /BLA/resoluciones/Notificaciones/REGISTROS%202014/2504.doc HTTP/1.1" 200 199680
188.40.102.169 - - [22/Dec/2018:17:46:58 -0500] "GET /BLA/resoluciones/index.php?dir=RESOLUCIONES+2006/RES+2006+1-50/ HTTP/1.1" 200 11867
188.40.102.169 - - [22/Dec/2018:17:47:03 -0500] "GET /BLA/resoluciones/index.php?dir=RESOLUCIONES+2006/RES+2006+1001-1050/ HTTP/1.1" 200 12341
207.46.13.40 - - [22/Dec/2018:17:47:06 -0500] "GET /BLA/boletinlegal/Circulares/2010/Circular%2006%20de%208%20de%20septiembre%20de%202010.pdf HTTP/1.1" 200 4657752
188.40.102.169 - - [22/Dec/2018:17:47:08 -0500] "GET /BLA/resoluciones/index.php?dir=RESOLUCIONES+2006/RES+2006+101-150/ HTTP/1.1" 200 12241
188.40.102.169 - - [22/Dec/2018:17:47:15 -0500] "GET /BLA/resoluciones/index.php?dir=RESOLUCIONES+2006/RES+2006+1051-1100/ HTTP/1.1" 200 12369
188.40.102.169 - - [22/Dec/2018:17:47:21 -0500] "GET /BLA/resoluciones/index.php?dir=RESOLUCIONES+2006/RES+2006+1101-1150/ HTTP/1.1" 200 12368
201.245.192.253 - - [22/Dec/2018:17:47:21 -0500] "GET /BLA/resoluciones/ HTTP/1.1" 200 9737
201.245.192.253 - - [22/Dec/2018:17:47:26 -0500] "GET /BLA/resoluciones/index.php?dir=AUTOS+2017%2F HTTP/1.1" 200 342854
188.40.102.169 - - [22/Dec/2018:17:47:28 -0500] "GET /BLA/resoluciones/index.php?dir=RESOLUCIONES+2006/RES+2006+1151-1200/ HTTP/1.1" 200 12365
188.40.102.169 - - [22/Dec/2018:17:47:36 -0500] "GET /BLA/resoluciones/index.php?dir=RESOLUCIONES+2006/RES+2006+1201-1250/ HTTP/1.1" 200 12346
188.40.102.169 - - [22/Dec/2018:17:47:39 -0500] "GET /BLA/resoluciones/index.php?dir=RESOLUCIONES+2006/RES+2006+1251-1300/ HTTP/1.1" 200 12368
66.249.70.13 - - [22/Dec/2018:17:47:43 -0500] "GET /BLA/resoluciones/AUTOS%202015/3160.pdf HTTP/1.1" 200 824884
188.40.102.169 - - [22/Dec/2018:17:47:44 -0500] "GET /BLA/resoluciones/index.php?dir=RESOLUCIONES+2006/RES+2006+1301-1350/ HTTP/1.1" 200 12365
188.40.102.169 - - [22/Dec/2018:17:47:49 -0500] "GET /BLA/resoluciones/index.php?dir=RESOLUCIONES+2006/RES+2006+1351-1400/ HTTP/1.1" 200 12367
188.40.102.169 - - [22/Dec/2018:17:47:52 -0500] "GET /BLA/resoluciones/index.php?dir=RESOLUCIONES+2006/RES+2006+1401-1450/ HTTP/1.1" 200 12367
188.40.102.169 - - [22/Dec/2018:17:47:58 -0500] "GET /BLA/resoluciones/index.php?dir=RESOLUCIONES+2006/RES+2006+1451-1500/ HTTP/1.1" 200 12370
188.40.102.169 - - [22/Dec/2018:17:48:01 -0500] "GET /BLA/resoluciones/index.php?dir=RESOLUCIONES+2006/RES+2006+1501-1550/ HTTP/1.1" 200 12370
188.40.102.169 - - [22/Dec/2018:17:48:06 -0500] "GET /BLA/resoluciones/index.php?dir=RESOLUCIONES+2006/RES+2006+151-200/ HTTP/1.1" 200 12238
188.40.102.169 - - [22/Dec/2018:17:48:10 -0500] "GET /BLA/resoluciones/index.php?dir=RESOLUCIONES+2006/RES+2006+1551-1600/ HTTP/1.1" 200 12369
188.40.102.169 - - [22/Dec/2018:17:48:16 -0500] "GET /BLA/resoluciones/index.php?dir=RESOLUCIONES+2006/RES+2006+1601-1650/ HTTP/1.1" 200 12366
188.40.102.169 - - [22/Dec/2018:17:48:20 -0500] "GET /BLA/resoluciones/index.php?dir=RESOLUCIONES+2006/RES+2006+1651-1700/ HTTP/1.1" 200 12354
188.40.102.169 - - [22/Dec/2018:17:48:27 -0500] "GET /BLA/resoluciones/index.php?dir=RESOLUCIONES+2006/RES+2006+1701-1751/ HTTP/1.1" 200 12369
188.40.102.169 - - [22/Dec/2018:17:48:31 -0500] "GET /BLA/resoluciones/index.php?dir=RESOLUCIONES+2006/RES+2006+1751-1800/ HTTP/1.1" 200 12368
192.168.175.104 - - [22/Dec/2018:17:48:32 -0500] "GET / HTTP/1.1" 200 9990
188.40.102.169 - - [22/Dec/2018:17:48:35 -0500] "GET /BLA/resoluciones/index.php?dir=RESOLUCIONES+2006/RES+2006+1801-1850/ HTTP/1.1" 200 12357
188.40.102.169 - - [22/Dec/2018:17:48:40 -0500] "GET /BLA/resoluciones/index.php?dir=RESOLUCIONES+2006/RES+2006+1851-1900/ HTTP/1.1" 200 12364
69.162.124.233 - - [22/Dec/2018:17:48:42 -0500] "HEAD / HTTP/1.1" 200 -
188.40.102.169 - - [22/Dec/2018:17:48:45 -0500] "GET /BLA/resoluciones/index.php?dir=RESOLUCIONES+2006/RES+2006+1901-1950/ HTTP/1.1" 200 12360
188.40.102.169 - - [22/Dec/2018:17:48:49 -0500] "GET /BLA/resoluciones/index.php?dir=RESOLUCIONES+2006/RES+2006+1951-2000/ HTTP/1.1" 200 12349
188.40.102.169 - - [22/Dec/2018:17:48:54 -0500] "GET /BLA/resoluciones/index.php?dir=RESOLUCIONES+2006/RES+2006+2001-2050/ HTTP/1.1" 200 12363
220.181.125.82 - - [22/Dec/2018:17:48:55 -0500] "GET /resoluciones/RESOLUCIONES%202009/0831.pdf HTTP/1.1" 404 1018
188.40.102.169 - - [22/Dec/2018:17:48:59 -0500] "GET /BLA/resoluciones/index.php?dir=RESOLUCIONES+2006/RES+2006+201-250/ HTTP/1.1" 200 12238
192.168.175.104 - - [22/Dec/2018:17:49:02 -0500] "GET / HTTP/1.0" 200 9990
188.40.102.169 - - [22/Dec/2018:17:49:04 -0500] "GET /BLA/resoluciones/index.php?dir=RESOLUCIONES+2006/RES+2006+2051-2100/ HTTP/1.1" 200 12363
188.40.102.169 - - [22/Dec/2018:17:49:08 -0500] "GET /BLA/resoluciones/index.php?dir=RESOLUCIONES+2006/RES+2006+2101-2150/ HTTP/1.1" 200 12369
188.40.102.169 - - [22/Dec/2018:17:49:11 -0500] "GET /BLA/resoluciones/index.php?dir=RESOLUCIONES+2006/RES+2006+2151-2200/ HTTP/1.1" 200 12368
188.40.102.169 - - [22/Dec/2018:17:49:15 -0500] "GET /BLA/resoluciones/index.php?dir=RESOLUCIONES+2006/RES+2006+2201-2250/ HTTP/1.1" 200 12366
188.40.102.169 - - [22/Dec/2018:17:49:20 -0500] "GET /BLA/resoluciones/index.php?dir=RESOLUCIONES+2006/RES+2006+2251-2300/ HTTP/1.1" 200 12361
188.40.102.169 - - [22/Dec/2018:17:49:27 -0500] "GET /BLA/resoluciones/index.php?dir=RESOLUCIONES+2006/RES+2006+2301-2350/ HTTP/1.1" 200 12364
188.40.102.169 - - [22/Dec/2018:17:49:32 -0500] "GET /BLA/resoluciones/index.php?dir=RESOLUCIONES+2006/RES+2006+2351-2400/ HTTP/1.1" 200 12357
188.40.102.169 - - [22/Dec/2018:17:49:39 -0500] "GET /BLA/resoluciones/index.php?dir=RESOLUCIONES+2006/RES+2006+2401-2450/ HTTP/1.1" 200 12370
220.181.125.82 - - [22/Dec/2018:17:49:40 -0500] "GET /resoluciones/RESOLUCIONES%202009/0617.pdf HTTP/1.1" 404 1018
188.40.102.169 - - [22/Dec/2018:17:49:45 -0500] "GET /BLA/resoluciones/index.php?dir=RESOLUCIONES+2006/RES+2006+2451-2500/ HTTP/1.1" 200 12154
188.40.102.169 - - [22/Dec/2018:17:49:49 -0500] "GET /BLA/resoluciones/index.php?dir=RESOLUCIONES+2006/RES+2006+2501-2550/ HTTP/1.1" 200 12358
188.40.102.169 - - [22/Dec/2018:17:50:00 -0500] "GET /BLA/resoluciones/index.php?dir=RESOLUCIONES+2006/RES+2006+251-300/ HTTP/1.1" 200 12236
188.40.102.169 - - [22/Dec/2018:17:50:05 -0500] "GET /BLA/resoluciones/index.php?dir=RESOLUCIONES+2006/RES+2006+2551-2600/ HTTP/1.1" 200 12354
220.181.125.82 - - [22/Dec/2018:17:50:08 -0500] "GET /sipse/ HTTP/1.1" 302 -
188.40.102.169 - - [22/Dec/2018:17:50:09 -0500] "GET /BLA/resoluciones/index.php?dir=RESOLUCIONES+2006/RES+2006+2601-2650/ HTTP/1.1" 200 11939
188.40.102.169 - - [22/Dec/2018:17:50:15 -0500] "GET /BLA/resoluciones/index.php?dir=RESOLUCIONES+2006/RES+2006+2651-2700/ HTTP/1.1" 200 12365
188.40.102.169 - - [22/Dec/2018:17:50:19 -0500] "GET /BLA/resoluciones/index.php?dir=RESOLUCIONES+2006/RES+2006+2701-2750/ HTTP/1.1" 200 12367
188.40.102.169 - - [22/Dec/2018:17:50:26 -0500] "GET /BLA/resoluciones/index.php?dir=RESOLUCIONES+2006/RES+2006+2751-2800/ HTTP/1.1" 200 12358
188.40.102.169 - - [22/Dec/2018:17:50:31 -0500] "GET /BLA/resoluciones/index.php?dir=RESOLUCIONES+2006/RES+2006+301-350/ HTTP/1.1" 200 12249
66.249.88.93 - - [22/Dec/2018:17:50:32 -0500] "GET /BLA/boletinlegal/js/jquery.scrollShow.js HTTP/1.1" 200 4586
66.249.88.93 - - [22/Dec/2018:17:50:32 -0500] "GET /galeria/galeria/jquery.fancybox.js?v=2.1.5 HTTP/1.1" 200 48706
66.249.88.64 - - [22/Dec/2018:17:50:32 -0500] "GET /galeria/galeria/jquery.fancybox.css?v=2.1.5 HTTP/1.1" 200 4895
188.40.102.169 - - [22/Dec/2018:17:50:35 -0500] "GET /BLA/resoluciones/index.php?dir=RESOLUCIONES+2006/RES+2006+351-400/ HTTP/1.1" 200 12234
188.40.102.169 - - [22/Dec/2018:17:50:41 -0500] "GET /BLA/resoluciones/index.php?dir=RESOLUCIONES+2006/RES+2006+401-450/ HTTP/1.1" 200 12245
188.40.102.169 - - [22/Dec/2018:17:50:46 -0500] "GET /BLA/resoluciones/index.php?dir=RESOLUCIONES+2006/RES+2006+451-500/ HTTP/1.1" 200 12244
188.40.102.169 - - [22/Dec/2018:17:50:51 -0500] "GET /BLA/resoluciones/index.php?dir=RESOLUCIONES+2006/RES+2006+501-550/ HTTP/1.1" 200 12241
188.40.102.169 - - [22/Dec/2018:17:50:54 -0500] "GET /BLA/resoluciones/index.php?dir=RESOLUCIONES+2006/RES+2006+51-100/ HTTP/1.1" 200 11996
188.40.102.169 - - [22/Dec/2018:17:50:59 -0500] "GET /BLA/resoluciones/index.php?dir=RESOLUCIONES+2006/RES+2006+551-600/ HTTP/1.1" 200 12250
188.40.102.169 - - [22/Dec/2018:17:51:03 -0500] "GET /BLA/resoluciones/index.php?dir=RESOLUCIONES+2006/RES+2006+601-650/ HTTP/1.1" 200 12250
188.40.102.169 - - [22/Dec/2018:17:51:07 -0500] "GET /BLA/resoluciones/index.php?dir=RESOLUCIONES+2006/RES+2006+651-700/ HTTP/1.1" 200 12252
66.249.88.93 - - [22/Dec/2018:17:51:07 -0500] "GET /galeria/galeria/fotos/Entrenube1P.jpg HTTP/1.1" 200 6959
66.249.88.95 - - [22/Dec/2018:17:51:08 -0500] "GET /galeria/galeria/fotos/Entrenube2P.jpg HTTP/1.1" 200 8416
66.249.88.93 - - [22/Dec/2018:17:51:08 -0500] "GET /galeria/galeria/fotos/Entrenube3P.jpg HTTP/1.1" 200 8487
66.249.88.64 - - [22/Dec/2018:17:51:08 -0500] "GET /galeria/galeria/fotos/Entrenube4P.jpg HTTP/1.1" 200 10881
188.40.102.169 - - [22/Dec/2018:17:51:12 -0500] "GET /BLA/resoluciones/index.php?dir=RESOLUCIONES+2006/RES+2006+701-750/ HTTP/1.1" 200 12251
220.181.125.82 - - [22/Dec/2018:17:51:12 -0500] "GET /BLA/boletinlegal/jurisprudencia.php HTTP/1.1" 200 17573
157.55.39.142 - - [22/Dec/2018:17:51:15 -0500] "GET /POT-2013/Cartografia/Anexo01_Sistema_Hidrico.pdf HTTP/1.1" 200 5860035
188.40.102.169 - - [22/Dec/2018:17:51:15 -0500] "GET /BLA/resoluciones/index.php?dir=RESOLUCIONES+2006/RES+2006+751-800/ HTTP/1.1" 200 12235
188.40.102.169 - - [22/Dec/2018:17:51:18 -0500] "GET /BLA/resoluciones/index.php?dir=RESOLUCIONES+2006/RES+2006+801-850/ HTTP/1.1" 200 12230
216.244.66.197 - - [22/Dec/2018:17:51:21 -0500] "GET /robots.txt HTTP/1.1" 404 1015
188.40.102.169 - - [22/Dec/2018:17:51:24 -0500] "GET /BLA/resoluciones/index.php?dir=RESOLUCIONES+2006/RES+2006+851-900/ HTTP/1.1" 200 12234
188.40.102.169 - - [22/Dec/2018:17:51:29 -0500] "GET /BLA/resoluciones/index.php?dir=RESOLUCIONES+2006/RES+2006+901-950/ HTTP/1.1" 200 12239
188.40.102.169 - - [22/Dec/2018:17:51:33 -0500] "GET /BLA/resoluciones/index.php?dir=RESOLUCIONES+2006/RES+2006+951-1000/ HTTP/1.1" 200 12308
188.40.102.169 - - [22/Dec/2018:17:51:37 -0500] "GET /BLA/resoluciones/index.php?dir=RESOLUCIONES+2007/RES+2007+1+AL+100/ HTTP/1.1" 200 26175
188.40.102.169 - - [22/Dec/2018:17:51:42 -0500] "GET /BLA/resoluciones/index.php?dir=RESOLUCIONES+2007/RES+2007+1001+AL+1100/ HTTP/1.1" 200 26838
220.181.125.82 - - [22/Dec/2018:17:51:43 -0500] "GET /sipse/faces/autenticacion.xhtml HTTP/1.1" 200 12183
188.40.102.169 - - [22/Dec/2018:17:51:46 -0500] "GET /BLA/resoluciones/index.php?dir=RESOLUCIONES+2007/RES+2007+101+AL+200/ HTTP/1.1" 200 26931
188.40.102.169 - - [22/Dec/2018:17:51:49 -0500] "GET /BLA/resoluciones/index.php?dir=RESOLUCIONES+2007/RES+2007+1101+AL+1200/ HTTP/1.1" 200 26852
188.40.102.169 - - [22/Dec/2018:17:51:53 -0500] "GET /BLA/resoluciones/index.php?dir=RESOLUCIONES+2007/RES+2007+1201+AL+1300/ HTTP/1.1" 200 26864
188.40.102.169 - - [22/Dec/2018:17:52:00 -0500] "GET /BLA/resoluciones/index.php?dir=RESOLUCIONES+2007/RES+2007+1301+AL+1400/ HTTP/1.1" 200 26817
188.40.102.169 - - [22/Dec/2018:17:52:05 -0500] "GET /BLA/resoluciones/index.php?dir=RESOLUCIONES+2007/RES+2007+1401+AL+1500/ HTTP/1.1" 200 26854
35.247.78.113 - - [22/Dec/2018:17:52:08 -0500] "GET /galeria/galeria/jquery.fancybox.css?v=2.1.5 HTTP/1.1" 200 4895
35.247.78.113 - - [22/Dec/2018:17:52:08 -0500] "GET /galeria/carrusel/Carrusel/jquery.thumbnailScroller.css HTTP/1.1" 200 2066
35.247.78.113 - - [22/Dec/2018:17:52:09 -0500] "GET /BLA/boletinlegal/js/jquery.scrollShow.js HTTP/1.1" 200 4586
35.247.78.113 - - [22/Dec/2018:17:52:09 -0500] "GET /galeria/galeria/jquery.fancybox.js?v=2.1.5 HTTP/1.1" 200 48706
188.40.102.169 - - [22/Dec/2018:17:52:09 -0500] "GET /BLA/resoluciones/index.php?dir=RESOLUCIONES+2007/RES+2007+1501+AL+1600/ HTTP/1.1" 200 26868
35.247.78.113 - - [22/Dec/2018:17:52:10 -0500] "GET /galeria/carrusel/Carrusel/jquery-ui-1.8.13.custom.min.js HTTP/1.1" 200 10800
35.247.78.113 - - [22/Dec/2018:17:52:11 -0500] "GET /galeria/carrusel/Carrusel/jquery.thumbnailScroller.js HTTP/1.1" 200 8157
35.247.78.113 - - [22/Dec/2018:17:52:13 -0500] "GET /galeria/nivo-slider/demo/demo.html HTTP/1.1" 200 20142
35.247.78.113 - - [22/Dec/2018:17:52:14 -0500] "GET /galeria/nivo-slider/themes/default/default.css HTTP/1.1" 200 1569
35.247.78.113 - - [22/Dec/2018:17:52:14 -0500] "GET /galeria/nivo-slider/themes/orman/orman.css HTTP/1.1" 200 2152
35.247.78.113 - - [22/Dec/2018:17:52:14 -0500] "GET /galeria/nivo-slider/themes/pascal/pascal.css HTTP/1.1" 200 2258
35.247.78.113 - - [22/Dec/2018:17:52:14 -0500] "GET /galeria/nivo-slider/nivo-slider.css HTTP/1.1" 200 1507
35.247.78.113 - - [22/Dec/2018:17:52:14 -0500] "GET /galeria/nivo-slider/demo/style.css HTTP/1.1" 200 2222
70.42.131.170 - - [22/Dec/2018:17:52:14 -0500] "GET /galeria/galeria/jquery.fancybox.css?v=2.1.5 HTTP/1.1" 200 4895
70.42.131.170 - - [22/Dec/2018:17:52:14 -0500] "GET /BLA/boletinlegal/js/jquery.scrollShow.js HTTP/1.1" 200 4586
70.42.131.170 - - [22/Dec/2018:17:52:14 -0500] "GET /galeria/carrusel/Carrusel/jquery.thumbnailScroller.css HTTP/1.1" 200 2066
70.42.131.170 - - [22/Dec/2018:17:52:14 -0500] "GET /galeria/galeria/jquery.fancybox.js?v=2.1.5 HTTP/1.1" 200 48706
188.40.102.169 - - [22/Dec/2018:17:52:14 -0500] "GET /BLA/resoluciones/index.php?dir=RESOLUCIONES+2007/RES+2007+1601+AL+1725/ HTTP/1.1" 200 7202
35.247.78.113 - - [22/Dec/2018:17:52:14 -0500] "GET /galeria/nivo-slider/demo/scripts/jquery-1.7.1.min.js HTTP/1.1" 200 93868
35.247.78.113 - - [22/Dec/2018:17:52:14 -0500] "GET /galeria/nivo-slider/demo/images/Trafico%20de%20fauna.jpg HTTP/1.1" 200 198327
35.247.78.113 - - [22/Dec/2018:17:52:14 -0500] "GET /galeria/nivo-slider/jquery.nivo.slider.pack.js HTTP/1.1" 200 11561
35.247.78.113 - - [22/Dec/2018:17:52:14 -0500] "GET /galeria/nivo-slider/demo/images/Bannerweb_Tinguas.jpg HTTP/1.1" 200 258471
35.247.78.113 - - [22/Dec/2018:17:52:14 -0500] "GET /galeria/nivo-slider/demo/images/Caminatas%20Ecol%C3%B3gicas%20Diciembre.jpg HTTP/1.1" 200 437964
35.247.78.113 - - [22/Dec/2018:17:52:15 -0500] "GET /galeria/nivo-slider/demo/images/Banner%20POT.png HTTP/1.1" 200 418238
35.247.78.113 - - [22/Dec/2018:17:52:15 -0500] "GET /galeria/nivo-slider/demo/images/Banner%20musgo.jpg HTTP/1.1" 200 380071
70.42.131.170 - - [22/Dec/2018:17:52:17 -0500] "GET /galeria/carrusel/Carrusel/jquery-ui-1.8.13.custom.min.js HTTP/1.1" 200 10800
70.42.131.170 - - [22/Dec/2018:17:52:17 -0500] "GET /galeria/carrusel/Carrusel/jquery.thumbnailScroller.js HTTP/1.1" 200 8157
70.42.131.170 - - [22/Dec/2018:17:52:18 -0500] "GET /galeria/nivo-slider/demo/demo.html HTTP/1.1" 200 20142
35.247.78.113 - - [22/Dec/2018:17:52:20 -0500] "GET /galeria/nivo-slider/demo/images/Resultados%20Eco%20Empresarial%20web.jpg HTTP/1.1" 200 228464
188.40.102.169 - - [22/Dec/2018:17:52:20 -0500] "GET /BLA/resoluciones/index.php?dir=RESOLUCIONES+2007/RES+2007+1726+AL+1800/ HTTP/1.1" 200 20645
70.42.131.170 - - [22/Dec/2018:17:52:20 -0500] "GET /galeria/nivo-slider/themes/orman/orman.css HTTP/1.1" 200 2152
70.42.131.170 - - [22/Dec/2018:17:52:20 -0500] "GET /galeria/nivo-slider/themes/pascal/pascal.css HTTP/1.1" 200 2258
70.42.131.170 - - [22/Dec/2018:17:52:20 -0500] "GET /galeria/nivo-slider/themes/default/default.css HTTP/1.1" 200 1569
70.42.131.170 - - [22/Dec/2018:17:52:20 -0500] "GET /galeria/nivo-slider/nivo-slider.css HTTP/1.1" 200 1507
70.42.131.170 - - [22/Dec/2018:17:52:20 -0500] "GET /galeria/nivo-slider/demo/style.css HTTP/1.1" 200 2222
70.42.131.170 - - [22/Dec/2018:17:52:20 -0500] "GET /galeria/nivo-slider/demo/scripts/jquery-1.7.1.min.js HTTP/1.1" 200 93868
70.42.131.170 - - [22/Dec/2018:17:52:20 -0500] "GET /galeria/nivo-slider/demo/images/Trafico%20de%20fauna.jpg HTTP/1.1" 200 198327
70.42.131.170 - - [22/Dec/2018:17:52:21 -0500] "GET /galeria/nivo-slider/demo/images/4Simple_Slider.png HTTP/1.1" 200 11722
70.42.131.170 - - [22/Dec/2018:17:52:21 -0500] "GET /galeria/nivo-slider/jquery.nivo.slider.pack.js HTTP/1.1" 200 11561
70.42.131.170 - - [22/Dec/2018:17:52:21 -0500] "GET /galeria/nivo-slider/themes/default/loading.gif HTTP/1.1" 200 1737
70.42.131.170 - - [22/Dec/2018:17:52:22 -0500] "GET /galeria/nivo-slider/demo/images/Bannerweb_Tinguas.jpg HTTP/1.1" 200 258471
70.42.131.170 - - [22/Dec/2018:17:52:22 -0500] "GET /galeria/nivo-slider/demo/images/Caminatas%20Ecol%C3%B3gicas%20Diciembre.jpg HTTP/1.1" 200 437964
70.42.131.170 - - [22/Dec/2018:17:52:22 -0500] "GET /galeria/nivo-slider/demo/images/Banner%20POT.png HTTP/1.1" 200 418238
70.42.131.170 - - [22/Dec/2018:17:52:23 -0500] "GET /galeria/nivo-slider/demo/images/Resultados%20Eco%20Empresarial%20web.jpg HTTP/1.1" 200 228464
70.42.131.170 - - [22/Dec/2018:17:52:23 -0500] "GET /galeria/nivo-slider/demo/images/Banner%20musgo.jpg HTTP/1.1" 200 380071
70.42.131.170 - - [22/Dec/2018:17:52:24 -0500] "GET /galeria/nivo-slider/demo/images/Pot_banner.jpg HTTP/1.1" 200 204736
70.42.131.170 - - [22/Dec/2018:17:52:24 -0500] "GET /galeria/nivo-slider/demo/images/BANNER%20punto.jpg HTTP/1.1" 200 75932
70.42.131.170 - - [22/Dec/2018:17:52:24 -0500] "GET /galeria/nivo-slider/demo/images/Cucos3_BannerWeb.png HTTP/1.1" 200 373609
70.42.131.170 - - [22/Dec/2018:17:52:24 -0500] "GET /galeria/nivo-slider/demo/images/Serpientes.jpg HTTP/1.1" 200 304010
35.247.78.113 - - [22/Dec/2018:17:52:24 -0500] "GET /galeria/nivo-slider/demo/images/Pot_banner.jpg HTTP/1.1" 200 204736
70.42.131.170 - - [22/Dec/2018:17:52:24 -0500] "GET /galeria/nivo-slider/demo/images/Banneranonimos.png HTTP/1.1" 200 109388
35.247.78.113 - - [22/Dec/2018:17:52:25 -0500] "GET /galeria/nivo-slider/demo/images/4Simple_Slider.png HTTP/1.1" 200 11722
70.42.131.170 - - [22/Dec/2018:17:52:26 -0500] "GET /galeria/nivo-slider/demo/images/web%20ingreso%20humedales.png HTTP/1.1" 200 641193
70.42.131.170 - - [22/Dec/2018:17:52:26 -0500] "GET /galeria/nivo-slider/demo/images/gobierno%20digital-01.jpg HTTP/1.1" 200 116163
188.40.102.169 - - [22/Dec/2018:17:52:26 -0500] "GET /BLA/resoluciones/index.php?dir=RESOLUCIONES+2007/RES+2007+1801+AL+1900/ HTTP/1.1" 200 26857
70.42.131.170 - - [22/Dec/2018:17:52:26 -0500] "GET /galeria/nivo-slider/demo/images/Otorgamiento-excelencia-ambiental-Jos%C3%A9-Celestino-Mutis-2.jpg HTTP/1.1" 200 276467
35.247.78.113 - - [22/Dec/2018:17:52:26 -0500] "GET /galeria/nivo-slider/themes/default/loading.gif HTTP/1.1" 200 1737
70.42.131.170 - - [22/Dec/2018:17:52:28 -0500] "GET /galeria/nivo-slider/demo/images/Banner_micrositio.png HTTP/1.1" 200 146950
70.42.131.170 - - [22/Dec/2018:17:52:28 -0500] "GET /galeria/nivo-slider/demo/images/avances-sentencias-rio-bogota-2.jpg HTTP/1.1" 200 304916
70.42.131.170 - - [22/Dec/2018:17:52:28 -0500] "GET /galeria/nivo-slider/demo/images/BANNER%20VAN%20DER%20HAMMEN.jpg HTTP/1.1" 200 64172
70.42.131.170 - - [22/Dec/2018:17:52:28 -0500] "GET /galeria/nivo-slider/demo/images/banner-humedales-de-bogota.jpg HTTP/1.1" 200 292611
70.42.131.170 - - [22/Dec/2018:17:52:28 -0500] "GET /galeria/nivo-slider/demo/images/maximavelocidad.png HTTP/1.1" 200 880272
35.247.78.113 - - [22/Dec/2018:17:52:28 -0500] "GET /galeria/nivo-slider/demo/images/BANNER%20punto.jpg HTTP/1.1" 200 75932
35.247.78.113 - - [22/Dec/2018:17:52:28 -0500] "GET /galeria/nivo-slider/demo/images/Cucos3_BannerWeb.png HTTP/1.1" 200 373609
70.42.131.170 - - [22/Dec/2018:17:52:29 -0500] "GET /galeria/nivo-slider/demo/images/banner%20aceite%20vegetal%20usado.jpg HTTP/1.1" 200 169350
70.42.131.170 - - [22/Dec/2018:17:52:29 -0500] "GET /galeria/nivo-slider/demo/images/bannerlumina2017web.jpg HTTP/1.1" 200 198918
35.247.78.113 - - [22/Dec/2018:17:52:29 -0500] "GET /galeria/nivo-slider/demo/images/Serpientes.jpg HTTP/1.1" 200 304010
70.42.131.170 - - [22/Dec/2018:17:52:30 -0500] "GET /galeria/nivo-slider/demo/images/banner-bolsas-plasticas.jpg HTTP/1.1" 200 317939
70.42.131.170 - - [22/Dec/2018:17:52:32 -0500] "GET /galeria/nivo-slider/themes/default/bullets.png HTTP/1.1" 200 1281
70.42.131.170 - - [22/Dec/2018:17:52:32 -0500] "GET /galeria/nivo-slider/themes/default/arrows.png HTTP/1.1" 200 824
188.40.102.169 - - [22/Dec/2018:17:52:32 -0500] "GET /BLA/resoluciones/index.php?dir=RESOLUCIONES+2007/RES+2007+1901+AL+2000/ HTTP/1.1" 200 26856
35.247.78.113 - - [22/Dec/2018:17:52:35 -0500] "GET /galeria/nivo-slider/demo/images/Banneranonimos.png HTTP/1.1" 200 109388
35.247.78.113 - - [22/Dec/2018:17:52:37 -0500] "GET /galeria/nivo-slider/demo/images/web%20ingreso%20humedales.png HTTP/1.1" 200 641193
188.40.102.169 - - [22/Dec/2018:17:52:37 -0500] "GET /BLA/resoluciones/index.php?dir=RESOLUCIONES+2007/RES+2007+2001+AL+2100/ HTTP/1.1" 200 26870
35.247.78.113 - - [22/Dec/2018:17:52:38 -0500] "GET /galeria/nivo-slider/demo/images/gobierno%20digital-01.jpg HTTP/1.1" 200 116163
188.40.102.169 - - [22/Dec/2018:17:52:43 -0500] "GET /BLA/resoluciones/index.php?dir=RESOLUCIONES+2007/RES+2007+201+AL+300/ HTTP/1.1" 200 27110
35.247.78.113 - - [22/Dec/2018:17:52:44 -0500] "GET /galeria/nivo-slider/demo/images/Otorgamiento-excelencia-ambiental-Jos%C3%A9-Celestino-Mutis-2.jpg HTTP/1.1" 200 276467
35.247.78.113 - - [22/Dec/2018:17:52:46 -0500] "GET /galeria/nivo-slider/demo/images/avances-sentencias-rio-bogota-2.jpg HTTP/1.1" 200 304916
35.247.78.113 - - [22/Dec/2018:17:52:47 -0500] "GET /galeria/nivo-slider/demo/images/Banner_micrositio.png HTTP/1.1" 200 146950
35.247.78.113 - - [22/Dec/2018:17:52:47 -0500] "GET /galeria/nivo-slider/demo/images/BANNER%20VAN%20DER%20HAMMEN.jpg HTTP/1.1" 200 64172
188.40.102.169 - - [22/Dec/2018:17:52:48 -0500] "GET /BLA/resoluciones/index.php?dir=RESOLUCIONES+2007/RES+2007+2101+AL+2200/ HTTP/1.1" 200 26622
35.247.78.113 - - [22/Dec/2018:17:52:49 -0500] "GET /galeria/nivo-slider/demo/images/banner-humedales-de-bogota.jpg HTTP/1.1" 200 292611
35.247.78.113 - - [22/Dec/2018:17:52:50 -0500] "GET /galeria/nivo-slider/demo/images/maximavelocidad.png HTTP/1.1" 200 880272
188.40.102.169 - - [22/Dec/2018:17:52:52 -0500] "GET /BLA/resoluciones/index.php?dir=RESOLUCIONES+2007/RES+2007+2201+AL+2300/ HTTP/1.1" 200 27114
35.247.78.113 - - [22/Dec/2018:17:52:52 -0500] "GET /galeria/nivo-slider/demo/images/banner%20aceite%20vegetal%20usado.jpg HTTP/1.1" 200 169350
35.247.78.113 - - [22/Dec/2018:17:52:54 -0500] "GET /galeria/nivo-slider/demo/images/bannerlumina2017web.jpg HTTP/1.1" 200 198918
188.40.102.169 - - [22/Dec/2018:17:52:56 -0500] "GET /BLA/resoluciones/index.php?dir=RESOLUCIONES+2007/RES+2007+2301+AL+2400/ HTTP/1.1" 200 26611
35.247.78.113 - - [22/Dec/2018:17:53:00 -0500] "GET /galeria/nivo-slider/demo/images/banner-bolsas-plasticas.jpg HTTP/1.1" 200 317939
188.40.102.169 - - [22/Dec/2018:17:53:00 -0500] "GET /BLA/resoluciones/index.php?dir=RESOLUCIONES+2007/RES+2007+2401+AL+2500/ HTTP/1.1" 200 26869
188.40.102.169 - - [22/Dec/2018:17:53:07 -0500] "GET /BLA/resoluciones/index.php?dir=RESOLUCIONES+2007/RES+2007+2501+AL+2600/ HTTP/1.1" 200 26847
66.249.70.11 - - [22/Dec/2018:17:53:10 -0500] "GET /BLA/resoluciones/RESOLUCIONES%202007/RES%202007%20201%20AL%20300/RESOLUCION%200260%20DE%202007.pdf HTTP/1.1" 200 427009
188.40.102.169 - - [22/Dec/2018:17:53:13 -0500] "GET /BLA/resoluciones/index.php?dir=RESOLUCIONES+2007/RES+2007+2601+AL+2700/ HTTP/1.1" 200 26865
188.40.102.169 - - [22/Dec/2018:17:53:19 -0500] "GET /BLA/resoluciones/index.php?dir=RESOLUCIONES+2007/RES+2007+2701+AL+2800/ HTTP/1.1" 200 26889
188.40.102.169 - - [22/Dec/2018:17:53:22 -0500] "GET /BLA/resoluciones/index.php?dir=RESOLUCIONES+2007/RES+2007+2801+AL+2900/ HTTP/1.1" 200 26859
180.250.28.34 - - [22/Dec/2018:17:53:24 -0500] "-" 408 -
188.40.102.169 - - [22/Dec/2018:17:53:26 -0500] "GET /BLA/resoluciones/index.php?dir=RESOLUCIONES+2007/RES+2007+2901+AL+3000/ HTTP/1.1" 200 26859
192.168.175.104 - - [22/Dec/2018:17:53:30 -0500] "GET / HTTP/1.1" 200 9990
188.40.102.169 - - [22/Dec/2018:17:53:30 -0500] "GET /BLA/resoluciones/index.php?dir=RESOLUCIONES+2007/RES+2007+3001+AL+3100/ HTTP/1.1" 200 26891
188.40.102.169 - - [22/Dec/2018:17:53:33 -0500] "GET /BLA/resoluciones/index.php?dir=RESOLUCIONES+2007/RES+2007+301+AL+400/ HTTP/1.1" 200 26381
188.40.102.169 - - [22/Dec/2018:17:53:37 -0500] "GET /BLA/resoluciones/index.php?dir=RESOLUCIONES+2007/RES+2007+3101+AL+3200/ HTTP/1.1" 200 26880
35.247.78.113 - - [22/Dec/2018:17:53:40 -0500] "GET /galeria/nivo-slider/themes/default/arrows.png HTTP/1.1" 200 824
35.247.78.113 - - [22/Dec/2018:17:53:40 -0500] "GET /galeria/nivo-slider/themes/default/bullets.png HTTP/1.1" 200 1281
69.162.124.233 - - [22/Dec/2018:17:53:42 -0500] "HEAD / HTTP/1.1" 200 -
188.40.102.169 - - [22/Dec/2018:17:53:43 -0500] "GET /BLA/resoluciones/index.php?dir=RESOLUCIONES+2007/RES+2007+3201+AL+3300/ HTTP/1.1" 200 27112
188.40.102.169 - - [22/Dec/2018:17:53:49 -0500] "GET /BLA/resoluciones/index.php?dir=RESOLUCIONES+2007/RES+2007+3301+AL+3400/ HTTP/1.1" 200 26620
188.40.102.169 - - [22/Dec/2018:17:53:54 -0500] "GET /BLA/resoluciones/index.php?dir=RESOLUCIONES+2007/RES+2007+3401+AL+3500/ HTTP/1.1" 200 26618
66.249.70.11 - - [22/Dec/2018:17:53:57 -0500] "GET /BLA/resoluciones/AUTOS%202014/0121.pdf HTTP/1.1" 200 387049
188.40.102.169 - - [22/Dec/2018:17:53:58 -0500] "GET /BLA/resoluciones/index.php?dir=RESOLUCIONES+2007/RES+2007+3501+AL+3600/ HTTP/1.1" 200 26836
192.168.175.104 - - [22/Dec/2018:17:54:01 -0500] "GET / HTTP/1.0" 200 9990
188.40.102.169 - - [22/Dec/2018:17:54:02 -0500] "GET /BLA/resoluciones/index.php?dir=RESOLUCIONES+2007/RES+2007+3601+AL+3700/ HTTP/1.1" 200 26855
180.250.28.34 - - [22/Dec/2018:17:54:05 -0500] "-" 408 -
188.40.102.169 - - [22/Dec/2018:17:54:08 -0500] "GET /BLA/resoluciones/index.php?dir=RESOLUCIONES+2007/RES+2007+3701+AL+3800/ HTTP/1.1" 200 26851
188.40.102.169 - - [22/Dec/2018:17:54:12 -0500] "GET /BLA/resoluciones/index.php?dir=RESOLUCIONES+2007/RES+2007+3801+AL+3900/ HTTP/1.1" 200 26637
188.40.102.169 - - [22/Dec/2018:17:54:16 -0500] "GET /BLA/resoluciones/index.php?dir=RESOLUCIONES+2007/RES+2007+3901+AL+4000/ HTTP/1.1" 200 26851
188.40.102.169 - - [22/Dec/2018:17:54:22 -0500] "GET /BLA/resoluciones/index.php?dir=RESOLUCIONES+2007/RES+2007+4001+AL+4100/ HTTP/1.1" 200 26864
188.40.102.169 - - [22/Dec/2018:17:54:25 -0500] "GET /BLA/resoluciones/index.php?dir=RESOLUCIONES+2007/RES+2007+401+AL+500/ HTTP/1.1" 200 26642
35.247.78.113 - - [22/Dec/2018:17:54:30 -0500] "GET /galeria/nivo-slider/demo/demo.html HTTP/1.1" 200 20142
35.247.78.113 - - [22/Dec/2018:17:54:30 -0500] "GET /galeria/nivo-slider/demo/scripts/jquery-1.7.1.min.js HTTP/1.1" 200 93868
35.247.78.113 - - [22/Dec/2018:17:54:30 -0500] "GET /galeria/nivo-slider/jquery.nivo.slider.pack.js HTTP/1.1" 200 11561
188.40.102.169 - - [22/Dec/2018:17:54:33 -0500] "GET /BLA/resoluciones/index.php?dir=RESOLUCIONES+2007/RES+2007+4101+AL+4200/ HTTP/1.1" 200 26886
180.250.28.34 - - [22/Dec/2018:17:54:35 -0500] "-" 408 -
188.40.102.169 - - [22/Dec/2018:17:54:37 -0500] "GET /BLA/resoluciones/index.php?dir=RESOLUCIONES+2007/RES+2007+4201+AL+4300/ HTTP/1.1" 200 26607
188.40.102.169 - - [22/Dec/2018:17:54:41 -0500] "GET /BLA/resoluciones/index.php?dir=RESOLUCIONES+2007/RES+2007+4301+AL+4352/ HTTP/1.1" 200 14905
66.249.70.11 - - [22/Dec/2018:17:54:44 -0500] "GET /BLA/resoluciones/AUTOS%202014/2651.pdf HTTP/1.1" 200 615625
188.40.102.169 - - [22/Dec/2018:17:54:46 -0500] "GET /BLA/resoluciones/index.php?dir=RESOLUCIONES+2007/RES+2007+501+AL+600/ HTTP/1.1" 200 26888
188.40.102.169 - - [22/Dec/2018:17:54:51 -0500] "GET /BLA/resoluciones/index.php?dir=RESOLUCIONES+2007/RES+2007+601+AL+700/ HTTP/1.1" 200 26655
188.40.102.169 - - [22/Dec/2018:17:54:55 -0500] "GET /BLA/resoluciones/index.php?dir=RESOLUCIONES+2007/RES+2007+701+AL+800/ HTTP/1.1" 200 26639
188.40.102.169 - - [22/Dec/2018:17:55:01 -0500] "GET /BLA/resoluciones/index.php?dir=RESOLUCIONES+2007/RES+2007+801+AL+900/ HTTP/1.1" 200 26642
180.250.28.34 - - [22/Dec/2018:17:55:05 -0500] "-" 408 -
188.40.102.169 - - [22/Dec/2018:17:55:07 -0500] "GET /BLA/resoluciones/index.php?dir=RESOLUCIONES+2007/RES+2007+901+AL+1000/ HTTP/1.1" 200 26734
66.249.70.9 - - [22/Dec/2018:17:55:30 -0500] "GET /BLA/resoluciones/RESOLUCIONES%202016/1617.pdf HTTP/1.1" 200 2202343
180.250.28.34 - - [22/Dec/2018:17:55:36 -0500] "-" 408 -
66.249.88.64 - - [22/Dec/2018:17:56:03 -0500] "GET /galeria/galeria/jquery.fancybox.js?v=2.1.5 HTTP/1.1" 200 48706
66.249.88.95 - - [22/Dec/2018:17:56:03 -0500] "GET /galeria/galeria/jquery.fancybox.css?v=2.1.5 HTTP/1.1" 200 4895
66.249.88.64 - - [22/Dec/2018:17:56:03 -0500] "GET /BLA/boletinlegal/js/jquery.scrollShow.js HTTP/1.1" 200 4586
180.250.28.34 - - [22/Dec/2018:17:56:06 -0500] "-" 408 -
66.249.70.9 - - [22/Dec/2018:17:56:17 -0500] "GET /BLA/resoluciones/RESOLUCIONES%202017/1744.pdf HTTP/1.1" 200 239661
180.250.28.34 - - [22/Dec/2018:17:56:37 -0500] "-" 408 -
66.249.70.9 - - [22/Dec/2018:17:57:04 -0500] "GET /BLA/resoluciones/AUTOS%202008/3151.pdf HTTP/1.1" 200 137726
180.250.28.34 - - [22/Dec/2018:17:57:07 -0500] "-" 408 -
207.46.13.221 - - [22/Dec/2018:17:57:34 -0500] "GET /BLA/resoluciones/RESOLUCIONES%202015/1042.pdf HTTP/1.1" 200 486040
180.250.28.34 - - [22/Dec/2018:17:57:37 -0500] "-" 408 -
66.249.70.13 - - [22/Dec/2018:17:57:51 -0500] "GET /BLA/resoluciones/AUTOS%202016/0444.pdf HTTP/1.1" 200 811436
180.250.28.34 - - [22/Dec/2018:17:58:08 -0500] "-" 408 -
192.168.175.104 - - [22/Dec/2018:17:58:28 -0500] "GET / HTTP/1.1" 200 9990
180.250.28.34 - - [22/Dec/2018:17:58:38 -0500] "-" 408 -
69.162.124.233 - - [22/Dec/2018:17:58:42 -0500] "HEAD / HTTP/1.1" 200 -
192.168.175.104 - - [22/Dec/2018:17:58:59 -0500] "GET / HTTP/1.0" 200 9990
181.51.216.192 - - [22/Dec/2018:17:59:03 -0500] "GET /BLA/resoluciones/RESOLUCIONES%202007/RES%202007%20601%20AL%20700/RESOLUCION%200630%20DE%202007.pdf HTTP/1.1" 200 769385
181.51.216.192 - - [22/Dec/2018:17:59:03 -0500] "GET /favicon.ico HTTP/1.1" 200 7782
180.250.28.34 - - [22/Dec/2018:17:59:09 -0500] "-" 408 -
180.250.28.34 - - [22/Dec/2018:17:59:39 -0500] "-" 408 -
180.250.28.34 - - [22/Dec/2018:18:00:10 -0500] "-" 408 -
66.249.70.11 - - [22/Dec/2018:18:00:11 -0500] "GET /BLA/resoluciones/Notificaciones/AUTOS%202014/4048.doc HTTP/1.1" 200 93696
180.250.28.34 - - [22/Dec/2018:18:00:40 -0500] "-" 408 -
66.249.70.13 - - [22/Dec/2018:18:00:58 -0500] "GET /BLA/resoluciones/Notificaciones/RESOLUCIONES%202014/2231.doc HTTP/1.1" 200 118784
180.250.28.34 - - [22/Dec/2018:18:01:11 -0500] "-" 408 -
190.130.81.54 - - [22/Dec/2018:18:01:31 -0500] "GET /BLA/resoluciones/Notificaciones/REGISTROS%202015/0382.doc HTTP/1.1" 200 206848
180.250.28.34 - - [22/Dec/2018:18:01:41 -0500] "-" 408 -
66.249.70.11 - - [22/Dec/2018:18:01:44 -0500] "GET /BLA/resoluciones/AUTOS%202015/3389.pdf HTTP/1.1" 200 634359
181.33.149.39 - - [22/Dec/2018:18:01:54 -0500] "GET /galeria/galeria/jquery.fancybox.css?v=2.1.5 HTTP/1.1" 200 4895
181.33.149.39 - - [22/Dec/2018:18:01:54 -0500] "GET /BLA/boletinlegal/js/jquery.scrollShow.js HTTP/1.1" 200 4586
181.33.149.39 - - [22/Dec/2018:18:01:54 -0500] "GET /galeria/galeria/jquery.fancybox.js?v=2.1.5 HTTP/1.1" 200 48706
180.250.28.34 - - [22/Dec/2018:18:02:11 -0500] "-" 408 -
180.250.28.34 - - [22/Dec/2018:18:02:42 -0500] "-" 408 -
180.250.28.34 - - [22/Dec/2018:18:03:12 -0500] "-" 408 -
192.168.175.104 - - [22/Dec/2018:18:03:26 -0500] "GET / HTTP/1.1" 200 9990
69.162.124.233 - - [22/Dec/2018:18:03:42 -0500] "HEAD / HTTP/1.1" 200 -
180.250.28.34 - - [22/Dec/2018:18:03:43 -0500] "-" 408 -
186.113.10.19 - - [22/Dec/2018:18:03:56 -0500] "GET /galeria/nivo-slider/demo/images/gobierno%20digital-01.jpg HTTP/1.1" 304 -
192.168.175.104 - - [22/Dec/2018:18:03:57 -0500] "GET / HTTP/1.0" 200 9990
180.250.28.34 - - [22/Dec/2018:18:04:13 -0500] "-" 408 -
180.250.28.34 - - [22/Dec/2018:18:04:43 -0500] "-" 408 -
66.249.70.13 - - [22/Dec/2018:18:04:51 -0500] "GET /BLA/resoluciones/RESOLUCIONES%202015/0604.pdf HTTP/1.1" 200 1026984
180.250.28.34 - - [22/Dec/2018:18:05:14 -0500] "-" 408 -
66.249.70.13 - - [22/Dec/2018:18:05:38 -0500] "GET /BLA/resoluciones/RESOLUCIONES%202013/2525.pdf HTTP/1.1" 200 475707
180.250.28.34 - - [22/Dec/2018:18:05:44 -0500] "-" 408 -
180.250.28.34 - - [22/Dec/2018:18:06:15 -0500] "-" 408 -
66.249.70.9 - - [22/Dec/2018:18:06:25 -0500] "GET /BLA/resoluciones/RESOLUCIONES%202016/0874.pdf HTTP/1.1" 200 2448050
180.250.28.34 - - [22/Dec/2018:18:06:45 -0500] "-" 408 -
66.249.70.9 - - [22/Dec/2018:18:07:12 -0500] "GET /BLA/boletinlegal/jurisprudencia.php HTTP/1.1" 200 17573
66.249.70.7 - - [22/Dec/2018:18:07:13 -0500] "GET /BLA/boletinlegal/style.css HTTP/1.1" 200 9406
180.250.28.34 - - [22/Dec/2018:18:07:15 -0500] "-" 408 -
191.88.77.132 - - [22/Dec/2018:18:07:33 -0500] "GET /galeria/galeria/jquery.fancybox.css?v=2.1.5 HTTP/1.1" 200 4895
191.88.77.132 - - [22/Dec/2018:18:07:33 -0500] "GET /BLA/boletinlegal/js/jquery.scrollShow.js HTTP/1.1" 200 4586
191.88.77.132 - - [22/Dec/2018:18:07:33 -0500] "GET /galeria/galeria/jquery.fancybox.js?v=2.1.5 HTTP/1.1" 200 48706
180.250.28.34 - - [22/Dec/2018:18:07:46 -0500] "-" 408 -
66.249.70.13 - - [22/Dec/2018:18:07:58 -0500] "GET /BLA/resoluciones/RESOLUCIONES%202007/RES%202007%204001%20AL%204100/RESOLUCION%204046%20DE%202007.pdf HTTP/1.1" 200 402730
180.250.28.34 - - [22/Dec/2018:18:08:16 -0500] "-" 408 -
192.168.175.104 - - [22/Dec/2018:18:08:24 -0500] "GET / HTTP/1.1" 200 9990
69.162.124.233 - - [22/Dec/2018:18:08:42 -0500] "HEAD / HTTP/1.1" 200 -
180.250.28.34 - - [22/Dec/2018:18:08:47 -0500] "-" 408 -
192.168.175.104 - - [22/Dec/2018:18:08:55 -0500] "GET / HTTP/1.0" 200 9990
66.249.70.9 - - [22/Dec/2018:18:09:02 -0500] "GET /BLA/resoluciones/AUTOS%202011/3603.pdf HTTP/1.1" 200 427933
66.249.70.9 - - [22/Dec/2018:18:09:36 -0500] "GET /BLA/resoluciones/RESOLUCIONES%202015/1431.pdf HTTP/1.1" 200 661583
180.250.28.34 - - [22/Dec/2018:18:09:41 -0500] "-" 408 -
180.250.28.34 - - [22/Dec/2018:18:10:12 -0500] "-" 408 -
66.249.70.9 - - [22/Dec/2018:18:10:19 -0500] "GET /BLA/boletinlegal/Circulares/2012/Circular%20No.%2014%20del%2011%20de%20Septiembre%20de%202012.pdf HTTP/1.1" 200 3427471
180.250.28.34 - - [22/Dec/2018:18:10:42 -0500] "-" 408 -
201.245.192.253 - - [22/Dec/2018:18:09:40 -0500] "GET /BLA/boletinlegal/index.php? HTTP/1.1" 200 62112
66.249.70.9 - - [22/Dec/2018:18:11:05 -0500] "GET /POT-2013/memoria%20justificativa/ANEXOS_2,3,4.pdf HTTP/1.1" 200 617731
180.250.28.34 - - [22/Dec/2018:18:11:13 -0500] "-" 408 -
201.245.192.253 - - [22/Dec/2018:18:11:18 -0500] "GET /BLA/boletinlegal/actos.php HTTP/1.1" 200 8738
201.245.192.253 - - [22/Dec/2018:18:11:21 -0500] "GET /BLA/resoluciones/ HTTP/1.1" 200 9737
66.249.70.9 - - [22/Dec/2018:18:11:30 -0500] "GET /BLA/resoluciones/RESOLUCIONES%202014/0297.pdf HTTP/1.1" 200 722201
201.245.192.253 - - [22/Dec/2018:18:11:42 -0500] "GET /BLA/resoluciones/index.php?dir=AUTOS+2016%2F HTTP/1.1" 200 283838
180.250.28.34 - - [22/Dec/2018:18:11:44 -0500] "-" 408 -
180.250.28.34 - - [22/Dec/2018:18:12:21 -0500] "-" 408 -
66.249.70.9 - - [22/Dec/2018:18:12:24 -0500] "GET /BLA/resoluciones/RESOLUCIONES%202010/4643.pdf HTTP/1.1" 200 104510
186.154.157.196 - - [22/Dec/2018:18:12:26 -0500] "GET /galeria/galeria/jquery.fancybox.css?v=2.1.5 HTTP/1.1" 200 4895
186.154.157.196 - - [22/Dec/2018:18:12:26 -0500] "GET /BLA/boletinlegal/js/jquery.scrollShow.js HTTP/1.1" 200 4586
186.154.157.196 - - [22/Dec/2018:18:12:26 -0500] "GET /galeria/galeria/jquery.fancybox.js?v=2.1.5 HTTP/1.1" 200 48706
40.77.192.55 - - [22/Dec/2018:18:12:31 -0500] "GET /POT-2013/Cartografia/24_Sistema%20de%20las%20Tecnologias%20de%20la%20Informacion%20y%20las%20Comuni.pdf HTTP/1.1" 200 5212859
180.250.28.34 - - [22/Dec/2018:18:12:51 -0500] "-" 408 -
180.250.28.34 - - [22/Dec/2018:18:13:22 -0500] "-" 408 -
192.168.175.104 - - [22/Dec/2018:18:13:22 -0500] "GET / HTTP/1.1" 200 9990
186.113.162.60 - - [22/Dec/2018:18:13:22 -0500] "GET /BLA/boletinlegal/js/jquery.scrollShow.js HTTP/1.1" 200 4586
186.113.162.60 - - [22/Dec/2018:18:13:22 -0500] "GET /galeria/galeria/jquery.fancybox.js?v=2.1.5 HTTP/1.1" 200 48706
186.113.162.60 - - [22/Dec/2018:18:13:22 -0500] "GET /galeria/galeria/jquery.fancybox.css?v=2.1.5 HTTP/1.1" 200 4895
186.113.162.60 - - [22/Dec/2018:18:13:25 -0500] "GET /BLA/boletinlegal/js/jquery.scrollShow.js HTTP/1.1" 304 -
186.113.162.60 - - [22/Dec/2018:18:13:25 -0500] "GET /galeria/galeria/jquery.fancybox.js?v=2.1.5 HTTP/1.1" 304 -
186.113.162.60 - - [22/Dec/2018:18:13:25 -0500] "GET /galeria/galeria/jquery.fancybox.css?v=2.1.5 HTTP/1.1" 304 -
201.245.192.253 - - [22/Dec/2018:18:12:29 -0500] "POST /kwsrmcab/Wsrmcab HTTP/1.1" 200 29643
69.162.124.233 - - [22/Dec/2018:18:13:42 -0500] "HEAD / HTTP/1.1" 200 -
180.250.28.34 - - [22/Dec/2018:18:13:52 -0500] "-" 408 -
192.168.175.104 - - [22/Dec/2018:18:13:54 -0500] "GET / HTTP/1.0" 200 9990
201.245.192.253 - - [22/Dec/2018:18:13:29 -0500] "POST /kwsrmcab/Wsrmcab HTTP/1.1" 200 27514
180.250.28.34 - - [22/Dec/2018:18:14:23 -0500] "-" 408 -
180.250.28.34 - - [22/Dec/2018:18:14:53 -0500] "-" 408 -
66.249.70.13 - - [22/Dec/2018:18:14:59 -0500] "GET /BLA/resoluciones/AUTOS%202015/3247.pdf HTTP/1.1" 200 857559
157.55.39.21 - - [22/Dec/2018:18:15:21 -0500] "GET /robots.txt HTTP/1.1" 404 1015
180.250.28.34 - - [22/Dec/2018:18:15:23 -0500] "-" 408 -
66.249.70.11 - - [22/Dec/2018:18:15:36 -0500] "GET /galeria/nivo-slider/demo/images/Banner%20llantas%20web.jpg HTTP/1.1" 304 -
66.249.70.11 - - [22/Dec/2018:18:15:46 -0500] "GET /BLA/resoluciones/RESOLUCIONES%20CONJUNTAS/RESOLUCION%20%20001%20DE%20JULIO%2014%20DE%202017.pdf HTTP/1.1" 200 2450552
180.250.28.34 - - [22/Dec/2018:18:15:54 -0500] "-" 408 -
180.250.28.34 - - [22/Dec/2018:18:16:24 -0500] "-" 408 -
66.249.70.11 - - [22/Dec/2018:18:16:29 -0500] "GET /BLA/resoluciones/Notificaciones/RESOLUCIONES%202016/00525.doc HTTP/1.1" 200 191995
180.250.28.34 - - [22/Dec/2018:18:16:55 -0500] "-" 408 -
66.249.70.9 - - [22/Dec/2018:18:17:19 -0500] "GET /galeria/mapa2/humedal.html HTTP/1.1" 200 11166
180.250.28.34 - - [22/Dec/2018:18:17:25 -0500] "-" 408 -
180.250.28.34 - - [22/Dec/2018:18:17:56 -0500] "-" 408 -
192.168.175.104 - - [22/Dec/2018:18:18:20 -0500] "GET / HTTP/1.1" 200 9990
180.250.28.34 - - [22/Dec/2018:18:18:26 -0500] "-" 408 -
40.77.192.61 - - [22/Dec/2018:18:18:30 -0500] "GET /POT-2013/Cartografia/Anexo01_Sistema_Hidrico.pdf HTTP/1.1" 200 5860035
180.76.15.27 - - [22/Dec/2018:18:18:33 -0500] "GET /BLA/resoluciones/RESOLUCIONES%202009/0523.pdf HTTP/1.1" 200 235692
69.162.124.233 - - [22/Dec/2018:18:18:42 -0500] "HEAD / HTTP/1.1" 200 -
192.168.175.104 - - [22/Dec/2018:18:18:52 -0500] "GET / HTTP/1.0" 200 9990
66.249.70.9 - - [22/Dec/2018:18:18:56 -0500] "GET /BLA/resoluciones/RESOLUCIONES%202008/0686.pdf HTTP/1.1" 200 48694
180.250.28.34 - - [22/Dec/2018:18:18:56 -0500] "-" 408 -
180.250.28.34 - - [22/Dec/2018:18:19:27 -0500] "-" 408 -
66.249.88.95 - - [22/Dec/2018:18:19:32 -0500] "GET /BLA/boletinlegal/js/jquery.scrollShow.js HTTP/1.1" 200 4586
66.249.88.64 - - [22/Dec/2018:18:19:32 -0500] "GET /galeria/galeria/jquery.fancybox.css?v=2.1.5 HTTP/1.1" 200 4895
66.249.88.64 - - [22/Dec/2018:18:19:32 -0500] "GET /galeria/galeria/jquery.fancybox.js?v=2.1.5 HTTP/1.1" 200 48706
66.249.70.11 - - [22/Dec/2018:18:19:40 -0500] "GET /BLA/resoluciones/AUTOS%202016/1767.pdf HTTP/1.1" 200 757092
180.250.28.34 - - [22/Dec/2018:18:19:57 -0500] "-" 408 -
180.250.28.34 - - [22/Dec/2018:18:20:28 -0500] "-" 408 -
5.255.250.154 - - [22/Dec/2018:18:20:46 -0500] "GET /robots.txt HTTP/1.1" 404 1019
5.255.250.154 - - [22/Dec/2018:18:20:50 -0500] "GET /galeria/nivo-slider/themes/orman/?C=D;O=A HTTP/1.1" 200 2091
180.250.28.34 - - [22/Dec/2018:18:20:58 -0500] "-" 408 -
66.249.70.13 - - [22/Dec/2018:18:21:13 -0500] "GET /BLA/resoluciones/RESOLUCIONES%202015/0168.pdf HTTP/1.1" 200 1057774
180.250.28.34 - - [22/Dec/2018:18:21:28 -0500] "-" 408 -
180.250.28.34 - - [22/Dec/2018:18:21:59 -0500] "-" 408 -
66.249.70.9 - - [22/Dec/2018:18:22:00 -0500] "GET /BLA/resoluciones/AUTOS%202015/1007.pdf HTTP/1.1" 200 435491
66.249.88.95 - - [22/Dec/2018:18:22:09 -0500] "GET /BLA/boletinlegal/js/jquery.scrollShow.js HTTP/1.1" 200 4586
66.249.88.93 - - [22/Dec/2018:18:22:09 -0500] "GET /BLA/boletinlegal/js/jquery.scrollShow.js HTTP/1.1" 200 4586
66.249.88.95 - - [22/Dec/2018:18:22:09 -0500] "GET /BLA/boletinlegal/js/jquery.scrollShow.js HTTP/1.1" 200 4586
66.249.88.93 - - [22/Dec/2018:18:22:09 -0500] "GET /galeria/galeria/jquery.fancybox.js?v=2.1.5 HTTP/1.1" 200 48706
66.249.88.93 - - [22/Dec/2018:18:22:09 -0500] "GET /galeria/galeria/jquery.fancybox.css?v=2.1.5 HTTP/1.1" 200 4895
66.249.88.93 - - [22/Dec/2018:18:22:09 -0500] "GET /galeria/galeria/jquery.fancybox.js?v=2.1.5 HTTP/1.1" 200 48706
66.249.88.64 - - [22/Dec/2018:18:22:09 -0500] "GET /galeria/galeria/jquery.fancybox.js?v=2.1.5 HTTP/1.1" 200 48706
66.249.88.64 - - [22/Dec/2018:18:22:09 -0500] "GET /galeria/galeria/jquery.fancybox.css?v=2.1.5 HTTP/1.1" 200 4895
66.249.88.64 - - [22/Dec/2018:18:22:09 -0500] "GET /galeria/galeria/jquery.fancybox.css?v=2.1.5 HTTP/1.1" 200 4895
66.249.70.9 - - [22/Dec/2018:18:22:47 -0500] "GET /BLA/resoluciones/AUTOS%202014/1693.pdf HTTP/1.1" 200 524482
201.245.192.253 - - [22/Dec/2018:18:22:28 -0500] "POST /kwsrmcab/Wsrmcab HTTP/1.1" 200 29643
5.255.250.75 - - [22/Dec/2018:18:23:09 -0500] "GET /Ifweb/Image66.gif HTTP/1.1" 404 1019
192.168.175.104 - - [22/Dec/2018:18:23:18 -0500] "GET / HTTP/1.1" 200 9990
66.249.70.13 - - [22/Dec/2018:18:23:36 -0500] "GET /BLA/resoluciones/AUTOS%202010/5037.pdf HTTP/1.1" 200 729210
69.162.124.233 - - [22/Dec/2018:18:23:42 -0500] "HEAD / HTTP/1.1" 200 -
192.168.175.104 - - [22/Dec/2018:18:23:50 -0500] "GET / HTTP/1.0" 200 9990
35.192.84.7 - - [22/Dec/2018:18:24:16 -0500] "GET /robots.txt HTTP/1.1" 404 1018
66.249.70.13 - - [22/Dec/2018:18:25:07 -0500] "GET /BLA/resoluciones/AUTOS%202013/0283.pdf HTTP/1.1" 200 934767
180.250.28.34 - - [22/Dec/2018:18:25:26 -0500] "-" 408 -
180.250.28.34 - - [22/Dec/2018:18:25:57 -0500] "-" 408 -
66.249.70.9 - - [22/Dec/2018:18:26:00 -0500] "GET /BLA/resoluciones/RESOLUCIONES%202010/5986.pdf HTTP/1.1" 200 1993994
180.250.28.34 - - [22/Dec/2018:18:26:27 -0500] "-" 408 -
66.249.70.13 - - [22/Dec/2018:18:26:40 -0500] "GET /BLA/resoluciones/AUTOS%202015/0173.pdf HTTP/1.1" 200 560855
180.250.28.34 - - [22/Dec/2018:18:26:58 -0500] "-" 408 -
180.250.28.34 - - [22/Dec/2018:18:27:28 -0500] "-" 408 -
180.250.28.34 - - [22/Dec/2018:18:27:58 -0500] "-" 408 -
192.168.175.104 - - [22/Dec/2018:18:28:16 -0500] "GET / HTTP/1.1" 200 9990
180.250.28.34 - - [22/Dec/2018:18:28:29 -0500] "-" 408 -
69.162.124.233 - - [22/Dec/2018:18:28:42 -0500] "HEAD / HTTP/1.1" 200 -
192.168.175.104 - - [22/Dec/2018:18:28:47 -0500] "GET / HTTP/1.0" 200 9990
180.250.28.34 - - [22/Dec/2018:18:28:59 -0500] "-" 408 -
180.250.28.34 - - [22/Dec/2018:18:29:30 -0500] "-" 408 -
66.249.70.9 - - [22/Dec/2018:18:29:47 -0500] "GET /BLA/resoluciones/AUTOS%202007/3560.pdf HTTP/1.1" 200 403781
180.250.28.34 - - [22/Dec/2018:18:30:00 -0500] "-" 408 -
181.57.244.72 - - [22/Dec/2018:18:30:02 -0500] "-" 408 -
191.102.238.17 - - [22/Dec/2018:18:30:26 -0500] "GET /galeria/galeria/jquery.fancybox.css?v=2.1.5 HTTP/1.1" 200 4895
191.102.238.17 - - [22/Dec/2018:18:30:26 -0500] "GET /galeria/galeria/jquery.fancybox.js?v=2.1.5 HTTP/1.1" 200 48706
191.102.238.17 - - [22/Dec/2018:18:30:26 -0500] "GET /BLA/boletinlegal/js/jquery.scrollShow.js HTTP/1.1" 200 4586
93.158.161.142 - - [22/Dec/2018:18:30:29 -0500] "GET /StormSDA/user.jnlp HTTP/1.1" 200 1420
180.250.28.34 - - [22/Dec/2018:18:30:30 -0500] "-" 408 -
66.249.70.13 - - [22/Dec/2018:18:30:36 -0500] "GET /BLA/resoluciones/RESOLUCIONES%202017/0300.pdf HTTP/1.1" 200 395620
77.88.5.28 - - [22/Dec/2018:18:30:48 -0500] "GET /PruebasSTORM/StormSDA_pruebas/nsjars/nsjars.jnlp HTTP/1.1" 200 1025
180.250.28.34 - - [22/Dec/2018:18:31:01 -0500] "-" 408 -
132.184.128.123 - - [22/Dec/2018:18:31:24 -0500] "GET /BLA/boletinlegal/jurisprudencia/analisis/Analisis%20Jurisprudencia%20Sent%202000-00005-01.doc HTTP/1.1" 200 52736
186.113.10.19 - - [22/Dec/2018:18:31:27 -0500] "GET /galeria/nivo-slider/demo/images/dia-del-agua-banner.jpg HTTP/1.1" 304 -
180.250.28.34 - - [22/Dec/2018:18:31:31 -0500] "-" 408 -
180.250.28.34 - - [22/Dec/2018:18:32:02 -0500] "-" 408 -
66.249.70.9 - - [22/Dec/2018:18:32:11 -0500] "GET /BLA/resoluciones/AUTOS%202015/1997.pdf HTTP/1.1" 200 540096
180.250.28.34 - - [22/Dec/2018:18:32:32 -0500] "-" 408 -
5.255.250.154 - - [22/Dec/2018:18:32:41 -0500] "GET /PruebasSTORM/StormSDA_pruebas/userFiles/user_files/formulas/3/388.xml HTTP/1.1" 200 855
66.249.70.11 - - [22/Dec/2018:18:32:54 -0500] "GET /BLA/resoluciones/RESOLUCIONES%202007/RES%202007%202801%20AL%202900/RESOLUCION%202885%20DE%202007.pdf HTTP/1.1" 200 31150
180.250.28.34 - - [22/Dec/2018:18:33:02 -0500] "-" 408 -
201.245.192.253 - - [22/Dec/2018:18:32:28 -0500] "POST /kwsrmcab/Wsrmcab HTTP/1.1" 200 29643
192.168.175.104 - - [22/Dec/2018:18:33:14 -0500] "GET / HTTP/1.1" 200 9990
180.250.28.34 - - [22/Dec/2018:18:33:33 -0500] "-" 408 -
69.162.124.233 - - [22/Dec/2018:18:33:41 -0500] "HEAD / HTTP/1.1" 200 -
192.168.175.104 - - [22/Dec/2018:18:33:45 -0500] "GET / HTTP/1.0" 200 9990
180.250.28.34 - - [22/Dec/2018:18:34:03 -0500] "-" 408 -
66.249.70.9 - - [22/Dec/2018:18:34:28 -0500] "GET /BLA/resoluciones/AUTOS%202014/2143.pdf HTTP/1.1" 200 987033
180.250.28.34 - - [22/Dec/2018:18:34:34 -0500] "-" 408 -
5.255.250.154 - - [22/Dec/2018:18:35:01 -0500] "GET /PruebasSTORM/StormSDA_pruebas/userFiles/user_files/formulas/2/2.xml HTTP/1.1" 200 1112
180.250.28.34 - - [22/Dec/2018:18:35:04 -0500] "-" 408 -
181.136.130.19 - - [22/Dec/2018:18:35:26 -0500] "GET /BLA/boletinlegal/js/jquery.scrollShow.js HTTP/1.1" 200 4586
181.136.130.19 - - [22/Dec/2018:18:35:26 -0500] "GET /galeria/galeria/jquery.fancybox.css?v=2.1.5 HTTP/1.1" 200 4895
181.136.130.19 - - [22/Dec/2018:18:35:26 -0500] "GET /galeria/galeria/jquery.fancybox.js?v=2.1.5 HTTP/1.1" 200 48706
180.250.28.34 - - [22/Dec/2018:18:35:34 -0500] "-" 408 -
66.249.70.11 - - [22/Dec/2018:18:35:45 -0500] "GET /galeria/nivo-slider/demo/images/Banner%20Construcci%C3%B3n%20Sostenible.jpg HTTP/1.1" 304 -
180.250.28.34 - - [22/Dec/2018:18:36:05 -0500] "-" 408 -
180.250.28.34 - - [22/Dec/2018:18:36:35 -0500] "-" 408 -
180.250.28.34 - - [22/Dec/2018:18:37:06 -0500] "-" 408 -
