188.40.102.169 - - [23/Dec/2018:19:34:49 -0500] "GET /BLA/resoluciones/index.php?dir=RESOLUCIONES%202004/RES%202004%20201-250/&sort=name&order=asc HTTP/1.1" 200 12050
188.40.102.169 - - [23/Dec/2018:19:34:51 -0500] "GET /BLA/resoluciones/index.php?dir=RESOLUCIONES%202004/RES%202004%20201-250/&sort=size&order=desc HTTP/1.1" 200 12049
188.40.102.169 - - [23/Dec/2018:19:34:54 -0500] "GET /BLA/resoluciones/index.php?dir=RESOLUCIONES%202004/RES%202004%202051-2100/&sort=date&order=desc HTTP/1.1" 200 12369
188.40.102.169 - - [23/Dec/2018:19:34:57 -0500] "GET /BLA/resoluciones/index.php?dir=RESOLUCIONES%202004/RES%202004%202051-2100/&sort=name&order=asc HTTP/1.1" 200 12370
188.40.102.169 - - [23/Dec/2018:19:35:00 -0500] "GET /BLA/resoluciones/index.php?dir=RESOLUCIONES%202004/RES%202004%202051-2100/&sort=size&order=desc HTTP/1.1" 200 12369
188.40.102.169 - - [23/Dec/2018:19:35:01 -0500] "GET /BLA/resoluciones/index.php?dir=RESOLUCIONES%202004/RES%202004%202101-2150/&sort=date&order=desc HTTP/1.1" 200 12358
188.40.102.169 - - [23/Dec/2018:19:35:05 -0500] "GET /BLA/resoluciones/index.php?dir=RESOLUCIONES%202004/RES%202004%202101-2150/&sort=name&order=asc HTTP/1.1" 200 12359
66.249.88.64 - - [23/Dec/2018:19:35:15 -0500] "GET /BLA/boletinlegal/js/jquery.scrollShow.js HTTP/1.1" 200 4586
66.249.88.95 - - [23/Dec/2018:19:35:15 -0500] "GET /galeria/galeria/jquery.fancybox.css?v=2.1.5 HTTP/1.1" 200 4895
66.249.88.64 - - [23/Dec/2018:19:35:15 -0500] "GET /galeria/galeria/jquery.fancybox.js?v=2.1.5 HTTP/1.1" 200 48706
66.249.88.64 - - [23/Dec/2018:19:35:16 -0500] "GET /galeria/galeria/jquery.fancybox.js?v=2.1.5 HTTP/1.1" 200 48706
66.249.88.95 - - [23/Dec/2018:19:35:16 -0500] "GET /BLA/boletinlegal/js/jquery.scrollShow.js HTTP/1.1" 200 4586
66.249.88.95 - - [23/Dec/2018:19:35:16 -0500] "GET /galeria/galeria/jquery.fancybox.css?v=2.1.5 HTTP/1.1" 200 4895
5.255.250.75 - - [23/Dec/2018:19:36:04 -0500] "GET /PruebasSTORM/StormSDA_pruebas/lib/lib.jnlp HTTP/1.1" 200 1237
188.40.102.169 - - [23/Dec/2018:19:36:07 -0500] "GET /BLA/resoluciones/index.php?dir=RESOLUCIONES%202004/RES%202004%202101-2150/&sort=size&order=desc HTTP/1.1" 200 12358
188.40.102.169 - - [23/Dec/2018:19:36:09 -0500] "GET /BLA/resoluciones/index.php?dir=RESOLUCIONES%202004/RES%202004%202151-2200/&sort=date&order=desc HTTP/1.1" 200 12358
188.40.102.169 - - [23/Dec/2018:19:36:10 -0500] "GET /BLA/resoluciones/index.php?dir=RESOLUCIONES%202004/RES%202004%202151-2200/&sort=name&order=asc HTTP/1.1" 200 12359
188.40.102.169 - - [23/Dec/2018:19:36:14 -0500] "GET /BLA/resoluciones/index.php?dir=RESOLUCIONES%202004/RES%202004%202151-2200/&sort=size&order=desc HTTP/1.1" 200 12358
188.40.102.169 - - [23/Dec/2018:19:36:15 -0500] "GET /BLA/resoluciones/index.php?dir=RESOLUCIONES%202004/RES%202004%202201-2250/&sort=date&order=desc HTTP/1.1" 200 12357
188.40.102.169 - - [23/Dec/2018:19:36:17 -0500] "GET /BLA/resoluciones/index.php?dir=RESOLUCIONES%202004/RES%202004%202201-2250/&sort=name&order=asc HTTP/1.1" 200 12358
188.40.102.169 - - [23/Dec/2018:19:36:20 -0500] "GET /BLA/resoluciones/index.php?dir=RESOLUCIONES%202004/RES%202004%202201-2250/&sort=size&order=desc HTTP/1.1" 200 12357
188.40.102.169 - - [23/Dec/2018:19:36:21 -0500] "GET /BLA/resoluciones/index.php?dir=RESOLUCIONES%202004/RES%202004%202251-2300/&sort=date&order=desc HTTP/1.1" 200 12362
188.40.102.169 - - [23/Dec/2018:19:36:24 -0500] "GET /BLA/resoluciones/index.php?dir=RESOLUCIONES%202004/RES%202004%202251-2300/&sort=name&order=asc HTTP/1.1" 200 12363
188.40.102.169 - - [23/Dec/2018:19:36:26 -0500] "GET /BLA/resoluciones/index.php?dir=RESOLUCIONES%202004/RES%202004%202251-2300/&sort=size&order=desc HTTP/1.1" 200 12362
188.40.102.169 - - [23/Dec/2018:19:36:27 -0500] "GET /BLA/resoluciones/index.php?dir=RESOLUCIONES%202004/RES%202004%202301-2350/&sort=date&order=desc HTTP/1.1" 200 12355
188.40.102.169 - - [23/Dec/2018:19:36:29 -0500] "GET /BLA/resoluciones/index.php?dir=RESOLUCIONES%202004/RES%202004%202301-2350/&sort=name&order=asc HTTP/1.1" 200 12356
188.40.102.169 - - [23/Dec/2018:19:36:30 -0500] "GET /BLA/resoluciones/index.php?dir=RESOLUCIONES%202004/RES%202004%202301-2350/&sort=size&order=desc HTTP/1.1" 200 12355
188.40.102.169 - - [23/Dec/2018:19:36:32 -0500] "GET /BLA/resoluciones/index.php?dir=RESOLUCIONES%202004/RES%202004%202351-2401/&sort=date&order=desc HTTP/1.1" 200 12571
188.40.102.169 - - [23/Dec/2018:19:36:35 -0500] "GET /BLA/resoluciones/index.php?dir=RESOLUCIONES%202004/RES%202004%202351-2401/&sort=name&order=asc HTTP/1.1" 200 12572
188.40.102.169 - - [23/Dec/2018:19:36:38 -0500] "GET /BLA/resoluciones/index.php?dir=RESOLUCIONES%202004/RES%202004%202351-2401/&sort=size&order=desc HTTP/1.1" 200 12571
188.40.102.169 - - [23/Dec/2018:19:36:43 -0500] "GET /BLA/resoluciones/index.php?dir=RESOLUCIONES%202004/RES%202004%20251-300/&sort=date&order=desc HTTP/1.1" 200 12043
188.40.102.169 - - [23/Dec/2018:19:36:47 -0500] "GET /BLA/resoluciones/index.php?dir=RESOLUCIONES%202004/RES%202004%20251-300/&sort=name&order=asc HTTP/1.1" 200 12044
188.40.102.169 - - [23/Dec/2018:19:36:51 -0500] "GET /BLA/resoluciones/index.php?dir=RESOLUCIONES%202004/RES%202004%20251-300/&sort=size&order=desc HTTP/1.1" 200 12043
188.40.102.169 - - [23/Dec/2018:19:36:52 -0500] "GET /robots.txt HTTP/1.1" 404 1018
188.40.102.169 - - [23/Dec/2018:19:36:52 -0500] "GET /BLA/resoluciones/index.php?dir=RESOLUCIONES%202004/RES%202004%20301-350/&sort=date&order=desc HTTP/1.1" 200 12061
188.40.102.169 - - [23/Dec/2018:19:36:55 -0500] "GET /BLA/resoluciones/index.php?dir=RESOLUCIONES%202004/RES%202004%20301-350/&sort=name&order=asc HTTP/1.1" 200 12062
188.40.102.169 - - [23/Dec/2018:19:36:59 -0500] "GET /BLA/resoluciones/index.php?dir=RESOLUCIONES%202004/RES%202004%20301-350/&sort=size&order=desc HTTP/1.1" 200 12061
188.40.102.169 - - [23/Dec/2018:19:37:00 -0500] "GET /BLA/resoluciones/index.php?dir=RESOLUCIONES%202004/RES%202004%20351-400/&sort=date&order=desc HTTP/1.1" 200 12049
188.40.102.169 - - [23/Dec/2018:19:37:02 -0500] "GET /BLA/resoluciones/index.php?dir=RESOLUCIONES%202004/RES%202004%20351-400/&sort=name&order=asc HTTP/1.1" 200 12050
188.40.102.169 - - [23/Dec/2018:19:37:04 -0500] "GET /BLA/resoluciones/index.php?dir=RESOLUCIONES%202004/RES%202004%20351-400/&sort=size&order=desc HTTP/1.1" 200 12049
188.40.102.169 - - [23/Dec/2018:19:37:05 -0500] "GET /BLA/resoluciones/index.php?dir=RESOLUCIONES%202004/RES%202004%20401-450/&sort=date&order=desc HTTP/1.1" 200 12038
188.40.102.169 - - [23/Dec/2018:19:37:09 -0500] "GET /BLA/resoluciones/index.php?dir=RESOLUCIONES%202004/RES%202004%20401-450/&sort=name&order=asc HTTP/1.1" 200 12039
188.40.102.169 - - [23/Dec/2018:19:37:12 -0500] "GET /BLA/resoluciones/index.php?dir=RESOLUCIONES%202004/RES%202004%20401-450/&sort=size&order=desc HTTP/1.1" 200 12038
69.76.202.105 - - [23/Dec/2018:19:37:13 -0500] "GET / HTTP/1.0" 200 9990
188.40.102.169 - - [23/Dec/2018:19:37:14 -0500] "GET /BLA/resoluciones/index.php?dir=RESOLUCIONES%202004/RES%202004%20451-500/&sort=date&order=desc HTTP/1.1" 200 12036
186.113.10.19 - - [23/Dec/2018:19:37:43 -0500] "GET /galeria/nivo-slider/demo/images/humedales-banner-web.jpg HTTP/1.1" 304 -
69.162.124.233 - - [23/Dec/2018:19:38:05 -0500] "HEAD / HTTP/1.1" 200 -
152.201.169.140 - - [23/Dec/2018:19:38:12 -0500] "GET /BLA/resoluciones/AUTOS%202015/7074.pdf HTTP/1.1" 200 595963
188.40.102.169 - - [23/Dec/2018:19:38:16 -0500] "GET /BLA/resoluciones/index.php?dir=RESOLUCIONES%202004/RES%202004%20451-500/&sort=name&order=asc HTTP/1.1" 200 12037
188.40.102.169 - - [23/Dec/2018:19:38:19 -0500] "GET /BLA/resoluciones/index.php?dir=RESOLUCIONES%202004/RES%202004%20451-500/&sort=size&order=desc HTTP/1.1" 200 12036
66.249.88.64 - - [23/Dec/2018:19:38:25 -0500] "GET /galeria/galeria/jquery.fancybox.css?v=2.1.5 HTTP/1.1" 200 4895
66.249.88.95 - - [23/Dec/2018:19:38:26 -0500] "GET /BLA/boletinlegal/js/jquery.scrollShow.js HTTP/1.1" 200 4586
66.249.88.93 - - [23/Dec/2018:19:38:26 -0500] "GET /galeria/galeria/jquery.fancybox.js?v=2.1.5 HTTP/1.1" 200 48706
192.168.175.104 - - [23/Dec/2018:19:38:39 -0500] "GET / HTTP/1.1" 200 9990
66.249.88.76 - - [23/Dec/2018:19:38:58 -0500] "GET /BLA/boletinlegal/Circulares/2018/Circular%20No.%2010%20del%2021%20de%20Septiembre%20de%202018.pdf HTTP/1.1" 200 163426
192.168.175.104 - - [23/Dec/2018:19:39:15 -0500] "GET / HTTP/1.0" 200 9990
66.249.70.9 - - [23/Dec/2018:19:39:33 -0500] "GET /BLA/resoluciones/AUTOS%202014/6974.pdf HTTP/1.1" 200 650767
40.77.167.137 - - [23/Dec/2018:19:39:42 -0500] "GET /bla/resoluciones/resoluciones%202015/0995.pdf HTTP/1.1" 200 6388920
188.40.102.169 - - [23/Dec/2018:19:39:54 -0500] "GET /BLA/resoluciones/index.php?dir=RESOLUCIONES%202004/RES%202004%20501-550/&sort=date&order=desc HTTP/1.1" 200 12047
188.40.102.169 - - [23/Dec/2018:19:39:58 -0500] "GET /BLA/resoluciones/index.php?dir=RESOLUCIONES%202004/RES%202004%20501-550/&sort=name&order=asc HTTP/1.1" 200 12048
188.40.102.169 - - [23/Dec/2018:19:39:59 -0500] "GET /BLA/resoluciones/index.php?dir=RESOLUCIONES%202004/RES%202004%20501-550/&sort=size&order=desc HTTP/1.1" 200 12047
66.249.88.64 - - [23/Dec/2018:19:40:18 -0500] "GET /galeria/galeria/jquery.fancybox.css?v=2.1.5 HTTP/1.1" 200 4895
66.249.88.93 - - [23/Dec/2018:19:40:18 -0500] "GET /galeria/galeria/jquery.fancybox.js?v=2.1.5 HTTP/1.1" 200 48706
66.249.88.93 - - [23/Dec/2018:19:40:18 -0500] "GET /BLA/boletinlegal/js/jquery.scrollShow.js HTTP/1.1" 200 4586
66.249.88.93 - - [23/Dec/2018:19:40:18 -0500] "GET /galeria/carrusel/Carrusel/jquery-ui-1.8.13.custom.min.js HTTP/1.1" 200 10800
66.249.88.64 - - [23/Dec/2018:19:40:18 -0500] "GET /galeria/carrusel/Carrusel/jquery.thumbnailScroller.js HTTP/1.1" 200 8157
66.249.88.93 - - [23/Dec/2018:19:40:18 -0500] "GET /galeria/nivo-slider/demo/demo.html HTTP/1.1" 200 20142
66.249.88.93 - - [23/Dec/2018:19:40:19 -0500] "GET /galeria/nivo-slider/themes/default/default.css HTTP/1.1" 200 1569
66.249.88.64 - - [23/Dec/2018:19:40:19 -0500] "GET /galeria/nivo-slider/themes/pascal/pascal.css HTTP/1.1" 200 2258
66.249.88.93 - - [23/Dec/2018:19:40:19 -0500] "GET /galeria/nivo-slider/themes/orman/orman.css HTTP/1.1" 200 2152
66.249.88.95 - - [23/Dec/2018:19:40:19 -0500] "GET /galeria/nivo-slider/demo/style.css HTTP/1.1" 200 2222
66.249.88.64 - - [23/Dec/2018:19:40:19 -0500] "GET /galeria/nivo-slider/nivo-slider.css HTTP/1.1" 200 1507
66.249.88.64 - - [23/Dec/2018:19:40:19 -0500] "GET /galeria/nivo-slider/demo/scripts/jquery-1.7.1.min.js HTTP/1.1" 200 93868
66.249.88.64 - - [23/Dec/2018:19:40:21 -0500] "GET /galeria/carrusel/Carrusel/jquery.thumbnailScroller.css HTTP/1.1" 200 2066
66.249.88.95 - - [23/Dec/2018:19:40:22 -0500] "GET /galeria/nivo-slider/demo/images/4Simple_Slider.png HTTP/1.1" 200 11722
66.249.88.93 - - [23/Dec/2018:19:40:22 -0500] "GET /galeria/nivo-slider/demo/images/Trafico%20de%20fauna.jpg HTTP/1.1" 200 198327
66.249.88.64 - - [23/Dec/2018:19:40:22 -0500] "GET /galeria/nivo-slider/themes/default/loading.gif HTTP/1.1" 200 1737
66.249.88.93 - - [23/Dec/2018:19:40:22 -0500] "GET /galeria/nivo-slider/jquery.nivo.slider.pack.js HTTP/1.1" 200 11561
66.249.88.64 - - [23/Dec/2018:19:40:22 -0500] "GET /galeria/nivo-slider/demo/images/Bannerweb_Tinguas.jpg HTTP/1.1" 200 258471
66.249.88.64 - - [23/Dec/2018:19:40:24 -0500] "GET /galeria/nivo-slider/demo/images/Caminatas%20Ecol%C3%B3gicas%20Diciembre.jpg HTTP/1.1" 200 437964
66.249.88.95 - - [23/Dec/2018:19:40:24 -0500] "GET /galeria/nivo-slider/demo/images/Banner%20musgo.jpg HTTP/1.1" 200 380071
66.249.88.93 - - [23/Dec/2018:19:40:24 -0500] "GET /galeria/nivo-slider/demo/images/Banner%20POT.png HTTP/1.1" 200 418238
66.249.88.93 - - [23/Dec/2018:19:40:25 -0500] "GET /galeria/nivo-slider/demo/images/Pot_banner.jpg HTTP/1.1" 200 204736
66.249.88.64 - - [23/Dec/2018:19:40:25 -0500] "GET /galeria/nivo-slider/demo/images/Resultados%20Eco%20Empresarial%20web.jpg HTTP/1.1" 200 228464
66.249.88.73 - - [23/Dec/2018:19:40:26 -0500] "GET /BLA/boletinlegal/Circulares/2018/Circular%20No.%2010%20del%2021%20de%20Septiembre%20de%202018.pdf HTTP/1.1" 200 163426
66.249.88.64 - - [23/Dec/2018:19:40:26 -0500] "GET /galeria/nivo-slider/demo/images/BANNER%20punto.jpg HTTP/1.1" 200 75932
66.249.88.64 - - [23/Dec/2018:19:40:26 -0500] "GET /galeria/nivo-slider/demo/images/Cucos3_BannerWeb.png HTTP/1.1" 200 373609
66.249.88.95 - - [23/Dec/2018:19:40:28 -0500] "GET /galeria/nivo-slider/demo/images/Serpientes.jpg HTTP/1.1" 200 304010
66.249.88.93 - - [23/Dec/2018:19:40:28 -0500] "GET /galeria/nivo-slider/demo/images/web%20ingreso%20humedales.png HTTP/1.1" 200 641193
66.249.88.95 - - [23/Dec/2018:19:40:28 -0500] "GET /galeria/nivo-slider/demo/images/Banneranonimos.png HTTP/1.1" 200 109388
66.249.88.64 - - [23/Dec/2018:19:40:29 -0500] "GET /galeria/nivo-slider/demo/images/gobierno%20digital-01.jpg HTTP/1.1" 200 116163
66.249.88.93 - - [23/Dec/2018:19:40:29 -0500] "GET /galeria/nivo-slider/demo/images/Otorgamiento-excelencia-ambiental-Jos%C3%A9-Celestino-Mutis-2.jpg HTTP/1.1" 200 276467
66.249.88.64 - - [23/Dec/2018:19:40:30 -0500] "GET /galeria/nivo-slider/demo/images/Banner_micrositio.png HTTP/1.1" 200 146950
66.249.88.93 - - [23/Dec/2018:19:40:30 -0500] "GET /galeria/nivo-slider/demo/images/avances-sentencias-rio-bogota-2.jpg HTTP/1.1" 200 304916
66.249.88.95 - - [23/Dec/2018:19:40:30 -0500] "GET /galeria/nivo-slider/demo/images/BANNER%20VAN%20DER%20HAMMEN.jpg HTTP/1.1" 200 64172
66.249.88.93 - - [23/Dec/2018:19:40:30 -0500] "GET /galeria/nivo-slider/demo/images/banner-humedales-de-bogota.jpg HTTP/1.1" 200 292611
188.40.102.169 - - [23/Dec/2018:19:41:02 -0500] "GET /BLA/resoluciones/index.php?dir=RESOLUCIONES%202004/RES%202004%2051-100/&sort=date&order=desc HTTP/1.1" 200 11979
66.249.70.9 - - [23/Dec/2018:19:41:02 -0500] "GET /BLA/resoluciones/RESOLUCIONES%202013/2381.pdf HTTP/1.1" 200 1380407
188.40.102.169 - - [23/Dec/2018:19:41:04 -0500] "GET /BLA/resoluciones/index.php?dir=RESOLUCIONES%202004/RES%202004%2051-100/&sort=name&order=asc HTTP/1.1" 200 11980
66.249.88.64 - - [23/Dec/2018:19:41:32 -0500] "GET /galeria/galeria/jquery.fancybox.css?v=2.1.5 HTTP/1.1" 200 4895
66.249.88.93 - - [23/Dec/2018:19:41:32 -0500] "GET /galeria/galeria/jquery.fancybox.js?v=2.1.5 HTTP/1.1" 200 48706
66.249.88.95 - - [23/Dec/2018:19:41:32 -0500] "GET /BLA/boletinlegal/js/jquery.scrollShow.js HTTP/1.1" 200 4586
54.37.67.60 - - [23/Dec/2018:19:42:06 -0500] "HEAD /BLA/resoluciones/Notificaciones/AUTOS%202014/3913.doc HTTP/1.1" 200 -
188.40.102.169 - - [23/Dec/2018:19:42:06 -0500] "GET /BLA/resoluciones/index.php?dir=RESOLUCIONES%202004/RES%202004%2051-100/&sort=size&order=desc HTTP/1.1" 200 11979
188.40.102.169 - - [23/Dec/2018:19:42:08 -0500] "GET /BLA/resoluciones/index.php?dir=RESOLUCIONES%202004/RES%202004%20551-600/&sort=date&order=desc HTTP/1.1" 200 12046
188.40.102.169 - - [23/Dec/2018:19:42:11 -0500] "GET /BLA/resoluciones/index.php?dir=RESOLUCIONES%202004/RES%202004%20551-600/&sort=name&order=asc HTTP/1.1" 200 12047
188.40.102.169 - - [23/Dec/2018:19:42:14 -0500] "GET /BLA/resoluciones/index.php?dir=RESOLUCIONES%202004/RES%202004%20551-600/&sort=size&order=desc HTTP/1.1" 200 12046
66.249.70.7 - - [23/Dec/2018:19:42:36 -0500] "GET /kmz/vallas_otorgadas_julio2015.kmz HTTP/1.1" 200 112003
186.83.251.160 - - [23/Dec/2018:19:42:58 -0500] "GET /galeria/galeria/jquery.fancybox.css?v=2.1.5 HTTP/1.1" 200 4895
186.83.251.160 - - [23/Dec/2018:19:42:58 -0500] "GET /BLA/boletinlegal/js/jquery.scrollShow.js HTTP/1.1" 200 4586
186.83.251.160 - - [23/Dec/2018:19:42:59 -0500] "GET /galeria/galeria/jquery.fancybox.js?v=2.1.5 HTTP/1.1" 200 48706
69.162.124.233 - - [23/Dec/2018:19:43:05 -0500] "HEAD / HTTP/1.1" 200 -
188.40.102.169 - - [23/Dec/2018:19:43:17 -0500] "GET /BLA/resoluciones/index.php?dir=RESOLUCIONES%202004/RES%202004%20601-650/&sort=date&order=desc HTTP/1.1" 200 12059
186.83.251.160 - - [23/Dec/2018:19:43:18 -0500] "GET /galeria/carrusel/Carrusel/jquery.thumbnailScroller.css HTTP/1.1" 200 2066
186.83.251.160 - - [23/Dec/2018:19:43:19 -0500] "GET /galeria/carrusel/Carrusel/jquery-ui-1.8.13.custom.min.js HTTP/1.1" 200 10800
186.83.251.160 - - [23/Dec/2018:19:43:19 -0500] "GET /galeria/carrusel/Carrusel/jquery.thumbnailScroller.js HTTP/1.1" 200 8157
186.83.251.160 - - [23/Dec/2018:19:43:20 -0500] "GET /galeria/nivo-slider/demo/demo.html HTTP/1.1" 200 20142
186.83.251.160 - - [23/Dec/2018:19:43:20 -0500] "GET /galeria/nivo-slider/themes/pascal/pascal.css HTTP/1.1" 200 2258
186.83.251.160 - - [23/Dec/2018:19:43:20 -0500] "GET /galeria/nivo-slider/themes/default/default.css HTTP/1.1" 200 1569
186.83.251.160 - - [23/Dec/2018:19:43:20 -0500] "GET /galeria/nivo-slider/themes/orman/orman.css HTTP/1.1" 200 2152
186.83.251.160 - - [23/Dec/2018:19:43:20 -0500] "GET /galeria/nivo-slider/nivo-slider.css HTTP/1.1" 200 1507
186.83.251.160 - - [23/Dec/2018:19:43:20 -0500] "GET /galeria/nivo-slider/demo/style.css HTTP/1.1" 200 2222
186.83.251.160 - - [23/Dec/2018:19:43:20 -0500] "GET /galeria/nivo-slider/demo/scripts/jquery-1.7.1.min.js HTTP/1.1" 200 93868
186.83.251.160 - - [23/Dec/2018:19:43:21 -0500] "GET /galeria/nivo-slider/jquery.nivo.slider.pack.js HTTP/1.1" 200 11561
186.83.251.160 - - [23/Dec/2018:19:43:21 -0500] "GET /galeria/nivo-slider/demo/images/Trafico%20de%20fauna.jpg HTTP/1.1" 200 198327
186.83.251.160 - - [23/Dec/2018:19:43:21 -0500] "GET /galeria/nivo-slider/demo/images/Bannerweb_Tinguas.jpg HTTP/1.1" 200 258471
186.83.251.160 - - [23/Dec/2018:19:43:21 -0500] "GET /galeria/nivo-slider/demo/images/Caminatas%20Ecol%C3%B3gicas%20Diciembre.jpg HTTP/1.1" 200 437964
186.83.251.160 - - [23/Dec/2018:19:43:22 -0500] "GET /galeria/nivo-slider/demo/images/Banner%20POT.png HTTP/1.1" 200 418238
186.83.251.160 - - [23/Dec/2018:19:43:23 -0500] "GET /galeria/nivo-slider/demo/images/4Simple_Slider.png HTTP/1.1" 200 11722
186.83.251.160 - - [23/Dec/2018:19:43:23 -0500] "GET /galeria/nivo-slider/demo/images/Banner%20musgo.jpg HTTP/1.1" 200 380071
66.249.70.9 - - [23/Dec/2018:19:43:23 -0500] "GET /BLA/resoluciones/Notificaciones/AUTOS%202014/2171.doc HTTP/1.1" 200 756736
186.83.251.160 - - [23/Dec/2018:19:43:23 -0500] "GET /galeria/nivo-slider/demo/images/Pot_banner.jpg HTTP/1.1" 200 204736
186.83.251.160 - - [23/Dec/2018:19:43:23 -0500] "GET /galeria/nivo-slider/demo/images/Resultados%20Eco%20Empresarial%20web.jpg HTTP/1.1" 200 228464
186.83.251.160 - - [23/Dec/2018:19:43:23 -0500] "GET /galeria/nivo-slider/demo/images/Cucos3_BannerWeb.png HTTP/1.1" 200 373609
186.83.251.160 - - [23/Dec/2018:19:43:23 -0500] "GET /galeria/nivo-slider/demo/images/Serpientes.jpg HTTP/1.1" 200 304010
186.83.251.160 - - [23/Dec/2018:19:43:23 -0500] "GET /galeria/nivo-slider/demo/images/BANNER%20punto.jpg HTTP/1.1" 200 75932
186.83.251.160 - - [23/Dec/2018:19:43:24 -0500] "GET /galeria/nivo-slider/demo/images/Banneranonimos.png HTTP/1.1" 200 109388
186.83.251.160 - - [23/Dec/2018:19:43:24 -0500] "GET /galeria/nivo-slider/demo/images/web%20ingreso%20humedales.png HTTP/1.1" 200 641193
186.83.251.160 - - [23/Dec/2018:19:43:24 -0500] "GET /galeria/nivo-slider/demo/images/gobierno%20digital-01.jpg HTTP/1.1" 200 116163
186.83.251.160 - - [23/Dec/2018:19:43:24 -0500] "GET /galeria/nivo-slider/demo/images/Otorgamiento-excelencia-ambiental-Jos%C3%A9-Celestino-Mutis-2.jpg HTTP/1.1" 200 276467
186.83.251.160 - - [23/Dec/2018:19:43:25 -0500] "GET /galeria/nivo-slider/demo/images/Banner_micrositio.png HTTP/1.1" 200 146950
186.83.251.160 - - [23/Dec/2018:19:43:25 -0500] "GET /galeria/nivo-slider/demo/images/avances-sentencias-rio-bogota-2.jpg HTTP/1.1" 200 304916
186.83.251.160 - - [23/Dec/2018:19:43:25 -0500] "GET /galeria/nivo-slider/demo/images/BANNER%20VAN%20DER%20HAMMEN.jpg HTTP/1.1" 200 64172
186.83.251.160 - - [23/Dec/2018:19:43:26 -0500] "GET /galeria/nivo-slider/demo/images/banner-humedales-de-bogota.jpg HTTP/1.1" 200 292611
186.83.251.160 - - [23/Dec/2018:19:43:26 -0500] "GET /galeria/nivo-slider/demo/images/maximavelocidad.png HTTP/1.1" 200 880272
186.83.251.160 - - [23/Dec/2018:19:43:26 -0500] "GET /galeria/nivo-slider/demo/images/banner%20aceite%20vegetal%20usado.jpg HTTP/1.1" 200 169350
186.83.251.160 - - [23/Dec/2018:19:43:26 -0500] "GET /galeria/nivo-slider/demo/images/bannerlumina2017web.jpg HTTP/1.1" 200 198918
186.83.251.160 - - [23/Dec/2018:19:43:26 -0500] "GET /galeria/nivo-slider/demo/images/banner-bolsas-plasticas.jpg HTTP/1.1" 200 317939
186.83.251.160 - - [23/Dec/2018:19:43:26 -0500] "GET /galeria/nivo-slider/themes/default/loading.gif HTTP/1.1" 200 1737
186.83.251.160 - - [23/Dec/2018:19:43:32 -0500] "GET /galeria/nivo-slider/themes/default/arrows.png HTTP/1.1" 200 824
186.83.251.160 - - [23/Dec/2018:19:43:32 -0500] "GET /galeria/nivo-slider/themes/default/bullets.png HTTP/1.1" 200 1281
192.168.175.104 - - [23/Dec/2018:19:43:36 -0500] "GET / HTTP/1.1" 200 9990
188.40.102.169 - - [23/Dec/2018:19:43:49 -0500] "GET /BLA/resoluciones/index.php?dir=RESOLUCIONES%202004/RES%202004%20601-650/&sort=name&order=asc HTTP/1.1" 200 12060
192.168.175.104 - - [23/Dec/2018:19:44:13 -0500] "GET / HTTP/1.0" 200 9990
190.24.24.92 - - [23/Dec/2018:19:44:16 -0500] "GET /galeria/galeria/jquery.fancybox.css?v=2.1.5 HTTP/1.1" 200 4895
190.24.24.92 - - [23/Dec/2018:19:44:16 -0500] "GET /galeria/galeria/jquery.fancybox.js?v=2.1.5 HTTP/1.1" 200 48706
190.24.24.92 - - [23/Dec/2018:19:44:16 -0500] "GET /BLA/boletinlegal/js/jquery.scrollShow.js HTTP/1.1" 200 4586
190.24.24.92 - - [23/Dec/2018:19:44:20 -0500] "GET /galeria/galeria/jquery.fancybox.css?v=2.1.5 HTTP/1.1" 304 -
190.24.24.92 - - [23/Dec/2018:19:44:20 -0500] "GET /galeria/galeria/jquery.fancybox.js?v=2.1.5 HTTP/1.1" 304 -
190.24.24.92 - - [23/Dec/2018:19:44:20 -0500] "GET /BLA/boletinlegal/js/jquery.scrollShow.js HTTP/1.1" 304 -
188.40.102.169 - - [23/Dec/2018:19:44:21 -0500] "GET /BLA/resoluciones/index.php?dir=RESOLUCIONES%202004/RES%202004%20601-650/&sort=size&order=desc HTTP/1.1" 200 12059
35.195.37.164 - - [23/Dec/2018:19:44:38 -0500] "-" 408 -
188.40.102.169 - - [23/Dec/2018:19:44:53 -0500] "GET /BLA/resoluciones/index.php?dir=RESOLUCIONES%202004/RES%202004%20651-700/&sort=date&order=desc HTTP/1.1" 200 12048
66.249.70.11 - - [23/Dec/2018:19:44:56 -0500] "GET /BLA/resoluciones/AUTOS%202015/4207.pdf HTTP/1.1" 200 492371
188.40.102.169 - - [23/Dec/2018:19:45:27 -0500] "GET /BLA/resoluciones/index.php?dir=RESOLUCIONES%202004/RES%202004%20651-700/&sort=name&order=asc HTTP/1.1" 200 12049
216.244.66.197 - - [23/Dec/2018:19:45:46 -0500] "GET /re/Cuento/cuadro2/ HTTP/1.1" 404 1019
216.244.66.197 - - [23/Dec/2018:19:45:49 -0500] "GET /re/Cuento/cuadro20/ HTTP/1.1" 404 1019
188.40.102.169 - - [23/Dec/2018:19:46:01 -0500] "GET /BLA/resoluciones/index.php?dir=RESOLUCIONES%202004/RES%202004%20651-700/&sort=size&order=desc HTTP/1.1" 200 12048
188.40.102.169 - - [23/Dec/2018:19:46:33 -0500] "GET /BLA/resoluciones/index.php?dir=RESOLUCIONES%202004/RES%202004%20701-750/&sort=date&order=desc HTTP/1.1" 200 12058
188.40.102.169 - - [23/Dec/2018:19:47:06 -0500] "GET /robots.txt HTTP/1.1" 404 1018
188.40.102.169 - - [23/Dec/2018:19:47:06 -0500] "GET /BLA/resoluciones/index.php?dir=RESOLUCIONES%202004/RES%202004%20701-750/&sort=name&order=asc HTTP/1.1" 200 12059
66.249.70.17 - - [23/Dec/2018:19:47:17 -0500] "GET /BLA/boletinlegal/Circulares/2010/Circular%2005%20de%208%20de%20septiembre%20de%202010.pdf HTTP/1.1" 200 2146608
188.40.102.169 - - [23/Dec/2018:19:47:40 -0500] "GET /BLA/resoluciones/index.php?dir=RESOLUCIONES%202004/RES%202004%20701-750/&sort=size&order=desc HTTP/1.1" 200 12058
66.249.70.29 - - [23/Dec/2018:19:47:51 -0500] "GET /robots.txt HTTP/1.1" 404 1015
66.249.70.2 - - [23/Dec/2018:19:47:52 -0500] "GET /Anexos%20estudio%20Organizacional%20SDA/ANEXO%20No.%201-%20NORMAS%20LEGALES%20DE%20ESTRUCTURA%20Y%20PLANTA/Decreto%20308%20de%202001%20-%20Modifica%20estructura%20del%20DAMA.jsp_files/AjaxRequest.js HTTP/1.1" 200 17069
66.249.70.2 - - [23/Dec/2018:19:47:52 -0500] "GET /Anexos%20estudio%20Organizacional%20SDA/ANEXO%20No.%201-%20NORMAS%20LEGALES%20DE%20ESTRUCTURA%20Y%20PLANTA/Decreto%20308%20de%202001%20-%20Modifica%20estructura%20del%20DAMA.jsp_files/jquery.js HTTP/1.1" 200 18179
66.249.70.31 - - [23/Dec/2018:19:47:53 -0500] "GET /Anexos%20estudio%20Organizacional%20SDA/ANEXO%20No.%201-%20NORMAS%20LEGALES%20DE%20ESTRUCTURA%20Y%20PLANTA/Decreto%20308%20de%202001%20-%20Modifica%20estructura%20del%20DAMA.jsp_files/ladc.css HTTP/1.1" 200 5119
66.249.70.2 - - [23/Dec/2018:19:47:54 -0500] "GET /Anexos%20estudio%20Organizacional%20SDA/ANEXO%20No.%201-%20NORMAS%20LEGALES%20DE%20ESTRUCTURA%20Y%20PLANTA/Decreto%20308%20de%202001%20-%20Modifica%20estructura%20del%20DAMA.jsp_files/ladc.htm HTTP/1.1" 200 1071
66.249.70.31 - - [23/Dec/2018:19:47:55 -0500] "GET /Anexos%20estudio%20Organizacional%20SDA/ANEXO%20No.%201-%20NORMAS%20LEGALES%20DE%20ESTRUCTURA%20Y%20PLANTA/Decreto%20308%20de%202001%20-%20Modifica%20estructura%20del%20DAMA.jsp_files/screen.css HTTP/1.1" 200 2444
66.249.70.29 - - [23/Dec/2018:19:47:57 -0500] "GET /Anexos%20estudio%20Organizacional%20SDA/ANEXO%20No.%201-%20NORMAS%20LEGALES%20DE%20ESTRUCTURA%20Y%20PLANTA/Decreto%20308%20de%202001%20-%20Modifica%20estructura%20del%20DAMA.jsp_files/jquery-1.js HTTP/1.1" 200 57254
66.249.70.31 - - [23/Dec/2018:19:47:58 -0500] "GET /Anexos%20estudio%20Organizacional%20SDA/ANEXO%20No.%201-%20NORMAS%20LEGALES%20DE%20ESTRUCTURA%20Y%20PLANTA/Decreto%20308%20de%202001%20-%20Modifica%20estructura%20del%20DAMA.jsp_files/jquery.css HTTP/1.1" 200 4557
66.249.70.31 - - [23/Dec/2018:19:47:59 -0500] "GET /Anexos%20estudio%20Organizacional%20SDA/ANEXO%20No.%201-%20NORMAS%20LEGALES%20DE%20ESTRUCTURA%20Y%20PLANTA/norma_ajax.jsp?showBar=true&AjaxRequestUniqueId=15420672000240 HTTP/1.1" 404 1581
69.162.124.233 - - [23/Dec/2018:19:48:05 -0500] "HEAD / HTTP/1.1" 200 -
188.40.102.169 - - [23/Dec/2018:19:48:13 -0500] "GET /BLA/resoluciones/index.php?dir=RESOLUCIONES%202004/RES%202004%20751-800/&sort=date&order=desc HTTP/1.1" 200 12052
216.244.66.195 - - [23/Dec/2018:19:48:27 -0500] "GET /robots.txt HTTP/1.1" 404 1018
192.168.175.104 - - [23/Dec/2018:19:48:34 -0500] "GET / HTTP/1.1" 200 9990
188.40.102.169 - - [23/Dec/2018:19:48:47 -0500] "GET /BLA/resoluciones/index.php?dir=RESOLUCIONES%202004/RES%202004%20751-800/&sort=name&order=asc HTTP/1.1" 200 12053
192.168.175.104 - - [23/Dec/2018:19:49:11 -0500] "GET / HTTP/1.0" 200 9990
188.40.102.169 - - [23/Dec/2018:19:49:19 -0500] "GET /BLA/resoluciones/index.php?dir=RESOLUCIONES%202004/RES%202004%20751-800/&sort=size&order=desc HTTP/1.1" 200 12052
190.24.132.90 - - [23/Dec/2018:19:49:35 -0500] "GET /galeria/galeria/fotos/mirador4G.jpg HTTP/1.1" 200 159827
216.244.66.197 - - [23/Dec/2018:19:49:50 -0500] "GET /re/Entrada/imagen%20botones/_notes/imagen%20botones_r2_c1.gif.mno HTTP/1.1" 404 1019
188.40.102.169 - - [23/Dec/2018:19:49:52 -0500] "GET /BLA/resoluciones/index.php?dir=RESOLUCIONES%202004/RES%202004%20801-850/&sort=date&order=desc HTTP/1.1" 200 12047
190.24.132.90 - - [23/Dec/2018:19:50:08 -0500] "GET /galeria/galeria/fotos/mirador3G.jpg HTTP/1.1" 304 -
188.40.102.169 - - [23/Dec/2018:19:50:25 -0500] "GET /BLA/resoluciones/index.php?dir=RESOLUCIONES%202004/RES%202004%20801-850/&sort=name&order=asc HTTP/1.1" 200 12048
188.40.102.169 - - [23/Dec/2018:19:50:59 -0500] "GET /BLA/resoluciones/index.php?dir=RESOLUCIONES%202004/RES%202004%20801-850/&sort=size&order=desc HTTP/1.1" 200 12047
186.154.39.232 - - [23/Dec/2018:19:51:17 -0500] "GET /galeria/galeria/jquery.fancybox.css?v=2.1.5 HTTP/1.1" 200 4895
186.154.39.232 - - [23/Dec/2018:19:51:17 -0500] "GET /BLA/boletinlegal/js/jquery.scrollShow.js HTTP/1.1" 200 4586
186.154.39.232 - - [23/Dec/2018:19:51:17 -0500] "GET /galeria/galeria/jquery.fancybox.js?v=2.1.5 HTTP/1.1" 200 48706
188.40.102.169 - - [23/Dec/2018:19:51:33 -0500] "GET /BLA/resoluciones/index.php?dir=RESOLUCIONES%202004/RES%202004%20851-900/&sort=date&order=desc HTTP/1.1" 200 12039
188.40.102.169 - - [23/Dec/2018:19:52:05 -0500] "GET /BLA/resoluciones/index.php?dir=RESOLUCIONES%202004/RES%202004%20851-900/&sort=name&order=asc HTTP/1.1" 200 12040
186.96.115.37 - - [23/Dec/2018:19:52:17 -0500] "-" 408 -
188.40.102.169 - - [23/Dec/2018:19:52:57 -0500] "GET /BLA/resoluciones/index.php?dir=RESOLUCIONES%202004/RES%202004%20851-900/&sort=size&order=desc HTTP/1.1" 200 12039
69.162.124.233 - - [23/Dec/2018:19:53:05 -0500] "HEAD / HTTP/1.1" 200 -
192.168.175.104 - - [23/Dec/2018:19:53:31 -0500] "GET / HTTP/1.1" 200 9990
188.40.102.169 - - [23/Dec/2018:19:54:00 -0500] "GET /BLA/resoluciones/index.php?dir=RESOLUCIONES%202004/RES%202004%20901-950/&sort=date&order=desc HTTP/1.1" 200 12048
192.168.175.104 - - [23/Dec/2018:19:54:09 -0500] "GET / HTTP/1.0" 200 9990
188.40.102.169 - - [23/Dec/2018:19:54:34 -0500] "GET /BLA/resoluciones/index.php?dir=RESOLUCIONES%202004/RES%202004%20901-950/&sort=name&order=asc HTTP/1.1" 200 12049
207.46.13.52 - - [23/Dec/2018:19:54:48 -0500] "GET /pot-2013/cartografia/anexo2_zac.pdf HTTP/1.1" 200 3835541
188.40.102.169 - - [23/Dec/2018:19:55:06 -0500] "GET /BLA/resoluciones/index.php?dir=RESOLUCIONES%202004/RES%202004%20901-950/&sort=size&order=desc HTTP/1.1" 200 12048
207.46.13.52 - - [23/Dec/2018:19:55:13 -0500] "GET /BLA/boletinlegal/jurisprudencia/analisis/Analisis%20jurisprudencial%20Sentencia%20C-366-11.doc HTTP/1.1" 200 59392
188.40.102.169 - - [23/Dec/2018:19:55:43 -0500] "GET /BLA/resoluciones/index.php?dir=RESOLUCIONES%202004/RES%202004%20951-1000/&sort=date&order=desc HTTP/1.1" 200 12100
188.40.102.169 - - [23/Dec/2018:19:56:16 -0500] "GET /BLA/resoluciones/index.php?dir=RESOLUCIONES%202004/RES%202004%20951-1000/&sort=name&order=asc HTTP/1.1" 200 12101
181.59.50.227 - - [23/Dec/2018:19:56:25 -0500] "GET /BLA/resoluciones/RESOLUCIONES%202014/2758.pdf HTTP/1.1" 200 622091
181.59.50.227 - - [23/Dec/2018:19:56:26 -0500] "GET /favicon.ico HTTP/1.1" 200 7782
188.40.102.169 - - [23/Dec/2018:19:56:48 -0500] "GET /BLA/resoluciones/index.php?dir=RESOLUCIONES%202004/RES%202004%20951-1000/&sort=size&order=desc HTTP/1.1" 200 12100
216.144.252.58 - - [23/Dec/2018:19:56:54 -0500] "HEAD /robots.txt HTTP/1.0" 404 -
188.40.102.169 - - [23/Dec/2018:19:57:20 -0500] "GET /robots.txt HTTP/1.1" 404 1018
188.40.102.169 - - [23/Dec/2018:19:57:21 -0500] "GET /BLA/resoluciones/index.php?dir=RESOLUCIONES%202005/ANEXO%20RES%202643-2005/&sort=date&order=desc HTTP/1.1" 200 2445
186.113.10.19 - - [23/Dec/2018:19:57:44 -0500] "GET /galeria/nivo-slider/demo/images/banner-mayo.jpg HTTP/1.1" 304 -
188.40.102.169 - - [23/Dec/2018:19:57:53 -0500] "GET /BLA/resoluciones/index.php?dir=RESOLUCIONES%202005/ANEXO%20RES%202643-2005/&sort=name&order=asc HTTP/1.1" 200 2446
69.162.124.233 - - [23/Dec/2018:19:58:05 -0500] "HEAD / HTTP/1.1" 200 -
66.249.70.29 - - [23/Dec/2018:19:58:11 -0500] "GET / HTTP/1.1" 200 9990
216.244.66.197 - - [23/Dec/2018:19:58:18 -0500] "GET /re/Entrada/?C=D;O=D HTTP/1.1" 404 1019
93.103.126.233 - - [23/Dec/2018:19:58:19 -0500] "GET / HTTP/1.0" 200 9990
192.168.175.104 - - [23/Dec/2018:19:58:29 -0500] "GET / HTTP/1.1" 200 9990
188.40.102.169 - - [23/Dec/2018:19:58:50 -0500] "GET /BLA/resoluciones/index.php?dir=RESOLUCIONES%202005/ANEXO%20RES%202643-2005/&sort=size&order=desc HTTP/1.1" 200 2445
192.168.175.104 - - [23/Dec/2018:19:59:06 -0500] "GET / HTTP/1.0" 200 9990
188.40.102.169 - - [23/Dec/2018:19:59:22 -0500] "GET /BLA/resoluciones/index.php?dir=RESOLUCIONES%202005/RES%202005%201-50/&sort=date&order=desc HTTP/1.1" 200 12562
188.40.102.169 - - [23/Dec/2018:19:59:54 -0500] "GET /BLA/resoluciones/index.php?dir=RESOLUCIONES%202005/RES%202005%201-50/&sort=name&order=asc HTTP/1.1" 200 12563
186.113.10.19 - - [23/Dec/2018:20:00:13 -0500] "GET /galeria/nivo-slider/demo/images/banner%20Incendios%20forestales.png HTTP/1.1" 304 -
188.40.102.169 - - [23/Dec/2018:20:00:27 -0500] "GET /BLA/resoluciones/index.php?dir=RESOLUCIONES%202005/RES%202005%201-50/&sort=size&order=desc HTTP/1.1" 200 12562
66.249.70.11 - - [23/Dec/2018:20:00:32 -0500] "GET /BLA/boletinlegal/jurisprudencia/analisis/G__Jurisp.%20Junio%202014_Sent%20Tutela%20Drumond.docx HTTP/1.1" 304 -
181.53.236.240 - - [23/Dec/2018:20:00:52 -0500] "GET /BLA/boletinlegal/js/jquery.scrollShow.js HTTP/1.1" 200 4586
181.53.236.240 - - [23/Dec/2018:20:00:52 -0500] "GET /galeria/galeria/jquery.fancybox.css?v=2.1.5 HTTP/1.1" 200 4895
181.53.236.240 - - [23/Dec/2018:20:00:52 -0500] "GET /galeria/galeria/jquery.fancybox.js?v=2.1.5 HTTP/1.1" 200 48706
188.40.102.169 - - [23/Dec/2018:20:01:00 -0500] "GET /BLA/resoluciones/index.php?dir=RESOLUCIONES%202005/RES%202005%201-50/RES%202005%201-50/&sort=date&order=asc HTTP/1.1" 200 2511
66.249.70.9 - - [23/Dec/2018:20:01:18 -0500] "GET /BLA/resoluciones/RESOLUCIONES%202007/RES%202007%202801%20AL%202900/RESOLUCION%202811%20DE%202007.pdf HTTP/1.1" 304 -
181.53.236.240 - - [23/Dec/2018:20:01:30 -0500] "GET /galeria/carrusel/Carrusel/jquery.thumbnailScroller.css HTTP/1.1" 200 2066
181.53.236.240 - - [23/Dec/2018:20:01:30 -0500] "GET /galeria/carrusel/Carrusel/jquery-ui-1.8.13.custom.min.js HTTP/1.1" 200 10800
181.53.236.240 - - [23/Dec/2018:20:01:30 -0500] "GET /galeria/carrusel/Carrusel/jquery.thumbnailScroller.js HTTP/1.1" 200 8157
181.53.236.240 - - [23/Dec/2018:20:01:33 -0500] "GET /galeria/nivo-slider/demo/demo.html HTTP/1.1" 200 20142
188.40.102.169 - - [23/Dec/2018:20:01:34 -0500] "GET /BLA/resoluciones/index.php?dir=RESOLUCIONES%202005/RES%202005%201-50/RES%202005%201-50/&sort=name&order=desc HTTP/1.1" 200 2510
181.53.236.240 - - [23/Dec/2018:20:01:34 -0500] "GET /galeria/nivo-slider/themes/default/default.css HTTP/1.1" 200 1569
181.53.236.240 - - [23/Dec/2018:20:01:34 -0500] "GET /galeria/nivo-slider/themes/pascal/pascal.css HTTP/1.1" 200 2258
181.53.236.240 - - [23/Dec/2018:20:01:34 -0500] "GET /galeria/nivo-slider/themes/orman/orman.css HTTP/1.1" 200 2152
181.53.236.240 - - [23/Dec/2018:20:01:34 -0500] "GET /galeria/nivo-slider/nivo-slider.css HTTP/1.1" 200 1507
181.53.236.240 - - [23/Dec/2018:20:01:34 -0500] "GET /galeria/nivo-slider/demo/images/Trafico%20de%20fauna.jpg HTTP/1.1" 200 198327
181.53.236.240 - - [23/Dec/2018:20:01:34 -0500] "GET /galeria/nivo-slider/demo/style.css HTTP/1.1" 200 2222
181.53.236.240 - - [23/Dec/2018:20:01:34 -0500] "GET /galeria/nivo-slider/demo/images/Bannerweb_Tinguas.jpg HTTP/1.1" 200 258471
181.53.236.240 - - [23/Dec/2018:20:01:34 -0500] "GET /galeria/nivo-slider/jquery.nivo.slider.pack.js HTTP/1.1" 200 11561
181.53.236.240 - - [23/Dec/2018:20:01:34 -0500] "GET /galeria/nivo-slider/demo/scripts/jquery-1.7.1.min.js HTTP/1.1" 200 93868
181.53.236.240 - - [23/Dec/2018:20:01:34 -0500] "GET /galeria/nivo-slider/demo/images/Caminatas%20Ecol%C3%B3gicas%20Diciembre.jpg HTTP/1.1" 200 437964
181.53.236.240 - - [23/Dec/2018:20:01:34 -0500] "GET /galeria/nivo-slider/demo/images/Banner%20POT.png HTTP/1.1" 200 418238
181.53.236.240 - - [23/Dec/2018:20:01:38 -0500] "GET /galeria/nivo-slider/themes/default/loading.gif HTTP/1.1" 200 1737
181.53.236.240 - - [23/Dec/2018:20:01:39 -0500] "GET /galeria/nivo-slider/demo/images/4Simple_Slider.png HTTP/1.1" 200 11722
181.53.236.240 - - [23/Dec/2018:20:01:43 -0500] "GET /galeria/nivo-slider/demo/images/Banner%20musgo.jpg HTTP/1.1" 200 380071
181.53.236.240 - - [23/Dec/2018:20:01:44 -0500] "GET /galeria/nivo-slider/demo/images/Resultados%20Eco%20Empresarial%20web.jpg HTTP/1.1" 200 228464
181.53.236.240 - - [23/Dec/2018:20:01:53 -0500] "GET /galeria/nivo-slider/demo/images/Pot_banner.jpg HTTP/1.1" 200 204736
181.53.236.240 - - [23/Dec/2018:20:02:01 -0500] "GET /galeria/nivo-slider/demo/images/BANNER%20punto.jpg HTTP/1.1" 200 75932
181.53.236.240 - - [23/Dec/2018:20:02:04 -0500] "GET /galeria/nivo-slider/demo/images/Cucos3_BannerWeb.png HTTP/1.1" 200 373609
181.53.236.240 - - [23/Dec/2018:20:02:05 -0500] "GET /galeria/nivo-slider/demo/images/Serpientes.jpg HTTP/1.1" 200 304010
188.40.102.169 - - [23/Dec/2018:20:02:05 -0500] "GET /BLA/resoluciones/index.php?dir=RESOLUCIONES%202005/RES%202005%201-50/RES%202005%201-50/&sort=size&order=asc HTTP/1.1" 200 2511
181.53.236.240 - - [23/Dec/2018:20:02:06 -0500] "GET /galeria/nivo-slider/demo/images/Banneranonimos.png HTTP/1.1" 200 109388
181.53.236.240 - - [23/Dec/2018:20:02:09 -0500] "GET /galeria/nivo-slider/demo/images/web%20ingreso%20humedales.png HTTP/1.1" 200 641193
188.40.102.169 - - [23/Dec/2018:20:02:37 -0500] "GET /BLA/resoluciones/index.php?dir=RESOLUCIONES%202005/RES%202005%201-50/RES%202005%20101-150/&sort=date&order=asc HTTP/1.1" 200 13168
66.249.88.95 - - [23/Dec/2018:20:02:43 -0500] "GET /BLA/boletinlegal/js/jquery.scrollShow.js HTTP/1.1" 200 4586
66.249.88.64 - - [23/Dec/2018:20:02:43 -0500] "GET /galeria/galeria/jquery.fancybox.css?v=2.1.5 HTTP/1.1" 200 4895
66.249.88.93 - - [23/Dec/2018:20:02:43 -0500] "GET /galeria/galeria/jquery.fancybox.js?v=2.1.5 HTTP/1.1" 200 48706
181.53.236.240 - - [23/Dec/2018:20:02:56 -0500] "GET /galeria/nivo-slider/demo/images/Caminatas%20Ecol%C3%B3gicas%20Diciembre.jpg HTTP/1.1" 206 1
181.53.236.240 - - [23/Dec/2018:20:02:57 -0500] "GET /galeria/nivo-slider/demo/images/Banneranonimos.png HTTP/1.1" 206 1
181.53.236.240 - - [23/Dec/2018:20:02:57 -0500] "GET /galeria/nivo-slider/demo/images/web%20ingreso%20humedales.png HTTP/1.1" 200 641193
181.53.236.240 - - [23/Dec/2018:20:02:57 -0500] "GET /galeria/nivo-slider/demo/images/Banner%20musgo.jpg HTTP/1.1" 206 1
181.53.236.240 - - [23/Dec/2018:20:02:57 -0500] "GET /galeria/nivo-slider/demo/images/Cucos3_BannerWeb.png HTTP/1.1" 200 373609
181.53.236.240 - - [23/Dec/2018:20:02:57 -0500] "GET /galeria/nivo-slider/demo/images/Serpientes.jpg HTTP/1.1" 206 1
181.53.236.240 - - [23/Dec/2018:20:02:58 -0500] "GET /galeria/nivo-slider/demo/images/Banneranonimos.png HTTP/1.1" 206 76074
181.53.236.240 - - [23/Dec/2018:20:02:58 -0500] "GET /galeria/nivo-slider/demo/images/Caminatas%20Ecol%C3%B3gicas%20Diciembre.jpg HTTP/1.1" 206 39651
181.53.236.240 - - [23/Dec/2018:20:02:59 -0500] "GET /galeria/nivo-slider/demo/images/Banner%20musgo.jpg HTTP/1.1" 206 53298
181.53.236.240 - - [23/Dec/2018:20:02:59 -0500] "GET /galeria/nivo-slider/demo/images/Serpientes.jpg HTTP/1.1" 206 210837
181.53.236.240 - - [23/Dec/2018:20:03:00 -0500] "GET /galeria/nivo-slider/demo/images/gobierno%20digital-01.jpg HTTP/1.1" 200 116163
181.53.236.240 - - [23/Dec/2018:20:03:00 -0500] "GET /galeria/nivo-slider/demo/images/Otorgamiento-excelencia-ambiental-Jos%C3%A9-Celestino-Mutis-2.jpg HTTP/1.1" 200 276467
181.53.236.240 - - [23/Dec/2018:20:03:00 -0500] "GET /galeria/nivo-slider/demo/images/Banner_micrositio.png HTTP/1.1" 200 146950
181.53.236.240 - - [23/Dec/2018:20:03:02 -0500] "GET /galeria/nivo-slider/demo/images/avances-sentencias-rio-bogota-2.jpg HTTP/1.1" 200 304916
69.162.124.233 - - [23/Dec/2018:20:03:05 -0500] "HEAD / HTTP/1.1" 200 -
188.40.102.169 - - [23/Dec/2018:20:03:09 -0500] "GET /BLA/resoluciones/index.php?dir=RESOLUCIONES%202005/RES%202005%201-50/RES%202005%20101-150/&sort=name&order=desc HTTP/1.1" 200 13167
190.157.105.153 - - [23/Dec/2018:20:03:31 -0500] "GET /BLA/resoluciones/AUTOS%202013/0084.pdf HTTP/1.1" 200 1560848
192.168.175.104 - - [23/Dec/2018:20:03:31 -0500] "GET / HTTP/1.1" 200 9990
216.244.66.197 - - [23/Dec/2018:20:03:36 -0500] "GET /robots.txt HTTP/1.1" 404 1019
216.244.66.197 - - [23/Dec/2018:20:03:36 -0500] "GET /robots.txt HTTP/1.1" 404 1015
188.40.102.169 - - [23/Dec/2018:20:03:43 -0500] "GET /BLA/resoluciones/index.php?dir=RESOLUCIONES%202005/RES%202005%201-50/RES%202005%20101-150/&sort=size&order=asc HTTP/1.1" 200 13168
192.168.175.104 - - [23/Dec/2018:20:04:06 -0500] "GET / HTTP/1.0" 200 9990
188.40.102.169 - - [23/Dec/2018:20:04:45 -0500] "GET /BLA/resoluciones/index.php?dir=RESOLUCIONES%202005/RES%202005%201001-1050/&sort=date&order=desc HTTP/1.1" 200 12363
188.40.102.169 - - [23/Dec/2018:20:05:18 -0500] "GET /BLA/resoluciones/index.php?dir=RESOLUCIONES%202005/RES%202005%201001-1050/&sort=name&order=asc HTTP/1.1" 200 12364
52.53.201.78 - - [23/Dec/2018:20:05:35 -0500] "GET / HTTP/1.1" 200 9990
188.40.102.169 - - [23/Dec/2018:20:05:53 -0500] "GET /BLA/resoluciones/index.php?dir=RESOLUCIONES%202005/RES%202005%201001-1050/&sort=size&order=desc HTTP/1.1" 200 12363
200.68.138.17 - - [23/Dec/2018:20:06:14 -0500] "GET /galeria/galeria/jquery.fancybox.css?v=2.1.5 HTTP/1.1" 200 4895
200.68.138.17 - - [23/Dec/2018:20:06:14 -0500] "GET /BLA/boletinlegal/js/jquery.scrollShow.js HTTP/1.1" 200 4586
200.68.138.17 - - [23/Dec/2018:20:06:14 -0500] "GET /galeria/galeria/jquery.fancybox.js?v=2.1.5 HTTP/1.1" 200 48706
188.40.102.169 - - [23/Dec/2018:20:06:25 -0500] "GET /BLA/resoluciones/index.php?dir=RESOLUCIONES%202005/RES%202005%201051-1100/&sort=date&order=desc HTTP/1.1" 200 3975
66.249.70.13 - - [23/Dec/2018:20:06:45 -0500] "GET /BLA/resoluciones/RESOLUCIONES%202013/0466.pdf HTTP/1.1" 304 -
188.40.102.169 - - [23/Dec/2018:20:06:57 -0500] "GET /BLA/resoluciones/index.php?dir=RESOLUCIONES%202005/RES%202005%201051-1100/&sort=name&order=asc HTTP/1.1" 200 3976
188.40.102.169 - - [23/Dec/2018:20:07:29 -0500] "GET /robots.txt HTTP/1.1" 404 1018
188.40.102.169 - - [23/Dec/2018:20:07:29 -0500] "GET /BLA/resoluciones/index.php?dir=RESOLUCIONES%202005/RES%202005%201051-1100/&sort=size&order=desc HTTP/1.1" 200 3975
66.249.70.13 - - [23/Dec/2018:20:07:32 -0500] "GET /BLA/resoluciones/RESOLUCIONES%202014/3750.pdf HTTP/1.1" 304 -
188.40.102.169 - - [23/Dec/2018:20:08:01 -0500] "GET /BLA/resoluciones/index.php?dir=RESOLUCIONES%202005/RES%202005%201101-1150/&sort=date&order=desc HTTP/1.1" 200 12362
69.162.124.233 - - [23/Dec/2018:20:08:05 -0500] "HEAD / HTTP/1.1" 200 -
66.249.64.123 - - [23/Dec/2018:20:08:19 -0500] "GET / HTTP/1.1" 200 9990
192.168.175.104 - - [23/Dec/2018:20:08:30 -0500] "GET / HTTP/1.1" 200 9990
188.40.102.169 - - [23/Dec/2018:20:08:35 -0500] "GET /BLA/resoluciones/index.php?dir=RESOLUCIONES%202005/RES%202005%201101-1150/&sort=name&order=asc HTTP/1.1" 200 12363
192.168.175.104 - - [23/Dec/2018:20:09:05 -0500] "GET / HTTP/1.0" 200 9990
188.40.102.169 - - [23/Dec/2018:20:09:08 -0500] "GET /BLA/resoluciones/index.php?dir=RESOLUCIONES%202005/RES%202005%201101-1150/&sort=size&order=desc HTTP/1.1" 200 12362
188.40.102.169 - - [23/Dec/2018:20:09:40 -0500] "GET /BLA/resoluciones/index.php?dir=RESOLUCIONES%202005/RES%202005%201151-1200/&sort=date&order=desc HTTP/1.1" 200 12361
66.249.70.9 - - [23/Dec/2018:20:09:52 -0500] "GET /BLA/resoluciones/AUTOS%202014/2370.pdf HTTP/1.1" 200 1226097
188.40.102.169 - - [23/Dec/2018:20:10:14 -0500] "GET /BLA/resoluciones/index.php?dir=RESOLUCIONES%202005/RES%202005%201151-1200/&sort=name&order=asc HTTP/1.1" 200 12362
188.40.102.169 - - [23/Dec/2018:20:10:46 -0500] "GET /BLA/resoluciones/index.php?dir=RESOLUCIONES%202005/RES%202005%201151-1200/&sort=size&order=desc HTTP/1.1" 200 12361
40.77.167.34 - - [23/Dec/2018:20:10:52 -0500] "GET /dama/libreria/pdf/formularios/Anexo_vertimientos_ind.pdf HTTP/1.1" 404 1019
188.40.102.169 - - [23/Dec/2018:20:11:18 -0500] "GET /BLA/resoluciones/index.php?dir=RESOLUCIONES%202005/RES%202005%201201-1250/&sort=date&order=desc HTTP/1.1" 200 12368
188.40.102.169 - - [23/Dec/2018:20:11:50 -0500] "GET /BLA/resoluciones/index.php?dir=RESOLUCIONES%202005/RES%202005%201201-1250/&sort=name&order=asc HTTP/1.1" 200 12369
157.55.39.29 - - [23/Dec/2018:20:12:09 -0500] "GET /robots.txt HTTP/1.1" 404 1018
157.55.39.29 - - [23/Dec/2018:20:12:10 -0500] "GET /robots.txt HTTP/1.1" 404 1018
66.249.70.11 - - [23/Dec/2018:20:12:12 -0500] "GET /BLA/resoluciones/RESOLUCIONES%202007/RES%202007%201801%20AL%201900/RESOLUCION%201844%20DE%202007.pdf HTTP/1.1" 200 35358
188.40.102.169 - - [23/Dec/2018:20:12:23 -0500] "GET /BLA/resoluciones/index.php?dir=RESOLUCIONES%202005/RES%202005%201201-1250/&sort=size&order=desc HTTP/1.1" 200 12368
186.86.32.115 - - [23/Dec/2018:20:12:28 -0500] "GET /galeria/galeria/jquery.fancybox.css?v=2.1.5 HTTP/1.1" 200 4895
188.40.102.169 - - [23/Dec/2018:20:12:55 -0500] "GET /BLA/resoluciones/index.php?dir=RESOLUCIONES%202005/RES%202005%201251-1300/&sort=date&order=desc HTTP/1.1" 200 12361
201.245.192.253 - - [23/Dec/2018:20:12:24 -0500] "POST /kwsrmcab/Wsrmcab HTTP/1.1" 200 29791
69.162.124.233 - - [23/Dec/2018:20:13:05 -0500] "HEAD / HTTP/1.1" 200 -
188.40.102.169 - - [23/Dec/2018:20:13:28 -0500] "GET /BLA/resoluciones/index.php?dir=RESOLUCIONES%202005/RES%202005%201251-1300/&sort=name&order=asc HTTP/1.1" 200 12362
192.168.175.104 - - [23/Dec/2018:20:13:29 -0500] "GET / HTTP/1.1" 200 9990
201.245.192.253 - - [23/Dec/2018:20:13:02 -0500] "POST /kwsrmcab/Wsrmcab HTTP/1.1" 200 27529
188.40.102.169 - - [23/Dec/2018:20:14:00 -0500] "GET /BLA/resoluciones/index.php?dir=RESOLUCIONES%202005/RES%202005%201251-1300/&sort=size&order=desc HTTP/1.1" 200 12361
192.168.175.104 - - [23/Dec/2018:20:14:04 -0500] "GET / HTTP/1.0" 200 9990
188.40.102.169 - - [23/Dec/2018:20:14:32 -0500] "GET /BLA/resoluciones/index.php?dir=RESOLUCIONES%202005/RES%202005%201301-1350/&sort=date&order=desc HTTP/1.1" 200 12343
190.255.40.77 - - [23/Dec/2018:20:15:20 -0500] "GET /BLA/resoluciones/RESOLUCIONES%202016/1361.pdf HTTP/1.1" 200 486149
190.255.40.77 - - [23/Dec/2018:20:15:21 -0500] "GET /favicon.ico HTTP/1.1" 200 7782
188.40.102.169 - - [23/Dec/2018:20:15:36 -0500] "GET /BLA/resoluciones/index.php?dir=RESOLUCIONES%202005/RES%202005%201301-1350/&sort=name&order=asc HTTP/1.1" 200 12344
157.55.39.29 - - [23/Dec/2018:20:16:04 -0500] "GET /robots.txt HTTP/1.1" 404 1018
157.55.39.29 - - [23/Dec/2018:20:16:05 -0500] "GET /robots.txt HTTP/1.1" 404 1018
188.40.102.169 - - [23/Dec/2018:20:16:12 -0500] "GET /BLA/resoluciones/index.php?dir=RESOLUCIONES%202005/RES%202005%201301-1350/&sort=size&order=desc HTTP/1.1" 200 12343
179.13.41.121 - - [23/Dec/2018:20:16:18 -0500] "GET /galeria/galeria/jquery.fancybox.css?v=2.1.5 HTTP/1.1" 200 4895
179.13.41.121 - - [23/Dec/2018:20:16:18 -0500] "GET /BLA/boletinlegal/js/jquery.scrollShow.js HTTP/1.1" 200 4586
179.13.41.121 - - [23/Dec/2018:20:16:18 -0500] "GET /galeria/galeria/jquery.fancybox.js?v=2.1.5 HTTP/1.1" 200 48706
188.40.102.169 - - [23/Dec/2018:20:16:45 -0500] "GET /BLA/resoluciones/index.php?dir=RESOLUCIONES%202005/RES%202005%201351-1400/&sort=date&order=desc HTTP/1.1" 200 12355
188.40.102.169 - - [23/Dec/2018:20:17:16 -0500] "GET /BLA/resoluciones/index.php?dir=RESOLUCIONES%202005/RES%202005%201351-1400/&sort=name&order=asc HTTP/1.1" 200 12356
188.40.102.169 - - [23/Dec/2018:20:17:48 -0500] "GET /robots.txt HTTP/1.1" 404 1018
188.40.102.169 - - [23/Dec/2018:20:17:49 -0500] "GET /BLA/resoluciones/index.php?dir=RESOLUCIONES%202005/RES%202005%201351-1400/&sort=size&order=desc HTTP/1.1" 200 12355
69.162.124.233 - - [23/Dec/2018:20:18:05 -0500] "HEAD / HTTP/1.1" 200 -
188.40.102.169 - - [23/Dec/2018:20:18:21 -0500] "GET /BLA/resoluciones/index.php?dir=RESOLUCIONES%202005/RES%202005%201401-1450/&sort=date&order=desc HTTP/1.1" 200 12364
192.168.175.104 - - [23/Dec/2018:20:18:29 -0500] "GET / HTTP/1.1" 200 9990
188.40.102.169 - - [23/Dec/2018:20:18:55 -0500] "GET /BLA/resoluciones/index.php?dir=RESOLUCIONES%202005/RES%202005%201401-1450/&sort=name&order=asc HTTP/1.1" 200 12365
192.168.175.104 - - [23/Dec/2018:20:19:03 -0500] "GET / HTTP/1.0" 200 9990
66.249.70.9 - - [23/Dec/2018:20:19:13 -0500] "GET /BLA/resoluciones/AUTOS%202015/0079.pdf HTTP/1.1" 200 501974
188.40.102.169 - - [23/Dec/2018:20:19:28 -0500] "GET /BLA/resoluciones/index.php?dir=RESOLUCIONES%202005/RES%202005%201401-1450/&sort=size&order=desc HTTP/1.1" 200 12364
188.40.102.169 - - [23/Dec/2018:20:19:59 -0500] "GET /BLA/resoluciones/index.php?dir=RESOLUCIONES%202005/RES%202005%201451-1500/&sort=date&order=desc HTTP/1.1" 200 12367
188.40.102.169 - - [23/Dec/2018:20:20:02 -0500] "GET /BLA/resoluciones/index.php?dir=RESOLUCIONES%202005/RES%202005%201451-1500/&sort=name&order=asc HTTP/1.1" 200 12368
157.55.39.226 - - [23/Dec/2018:20:20:42 -0500] "GET /BLA/boletinlegal/Circulares/2013/Circular%20No.%201%20del%2014%20de%20enero%20de%202013.pdf HTTP/1.1" 200 1298384
188.40.102.169 - - [23/Dec/2018:20:21:05 -0500] "GET /BLA/resoluciones/index.php?dir=RESOLUCIONES%202005/RES%202005%201451-1500/&sort=size&order=desc HTTP/1.1" 200 12367
188.40.102.169 - - [23/Dec/2018:20:21:37 -0500] "GET /BLA/resoluciones/index.php?dir=RESOLUCIONES%202005/RES%202005%201501-1550/&sort=date&order=desc HTTP/1.1" 200 12364
181.52.170.209 - - [23/Dec/2018:20:22:09 -0500] "GET /galeria/galeria/jquery.fancybox.css?v=2.1.5 HTTP/1.1" 200 4895
181.52.170.209 - - [23/Dec/2018:20:22:09 -0500] "GET /BLA/boletinlegal/js/jquery.scrollShow.js HTTP/1.1" 200 4586
181.52.170.209 - - [23/Dec/2018:20:22:09 -0500] "GET /galeria/galeria/jquery.fancybox.js?v=2.1.5 HTTP/1.1" 200 48706
188.40.102.169 - - [23/Dec/2018:20:22:11 -0500] "GET /BLA/resoluciones/index.php?dir=RESOLUCIONES%202005/RES%202005%201501-1550/&sort=name&order=asc HTTP/1.1" 200 12365
201.245.192.253 - - [23/Dec/2018:20:22:24 -0500] "POST /kwsrmcab/Wsrmcab HTTP/1.1" 200 29791
190.145.246.205 - - [23/Dec/2018:20:23:05 -0500] "GET /galeria/galeria/fotos/Humedal-vaca6G.jpg HTTP/1.1" 200 176858
69.162.124.233 - - [23/Dec/2018:20:23:05 -0500] "HEAD / HTTP/1.1" 200 -
190.239.232.10 - - [23/Dec/2018:20:23:09 -0500] "GET /galeria/galeria/jquery.fancybox.css?v=2.1.5 HTTP/1.1" 200 4895
190.239.232.10 - - [23/Dec/2018:20:23:09 -0500] "GET /BLA/boletinlegal/js/jquery.scrollShow.js HTTP/1.1" 200 4586
190.239.232.10 - - [23/Dec/2018:20:23:09 -0500] "GET /galeria/galeria/jquery.fancybox.js?v=2.1.5 HTTP/1.1" 200 48706
188.40.102.169 - - [23/Dec/2018:20:23:13 -0500] "GET /BLA/resoluciones/index.php?dir=RESOLUCIONES%202005/RES%202005%201501-1550/&sort=size&order=desc HTTP/1.1" 200 12364
181.63.133.84 - - [23/Dec/2018:20:23:14 -0500] "GET /galeria/galeria/jquery.fancybox.css?v=2.1.5 HTTP/1.1" 200 4895
181.63.133.84 - - [23/Dec/2018:20:23:14 -0500] "GET /BLA/boletinlegal/js/jquery.scrollShow.js HTTP/1.1" 200 4586
181.63.133.84 - - [23/Dec/2018:20:23:14 -0500] "GET /galeria/galeria/jquery.fancybox.js?v=2.1.5 HTTP/1.1" 200 48706
188.40.102.169 - - [23/Dec/2018:20:23:15 -0500] "GET /BLA/resoluciones/index.php?dir=RESOLUCIONES%202005/RES%202005%20151-200/&sort=date&order=desc HTTP/1.1" 200 12229
