190.143.117.131 - - [21/Feb/2019:09:04:03 -0500] "GET /galeria/nivo-slider/demo/images/maximavelocidad.png HTTP/1.1" 200 880272
190.143.117.131 - - [21/Feb/2019:09:04:03 -0500] "GET /galeria/nivo-slider/demo/images/bannerlumina2017web.jpg HTTP/1.1" 200 198918
190.143.117.131 - - [21/Feb/2019:09:04:03 -0500] "GET /galeria/nivo-slider/demo/images/banner-bolsas-plasticas.jpg HTTP/1.1" 200 317939
190.143.117.131 - - [21/Feb/2019:09:04:03 -0500] "GET /galeria/nivo-slider/demo/images/Otorgamiento-excelencia-ambiental-Jos%C3%A9-Celestino-Mutis-2.jpg HTTP/1.1" 200 276467
190.143.117.131 - - [21/Feb/2019:09:04:04 -0500] "GET /galeria/nivo-slider/themes/default/loading.gif HTTP/1.1" 200 1737
190.143.117.131 - - [21/Feb/2019:09:04:04 -0500] "GET /galeria/nivo-slider/demo/images/4Simple_Slider.png HTTP/1.1" 200 11722
186.155.239.82 - - [21/Feb/2019:09:04:04 -0500] "GET /BLA/boletinlegal/js/jquery.scrollShow.js HTTP/1.1" 200 4586
186.155.239.82 - - [21/Feb/2019:09:04:04 -0500] "GET /galeria/galeria/jquery.fancybox.js?v=2.1.5 HTTP/1.1" 200 48706
190.143.117.131 - - [21/Feb/2019:09:04:06 -0500] "GET /galeria/nivo-slider/themes/default/arrows.png HTTP/1.1" 200 824
190.143.117.131 - - [21/Feb/2019:09:04:06 -0500] "GET /galeria/nivo-slider/themes/default/bullets.png HTTP/1.1" 200 1281
181.56.228.40 - - [21/Feb/2019:09:04:05 -0500] "POST /sipse/faces/presentacion/financiero/solicitudProceso/listarSolicitudProceso.xhtml HTTP/1.1" 200 123910
181.56.228.40 - - [21/Feb/2019:09:04:06 -0500] "GET /sipse/faces/javax.faces.resource/theme.css?ln=primefaces-sipse HTTP/1.1" 304 -
181.56.228.40 - - [21/Feb/2019:09:04:06 -0500] "GET /sipse/faces/javax.faces.resource/primefaces.css?ln=primefaces&v=4.0 HTTP/1.1" 304 -
181.56.228.40 - - [21/Feb/2019:09:04:06 -0500] "GET /sipse/faces/javax.faces.resource/layout/layout.css?ln=primefaces&v=4.0 HTTP/1.1" 304 -
181.56.228.40 - - [21/Feb/2019:09:04:07 -0500] "GET /sipse/faces/javax.faces.resource/jquery/jquery.js?ln=primefaces&v=4.0 HTTP/1.1" 304 -
181.56.228.40 - - [21/Feb/2019:09:04:07 -0500] "GET /sipse/faces/javax.faces.resource/jquery/jquery-plugins.js?ln=primefaces&v=4.0 HTTP/1.1" 304 -
181.56.228.40 - - [21/Feb/2019:09:04:07 -0500] "GET /sipse/faces/javax.faces.resource/primefaces.js?ln=primefaces&v=4.0 HTTP/1.1" 304 -
181.56.228.40 - - [21/Feb/2019:09:04:07 -0500] "GET /sipse/faces/javax.faces.resource/layout/layout.js?ln=primefaces&v=4.0 HTTP/1.1" 304 -
181.56.228.40 - - [21/Feb/2019:09:04:07 -0500] "GET /sipse/faces/javax.faces.resource/spacer/dot_clear.gif?ln=primefaces&v=4.0 HTTP/1.1" 304 -
181.56.228.40 - - [21/Feb/2019:09:04:08 -0500] "GET /sipse/faces/javax.faces.resource/dynamiccontent.properties?ln=primefaces&pfdrid=XjOR5%2F%2FfPAZAuY9TpWQeCiM0BhlXxYRBGKi%2FQcXXfeA%3D&pfdrid_c=false HTTP/1.1" 500 383
181.48.91.90 - - [21/Feb/2019:09:04:09 -0500] "GET /galeria/nivo-slider/demo/images/Banner%20Politica%20Publica%20CONPES%20(1).ai HTTP/1.1" 206 1
181.48.91.90 - - [21/Feb/2019:09:04:09 -0500] "GET /galeria/nivo-slider/demo/images/Banner%20Politica%20Publica%20CONPES%20(1).ai HTTP/1.1" 206 1767252
190.255.40.74 - - [21/Feb/2019:09:04:11 -0500] "GET /galeria/nivo-slider/demo/images/Banner%20Politica%20Publica%20CONPES%20(1).ai HTTP/1.1" 200 1775371
177.252.190.201 - - [21/Feb/2019:09:04:12 -0500] "GET /siipev/Diseno%20de%20Elementos%20de%20Mobiliario%20Urbano/Otros%20Elementos/PARTE%20C/Dise%C3%B1o%20de%20Elementos%20MEA10.pdf HTTP/1.1" 200 784480
181.56.228.40 - - [21/Feb/2019:09:04:15 -0500] "GET /sipse/faces/javax.faces.resource/theme.css?ln=primefaces-sipse HTTP/1.1" 304 -
181.56.228.40 - - [21/Feb/2019:09:04:15 -0500] "GET /sipse/faces/javax.faces.resource/primefaces.css?ln=primefaces&v=4.0 HTTP/1.1" 304 -
181.56.228.40 - - [21/Feb/2019:09:04:15 -0500] "GET /sipse/faces/javax.faces.resource/layout/layout.css?ln=primefaces&v=4.0 HTTP/1.1" 304 -
181.56.228.40 - - [21/Feb/2019:09:04:15 -0500] "GET /sipse/faces/javax.faces.resource/jquery/jquery.js?ln=primefaces&v=4.0 HTTP/1.1" 304 -
181.56.228.40 - - [21/Feb/2019:09:04:15 -0500] "GET /sipse/faces/javax.faces.resource/jquery/jquery-plugins.js?ln=primefaces&v=4.0 HTTP/1.1" 304 -
181.56.228.40 - - [21/Feb/2019:09:04:15 -0500] "GET /sipse/faces/javax.faces.resource/primefaces.js?ln=primefaces&v=4.0 HTTP/1.1" 304 -
181.56.228.40 - - [21/Feb/2019:09:04:15 -0500] "GET /sipse/faces/javax.faces.resource/layout/layout.js?ln=primefaces&v=4.0 HTTP/1.1" 304 -
181.56.228.40 - - [21/Feb/2019:09:04:15 -0500] "POST /sipse/faces/presentacion/financiero/solicitudProceso/consultarSolicitudProceso.xhtml HTTP/1.1" 200 39188
54.36.148.234 - - [21/Feb/2019:09:04:17 -0500] "GET /BLA/resoluciones/RESOLUCIONES%202006/RES%202006%201251-1300/00001259.tif HTTP/1.1" 200 93842
181.48.91.90 - - [21/Feb/2019:09:04:19 -0500] "GET /galeria/nivo-slider/demo/images/Banner%20Politica%20Publica%20CONPES%20(1).ai HTTP/1.1" 206 1
181.48.91.90 - - [21/Feb/2019:09:04:19 -0500] "GET /galeria/nivo-slider/demo/images/Banner%20Politica%20Publica%20CONPES%20(1).ai HTTP/1.1" 206 1767252
181.61.165.241 - - [21/Feb/2019:09:04:19 -0500] "GET /galeria/nivo-slider/demo/images/Banner%20Politica%20Publica%20CONPES%20(1).ai HTTP/1.1" 206 1
181.61.165.241 - - [21/Feb/2019:09:04:19 -0500] "GET /galeria/nivo-slider/demo/images/Banner%20Politica%20Publica%20CONPES%20(1).ai HTTP/1.1" 206 1774192
190.255.40.74 - - [21/Feb/2019:09:04:21 -0500] "GET /galeria/nivo-slider/demo/images/Banner%20Politica%20Publica%20CONPES%20(1).ai HTTP/1.1" 200 1775371
186.84.89.55 - - [21/Feb/2019:09:04:24 -0500] "GET /autoliquidacion/ HTTP/1.1" 200 6377
181.61.165.241 - - [21/Feb/2019:09:04:29 -0500] "GET /galeria/nivo-slider/demo/images/Banner%20Politica%20Publica%20CONPES%20(1).ai HTTP/1.1" 206 1
181.61.165.241 - - [21/Feb/2019:09:04:32 -0500] "GET /galeria/nivo-slider/demo/images/Banner%20Politica%20Publica%20CONPES%20(1).ai HTTP/1.1" 206 1774192
200.119.88.163 - - [21/Feb/2019:09:04:35 -0500] "GET /dama/libreria/jpg/sec_amb.jpg HTTP/1.1" 404 1019
181.56.228.40 - - [21/Feb/2019:09:04:36 -0500] "POST /sipse/faces/presentacion/financiero/solicitudProceso/consultarHistorialSolProceso.xhtml HTTP/1.1" 200 33283
181.56.228.40 - - [21/Feb/2019:09:04:36 -0500] "GET /sipse/faces/javax.faces.resource/theme.css?ln=primefaces-sipse HTTP/1.1" 304 -
181.56.228.40 - - [21/Feb/2019:09:04:36 -0500] "GET /sipse/faces/javax.faces.resource/primefaces.css?ln=primefaces&v=4.0 HTTP/1.1" 304 -
181.56.228.40 - - [21/Feb/2019:09:04:36 -0500] "GET /sipse/faces/javax.faces.resource/layout/layout.css?ln=primefaces&v=4.0 HTTP/1.1" 304 -
181.56.228.40 - - [21/Feb/2019:09:04:36 -0500] "GET /sipse/faces/javax.faces.resource/jquery/jquery.js?ln=primefaces&v=4.0 HTTP/1.1" 304 -
181.56.228.40 - - [21/Feb/2019:09:04:36 -0500] "GET /sipse/faces/javax.faces.resource/jquery/jquery-plugins.js?ln=primefaces&v=4.0 HTTP/1.1" 304 -
181.56.228.40 - - [21/Feb/2019:09:04:36 -0500] "GET /sipse/faces/javax.faces.resource/primefaces.js?ln=primefaces&v=4.0 HTTP/1.1" 304 -
181.56.228.40 - - [21/Feb/2019:09:04:36 -0500] "GET /sipse/faces/javax.faces.resource/layout/layout.js?ln=primefaces&v=4.0 HTTP/1.1" 304 -
181.56.228.40 - - [21/Feb/2019:09:04:37 -0500] "POST /sipse/faces/presentacion/financiero/solicitudProceso/listarSolicitudProceso.xhtml HTTP/1.1" 200 1344
200.119.88.163 - - [21/Feb/2019:09:04:38 -0500] "GET /dama/libreria/jpg/sec_amb.jpg HTTP/1.1" 404 1019
200.119.88.163 - - [21/Feb/2019:09:04:38 -0500] "GET /dama/libreria/jpg/sec_amb.jpg HTTP/1.1" 404 1019
200.119.88.163 - - [21/Feb/2019:09:04:38 -0500] "GET /dama/libreria/jpg/sec_amb.jpg HTTP/1.1" 404 1019
200.119.88.163 - - [21/Feb/2019:09:04:38 -0500] "GET /dama/libreria/jpg/sec_amb.jpg HTTP/1.1" 404 1019
200.119.88.163 - - [21/Feb/2019:09:04:38 -0500] "GET /dama/libreria/jpg/sec_amb.jpg HTTP/1.1" 404 1019
181.56.228.40 - - [21/Feb/2019:09:04:39 -0500] "POST /sipse/faces/presentacion/financiero/solicitudProceso/listarSolicitudProceso.xhtml HTTP/1.1" 200 31444
198.208.24.144 - - [21/Feb/2019:09:04:40 -0500] "GET /galeria/nivo-slider/demo/images/Banner%20Politica%20Publica%20CONPES%20(1).ai HTTP/1.1" 200 1775371
181.56.228.40 - - [21/Feb/2019:09:04:40 -0500] "POST /sipse/faces/presentacion/financiero/solicitudProceso/listarSolicitudProceso.xhtml HTTP/1.1" 200 31286
181.225.110.228 - - [21/Feb/2019:09:04:41 -0500] "GET /galeria/nivo-slider/demo/images/Banner%20Politica%20Publica%20CONPES%20(1).ai HTTP/1.1" 206 1
181.225.110.228 - - [21/Feb/2019:09:04:41 -0500] "GET /galeria/nivo-slider/demo/images/Banner%20Politica%20Publica%20CONPES%20(1).ai HTTP/1.1" 206 1718712
181.56.228.40 - - [21/Feb/2019:09:04:41 -0500] "POST /sipse/faces/presentacion/financiero/solicitudProceso/listarSolicitudProceso.xhtml HTTP/1.1" 200 20182
181.56.228.40 - - [21/Feb/2019:09:04:42 -0500] "POST /sipse/faces/presentacion/financiero/solicitudProceso/listarSolicitudProceso.xhtml HTTP/1.1" 200 6182
186.155.228.34 - - [21/Feb/2019:09:04:42 -0500] "GET /galeria/nivo-slider/demo/images/Banner%20Politica%20Publica%20CONPES%20(1).ai HTTP/1.1" 200 1775371
181.56.228.40 - - [21/Feb/2019:09:04:50 -0500] "POST /sipse/faces/presentacion/financiero/solicitudProceso/listarSolicitudProceso.xhtml HTTP/1.1" 200 20182
190.27.134.188 - - [21/Feb/2019:09:04:51 -0500] "GET /dama/libreria/jpg/sec_amb.jpg HTTP/1.1" 404 1019
181.225.110.228 - - [21/Feb/2019:09:04:51 -0500] "GET /galeria/nivo-slider/demo/images/Banner%20Politica%20Publica%20CONPES%20(1).ai HTTP/1.1" 206 1
190.27.134.188 - - [21/Feb/2019:09:04:51 -0500] "GET /dama/libreria/jpg/sec_amb.jpg HTTP/1.1" 404 1019
181.225.110.228 - - [21/Feb/2019:09:04:52 -0500] "GET /galeria/nivo-slider/demo/images/Banner%20Politica%20Publica%20CONPES%20(1).ai HTTP/1.1" 206 1718712
186.155.228.34 - - [21/Feb/2019:09:04:52 -0500] "GET /galeria/nivo-slider/demo/images/Banner%20Politica%20Publica%20CONPES%20(1).ai HTTP/1.1" 200 1775371
181.56.228.40 - - [21/Feb/2019:09:04:52 -0500] "POST /sipse/faces/presentacion/financiero/solicitudProceso/listarSolicitudProceso.xhtml HTTP/1.1" 200 31286
181.56.228.40 - - [21/Feb/2019:09:04:54 -0500] "POST /sipse/faces/presentacion/financiero/solicitudProceso/listarSolicitudProceso.xhtml HTTP/1.1" 200 31444
201.245.192.253 - - [21/Feb/2019:09:04:55 -0500] "GET /galeria/nivo-slider/demo/images/Banner%20Politica%20Publica%20CONPES%20(1).ai HTTP/1.1" 206 1
181.56.228.40 - - [21/Feb/2019:09:04:55 -0500] "POST /sipse/faces/presentacion/financiero/solicitudProceso/listarSolicitudProceso.xhtml HTTP/1.1" 200 31380
181.61.139.253 - - [21/Feb/2019:09:04:55 -0500] "GET /BLA/boletinlegal/js/jquery.scrollShow.js HTTP/1.1" 200 4586
181.61.139.253 - - [21/Feb/2019:09:04:55 -0500] "GET /galeria/galeria/jquery.fancybox.css?v=2.1.5 HTTP/1.1" 200 4895
181.61.139.253 - - [21/Feb/2019:09:04:55 -0500] "GET /galeria/galeria/jquery.fancybox.js?v=2.1.5 HTTP/1.1" 200 48706
181.49.188.11 - - [21/Feb/2019:09:04:55 -0500] "GET /galeria/galeria/jquery.fancybox.js?v=2.1.5 HTTP/1.1" 200 48706
181.49.188.11 - - [21/Feb/2019:09:04:55 -0500] "GET /galeria/galeria/jquery.fancybox.css?v=2.1.5 HTTP/1.1" 200 4895
181.49.188.11 - - [21/Feb/2019:09:04:56 -0500] "GET /BLA/boletinlegal/js/jquery.scrollShow.js HTTP/1.1" 200 4586
181.56.228.40 - - [21/Feb/2019:09:04:56 -0500] "POST /sipse/faces/presentacion/financiero/solicitudProceso/listarSolicitudProceso.xhtml HTTP/1.1" 200 17588
181.56.228.40 - - [21/Feb/2019:09:04:58 -0500] "POST /sipse/faces/presentacion/financiero/solicitudProceso/listarSolicitudProceso.xhtml HTTP/1.1" 200 3538
192.168.175.104 - - [21/Feb/2019:09:04:59 -0500] "GET / HTTP/1.0" 200 9990
181.56.228.40 - - [21/Feb/2019:09:05:00 -0500] "POST /sipse/faces/presentacion/financiero/solicitudProceso/listarSolicitudProceso.xhtml HTTP/1.1" 200 17588
35.205.75.161 - - [21/Feb/2019:09:05:00 -0500] "-" 408 -
181.56.228.40 - - [21/Feb/2019:09:05:01 -0500] "POST /sipse/faces/presentacion/financiero/solicitudProceso/listarSolicitudProceso.xhtml HTTP/1.1" 200 6393
201.245.192.253 - - [21/Feb/2019:09:05:05 -0500] "GET /galeria/nivo-slider/demo/images/Banner%20Politica%20Publica%20CONPES%20(1).ai HTTP/1.1" 206 1
201.245.192.253 - - [21/Feb/2019:09:05:05 -0500] "GET /galeria/nivo-slider/demo/images/Banner%20Politica%20Publica%20CONPES%20(1).ai HTTP/1.1" 206 1708656
181.49.236.238 - - [21/Feb/2019:09:05:10 -0500] "GET /galeria/nivo-slider/demo/images/Banner%20Politica%20Publica%20CONPES%20(1).ai HTTP/1.1" 206 1
181.49.236.238 - - [21/Feb/2019:09:05:10 -0500] "GET /galeria/nivo-slider/demo/images/Banner%20Politica%20Publica%20CONPES%20(1).ai HTTP/1.1" 206 1764036
190.84.193.64 - - [21/Feb/2019:09:05:14 -0500] "GET /autoliquidacion/Solicitudes%20relacionadas%20con%20calidad%20del%20aire%20auditiva%20y%20visual/Registro%20de%20Elementos%20de%20publicidad%20Exterior%20Visual/126pm04-pr16-f-1%20lista%20de%20chequeo%20pev%20(1).xls HTTP/1.1" 206 1
190.84.193.64 - - [21/Feb/2019:09:05:14 -0500] "GET /autoliquidacion/Solicitudes%20relacionadas%20con%20calidad%20del%20aire%20auditiva%20y%20visual/Registro%20de%20Elementos%20de%20publicidad%20Exterior%20Visual/126pm04-pr16-f-1%20lista%20de%20chequeo%20pev%20(1).xls HTTP/1.1" 206 107877
190.27.200.185 - - [21/Feb/2019:09:05:17 -0500] "GET /galeria/galeria/jquery.fancybox.css?v=2.1.5 HTTP/1.1" 200 4895
190.27.200.185 - - [21/Feb/2019:09:05:17 -0500] "GET /BLA/boletinlegal/js/jquery.scrollShow.js HTTP/1.1" 200 4586
190.27.200.185 - - [21/Feb/2019:09:05:17 -0500] "GET /galeria/galeria/jquery.fancybox.js?v=2.1.5 HTTP/1.1" 200 48706
181.49.188.10 - - [21/Feb/2019:09:05:17 -0500] "POST /BLA/boletinlegal/registro/index.php HTTP/1.1" 200 3345
181.49.188.10 - - [21/Feb/2019:09:05:20 -0500] "GET /BLA/boletinlegal/registro/captcha.php HTTP/1.1" 200 1694
181.49.236.238 - - [21/Feb/2019:09:05:20 -0500] "GET /galeria/nivo-slider/demo/images/Banner%20Politica%20Publica%20CONPES%20(1).ai HTTP/1.1" 206 1
181.49.236.238 - - [21/Feb/2019:09:05:20 -0500] "GET /galeria/nivo-slider/demo/images/Banner%20Politica%20Publica%20CONPES%20(1).ai HTTP/1.1" 206 1764036
152.202.33.112 - - [21/Feb/2019:09:05:20 -0500] "GET /BLA/boletinlegal/style.css HTTP/1.1" 200 9406
152.202.33.112 - - [21/Feb/2019:09:05:20 -0500] "GET /BLA/boletinlegal/js/jquery.js HTTP/1.1" 200 57254
152.202.33.112 - - [21/Feb/2019:09:05:20 -0500] "GET /BLA/boletinlegal/styles2.css HTTP/1.1" 200 1838
152.202.33.112 - - [21/Feb/2019:09:05:20 -0500] "GET /BLA/boletinlegal/js/jquery.scrollTo-min.js HTTP/1.1" 200 1150
152.202.33.112 - - [21/Feb/2019:09:05:20 -0500] "GET /BLA/boletinlegal/js/jquery.scrollShow.js HTTP/1.1" 200 4586
152.202.33.112 - - [21/Feb/2019:09:05:21 -0500] "GET /BLA/boletinlegal/images/cabezote%20BLEGAL.jpg HTTP/1.1" 200 118164
152.202.33.112 - - [21/Feb/2019:09:05:21 -0500] "GET /BLA/boletinlegal/images/subscribe-icon-big.png HTTP/1.1" 200 47702
152.202.33.112 - - [21/Feb/2019:09:05:21 -0500] "GET /BLA/boletinlegal/images/historia.png HTTP/1.1" 200 52775
152.202.33.112 - - [21/Feb/2019:09:05:21 -0500] "GET /BLA/boletinlegal/images/registro-usuarios.png HTTP/1.1" 200 8106
152.202.33.112 - - [21/Feb/2019:09:05:22 -0500] "GET /BLA/boletinlegal/images/arr_l.jpg HTTP/1.1" 200 1979
152.202.33.112 - - [21/Feb/2019:09:05:22 -0500] "GET /BLA/boletinlegal/images/screen_1.png HTTP/1.1" 200 202547
152.202.33.112 - - [21/Feb/2019:09:05:23 -0500] "GET /BLA/boletinlegal/images/launch.jpg HTTP/1.1" 200 14577
152.202.33.112 - - [21/Feb/2019:09:05:23 -0500] "GET /BLA/boletinlegal/images/body_bg.jpg HTTP/1.1" 200 1601
200.119.88.163 - - [21/Feb/2019:09:05:24 -0500] "GET /dama/libreria/jpg/sec_amb.jpg HTTP/1.1" 404 1019
200.119.88.163 - - [21/Feb/2019:09:05:24 -0500] "GET /dama/libreria/jpg/sec_amb.jpg HTTP/1.1" 404 1019
152.202.33.112 - - [21/Feb/2019:09:05:24 -0500] "GET /BLA/boletinlegal/images/menu_lft.gif HTTP/1.1" 200 1713
200.119.88.163 - - [21/Feb/2019:09:05:24 -0500] "GET /dama/libreria/jpg/sec_amb.jpg HTTP/1.1" 404 1019
200.119.88.163 - - [21/Feb/2019:09:05:24 -0500] "GET /dama/libreria/jpg/sec_amb.jpg HTTP/1.1" 404 1019
152.202.33.112 - - [21/Feb/2019:09:05:24 -0500] "GET /BLA/boletinlegal/images/menu_rght.gif HTTP/1.1" 200 1627
152.202.33.112 - - [21/Feb/2019:09:05:24 -0500] "GET /BLA/boletinlegal/images/bg_top.jpg HTTP/1.1" 200 522
152.202.33.112 - - [21/Feb/2019:09:05:24 -0500] "GET /BLA/boletinlegal/images/menu_bg.jpg HTTP/1.1" 200 620
152.202.33.112 - - [21/Feb/2019:09:05:24 -0500] "GET /BLA/boletinlegal/images/hover.jpg HTTP/1.1" 200 640
152.202.33.112 - - [21/Feb/2019:09:05:24 -0500] "GET /BLA/boletinlegal/images/text.jpg HTTP/1.1" 200 568
66.249.88.61 - - [21/Feb/2019:09:05:24 -0500] "GET /BLA/boletinlegal/js/jquery.scrollShow.js HTTP/1.1" 200 4586
66.249.88.61 - - [21/Feb/2019:09:05:24 -0500] "GET /galeria/galeria/jquery.fancybox.js?v=2.1.5 HTTP/1.1" 200 48706
66.249.88.62 - - [21/Feb/2019:09:05:24 -0500] "GET /galeria/galeria/jquery.fancybox.css?v=2.1.5 HTTP/1.1" 200 4895
181.49.188.10 - - [21/Feb/2019:09:05:25 -0500] "GET /BLA/boletinlegal/registro/index.php HTTP/1.1" 200 3151
181.49.188.10 - - [21/Feb/2019:09:05:25 -0500] "GET /BLA/boletinlegal/registro/captcha.php HTTP/1.1" 200 1702
200.119.88.163 - - [21/Feb/2019:09:05:29 -0500] "GET /dama/libreria/jpg/sec_amb.jpg HTTP/1.1" 404 1019
200.119.88.163 - - [21/Feb/2019:09:05:29 -0500] "GET /dama/libreria/jpg/sec_amb.jpg HTTP/1.1" 404 1019
200.119.88.163 - - [21/Feb/2019:09:05:29 -0500] "GET /dama/libreria/jpg/sec_amb.jpg HTTP/1.1" 404 1019
200.119.88.163 - - [21/Feb/2019:09:05:29 -0500] "GET /dama/libreria/jpg/sec_amb.jpg HTTP/1.1" 404 1019
200.119.88.163 - - [21/Feb/2019:09:05:29 -0500] "GET /dama/libreria/jpg/sec_amb.jpg HTTP/1.1" 404 1019
200.119.88.163 - - [21/Feb/2019:09:05:29 -0500] "GET /dama/libreria/jpg/sec_amb.jpg HTTP/1.1" 404 1019
181.49.188.10 - - [21/Feb/2019:09:05:30 -0500] "GET /BLA/boletinlegal/actos.php HTTP/1.1" 200 8778
181.49.188.10 - - [21/Feb/2019:09:05:30 -0500] "GET /BLA/boletinlegal/js/ajax_actos.js HTTP/1.1" 200 1322
181.49.188.10 - - [21/Feb/2019:09:05:30 -0500] "GET /BLA/boletinlegal/images/green-yellow-blue-pink-th.png HTTP/1.1" 200 7394
200.119.88.163 - - [21/Feb/2019:09:05:32 -0500] "GET /dama/libreria/jpg/sec_amb.jpg HTTP/1.1" 404 1019
200.119.88.163 - - [21/Feb/2019:09:05:32 -0500] "GET /dama/libreria/jpg/sec_amb.jpg HTTP/1.1" 404 1019
200.119.88.163 - - [21/Feb/2019:09:05:32 -0500] "GET /dama/libreria/jpg/sec_amb.jpg HTTP/1.1" 404 1019
200.119.88.163 - - [21/Feb/2019:09:05:32 -0500] "GET /dama/libreria/jpg/sec_amb.jpg HTTP/1.1" 404 1019
152.202.33.112 - - [21/Feb/2019:09:05:33 -0500] "GET /BLA/boletinlegal/jurisprudencia.php HTTP/1.1" 200 17573
152.202.33.112 - - [21/Feb/2019:09:05:33 -0500] "GET /BLA/boletinlegal/js/lib.js HTTP/1.1" 200 6474
152.202.33.112 - - [21/Feb/2019:09:05:20 -0500] "GET /BLA/boletinlegal/index.php HTTP/1.1" 200 16331
152.202.33.112 - - [21/Feb/2019:09:05:33 -0500] "GET /BLA/boletinlegal/js/popup.js HTTP/1.1" 200 1270
152.202.33.112 - - [21/Feb/2019:09:05:34 -0500] "GET /BLA/boletinlegal/js/jquery1.js HTTP/1.1" 200 29846
152.202.33.112 - - [21/Feb/2019:09:05:34 -0500] "GET /BLA/boletinlegal/images/footer_bg.jpg HTTP/1.1" 200 586
152.202.33.112 - - [21/Feb/2019:09:05:34 -0500] "GET /BLA/boletinlegal/images/jurisprudencia.png HTTP/1.1" 200 66721
152.202.33.112 - - [21/Feb/2019:09:05:34 -0500] "GET /BLA/boletinlegal/images/sub_ul_li.gif HTTP/1.1" 200 343
152.202.33.112 - - [21/Feb/2019:09:05:34 -0500] "GET /BLA/boletinlegal/images/footer_bg_l.jpg HTTP/1.1" 200 776
200.119.88.163 - - [21/Feb/2019:09:05:35 -0500] "GET /dama/libreria/jpg/sec_amb.jpg HTTP/1.1" 404 1019
200.119.88.163 - - [21/Feb/2019:09:05:35 -0500] "GET /dama/libreria/jpg/sec_amb.jpg HTTP/1.1" 404 1019
200.119.88.163 - - [21/Feb/2019:09:05:35 -0500] "GET /dama/libreria/jpg/sec_amb.jpg HTTP/1.1" 404 1019
200.119.88.163 - - [21/Feb/2019:09:05:35 -0500] "GET /dama/libreria/jpg/sec_amb.jpg HTTP/1.1" 404 1019
152.202.33.112 - - [21/Feb/2019:09:05:35 -0500] "GET /favicon.ico HTTP/1.1" 200 7782
200.119.88.163 - - [21/Feb/2019:09:05:36 -0500] "GET /dama/libreria/jpg/sec_amb.jpg HTTP/1.1" 404 1019
200.119.88.163 - - [21/Feb/2019:09:05:36 -0500] "GET /dama/libreria/jpg/sec_amb.jpg HTTP/1.1" 404 1019
152.202.33.112 - - [21/Feb/2019:09:05:38 -0500] "GET /BLA/boletinlegal/actos.php HTTP/1.1" 200 8778
152.202.33.112 - - [21/Feb/2019:09:05:39 -0500] "GET /BLA/boletinlegal/js/ajax_actos.js HTTP/1.1" 200 1322
152.202.33.112 - - [21/Feb/2019:09:05:39 -0500] "GET /BLA/boletinlegal/niceforms.js HTTP/1.1" 200 22876
152.202.33.112 - - [21/Feb/2019:09:05:39 -0500] "GET /BLA/boletinlegal/niceforms-default.css HTTP/1.1" 200 6694
152.202.33.112 - - [21/Feb/2019:09:05:40 -0500] "GET /BLA/boletinlegal/images/green-yellow-blue-pink-th.png HTTP/1.1" 200 7394
152.202.33.112 - - [21/Feb/2019:09:05:40 -0500] "GET /BLA/boletinlegal/images/abajo.png HTTP/1.1" 200 96676
152.202.33.112 - - [21/Feb/2019:09:05:40 -0500] "GET /BLA/boletinlegal/images/tel.png HTTP/1.1" 200 14477
152.202.33.112 - - [21/Feb/2019:09:05:40 -0500] "GET /BLA/boletinlegal/images/icono-email.png HTTP/1.1" 200 5544
181.49.188.10 - - [21/Feb/2019:09:05:41 -0500] "GET /BLA/boletinlegal/normativa.php HTTP/1.1" 200 8122
152.202.33.112 - - [21/Feb/2019:09:05:41 -0500] "GET /BLA/boletinlegal/img/0.png HTTP/1.1" 200 110
152.202.33.112 - - [21/Feb/2019:09:05:41 -0500] "GET /BLA/boletinlegal/img/select-left.png HTTP/1.1" 200 263
152.202.33.112 - - [21/Feb/2019:09:05:41 -0500] "GET /BLA/boletinlegal/img/button-left.png HTTP/1.1" 200 57071
152.202.33.112 - - [21/Feb/2019:09:05:41 -0500] "GET /BLA/boletinlegal/img/select-right.png HTTP/1.1" 200 44019
152.202.33.112 - - [21/Feb/2019:09:05:41 -0500] "GET /BLA/boletinlegal/img/button.png HTTP/1.1" 200 43241
152.202.33.112 - - [21/Feb/2019:09:05:41 -0500] "GET /BLA/boletinlegal/img/button-right.png HTTP/1.1" 200 57878
190.157.13.124 - - [21/Feb/2019:09:05:46 -0500] "GET /galeria/carrusel/Carrusel/jquery.thumbnailScroller.css HTTP/1.1" 200 2066
190.157.13.124 - - [21/Feb/2019:09:05:46 -0500] "GET /galeria/galeria/jquery.fancybox.css?v=2.1.5 HTTP/1.1" 200 4895
190.157.13.124 - - [21/Feb/2019:09:05:46 -0500] "GET /BLA/boletinlegal/js/jquery.scrollShow.js HTTP/1.1" 200 4586
190.157.13.124 - - [21/Feb/2019:09:05:46 -0500] "GET /galeria/galeria/jquery.fancybox.js?v=2.1.5 HTTP/1.1" 200 48706
190.157.13.124 - - [21/Feb/2019:09:05:46 -0500] "GET /galeria/carrusel/Carrusel/jquery-ui-1.8.13.custom.min.js HTTP/1.1" 200 10800
190.157.13.124 - - [21/Feb/2019:09:05:46 -0500] "GET /galeria/carrusel/Carrusel/jquery.thumbnailScroller.js HTTP/1.1" 200 8157
190.157.13.124 - - [21/Feb/2019:09:05:46 -0500] "GET /galeria/nivo-slider/demo/demo.html HTTP/1.1" 200 22733
190.157.13.124 - - [21/Feb/2019:09:05:46 -0500] "GET /galeria/nivo-slider/themes/pascal/pascal.css HTTP/1.1" 200 2258
190.157.13.124 - - [21/Feb/2019:09:05:46 -0500] "GET /galeria/nivo-slider/themes/default/default.css HTTP/1.1" 200 1569
190.157.13.124 - - [21/Feb/2019:09:05:46 -0500] "GET /galeria/nivo-slider/themes/orman/orman.css HTTP/1.1" 200 2152
190.157.13.124 - - [21/Feb/2019:09:05:46 -0500] "GET /galeria/nivo-slider/nivo-slider.css HTTP/1.1" 200 1507
190.157.13.124 - - [21/Feb/2019:09:05:46 -0500] "GET /galeria/nivo-slider/demo/style.css HTTP/1.1" 200 2222
190.157.13.124 - - [21/Feb/2019:09:05:46 -0500] "GET /galeria/nivo-slider/demo/images/web%20pregunta.png HTTP/1.1" 200 425077
190.157.13.124 - - [21/Feb/2019:09:05:46 -0500] "GET /galeria/nivo-slider/demo/scripts/jquery-1.7.1.min.js HTTP/1.1" 200 93868
190.157.13.124 - - [21/Feb/2019:09:05:46 -0500] "GET /galeria/nivo-slider/jquery.nivo.slider.pack.js HTTP/1.1" 200 11561
190.157.13.124 - - [21/Feb/2019:09:05:46 -0500] "GET /galeria/nivo-slider/demo/images/Trafico%20de%20fauna.jpg HTTP/1.1" 200 198327
190.157.13.124 - - [21/Feb/2019:09:05:46 -0500] "GET /galeria/nivo-slider/demo/images/Bannerweb_Tinguas.jpg HTTP/1.1" 200 258471
190.157.13.124 - - [21/Feb/2019:09:05:46 -0500] "GET /galeria/nivo-slider/demo/images/Banner%20PGAE.jpg HTTP/1.1" 200 258166
190.157.13.124 - - [21/Feb/2019:09:05:47 -0500] "GET /galeria/nivo-slider/demo/images/Banner%20-%20Pread.jpg HTTP/1.1" 200 190212
181.56.228.40 - - [21/Feb/2019:09:05:47 -0500] "POST /sipse/faces/presentacion/financiero/solicitudProceso/listarSolicitudProceso.xhtml HTTP/1.1" 200 17588
190.157.13.124 - - [21/Feb/2019:09:05:47 -0500] "GET /galeria/nivo-slider/demo/images/Otorgamiento-excelencia-ambiental-Jos%C3%A9-Celestino-Mutis-2.jpg HTTP/1.1" 200 276467
190.157.13.124 - - [21/Feb/2019:09:05:47 -0500] "GET /galeria/nivo-slider/demo/images/web%20ingreso%20humedales.png HTTP/1.1" 200 641193
190.157.13.124 - - [21/Feb/2019:09:05:48 -0500] "GET /galeria/nivo-slider/demo/images/bannerlumina2017web.jpg HTTP/1.1" 200 198918
190.157.13.124 - - [21/Feb/2019:09:05:48 -0500] "GET /galeria/nivo-slider/demo/images/Banner%20Febrero%20caminatas.jpg HTTP/1.1" 200 281690
190.157.13.124 - - [21/Feb/2019:09:05:48 -0500] "GET /galeria/nivo-slider/demo/images/avances-sentencias-rio-bogota-2.jpg HTTP/1.1" 200 304916
181.56.228.40 - - [21/Feb/2019:09:05:48 -0500] "POST /sipse/faces/presentacion/financiero/solicitudProceso/listarSolicitudProceso.xhtml HTTP/1.1" 200 31380
190.157.13.124 - - [21/Feb/2019:09:05:48 -0500] "GET /galeria/nivo-slider/demo/images/gobierno%20digital-01.jpg HTTP/1.1" 200 116163
190.157.13.124 - - [21/Feb/2019:09:05:49 -0500] "GET /galeria/nivo-slider/demo/images/Banner%20Politica%20Publica%20CONPES%20(1).ai HTTP/1.1" 200 1775371
190.157.13.124 - - [21/Feb/2019:09:05:49 -0500] "GET /galeria/nivo-slider/demo/images/Banner_micrositio.png HTTP/1.1" 200 146950
190.157.13.124 - - [21/Feb/2019:09:05:49 -0500] "GET /galeria/nivo-slider/demo/images/Pot_banner.jpg HTTP/1.1" 200 204736
181.49.188.10 - - [21/Feb/2019:09:05:49 -0500] "GET /BLA/boletinlegal/documentos-importantes.php HTTP/1.1" 200 4822
181.49.188.10 - - [21/Feb/2019:09:05:49 -0500] "GET /BLA/boletinlegal/js/ajax_documentos.js HTTP/1.1" 200 1155
181.49.188.10 - - [21/Feb/2019:09:05:49 -0500] "GET /BLA/boletinlegal/ajax.js HTTP/1.1" 200 577
181.49.188.10 - - [21/Feb/2019:09:05:49 -0500] "GET /BLA/boletinlegal/img/textarea-tr.png HTTP/1.1" 200 488
181.49.188.10 - - [21/Feb/2019:09:05:49 -0500] "GET /BLA/boletinlegal/img/textarea-tl.png HTTP/1.1" 200 269
181.49.188.10 - - [21/Feb/2019:09:05:49 -0500] "GET /BLA/boletinlegal/img/textarea-r-off.png HTTP/1.1" 200 266
181.49.188.10 - - [21/Feb/2019:09:05:49 -0500] "GET /BLA/boletinlegal/img/textarea-l-off.png HTTP/1.1" 200 168
181.49.188.10 - - [21/Feb/2019:09:05:49 -0500] "GET /BLA/boletinlegal/img/textarea-br.png HTTP/1.1" 200 488
190.157.13.124 - - [21/Feb/2019:09:05:50 -0500] "GET /galeria/nivo-slider/demo/images/maximavelocidad.png HTTP/1.1" 200 880272
190.157.13.124 - - [21/Feb/2019:09:05:50 -0500] "GET /galeria/nivo-slider/demo/images/BANNER%20punto.jpg HTTP/1.1" 200 75932
190.157.13.124 - - [21/Feb/2019:09:05:50 -0500] "GET /galeria/nivo-slider/demo/images/banner%20aceite%20vegetal%20usado.jpg HTTP/1.1" 200 169350
190.157.13.124 - - [21/Feb/2019:09:05:50 -0500] "GET /galeria/nivo-slider/demo/images/Banner%20POT.png HTTP/1.1" 200 418238
190.157.13.124 - - [21/Feb/2019:09:05:50 -0500] "GET /galeria/nivo-slider/demo/images/banner-humedales-de-bogota.jpg HTTP/1.1" 200 292611
190.157.13.124 - - [21/Feb/2019:09:05:50 -0500] "GET /galeria/nivo-slider/demo/images/Banner%20practicas%20sostenibles.jpg HTTP/1.1" 200 142958
181.56.228.40 - - [21/Feb/2019:09:05:49 -0500] "POST /sipse/faces/presentacion/financiero/solicitudProceso/listarSolicitudProceso.xhtml HTTP/1.1" 200 31444
190.157.13.124 - - [21/Feb/2019:09:05:50 -0500] "GET /galeria/nivo-slider/demo/images/BANNER%20VAN%20DER%20HAMMEN.jpg HTTP/1.1" 200 64172
190.157.13.124 - - [21/Feb/2019:09:05:51 -0500] "GET /galeria/nivo-slider/demo/images/Banner%20Conpes.jpg HTTP/1.1" 200 55220
190.157.13.124 - - [21/Feb/2019:09:05:51 -0500] "GET /galeria/nivo-slider/demo/images/banner-bolsas-plasticas.jpg HTTP/1.1" 200 317939
190.157.13.124 - - [21/Feb/2019:09:05:51 -0500] "GET /galeria/nivo-slider/demo/images/Banneranonimos.png HTTP/1.1" 200 109388
190.157.13.124 - - [21/Feb/2019:09:05:51 -0500] "GET /galeria/nivo-slider/demo/images/incendios-forestales.png HTTP/1.1" 200 61469
190.157.13.124 - - [21/Feb/2019:09:05:51 -0500] "GET /galeria/nivo-slider/demo/images/4Simple_Slider.png HTTP/1.1" 200 11722
181.49.188.10 - - [21/Feb/2019:09:05:51 -0500] "GET /BLA/boletinlegal/img/textarea-l-over.png HTTP/1.1" 200 167
181.49.188.10 - - [21/Feb/2019:09:05:51 -0500] "GET /BLA/boletinlegal/img/textarea-r-over.png HTTP/1.1" 200 270
190.157.13.124 - - [21/Feb/2019:09:05:51 -0500] "GET /galeria/nivo-slider/themes/default/loading.gif HTTP/1.1" 200 1737
181.56.228.40 - - [21/Feb/2019:09:05:51 -0500] "POST /sipse/faces/presentacion/financiero/solicitudProceso/listarSolicitudProceso.xhtml HTTP/1.1" 200 31286
181.49.188.10 - - [21/Feb/2019:09:05:52 -0500] "GET /BLA/boletinlegal/img/textarea-bl.png HTTP/1.1" 200 265
181.56.228.40 - - [21/Feb/2019:09:05:53 -0500] "POST /sipse/faces/presentacion/financiero/solicitudProceso/listarSolicitudProceso.xhtml HTTP/1.1" 200 20182
190.157.13.124 - - [21/Feb/2019:09:05:53 -0500] "GET /galeria/nivo-slider/themes/default/arrows.png HTTP/1.1" 200 824
190.157.13.124 - - [21/Feb/2019:09:05:53 -0500] "GET /galeria/nivo-slider/themes/default/bullets.png HTTP/1.1" 200 1281
66.249.88.61 - - [21/Feb/2019:09:05:53 -0500] "GET /BLA/boletinlegal/js/jquery.scrollShow.js HTTP/1.1" 200 4586
66.249.88.62 - - [21/Feb/2019:09:05:53 -0500] "GET /galeria/galeria/jquery.fancybox.css?v=2.1.5 HTTP/1.1" 200 4895
66.249.88.61 - - [21/Feb/2019:09:05:53 -0500] "GET /galeria/galeria/jquery.fancybox.js?v=2.1.5 HTTP/1.1" 200 48706
181.56.228.40 - - [21/Feb/2019:09:05:54 -0500] "POST /sipse/faces/presentacion/financiero/solicitudProceso/listarSolicitudProceso.xhtml HTTP/1.1" 200 6272
181.49.188.10 - - [21/Feb/2019:09:05:55 -0500] "POST /BLA/boletinlegal/proc.php HTTP/1.1" 200 6956
190.145.24.243 - - [21/Feb/2019:09:06:01 -0500] "GET /galeria/nivo-slider/demo/images/Banner%20Politica%20Publica%20CONPES%20(1).ai HTTP/1.1" 200 1775371
190.85.151.190 - - [21/Feb/2019:09:06:03 -0500] "GET /dama/libreria/jpg/sec_amb.jpg HTTP/1.1" 404 1019
190.85.151.190 - - [21/Feb/2019:09:06:03 -0500] "GET /dama/libreria/jpg/sec_amb.jpg HTTP/1.1" 404 1019
190.85.151.190 - - [21/Feb/2019:09:06:03 -0500] "GET /dama/libreria/jpg/sec_amb.jpg HTTP/1.1" 404 1019
190.85.151.190 - - [21/Feb/2019:09:06:03 -0500] "GET /dama/libreria/jpg/sec_amb.jpg HTTP/1.1" 404 1019
190.85.151.190 - - [21/Feb/2019:09:06:03 -0500] "GET /dama/libreria/jpg/sec_amb.jpg HTTP/1.1" 404 1019
190.85.151.190 - - [21/Feb/2019:09:06:03 -0500] "GET /dama/libreria/jpg/sec_amb.jpg HTTP/1.1" 404 1019
190.85.151.190 - - [21/Feb/2019:09:06:03 -0500] "GET /dama/libreria/jpg/sec_amb.jpg HTTP/1.1" 404 1019
190.85.151.190 - - [21/Feb/2019:09:06:03 -0500] "GET /dama/libreria/jpg/sec_amb.jpg HTTP/1.1" 404 1019
181.49.188.10 - - [21/Feb/2019:09:06:03 -0500] "GET /BLA/boletinlegal/norma_menu.php HTTP/1.1" 200 6318
181.49.188.10 - - [21/Feb/2019:09:05:43 -0500] "GET /BLA/boletinlegal/index.php HTTP/1.1" 200 24523
190.145.24.243 - - [21/Feb/2019:09:06:11 -0500] "GET /galeria/nivo-slider/demo/images/Banner%20Politica%20Publica%20CONPES%20(1).ai HTTP/1.1" 200 1775371
181.49.188.10 - - [21/Feb/2019:09:06:11 -0500] "GET /BLA/boletinlegal/actos.php HTTP/1.1" 200 8778
181.57.191.37 - - [21/Feb/2019:09:06:13 -0500] "GET /galeria/galeria/jquery.fancybox.css?v=2.1.5 HTTP/1.1" 200 4895
181.57.191.37 - - [21/Feb/2019:09:06:14 -0500] "GET /BLA/boletinlegal/js/jquery.scrollShow.js HTTP/1.1" 200 4586
181.57.191.37 - - [21/Feb/2019:09:06:14 -0500] "GET /galeria/galeria/jquery.fancybox.js?v=2.1.5 HTTP/1.1" 200 48706
181.49.188.10 - - [21/Feb/2019:09:06:17 -0500] "GET /BLA/boletinlegal/sugerencias.php HTTP/1.1" 200 8615
200.119.88.163 - - [21/Feb/2019:09:06:18 -0500] "GET /dama/libreria/jpg/sec_amb.jpg HTTP/1.1" 404 1019
200.119.88.163 - - [21/Feb/2019:09:06:18 -0500] "GET /dama/libreria/jpg/sec_amb.jpg HTTP/1.1" 404 1019
200.119.88.163 - - [21/Feb/2019:09:06:18 -0500] "GET /dama/libreria/jpg/sec_amb.jpg HTTP/1.1" 404 1019
200.119.88.163 - - [21/Feb/2019:09:06:18 -0500] "GET /dama/libreria/jpg/sec_amb.jpg HTTP/1.1" 404 1019
200.119.88.163 - - [21/Feb/2019:09:06:18 -0500] "GET /dama/libreria/jpg/sec_amb.jpg HTTP/1.1" 404 1019
200.119.88.163 - - [21/Feb/2019:09:06:18 -0500] "GET /dama/libreria/jpg/sec_amb.jpg HTTP/1.1" 404 1019
190.159.184.161 - - [21/Feb/2019:09:06:19 -0500] "GET /galeria/nivo-slider/demo/images/Banner%20Politica%20Publica%20CONPES%20(1).ai HTTP/1.1" 206 1
190.159.184.161 - - [21/Feb/2019:09:06:19 -0500] "GET /galeria/nivo-slider/demo/images/Banner%20Politica%20Publica%20CONPES%20(1).ai HTTP/1.1" 206 1752292
200.75.48.35 - - [21/Feb/2019:09:06:27 -0500] "GET /galeria/nivo-slider/demo/demo.html HTTP/1.1" 200 22733
200.75.48.35 - - [21/Feb/2019:09:06:28 -0500] "GET /galeria/nivo-slider/demo/images/web%20pregunta.png HTTP/1.1" 200 425077
200.75.48.35 - - [21/Feb/2019:09:06:28 -0500] "GET /galeria/nivo-slider/demo/images/Banner%20Conpes.jpg HTTP/1.1" 200 55220
190.159.184.161 - - [21/Feb/2019:09:06:29 -0500] "GET /galeria/nivo-slider/demo/images/Banner%20Politica%20Publica%20CONPES%20(1).ai HTTP/1.1" 206 1
190.159.184.161 - - [21/Feb/2019:09:06:29 -0500] "GET /galeria/nivo-slider/demo/images/Banner%20Politica%20Publica%20CONPES%20(1).ai HTTP/1.1" 206 1752292
200.75.48.35 - - [21/Feb/2019:09:06:29 -0500] "GET /galeria/nivo-slider/demo/images/Banner%20practicas%20sostenibles.jpg HTTP/1.1" 200 142958
200.75.48.35 - - [21/Feb/2019:09:06:30 -0500] "GET /galeria/nivo-slider/demo/images/banner-humedales-de-bogota.jpg HTTP/1.1" 206 1
200.75.48.35 - - [21/Feb/2019:09:06:30 -0500] "GET /galeria/nivo-slider/demo/images/web%20ingreso%20humedales.png HTTP/1.1" 206 1
200.75.48.35 - - [21/Feb/2019:09:06:30 -0500] "GET /galeria/nivo-slider/demo/images/maximavelocidad.png HTTP/1.1" 206 1
200.75.48.35 - - [21/Feb/2019:09:06:30 -0500] "GET /galeria/nivo-slider/demo/images/Banner%20Politica%20Publica%20CONPES%20(1).ai HTTP/1.1" 200 1775371
200.75.48.35 - - [21/Feb/2019:09:06:30 -0500] "GET /galeria/nivo-slider/demo/images/banner-humedales-de-bogota.jpg HTTP/1.1" 206 16938
200.75.48.35 - - [21/Feb/2019:09:06:31 -0500] "GET /galeria/nivo-slider/demo/images/web%20ingreso%20humedales.png HTTP/1.1" 206 318799
54.36.148.86 - - [21/Feb/2019:09:06:35 -0500] "GET /BLA/resoluciones/RESOLUCIONES%202003/RES%202003%202051-2100/00002078.tif HTTP/1.1" 200 61990
190.26.69.176 - - [21/Feb/2019:09:06:37 -0500] "GET /galeria/galeria/jquery.fancybox.css?v=2.1.5 HTTP/1.1" 200 4895
190.26.69.176 - - [21/Feb/2019:09:06:37 -0500] "GET /galeria/carrusel/Carrusel/jquery.thumbnailScroller.css HTTP/1.1" 200 2066
190.26.69.176 - - [21/Feb/2019:09:06:37 -0500] "GET /BLA/boletinlegal/js/jquery.scrollShow.js HTTP/1.1" 200 4586
190.26.69.176 - - [21/Feb/2019:09:06:37 -0500] "GET /galeria/galeria/jquery.fancybox.js?v=2.1.5 HTTP/1.1" 200 48706
181.49.188.10 - - [21/Feb/2019:09:06:36 -0500] "GET /BLA/boletinlegal/actos.php HTTP/1.1" 200 8778
191.109.166.246 - - [21/Feb/2019:09:06:37 -0500] "GET /galeria/nivo-slider/demo/images/Banner%20Politica%20Publica%20CONPES%20(1).ai HTTP/1.1" 206 1
191.109.166.246 - - [21/Feb/2019:09:06:37 -0500] "GET /galeria/nivo-slider/demo/images/Banner%20Politica%20Publica%20CONPES%20(1).ai HTTP/1.1" 206 1758372
190.26.69.176 - - [21/Feb/2019:09:06:38 -0500] "GET /galeria/carrusel/Carrusel/jquery-ui-1.8.13.custom.min.js HTTP/1.1" 200 10800
181.49.188.10 - - [21/Feb/2019:09:06:38 -0500] "GET /BLA/boletinlegal/conceptos.php HTTP/1.1" 200 7261
190.26.69.176 - - [21/Feb/2019:09:06:38 -0500] "GET /galeria/carrusel/Carrusel/jquery.thumbnailScroller.js HTTP/1.1" 200 8157
190.26.69.176 - - [21/Feb/2019:09:06:38 -0500] "GET /galeria/nivo-slider/demo/demo.html HTTP/1.1" 200 22733
181.49.188.10 - - [21/Feb/2019:09:06:38 -0500] "GET /BLA/boletinlegal/js/ajax_conceptos.js HTTP/1.1" 200 1326
190.26.69.176 - - [21/Feb/2019:09:06:39 -0500] "GET /galeria/nivo-slider/themes/default/default.css HTTP/1.1" 200 1569
190.26.69.176 - - [21/Feb/2019:09:06:39 -0500] "GET /galeria/nivo-slider/themes/pascal/pascal.css HTTP/1.1" 200 2258
190.26.69.176 - - [21/Feb/2019:09:06:39 -0500] "GET /galeria/nivo-slider/themes/orman/orman.css HTTP/1.1" 200 2152
190.26.69.176 - - [21/Feb/2019:09:06:39 -0500] "GET /galeria/nivo-slider/nivo-slider.css HTTP/1.1" 200 1507
190.26.69.176 - - [21/Feb/2019:09:06:39 -0500] "GET /galeria/nivo-slider/demo/style.css HTTP/1.1" 200 2222
190.26.69.176 - - [21/Feb/2019:09:06:39 -0500] "GET /galeria/nivo-slider/demo/scripts/jquery-1.7.1.min.js HTTP/1.1" 200 93868
190.26.69.176 - - [21/Feb/2019:09:06:39 -0500] "GET /galeria/nivo-slider/demo/images/web%20pregunta.png HTTP/1.1" 200 425077
190.26.69.176 - - [21/Feb/2019:09:06:41 -0500] "GET /galeria/nivo-slider/jquery.nivo.slider.pack.js HTTP/1.1" 200 11561
190.26.69.176 - - [21/Feb/2019:09:06:41 -0500] "GET /galeria/nivo-slider/demo/images/Trafico%20de%20fauna.jpg HTTP/1.1" 200 198327
190.26.69.176 - - [21/Feb/2019:09:06:41 -0500] "GET /galeria/nivo-slider/demo/images/Bannerweb_Tinguas.jpg HTTP/1.1" 200 258471
190.26.69.176 - - [21/Feb/2019:09:06:41 -0500] "GET /galeria/nivo-slider/demo/images/Banner%20PGAE.jpg HTTP/1.1" 200 258166
190.26.69.176 - - [21/Feb/2019:09:06:41 -0500] "GET /galeria/nivo-slider/demo/images/Banner%20-%20Pread.jpg HTTP/1.1" 200 190212
190.26.69.176 - - [21/Feb/2019:09:06:41 -0500] "GET /galeria/nivo-slider/themes/default/loading.gif HTTP/1.1" 200 1737
66.102.6.123 - - [21/Feb/2019:09:06:41 -0500] "GET /galeria/galeria/jquery.fancybox.css?v=2.1.5 HTTP/1.1" 200 4895
66.102.6.127 - - [21/Feb/2019:09:06:41 -0500] "GET /BLA/boletinlegal/js/jquery.scrollShow.js HTTP/1.1" 200 4586
66.102.6.123 - - [21/Feb/2019:09:06:41 -0500] "GET /galeria/galeria/jquery.fancybox.js?v=2.1.5 HTTP/1.1" 200 48706
190.26.69.176 - - [21/Feb/2019:09:06:41 -0500] "GET /galeria/nivo-slider/demo/images/4Simple_Slider.png HTTP/1.1" 200 11722
190.26.69.176 - - [21/Feb/2019:09:06:42 -0500] "GET /galeria/nivo-slider/demo/images/Banner%20Febrero%20caminatas.jpg HTTP/1.1" 200 281690
190.26.69.176 - - [21/Feb/2019:09:06:42 -0500] "GET /galeria/nivo-slider/demo/images/Banner%20Conpes.jpg HTTP/1.1" 200 55220
190.26.69.176 - - [21/Feb/2019:09:06:43 -0500] "GET /galeria/nivo-slider/demo/images/Banner%20Politica%20Publica%20CONPES%20(1).ai HTTP/1.1" 200 1775371
190.26.69.176 - - [21/Feb/2019:09:06:44 -0500] "GET /galeria/nivo-slider/demo/images/Banner%20practicas%20sostenibles.jpg HTTP/1.1" 200 142958
190.26.69.176 - - [21/Feb/2019:09:06:45 -0500] "GET /galeria/nivo-slider/demo/images/Banner%20POT.png HTTP/1.1" 200 418238
190.26.69.176 - - [21/Feb/2019:09:06:45 -0500] "GET /galeria/nivo-slider/demo/images/incendios-forestales.png HTTP/1.1" 200 61469
191.109.166.246 - - [21/Feb/2019:09:06:47 -0500] "GET /galeria/nivo-slider/demo/images/Banner%20Politica%20Publica%20CONPES%20(1).ai HTTP/1.1" 206 1
191.109.166.246 - - [21/Feb/2019:09:06:47 -0500] "GET /galeria/nivo-slider/demo/images/Banner%20Politica%20Publica%20CONPES%20(1).ai HTTP/1.1" 206 1758372
201.245.192.253 - - [21/Feb/2019:09:06:48 -0500] "GET /galeria/nivo-slider/demo/images/Banner%20Politica%20Publica%20CONPES%20(1).ai HTTP/1.1" 200 1775371
201.245.192.253 - - [21/Feb/2019:09:06:56 -0500] "GET /galeria/nivo-slider/demo/images/Banner%20Politica%20Publica%20CONPES%20(1).ai HTTP/1.1" 206 1
201.245.192.253 - - [21/Feb/2019:09:06:56 -0500] "GET /galeria/nivo-slider/demo/images/Banner%20Politica%20Publica%20CONPES%20(1).ai HTTP/1.1" 206 1733312
181.49.188.10 - - [21/Feb/2019:09:06:20 -0500] "GET /BLA/boletinlegal/index.php HTTP/1.1" 200 32715
186.154.237.194 - - [21/Feb/2019:09:07:01 -0500] "GET /galeria/nivo-slider/demo/images/Banner%20Politica%20Publica%20CONPES%20(1).ai HTTP/1.1" 206 1
181.49.188.10 - - [21/Feb/2019:09:07:03 -0500] "GET /BLA/boletinlegal/normativa.php HTTP/1.1" 200 8122
190.157.13.124 - - [21/Feb/2019:09:07:03 -0500] "GET /galeria/nivo-slider/demo/images/Banner%20Politica%20Publica%20CONPES%20(1).ai HTTP/1.1" 206 1
190.157.13.124 - - [21/Feb/2019:09:07:03 -0500] "GET /galeria/nivo-slider/demo/images/Banner%20Politica%20Publica%20CONPES%20(1).ai HTTP/1.1" 206 1768352
66.249.88.60 - - [21/Feb/2019:09:07:05 -0500] "GET /BLA/resoluciones/RESOLUCIONES%202014/0167.pdf HTTP/1.1" 200 9230709
181.49.188.10 - - [21/Feb/2019:09:07:05 -0500] "GET /BLA/boletinlegal/normativa.php HTTP/1.1" 200 8122
66.249.88.61 - - [21/Feb/2019:09:07:11 -0500] "GET /BLA/resoluciones/RESOLUCIONES%202014/0167.pdf HTTP/1.1" 206 1000000
66.249.88.61 - - [21/Feb/2019:09:07:11 -0500] "GET /BLA/resoluciones/RESOLUCIONES%202014/0167.pdf HTTP/1.1" 206 1000000
186.154.237.194 - - [21/Feb/2019:09:07:11 -0500] "GET /galeria/nivo-slider/demo/images/Banner%20Politica%20Publica%20CONPES%20(1).ai HTTP/1.1" 206 1
66.249.88.62 - - [21/Feb/2019:09:07:11 -0500] "GET /BLA/resoluciones/RESOLUCIONES%202014/0167.pdf HTTP/1.1" 206 1000000
66.249.88.60 - - [21/Feb/2019:09:07:11 -0500] "GET /BLA/resoluciones/RESOLUCIONES%202014/0167.pdf HTTP/1.1" 206 1000000
66.249.88.61 - - [21/Feb/2019:09:07:11 -0500] "GET /BLA/resoluciones/RESOLUCIONES%202014/0167.pdf HTTP/1.1" 206 1000000
190.157.13.124 - - [21/Feb/2019:09:07:13 -0500] "GET /galeria/nivo-slider/demo/images/Banner%20Politica%20Publica%20CONPES%20(1).ai HTTP/1.1" 206 1
190.157.13.124 - - [21/Feb/2019:09:07:13 -0500] "GET /galeria/nivo-slider/demo/images/Banner%20Politica%20Publica%20CONPES%20(1).ai HTTP/1.1" 206 1768352
66.249.88.62 - - [21/Feb/2019:09:07:18 -0500] "GET /BLA/boletinlegal/js/jquery.scrollShow.js HTTP/1.1" 200 4586
66.249.88.61 - - [21/Feb/2019:09:07:18 -0500] "GET /galeria/galeria/jquery.fancybox.css?v=2.1.5 HTTP/1.1" 200 4895
66.249.88.60 - - [21/Feb/2019:09:07:18 -0500] "GET /galeria/galeria/jquery.fancybox.js?v=2.1.5 HTTP/1.1" 200 48706
200.35.35.75 - - [21/Feb/2019:09:07:19 -0500] "GET /galeria/galeria/jquery.fancybox.js?v=2.1.5 HTTP/1.1" 200 48706
200.35.35.75 - - [21/Feb/2019:09:07:19 -0500] "GET /BLA/boletinlegal/js/jquery.scrollShow.js HTTP/1.1" 200 4586
66.249.88.61 - - [21/Feb/2019:09:07:21 -0500] "GET /BLA/resoluciones/RESOLUCIONES%202014/0167.pdf HTTP/1.1" 206 1000000
66.249.88.61 - - [21/Feb/2019:09:07:21 -0500] "GET /BLA/resoluciones/RESOLUCIONES%202014/0167.pdf HTTP/1.1" 206 1000000
66.249.88.62 - - [21/Feb/2019:09:07:21 -0500] "GET /BLA/resoluciones/RESOLUCIONES%202014/0167.pdf HTTP/1.1" 206 1000000
66.249.88.60 - - [21/Feb/2019:09:07:22 -0500] "GET /BLA/resoluciones/RESOLUCIONES%202014/0167.pdf HTTP/1.1" 206 222785
190.127.196.105 - - [21/Feb/2019:09:07:27 -0500] "GET /galeria/nivo-slider/demo/images/Banner%20Politica%20Publica%20CONPES%20(1).ai HTTP/1.1" 206 1
190.127.196.105 - - [21/Feb/2019:09:07:27 -0500] "GET /galeria/nivo-slider/demo/images/Banner%20Politica%20Publica%20CONPES%20(1).ai HTTP/1.1" 206 1765852
66.249.88.62 - - [21/Feb/2019:09:07:30 -0500] "GET /BLA/boletinlegal/js/jquery.scrollShow.js HTTP/1.1" 200 4586
66.249.88.60 - - [21/Feb/2019:09:07:30 -0500] "GET /galeria/carrusel/Carrusel/jquery.thumbnailScroller.css HTTP/1.1" 200 2066
66.249.88.62 - - [21/Feb/2019:09:07:30 -0500] "GET /galeria/galeria/jquery.fancybox.js?v=2.1.5 HTTP/1.1" 200 48706
66.249.88.62 - - [21/Feb/2019:09:07:30 -0500] "GET /galeria/galeria/jquery.fancybox.css?v=2.1.5 HTTP/1.1" 200 4895
66.249.88.61 - - [21/Feb/2019:09:07:30 -0500] "GET /galeria/carrusel/Carrusel/jquery-ui-1.8.13.custom.min.js HTTP/1.1" 200 10800
66.249.88.60 - - [21/Feb/2019:09:07:31 -0500] "GET /galeria/carrusel/Carrusel/jquery.thumbnailScroller.js HTTP/1.1" 200 8157
186.30.31.193 - - [21/Feb/2019:09:07:34 -0500] "GET /galeria/nivo-slider/demo/images/Banner%20Politica%20Publica%20CONPES%20(1).ai HTTP/1.1" 206 1
186.30.31.193 - - [21/Feb/2019:09:07:34 -0500] "GET /galeria/nivo-slider/demo/images/Banner%20Politica%20Publica%20CONPES%20(1).ai HTTP/1.1" 206 1772732
190.127.196.105 - - [21/Feb/2019:09:07:37 -0500] "GET /galeria/nivo-slider/demo/images/Banner%20Politica%20Publica%20CONPES%20(1).ai HTTP/1.1" 206 1
190.127.196.105 - - [21/Feb/2019:09:07:37 -0500] "GET /galeria/nivo-slider/demo/images/Banner%20Politica%20Publica%20CONPES%20(1).ai HTTP/1.1" 206 1765852
165.225.32.55 - - [21/Feb/2019:09:07:37 -0500] "GET /galeria/nivo-slider/demo/images/Banner%20Politica%20Publica%20CONPES%20(1).ai HTTP/1.1" 206 1
186.83.241.108 - - [21/Feb/2019:09:07:39 -0500] "GET /galeria/nivo-slider/demo/images/Banner%20Politica%20Publica%20CONPES%20(1).ai HTTP/1.1" 206 1
186.83.241.108 - - [21/Feb/2019:09:07:39 -0500] "GET /galeria/nivo-slider/demo/images/Banner%20Politica%20Publica%20CONPES%20(1).ai HTTP/1.1" 206 1636168
186.30.31.193 - - [21/Feb/2019:09:07:44 -0500] "GET /galeria/nivo-slider/demo/images/Banner%20Politica%20Publica%20CONPES%20(1).ai HTTP/1.1" 206 1
186.30.31.193 - - [21/Feb/2019:09:07:44 -0500] "GET /galeria/nivo-slider/demo/images/Banner%20Politica%20Publica%20CONPES%20(1).ai HTTP/1.1" 206 1772732
165.225.32.55 - - [21/Feb/2019:09:07:47 -0500] "GET /galeria/nivo-slider/demo/images/Banner%20Politica%20Publica%20CONPES%20(1).ai HTTP/1.1" 206 1
186.83.241.108 - - [21/Feb/2019:09:07:49 -0500] "GET /galeria/nivo-slider/demo/images/Banner%20Politica%20Publica%20CONPES%20(1).ai HTTP/1.1" 206 1
181.49.188.10 - - [21/Feb/2019:09:07:49 -0500] "GET /BLA/boletinlegal/consulta_normativa.php?tipo=Decreto&sector=residuos&ano=2017&resuelve=Normatividad%20de%20residuos HTTP/1.1" 200 454
181.56.228.40 - - [21/Feb/2019:09:07:50 -0500] "POST /sipse/faces/presentacion/financiero/solicitudProceso/listarSolicitudProceso.xhtml HTTP/1.1" 200 20182
181.56.228.40 - - [21/Feb/2019:09:07:52 -0500] "POST /sipse/faces/presentacion/financiero/solicitudProceso/listarSolicitudProceso.xhtml HTTP/1.1" 200 6182
192.168.175.104 - - [21/Feb/2019:09:07:53 -0500] "GET / HTTP/1.1" 200 9990
181.56.228.40 - - [21/Feb/2019:09:07:56 -0500] "POST /sipse/faces/presentacion/financiero/solicitudProceso/listarSolicitudProceso.xhtml HTTP/1.1" 200 139647
181.56.228.40 - - [21/Feb/2019:09:07:57 -0500] "GET /sipse/faces/javax.faces.resource/primefaces.css?ln=primefaces&v=4.0 HTTP/1.1" 304 -
181.56.228.40 - - [21/Feb/2019:09:07:57 -0500] "GET /sipse/faces/javax.faces.resource/layout/layout.css?ln=primefaces&v=4.0 HTTP/1.1" 304 -
181.56.228.40 - - [21/Feb/2019:09:07:57 -0500] "GET /sipse/faces/javax.faces.resource/theme.css?ln=primefaces-sipse HTTP/1.1" 304 -
181.56.228.40 - - [21/Feb/2019:09:07:57 -0500] "GET /sipse/faces/javax.faces.resource/jquery/jquery.js?ln=primefaces&v=4.0 HTTP/1.1" 304 -
181.56.228.40 - - [21/Feb/2019:09:07:57 -0500] "GET /sipse/faces/javax.faces.resource/jquery/jquery-plugins.js?ln=primefaces&v=4.0 HTTP/1.1" 304 -
181.56.228.40 - - [21/Feb/2019:09:07:57 -0500] "GET /sipse/faces/javax.faces.resource/primefaces.js?ln=primefaces&v=4.0 HTTP/1.1" 304 -
181.56.228.40 - - [21/Feb/2019:09:07:57 -0500] "GET /sipse/faces/javax.faces.resource/layout/layout.js?ln=primefaces&v=4.0 HTTP/1.1" 304 -
181.56.228.40 - - [21/Feb/2019:09:07:58 -0500] "GET /sipse/faces/javax.faces.resource/spacer/dot_clear.gif?ln=primefaces&v=4.0 HTTP/1.1" 304 -
181.56.228.40 - - [21/Feb/2019:09:07:58 -0500] "GET /sipse/faces/javax.faces.resource/dynamiccontent.properties?ln=primefaces&pfdrid=XjOR5%2F%2FfPAZAuY9TpWQeCiM0BhlXxYRBGKi%2FQcXXfeA%3D&pfdrid_c=false HTTP/1.1" 500 383
181.56.228.40 - - [21/Feb/2019:09:08:05 -0500] "POST /sipse/faces/presentacion/financiero/solicitudProceso/consultarSolicitudProceso.xhtml HTTP/1.1" 200 40904
181.56.228.40 - - [21/Feb/2019:09:08:05 -0500] "GET /sipse/faces/javax.faces.resource/theme.css?ln=primefaces-sipse HTTP/1.1" 304 -
181.56.228.40 - - [21/Feb/2019:09:08:05 -0500] "GET /sipse/faces/javax.faces.resource/primefaces.css?ln=primefaces&v=4.0 HTTP/1.1" 304 -
181.56.228.40 - - [21/Feb/2019:09:08:05 -0500] "GET /sipse/faces/javax.faces.resource/jquery/jquery.js?ln=primefaces&v=4.0 HTTP/1.1" 304 -
181.56.228.40 - - [21/Feb/2019:09:08:05 -0500] "GET /sipse/faces/javax.faces.resource/layout/layout.css?ln=primefaces&v=4.0 HTTP/1.1" 304 -
181.56.228.40 - - [21/Feb/2019:09:08:05 -0500] "GET /sipse/faces/javax.faces.resource/jquery/jquery-plugins.js?ln=primefaces&v=4.0 HTTP/1.1" 304 -
181.56.228.40 - - [21/Feb/2019:09:08:05 -0500] "GET /sipse/faces/javax.faces.resource/primefaces.js?ln=primefaces&v=4.0 HTTP/1.1" 304 -
181.56.228.40 - - [21/Feb/2019:09:08:05 -0500] "GET /sipse/faces/javax.faces.resource/layout/layout.js?ln=primefaces&v=4.0 HTTP/1.1" 304 -
201.245.192.253 - - [21/Feb/2019:09:08:09 -0500] "GET /galeria/nivo-slider/demo/images/Banner%20Politica%20Publica%20CONPES%20(1).ai HTTP/1.1" 206 1
201.245.192.253 - - [21/Feb/2019:09:08:09 -0500] "GET /galeria/nivo-slider/demo/images/Banner%20Politica%20Publica%20CONPES%20(1).ai HTTP/1.1" 206 1733312
201.245.192.253 - - [21/Feb/2019:09:08:19 -0500] "GET /galeria/nivo-slider/demo/images/Banner%20Politica%20Publica%20CONPES%20(1).ai HTTP/1.1" 206 1
201.245.192.253 - - [21/Feb/2019:09:08:19 -0500] "GET /galeria/nivo-slider/demo/images/Banner%20Politica%20Publica%20CONPES%20(1).ai HTTP/1.1" 206 1733312
181.48.91.90 - - [21/Feb/2019:09:08:19 -0500] "GET /galeria/nivo-slider/demo/images/Banner%20Politica%20Publica%20CONPES%20(1).ai HTTP/1.1" 206 1
181.48.91.90 - - [21/Feb/2019:09:08:19 -0500] "GET /galeria/nivo-slider/demo/images/Banner%20Politica%20Publica%20CONPES%20(1).ai HTTP/1.1" 206 1767252
190.254.79.62 - - [21/Feb/2019:09:08:20 -0500] "GET /galeria/galeria/jquery.fancybox.css?v=2.1.5 HTTP/1.1" 200 4895
181.56.228.40 - - [21/Feb/2019:09:08:20 -0500] "GET /sipse/faces/javax.faces.resource/theme.css?ln=primefaces-sipse HTTP/1.1" 304 -
181.56.228.40 - - [21/Feb/2019:09:08:20 -0500] "GET /sipse/faces/javax.faces.resource/primefaces.css?ln=primefaces&v=4.0 HTTP/1.1" 304 -
181.56.228.40 - - [21/Feb/2019:09:08:20 -0500] "GET /sipse/faces/javax.faces.resource/layout/layout.css?ln=primefaces&v=4.0 HTTP/1.1" 304 -
181.56.228.40 - - [21/Feb/2019:09:08:20 -0500] "GET /sipse/faces/javax.faces.resource/jquery/jquery.js?ln=primefaces&v=4.0 HTTP/1.1" 304 -
181.56.228.40 - - [21/Feb/2019:09:08:21 -0500] "GET /sipse/faces/javax.faces.resource/jquery/jquery-plugins.js?ln=primefaces&v=4.0 HTTP/1.1" 304 -
