220.181.125.82 - - [21/Feb/2019:08:26:39 -0500] "GET /resoluciones/RESOLUCIONES%202009/0062.pdf HTTP/1.1" 404 1018
190.27.238.36 - - [21/Feb/2019:08:26:40 -0500] "GET /galeria/galeria/jquery.fancybox.css?v=2.1.5 HTTP/1.1" 200 4895
190.27.238.36 - - [21/Feb/2019:08:26:40 -0500] "GET /BLA/boletinlegal/js/jquery.scrollShow.js HTTP/1.1" 200 4586
190.27.238.36 - - [21/Feb/2019:08:26:40 -0500] "GET /galeria/galeria/jquery.fancybox.js?v=2.1.5 HTTP/1.1" 200 48706
172.22.2.1 - - [21/Feb/2019:08:26:45 -0500] "GET /reportes_sipse/sdg/ServletViabilidad?reporte=memo_viabilidad&solicitud=5972 HTTP/1.1" 200 1538
186.28.50.119 - - [21/Feb/2019:08:26:47 -0500] "POST /sipse/faces/autenticacion.xhtml HTTP/1.1" 200 2227
186.28.50.119 - - [21/Feb/2019:08:26:47 -0500] "GET /sipse/faces/javax.faces.resource/messages/messages.png?ln=primefaces&v=4.0 HTTP/1.1" 304 -
201.245.192.253 - - [21/Feb/2019:08:26:51 -0500] "GET /reportes_sipse/sdg/ServletReporte?reporte=solicitud_cdp&Solicitud=5636&pfdrid_c=false HTTP/1.1" 200 55880
190.85.119.251 - - [21/Feb/2019:08:26:53 -0500] "GET /galeria/galeria/jquery.fancybox.js?v=2.1.5 HTTP/1.1" 200 48706
190.85.119.251 - - [21/Feb/2019:08:26:53 -0500] "GET /galeria/galeria/jquery.fancybox.css?v=2.1.5 HTTP/1.1" 200 4895
190.85.119.251 - - [21/Feb/2019:08:26:53 -0500] "GET /BLA/boletinlegal/js/jquery.scrollShow.js HTTP/1.1" 200 4586
190.85.119.251 - - [21/Feb/2019:08:26:56 -0500] "GET /BLA/boletinlegal/js/jquery.scrollShow.js HTTP/1.1" 200 4586
190.85.119.251 - - [21/Feb/2019:08:26:56 -0500] "GET /galeria/galeria/jquery.fancybox.css?v=2.1.5 HTTP/1.1" 200 4895
190.85.119.251 - - [21/Feb/2019:08:26:56 -0500] "GET /galeria/galeria/jquery.fancybox.js?v=2.1.5 HTTP/1.1" 200 48706
186.28.50.119 - - [21/Feb/2019:08:26:57 -0500] "POST /sipse/faces/autenticacion.xhtml HTTP/1.1" 200 16040
186.28.50.119 - - [21/Feb/2019:08:26:58 -0500] "GET /sipse/css/custom_css_sg_prime.css HTTP/1.1" 304 -
186.28.50.119 - - [21/Feb/2019:08:26:58 -0500] "GET /sipse/faces/javax.faces.resource/theme.css?ln=primefaces-sipse HTTP/1.1" 304 -
186.28.50.119 - - [21/Feb/2019:08:26:58 -0500] "GET /sipse/faces/javax.faces.resource/primefaces.css?ln=primefaces&v=4.0 HTTP/1.1" 304 -
186.28.50.119 - - [21/Feb/2019:08:26:58 -0500] "GET /sipse/faces/javax.faces.resource/layout/layout.css?ln=primefaces&v=4.0 HTTP/1.1" 304 -
186.28.50.119 - - [21/Feb/2019:08:26:58 -0500] "GET /sipse/js/jquery.min.js HTTP/1.1" 304 -
186.28.50.119 - - [21/Feb/2019:08:26:58 -0500] "GET /sipse/faces/javax.faces.resource/jquery/jquery.js?ln=primefaces&v=4.0 HTTP/1.1" 304 -
186.28.50.119 - - [21/Feb/2019:08:26:58 -0500] "GET /sipse/faces/javax.faces.resource/jquery/jquery-plugins.js?ln=primefaces&v=4.0 HTTP/1.1" 304 -
186.28.50.119 - - [21/Feb/2019:08:26:58 -0500] "GET /sipse/faces/javax.faces.resource/primefaces.js?ln=primefaces&v=4.0 HTTP/1.1" 304 -
186.28.50.119 - - [21/Feb/2019:08:26:59 -0500] "GET /sipse/faces/javax.faces.resource/layout/layout.js?ln=primefaces&v=4.0 HTTP/1.1" 304 -
190.145.116.111 - - [21/Feb/2019:08:26:59 -0500] "GET /galeria/galeria/jquery.fancybox.js?v=2.1.5 HTTP/1.1" 304 -
190.145.116.111 - - [21/Feb/2019:08:26:59 -0500] "GET /galeria/galeria/jquery.fancybox.css?v=2.1.5 HTTP/1.1" 304 -
190.145.116.111 - - [21/Feb/2019:08:26:59 -0500] "GET /galeria/galeria/fotos/Jaboque1P.jpg HTTP/1.1" 200 29995
186.28.50.119 - - [21/Feb/2019:08:26:59 -0500] "GET /sipse/imagenes/cargando.gif HTTP/1.1" 304 -
190.145.116.111 - - [21/Feb/2019:08:26:59 -0500] "GET /galeria/galeria/fotos/Jaboque2P.jpg HTTP/1.1" 200 31057
186.28.50.119 - - [21/Feb/2019:08:26:59 -0500] "GET /sipse/imagenes/logoAplicacion.jpg HTTP/1.1" 304 -
186.28.50.119 - - [21/Feb/2019:08:26:59 -0500] "GET /sipse/css/imagen/contrasena.png HTTP/1.1" 404 383
186.179.100.212 - - [21/Feb/2019:08:26:59 -0500] "GET /galeria/galeria/jquery.fancybox.css?v=2.1.5 HTTP/1.1" 200 4895
186.179.100.212 - - [21/Feb/2019:08:27:00 -0500] "GET /BLA/boletinlegal/js/jquery.scrollShow.js HTTP/1.1" 200 4586
186.179.100.212 - - [21/Feb/2019:08:27:00 -0500] "GET /galeria/galeria/jquery.fancybox.js?v=2.1.5 HTTP/1.1" 200 48706
190.145.116.111 - - [21/Feb/2019:08:27:03 -0500] "GET /galeria/galeria/fotos/Jaboque4P.jpg HTTP/1.1" 200 27446
190.145.116.111 - - [21/Feb/2019:08:27:03 -0500] "GET /galeria/galeria/fotos/Jaboque3P.jpg HTTP/1.1" 200 35360
66.249.79.189 - - [21/Feb/2019:08:27:04 -0500] "GET /BLA/resoluciones/RESOLUCIONES%202010/1308.pdf HTTP/1.1" 200 104000
172.22.2.1 - - [21/Feb/2019:08:27:05 -0500] "GET /reportes_sipse/sdg/ServletViabilidad?reporte=memo_viabilidad&solicitud=6191 HTTP/1.1" 200 1538
201.184.115.187 - - [21/Feb/2019:08:27:08 -0500] "GET /autoliquidacion/ HTTP/1.1" 200 6377
201.245.192.253 - - [21/Feb/2019:08:26:48 -0500] "GET /isolucionsda/ControlDeInicio.asp HTTP/1.1" 503 1124
181.225.110.228 - - [21/Feb/2019:08:27:11 -0500] "GET /galeria/nivo-slider/demo/images/Banner%20Politica%20Publica%20CONPES%20(1).ai HTTP/1.1" 206 1
181.225.110.228 - - [21/Feb/2019:08:27:11 -0500] "GET /galeria/nivo-slider/demo/images/Banner%20Politica%20Publica%20CONPES%20(1).ai HTTP/1.1" 206 1718712
201.245.192.253 - - [21/Feb/2019:08:27:11 -0500] "GET /reportes_sipse/sdg/ServletReporte?reporte=solicitud_cdp&Solicitud=5636&pfdrid_c=false HTTP/1.1" 200 55880
186.155.228.34 - - [21/Feb/2019:08:27:12 -0500] "GET /galeria/nivo-slider/demo/images/Banner%20Politica%20Publica%20CONPES%20(1).ai HTTP/1.1" 200 1775371
201.184.115.187 - - [21/Feb/2019:08:27:13 -0500] "GET /autoliquidacion/ HTTP/1.1" 200 6377
186.117.158.252 - - [21/Feb/2019:08:27:15 -0500] "GET /galeria/nivo-slider/demo/images/Banner%20Politica%20Publica%20CONPES%20(1).ai HTTP/1.1" 206 1
186.117.158.252 - - [21/Feb/2019:08:27:15 -0500] "GET /galeria/nivo-slider/demo/images/Banner%20Politica%20Publica%20CONPES%20(1).ai HTTP/1.1" 206 1746171
181.225.110.228 - - [21/Feb/2019:08:27:21 -0500] "GET /galeria/nivo-slider/demo/images/Banner%20Politica%20Publica%20CONPES%20(1).ai HTTP/1.1" 206 1
181.225.110.228 - - [21/Feb/2019:08:27:21 -0500] "GET /galeria/nivo-slider/demo/images/Banner%20Politica%20Publica%20CONPES%20(1).ai HTTP/1.1" 206 1718712
201.184.115.187 - - [21/Feb/2019:08:27:21 -0500] "GET /autoliquidacion/ HTTP/1.1" 200 6377
186.155.228.34 - - [21/Feb/2019:08:27:22 -0500] "GET /galeria/nivo-slider/demo/images/Banner%20Politica%20Publica%20CONPES%20(1).ai HTTP/1.1" 200 1775371
172.22.2.1 - - [21/Feb/2019:08:27:28 -0500] "GET /reportes_sipse/sdg/ServletViabilidad?reporte=memo_viabilidad&solicitud=6324 HTTP/1.1" 200 1538
181.49.188.11 - - [21/Feb/2019:08:27:32 -0500] "GET /BLA/boletinlegal/js/jquery.scrollShow.js HTTP/1.1" 200 4586
181.49.188.11 - - [21/Feb/2019:08:27:32 -0500] "GET /galeria/galeria/jquery.fancybox.js?v=2.1.5 HTTP/1.1" 200 48706
181.49.188.11 - - [21/Feb/2019:08:27:32 -0500] "GET /galeria/galeria/jquery.fancybox.css?v=2.1.5 HTTP/1.1" 200 4895
201.245.192.253 - - [21/Feb/2019:08:27:34 -0500] "GET /reportes_sipse/sdg/ServletReporte?reporte=solicitud_cdp&Solicitud=5636&pfdrid_c=false HTTP/1.1" 200 55880
181.49.188.11 - - [21/Feb/2019:08:27:39 -0500] "GET /galeria/galeria/jquery.fancybox.js?v=2.1.5 HTTP/1.1" 200 48706
181.49.188.11 - - [21/Feb/2019:08:27:39 -0500] "GET /galeria/galeria/jquery.fancybox.css?v=2.1.5 HTTP/1.1" 200 4895
181.49.188.11 - - [21/Feb/2019:08:27:39 -0500] "GET /BLA/boletinlegal/js/jquery.scrollShow.js HTTP/1.1" 200 4586
181.49.236.238 - - [21/Feb/2019:08:27:40 -0500] "GET /galeria/nivo-slider/demo/images/Banner%20Politica%20Publica%20CONPES%20(1).ai HTTP/1.1" 206 1
181.49.236.238 - - [21/Feb/2019:08:27:40 -0500] "GET /galeria/nivo-slider/demo/images/Banner%20Politica%20Publica%20CONPES%20(1).ai HTTP/1.1" 206 1764036
181.143.116.242 - - [21/Feb/2019:08:27:44 -0500] "GET /galeria/galeria/jquery.fancybox.css?v=2.1.5 HTTP/1.1" 200 4895
181.49.68.59 - - [21/Feb/2019:08:27:44 -0500] "GET /galeria/galeria/jquery.fancybox.css?v=2.1.5 HTTP/1.1" 200 4895
181.143.116.242 - - [21/Feb/2019:08:27:44 -0500] "GET /BLA/boletinlegal/js/jquery.scrollShow.js HTTP/1.1" 200 4586
181.143.116.242 - - [21/Feb/2019:08:27:44 -0500] "GET /galeria/galeria/jquery.fancybox.js?v=2.1.5 HTTP/1.1" 200 48706
181.49.68.59 - - [21/Feb/2019:08:27:44 -0500] "GET /BLA/boletinlegal/js/jquery.scrollShow.js HTTP/1.1" 200 4586
181.49.68.59 - - [21/Feb/2019:08:27:44 -0500] "GET /galeria/galeria/jquery.fancybox.js?v=2.1.5 HTTP/1.1" 200 48706
190.27.134.188 - - [21/Feb/2019:08:27:46 -0500] "GET /dama/libreria/jpg/sec_amb.jpg HTTP/1.1" 404 1019
190.27.134.188 - - [21/Feb/2019:08:27:46 -0500] "GET /dama/libreria/jpg/sec_amb.jpg HTTP/1.1" 404 1019
172.22.2.1 - - [21/Feb/2019:08:27:50 -0500] "GET /reportes_sipse/sdg/ServletViabilidad?reporte=memo_viabilidad&solicitud=6268 HTTP/1.1" 200 1538
181.49.236.238 - - [21/Feb/2019:08:27:50 -0500] "GET /galeria/nivo-slider/demo/images/Banner%20Politica%20Publica%20CONPES%20(1).ai HTTP/1.1" 206 1
181.49.236.238 - - [21/Feb/2019:08:27:50 -0500] "GET /galeria/nivo-slider/demo/images/Banner%20Politica%20Publica%20CONPES%20(1).ai HTTP/1.1" 206 1764036
186.30.31.171 - - [21/Feb/2019:08:27:53 -0500] "GET /galeria/nivo-slider/demo/images/Banner%20Politica%20Publica%20CONPES%20(1).ai HTTP/1.1" 206 1
186.30.31.171 - - [21/Feb/2019:08:27:53 -0500] "GET /galeria/nivo-slider/demo/images/Banner%20Politica%20Publica%20CONPES%20(1).ai HTTP/1.1" 206 1762512
201.245.192.253 - - [21/Feb/2019:08:27:56 -0500] "GET /reportes_sipse/sdg/ServletReporte?reporte=solicitud_cdp&Solicitud=5636&pfdrid_c=false HTTP/1.1" 200 55880
192.168.175.104 - - [21/Feb/2019:08:28:04 -0500] "GET / HTTP/1.1" 200 9990
172.22.2.1 - - [21/Feb/2019:08:28:09 -0500] "GET /reportes_sipse/sdg/ServletViabilidad?reporte=memo_viabilidad&solicitud=6190 HTTP/1.1" 200 1538
201.245.192.253 - - [21/Feb/2019:08:28:15 -0500] "GET /reportes_sipse/sdg/ServletReporte?reporte=solicitud_cdp&Solicitud=5636&pfdrid_c=false HTTP/1.1" 200 55880
186.28.130.137 - - [21/Feb/2019:08:28:16 -0500] "GET /BLA/boletinlegal/js/jquery.scrollShow.js HTTP/1.1" 200 4586
186.28.130.137 - - [21/Feb/2019:08:28:16 -0500] "GET /galeria/galeria/jquery.fancybox.js?v=2.1.5 HTTP/1.1" 200 48706
186.28.50.119 - - [21/Feb/2019:08:28:17 -0500] "GET /sipse/faces/javax.faces.resource/images/ui-bg_flat_0_2d5972_40x100.png?ln=primefaces-aristo HTTP/1.1" 304 -
186.28.50.119 - - [21/Feb/2019:08:28:17 -0500] "POST /sipse/faces/bienvenido.xhtml HTTP/1.1" 200 2073
186.28.50.119 - - [21/Feb/2019:08:28:18 -0500] "POST /sipse/faces/bienvenido.xhtml HTTP/1.1" 200 38739
186.28.50.119 - - [21/Feb/2019:08:28:18 -0500] "GET /sipse/faces/javax.faces.resource/primefaces.css?ln=primefaces&v=4.0 HTTP/1.1" 304 -
186.28.50.119 - - [21/Feb/2019:08:28:18 -0500] "GET /sipse/faces/javax.faces.resource/layout/layout.css?ln=primefaces&v=4.0 HTTP/1.1" 304 -
186.28.50.119 - - [21/Feb/2019:08:28:18 -0500] "GET /sipse/faces/javax.faces.resource/theme.css?ln=primefaces-sipse HTTP/1.1" 304 -
186.28.50.119 - - [21/Feb/2019:08:28:18 -0500] "GET /sipse/faces/javax.faces.resource/jquery/jquery.js?ln=primefaces&v=4.0 HTTP/1.1" 304 -
186.28.50.119 - - [21/Feb/2019:08:28:18 -0500] "GET /sipse/faces/javax.faces.resource/jquery/jquery-plugins.js?ln=primefaces&v=4.0 HTTP/1.1" 304 -
186.28.50.119 - - [21/Feb/2019:08:28:18 -0500] "GET /sipse/faces/javax.faces.resource/primefaces.js?ln=primefaces&v=4.0 HTTP/1.1" 304 -
186.28.50.119 - - [21/Feb/2019:08:28:18 -0500] "GET /sipse/faces/javax.faces.resource/layout/layout.js?ln=primefaces&v=4.0 HTTP/1.1" 304 -
186.28.50.119 - - [21/Feb/2019:08:28:18 -0500] "GET /sipse/css/imagen/contrasena.png HTTP/1.1" 404 383
186.30.31.171 - - [21/Feb/2019:08:28:20 -0500] "GET /galeria/nivo-slider/demo/images/Banner%20Politica%20Publica%20CONPES%20(1).ai HTTP/1.1" 206 1
186.30.31.171 - - [21/Feb/2019:08:28:20 -0500] "GET /galeria/nivo-slider/demo/images/Banner%20Politica%20Publica%20CONPES%20(1).ai HTTP/1.1" 206 1740950
201.245.199.6 - - [21/Feb/2019:08:28:26 -0500] "GET /galeria/nivo-slider/demo/images/Banner%20Politica%20Publica%20CONPES%20(1).ai HTTP/1.1" 206 1
201.245.199.6 - - [21/Feb/2019:08:28:26 -0500] "GET /galeria/nivo-slider/demo/images/Banner%20Politica%20Publica%20CONPES%20(1).ai HTTP/1.1" 206 1730392
172.22.2.1 - - [21/Feb/2019:08:28:30 -0500] "GET /reportes_sipse/sdg/ServletViabilidad?reporte=memo_viabilidad&solicitud=6307 HTTP/1.1" 200 1538
190.145.24.243 - - [21/Feb/2019:08:28:31 -0500] "GET /galeria/nivo-slider/demo/images/Banner%20Politica%20Publica%20CONPES%20(1).ai HTTP/1.1" 200 1775371
201.245.199.6 - - [21/Feb/2019:08:28:36 -0500] "GET /galeria/nivo-slider/demo/images/Banner%20Politica%20Publica%20CONPES%20(1).ai HTTP/1.1" 206 1
201.245.199.6 - - [21/Feb/2019:08:28:36 -0500] "GET /galeria/nivo-slider/demo/images/Banner%20Politica%20Publica%20CONPES%20(1).ai HTTP/1.1" 206 1730392
201.245.192.253 - - [21/Feb/2019:08:28:37 -0500] "GET /reportes_sipse/sdg/ServletReporte?reporte=solicitud_cdp&Solicitud=5636&pfdrid_c=false HTTP/1.1" 200 55880
190.145.24.243 - - [21/Feb/2019:08:28:41 -0500] "GET /galeria/nivo-slider/demo/images/Banner%20Politica%20Publica%20CONPES%20(1).ai HTTP/1.1" 200 1775371
54.36.149.23 - - [21/Feb/2019:08:28:46 -0500] "GET /BLA/resoluciones/AUTOS%202006/AUTOS%202006%20601-700/00000634.tif HTTP/1.1" 200 58228
200.69.105.200 - - [21/Feb/2019:08:28:47 -0500] "GET /galeria/galeria/jquery.fancybox.css?v=2.1.5 HTTP/1.1" 200 4895
200.69.105.200 - - [21/Feb/2019:08:28:47 -0500] "GET /galeria/galeria/jquery.fancybox.js?v=2.1.5 HTTP/1.1" 200 48706
200.69.105.200 - - [21/Feb/2019:08:28:47 -0500] "GET /BLA/boletinlegal/js/jquery.scrollShow.js HTTP/1.1" 200 4586
200.25.254.30 - - [21/Feb/2019:08:28:49 -0500] "GET /galeria/galeria/jquery.fancybox.css?v=2.1.5 HTTP/1.1" 200 4895
190.157.132.93 - - [21/Feb/2019:08:28:49 -0500] "GET /galeria/galeria/jquery.fancybox.css?v=2.1.5 HTTP/1.1" 200 4895
190.157.132.93 - - [21/Feb/2019:08:28:49 -0500] "GET /BLA/boletinlegal/js/jquery.scrollShow.js HTTP/1.1" 200 4586
190.157.132.93 - - [21/Feb/2019:08:28:49 -0500] "GET /galeria/galeria/jquery.fancybox.js?v=2.1.5 HTTP/1.1" 200 48706
200.25.254.30 - - [21/Feb/2019:08:28:49 -0500] "GET /galeria/galeria/jquery.fancybox.js?v=2.1.5 HTTP/1.1" 200 48706
200.25.254.30 - - [21/Feb/2019:08:28:49 -0500] "GET /BLA/boletinlegal/js/jquery.scrollShow.js HTTP/1.1" 200 4586
190.159.184.161 - - [21/Feb/2019:08:28:49 -0500] "GET /galeria/nivo-slider/demo/images/Banner%20Politica%20Publica%20CONPES%20(1).ai HTTP/1.1" 206 1
190.159.184.161 - - [21/Feb/2019:08:28:49 -0500] "GET /galeria/nivo-slider/demo/images/Banner%20Politica%20Publica%20CONPES%20(1).ai HTTP/1.1" 206 1752292
172.22.2.1 - - [21/Feb/2019:08:28:49 -0500] "GET /reportes_sipse/sdg/ServletViabilidad?reporte=memo_viabilidad&solicitud=6305 HTTP/1.1" 200 1538
54.36.148.189 - - [21/Feb/2019:08:28:51 -0500] "GET /BLA/resoluciones/RESOLUCIONES%202006/RES%202006%201651-1700/00001651.tif HTTP/1.1" 200 69916
201.245.192.253 - - [21/Feb/2019:08:28:56 -0500] "GET /reportes_sipse/sdg/ServletReporte?reporte=solicitud_cdp&Solicitud=5636&pfdrid_c=false HTTP/1.1" 200 55880
190.159.184.161 - - [21/Feb/2019:08:28:59 -0500] "GET /galeria/nivo-slider/demo/images/Banner%20Politica%20Publica%20CONPES%20(1).ai HTTP/1.1" 206 1
190.159.184.161 - - [21/Feb/2019:08:28:59 -0500] "GET /galeria/nivo-slider/demo/images/Banner%20Politica%20Publica%20CONPES%20(1).ai HTTP/1.1" 206 1752292
69.162.124.233 - - [21/Feb/2019:08:29:01 -0500] "HEAD / HTTP/1.1" 200 -
181.49.188.11 - - [21/Feb/2019:08:29:03 -0500] "GET /galeria/nivo-slider/demo/images/Banner%20Politica%20Publica%20CONPES%20(1).ai HTTP/1.1" 206 1771609
186.29.82.102 - - [21/Feb/2019:08:29:06 -0500] "GET /galeria/galeria/jquery.fancybox.css?v=2.1.5 HTTP/1.1" 200 4895
186.29.82.102 - - [21/Feb/2019:08:29:06 -0500] "GET /BLA/boletinlegal/js/jquery.scrollShow.js HTTP/1.1" 200 4586
186.29.82.102 - - [21/Feb/2019:08:29:06 -0500] "GET /galeria/galeria/jquery.fancybox.js?v=2.1.5 HTTP/1.1" 200 48706
181.54.255.160 - - [21/Feb/2019:08:29:10 -0500] "GET /galeria/nivo-slider/demo/images/Banner%20Politica%20Publica%20CONPES%20(1).ai HTTP/1.1" 206 1
172.22.2.1 - - [21/Feb/2019:08:29:12 -0500] "GET /reportes_sipse/sdg/ServletViabilidad?reporte=memo_viabilidad&solicitud=6311 HTTP/1.1" 200 1538
186.28.50.119 - - [21/Feb/2019:08:29:12 -0500] "POST /sipse/faces/presentacion/financiero/solicitudProceso/consultar.xhtml HTTP/1.1" 200 12942
181.49.188.11 - - [21/Feb/2019:08:29:13 -0500] "GET /galeria/nivo-slider/demo/images/Banner%20Politica%20Publica%20CONPES%20(1).ai HTTP/1.1" 206 1770486
201.245.192.253 - - [21/Feb/2019:08:29:17 -0500] "GET /reportes_sipse/sdg/ServletReporte?reporte=solicitud_cdp&Solicitud=5636&pfdrid_c=false HTTP/1.1" 200 55880
216.244.66.195 - - [21/Feb/2019:08:29:18 -0500] "GET /robots.txt HTTP/1.1" 404 1018
201.184.115.187 - - [21/Feb/2019:08:29:18 -0500] "GET /autoliquidacion/ HTTP/1.1" 200 6377
186.28.50.119 - - [21/Feb/2019:08:29:18 -0500] "POST /sipse/faces/presentacion/financiero/solicitudProceso/consultar.xhtml HTTP/1.1" 200 12847
181.54.255.160 - - [21/Feb/2019:08:29:20 -0500] "GET /galeria/nivo-slider/demo/images/Banner%20Politica%20Publica%20CONPES%20(1).ai HTTP/1.1" 206 1
186.28.130.137 - - [21/Feb/2019:08:29:22 -0500] "GET /autoliquidacion HTTP/1.1" 301 310
186.28.130.137 - - [21/Feb/2019:08:29:22 -0500] "GET /autoliquidacion/ HTTP/1.1" 200 6377
186.28.130.137 - - [21/Feb/2019:08:29:23 -0500] "GET /autoliquidacion/dlf/styles.css HTTP/1.1" 200 3045
186.28.130.137 - - [21/Feb/2019:08:29:23 -0500] "GET /autoliquidacion/dlf/folder.png HTTP/1.1" 200 410
186.28.130.137 - - [21/Feb/2019:08:29:23 -0500] "GET /autoliquidacion/dlf/bg.gif HTTP/1.1" 200 54
167.249.42.194 - - [21/Feb/2019:08:29:23 -0500] "GET /Residuos/impresion/files/guia_impresion-lit.pdf HTTP/1.1" 200 12573981
167.249.42.194 - - [21/Feb/2019:08:29:24 -0500] "GET /favicon.ico HTTP/1.1" 200 7782
186.28.50.119 - - [21/Feb/2019:08:29:25 -0500] "POST /sipse/faces/presentacion/financiero/solicitudProceso/consultar.xhtml HTTP/1.1" 200 12906
172.22.2.1 - - [21/Feb/2019:08:29:29 -0500] "GET /reportes_sipse/sdg/ServletViabilidad?reporte=memo_viabilidad&solicitud=6029 HTTP/1.1" 200 1538
186.154.32.0 - - [21/Feb/2019:08:29:30 -0500] "GET /galeria/galeria/jquery.fancybox.css?v=2.1.5 HTTP/1.1" 200 4895
186.154.32.0 - - [21/Feb/2019:08:29:30 -0500] "GET /BLA/boletinlegal/js/jquery.scrollShow.js HTTP/1.1" 200 4586
186.154.32.0 - - [21/Feb/2019:08:29:30 -0500] "GET /galeria/galeria/jquery.fancybox.js?v=2.1.5 HTTP/1.1" 200 48706
186.154.237.194 - - [21/Feb/2019:08:29:31 -0500] "GET /galeria/nivo-slider/demo/images/Banner%20Politica%20Publica%20CONPES%20(1).ai HTTP/1.1" 206 1
186.28.130.137 - - [21/Feb/2019:08:29:31 -0500] "GET /autoliquidacion/index.php?dir=Permiso+de+ocupaci%F3n+de+cause%2F HTTP/1.1" 200 2300
186.28.130.137 - - [21/Feb/2019:08:29:31 -0500] "GET /autoliquidacion/dlf/dirup.png HTTP/1.1" 200 644
186.28.130.137 - - [21/Feb/2019:08:29:31 -0500] "GET /autoliquidacion/dlf/html.gif HTTP/1.1" 200 632
186.28.130.137 - - [21/Feb/2019:08:29:31 -0500] "GET /autoliquidacion/dlf/xls.gif HTTP/1.1" 200 636
186.28.130.137 - - [21/Feb/2019:08:29:33 -0500] "GET /autoliquidacion/Permiso%20de%20ocupaci%C3%B3n%20de%20cause/Aplicativo.html HTTP/1.1" 200 359
190.25.157.186 - - [21/Feb/2019:08:29:34 -0500] "GET /dama/libreria/jpg/sec_amb.jpg HTTP/1.1" 404 1019
190.25.157.186 - - [21/Feb/2019:08:29:34 -0500] "GET /dama/libreria/jpg/sec_amb.jpg HTTP/1.1" 404 1019
190.25.157.186 - - [21/Feb/2019:08:29:35 -0500] "GET /dama/libreria/jpg/sec_amb.jpg HTTP/1.1" 404 1019
190.25.157.186 - - [21/Feb/2019:08:29:35 -0500] "GET /dama/libreria/jpg/sec_amb.jpg HTTP/1.1" 404 1019
201.245.192.253 - - [21/Feb/2019:08:29:35 -0500] "GET /reportes_sipse/sdg/ServletReporte?reporte=solicitud_cdp&Solicitud=5636&pfdrid_c=false HTTP/1.1" 200 55880
190.25.157.186 - - [21/Feb/2019:08:29:35 -0500] "GET /dama/libreria/jpg/sec_amb.jpg HTTP/1.1" 404 1019
190.25.157.186 - - [21/Feb/2019:08:29:35 -0500] "GET /dama/libreria/jpg/sec_amb.jpg HTTP/1.1" 404 1019
54.36.148.101 - - [21/Feb/2019:08:29:38 -0500] "GET /BLA/resoluciones/index.php?dir=RESOLUCIONES%202006/RES%202006%201501-1550/&sort=name&order=desc HTTP/1.1" 200 12369
186.154.237.194 - - [21/Feb/2019:08:29:41 -0500] "GET /galeria/nivo-slider/demo/images/Banner%20Politica%20Publica%20CONPES%20(1).ai HTTP/1.1" 206 1
186.154.237.194 - - [21/Feb/2019:08:29:41 -0500] "GET /galeria/nivo-slider/demo/images/Banner%20Politica%20Publica%20CONPES%20(1).ai HTTP/1.1" 206 1540930
54.36.148.170 - - [21/Feb/2019:08:29:45 -0500] "GET /SIG/index.php?dir=Educaci%F3n+Ambiental%2F HTTP/1.1" 200 2409
186.28.130.137 - - [21/Feb/2019:08:29:46 -0500] "GET /autoliquidacion/ HTTP/1.1" 200 6377
172.22.2.1 - - [21/Feb/2019:08:29:46 -0500] "GET /reportes_sipse/sdg/ServletViabilidad?reporte=memo_viabilidad&solicitud=6223 HTTP/1.1" 200 1538
186.86.33.99 - - [21/Feb/2019:08:29:47 -0500] "GET /galeria/galeria/jquery.fancybox.css?v=2.1.5 HTTP/1.1" 200 4895
186.86.33.99 - - [21/Feb/2019:08:29:47 -0500] "GET /galeria/galeria/jquery.fancybox.js?v=2.1.5 HTTP/1.1" 200 48706
186.86.33.99 - - [21/Feb/2019:08:29:47 -0500] "GET /BLA/boletinlegal/js/jquery.scrollShow.js HTTP/1.1" 200 4586
186.28.130.137 - - [21/Feb/2019:08:29:48 -0500] "GET /autoliquidacion/index.php?dir=Permiso+de+ocupaci%F3n+de+cause%2F HTTP/1.1" 200 2300
186.28.130.137 - - [21/Feb/2019:08:29:49 -0500] "GET /autoliquidacion/Permiso%20de%20ocupaci%C3%B3n%20de%20cause/Formulario%20Solicitud%20Permiso%20Ocupacion%20de%20Cauce.xls HTTP/1.1" 200 716800
201.245.179.194 - - [21/Feb/2019:08:29:57 -0500] "GET /BLA/boletinlegal/js/jquery.scrollShow.js HTTP/1.1" 200 4586
201.245.179.194 - - [21/Feb/2019:08:29:57 -0500] "GET /galeria/galeria/jquery.fancybox.js?v=2.1.5 HTTP/1.1" 200 48706
201.245.179.194 - - [21/Feb/2019:08:29:57 -0500] "GET /galeria/galeria/jquery.fancybox.css?v=2.1.5 HTTP/1.1" 200 4895
201.245.179.194 - - [21/Feb/2019:08:30:00 -0500] "GET /BLA/boletinlegal/js/jquery.scrollShow.js HTTP/1.1" 200 4586
201.245.179.194 - - [21/Feb/2019:08:30:00 -0500] "GET /galeria/galeria/jquery.fancybox.js?v=2.1.5 HTTP/1.1" 200 48706
201.245.179.194 - - [21/Feb/2019:08:30:00 -0500] "GET /galeria/galeria/jquery.fancybox.css?v=2.1.5 HTTP/1.1" 200 4895
220.181.125.82 - - [21/Feb/2019:08:30:07 -0500] "GET /resoluciones/RESOLUCIONES%202009/0044.pdf HTTP/1.1" 404 1018
66.249.88.62 - - [21/Feb/2019:08:30:10 -0500] "GET /BLA/boletinlegal/js/jquery.scrollShow.js HTTP/1.1" 200 4586
66.249.88.60 - - [21/Feb/2019:08:30:10 -0500] "GET /galeria/galeria/jquery.fancybox.css?v=2.1.5 HTTP/1.1" 200 4895
66.249.88.61 - - [21/Feb/2019:08:30:10 -0500] "GET /galeria/galeria/jquery.fancybox.js?v=2.1.5 HTTP/1.1" 200 48706
192.168.175.104 - - [21/Feb/2019:08:30:11 -0500] "GET / HTTP/1.0" 200 9990
200.93.135.250 - - [21/Feb/2019:08:30:15 -0500] "GET /galeria/galeria/jquery.fancybox.css?v=2.1.5 HTTP/1.1" 200 4895
200.93.135.250 - - [21/Feb/2019:08:30:15 -0500] "GET /BLA/boletinlegal/js/jquery.scrollShow.js HTTP/1.1" 200 4586
200.93.135.250 - - [21/Feb/2019:08:30:15 -0500] "GET /galeria/galeria/jquery.fancybox.js?v=2.1.5 HTTP/1.1" 200 48706
201.245.192.253 - - [21/Feb/2019:08:29:53 -0500] "POST /kwsrmcab/Wsrmcab HTTP/1.1" 200 29599
186.119.118.211 - - [21/Feb/2019:08:30:29 -0500] "GET /galeria/galeria/fotos/Humedal-Tibanica1G.jpg HTTP/1.1" 200 541579
190.66.13.169 - - [21/Feb/2019:08:30:30 -0500] "GET /galeria/galeria/fotos/Humedal-Tibanica1G.jpg HTTP/1.1" 200 541579
191.109.193.5 - - [21/Feb/2019:08:30:32 -0500] "GET /galeria/galeria/jquery.fancybox.css?v=2.1.5 HTTP/1.1" 200 4895
191.109.193.5 - - [21/Feb/2019:08:30:32 -0500] "GET /BLA/boletinlegal/js/jquery.scrollShow.js HTTP/1.1" 200 4586
191.109.193.5 - - [21/Feb/2019:08:30:32 -0500] "GET /galeria/galeria/jquery.fancybox.js?v=2.1.5 HTTP/1.1" 200 48706
186.31.137.224 - - [21/Feb/2019:08:30:36 -0500] "GET /galeria/galeria/jquery.fancybox.css?v=2.1.5 HTTP/1.1" 200 4895
186.31.137.224 - - [21/Feb/2019:08:30:36 -0500] "GET /BLA/boletinlegal/js/jquery.scrollShow.js HTTP/1.1" 200 4586
186.31.137.224 - - [21/Feb/2019:08:30:36 -0500] "GET /galeria/galeria/jquery.fancybox.js?v=2.1.5 HTTP/1.1" 200 48706
220.181.125.82 - - [21/Feb/2019:08:30:40 -0500] "GET /BLA/resoluciones/AUTOS%202007/3371.pdf HTTP/1.1" 304 -
186.28.50.119 - - [21/Feb/2019:08:30:40 -0500] "POST /sipse/faces/presentacion/financiero/solicitudProceso/consultar.xhtml HTTP/1.1" 200 12880
186.29.149.168 - - [21/Feb/2019:08:30:41 -0500] "GET /galeria/galeria/jquery.fancybox.css?v=2.1.5 HTTP/1.1" 200 4895
186.29.149.168 - - [21/Feb/2019:08:30:41 -0500] "GET /galeria/galeria/jquery.fancybox.js?v=2.1.5 HTTP/1.1" 200 48706
186.29.149.168 - - [21/Feb/2019:08:30:41 -0500] "GET /BLA/boletinlegal/js/jquery.scrollShow.js HTTP/1.1" 200 4586
66.249.88.61 - - [21/Feb/2019:08:30:46 -0500] "GET /BLA/boletinlegal/js/jquery.scrollShow.js HTTP/1.1" 200 4586
66.249.88.61 - - [21/Feb/2019:08:30:46 -0500] "GET /galeria/galeria/jquery.fancybox.js?v=2.1.5 HTTP/1.1" 200 48706
66.249.88.62 - - [21/Feb/2019:08:30:46 -0500] "GET /galeria/galeria/jquery.fancybox.css?v=2.1.5 HTTP/1.1" 200 4895
186.28.50.119 - - [21/Feb/2019:08:30:52 -0500] "POST /sipse/faces/presentacion/financiero/solicitudProceso/consultar.xhtml HTTP/1.1" 200 12889
186.28.50.119 - - [21/Feb/2019:08:30:54 -0500] "POST /sipse/faces/presentacion/financiero/solicitudProceso/consultar.xhtml HTTP/1.1" 200 124960
186.28.50.119 - - [21/Feb/2019:08:30:55 -0500] "GET /sipse/faces/javax.faces.resource/theme.css?ln=primefaces-sipse HTTP/1.1" 304 -
186.28.50.119 - - [21/Feb/2019:08:30:55 -0500] "GET /sipse/faces/javax.faces.resource/primefaces.css?ln=primefaces&v=4.0 HTTP/1.1" 304 -
186.28.50.119 - - [21/Feb/2019:08:30:55 -0500] "GET /sipse/faces/javax.faces.resource/layout/layout.css?ln=primefaces&v=4.0 HTTP/1.1" 304 -
186.28.50.119 - - [21/Feb/2019:08:30:55 -0500] "GET /sipse/faces/javax.faces.resource/jquery/jquery.js?ln=primefaces&v=4.0 HTTP/1.1" 304 -
186.28.50.119 - - [21/Feb/2019:08:30:55 -0500] "GET /sipse/faces/javax.faces.resource/jquery/jquery-plugins.js?ln=primefaces&v=4.0 HTTP/1.1" 304 -
186.28.50.119 - - [21/Feb/2019:08:30:55 -0500] "GET /sipse/faces/javax.faces.resource/primefaces.js?ln=primefaces&v=4.0 HTTP/1.1" 304 -
66.249.88.61 - - [21/Feb/2019:08:30:55 -0500] "GET /galeria/galeria/jquery.fancybox.css?v=2.1.5 HTTP/1.1" 200 4895
186.28.50.119 - - [21/Feb/2019:08:30:55 -0500] "GET /sipse/faces/javax.faces.resource/layout/layout.js?ln=primefaces&v=4.0 HTTP/1.1" 304 -
66.249.88.62 - - [21/Feb/2019:08:30:55 -0500] "GET /BLA/boletinlegal/js/jquery.scrollShow.js HTTP/1.1" 200 4586
66.249.88.60 - - [21/Feb/2019:08:30:55 -0500] "GET /galeria/galeria/jquery.fancybox.js?v=2.1.5 HTTP/1.1" 200 48706
186.28.50.119 - - [21/Feb/2019:08:30:55 -0500] "GET /sipse/faces/javax.faces.resource/spacer/dot_clear.gif?ln=primefaces&v=4.0 HTTP/1.1" 304 -
186.28.50.119 - - [21/Feb/2019:08:30:55 -0500] "GET /sipse/css/imagen/contrasena.png HTTP/1.1" 404 383
186.28.50.119 - - [21/Feb/2019:08:30:56 -0500] "GET /reportes_sipse/sdg/ServletReporte?reporte=solicitud_cdp&Solicitud=5636&pfdrid_c=false HTTP/1.1" 200 55880
186.28.50.119 - - [21/Feb/2019:08:30:59 -0500] "POST /sipse/faces/presentacion/financiero/solicitudProceso/consultarSolicitudProceso.xhtml HTTP/1.1" 200 40478
186.28.50.119 - - [21/Feb/2019:08:30:59 -0500] "GET /sipse/faces/javax.faces.resource/theme.css?ln=primefaces-sipse HTTP/1.1" 304 -
186.28.50.119 - - [21/Feb/2019:08:30:59 -0500] "GET /sipse/faces/javax.faces.resource/layout/layout.css?ln=primefaces&v=4.0 HTTP/1.1" 304 -
186.28.50.119 - - [21/Feb/2019:08:30:59 -0500] "GET /sipse/faces/javax.faces.resource/primefaces.css?ln=primefaces&v=4.0 HTTP/1.1" 304 -
186.28.50.119 - - [21/Feb/2019:08:30:59 -0500] "GET /sipse/faces/javax.faces.resource/jquery/jquery.js?ln=primefaces&v=4.0 HTTP/1.1" 304 -
186.28.50.119 - - [21/Feb/2019:08:30:59 -0500] "GET /sipse/faces/javax.faces.resource/jquery/jquery-plugins.js?ln=primefaces&v=4.0 HTTP/1.1" 304 -
186.28.50.119 - - [21/Feb/2019:08:30:59 -0500] "GET /sipse/faces/javax.faces.resource/primefaces.js?ln=primefaces&v=4.0 HTTP/1.1" 304 -
186.28.50.119 - - [21/Feb/2019:08:30:59 -0500] "GET /sipse/faces/javax.faces.resource/layout/layout.js?ln=primefaces&v=4.0 HTTP/1.1" 304 -
186.28.50.119 - - [21/Feb/2019:08:31:00 -0500] "GET /sipse/css/imagen/contrasena.png HTTP/1.1" 404 383
186.28.50.119 - - [21/Feb/2019:08:31:02 -0500] "POST /sipse/faces/presentacion/financiero/solicitudProceso/consultarHistorialSolProceso.xhtml HTTP/1.1" 200 163262
186.28.50.119 - - [21/Feb/2019:08:31:02 -0500] "GET /sipse/faces/javax.faces.resource/theme.css?ln=primefaces-sipse HTTP/1.1" 304 -
186.28.50.119 - - [21/Feb/2019:08:31:02 -0500] "GET /sipse/faces/javax.faces.resource/jquery/jquery-plugins.js?ln=primefaces&v=4.0 HTTP/1.1" 304 -
186.28.50.119 - - [21/Feb/2019:08:31:02 -0500] "GET /sipse/faces/javax.faces.resource/layout/layout.css?ln=primefaces&v=4.0 HTTP/1.1" 304 -
186.28.50.119 - - [21/Feb/2019:08:31:02 -0500] "GET /sipse/faces/javax.faces.resource/primefaces.js?ln=primefaces&v=4.0 HTTP/1.1" 304 -
186.28.50.119 - - [21/Feb/2019:08:31:02 -0500] "GET /sipse/faces/javax.faces.resource/jquery/jquery.js?ln=primefaces&v=4.0 HTTP/1.1" 304 -
186.28.50.119 - - [21/Feb/2019:08:31:02 -0500] "GET /sipse/faces/javax.faces.resource/primefaces.css?ln=primefaces&v=4.0 HTTP/1.1" 304 -
186.28.50.119 - - [21/Feb/2019:08:31:02 -0500] "GET /sipse/faces/javax.faces.resource/layout/layout.js?ln=primefaces&v=4.0 HTTP/1.1" 304 -
186.28.50.119 - - [21/Feb/2019:08:31:02 -0500] "GET /sipse/faces/javax.faces.resource/spacer/dot_clear.gif?ln=primefaces&v=4.0 HTTP/1.1" 304 -
186.28.50.119 - - [21/Feb/2019:08:31:02 -0500] "GET /sipse/css/imagen/contrasena.png HTTP/1.1" 404 383
186.28.50.119 - - [21/Feb/2019:08:31:03 -0500] "GET /reportes_sipse/sdg/ServletReporte?reporte=solicitud_cdp&Solicitud=5636&pfdrid_c=false HTTP/1.1" 200 55880
66.249.88.61 - - [21/Feb/2019:08:31:04 -0500] "GET /galeria/galeria/fotos/Soratama1P.jpg HTTP/1.1" 200 9622
66.249.88.62 - - [21/Feb/2019:08:31:04 -0500] "GET /galeria/galeria/jquery.fancybox.css?v=2.1.5 HTTP/1.1" 200 4895
66.249.88.62 - - [21/Feb/2019:08:31:04 -0500] "GET /galeria/galeria/jquery.fancybox.js?v=2.1.5 HTTP/1.1" 200 48706
66.249.88.60 - - [21/Feb/2019:08:31:04 -0500] "GET /galeria/galeria/fotos/Soratama2P.jpg HTTP/1.1" 200 10548
66.249.88.62 - - [21/Feb/2019:08:31:05 -0500] "GET /galeria/galeria/fotos/Soratama3P.jpg HTTP/1.1" 200 11298
66.249.88.61 - - [21/Feb/2019:08:31:05 -0500] "GET /galeria/galeria/fotos/Soratama4P.jpg HTTP/1.1" 200 10482
181.56.101.153 - - [21/Feb/2019:08:31:07 -0500] "GET /BLA/boletinlegal/js/jquery.scrollShow.js HTTP/1.1" 200 4586
181.56.101.153 - - [21/Feb/2019:08:31:07 -0500] "GET /galeria/galeria/jquery.fancybox.css?v=2.1.5 HTTP/1.1" 200 4895
181.56.101.153 - - [21/Feb/2019:08:31:07 -0500] "GET /galeria/galeria/jquery.fancybox.js?v=2.1.5 HTTP/1.1" 200 48706
220.181.125.82 - - [21/Feb/2019:08:31:11 -0500] "GET /bla/resoluciones/RESOLUCIONES%202011/6562.pdf HTTP/1.1" 304 -
186.29.82.102 - - [21/Feb/2019:08:31:14 -0500] "GET /galeria/carrusel/Carrusel/jquery.thumbnailScroller.css HTTP/1.1" 200 2066
186.29.82.102 - - [21/Feb/2019:08:31:14 -0500] "GET /galeria/carrusel/Carrusel/jquery-ui-1.8.13.custom.min.js HTTP/1.1" 200 10800
186.29.82.102 - - [21/Feb/2019:08:31:14 -0500] "GET /galeria/carrusel/Carrusel/jquery.thumbnailScroller.js HTTP/1.1" 200 8157
186.29.82.102 - - [21/Feb/2019:08:31:14 -0500] "GET /galeria/nivo-slider/demo/demo.html HTTP/1.1" 200 22733
186.29.82.102 - - [21/Feb/2019:08:31:15 -0500] "GET /galeria/nivo-slider/themes/default/default.css HTTP/1.1" 200 1569
186.29.82.102 - - [21/Feb/2019:08:31:15 -0500] "GET /galeria/nivo-slider/themes/pascal/pascal.css HTTP/1.1" 200 2258
186.29.82.102 - - [21/Feb/2019:08:31:15 -0500] "GET /galeria/nivo-slider/themes/orman/orman.css HTTP/1.1" 200 2152
186.29.82.102 - - [21/Feb/2019:08:31:15 -0500] "GET /galeria/nivo-slider/nivo-slider.css HTTP/1.1" 200 1507
186.29.82.102 - - [21/Feb/2019:08:31:15 -0500] "GET /galeria/nivo-slider/demo/style.css HTTP/1.1" 200 2222
186.29.82.102 - - [21/Feb/2019:08:31:15 -0500] "GET /galeria/nivo-slider/demo/scripts/jquery-1.7.1.min.js HTTP/1.1" 200 93868
186.29.82.102 - - [21/Feb/2019:08:31:15 -0500] "GET /galeria/nivo-slider/demo/images/web%20pregunta.png HTTP/1.1" 200 425077
186.29.82.102 - - [21/Feb/2019:08:31:15 -0500] "GET /galeria/nivo-slider/jquery.nivo.slider.pack.js HTTP/1.1" 200 11561
186.29.82.102 - - [21/Feb/2019:08:31:15 -0500] "GET /galeria/nivo-slider/demo/images/Trafico%20de%20fauna.jpg HTTP/1.1" 200 198327
186.29.82.102 - - [21/Feb/2019:08:31:15 -0500] "GET /galeria/nivo-slider/demo/images/Bannerweb_Tinguas.jpg HTTP/1.1" 200 258471
186.29.82.102 - - [21/Feb/2019:08:31:15 -0500] "GET /galeria/nivo-slider/demo/images/4Simple_Slider.png HTTP/1.1" 200 11722
66.249.88.61 - - [21/Feb/2019:08:31:16 -0500] "GET /galeria/galeria/jquery.fancybox.css?v=2.1.5 HTTP/1.1" 200 4895
66.249.88.61 - - [21/Feb/2019:08:31:16 -0500] "GET /galeria/galeria/jquery.fancybox.js?v=2.1.5 HTTP/1.1" 200 48706
66.249.88.61 - - [21/Feb/2019:08:31:17 -0500] "GET /galeria/galeria/fotos/Humedal-Tibanica1P.jpg HTTP/1.1" 200 26376
186.29.82.102 - - [21/Feb/2019:08:31:17 -0500] "GET /galeria/nivo-slider/themes/default/loading.gif HTTP/1.1" 200 1737
186.29.82.102 - - [21/Feb/2019:08:31:17 -0500] "GET /galeria/nivo-slider/demo/images/Banner%20PGAE.jpg HTTP/1.1" 200 258166
190.158.27.50 - - [21/Feb/2019:08:31:18 -0500] "GET /autoliquidacion/ HTTP/1.1" 200 6377
66.249.88.61 - - [21/Feb/2019:08:31:19 -0500] "GET /galeria/galeria/fotos/Humedal-Tibanica2P.jpg HTTP/1.1" 200 29568
186.29.82.102 - - [21/Feb/2019:08:31:19 -0500] "GET /galeria/nivo-slider/demo/images/Banner%20-%20Pread.jpg HTTP/1.1" 200 190212
66.249.88.62 - - [21/Feb/2019:08:31:20 -0500] "GET /galeria/galeria/fotos/Humedal-Tibanica3P.jpg HTTP/1.1" 200 28016
186.29.82.102 - - [21/Feb/2019:08:31:20 -0500] "GET /galeria/nivo-slider/demo/images/Banner%20Febrero%20caminatas.jpg HTTP/1.1" 200 281690
66.249.88.60 - - [21/Feb/2019:08:31:20 -0500] "GET /galeria/galeria/fotos/Humedal-Tibanica4P.jpg HTTP/1.1" 200 26708
181.225.110.228 - - [21/Feb/2019:08:31:21 -0500] "GET /galeria/nivo-slider/demo/images/Banner%20Politica%20Publica%20CONPES%20(1).ai HTTP/1.1" 206 1
181.225.110.228 - - [21/Feb/2019:08:31:21 -0500] "GET /galeria/nivo-slider/demo/images/Banner%20Politica%20Publica%20CONPES%20(1).ai HTTP/1.1" 206 1718712
186.155.228.34 - - [21/Feb/2019:08:31:22 -0500] "GET /galeria/nivo-slider/demo/images/Banner%20Politica%20Publica%20CONPES%20(1).ai HTTP/1.1" 200 1775371
181.49.188.11 - - [21/Feb/2019:08:31:24 -0500] "GET /BLA/boletinlegal/js/jquery.scrollShow.js HTTP/1.1" 200 4586
181.49.188.11 - - [21/Feb/2019:08:31:24 -0500] "GET /galeria/galeria/jquery.fancybox.css?v=2.1.5 HTTP/1.1" 200 4895
181.49.188.11 - - [21/Feb/2019:08:31:24 -0500] "GET /galeria/galeria/jquery.fancybox.js?v=2.1.5 HTTP/1.1" 200 48706
186.29.82.102 - - [21/Feb/2019:08:31:24 -0500] "GET /BLA/boletinlegal/style.css HTTP/1.1" 200 9406
186.29.82.102 - - [21/Feb/2019:08:31:24 -0500] "GET /BLA/boletinlegal/styles2.css HTTP/1.1" 200 1838
186.29.82.102 - - [21/Feb/2019:08:31:25 -0500] "GET /BLA/boletinlegal/js/jquery.js HTTP/1.1" 200 57254
186.29.82.102 - - [21/Feb/2019:08:31:25 -0500] "GET /BLA/boletinlegal/js/jquery.scrollTo-min.js HTTP/1.1" 200 1150
186.29.82.102 - - [21/Feb/2019:08:31:26 -0500] "GET /BLA/boletinlegal/images/cabezote%20BLEGAL.jpg HTTP/1.1" 200 118164
186.29.82.102 - - [21/Feb/2019:08:31:27 -0500] "GET /BLA/boletinlegal/images/subscribe-icon-big.png HTTP/1.1" 200 47702
66.249.88.61 - - [21/Feb/2019:08:31:27 -0500] "GET /BLA/boletinlegal/js/jquery.scrollShow.js HTTP/1.1" 200 4586
66.249.88.60 - - [21/Feb/2019:08:31:27 -0500] "GET /galeria/galeria/jquery.fancybox.js?v=2.1.5 HTTP/1.1" 200 48706
66.249.88.61 - - [21/Feb/2019:08:31:27 -0500] "GET /galeria/galeria/jquery.fancybox.css?v=2.1.5 HTTP/1.1" 200 4895
186.29.82.102 - - [21/Feb/2019:08:31:28 -0500] "GET /galeria/nivo-slider/demo/images/Banner%20Conpes.jpg HTTP/1.1" 200 55220
186.29.82.102 - - [21/Feb/2019:08:31:29 -0500] "GET /BLA/boletinlegal/images/body_bg.jpg HTTP/1.1" 200 1601
186.29.82.102 - - [21/Feb/2019:08:31:30 -0500] "GET /BLA/boletinlegal/images/menu_rght.gif HTTP/1.1" 200 1627
186.29.82.102 - - [21/Feb/2019:08:31:31 -0500] "GET /BLA/boletinlegal/images/menu_bg.jpg HTTP/1.1" 200 620
181.225.110.228 - - [21/Feb/2019:08:31:31 -0500] "GET /galeria/nivo-slider/demo/images/Banner%20Politica%20Publica%20CONPES%20(1).ai HTTP/1.1" 206 1
181.225.110.228 - - [21/Feb/2019:08:31:31 -0500] "GET /galeria/nivo-slider/demo/images/Banner%20Politica%20Publica%20CONPES%20(1).ai HTTP/1.1" 206 1718712
186.29.82.102 - - [21/Feb/2019:08:31:31 -0500] "GET /BLA/boletinlegal/images/text.jpg HTTP/1.1" 200 568
186.29.82.102 - - [21/Feb/2019:08:31:31 -0500] "GET /BLA/boletinlegal/images/launch.jpg HTTP/1.1" 200 14577
186.29.82.102 - - [21/Feb/2019:08:31:32 -0500] "GET /BLA/boletinlegal/images/hover.jpg HTTP/1.1" 200 640
186.29.82.102 - - [21/Feb/2019:08:31:32 -0500] "GET /BLA/boletinlegal/images/menu_lft.gif HTTP/1.1" 200 1713
181.53.12.238 - - [21/Feb/2019:08:31:32 -0500] "GET /galeria/galeria/jquery.fancybox.css?v=2.1.5 HTTP/1.1" 200 4895
186.155.228.34 - - [21/Feb/2019:08:31:32 -0500] "GET /galeria/nivo-slider/demo/images/Banner%20Politica%20Publica%20CONPES%20(1).ai HTTP/1.1" 200 1775371
181.53.12.238 - - [21/Feb/2019:08:31:32 -0500] "GET /BLA/boletinlegal/js/jquery.scrollShow.js HTTP/1.1" 200 4586
181.53.12.238 - - [21/Feb/2019:08:31:32 -0500] "GET /galeria/galeria/jquery.fancybox.js?v=2.1.5 HTTP/1.1" 200 48706
186.29.82.102 - - [21/Feb/2019:08:31:32 -0500] "GET /BLA/boletinlegal/images/bg_top.jpg HTTP/1.1" 200 522
186.29.82.102 - - [21/Feb/2019:08:31:33 -0500] "GET /BLA/boletinlegal/images/screen_2.png HTTP/1.1" 200 362502
186.29.82.102 - - [21/Feb/2019:08:31:33 -0500] "GET /BLA/boletinlegal/images/screen_3.png HTTP/1.1" 200 210620
186.29.82.102 - - [21/Feb/2019:08:31:33 -0500] "GET /BLA/boletinlegal/images/screen_5.png HTTP/1.1" 200 368876
186.28.50.119 - - [21/Feb/2019:08:31:33 -0500] "POST /sipse/faces/presentacion/financiero/solicitudProceso/consultarSolicitudProceso.xhtml HTTP/1.1" 200 41848
186.28.50.119 - - [21/Feb/2019:08:31:34 -0500] "GET /sipse/faces/javax.faces.resource/theme.css?ln=primefaces-sipse HTTP/1.1" 304 -
186.28.50.119 - - [21/Feb/2019:08:31:34 -0500] "GET /sipse/faces/javax.faces.resource/primefaces.css?ln=primefaces&v=4.0 HTTP/1.1" 304 -
186.28.50.119 - - [21/Feb/2019:08:31:34 -0500] "GET /sipse/faces/javax.faces.resource/layout/layout.css?ln=primefaces&v=4.0 HTTP/1.1" 304 -
186.29.82.102 - - [21/Feb/2019:08:31:34 -0500] "GET /BLA/boletinlegal/images/footer_bg.jpg HTTP/1.1" 200 586
186.28.50.119 - - [21/Feb/2019:08:31:34 -0500] "GET /sipse/faces/javax.faces.resource/jquery/jquery.js?ln=primefaces&v=4.0 HTTP/1.1" 304 -
186.28.50.119 - - [21/Feb/2019:08:31:34 -0500] "GET /sipse/faces/javax.faces.resource/jquery/jquery-plugins.js?ln=primefaces&v=4.0 HTTP/1.1" 304 -
186.29.82.102 - - [21/Feb/2019:08:31:34 -0500] "GET /BLA/boletinlegal/images/arr_r.jpg HTTP/1.1" 200 1998
186.28.50.119 - - [21/Feb/2019:08:31:34 -0500] "GET /sipse/faces/javax.faces.resource/primefaces.js?ln=primefaces&v=4.0 HTTP/1.1" 304 -
186.28.50.119 - - [21/Feb/2019:08:31:34 -0500] "GET /sipse/faces/javax.faces.resource/layout/layout.js?ln=primefaces&v=4.0 HTTP/1.1" 304 -
186.28.50.119 - - [21/Feb/2019:08:31:35 -0500] "GET /sipse/css/imagen/contrasena.png HTTP/1.1" 404 383
186.29.82.102 - - [21/Feb/2019:08:31:35 -0500] "GET /BLA/boletinlegal/images/historia.png HTTP/1.1" 200 52775
186.29.82.102 - - [21/Feb/2019:08:31:35 -0500] "GET /BLA/boletinlegal/images/registro-usuarios.png HTTP/1.1" 200 8106
186.29.82.102 - - [21/Feb/2019:08:31:35 -0500] "GET /BLA/boletinlegal/images/arr_l.jpg HTTP/1.1" 200 1979
186.29.82.102 - - [21/Feb/2019:08:31:36 -0500] "GET /BLA/boletinlegal/images/screen_1.png HTTP/1.1" 200 202547
186.28.50.119 - - [21/Feb/2019:08:31:36 -0500] "POST /sipse/faces/presentacion/financiero/solicitudProceso/consultar.xhtml HTTP/1.1" 200 12828
186.29.82.102 - - [21/Feb/2019:08:31:37 -0500] "GET /galeria/nivo-slider/demo/images/Banner%20Politica%20Publica%20CONPES%20(1).ai HTTP/1.1" 200 1775371
186.29.82.102 - - [21/Feb/2019:08:31:37 -0500] "GET /galeria/nivo-slider/demo/images/Banner%20practicas%20sostenibles.jpg HTTP/1.1" 200 142958
186.29.82.102 - - [21/Feb/2019:08:31:38 -0500] "GET /galeria/nivo-slider/demo/images/Banner%20POT.png HTTP/1.1" 200 418238
186.29.82.102 - - [21/Feb/2019:08:31:39 -0500] "GET /galeria/nivo-slider/demo/images/incendios-forestales.png HTTP/1.1" 200 61469
186.29.82.102 - - [21/Feb/2019:08:31:40 -0500] "GET /galeria/nivo-slider/demo/images/Pot_banner.jpg HTTP/1.1" 200 204736
186.29.82.102 - - [21/Feb/2019:08:31:41 -0500] "GET /galeria/nivo-slider/demo/images/BANNER%20punto.jpg HTTP/1.1" 200 75932
186.29.82.102 - - [21/Feb/2019:08:31:41 -0500] "GET /galeria/nivo-slider/demo/images/Banneranonimos.png HTTP/1.1" 200 109388
186.29.82.102 - - [21/Feb/2019:08:31:41 -0500] "GET /galeria/nivo-slider/demo/images/web%20ingreso%20humedales.png HTTP/1.1" 200 641193
186.29.82.102 - - [21/Feb/2019:08:31:42 -0500] "GET /galeria/nivo-slider/demo/images/gobierno%20digital-01.jpg HTTP/1.1" 200 116163
186.29.82.102 - - [21/Feb/2019:08:31:42 -0500] "GET /galeria/nivo-slider/demo/images/Otorgamiento-excelencia-ambiental-Jos%C3%A9-Celestino-Mutis-2.jpg HTTP/1.1" 200 276467
186.29.82.102 - - [21/Feb/2019:08:31:42 -0500] "GET /galeria/nivo-slider/demo/images/Banner_micrositio.png HTTP/1.1" 200 146950
186.29.82.102 - - [21/Feb/2019:08:31:43 -0500] "GET /galeria/nivo-slider/demo/images/avances-sentencias-rio-bogota-2.jpg HTTP/1.1" 200 304916
186.29.82.102 - - [21/Feb/2019:08:31:44 -0500] "GET /galeria/nivo-slider/demo/images/BANNER%20VAN%20DER%20HAMMEN.jpg HTTP/1.1" 200 64172
186.29.82.102 - - [21/Feb/2019:08:31:45 -0500] "GET /galeria/nivo-slider/demo/images/banner-humedales-de-bogota.jpg HTTP/1.1" 200 292611
190.158.27.50 - - [21/Feb/2019:08:31:45 -0500] "GET /autoliquidacion/index.php?dir=TR%C1MITES+VERTIMIENTOS%2F HTTP/1.1" 200 1989
190.158.27.50 - - [21/Feb/2019:08:31:45 -0500] "GET /autoliquidacion/dlf/styles.css HTTP/1.1" 200 3045
190.158.27.50 - - [21/Feb/2019:08:31:45 -0500] "GET /autoliquidacion/dlf/dirup.png HTTP/1.1" 200 644
186.29.82.102 - - [21/Feb/2019:08:31:45 -0500] "GET /galeria/nivo-slider/demo/images/maximavelocidad.png HTTP/1.1" 200 880272
186.29.82.102 - - [21/Feb/2019:08:31:45 -0500] "GET /galeria/nivo-slider/demo/images/banner%20aceite%20vegetal%20usado.jpg HTTP/1.1" 200 169350
190.158.27.50 - - [21/Feb/2019:08:31:47 -0500] "GET /autoliquidacion/index.php?dir=TR%C1MITES+VERTIMIENTOS%2FPERMISOS+DE+VERTIMIENTOS%2F HTTP/1.1" 200 3692
190.158.27.50 - - [21/Feb/2019:08:31:47 -0500] "GET /autoliquidacion/dlf/styles.css HTTP/1.1" 200 3045
190.158.27.50 - - [21/Feb/2019:08:31:47 -0500] "GET /autoliquidacion/dlf/xls.gif HTTP/1.1" 200 636
190.158.27.50 - - [21/Feb/2019:08:31:47 -0500] "GET /autoliquidacion/dlf/doc.gif HTTP/1.1" 200 1079
190.158.27.50 - - [21/Feb/2019:08:31:47 -0500] "GET /autoliquidacion/dlf/pdf.gif HTTP/1.1" 200 272
190.158.27.50 - - [21/Feb/2019:08:31:47 -0500] "GET /autoliquidacion/dlf/html.gif HTTP/1.1" 200 632
186.29.82.102 - - [21/Feb/2019:08:31:48 -0500] "GET /galeria/nivo-slider/demo/images/bannerlumina2017web.jpg HTTP/1.1" 200 198918
186.29.82.102 - - [21/Feb/2019:08:31:50 -0500] "GET /galeria/nivo-slider/demo/images/banner-bolsas-plasticas.jpg HTTP/1.1" 200 317939
181.49.236.238 - - [21/Feb/2019:08:31:50 -0500] "GET /galeria/nivo-slider/demo/images/Banner%20Politica%20Publica%20CONPES%20(1).ai HTTP/1.1" 206 1
181.49.236.238 - - [21/Feb/2019:08:31:50 -0500] "GET /galeria/nivo-slider/demo/images/Banner%20Politica%20Publica%20CONPES%20(1).ai HTTP/1.1" 206 1764036
186.29.82.102 - - [21/Feb/2019:08:31:51 -0500] "GET /BLA/boletinlegal/images/pdf.gif HTTP/1.1" 200 567
190.158.27.50 - - [21/Feb/2019:08:31:53 -0500] "GET /autoliquidacion/TR%C3%81MITES%20VERTIMIENTOS/PERMISOS%20DE%20VERTIMIENTOS/ANEXO%204.%20formulario%20Unico%20nacional%20de%20solicitud%20de%20permiso%20de%20vertimientos.doc HTTP/1.1" 200 75777
186.29.82.102 - - [21/Feb/2019:08:31:54 -0500] "GET /galeria/nivo-slider/themes/default/arrows.png HTTP/1.1" 200 824
186.29.82.102 - - [21/Feb/2019:08:31:54 -0500] "GET /galeria/nivo-slider/themes/default/bullets.png HTTP/1.1" 200 1281
181.49.236.238 - - [21/Feb/2019:08:32:00 -0500] "GET /galeria/nivo-slider/demo/images/Banner%20Politica%20Publica%20CONPES%20(1).ai HTTP/1.1" 206 1
181.49.236.238 - - [21/Feb/2019:08:32:00 -0500] "GET /galeria/nivo-slider/demo/images/Banner%20Politica%20Publica%20CONPES%20(1).ai HTTP/1.1" 206 1764036
181.54.171.148 - - [21/Feb/2019:08:32:00 -0500] "GET /galeria/galeria/jquery.fancybox.css?v=2.1.5 HTTP/1.1" 200 4895
181.54.171.148 - - [21/Feb/2019:08:32:00 -0500] "GET /BLA/boletinlegal/js/jquery.scrollShow.js HTTP/1.1" 200 4586
181.54.171.148 - - [21/Feb/2019:08:32:00 -0500] "GET /galeria/galeria/jquery.fancybox.js?v=2.1.5 HTTP/1.1" 200 48706
190.144.232.210 - - [21/Feb/2019:08:32:00 -0500] "GET /BLA/boletinlegal/js/jquery.scrollShow.js HTTP/1.1" 200 4586
190.144.232.210 - - [21/Feb/2019:08:32:00 -0500] "GET /galeria/galeria/jquery.fancybox.js?v=2.1.5 HTTP/1.1" 200 48706
190.144.232.210 - - [21/Feb/2019:08:32:00 -0500] "GET /galeria/galeria/jquery.fancybox.css?v=2.1.5 HTTP/1.1" 200 4895
66.249.88.60 - - [21/Feb/2019:08:32:05 -0500] "GET /BLA/boletinlegal/js/jquery.scrollShow.js HTTP/1.1" 200 4586
66.249.88.60 - - [21/Feb/2019:08:32:05 -0500] "GET /galeria/galeria/jquery.fancybox.js?v=2.1.5 HTTP/1.1" 200 48706
66.249.88.61 - - [21/Feb/2019:08:32:05 -0500] "GET /galeria/galeria/jquery.fancybox.css?v=2.1.5 HTTP/1.1" 200 4895
190.158.27.50 - - [21/Feb/2019:08:32:06 -0500] "GET /autoliquidacion/TR%C3%81MITES%20VERTIMIENTOS/PERMISOS%20DE%20VERTIMIENTOS/Aplicativo.html HTTP/1.1" 200 359
186.28.50.119 - - [21/Feb/2019:08:32:09 -0500] "POST /sipse/faces/presentacion/financiero/solicitudProceso/consultar.xhtml HTTP/1.1" 200 113574
186.28.50.119 - - [21/Feb/2019:08:32:09 -0500] "GET /sipse/faces/javax.faces.resource/theme.css?ln=primefaces-sipse HTTP/1.1" 304 -
186.28.50.119 - - [21/Feb/2019:08:32:09 -0500] "GET /sipse/faces/javax.faces.resource/primefaces.css?ln=primefaces&v=4.0 HTTP/1.1" 304 -
186.28.50.119 - - [21/Feb/2019:08:32:09 -0500] "GET /sipse/faces/javax.faces.resource/layout/layout.css?ln=primefaces&v=4.0 HTTP/1.1" 304 -
186.28.50.119 - - [21/Feb/2019:08:32:10 -0500] "GET /sipse/faces/javax.faces.resource/jquery/jquery.js?ln=primefaces&v=4.0 HTTP/1.1" 304 -
186.28.50.119 - - [21/Feb/2019:08:32:10 -0500] "GET /sipse/faces/javax.faces.resource/jquery/jquery-plugins.js?ln=primefaces&v=4.0 HTTP/1.1" 304 -
186.28.50.119 - - [21/Feb/2019:08:32:10 -0500] "GET /sipse/faces/javax.faces.resource/primefaces.js?ln=primefaces&v=4.0 HTTP/1.1" 304 -
186.28.50.119 - - [21/Feb/2019:08:32:10 -0500] "GET /sipse/faces/javax.faces.resource/layout/layout.js?ln=primefaces&v=4.0 HTTP/1.1" 304 -
186.28.50.119 - - [21/Feb/2019:08:32:10 -0500] "GET /sipse/css/imagen/contrasena.png HTTP/1.1" 404 383
186.28.50.119 - - [21/Feb/2019:08:32:10 -0500] "GET /reportes_sipse/sdg/ServletReporte?reporte=solicitud_cdp&Solicitud=5636&pfdrid_c=false HTTP/1.1" 200 55880
186.28.50.119 - - [21/Feb/2019:08:32:12 -0500] "POST /sipse/faces/presentacion/financiero/solicitudProceso/consultarSolicitudProceso.xhtml HTTP/1.1" 200 37822
186.28.50.119 - - [21/Feb/2019:08:32:13 -0500] "GET /sipse/faces/javax.faces.resource/theme.css?ln=primefaces-sipse HTTP/1.1" 304 -
186.28.50.119 - - [21/Feb/2019:08:32:13 -0500] "GET /sipse/faces/javax.faces.resource/primefaces.css?ln=primefaces&v=4.0 HTTP/1.1" 304 -
186.28.50.119 - - [21/Feb/2019:08:32:13 -0500] "GET /sipse/faces/javax.faces.resource/layout/layout.css?ln=primefaces&v=4.0 HTTP/1.1" 304 -
186.28.50.119 - - [21/Feb/2019:08:32:13 -0500] "GET /sipse/faces/javax.faces.resource/jquery/jquery.js?ln=primefaces&v=4.0 HTTP/1.1" 304 -
186.28.50.119 - - [21/Feb/2019:08:32:13 -0500] "GET /sipse/faces/javax.faces.resource/jquery/jquery-plugins.js?ln=primefaces&v=4.0 HTTP/1.1" 304 -
186.28.50.119 - - [21/Feb/2019:08:32:13 -0500] "GET /sipse/faces/javax.faces.resource/primefaces.js?ln=primefaces&v=4.0 HTTP/1.1" 304 -
186.28.50.119 - - [21/Feb/2019:08:32:13 -0500] "GET /sipse/faces/javax.faces.resource/layout/layout.js?ln=primefaces&v=4.0 HTTP/1.1" 304 -
186.28.50.119 - - [21/Feb/2019:08:32:13 -0500] "GET /sipse/css/imagen/contrasena.png HTTP/1.1" 404 383
201.245.192.253 - - [21/Feb/2019:08:32:19 -0500] "GET /galeria/nivo-slider/demo/demo.html HTTP/1.1" 200 22733
201.245.192.253 - - [21/Feb/2019:08:32:20 -0500] "GET /galeria/nivo-slider/demo/images/web%20pregunta.png HTTP/1.1" 200 425077
190.25.224.10 - - [21/Feb/2019:08:32:20 -0500] "GET /galeria/galeria/jquery.fancybox.css?v=2.1.5 HTTP/1.1" 200 4895
190.25.224.10 - - [21/Feb/2019:08:32:20 -0500] "GET /galeria/carrusel/Carrusel/jquery.thumbnailScroller.css HTTP/1.1" 200 2066
190.25.224.10 - - [21/Feb/2019:08:32:20 -0500] "GET /BLA/boletinlegal/js/jquery.scrollShow.js HTTP/1.1" 200 4586
190.25.224.10 - - [21/Feb/2019:08:32:20 -0500] "GET /galeria/galeria/jquery.fancybox.js?v=2.1.5 HTTP/1.1" 200 48706
190.25.224.10 - - [21/Feb/2019:08:32:20 -0500] "GET /galeria/carrusel/Carrusel/jquery-ui-1.8.13.custom.min.js HTTP/1.1" 200 10800
190.25.224.10 - - [21/Feb/2019:08:32:20 -0500] "GET /galeria/carrusel/Carrusel/jquery.thumbnailScroller.js HTTP/1.1" 200 8157
201.245.192.253 - - [21/Feb/2019:08:32:21 -0500] "GET /galeria/nivo-slider/demo/images/Trafico%20de%20fauna.jpg HTTP/1.1" 304 -
201.245.192.253 - - [21/Feb/2019:08:32:21 -0500] "GET /galeria/nivo-slider/demo/images/Bannerweb_Tinguas.jpg HTTP/1.1" 304 -
201.245.192.253 - - [21/Feb/2019:08:32:21 -0500] "GET /galeria/nivo-slider/demo/images/Banner%20PGAE.jpg HTTP/1.1" 304 -
200.75.48.35 - - [21/Feb/2019:08:32:21 -0500] "GET /galeria/nivo-slider/demo/demo.html HTTP/1.1" 200 22733
190.25.224.10 - - [21/Feb/2019:08:32:21 -0500] "GET /galeria/nivo-slider/demo/demo.html HTTP/1.1" 200 22733
201.245.192.253 - - [21/Feb/2019:08:32:21 -0500] "GET /galeria/nivo-slider/demo/images/Banner%20-%20Pread.jpg HTTP/1.1" 200 190212
