190.85.51.227 - - [21/Feb/2019:02:32:22 -0500] "GET /autoliquidacion/dlf/styles.css HTTP/1.1" 200 3045
190.85.51.227 - - [21/Feb/2019:02:32:22 -0500] "GET /autoliquidacion/dlf/folder.png HTTP/1.1" 200 410
190.85.51.227 - - [21/Feb/2019:02:32:22 -0500] "GET /autoliquidacion/dlf/bg.gif HTTP/1.1" 200 54
190.85.51.227 - - [21/Feb/2019:02:32:23 -0500] "GET /autoliquidacion/ HTTP/1.1" 200 6377
192.168.175.104 - - [21/Feb/2019:02:32:24 -0500] "GET / HTTP/1.0" 200 9990
54.36.148.77 - - [21/Feb/2019:02:32:25 -0500] "GET /BLA/resoluciones/index.php?dir=RESOLUCIONES%202003/RES%202003%201651-1700/&sort=size&order=desc HTTP/1.1" 200 12147
190.85.51.227 - - [21/Feb/2019:02:33:01 -0500] "GET /autoliquidacion/index.php?dir=Solicitud+de+Clasificaci%F3n+de+Impacto+Ambiental%2F HTTP/1.1" 200 2877
190.85.51.227 - - [21/Feb/2019:02:33:02 -0500] "GET /autoliquidacion/dlf/dirup.png HTTP/1.1" 200 644
190.85.51.227 - - [21/Feb/2019:02:33:02 -0500] "GET /autoliquidacion/dlf/xls.gif HTTP/1.1" 200 636
190.85.51.227 - - [21/Feb/2019:02:33:02 -0500] "GET /autoliquidacion/dlf/html.gif HTTP/1.1" 200 632
69.162.124.233 - - [21/Feb/2019:02:33:42 -0500] "HEAD / HTTP/1.1" 200 -
190.85.51.227 - - [21/Feb/2019:02:33:55 -0500] "GET /galeria/carrusel/Carrusel/jquery.thumbnailScroller.css HTTP/1.1" 200 2066
190.85.51.227 - - [21/Feb/2019:02:33:55 -0500] "GET /galeria/carrusel/Carrusel/jquery-ui-1.8.13.custom.min.js HTTP/1.1" 200 10800
190.85.51.227 - - [21/Feb/2019:02:33:55 -0500] "GET /galeria/carrusel/Carrusel/jquery.thumbnailScroller.js HTTP/1.1" 200 8157
190.85.51.227 - - [21/Feb/2019:02:33:55 -0500] "GET /galeria/nivo-slider/demo/demo.html HTTP/1.1" 200 22733
190.85.51.227 - - [21/Feb/2019:02:33:56 -0500] "GET /galeria/nivo-slider/themes/default/default.css HTTP/1.1" 200 1569
190.85.51.227 - - [21/Feb/2019:02:33:56 -0500] "GET /galeria/nivo-slider/themes/pascal/pascal.css HTTP/1.1" 200 2258
190.85.51.227 - - [21/Feb/2019:02:33:56 -0500] "GET /galeria/nivo-slider/themes/orman/orman.css HTTP/1.1" 200 2152
190.85.51.227 - - [21/Feb/2019:02:33:56 -0500] "GET /galeria/nivo-slider/nivo-slider.css HTTP/1.1" 200 1507
190.85.51.227 - - [21/Feb/2019:02:33:56 -0500] "GET /galeria/nivo-slider/demo/style.css HTTP/1.1" 200 2222
190.85.51.227 - - [21/Feb/2019:02:33:56 -0500] "GET /galeria/nivo-slider/demo/images/web%20pregunta.png HTTP/1.1" 200 425077
190.85.51.227 - - [21/Feb/2019:02:33:56 -0500] "GET /galeria/nivo-slider/demo/scripts/jquery-1.7.1.min.js HTTP/1.1" 200 93868
190.85.51.227 - - [21/Feb/2019:02:33:56 -0500] "GET /galeria/nivo-slider/jquery.nivo.slider.pack.js HTTP/1.1" 200 11561
190.85.51.227 - - [21/Feb/2019:02:33:56 -0500] "GET /galeria/nivo-slider/demo/images/Trafico%20de%20fauna.jpg HTTP/1.1" 200 198327
190.85.51.227 - - [21/Feb/2019:02:33:56 -0500] "GET /galeria/nivo-slider/demo/images/Bannerweb_Tinguas.jpg HTTP/1.1" 200 258471
190.85.51.227 - - [21/Feb/2019:02:33:56 -0500] "GET /galeria/nivo-slider/demo/images/Banner%20PGAE.jpg HTTP/1.1" 200 258166
190.85.51.227 - - [21/Feb/2019:02:33:56 -0500] "GET /galeria/nivo-slider/demo/images/Banner%20-%20Pread.jpg HTTP/1.1" 200 190212
190.85.51.227 - - [21/Feb/2019:02:33:57 -0500] "GET /galeria/nivo-slider/demo/images/Banner%20Febrero%20caminatas.jpg HTTP/1.1" 200 281690
190.85.51.227 - - [21/Feb/2019:02:33:57 -0500] "GET /galeria/nivo-slider/demo/images/4Simple_Slider.png HTTP/1.1" 200 11722
190.85.51.227 - - [21/Feb/2019:02:33:57 -0500] "GET /galeria/nivo-slider/themes/default/loading.gif HTTP/1.1" 200 1737
190.85.51.227 - - [21/Feb/2019:02:33:57 -0500] "GET /galeria/nivo-slider/demo/images/Banner%20Conpes.jpg HTTP/1.1" 200 55220
190.85.51.227 - - [21/Feb/2019:02:33:57 -0500] "GET /galeria/nivo-slider/demo/images/Banner%20Politica%20Publica%20CONPES%20(1).ai HTTP/1.1" 200 1775371
190.85.51.227 - - [21/Feb/2019:02:33:58 -0500] "GET /galeria/nivo-slider/demo/images/Banner%20practicas%20sostenibles.jpg HTTP/1.1" 200 142958
190.85.51.227 - - [21/Feb/2019:02:33:58 -0500] "GET /galeria/nivo-slider/demo/images/Banner%20POT.png HTTP/1.1" 200 418238
190.85.51.227 - - [21/Feb/2019:02:33:58 -0500] "GET /galeria/nivo-slider/demo/images/incendios-forestales.png HTTP/1.1" 200 61469
190.85.51.227 - - [21/Feb/2019:02:33:58 -0500] "GET /galeria/nivo-slider/demo/images/Pot_banner.jpg HTTP/1.1" 200 204736
190.85.51.227 - - [21/Feb/2019:02:33:58 -0500] "GET /galeria/nivo-slider/demo/images/BANNER%20punto.jpg HTTP/1.1" 200 75932
190.85.51.227 - - [21/Feb/2019:02:33:59 -0500] "GET /galeria/nivo-slider/demo/images/Banneranonimos.png HTTP/1.1" 200 109388
190.85.51.227 - - [21/Feb/2019:02:33:59 -0500] "GET /galeria/nivo-slider/demo/images/web%20ingreso%20humedales.png HTTP/1.1" 200 641193
190.85.51.227 - - [21/Feb/2019:02:33:59 -0500] "GET /galeria/nivo-slider/demo/images/gobierno%20digital-01.jpg HTTP/1.1" 200 116163
190.85.51.227 - - [21/Feb/2019:02:33:59 -0500] "GET /galeria/nivo-slider/demo/images/Otorgamiento-excelencia-ambiental-Jos%C3%A9-Celestino-Mutis-2.jpg HTTP/1.1" 200 276467
190.85.51.227 - - [21/Feb/2019:02:34:00 -0500] "GET /galeria/nivo-slider/demo/images/avances-sentencias-rio-bogota-2.jpg HTTP/1.1" 200 304916
190.85.51.227 - - [21/Feb/2019:02:34:00 -0500] "GET /galeria/nivo-slider/demo/images/Banner_micrositio.png HTTP/1.1" 200 146950
190.85.51.227 - - [21/Feb/2019:02:34:00 -0500] "GET /galeria/nivo-slider/demo/images/BANNER%20VAN%20DER%20HAMMEN.jpg HTTP/1.1" 200 64172
190.85.51.227 - - [21/Feb/2019:02:34:00 -0500] "GET /galeria/nivo-slider/demo/images/banner-humedales-de-bogota.jpg HTTP/1.1" 200 292611
190.85.51.227 - - [21/Feb/2019:02:34:00 -0500] "GET /galeria/nivo-slider/demo/images/maximavelocidad.png HTTP/1.1" 200 880272
190.85.51.227 - - [21/Feb/2019:02:34:01 -0500] "GET /galeria/nivo-slider/demo/images/banner%20aceite%20vegetal%20usado.jpg HTTP/1.1" 200 169350
190.85.51.227 - - [21/Feb/2019:02:34:02 -0500] "GET /galeria/nivo-slider/demo/images/bannerlumina2017web.jpg HTTP/1.1" 200 198918
190.85.51.227 - - [21/Feb/2019:02:34:02 -0500] "GET /galeria/nivo-slider/demo/images/banner-bolsas-plasticas.jpg HTTP/1.1" 200 317939
190.85.51.227 - - [21/Feb/2019:02:34:04 -0500] "GET /galeria/nivo-slider/themes/default/arrows.png HTTP/1.1" 200 824
190.85.51.227 - - [21/Feb/2019:02:34:04 -0500] "GET /galeria/nivo-slider/themes/default/bullets.png HTTP/1.1" 200 1281
35.241.205.196 - - [21/Feb/2019:02:34:35 -0500] "-" 408 -
66.249.79.185 - - [21/Feb/2019:02:34:56 -0500] "GET /BLA/resoluciones/AUTOS%202015/5266.pdf HTTP/1.1" 200 878001
66.249.79.185 - - [21/Feb/2019:02:35:27 -0500] "GET /BLA/resoluciones/AUTOS%202014/5640.pdf HTTP/1.1" 200 206044
192.168.175.104 - - [21/Feb/2019:02:35:28 -0500] "GET / HTTP/1.1" 200 9990
66.249.79.185 - - [21/Feb/2019:02:35:34 -0500] "GET /BLA/resoluciones/AUTOS%202015/0902.pdf HTTP/1.1" 200 496345
207.46.13.88 - - [21/Feb/2019:02:35:40 -0500] "GET /BLA/boletinlegal/Directivas/2013/Directiva%20No.%202%20del%2004%20de%20Abril%20de%202013.pdf HTTP/1.1" 200 1182671
66.249.79.185 - - [21/Feb/2019:02:35:48 -0500] "GET /menu/css/style.css HTTP/1.1" 404 1314
66.249.79.187 - - [21/Feb/2019:02:35:48 -0500] "GET /menu/js/jquery.vaccordion.js HTTP/1.1" 404 1314
66.249.79.187 - - [21/Feb/2019:02:35:49 -0500] "GET /menu/js/jquery.mousewheel.js HTTP/1.1" 404 1314
66.249.79.187 - - [21/Feb/2019:02:35:51 -0500] "GET /menu/js/jquery.easing.1.3.js HTTP/1.1" 404 1314
66.249.79.185 - - [21/Feb/2019:02:35:52 -0500] "GET /menu/css/demo.css HTTP/1.1" 404 1314
190.85.51.227 - - [21/Feb/2019:02:35:54 -0500] "GET /galeria/nivo-slider/demo/images/Banner%20Politica%20Publica%20CONPES%20(1).ai HTTP/1.1" 206 1
190.85.51.227 - - [21/Feb/2019:02:35:54 -0500] "GET /galeria/nivo-slider/demo/images/Banner%20Politica%20Publica%20CONPES%20(1).ai HTTP/1.1" 206 1434102
54.36.148.74 - - [21/Feb/2019:02:36:04 -0500] "GET /BLA/resoluciones/RESOLUCIONES%202003/RES%202003%20751-800/773.tif HTTP/1.1" 200 364148
190.85.51.227 - - [21/Feb/2019:02:36:06 -0500] "GET /galeria/nivo-slider/demo/images/Banner%20Politica%20Publica%20CONPES%20(1).ai HTTP/1.1" 206 1
190.85.51.227 - - [21/Feb/2019:02:36:06 -0500] "GET /galeria/nivo-slider/demo/images/Banner%20Politica%20Publica%20CONPES%20(1).ai HTTP/1.1" 206 1251083
66.249.79.185 - - [21/Feb/2019:02:36:50 -0500] "GET /BLA/resoluciones/AUTOS%202014/5384.pdf HTTP/1.1" 200 589602
54.36.150.64 - - [21/Feb/2019:02:36:52 -0500] "GET /BLA/resoluciones/RESOLUCIONES%202003/RES%202003%201051-1100/1091.tif HTTP/1.1" 200 201284
192.168.175.104 - - [21/Feb/2019:02:37:22 -0500] "GET / HTTP/1.0" 200 9990
66.249.79.189 - - [21/Feb/2019:02:37:29 -0500] "GET /BLA/resoluciones/AUTOS%202008/0409.pdf HTTP/1.1" 200 164729
66.249.79.187 - - [21/Feb/2019:02:38:07 -0500] "GET /BLA/resoluciones/AUTOS%202015/2497.pdf HTTP/1.1" 200 918028
216.244.66.195 - - [21/Feb/2019:02:38:10 -0500] "GET /robots.txt HTTP/1.1" 404 1018
69.162.124.233 - - [21/Feb/2019:02:38:42 -0500] "HEAD / HTTP/1.1" 200 -
66.249.79.187 - - [21/Feb/2019:02:38:45 -0500] "GET /BLA/resoluciones/AUTOS%202015/4772.pdf HTTP/1.1" 200 602792
54.36.150.26 - - [21/Feb/2019:02:39:00 -0500] "GET /BLA/resoluciones/AUTOS%202006/AUTOS%202006%201201-1300/00001234.tif HTTP/1.1" 200 1980144
66.249.79.189 - - [21/Feb/2019:02:39:23 -0500] "GET /BLA/resoluciones/AUTOS%202012/1482.pdf HTTP/1.1" 200 500327
66.249.79.189 - - [21/Feb/2019:02:40:01 -0500] "GET /BLA/resoluciones/AUTOS%202015/5368.pdf HTTP/1.1" 200 492385
66.102.6.97 - - [21/Feb/2019:02:40:23 -0500] "-" 408 -
54.36.149.67 - - [21/Feb/2019:02:40:24 -0500] "GET /BLA/resoluciones/index.php?dir=RESOLUCIONES%202003/RES%202003%20451-500/&sort=name&order=desc HTTP/1.1" 200 11310
157.55.39.70 - - [21/Feb/2019:02:40:25 -0500] "GET / HTTP/1.1" 304 -
192.168.175.104 - - [21/Feb/2019:02:40:26 -0500] "GET / HTTP/1.1" 200 9990
157.55.39.111 - - [21/Feb/2019:02:40:28 -0500] "GET /galeria/carrusel/Carrusel/jquery-ui- HTTP/1.1" 404 1018
66.102.6.127 - - [21/Feb/2019:02:40:31 -0500] "-" 408 -
138.186.30.15 - - [21/Feb/2019:02:40:36 -0500] "-" 408 -
66.249.79.185 - - [21/Feb/2019:02:40:39 -0500] "GET /BLA/resoluciones/AUTOS%202008/0857.pdf HTTP/1.1" 200 113745
66.249.79.185 - - [21/Feb/2019:02:40:49 -0500] "GET /BLA/resoluciones/RESOLUCIONES%202009/1584.pdf HTTP/1.1" 200 522515
66.249.79.185 - - [21/Feb/2019:02:40:56 -0500] "GET /BLA/resoluciones/RESOLUCIONES%202011/3470.pdf HTTP/1.1" 200 540274
200.118.247.183 - - [21/Feb/2019:02:40:59 -0500] "GET /BLA/boletinlegal/js/jquery.scrollShow.js HTTP/1.1" 200 4586
200.118.247.183 - - [21/Feb/2019:02:40:59 -0500] "GET /galeria/galeria/jquery.fancybox.css?v=2.1.5 HTTP/1.1" 200 4895
200.118.247.183 - - [21/Feb/2019:02:40:59 -0500] "GET /galeria/galeria/jquery.fancybox.js?v=2.1.5 HTTP/1.1" 200 48706
66.249.79.187 - - [21/Feb/2019:02:41:18 -0500] "GET /BLA/resoluciones/AUTOS%202014/3505.pdf HTTP/1.1" 200 374892
200.118.247.183 - - [21/Feb/2019:02:41:22 -0500] "GET /BLA/boletinlegal/style.css HTTP/1.1" 200 9406
200.118.247.183 - - [21/Feb/2019:02:41:22 -0500] "GET /BLA/boletinlegal/styles2.css HTTP/1.1" 200 1838
200.118.247.183 - - [21/Feb/2019:02:41:22 -0500] "GET /BLA/boletinlegal/js/jquery.scrollTo-min.js HTTP/1.1" 200 1150
200.118.247.183 - - [21/Feb/2019:02:41:22 -0500] "GET /BLA/boletinlegal/js/jquery.js HTTP/1.1" 200 57254
200.118.247.183 - - [21/Feb/2019:02:41:22 -0500] "GET /BLA/boletinlegal/images/cabezote%20BLEGAL.jpg HTTP/1.1" 200 118164
200.118.247.183 - - [21/Feb/2019:02:41:22 -0500] "GET /BLA/boletinlegal/images/subscribe-icon-big.png HTTP/1.1" 200 47702
200.118.247.183 - - [21/Feb/2019:02:41:22 -0500] "GET /BLA/boletinlegal/images/historia.png HTTP/1.1" 200 52775
200.118.247.183 - - [21/Feb/2019:02:41:23 -0500] "GET /BLA/boletinlegal/images/registro-usuarios.png HTTP/1.1" 200 8106
200.118.247.183 - - [21/Feb/2019:02:41:23 -0500] "GET /BLA/boletinlegal/images/arr_l.jpg HTTP/1.1" 200 1979
200.118.247.183 - - [21/Feb/2019:02:41:23 -0500] "GET /BLA/boletinlegal/images/screen_1.png HTTP/1.1" 200 202547
200.118.247.183 - - [21/Feb/2019:02:41:23 -0500] "GET /BLA/boletinlegal/images/launch.jpg HTTP/1.1" 200 14577
200.118.247.183 - - [21/Feb/2019:02:41:23 -0500] "GET /BLA/boletinlegal/images/body_bg.jpg HTTP/1.1" 200 1601
200.118.247.183 - - [21/Feb/2019:02:41:23 -0500] "GET /BLA/boletinlegal/images/menu_rght.gif HTTP/1.1" 200 1627
200.118.247.183 - - [21/Feb/2019:02:41:23 -0500] "GET /BLA/boletinlegal/images/menu_lft.gif HTTP/1.1" 200 1713
200.118.247.183 - - [21/Feb/2019:02:41:23 -0500] "GET /BLA/boletinlegal/images/bg_top.jpg HTTP/1.1" 200 522
200.118.247.183 - - [21/Feb/2019:02:41:23 -0500] "GET /BLA/boletinlegal/images/menu_bg.jpg HTTP/1.1" 200 620
200.118.247.183 - - [21/Feb/2019:02:41:23 -0500] "GET /BLA/boletinlegal/images/hover.jpg HTTP/1.1" 200 640
200.118.247.183 - - [21/Feb/2019:02:41:23 -0500] "GET /BLA/boletinlegal/images/text.jpg HTTP/1.1" 200 568
200.118.247.183 - - [21/Feb/2019:02:41:28 -0500] "GET /BLA/boletinlegal/images/screen_2.png HTTP/1.1" 200 362502
200.118.247.183 - - [21/Feb/2019:02:41:28 -0500] "GET /BLA/boletinlegal/images/screen_5.png HTTP/1.1" 200 368876
200.118.247.183 - - [21/Feb/2019:02:41:28 -0500] "GET /BLA/boletinlegal/images/screen_3.png HTTP/1.1" 200 210620
200.118.247.183 - - [21/Feb/2019:02:41:28 -0500] "GET /BLA/boletinlegal/images/arr_r.jpg HTTP/1.1" 200 1998
200.118.247.183 - - [21/Feb/2019:02:41:28 -0500] "GET /BLA/boletinlegal/images/footer_bg.jpg HTTP/1.1" 200 586
200.118.247.183 - - [21/Feb/2019:02:41:35 -0500] "GET /BLA/boletinlegal/images/pdf.gif HTTP/1.1" 200 567
200.118.247.183 - - [21/Feb/2019:02:41:39 -0500] "GET /BLA/boletinlegal/actos.php HTTP/1.1" 200 8778
200.118.247.183 - - [21/Feb/2019:02:41:40 -0500] "GET /BLA/boletinlegal/js/ajax_actos.js HTTP/1.1" 200 1322
200.118.247.183 - - [21/Feb/2019:02:41:40 -0500] "GET /BLA/boletinlegal/niceforms-default.css HTTP/1.1" 200 6694
200.118.247.183 - - [21/Feb/2019:02:41:40 -0500] "GET /BLA/boletinlegal/niceforms.js HTTP/1.1" 200 22876
200.118.247.183 - - [21/Feb/2019:02:41:40 -0500] "GET /BLA/boletinlegal/js/lib.js HTTP/1.1" 200 6474
200.118.247.183 - - [21/Feb/2019:02:41:40 -0500] "GET /BLA/boletinlegal/js/jquery1.js HTTP/1.1" 200 29846
200.118.247.183 - - [21/Feb/2019:02:41:40 -0500] "GET /BLA/boletinlegal/images/green-yellow-blue-pink-th.png HTTP/1.1" 200 7394
200.118.247.183 - - [21/Feb/2019:02:41:40 -0500] "GET /BLA/boletinlegal/js/popup.js HTTP/1.1" 200 1270
200.118.247.183 - - [21/Feb/2019:02:41:40 -0500] "GET /BLA/boletinlegal/images/abajo.png HTTP/1.1" 200 96676
200.118.247.183 - - [21/Feb/2019:02:41:40 -0500] "GET /BLA/boletinlegal/images/tel.png HTTP/1.1" 200 14477
200.118.247.183 - - [21/Feb/2019:02:41:40 -0500] "GET /BLA/boletinlegal/images/icono-email.png HTTP/1.1" 200 5544
200.118.247.183 - - [21/Feb/2019:02:41:40 -0500] "GET /BLA/boletinlegal/images/footer_bg_l.jpg HTTP/1.1" 200 776
200.118.247.183 - - [21/Feb/2019:02:41:40 -0500] "GET /BLA/boletinlegal/img/0.png HTTP/1.1" 200 110
200.118.247.183 - - [21/Feb/2019:02:41:40 -0500] "GET /BLA/boletinlegal/img/select-left.png HTTP/1.1" 200 263
200.118.247.183 - - [21/Feb/2019:02:41:40 -0500] "GET /BLA/boletinlegal/img/button-left.png HTTP/1.1" 200 57071
200.118.247.183 - - [21/Feb/2019:02:41:40 -0500] "GET /BLA/boletinlegal/img/button-right.png HTTP/1.1" 200 57878
200.118.247.183 - - [21/Feb/2019:02:41:40 -0500] "GET /BLA/boletinlegal/img/select-right.png HTTP/1.1" 200 44019
200.118.247.183 - - [21/Feb/2019:02:41:40 -0500] "GET /BLA/boletinlegal/img/button.png HTTP/1.1" 200 43241
200.118.247.183 - - [21/Feb/2019:02:41:40 -0500] "GET /favicon.ico HTTP/1.1" 200 7782
200.118.247.183 - - [21/Feb/2019:02:41:22 -0500] "GET /BLA/boletinlegal/index.php? HTTP/1.1" 200 28619
66.249.79.187 - - [21/Feb/2019:02:41:56 -0500] "GET /BLA/resoluciones/AUTOS%202014/6256.pdf HTTP/1.1" 200 1842780
54.36.148.125 - - [21/Feb/2019:02:42:11 -0500] "GET /BLA/resoluciones/RESOLUCIONES%202006/RES%202006%20%203001-3054/00003021.tif HTTP/1.1" 200 35692
192.168.175.104 - - [21/Feb/2019:02:42:20 -0500] "GET / HTTP/1.0" 200 9990
200.118.247.183 - - [21/Feb/2019:02:42:21 -0500] "GET /BLA/boletinlegal/consulta_actos.php?tipo=resoluciones&no=4428&usuario=&sector=&fecha=2011&resuelve= HTTP/1.1" 200 626
200.118.247.183 - - [21/Feb/2019:02:42:28 -0500] "GET /BLA/boletinlegal/consulta_actos.php?tipo=resoluciones&no=4428&usuario=&sector=&fecha=2011&resuelve= HTTP/1.1" 200 626
66.249.79.185 - - [21/Feb/2019:02:42:34 -0500] "GET /BLA/resoluciones/AUTOS%202016/0059.pdf HTTP/1.1" 200 596725
200.118.247.183 - - [21/Feb/2019:02:42:37 -0500] "GET /BLA/boletinlegal/consulta_actos.php?tipo=resoluciones&no=4428&usuario=&sector=&fecha=2011&resuelve= HTTP/1.1" 200 626
200.118.247.183 - - [21/Feb/2019:02:42:56 -0500] "GET /BLA/boletinlegal/consulta_actos.php?tipo=resoluciones&no=4428&usuario=&sector=RESIDUOS&fecha=2011&resuelve= HTTP/1.1" 200 626
66.249.79.185 - - [21/Feb/2019:02:43:12 -0500] "GET /BLA/resoluciones/AUTOS%202015/2104.pdf HTTP/1.1" 200 1136161
200.118.247.183 - - [21/Feb/2019:02:43:02 -0500] "GET /BLA/boletinlegal/index.php? HTTP/1.1" 200 16331
69.162.124.233 - - [21/Feb/2019:02:43:42 -0500] "HEAD / HTTP/1.1" 200 -
190.85.51.227 - - [21/Feb/2019:02:43:44 -0500] "GET /autoliquidacion/ HTTP/1.1" 200 6377
66.249.79.187 - - [21/Feb/2019:02:43:50 -0500] "GET /BLA/resoluciones/AUTOS%202016/0047.pdf HTTP/1.1" 200 855415
66.249.79.189 - - [21/Feb/2019:02:44:28 -0500] "GET /BLA/resoluciones/AUTOS%202014/1880.pdf HTTP/1.1" 200 433379
66.249.79.187 - - [21/Feb/2019:02:45:07 -0500] "GET /BLA/resoluciones/AUTOS%202014/5543.pdf HTTP/1.1" 200 1344779
35.241.222.233 - - [21/Feb/2019:02:45:08 -0500] "-" 408 -
192.168.175.104 - - [21/Feb/2019:02:45:25 -0500] "GET / HTTP/1.1" 200 9990
66.249.79.185 - - [21/Feb/2019:02:45:45 -0500] "GET /BLA/resoluciones/AUTOS%202007/3664.pdf HTTP/1.1" 200 214289
54.36.148.199 - - [21/Feb/2019:02:45:56 -0500] "GET /BLA/resoluciones/AUTOS%202006/AUTOS%202006%202601%20-%202700/00002611.tif HTTP/1.1" 200 76102
129.144.182.192 - - [21/Feb/2019:02:46:13 -0500] "GET /horde/imp/test.php HTTP/1.1" 404 1018
129.144.182.192 - - [21/Feb/2019:02:46:13 -0500] "GET /horde3/imp/test.php HTTP/1.1" 404 1018
129.144.182.192 - - [21/Feb/2019:02:46:14 -0500] "GET /imp/test.php HTTP/1.1" 404 1018
66.249.79.185 - - [21/Feb/2019:02:46:23 -0500] "GET /BLA/resoluciones/AUTOS%202011/3502.pdf HTTP/1.1" 200 226621
66.249.79.187 - - [21/Feb/2019:02:46:30 -0500] "GET /BLA/resoluciones/RESOLUCIONES%202008/3702.pdf HTTP/1.1" 200 155722
54.36.149.104 - - [21/Feb/2019:02:46:58 -0500] "GET /BLA/resoluciones/AUTOS%202006/AUTOS%202006%201901%20-%202000/00002000.tif HTTP/1.1" 200 76218
66.249.79.187 - - [21/Feb/2019:02:47:01 -0500] "GET /BLA/resoluciones/AUTOS%202013/0452.pdf HTTP/1.1" 200 3087889
192.168.175.104 - - [21/Feb/2019:02:47:18 -0500] "GET / HTTP/1.0" 200 9990
66.249.79.189 - - [21/Feb/2019:02:47:39 -0500] "GET /BLA/resoluciones/AUTOS%202008/2665.pdf HTTP/1.1" 200 73250
195.154.122.107 - - [21/Feb/2019:02:48:16 -0500] "GET /galeria/galeria/jquery.fancybox.css?v=2.1.5 HTTP/1.1" 200 4895
195.154.122.107 - - [21/Feb/2019:02:48:16 -0500] "GET /galeria/carrusel/Carrusel/jquery.thumbnailScroller.css HTTP/1.1" 200 2066
195.154.122.107 - - [21/Feb/2019:02:48:16 -0500] "GET /BLA/boletinlegal/js/jquery.scrollShow.js HTTP/1.1" 200 4586
195.154.122.107 - - [21/Feb/2019:02:48:16 -0500] "GET /galeria/galeria/jquery.fancybox.js?v=2.1.5 HTTP/1.1" 200 48706
195.154.122.107 - - [21/Feb/2019:02:48:17 -0500] "GET /galeria/carrusel/Carrusel/jquery-ui-1.8.13.custom.min.js HTTP/1.1" 200 10800
195.154.122.107 - - [21/Feb/2019:02:48:17 -0500] "GET /galeria/carrusel/Carrusel/jquery.thumbnailScroller.js HTTP/1.1" 200 8157
66.249.79.185 - - [21/Feb/2019:02:48:17 -0500] "GET /BLA/resoluciones/AUTOS%202015/0322.pdf HTTP/1.1" 200 933113
195.154.122.107 - - [21/Feb/2019:02:48:18 -0500] "GET /galeria/nivo-slider/demo/demo.html HTTP/1.1" 200 22733
195.154.122.107 - - [21/Feb/2019:02:48:18 -0500] "GET /galeria/nivo-slider/themes/default/default.css HTTP/1.1" 200 1569
195.154.122.107 - - [21/Feb/2019:02:48:18 -0500] "GET /galeria/nivo-slider/themes/pascal/pascal.css HTTP/1.1" 200 2258
195.154.122.107 - - [21/Feb/2019:02:48:18 -0500] "GET /galeria/nivo-slider/themes/orman/orman.css HTTP/1.1" 200 2152
195.154.122.107 - - [21/Feb/2019:02:48:18 -0500] "GET /galeria/nivo-slider/nivo-slider.css HTTP/1.1" 200 1507
195.154.122.107 - - [21/Feb/2019:02:48:18 -0500] "GET /galeria/nivo-slider/demo/style.css HTTP/1.1" 200 2222
195.154.122.107 - - [21/Feb/2019:02:48:18 -0500] "GET /galeria/nivo-slider/demo/scripts/jquery-1.7.1.min.js HTTP/1.1" 200 93868
195.154.122.107 - - [21/Feb/2019:02:48:18 -0500] "GET /galeria/nivo-slider/jquery.nivo.slider.pack.js HTTP/1.1" 200 11561
69.162.124.233 - - [21/Feb/2019:02:48:42 -0500] "HEAD / HTTP/1.1" 200 -
66.249.79.189 - - [21/Feb/2019:02:48:56 -0500] "GET /BLA/resoluciones/AUTOS%202008/1512.pdf HTTP/1.1" 200 116662
54.36.150.173 - - [21/Feb/2019:02:49:05 -0500] "GET /BLA/resoluciones/RESOLUCIONES%202005/RES%202005%203151-3180/00003165.tif HTTP/1.1" 200 266766
54.36.148.97 - - [21/Feb/2019:02:49:11 -0500] "GET /BLA/resoluciones/RESOLUCIONES%202002/RES%202002%201401-1450/20021411.tif HTTP/1.1" 200 178034
66.249.79.246 - - [21/Feb/2019:02:49:31 -0500] "GET /robots.txt HTTP/1.1" 404 1015
66.249.79.246 - - [21/Feb/2019:02:49:31 -0500] "GET /dama/libreria/pdf/polit_humedales.pdf HTTP/1.1" 404 1015
66.249.79.185 - - [21/Feb/2019:02:49:34 -0500] "GET /BLA/resoluciones/AUTOS%202015/5423.pdf HTTP/1.1" 200 531236
207.46.13.3 - - [21/Feb/2019:02:49:50 -0500] "GET /BLA/boletinlegal/Circulares/2012/Circular%20No.%202%20del%2014%20de%20Marzo%20de%202012.pdf HTTP/1.1" 304 -
66.249.79.189 - - [21/Feb/2019:02:50:10 -0500] "GET /BLA/resoluciones/AUTOS%202014/5640.pdf HTTP/1.1" 200 206044
66.249.79.187 - - [21/Feb/2019:02:50:12 -0500] "GET /BLA/resoluciones/AUTOS%202015/0227.pdf HTTP/1.1" 200 1021388
192.168.175.104 - - [21/Feb/2019:02:50:24 -0500] "GET / HTTP/1.1" 200 9990
66.249.79.185 - - [21/Feb/2019:02:50:50 -0500] "GET /BLA/resoluciones/AUTOS%202008/1281.pdf HTTP/1.1" 200 236880
54.36.149.86 - - [21/Feb/2019:02:51:05 -0500] "GET /BLA/resoluciones/RESOLUCIONES%202006/RES%202006%202601-2650/00002630.tif HTTP/1.1" 200 85172
66.249.79.185 - - [21/Feb/2019:02:51:28 -0500] "GET /BLA/resoluciones/AUTOS%202009/0052.pdf HTTP/1.1" 200 87528
66.249.79.189 - - [21/Feb/2019:02:52:06 -0500] "GET /BLA/resoluciones/AUTOS%202011/0730.pdf HTTP/1.1" 200 132015
192.168.175.104 - - [21/Feb/2019:02:52:17 -0500] "GET / HTTP/1.0" 200 9990
54.36.149.100 - - [21/Feb/2019:02:52:28 -0500] "GET /BLA/resoluciones/RESOLUCIONES%202002/RES%202002%20601-650/00000634.tif HTTP/1.1" 200 246356
66.249.79.187 - - [21/Feb/2019:02:52:45 -0500] "GET /BLA/resoluciones/AUTOS%202007/2701.pdf HTTP/1.1" 200 443197
54.36.148.1 - - [21/Feb/2019:02:52:52 -0500] "GET /galeria/galeria/fotos/2CaminataG2.jpg HTTP/1.1" 200 121886
66.249.79.185 - - [21/Feb/2019:02:53:24 -0500] "GET /BLA/resoluciones/AUTOS%202009/2006.pdf HTTP/1.1" 200 99695
69.162.124.233 - - [21/Feb/2019:02:53:42 -0500] "HEAD / HTTP/1.1" 200 -
66.249.79.189 - - [21/Feb/2019:02:54:01 -0500] "GET /BLA/resoluciones/AUTOS%202015/4112.pdf HTTP/1.1" 200 533264
207.46.13.23 - - [21/Feb/2019:02:54:02 -0500] "GET /galeria/galeria/fotos/2Nogal.jpg HTTP/1.1" 200 36928
157.136.73.163 - - [21/Feb/2019:02:54:04 -0500] "GET /BLA/boletinlegal/js/jquery.scrollShow.js HTTP/1.1" 200 4586
157.136.73.163 - - [21/Feb/2019:02:54:04 -0500] "GET /galeria/galeria/jquery.fancybox.css?v=2.1.5 HTTP/1.1" 200 4895
157.136.73.163 - - [21/Feb/2019:02:54:04 -0500] "GET /galeria/galeria/jquery.fancybox.js?v=2.1.5 HTTP/1.1" 200 48706
157.136.73.163 - - [21/Feb/2019:02:54:09 -0500] "GET /BLA/boletinlegal/js/jquery.scrollShow.js HTTP/1.1" 200 4586
157.136.73.163 - - [21/Feb/2019:02:54:09 -0500] "GET /galeria/galeria/jquery.fancybox.js?v=2.1.5 HTTP/1.1" 200 48706
157.136.73.163 - - [21/Feb/2019:02:54:09 -0500] "GET /galeria/galeria/jquery.fancybox.css?v=2.1.5 HTTP/1.1" 200 4895
54.36.149.32 - - [21/Feb/2019:02:54:17 -0500] "GET /BLA/resoluciones/RESOLUCIONES%202002/RES%202002%201951-1971/20021954.tif HTTP/1.1" 200 118458
35.241.222.233 - - [21/Feb/2019:02:54:35 -0500] "-" 408 -
66.249.79.187 - - [21/Feb/2019:02:54:39 -0500] "GET /BLA/resoluciones/AUTOS%202012/1689.pdf HTTP/1.1" 200 531829
66.249.79.189 - - [21/Feb/2019:02:54:54 -0500] "GET /BLA/resoluciones/AUTOS%202014/5640.pdf HTTP/1.1" 200 206044
66.249.79.187 - - [21/Feb/2019:02:55:15 -0500] "GET /BLA/resoluciones/RESOLUCIONES%202008/4510.pdf HTTP/1.1" 200 667846
66.249.79.185 - - [21/Feb/2019:02:55:18 -0500] "GET /BLA/resoluciones/AUTOS%202014/1297.pdf HTTP/1.1" 200 1606834
192.168.175.104 - - [21/Feb/2019:02:55:22 -0500] "GET / HTTP/1.1" 200 9990
152.61.192.232 - - [21/Feb/2019:02:55:47 -0500] "GET / HTTP/1.1" 200 9990
66.249.79.185 - - [21/Feb/2019:02:55:55 -0500] "GET /BLA/resoluciones/AUTOS%202014/1774.pdf HTTP/1.1" 200 556675
152.61.192.232 - - [21/Feb/2019:02:55:47 -0500] "GET /arcgis/services/Calidad_del_Agua_WQI/MapServer/WMSServer?request=GetCapabilities&service=WMS HTTP/1.1" 503 1020
152.61.192.232 - - [21/Feb/2019:02:56:09 -0500] "GET /arcgis/services/Calidad_del_Agua_WQI/MapServer/WMSServer?SERVICE=WMS&REQUEST=GetCapabilities HTTP/1.1" 503 1020
152.61.192.232 - - [21/Feb/2019:02:56:09 -0500] "GET /arcgis/services/Calidad_del_Agua_WQI/MapServer/WMSServer?WMTVER=1.0.0&REQUEST=capabilities HTTP/1.1" 503 1020
66.249.79.214 - - [21/Feb/2019:02:56:27 -0500] "GET /Autoliquidacion/TR%C3%81MITES%20AGUAS%20SUPERFICIALES/Lista%20de%20chequeo%20concesion%20de%20aguas%20superficiales.XLS HTTP/1.1" 200 70144
66.249.79.189 - - [21/Feb/2019:02:57:12 -0500] "GET /BLA/resoluciones/RESOLUCIONES%202007/RES%202007%202201%20AL%202300/RESOLUCION%202254%20DE%202007.pdf HTTP/1.1" 200 789850
192.168.175.104 - - [21/Feb/2019:02:57:14 -0500] "GET / HTTP/1.0" 200 9990
54.36.148.232 - - [21/Feb/2019:02:57:45 -0500] "GET /BLA/resoluciones/RESOLUCIONES%202006/RES%202006%201301-1350/00001316.tif HTTP/1.1" 200 130656
54.36.148.196 - - [21/Feb/2019:02:58:01 -0500] "GET /BLA/resoluciones/AUTOS%202006/AUTOS%202006%202101%20-%202200/00002192.tif HTTP/1.1" 200 102826
69.162.124.233 - - [21/Feb/2019:02:58:42 -0500] "HEAD / HTTP/1.1" 200 -
152.61.128.50 - - [21/Feb/2019:02:59:22 -0500] "GET / HTTP/1.1" 200 9990
152.61.128.50 - - [21/Feb/2019:02:59:22 -0500] "GET /arcgis/services/Calidad_del_Agua_WQI/MapServer/WMSServer?request=GetCapabilities&service=WMS HTTP/1.1" 503 1020
152.61.128.50 - - [21/Feb/2019:02:59:43 -0500] "GET /arcgis/services/Calidad_del_Agua_WQI/MapServer/WMSServer?SERVICE=WMS&REQUEST=GetCapabilities HTTP/1.1" 503 1020
152.61.128.50 - - [21/Feb/2019:02:59:44 -0500] "GET /arcgis/services/Calidad_del_Agua_WQI/MapServer/WMSServer?WMTVER=1.0.0&REQUEST=capabilities HTTP/1.1" 503 1020
192.168.175.104 - - [21/Feb/2019:03:00:20 -0500] "GET / HTTP/1.1" 200 9990
192.168.175.104 - - [21/Feb/2019:03:02:12 -0500] "GET / HTTP/1.0" 200 9990
66.249.79.185 - - [21/Feb/2019:03:02:17 -0500] "GET /BLA/resoluciones/RESOLUCIONES%202013/1138.pdf HTTP/1.1" 304 -
66.249.79.189 - - [21/Feb/2019:03:02:56 -0500] "GET / HTTP/1.1" 200 9990
66.249.79.185 - - [21/Feb/2019:03:03:33 -0500] "GET /BLA/resoluciones/RESOLUCIONES%202014/2589.pdf HTTP/1.1" 304 -
69.162.124.233 - - [21/Feb/2019:03:03:42 -0500] "HEAD / HTTP/1.1" 200 -
66.249.79.185 - - [21/Feb/2019:03:04:12 -0500] "GET /BLA/resoluciones/AUTOS%202015/0942.pdf HTTP/1.1" 304 -
130.211.103.4 - - [21/Feb/2019:03:04:34 -0500] "-" 408 -
66.249.79.185 - - [21/Feb/2019:03:04:36 -0500] "GET /BLA/resoluciones/RESOLUCIONES%202008/4510.pdf HTTP/1.1" 200 667846
187.134.42.11 - - [21/Feb/2019:03:04:46 -0500] "GET /galeria/galeria/jquery.fancybox.css?v=2.1.5 HTTP/1.1" 200 4895
187.134.42.11 - - [21/Feb/2019:03:04:46 -0500] "GET /BLA/boletinlegal/js/jquery.scrollShow.js HTTP/1.1" 200 4586
187.134.42.11 - - [21/Feb/2019:03:04:46 -0500] "GET /galeria/galeria/jquery.fancybox.js?v=2.1.5 HTTP/1.1" 200 48706
192.168.175.104 - - [21/Feb/2019:03:05:19 -0500] "GET / HTTP/1.1" 200 9990
54.36.148.242 - - [21/Feb/2019:03:05:59 -0500] "GET /BLA/resoluciones/index.php?dir=RESOLUCIONES%202007/RES%202007%202301%20AL%202400/&sort=date&order=desc HTTP/1.1" 200 26610
66.249.79.214 - - [21/Feb/2019:03:06:06 -0500] "GET /Autoliquidacion/Cobro%20Clasificacion%20Uso%20De%20Vivenda%20En%20Suelo%20Restringido/COMPATIBILIDAD%20USO%20DE%20VIVIENDA/Solicitud%20Concepto%20Compatibilidad%20Vivienda.xls HTTP/1.1" 304 -
54.36.148.200 - - [21/Feb/2019:03:06:16 -0500] "GET /BLA/resoluciones/AUTOS%202006/AUTOS%202006%202101%20-%202200/00002111.tif HTTP/1.1" 200 127798
54.36.148.59 - - [21/Feb/2019:03:06:26 -0500] "GET /BLA/resoluciones/index.php?dir=RESOLUCIONES%202007/RES%202007%202301%20AL%202400/&sort=name&order=desc HTTP/1.1" 200 26610
66.249.79.185 - - [21/Feb/2019:03:06:44 -0500] "GET /BLA/resoluciones/RESOLUCIONES%202013/0705.pdf HTTP/1.1" 304 -
192.168.175.104 - - [21/Feb/2019:03:07:10 -0500] "GET / HTTP/1.0" 200 9990
66.249.79.185 - - [21/Feb/2019:03:07:22 -0500] "GET /BLA/resoluciones/RESOLUCIONES%202008/0411.pdf HTTP/1.1" 304 -
54.36.150.146 - - [21/Feb/2019:03:07:42 -0500] "GET /BLA/resoluciones/index.php?dir=RESOLUCIONES%202002/RES%202002%20301-350/&sort=name&order=desc HTTP/1.1" 200 12033
66.249.79.187 - - [21/Feb/2019:03:08:00 -0500] "GET /BLA/resoluciones/RESOLUCIONES%202007/RES%202007%202201%20AL%202300/RESOLUCION%202225%20DE%202007.pdf HTTP/1.1" 304 -
66.249.79.187 - - [21/Feb/2019:03:08:39 -0500] "GET /BLA/resoluciones/RESOLUCIONES%202007/RES%202007%203101%20AL%203200/RESOLUCION%203131%20DE%202007.pdf HTTP/1.1" 304 -
69.162.124.233 - - [21/Feb/2019:03:08:41 -0500] "HEAD / HTTP/1.1" 200 -
54.36.150.96 - - [21/Feb/2019:03:09:01 -0500] "GET /BLA/resoluciones/RESOLUCIONES%202006/RES%202006%201951-2000/00001964.tif HTTP/1.1" 200 383000
54.36.148.144 - - [21/Feb/2019:03:09:02 -0500] "GET /BLA/resoluciones/AUTOS%202006/AUTOS%202006%202601%20-%202700/00002646.tif HTTP/1.1" 200 48802
66.249.79.189 - - [21/Feb/2019:03:09:10 -0500] "GET /BLA/resoluciones/RESOLUCIONES%202008/3702.pdf HTTP/1.1" 200 155722
66.249.79.185 - - [21/Feb/2019:03:09:17 -0500] "GET /BLA/resoluciones/RESOLUCIONES%202014/3902.pdf HTTP/1.1" 200 486683
159.89.35.175 - - [21/Feb/2019:03:09:54 -0500] "GET /galeria/galeria/jquery.fancybox.js?v=2.1.5 HTTP/1.1" 200 48706
159.89.35.175 - - [21/Feb/2019:03:09:54 -0500] "GET /galeria/carrusel/Carrusel/jquery-ui-%0A%0A1.8.13.custom.min.js HTTP/1.1" 403 1006
159.89.35.175 - - [21/Feb/2019:03:09:54 -0500] "GET /galeria/carrusel/Carrusel/jquery.thumbnailScroller.js HTTP/1.1" 200 8157
159.89.35.175 - - [21/Feb/2019:03:09:54 -0500] "GET /BLA/boletinlegal/js/jquery.scrollShow.js HTTP/1.1" 200 4586
159.89.35.175 - - [21/Feb/2019:03:09:54 -0500] "GET /galeria/galeria/jquery.fancybox.css?v=2.1.5 HTTP/1.1" 200 4895
54.36.148.188 - - [21/Feb/2019:03:10:16 -0500] "GET /BLA/resoluciones/RESOLUCIONES%202005/RES%202005%203101-3150/00003108.tif HTTP/1.1" 200 175788
192.168.175.104 - - [21/Feb/2019:03:10:17 -0500] "GET / HTTP/1.1" 200 9990
187.132.26.109 - - [21/Feb/2019:03:10:23 -0500] "GET /galeria/galeria/jquery.fancybox.css?v=2.1.5 HTTP/1.1" 200 4895
187.132.26.109 - - [21/Feb/2019:03:10:28 -0500] "GET /BLA/boletinlegal/js/jquery.scrollShow.js HTTP/1.1" 200 4586
187.132.26.109 - - [21/Feb/2019:03:10:29 -0500] "GET /galeria/galeria/jquery.fancybox.js?v=2.1.5 HTTP/1.1" 200 48706
66.249.79.185 - - [21/Feb/2019:03:10:33 -0500] "GET /BLA/resoluciones/RESOLUCIONES%202008/3185.pdf HTTP/1.1" 304 -
201.245.192.253 - - [21/Feb/2019:03:09:54 -0500] "POST /kwsrmcab/Wsrmcab HTTP/1.1" 200 29588
185.53.88.24 - - [21/Feb/2019:03:10:48 -0500] "HEAD /robots.txt HTTP/1.0" 404 -
66.249.79.187 - - [21/Feb/2019:03:11:11 -0500] "GET /BLA/resoluciones/RESOLUCIONES%202007/RES%202007%20301%20AL%20400/RESOLUCION%200363%20DE%202007.pdf HTTP/1.1" 304 -
54.36.149.25 - - [21/Feb/2019:03:11:25 -0500] "GET /BLA/resoluciones/AUTOS%202006/AUTOS%202006%202701%20-%202800/00002752.tif HTTP/1.1" 200 159996
201.245.192.253 - - [21/Feb/2019:03:10:42 -0500] "POST /kwsrmcab/Wsrmcab HTTP/1.1" 200 27992
66.249.79.187 - - [21/Feb/2019:03:11:49 -0500] "GET /BLA/resoluciones/RESOLUCIONES%202007/RES%202007%201001%20AL%201100/RESOLUCION%201010%20DE%202007.pdf HTTP/1.1" 304 -
54.36.149.80 - - [21/Feb/2019:03:11:58 -0500] "GET /galeria/galeria/fotos/Huemdal-Cordoba1G.jpg HTTP/1.1" 200 379768
192.168.175.104 - - [21/Feb/2019:03:12:08 -0500] "GET / HTTP/1.0" 200 9990
66.249.79.185 - - [21/Feb/2019:03:12:27 -0500] "GET /BLA/resoluciones/RESOLUCIONES%202012/1906.pdf HTTP/1.1" 200 5258646
181.136.157.42 - - [21/Feb/2019:03:12:36 -0500] "GET /galeria/galeria/jquery.fancybox.css?v=2.1.5 HTTP/1.1" 200 4895
181.136.157.42 - - [21/Feb/2019:03:12:36 -0500] "GET /galeria/galeria/jquery.fancybox.js?v=2.1.5 HTTP/1.1" 200 48706
181.136.157.42 - - [21/Feb/2019:03:12:36 -0500] "GET /BLA/boletinlegal/js/jquery.scrollShow.js HTTP/1.1" 200 4586
66.249.79.167 - - [21/Feb/2019:03:13:06 -0500] "GET /BLA/boletinlegal/Circulares/2011/Circular%20No.%202%20del%2031%20de%20Mayo%20de%202011.pdf HTTP/1.1" 304 -
66.249.79.248 - - [21/Feb/2019:03:13:36 -0500] "GET /dama/libreria/pdf/polit_humedales.pdf HTTP/1.1" 404 1015
54.36.148.196 - - [21/Feb/2019:03:13:39 -0500] "GET /BLA/resoluciones/AUTOS%202006/AUTOS%202006%201-100/00000054.tif HTTP/1.1" 200 94012
69.162.124.233 - - [21/Feb/2019:03:13:41 -0500] "HEAD / HTTP/1.1" 200 -
66.249.79.185 - - [21/Feb/2019:03:13:44 -0500] "GET /BLA/resoluciones/AUTOS%202015/5552.pdf HTTP/1.1" 200 504587
115.42.124.28 - - [21/Feb/2019:03:14:00 -0500] "GET / HTTP/1.0" 200 9990
66.249.79.189 - - [21/Feb/2019:03:14:22 -0500] "GET /BLA/resoluciones/RESOLUCIONES%202007/RES%202007%201301%20AL%201400/RESOLUCION%201358%20DE%202007.pdf HTTP/1.1" 304 -
35.241.205.196 - - [21/Feb/2019:03:14:29 -0500] "-" 408 -
54.36.150.95 - - [21/Feb/2019:03:14:39 -0500] "GET /BLA/resoluciones/RESOLUCIONES%202005/RES%202005%202501-2550/00002517.tif HTTP/1.1" 200 755532
66.249.79.189 - - [21/Feb/2019:03:15:02 -0500] "GET /BLA/resoluciones/RESOLUCIONES%202008/4510.pdf HTTP/1.1" 200 667846
192.168.175.104 - - [21/Feb/2019:03:15:15 -0500] "GET / HTTP/1.1" 200 9990
54.36.149.30 - - [21/Feb/2019:03:15:15 -0500] "GET /BLA/resoluciones/RESOLUCIONES%202006/RES%202006%20101-150/00000148.tif HTTP/1.1" 200 220296
66.249.79.187 - - [21/Feb/2019:03:15:38 -0500] "GET /BLA/resoluciones/AUTOS%202016/0324.pdf HTTP/1.1" 304 -
181.54.2.214 - - [21/Feb/2019:03:15:42 -0500] "GET /galeria/galeria/jquery.fancybox.css?v=2.1.5 HTTP/1.1" 200 4895
181.54.2.214 - - [21/Feb/2019:03:15:42 -0500] "GET /galeria/galeria/jquery.fancybox.js?v=2.1.5 HTTP/1.1" 200 48706
181.54.2.214 - - [21/Feb/2019:03:15:42 -0500] "GET /BLA/boletinlegal/js/jquery.scrollShow.js HTTP/1.1" 200 4586
66.249.79.185 - - [21/Feb/2019:03:16:16 -0500] "GET /BLA/resoluciones/Notificaciones/AUTOS%202015/1732.doc HTTP/1.1" 304 -
181.54.2.214 - - [21/Feb/2019:03:16:20 -0500] "GET /galeria/carrusel/Carrusel/jquery.thumbnailScroller.css HTTP/1.1" 200 2066
181.54.2.214 - - [21/Feb/2019:03:16:20 -0500] "GET /galeria/carrusel/Carrusel/jquery-ui-1.8.13.custom.min.js HTTP/1.1" 200 10800
181.54.2.214 - - [21/Feb/2019:03:16:20 -0500] "GET /galeria/carrusel/Carrusel/jquery.thumbnailScroller.js HTTP/1.1" 200 8157
181.54.2.214 - - [21/Feb/2019:03:16:20 -0500] "GET /galeria/nivo-slider/demo/demo.html HTTP/1.1" 200 22733
181.54.2.214 - - [21/Feb/2019:03:16:21 -0500] "GET /galeria/nivo-slider/themes/default/default.css HTTP/1.1" 200 1569
181.54.2.214 - - [21/Feb/2019:03:16:21 -0500] "GET /galeria/nivo-slider/themes/pascal/pascal.css HTTP/1.1" 200 2258
181.54.2.214 - - [21/Feb/2019:03:16:21 -0500] "GET /galeria/nivo-slider/themes/orman/orman.css HTTP/1.1" 200 2152
181.54.2.214 - - [21/Feb/2019:03:16:21 -0500] "GET /galeria/nivo-slider/nivo-slider.css HTTP/1.1" 200 1507
181.54.2.214 - - [21/Feb/2019:03:16:21 -0500] "GET /galeria/nivo-slider/demo/style.css HTTP/1.1" 200 2222
181.54.2.214 - - [21/Feb/2019:03:16:21 -0500] "GET /galeria/nivo-slider/demo/images/web%20pregunta.png HTTP/1.1" 200 425077
181.54.2.214 - - [21/Feb/2019:03:16:21 -0500] "GET /galeria/nivo-slider/jquery.nivo.slider.pack.js HTTP/1.1" 200 11561
181.54.2.214 - - [21/Feb/2019:03:16:21 -0500] "GET /galeria/nivo-slider/demo/scripts/jquery-1.7.1.min.js HTTP/1.1" 200 93868
181.54.2.214 - - [21/Feb/2019:03:16:21 -0500] "GET /galeria/nivo-slider/demo/images/Trafico%20de%20fauna.jpg HTTP/1.1" 200 198327
181.54.2.214 - - [21/Feb/2019:03:16:21 -0500] "GET /galeria/nivo-slider/demo/images/Banner%20PGAE.jpg HTTP/1.1" 200 258166
181.54.2.214 - - [21/Feb/2019:03:16:21 -0500] "GET /galeria/nivo-slider/demo/images/Bannerweb_Tinguas.jpg HTTP/1.1" 200 258471
181.54.2.214 - - [21/Feb/2019:03:16:21 -0500] "GET /galeria/nivo-slider/demo/images/Banner%20-%20Pread.jpg HTTP/1.1" 200 190212
181.54.2.214 - - [21/Feb/2019:03:16:22 -0500] "GET /galeria/nivo-slider/themes/default/loading.gif HTTP/1.1" 200 1737
181.54.2.214 - - [21/Feb/2019:03:16:22 -0500] "GET /galeria/nivo-slider/demo/images/Banner%20Febrero%20caminatas.jpg HTTP/1.1" 200 281690
181.54.2.214 - - [21/Feb/2019:03:16:22 -0500] "GET /galeria/nivo-slider/demo/images/Banner%20Conpes.jpg HTTP/1.1" 200 55220
181.54.2.214 - - [21/Feb/2019:03:16:22 -0500] "GET /galeria/nivo-slider/demo/images/Banner%20Politica%20Publica%20CONPES%20(1).ai HTTP/1.1" 200 1775371
181.54.2.214 - - [21/Feb/2019:03:16:23 -0500] "GET /galeria/nivo-slider/demo/images/Banner%20practicas%20sostenibles.jpg HTTP/1.1" 200 142958
181.54.2.214 - - [21/Feb/2019:03:16:23 -0500] "GET /galeria/nivo-slider/demo/images/Banner%20POT.png HTTP/1.1" 200 418238
181.54.2.214 - - [21/Feb/2019:03:16:23 -0500] "GET /galeria/nivo-slider/demo/images/incendios-forestales.png HTTP/1.1" 200 61469
181.54.2.214 - - [21/Feb/2019:03:16:23 -0500] "GET /galeria/nivo-slider/demo/images/Pot_banner.jpg HTTP/1.1" 200 204736
181.54.2.214 - - [21/Feb/2019:03:16:23 -0500] "GET /galeria/nivo-slider/demo/images/BANNER%20punto.jpg HTTP/1.1" 200 75932
181.54.2.214 - - [21/Feb/2019:03:16:24 -0500] "GET /galeria/nivo-slider/demo/images/Banneranonimos.png HTTP/1.1" 200 109388
181.54.2.214 - - [21/Feb/2019:03:16:24 -0500] "GET /galeria/nivo-slider/demo/images/web%20ingreso%20humedales.png HTTP/1.1" 200 641193
181.54.2.214 - - [21/Feb/2019:03:16:24 -0500] "GET /galeria/nivo-slider/demo/images/gobierno%20digital-01.jpg HTTP/1.1" 200 116163
181.54.2.214 - - [21/Feb/2019:03:16:24 -0500] "GET /galeria/nivo-slider/demo/images/Otorgamiento-excelencia-ambiental-Jos%C3%A9-Celestino-Mutis-2.jpg HTTP/1.1" 200 276467
181.54.2.214 - - [21/Feb/2019:03:16:25 -0500] "GET /galeria/nivo-slider/demo/images/Banner_micrositio.png HTTP/1.1" 200 146950
181.54.2.214 - - [21/Feb/2019:03:16:25 -0500] "GET /galeria/nivo-slider/demo/images/avances-sentencias-rio-bogota-2.jpg HTTP/1.1" 200 304916
181.54.2.214 - - [21/Feb/2019:03:16:25 -0500] "GET /galeria/nivo-slider/demo/images/BANNER%20VAN%20DER%20HAMMEN.jpg HTTP/1.1" 200 64172
181.54.2.214 - - [21/Feb/2019:03:16:26 -0500] "GET /galeria/nivo-slider/demo/images/banner-humedales-de-bogota.jpg HTTP/1.1" 200 292611
181.54.2.214 - - [21/Feb/2019:03:16:26 -0500] "GET /galeria/nivo-slider/demo/images/maximavelocidad.png HTTP/1.1" 200 880272
181.54.2.214 - - [21/Feb/2019:03:16:27 -0500] "GET /galeria/nivo-slider/demo/images/banner%20aceite%20vegetal%20usado.jpg HTTP/1.1" 200 169350
181.54.2.214 - - [21/Feb/2019:03:16:27 -0500] "GET /galeria/nivo-slider/demo/images/bannerlumina2017web.jpg HTTP/1.1" 200 198918
181.54.2.214 - - [21/Feb/2019:03:16:27 -0500] "GET /galeria/nivo-slider/demo/images/banner-bolsas-plasticas.jpg HTTP/1.1" 200 317939
181.54.2.214 - - [21/Feb/2019:03:16:28 -0500] "GET /galeria/nivo-slider/demo/images/4Simple_Slider.png HTTP/1.1" 200 11722
181.54.2.214 - - [21/Feb/2019:03:16:29 -0500] "GET /galeria/nivo-slider/themes/default/arrows.png HTTP/1.1" 200 824
181.54.2.214 - - [21/Feb/2019:03:16:29 -0500] "GET /galeria/nivo-slider/themes/default/bullets.png HTTP/1.1" 200 1281
190.67.181.11 - - [21/Feb/2019:03:16:29 -0500] "GET /BLA/boletinlegal/jurisprudencia/analisis/Analisis%20jurisprudencial%20Sentencia%20C-366-11.doc HTTP/1.1" 200 59392
192.168.175.104 - - [21/Feb/2019:03:17:06 -0500] "GET / HTTP/1.0" 200 9990
66.249.79.185 - - [21/Feb/2019:03:17:33 -0500] "GET /BLA/resoluciones/RESOLUCIONES%202014/2609.pdf HTTP/1.1" 304 -
181.54.2.214 - - [21/Feb/2019:03:17:48 -0500] "GET /galeria/nivo-slider/demo/images/Banner%20Politica%20Publica%20CONPES%20(1).ai HTTP/1.1" 206 1
181.54.2.214 - - [21/Feb/2019:03:17:57 -0500] "GET /galeria/nivo-slider/demo/images/Banner%20Politica%20Publica%20CONPES%20(1).ai HTTP/1.1" 206 1
66.249.79.185 - - [21/Feb/2019:03:18:11 -0500] "GET /BLA/resoluciones/AUTOS%202016/1183.pdf HTTP/1.1" 304 -
69.162.124.233 - - [21/Feb/2019:03:18:41 -0500] "HEAD / HTTP/1.1" 200 -
66.249.79.185 - - [21/Feb/2019:03:18:49 -0500] "GET /BLA/resoluciones/RESOLUCIONES%202011/4415.pdf HTTP/1.1" 200 459610
54.36.148.191 - - [21/Feb/2019:03:19:13 -0500] "GET /BLA/resoluciones/RESOLUCIONES%202005/RES%202005%201951-2000/00001958.tif HTTP/1.1" 200 139588
54.36.149.107 - - [21/Feb/2019:03:19:25 -0500] "GET /BLA/resoluciones/AUTOS%202006/AUTOS%202006%20701-800/00000776.tif HTTP/1.1" 200 101296
66.249.79.185 - - [21/Feb/2019:03:19:27 -0500] "GET /BLA/resoluciones/RESOLUCIONES%202013/2818.pdf HTTP/1.1" 200 503547
54.36.148.240 - - [21/Feb/2019:03:19:44 -0500] "GET /BLA/resoluciones/RESOLUCIONES%202006/RES%202006%201901-1950/00001927.tif HTTP/1.1" 200 349650
192.168.175.104 - - [21/Feb/2019:03:20:13 -0500] "GET / HTTP/1.1" 200 9990
201.245.192.253 - - [21/Feb/2019:03:19:54 -0500] "POST /kwsrmcab/Wsrmcab HTTP/1.1" 200 29588
66.249.79.185 - - [21/Feb/2019:03:20:33 -0500] "GET /BLA/resoluciones/AUTOS%202014/5640.pdf HTTP/1.1" 200 206044
66.249.79.185 - - [21/Feb/2019:03:20:43 -0500] "GET /BLA/resoluciones/RESOLUCIONES%202010/5755.pdf HTTP/1.1" 200 49074
54.36.148.201 - - [21/Feb/2019:03:21:06 -0500] "GET /BLA/resoluciones/RESOLUCIONES%202003/RES%202003%20751-800/760.tif HTTP/1.1" 200 131044
66.249.79.185 - - [21/Feb/2019:03:21:22 -0500] "GET /BLA/resoluciones/RESOLUCIONES%202008/2848.pdf HTTP/1.1" 200 262948
54.36.150.178 - - [21/Feb/2019:03:21:27 -0500] "GET /BLA/resoluciones/AUTOS%202006/AUTOS%202006%201501%20-%201600/00001546.tif HTTP/1.1" 200 101576
181.54.2.214 - - [21/Feb/2019:03:21:57 -0500] "GET /galeria/nivo-slider/demo/images/Banner%20Politica%20Publica%20CONPES%20(1).ai HTTP/1.1" 206 1
181.54.2.214 - - [21/Feb/2019:03:21:58 -0500] "GET /galeria/nivo-slider/demo/images/Banner%20Politica%20Publica%20CONPES%20(1).ai HTTP/1.1" 206 1578556
192.168.175.104 - - [21/Feb/2019:03:22:04 -0500] "GET / HTTP/1.0" 200 9990
181.54.2.214 - - [21/Feb/2019:03:22:07 -0500] "GET /galeria/nivo-slider/demo/images/Banner%20Politica%20Publica%20CONPES%20(1).ai HTTP/1.1" 206 1
200.122.250.74 - - [21/Feb/2019:03:22:09 -0500] "GET /galeria/galeria/jquery.fancybox.css?v=2.1.5 HTTP/1.1" 200 4895
200.122.250.74 - - [21/Feb/2019:03:22:09 -0500] "GET /BLA/boletinlegal/js/jquery.scrollShow.js HTTP/1.1" 200 4586
200.122.250.74 - - [21/Feb/2019:03:22:09 -0500] "GET /galeria/galeria/jquery.fancybox.js?v=2.1.5 HTTP/1.1" 200 48706
66.249.79.185 - - [21/Feb/2019:03:22:38 -0500] "GET /AFLUENTESYEFUENTES/ HTTP/1.1" 200 4762
54.36.148.79 - - [21/Feb/2019:03:22:58 -0500] "GET /BLA/resoluciones/RESOLUCIONES%202006/RES%202006%20%203001-3054/00003046.tif HTTP/1.1" 200 129904
66.249.79.185 - - [21/Feb/2019:03:23:16 -0500] "GET /BLA/resoluciones/AUTOS%202015/5166.pdf HTTP/1.1" 200 641074
66.249.79.187 - - [21/Feb/2019:03:23:54 -0500] "GET /BLA/resoluciones/AUTOS%202014/6516.pdf HTTP/1.1" 200 567878
66.249.79.185 - - [21/Feb/2019:03:24:00 -0500] "GET /BLA/resoluciones/RESOLUCIONES%202008/2736.pdf HTTP/1.1" 200 173021
66.249.79.185 - - [21/Feb/2019:03:24:33 -0500] "GET /BLA/resoluciones/RESOLUCIONES%202014/0015.pdf HTTP/1.1" 304 -
35.241.205.196 - - [21/Feb/2019:03:24:34 -0500] "-" 408 -
66.249.79.250 - - [21/Feb/2019:03:24:58 -0500] "GET /dama/libreria/pdf/polit_humedales.pdf HTTP/1.1" 404 1015
66.249.79.185 - - [21/Feb/2019:03:25:11 -0500] "GET /BLA/resoluciones/AUTOS%202013/1832.pdf HTTP/1.1" 200 1781588
192.168.175.104 - - [21/Feb/2019:03:25:12 -0500] "GET / HTTP/1.1" 200 9990
66.249.79.187 - - [21/Feb/2019:03:25:49 -0500] "GET /BLA/resoluciones/RESOLUCIONES%202015/0582.pdf HTTP/1.1" 200 583509
181.54.2.214 - - [21/Feb/2019:03:26:07 -0500] "GET /galeria/nivo-slider/demo/images/Banner%20Politica%20Publica%20CONPES%20(1).ai HTTP/1.1" 206 1
181.54.2.214 - - [21/Feb/2019:03:26:08 -0500] "GET /galeria/nivo-slider/demo/images/Banner%20Politica%20Publica%20CONPES%20(1).ai HTTP/1.1" 206 1578556
181.54.2.214 - - [21/Feb/2019:03:26:17 -0500] "GET /galeria/nivo-slider/demo/images/Banner%20Politica%20Publica%20CONPES%20(1).ai HTTP/1.1" 206 1
181.54.2.214 - - [21/Feb/2019:03:26:17 -0500] "GET /galeria/nivo-slider/demo/images/Banner%20Politica%20Publica%20CONPES%20(1).ai HTTP/1.1" 206 1578556
69.162.124.233 - - [21/Feb/2019:03:26:22 -0500] "HEAD / HTTP/1.1" 200 -
66.249.79.189 - - [21/Feb/2019:03:26:27 -0500] "GET /BLA/resoluciones/AUTOS%202011/3233.pdf HTTP/1.1" 200 270041
181.63.100.100 - - [21/Feb/2019:03:26:55 -0500] "GET /galeria/galeria/jquery.fancybox.css?v=2.1.5 HTTP/1.1" 200 4895
181.63.100.100 - - [21/Feb/2019:03:26:55 -0500] "GET /galeria/galeria/jquery.fancybox.js?v=2.1.5 HTTP/1.1" 200 48706
181.63.100.100 - - [21/Feb/2019:03:26:55 -0500] "GET /BLA/boletinlegal/js/jquery.scrollShow.js HTTP/1.1" 200 4586
192.168.175.104 - - [21/Feb/2019:03:27:02 -0500] "GET / HTTP/1.0" 200 9990
66.249.79.189 - - [21/Feb/2019:03:27:05 -0500] "GET /BLA/resoluciones/AUTOS%202013/0595.pdf HTTP/1.1" 200 2899636
66.249.88.63 - - [21/Feb/2019:03:27:09 -0500] "GET /galeria/galeria/jquery.fancybox.css?v=2.1.5 HTTP/1.1" 200 4895
66.249.88.62 - - [21/Feb/2019:03:27:09 -0500] "GET /BLA/boletinlegal/js/jquery.scrollShow.js HTTP/1.1" 200 4586
66.249.88.62 - - [21/Feb/2019:03:27:09 -0500] "GET /galeria/galeria/jquery.fancybox.js?v=2.1.5 HTTP/1.1" 200 48706
216.244.66.195 - - [21/Feb/2019:03:27:20 -0500] "GET /robots.txt HTTP/1.1" 404 1018
54.36.148.107 - - [21/Feb/2019:03:27:23 -0500] "GET /BLA/resoluciones/RESOLUCIONES%202003/RES%202003%201051-1100/1092.tif HTTP/1.1" 200 72324
54.36.148.5 - - [21/Feb/2019:03:28:11 -0500] "GET /BLA/resoluciones/AUTOS%202006/AUTOS%202006%202201%20-%202300/00002225.tif HTTP/1.1" 200 56212
66.249.79.189 - - [21/Feb/2019:03:28:13 -0500] "GET /BLA/resoluciones/RESOLUCIONES%202008/2736.pdf HTTP/1.1" 200 173021
54.36.150.120 - - [21/Feb/2019:03:29:38 -0500] "GET /galeria/galeria/fotos/4.jpg HTTP/1.1" 200 296322
192.168.175.104 - - [21/Feb/2019:03:30:09 -0500] "GET / HTTP/1.1" 200 9990
181.54.2.214 - - [21/Feb/2019:03:30:17 -0500] "GET /galeria/nivo-slider/demo/images/Banner%20Politica%20Publica%20CONPES%20(1).ai HTTP/1.1" 206 1
181.54.2.214 - - [21/Feb/2019:03:30:17 -0500] "GET /galeria/nivo-slider/demo/images/Banner%20Politica%20Publica%20CONPES%20(1).ai HTTP/1.1" 206 1578556
181.54.2.214 - - [21/Feb/2019:03:30:27 -0500] "GET /galeria/nivo-slider/demo/images/Banner%20Politica%20Publica%20CONPES%20(1).ai HTTP/1.1" 206 1
181.54.2.214 - - [21/Feb/2019:03:30:27 -0500] "GET /galeria/nivo-slider/demo/images/Banner%20Politica%20Publica%20CONPES%20(1).ai HTTP/1.1" 206 1578556
201.245.192.253 - - [21/Feb/2019:03:29:53 -0500] "POST /kwsrmcab/Wsrmcab HTTP/1.1" 200 29588
66.249.79.185 - - [21/Feb/2019:03:31:33 -0500] "GET /BLA/resoluciones/RESOLUCIONES%202007/RES%202007%203901%20AL%204000/RESOLUCION%203971%20DE%202007.pdf HTTP/1.1" 200 206364
54.36.148.140 - - [21/Feb/2019:03:31:46 -0500] "GET /BLA/resoluciones/RESOLUCIONES%202006/RES%202006%202451-2500/00002461.tif HTTP/1.1" 200 34368
192.168.175.104 - - [21/Feb/2019:03:32:00 -0500] "GET / HTTP/1.0" 200 9990
54.36.148.129 - - [21/Feb/2019:03:32:11 -0500] "GET /BLA/resoluciones/index.php?dir=RESOLUCIONES%202006/RES%202006%202601-2650/&sort=size&order=asc HTTP/1.1" 200 11939
69.162.124.233 - - [21/Feb/2019:03:32:22 -0500] "HEAD / HTTP/1.1" 200 -
66.249.79.185 - - [21/Feb/2019:03:33:45 -0500] "GET /BLA/resoluciones/RESOLUCIONES%202009/1584.pdf HTTP/1.1" 200 522515
66.249.79.185 - - [21/Feb/2019:03:34:05 -0500] "GET /BLA/resoluciones/AUTOS%202015/1063.pdf HTTP/1.1" 304 -
181.54.2.214 - - [21/Feb/2019:03:34:27 -0500] "GET /galeria/nivo-slider/demo/images/Banner%20Politica%20Publica%20CONPES%20(1).ai HTTP/1.1" 206 1
181.54.2.214 - - [21/Feb/2019:03:34:27 -0500] "GET /galeria/nivo-slider/demo/images/Banner%20Politica%20Publica%20CONPES%20(1).ai HTTP/1.1" 206 1578556
35.241.222.233 - - [21/Feb/2019:03:34:31 -0500] "-" 408 -
181.54.2.214 - - [21/Feb/2019:03:34:37 -0500] "GET /galeria/nivo-slider/demo/images/Banner%20Politica%20Publica%20CONPES%20(1).ai HTTP/1.1" 206 1
54.36.150.108 - - [21/Feb/2019:03:35:00 -0500] "GET /BLA/resoluciones/AUTOS%202006/AUTOS%202006%20501-600/00000589.tif HTTP/1.1" 200 161116
192.168.175.104 - - [21/Feb/2019:03:35:07 -0500] "GET / HTTP/1.1" 200 9990
66.102.6.125 - - [21/Feb/2019:03:35:10 -0500] "-" 408 -
66.102.6.97 - - [21/Feb/2019:03:35:16 -0500] "-" 408 -
66.102.6.127 - - [21/Feb/2019:03:35:16 -0500] "-" 408 -
66.102.6.125 - - [21/Feb/2019:03:35:16 -0500] "-" 408 -
66.102.6.127 - - [21/Feb/2019:03:35:16 -0500] "-" 408 -
66.102.6.125 - - [21/Feb/2019:03:35:16 -0500] "-" 408 -
66.102.6.125 - - [21/Feb/2019:03:35:16 -0500] "-" 408 -
66.102.6.127 - - [21/Feb/2019:03:35:16 -0500] "-" 408 -
66.102.6.97 - - [21/Feb/2019:03:35:22 -0500] "-" 408 -
66.102.6.97 - - [21/Feb/2019:03:35:23 -0500] "-" 408 -
66.102.6.127 - - [21/Feb/2019:03:35:23 -0500] "-" 408 -
66.102.6.97 - - [21/Feb/2019:03:35:23 -0500] "-" 408 -
66.102.6.127 - - [21/Feb/2019:03:35:23 -0500] "-" 408 -
66.102.6.97 - - [21/Feb/2019:03:35:23 -0500] "-" 408 -
66.102.6.125 - - [21/Feb/2019:03:35:23 -0500] "-" 408 -
66.102.6.125 - - [21/Feb/2019:03:35:23 -0500] "-" 408 -
66.102.6.97 - - [21/Feb/2019:03:35:28 -0500] "-" 408 -
191.109.88.68 - - [21/Feb/2019:03:35:31 -0500] "GET /galeria/galeria/jquery.fancybox.css?v=2.1.5 HTTP/1.1" 200 4895
191.109.88.68 - - [21/Feb/2019:03:35:31 -0500] "GET /BLA/boletinlegal/js/jquery.scrollShow.js HTTP/1.1" 200 4586
191.109.88.68 - - [21/Feb/2019:03:35:31 -0500] "GET /galeria/galeria/jquery.fancybox.js?v=2.1.5 HTTP/1.1" 200 48706
