201.245.192.253 - - [24/Feb/2019:21:10:15 -0500] "GET /galeria/nivo-slider/demo/images/Banner%20Politica%20Publica%20CONPES%20(1).ai HTTP/1.1" 206 1
201.245.192.253 - - [24/Feb/2019:21:10:15 -0500] "GET /galeria/nivo-slider/demo/images/Banner%20Politica%20Publica%20CONPES%20(1).ai HTTP/1.1" 206 1689512
66.249.75.94 - - [24/Feb/2019:21:10:19 -0500] "GET /BLA/resoluciones/AUTOS%202017/0340.pdf HTTP/1.1" 200 521637
192.168.175.104 - - [24/Feb/2019:21:10:33 -0500] "GET / HTTP/1.1" 200 9990
201.245.192.253 - - [24/Feb/2019:21:09:37 -0500] "POST /kwsrmcab/Wsrmcab HTTP/1.1" 200 29781
66.249.75.94 - - [24/Feb/2019:21:10:43 -0500] "GET /BLA/resoluciones/Notificaciones/AUTOS%202015/3274.doc HTTP/1.1" 200 168448
181.234.222.151 - - [24/Feb/2019:21:11:06 -0500] "GET /BLA/resoluciones/AUTOS%202015/1918.pdf HTTP/1.1" 200 623874
181.234.222.151 - - [24/Feb/2019:21:11:06 -0500] "GET /favicon.ico HTTP/1.1" 200 7782
66.249.75.95 - - [24/Feb/2019:21:11:07 -0500] "GET /BLA/resoluciones/RESOLUCIONES%202014/1605.pdf HTTP/1.1" 200 6731303
201.245.192.253 - - [24/Feb/2019:21:10:34 -0500] "POST /kwsrmcab/Wsrmcab HTTP/1.1" 200 24518
205.211.251.31 - - [24/Feb/2019:21:11:25 -0500] "GET /portalsiaccapacitaciones/Soportes%20Capacitaciones%202015/0003.%20Taller%20HC%20Corporativa%20SDA%20Mayo%202015.pptx HTTP/1.1" 200 3526834
66.249.75.65 - - [24/Feb/2019:21:11:55 -0500] "GET /BLA/resoluciones/AUTOS%202014/7034.pdf HTTP/1.1" 200 95284
66.249.75.94 - - [24/Feb/2019:21:12:20 -0500] "GET /BLA/resoluciones/RESOLUCIONES%202008/5078.pdf HTTP/1.1" 200 238915
54.36.148.60 - - [24/Feb/2019:21:12:39 -0500] "GET /BLA/resoluciones/RESOLUCIONES%202003/RES%202003%20751-800/762.tif HTTP/1.1" 200 133712
190.144.166.61 - - [24/Feb/2019:21:12:39 -0500] "GET /galeria/nivo-slider/demo/images/Banner%20Politica%20Publica%20CONPES%20(1).ai HTTP/1.1" 206 1
190.144.166.61 - - [24/Feb/2019:21:12:39 -0500] "GET /galeria/nivo-slider/demo/images/Banner%20Politica%20Publica%20CONPES%20(1).ai HTTP/1.1" 206 1567889
66.249.75.95 - - [24/Feb/2019:21:12:44 -0500] "GET /BLA/resoluciones/RESOLUCIONES%202010/7142.pdf HTTP/1.1" 200 79373
201.245.192.253 - - [24/Feb/2019:21:12:47 -0500] "GET /galeria/nivo-slider/demo/images/Banner%20Politica%20Publica%20CONPES%20(1).ai HTTP/1.1" 206 1
201.245.192.253 - - [24/Feb/2019:21:12:47 -0500] "GET /galeria/nivo-slider/demo/images/Banner%20Politica%20Publica%20CONPES%20(1).ai HTTP/1.1" 206 1689512
190.144.166.61 - - [24/Feb/2019:21:12:49 -0500] "GET /galeria/nivo-slider/demo/images/Banner%20Politica%20Publica%20CONPES%20(1).ai HTTP/1.1" 206 1
190.144.166.61 - - [24/Feb/2019:21:12:49 -0500] "GET /galeria/nivo-slider/demo/images/Banner%20Politica%20Publica%20CONPES%20(1).ai HTTP/1.1" 206 1567889
186.115.63.39 - - [24/Feb/2019:21:12:56 -0500] "GET /BLA/resoluciones/RESOLUCIONES%202011/5983.pdf HTTP/1.1" 200 252218
201.245.192.253 - - [24/Feb/2019:21:12:58 -0500] "GET /galeria/nivo-slider/demo/images/Banner%20Politica%20Publica%20CONPES%20(1).ai HTTP/1.1" 206 1
201.245.192.253 - - [24/Feb/2019:21:12:58 -0500] "GET /galeria/nivo-slider/demo/images/Banner%20Politica%20Publica%20CONPES%20(1).ai HTTP/1.1" 206 1689512
66.249.75.94 - - [24/Feb/2019:21:13:08 -0500] "GET /BLA/resoluciones/RESOLUCIONES%202007/RES%202007%20701%20AL%20800/RESOLUCION%200733%20DE%202007.pdf HTTP/1.1" 200 224535
54.36.150.41 - - [24/Feb/2019:21:13:14 -0500] "GET /BLA/resoluciones/AUTOS%202006/AUTOS%202006%202301%20-%202400/00002348.tif HTTP/1.1" 200 101550
181.60.241.85 - - [24/Feb/2019:21:13:27 -0500] "GET /BLA/resoluciones/RESOLUCIONES%202013/1135.pdf HTTP/1.1" 200 3363416
192.168.175.104 - - [24/Feb/2019:21:13:28 -0500] "GET / HTTP/1.0" 200 9990
181.60.241.85 - - [24/Feb/2019:21:13:28 -0500] "GET /favicon.ico HTTP/1.1" 200 7782
66.249.75.94 - - [24/Feb/2019:21:13:32 -0500] "GET /BLA/resoluciones/RESOLUCIONES%202010/6365.pdf HTTP/1.1" 200 96279
201.245.192.253 - - [24/Feb/2019:21:13:41 -0500] "GET /galeria/nivo-slider/demo/images/Banner%20Politica%20Publica%20CONPES%20(1).ai HTTP/1.1" 206 1
201.245.192.253 - - [24/Feb/2019:21:13:41 -0500] "GET /galeria/nivo-slider/demo/images/Banner%20Politica%20Publica%20CONPES%20(1).ai HTTP/1.1" 206 1689512
201.245.192.253 - - [24/Feb/2019:21:13:51 -0500] "GET /galeria/nivo-slider/demo/images/Banner%20Politica%20Publica%20CONPES%20(1).ai HTTP/1.1" 206 1
201.245.192.253 - - [24/Feb/2019:21:13:51 -0500] "GET /galeria/nivo-slider/demo/images/Banner%20Politica%20Publica%20CONPES%20(1).ai HTTP/1.1" 206 1689512
69.162.124.233 - - [24/Feb/2019:21:13:51 -0500] "HEAD / HTTP/1.1" 200 -
201.245.192.253 - - [24/Feb/2019:21:13:55 -0500] "GET /galeria/nivo-slider/demo/images/Banner%20Politica%20Publica%20CONPES%20(1).ai HTTP/1.1" 206 1
201.245.192.253 - - [24/Feb/2019:21:13:55 -0500] "GET /galeria/nivo-slider/demo/images/Banner%20Politica%20Publica%20CONPES%20(1).ai HTTP/1.1" 206 1689512
152.201.67.218 - - [24/Feb/2019:21:13:55 -0500] "GET /BLA/resoluciones/RESOLUCIONES%202007/RES%202007%202201%20AL%202300/RESOLUCION%202258%20DE%202007.pdf HTTP/1.1" 200 549103
201.245.192.253 - - [24/Feb/2019:21:14:05 -0500] "GET /galeria/nivo-slider/demo/images/Banner%20Politica%20Publica%20CONPES%20(1).ai HTTP/1.1" 206 1
201.245.192.253 - - [24/Feb/2019:21:14:05 -0500] "GET /galeria/nivo-slider/demo/images/Banner%20Politica%20Publica%20CONPES%20(1).ai HTTP/1.1" 206 1689512
201.245.192.253 - - [24/Feb/2019:21:14:15 -0500] "GET /galeria/nivo-slider/demo/images/Banner%20Politica%20Publica%20CONPES%20(1).ai HTTP/1.1" 206 1
201.245.192.253 - - [24/Feb/2019:21:14:15 -0500] "GET /galeria/nivo-slider/demo/images/Banner%20Politica%20Publica%20CONPES%20(1).ai HTTP/1.1" 206 1689512
201.245.192.253 - - [24/Feb/2019:21:14:25 -0500] "GET /galeria/nivo-slider/demo/images/Banner%20Politica%20Publica%20CONPES%20(1).ai HTTP/1.1" 206 1
201.245.192.253 - - [24/Feb/2019:21:14:25 -0500] "GET /galeria/nivo-slider/demo/images/Banner%20Politica%20Publica%20CONPES%20(1).ai HTTP/1.1" 206 1689512
186.115.63.39 - - [24/Feb/2019:21:14:29 -0500] "GET /BLA/boletinlegal/consulta_normativa.php?tipo=&sector=silvicultura&ano=&resuelve= HTTP/1.1" 200 10126
157.55.39.144 - - [24/Feb/2019:21:14:31 -0500] "GET /POT-2013/Cartografia/ANEXO2_ZAC.pdf HTTP/1.1" 200 3835541
181.236.82.216 - - [24/Feb/2019:21:14:31 -0500] "GET /BLA/resoluciones/AUTOS%202017/0265.pdf HTTP/1.1" 200 625782
66.249.75.95 - - [24/Feb/2019:21:14:45 -0500] "GET /BLA/resoluciones/AUTOS%202008/0342.pdf HTTP/1.1" 200 61114
66.249.75.95 - - [24/Feb/2019:21:15:09 -0500] "GET /BLA/resoluciones/AUTOS%202018/0570.pdf HTTP/1.1" 200 293140
192.168.175.104 - - [24/Feb/2019:21:15:32 -0500] "GET / HTTP/1.1" 200 9990
66.249.75.94 - - [24/Feb/2019:21:15:57 -0500] "GET /BLA/resoluciones/AUTOS%202007/0184.pdf HTTP/1.1" 200 89569
66.249.75.95 - - [24/Feb/2019:21:16:22 -0500] "GET /BLA/resoluciones/RESOLUCIONES%202009/2909.pdf HTTP/1.1" 200 1264294
190.144.166.61 - - [24/Feb/2019:21:16:49 -0500] "GET /galeria/nivo-slider/demo/images/Banner%20Politica%20Publica%20CONPES%20(1).ai HTTP/1.1" 206 1
190.144.166.61 - - [24/Feb/2019:21:16:49 -0500] "GET /galeria/nivo-slider/demo/images/Banner%20Politica%20Publica%20CONPES%20(1).ai HTTP/1.1" 206 1567889
201.245.192.253 - - [24/Feb/2019:21:16:57 -0500] "GET /galeria/nivo-slider/demo/images/Banner%20Politica%20Publica%20CONPES%20(1).ai HTTP/1.1" 206 1
201.245.192.253 - - [24/Feb/2019:21:16:57 -0500] "GET /galeria/nivo-slider/demo/images/Banner%20Politica%20Publica%20CONPES%20(1).ai HTTP/1.1" 206 1689512
190.144.166.61 - - [24/Feb/2019:21:16:59 -0500] "GET /galeria/nivo-slider/demo/images/Banner%20Politica%20Publica%20CONPES%20(1).ai HTTP/1.1" 206 1
190.144.166.61 - - [24/Feb/2019:21:16:59 -0500] "GET /galeria/nivo-slider/demo/images/Banner%20Politica%20Publica%20CONPES%20(1).ai HTTP/1.1" 206 1567889
201.245.192.253 - - [24/Feb/2019:21:17:07 -0500] "GET /galeria/nivo-slider/demo/images/Banner%20Politica%20Publica%20CONPES%20(1).ai HTTP/1.1" 206 1
201.245.192.253 - - [24/Feb/2019:21:17:07 -0500] "GET /galeria/nivo-slider/demo/images/Banner%20Politica%20Publica%20CONPES%20(1).ai HTTP/1.1" 206 1689512
66.249.75.94 - - [24/Feb/2019:21:17:10 -0500] "GET /BLA/resoluciones/AUTOS%202014/0069.pdf HTTP/1.1" 200 637947
201.245.192.253 - - [24/Feb/2019:21:17:51 -0500] "GET /galeria/nivo-slider/demo/images/Banner%20Politica%20Publica%20CONPES%20(1).ai HTTP/1.1" 206 1
201.245.192.253 - - [24/Feb/2019:21:17:51 -0500] "GET /galeria/nivo-slider/demo/images/Banner%20Politica%20Publica%20CONPES%20(1).ai HTTP/1.1" 206 1689512
66.249.69.164 - - [24/Feb/2019:21:17:59 -0500] "GET /BLA/boletinlegal/actas/097-2013.pdf HTTP/1.1" 304 -
201.245.192.253 - - [24/Feb/2019:21:18:01 -0500] "GET /galeria/nivo-slider/demo/images/Banner%20Politica%20Publica%20CONPES%20(1).ai HTTP/1.1" 206 1
201.245.192.253 - - [24/Feb/2019:21:18:01 -0500] "GET /galeria/nivo-slider/demo/images/Banner%20Politica%20Publica%20CONPES%20(1).ai HTTP/1.1" 206 1689512
190.24.56.19 - - [24/Feb/2019:21:18:03 -0500] "GET /galeria/mapa/humedal2017.jpg HTTP/1.1" 200 644667
201.245.192.253 - - [24/Feb/2019:21:18:05 -0500] "GET /galeria/nivo-slider/demo/images/Banner%20Politica%20Publica%20CONPES%20(1).ai HTTP/1.1" 206 1
201.245.192.253 - - [24/Feb/2019:21:18:05 -0500] "GET /galeria/nivo-slider/demo/images/Banner%20Politica%20Publica%20CONPES%20(1).ai HTTP/1.1" 206 1689512
201.245.192.253 - - [24/Feb/2019:21:18:15 -0500] "GET /galeria/nivo-slider/demo/images/Banner%20Politica%20Publica%20CONPES%20(1).ai HTTP/1.1" 206 1
201.245.192.253 - - [24/Feb/2019:21:18:15 -0500] "GET /galeria/nivo-slider/demo/images/Banner%20Politica%20Publica%20CONPES%20(1).ai HTTP/1.1" 206 1689512
192.168.175.104 - - [24/Feb/2019:21:18:25 -0500] "GET / HTTP/1.0" 200 9990
201.245.192.253 - - [24/Feb/2019:21:18:25 -0500] "GET /galeria/nivo-slider/demo/images/Banner%20Politica%20Publica%20CONPES%20(1).ai HTTP/1.1" 206 1
201.245.192.253 - - [24/Feb/2019:21:18:25 -0500] "GET /galeria/nivo-slider/demo/images/Banner%20Politica%20Publica%20CONPES%20(1).ai HTTP/1.1" 206 1689512
201.245.192.253 - - [24/Feb/2019:21:18:35 -0500] "GET /galeria/nivo-slider/demo/images/Banner%20Politica%20Publica%20CONPES%20(1).ai HTTP/1.1" 206 1
201.245.192.253 - - [24/Feb/2019:21:18:35 -0500] "GET /galeria/nivo-slider/demo/images/Banner%20Politica%20Publica%20CONPES%20(1).ai HTTP/1.1" 206 1689512
186.30.25.171 - - [24/Feb/2019:21:18:46 -0500] "GET /BLA/resoluciones/RESOLUCIONES%202013/1262.pdf HTTP/1.1" 200 7313637
66.249.75.65 - - [24/Feb/2019:21:18:47 -0500] "GET /BLA/resoluciones/AUTOS%202013/1025.pdf HTTP/1.1" 304 -
186.30.25.171 - - [24/Feb/2019:21:18:47 -0500] "GET /favicon.ico HTTP/1.1" 200 7782
69.162.124.233 - - [24/Feb/2019:21:18:51 -0500] "HEAD / HTTP/1.1" 200 -
66.249.75.94 - - [24/Feb/2019:21:19:11 -0500] "GET /BLA/resoluciones/RESOLUCIONES%202014/3759.pdf HTTP/1.1" 200 529608
190.25.66.210 - - [24/Feb/2019:21:19:33 -0500] "GET /galeria/galeria/jquery.fancybox.js?v=2.1.5 HTTP/1.1" 200 48706
190.25.66.210 - - [24/Feb/2019:21:19:33 -0500] "GET /galeria/carrusel/Carrusel/jquery.thumbnailScroller.css HTTP/1.1" 200 2066
186.30.62.35 - - [24/Feb/2019:21:19:35 -0500] "GET /galeria/galeria/fotos/GuaymaralTorca2G.jpg HTTP/1.1" 200 352295
186.30.62.35 - - [24/Feb/2019:21:19:35 -0500] "GET /galeria/galeria/fotos/juan-amarillo3G.jpg HTTP/1.1" 200 328975
66.249.75.94 - - [24/Feb/2019:21:19:35 -0500] "GET /BLA/resoluciones/RESOLUCIONES%202009/1373.pdf HTTP/1.1" 304 -
168.197.104.176 - - [24/Feb/2019:21:19:38 -0500] "GET / HTTP/1.1" 200 9990
186.28.170.30 - - [24/Feb/2019:21:19:49 -0500] "GET /BLA/resoluciones/AUTOS%202014/6442.pdf HTTP/1.1" 200 469537
186.28.170.30 - - [24/Feb/2019:21:19:49 -0500] "GET /favicon.ico HTTP/1.1" 200 7782
201.245.192.253 - - [24/Feb/2019:21:19:37 -0500] "POST /kwsrmcab/Wsrmcab HTTP/1.1" 200 29781
192.168.175.104 - - [24/Feb/2019:21:20:32 -0500] "GET / HTTP/1.1" 200 9990
54.36.149.62 - - [24/Feb/2019:21:20:55 -0500] "GET /BLA/resoluciones/RESOLUCIONES%202004/RES%202004%20751-800/00000787.tif HTTP/1.1" 200 120486
190.144.166.61 - - [24/Feb/2019:21:20:59 -0500] "GET /galeria/nivo-slider/demo/images/Banner%20Politica%20Publica%20CONPES%20(1).ai HTTP/1.1" 206 1
190.144.166.61 - - [24/Feb/2019:21:20:59 -0500] "GET /galeria/nivo-slider/demo/images/Banner%20Politica%20Publica%20CONPES%20(1).ai HTTP/1.1" 206 1567889
201.245.192.253 - - [24/Feb/2019:21:21:07 -0500] "GET /galeria/nivo-slider/demo/images/Banner%20Politica%20Publica%20CONPES%20(1).ai HTTP/1.1" 206 1
201.245.192.253 - - [24/Feb/2019:21:21:07 -0500] "GET /galeria/nivo-slider/demo/images/Banner%20Politica%20Publica%20CONPES%20(1).ai HTTP/1.1" 206 1689512
190.144.166.61 - - [24/Feb/2019:21:21:09 -0500] "GET /galeria/nivo-slider/demo/images/Banner%20Politica%20Publica%20CONPES%20(1).ai HTTP/1.1" 206 1
190.144.166.61 - - [24/Feb/2019:21:21:09 -0500] "GET /galeria/nivo-slider/demo/images/Banner%20Politica%20Publica%20CONPES%20(1).ai HTTP/1.1" 206 1567889
66.249.75.94 - - [24/Feb/2019:21:21:12 -0500] "GET /BLA/resoluciones/RESOLUCIONES%202014/3748.pdf HTTP/1.1" 200 533853
201.245.192.253 - - [24/Feb/2019:21:21:17 -0500] "GET /galeria/nivo-slider/demo/images/Banner%20Politica%20Publica%20CONPES%20(1).ai HTTP/1.1" 206 1
201.245.192.253 - - [24/Feb/2019:21:21:17 -0500] "GET /galeria/nivo-slider/demo/images/Banner%20Politica%20Publica%20CONPES%20(1).ai HTTP/1.1" 206 1689512
181.49.65.18 - - [24/Feb/2019:21:21:23 -0500] "GET /BLA/resoluciones/RESOLUCIONES%202007/RES%202007%202501%20AL%202600/RESOLUCION%202518%20DE%202007.pdf HTTP/1.1" 200 710384
181.49.65.18 - - [24/Feb/2019:21:21:24 -0500] "GET /favicon.ico HTTP/1.1" 200 7782
186.119.22.237 - - [24/Feb/2019:21:21:54 -0500] "GET /PORTAL_SIAC/swf/internet.swf HTTP/1.1" 200 514133
201.245.192.253 - - [24/Feb/2019:21:22:01 -0500] "GET /galeria/nivo-slider/demo/images/Banner%20Politica%20Publica%20CONPES%20(1).ai HTTP/1.1" 206 1
201.245.192.253 - - [24/Feb/2019:21:22:01 -0500] "GET /galeria/nivo-slider/demo/images/Banner%20Politica%20Publica%20CONPES%20(1).ai HTTP/1.1" 206 1689512
201.245.192.253 - - [24/Feb/2019:21:22:11 -0500] "GET /galeria/nivo-slider/demo/images/Banner%20Politica%20Publica%20CONPES%20(1).ai HTTP/1.1" 206 1
201.245.192.253 - - [24/Feb/2019:21:22:11 -0500] "GET /galeria/nivo-slider/demo/images/Banner%20Politica%20Publica%20CONPES%20(1).ai HTTP/1.1" 206 1689512
201.245.192.253 - - [24/Feb/2019:21:22:15 -0500] "GET /galeria/nivo-slider/demo/images/Banner%20Politica%20Publica%20CONPES%20(1).ai HTTP/1.1" 206 1
201.245.192.253 - - [24/Feb/2019:21:22:15 -0500] "GET /galeria/nivo-slider/demo/images/Banner%20Politica%20Publica%20CONPES%20(1).ai HTTP/1.1" 206 1689512
54.36.148.116 - - [24/Feb/2019:21:22:15 -0500] "GET /BLA/resoluciones/RESOLUCIONES%202003/RES%202003%201251-1300/20031293.tif HTTP/1.1" 200 59634
201.245.192.253 - - [24/Feb/2019:21:22:25 -0500] "GET /galeria/nivo-slider/demo/images/Banner%20Politica%20Publica%20CONPES%20(1).ai HTTP/1.1" 206 1
201.245.192.253 - - [24/Feb/2019:21:22:25 -0500] "GET /galeria/nivo-slider/demo/images/Banner%20Politica%20Publica%20CONPES%20(1).ai HTTP/1.1" 206 1689512
104.42.48.187 - - [24/Feb/2019:21:22:31 -0500] "HEAD / HTTP/1.0" 200 -
54.36.150.179 - - [24/Feb/2019:21:22:31 -0500] "GET /BLA/resoluciones/RESOLUCIONES%202005/RES%202005%20%201601-1650/00001606.tif HTTP/1.1" 200 540136
201.245.192.253 - - [24/Feb/2019:21:22:35 -0500] "GET /galeria/nivo-slider/demo/images/Banner%20Politica%20Publica%20CONPES%20(1).ai HTTP/1.1" 206 1
201.245.192.253 - - [24/Feb/2019:21:22:35 -0500] "GET /galeria/nivo-slider/demo/images/Banner%20Politica%20Publica%20CONPES%20(1).ai HTTP/1.1" 206 1689512
201.245.192.253 - - [24/Feb/2019:21:22:45 -0500] "GET /galeria/nivo-slider/demo/images/Banner%20Politica%20Publica%20CONPES%20(1).ai HTTP/1.1" 206 1
201.245.192.253 - - [24/Feb/2019:21:22:45 -0500] "GET /galeria/nivo-slider/demo/images/Banner%20Politica%20Publica%20CONPES%20(1).ai HTTP/1.1" 206 1689512
192.168.175.104 - - [24/Feb/2019:21:23:23 -0500] "GET / HTTP/1.0" 200 9990
186.0.56.101 - - [24/Feb/2019:21:23:25 -0500] "GET /BLA/resoluciones/RESOLUCIONES%202010/6285.pdf HTTP/1.1" 200 3274420
186.0.56.101 - - [24/Feb/2019:21:23:25 -0500] "GET /BLA/resoluciones/RESOLUCIONES%202010/6285.pdf HTTP/1.1" 206 1909087
54.36.148.249 - - [24/Feb/2019:21:23:47 -0500] "GET /BLA/resoluciones/RESOLUCIONES%202004/RES%202004%201451-1500/00001495.tif HTTP/1.1" 200 85194
69.162.124.233 - - [24/Feb/2019:21:23:51 -0500] "HEAD / HTTP/1.1" 200 -
186.28.88.189 - - [24/Feb/2019:21:24:22 -0500] "GET /BLA/resoluciones/RESOLUCIONES%202016/0111.pdf HTTP/1.1" 200 1194885
186.28.88.189 - - [24/Feb/2019:21:24:23 -0500] "GET /favicon.ico HTTP/1.1" 200 7782
212.83.157.98 - - [24/Feb/2019:21:25:05 -0500] "-" 408 -
190.144.166.61 - - [24/Feb/2019:21:25:09 -0500] "GET /galeria/nivo-slider/demo/images/Banner%20Politica%20Publica%20CONPES%20(1).ai HTTP/1.1" 206 1
201.245.192.253 - - [24/Feb/2019:21:25:17 -0500] "GET /galeria/nivo-slider/demo/images/Banner%20Politica%20Publica%20CONPES%20(1).ai HTTP/1.1" 206 1
201.245.192.253 - - [24/Feb/2019:21:25:17 -0500] "GET /galeria/nivo-slider/demo/images/Banner%20Politica%20Publica%20CONPES%20(1).ai HTTP/1.1" 206 1689512
190.144.166.61 - - [24/Feb/2019:21:25:19 -0500] "GET /galeria/nivo-slider/demo/images/Banner%20Politica%20Publica%20CONPES%20(1).ai HTTP/1.1" 206 1
190.144.166.61 - - [24/Feb/2019:21:25:19 -0500] "GET /galeria/nivo-slider/demo/images/Banner%20Politica%20Publica%20CONPES%20(1).ai HTTP/1.1" 206 1567889
66.249.75.94 - - [24/Feb/2019:21:25:22 -0500] "GET /BLA/resoluciones/AUTOS%202014/5706.pdf HTTP/1.1" 200 469972
201.245.192.253 - - [24/Feb/2019:21:25:27 -0500] "GET /galeria/nivo-slider/demo/images/Banner%20Politica%20Publica%20CONPES%20(1).ai HTTP/1.1" 206 1
201.245.192.253 - - [24/Feb/2019:21:25:27 -0500] "GET /galeria/nivo-slider/demo/images/Banner%20Politica%20Publica%20CONPES%20(1).ai HTTP/1.1" 206 1689512
54.36.149.62 - - [24/Feb/2019:21:25:30 -0500] "GET /BLA/resoluciones/RESOLUCIONES%202003/RES%202003%201451-1500/20031462.tif HTTP/1.1" 200 111404
192.168.175.104 - - [24/Feb/2019:21:25:30 -0500] "GET / HTTP/1.1" 200 9990
66.249.75.69 - - [24/Feb/2019:21:25:38 -0500] "GET /BLA/resoluciones/AUTOS%202013/2568.pdf HTTP/1.1" 200 621318
66.249.75.95 - - [24/Feb/2019:21:26:02 -0500] "GET /BLA/resoluciones/RESOLUCIONES%202010/6225.pdf HTTP/1.1" 200 15322524
201.245.192.253 - - [24/Feb/2019:21:26:11 -0500] "GET /galeria/nivo-slider/demo/images/Banner%20Politica%20Publica%20CONPES%20(1).ai HTTP/1.1" 206 1
201.245.192.253 - - [24/Feb/2019:21:26:11 -0500] "GET /galeria/nivo-slider/demo/images/Banner%20Politica%20Publica%20CONPES%20(1).ai HTTP/1.1" 206 1689512
201.245.192.253 - - [24/Feb/2019:21:26:21 -0500] "GET /galeria/nivo-slider/demo/images/Banner%20Politica%20Publica%20CONPES%20(1).ai HTTP/1.1" 206 1
201.245.192.253 - - [24/Feb/2019:21:26:21 -0500] "GET /galeria/nivo-slider/demo/images/Banner%20Politica%20Publica%20CONPES%20(1).ai HTTP/1.1" 206 1689512
201.245.192.253 - - [24/Feb/2019:21:26:25 -0500] "GET /galeria/nivo-slider/demo/images/Banner%20Politica%20Publica%20CONPES%20(1).ai HTTP/1.1" 206 1
201.245.192.253 - - [24/Feb/2019:21:26:25 -0500] "GET /galeria/nivo-slider/demo/images/Banner%20Politica%20Publica%20CONPES%20(1).ai HTTP/1.1" 206 1689512
66.249.75.65 - - [24/Feb/2019:21:26:28 -0500] "GET /BLA/resoluciones/AUTOS%202015/4301.pdf HTTP/1.1" 200 616857
201.245.192.253 - - [24/Feb/2019:21:26:35 -0500] "GET /galeria/nivo-slider/demo/images/Banner%20Politica%20Publica%20CONPES%20(1).ai HTTP/1.1" 206 1
201.245.192.253 - - [24/Feb/2019:21:26:35 -0500] "GET /galeria/nivo-slider/demo/images/Banner%20Politica%20Publica%20CONPES%20(1).ai HTTP/1.1" 206 1689512
201.245.192.253 - - [24/Feb/2019:21:26:45 -0500] "GET /galeria/nivo-slider/demo/images/Banner%20Politica%20Publica%20CONPES%20(1).ai HTTP/1.1" 206 1
201.245.192.253 - - [24/Feb/2019:21:26:45 -0500] "GET /galeria/nivo-slider/demo/images/Banner%20Politica%20Publica%20CONPES%20(1).ai HTTP/1.1" 206 1689512
54.36.148.88 - - [24/Feb/2019:21:26:47 -0500] "GET /BLA/resoluciones/index.php?dir=RESOLUCIONES+2004%2FRES+2004+301-350%2F HTTP/1.1" 200 12062
66.249.75.67 - - [24/Feb/2019:21:26:50 -0500] "GET / HTTP/1.1" 200 9990
201.245.192.253 - - [24/Feb/2019:21:26:55 -0500] "GET /galeria/nivo-slider/demo/images/Banner%20Politica%20Publica%20CONPES%20(1).ai HTTP/1.1" 206 1
201.245.192.253 - - [24/Feb/2019:21:26:55 -0500] "GET /galeria/nivo-slider/demo/images/Banner%20Politica%20Publica%20CONPES%20(1).ai HTTP/1.1" 206 1689512
144.76.176.171 - - [24/Feb/2019:21:26:57 -0500] "GET /robots.txt HTTP/1.1" 404 1015
144.76.176.171 - - [24/Feb/2019:21:27:00 -0500] "GET /galeria/nivo-slider/demo/documents/?C=D;O=A HTTP/1.1" 200 1371
144.76.176.171 - - [24/Feb/2019:21:27:03 -0500] "GET /galeria/nivo-slider/demo/documents/?C=D;O=D HTTP/1.1" 200 1371
144.76.176.171 - - [24/Feb/2019:21:27:05 -0500] "GET /galeria/nivo-slider/demo/documents/?C=M;O=A HTTP/1.1" 200 1371
144.76.176.171 - - [24/Feb/2019:21:27:07 -0500] "GET /galeria/nivo-slider/demo/documents/?C=M;O=D HTTP/1.1" 200 1371
144.76.176.171 - - [24/Feb/2019:21:27:08 -0500] "GET /galeria/nivo-slider/demo/documents/?C=N;O=A HTTP/1.1" 200 1371
54.36.150.6 - - [24/Feb/2019:21:27:09 -0500] "GET /BLA/resoluciones/RESOLUCIONES%202004/RES%202004%20651-700/00000692.tif HTTP/1.1" 200 116228
144.76.176.171 - - [24/Feb/2019:21:27:10 -0500] "GET /galeria/nivo-slider/demo/documents/?C=N;O=D HTTP/1.1" 200 1371
144.76.176.171 - - [24/Feb/2019:21:27:12 -0500] "GET /galeria/nivo-slider/demo/documents/?C=S;O=A HTTP/1.1" 200 1371
144.76.176.171 - - [24/Feb/2019:21:27:14 -0500] "GET /galeria/nivo-slider/demo/documents/?C=S;O=D HTTP/1.1" 200 1371
54.36.150.123 - - [24/Feb/2019:21:27:16 -0500] "GET /BLA/resoluciones/AUTOS%202006/AUTOS%202006%202901%20-%203000/00002976.tif HTTP/1.1" 200 54538
202.166.211.172 - - [24/Feb/2019:21:27:31 -0500] "GET / HTTP/1.1" 200 9990
66.249.88.62 - - [24/Feb/2019:21:27:41 -0500] "GET /galeria/galeria/fotos/Humedal-Tibanica1G.jpg HTTP/1.1" 200 541579
66.249.88.62 - - [24/Feb/2019:21:27:42 -0500] "GET /galeria/galeria/fotos/Humedal-Tibanica4G.jpg HTTP/1.1" 200 442374
66.249.88.61 - - [24/Feb/2019:21:27:48 -0500] "GET /galeria/galeria/fotos/Humedal-Tibanica2G.jpg HTTP/1.1" 200 535148
54.36.148.53 - - [24/Feb/2019:21:27:50 -0500] "GET /BLA/resoluciones/RESOLUCIONES%202004/RES%202004%20101-150/00000135.tif HTTP/1.1" 200 84066
186.84.89.8 - - [24/Feb/2019:21:27:53 -0500] "GET /BLA/boletinlegal/jurisprudencia/analisis/Analisis%20jurisprudencial%20Sentencia%20C-366-11.doc HTTP/1.1" 200 59392
66.249.75.95 - - [24/Feb/2019:21:28:03 -0500] "GET /BLA/resoluciones/AUTOS%202015/0597.pdf HTTP/1.1" 200 573098
192.168.175.104 - - [24/Feb/2019:21:28:22 -0500] "GET / HTTP/1.0" 200 9990
69.162.124.233 - - [24/Feb/2019:21:28:51 -0500] "HEAD / HTTP/1.1" 200 -
66.249.69.164 - - [24/Feb/2019:21:28:51 -0500] "GET /BLA/boletinlegal/Directivas/2017/Directiva%20No.%2001%20del%2027%20de%20Junio%20de%202018.pdf HTTP/1.1" 200 217496
190.144.166.61 - - [24/Feb/2019:21:29:19 -0500] "GET /galeria/nivo-slider/demo/images/Banner%20Politica%20Publica%20CONPES%20(1).ai HTTP/1.1" 206 1
190.144.166.61 - - [24/Feb/2019:21:29:19 -0500] "GET /galeria/nivo-slider/demo/images/Banner%20Politica%20Publica%20CONPES%20(1).ai HTTP/1.1" 206 1567889
201.245.192.253 - - [24/Feb/2019:21:29:27 -0500] "GET /galeria/nivo-slider/demo/images/Banner%20Politica%20Publica%20CONPES%20(1).ai HTTP/1.1" 206 1
201.245.192.253 - - [24/Feb/2019:21:29:27 -0500] "GET /galeria/nivo-slider/demo/images/Banner%20Politica%20Publica%20CONPES%20(1).ai HTTP/1.1" 206 1689512
190.144.166.61 - - [24/Feb/2019:21:29:29 -0500] "GET /galeria/nivo-slider/demo/images/Banner%20Politica%20Publica%20CONPES%20(1).ai HTTP/1.1" 206 1
190.144.166.61 - - [24/Feb/2019:21:29:29 -0500] "GET /galeria/nivo-slider/demo/images/Banner%20Politica%20Publica%20CONPES%20(1).ai HTTP/1.1" 206 1567889
201.245.192.253 - - [24/Feb/2019:21:29:37 -0500] "GET /galeria/nivo-slider/demo/images/Banner%20Politica%20Publica%20CONPES%20(1).ai HTTP/1.1" 206 1
201.245.192.253 - - [24/Feb/2019:21:29:37 -0500] "GET /galeria/nivo-slider/demo/images/Banner%20Politica%20Publica%20CONPES%20(1).ai HTTP/1.1" 206 1689512
191.152.213.190 - - [24/Feb/2019:21:30:03 -0500] "-" 408 -
201.245.192.253 - - [24/Feb/2019:21:29:37 -0500] "POST /kwsrmcab/Wsrmcab HTTP/1.1" 200 29781
201.245.192.253 - - [24/Feb/2019:21:30:21 -0500] "GET /galeria/nivo-slider/demo/images/Banner%20Politica%20Publica%20CONPES%20(1).ai HTTP/1.1" 206 1
201.245.192.253 - - [24/Feb/2019:21:30:21 -0500] "GET /galeria/nivo-slider/demo/images/Banner%20Politica%20Publica%20CONPES%20(1).ai HTTP/1.1" 206 1689512
192.168.175.104 - - [24/Feb/2019:21:30:29 -0500] "GET / HTTP/1.1" 200 9990
201.245.192.253 - - [24/Feb/2019:21:30:31 -0500] "GET /galeria/nivo-slider/demo/images/Banner%20Politica%20Publica%20CONPES%20(1).ai HTTP/1.1" 206 1
201.245.192.253 - - [24/Feb/2019:21:30:31 -0500] "GET /galeria/nivo-slider/demo/images/Banner%20Politica%20Publica%20CONPES%20(1).ai HTTP/1.1" 206 1689512
201.245.192.253 - - [24/Feb/2019:21:30:35 -0500] "GET /galeria/nivo-slider/demo/images/Banner%20Politica%20Publica%20CONPES%20(1).ai HTTP/1.1" 206 1
201.245.192.253 - - [24/Feb/2019:21:30:35 -0500] "GET /galeria/nivo-slider/demo/images/Banner%20Politica%20Publica%20CONPES%20(1).ai HTTP/1.1" 206 1689512
201.245.192.253 - - [24/Feb/2019:21:30:45 -0500] "GET /galeria/nivo-slider/demo/images/Banner%20Politica%20Publica%20CONPES%20(1).ai HTTP/1.1" 206 1
201.245.192.253 - - [24/Feb/2019:21:30:45 -0500] "GET /galeria/nivo-slider/demo/images/Banner%20Politica%20Publica%20CONPES%20(1).ai HTTP/1.1" 206 1689512
201.245.192.253 - - [24/Feb/2019:21:30:56 -0500] "GET /galeria/nivo-slider/demo/images/Banner%20Politica%20Publica%20CONPES%20(1).ai HTTP/1.1" 206 1
201.245.192.253 - - [24/Feb/2019:21:30:56 -0500] "GET /galeria/nivo-slider/demo/images/Banner%20Politica%20Publica%20CONPES%20(1).ai HTTP/1.1" 206 1689512
54.36.150.90 - - [24/Feb/2019:21:31:00 -0500] "GET /BLA/resoluciones/RESOLUCIONES%202006/RES%202006%201751-1800/00001782.tif HTTP/1.1" 200 170470
54.36.149.34 - - [24/Feb/2019:21:31:01 -0500] "GET /BLA/resoluciones/RESOLUCIONES%202005/RES%202005%20%201651-1700/00001677.tif HTTP/1.1" 200 134264
201.245.192.253 - - [24/Feb/2019:21:31:05 -0500] "GET /galeria/nivo-slider/demo/images/Banner%20Politica%20Publica%20CONPES%20(1).ai HTTP/1.1" 206 1
201.245.192.253 - - [24/Feb/2019:21:31:05 -0500] "GET /galeria/nivo-slider/demo/images/Banner%20Politica%20Publica%20CONPES%20(1).ai HTTP/1.1" 206 1689512
54.36.149.103 - - [24/Feb/2019:21:31:20 -0500] "GET /BLA/resoluciones/index.php?dir=RESOLUCIONES%202005/&sort=name&order=desc HTTP/1.1" 200 24430
35.205.75.161 - - [24/Feb/2019:21:31:44 -0500] "-" 408 -
54.36.148.105 - - [24/Feb/2019:21:31:52 -0500] "GET /BLA/resoluciones/RESOLUCIONES%202006/RES%202006%20%202901-2950/00002934.tif HTTP/1.1" 200 194292
66.249.69.164 - - [24/Feb/2019:21:30:28 -0500] "GET /BLA/boletinlegal/ HTTP/1.1" 200 65288
66.249.75.94 - - [24/Feb/2019:21:32:11 -0500] "GET /BLA/resoluciones/RESOLUCIONES%202007/RES%202007%201001%20AL%201100/RESOLUCION%201028%20DE%202007.pdf HTTP/1.1" 304 -
66.249.75.94 - - [24/Feb/2019:21:32:29 -0500] "GET /BLA/resoluciones/RESOLUCIONES%202010/6285.pdf HTTP/1.1" 304 -
181.49.87.86 - - [24/Feb/2019:21:32:29 -0500] "GET /BLA/resoluciones/AUTOS%202016/1797.pdf HTTP/1.1" 200 364465
181.49.87.86 - - [24/Feb/2019:21:32:31 -0500] "GET /favicon.ico HTTP/1.1" 200 7782
40.77.167.166 - - [24/Feb/2019:21:32:38 -0500] "GET /galeria/galeria/fotos/Caminando-la-tierra5G.jpg HTTP/1.1" 200 171370
186.115.244.150 - - [24/Feb/2019:21:33:03 -0500] "GET /Residuos/impresion/files/guia_impresion-lit.pdf HTTP/1.1" 200 12573981
186.115.244.150 - - [24/Feb/2019:21:33:04 -0500] "GET /favicon.ico HTTP/1.1" 200 7782
192.168.175.104 - - [24/Feb/2019:21:33:19 -0500] "GET / HTTP/1.0" 200 9990
190.144.166.61 - - [24/Feb/2019:21:33:29 -0500] "GET /galeria/nivo-slider/demo/images/Banner%20Politica%20Publica%20CONPES%20(1).ai HTTP/1.1" 206 1
190.144.166.61 - - [24/Feb/2019:21:33:29 -0500] "GET /galeria/nivo-slider/demo/images/Banner%20Politica%20Publica%20CONPES%20(1).ai HTTP/1.1" 206 1567889
201.245.192.253 - - [24/Feb/2019:21:33:37 -0500] "GET /galeria/nivo-slider/demo/images/Banner%20Politica%20Publica%20CONPES%20(1).ai HTTP/1.1" 206 1
201.245.192.253 - - [24/Feb/2019:21:33:37 -0500] "GET /galeria/nivo-slider/demo/images/Banner%20Politica%20Publica%20CONPES%20(1).ai HTTP/1.1" 206 1689512
190.144.166.61 - - [24/Feb/2019:21:33:39 -0500] "GET /galeria/nivo-slider/demo/images/Banner%20Politica%20Publica%20CONPES%20(1).ai HTTP/1.1" 206 1
190.144.166.61 - - [24/Feb/2019:21:33:39 -0500] "GET /galeria/nivo-slider/demo/images/Banner%20Politica%20Publica%20CONPES%20(1).ai HTTP/1.1" 206 1567889
66.249.75.65 - - [24/Feb/2019:21:33:42 -0500] "GET /BLA/resoluciones/AUTOS%202014/3807.pdf HTTP/1.1" 200 233388
201.245.192.253 - - [24/Feb/2019:21:33:47 -0500] "GET /galeria/nivo-slider/demo/images/Banner%20Politica%20Publica%20CONPES%20(1).ai HTTP/1.1" 206 1
201.245.192.253 - - [24/Feb/2019:21:33:47 -0500] "GET /galeria/nivo-slider/demo/images/Banner%20Politica%20Publica%20CONPES%20(1).ai HTTP/1.1" 206 1689512
69.162.124.233 - - [24/Feb/2019:21:33:51 -0500] "HEAD / HTTP/1.1" 200 -
186.84.90.119 - - [24/Feb/2019:21:33:56 -0500] "GET /BLA/resoluciones/AUTOS%202014/5702.pdf HTTP/1.1" 200 3128293
186.84.90.119 - - [24/Feb/2019:21:33:57 -0500] "GET /favicon.ico HTTP/1.1" 200 7782
66.249.75.95 - - [24/Feb/2019:21:34:30 -0500] "GET /BLA/resoluciones/RESOLUCIONES%202007/RES%202007%20901%20AL%201000/RESOLUCION%200979%20DE%202007.pdf HTTP/1.1" 200 370716
201.245.192.253 - - [24/Feb/2019:21:34:31 -0500] "GET /galeria/nivo-slider/demo/images/Banner%20Politica%20Publica%20CONPES%20(1).ai HTTP/1.1" 206 1
201.245.192.253 - - [24/Feb/2019:21:34:31 -0500] "GET /galeria/nivo-slider/demo/images/Banner%20Politica%20Publica%20CONPES%20(1).ai HTTP/1.1" 206 1689512
201.245.192.253 - - [24/Feb/2019:21:34:41 -0500] "GET /galeria/nivo-slider/demo/images/Banner%20Politica%20Publica%20CONPES%20(1).ai HTTP/1.1" 206 1
201.245.192.253 - - [24/Feb/2019:21:34:41 -0500] "GET /galeria/nivo-slider/demo/images/Banner%20Politica%20Publica%20CONPES%20(1).ai HTTP/1.1" 206 1689512
201.245.192.253 - - [24/Feb/2019:21:34:45 -0500] "GET /galeria/nivo-slider/demo/images/Banner%20Politica%20Publica%20CONPES%20(1).ai HTTP/1.1" 206 1
201.245.192.253 - - [24/Feb/2019:21:34:45 -0500] "GET /galeria/nivo-slider/demo/images/Banner%20Politica%20Publica%20CONPES%20(1).ai HTTP/1.1" 206 1689512
54.36.148.25 - - [24/Feb/2019:21:34:51 -0500] "GET /BLA/resoluciones/AUTOS%202006/AUTOS%202006%20701-800/00000782.tif HTTP/1.1" 200 184236
201.245.192.253 - - [24/Feb/2019:21:34:55 -0500] "GET /galeria/nivo-slider/demo/images/Banner%20Politica%20Publica%20CONPES%20(1).ai HTTP/1.1" 206 1
201.245.192.253 - - [24/Feb/2019:21:34:55 -0500] "GET /galeria/nivo-slider/demo/images/Banner%20Politica%20Publica%20CONPES%20(1).ai HTTP/1.1" 206 1689512
18.212.42.148 - - [24/Feb/2019:21:35:04 -0500] "GET /BLA/resoluciones/AUTOS%202014/5702.pdf HTTP/1.1" 200 3128293
201.245.192.253 - - [24/Feb/2019:21:35:05 -0500] "GET /galeria/nivo-slider/demo/images/Banner%20Politica%20Publica%20CONPES%20(1).ai HTTP/1.1" 206 1
201.245.192.253 - - [24/Feb/2019:21:35:05 -0500] "GET /galeria/nivo-slider/demo/images/Banner%20Politica%20Publica%20CONPES%20(1).ai HTTP/1.1" 206 1689512
201.245.192.253 - - [24/Feb/2019:21:35:15 -0500] "GET /galeria/nivo-slider/demo/images/Banner%20Politica%20Publica%20CONPES%20(1).ai HTTP/1.1" 206 1
201.245.192.253 - - [24/Feb/2019:21:35:15 -0500] "GET /galeria/nivo-slider/demo/images/Banner%20Politica%20Publica%20CONPES%20(1).ai HTTP/1.1" 206 1689512
66.249.75.94 - - [24/Feb/2019:21:35:18 -0500] "GET /BLA/resoluciones/AUTOS%202008/1006.pdf HTTP/1.1" 200 240181
66.249.88.60 - - [24/Feb/2019:21:35:22 -0500] "GET /BLA/resoluciones/AUTOS%202015/3166.pdf HTTP/1.1" 200 891622
192.168.175.104 - - [24/Feb/2019:21:35:28 -0500] "GET / HTTP/1.1" 200 9990
54.36.150.144 - - [24/Feb/2019:21:35:33 -0500] "GET /BLA/resoluciones/RESOLUCIONES%202005/00001068.tif HTTP/1.1" 200 140632
66.249.75.94 - - [24/Feb/2019:21:35:42 -0500] "GET /BLA/resoluciones/RESOLUCIONES%202017/0350.pdf HTTP/1.1" 200 651189
54.36.150.125 - - [24/Feb/2019:21:35:59 -0500] "GET /BLA/resoluciones/RESOLUCIONES%202003/RES%202003%20151-200/2003RES155.tif HTTP/1.1" 200 296748
54.36.148.154 - - [24/Feb/2019:21:36:34 -0500] "GET /BLA/resoluciones/RESOLUCIONES%202002/RES%202002%201301-1350/20021315.tif HTTP/1.1" 200 64516
54.36.148.228 - - [24/Feb/2019:21:37:26 -0500] "GET /BLA/resoluciones/RESOLUCIONES%202005/RES%202005%202551-2600/00002571.tif HTTP/1.1" 200 138426
54.36.148.1 - - [24/Feb/2019:21:37:39 -0500] "GET /BLA/resoluciones/RESOLUCIONES%202002/RES%202002%20201-250/2002RES201.tif HTTP/1.1" 200 73872
190.144.166.61 - - [24/Feb/2019:21:37:39 -0500] "GET /galeria/nivo-slider/demo/images/Banner%20Politica%20Publica%20CONPES%20(1).ai HTTP/1.1" 206 1
190.144.166.61 - - [24/Feb/2019:21:37:39 -0500] "GET /galeria/nivo-slider/demo/images/Banner%20Politica%20Publica%20CONPES%20(1).ai HTTP/1.1" 206 1567889
186.29.232.55 - - [24/Feb/2019:21:37:43 -0500] "GET /BLA/resoluciones/AUTOS%202015/1065.pdf HTTP/1.1" 200 714395
186.29.232.55 - - [24/Feb/2019:21:37:46 -0500] "GET /favicon.ico HTTP/1.1" 200 7782
201.245.192.253 - - [24/Feb/2019:21:37:47 -0500] "GET /galeria/nivo-slider/demo/images/Banner%20Politica%20Publica%20CONPES%20(1).ai HTTP/1.1" 206 1
201.245.192.253 - - [24/Feb/2019:21:37:47 -0500] "GET /galeria/nivo-slider/demo/images/Banner%20Politica%20Publica%20CONPES%20(1).ai HTTP/1.1" 206 1689512
190.144.166.61 - - [24/Feb/2019:21:37:49 -0500] "GET /galeria/nivo-slider/demo/images/Banner%20Politica%20Publica%20CONPES%20(1).ai HTTP/1.1" 206 1
190.144.166.61 - - [24/Feb/2019:21:37:49 -0500] "GET /galeria/nivo-slider/demo/images/Banner%20Politica%20Publica%20CONPES%20(1).ai HTTP/1.1" 206 1567889
201.245.192.253 - - [24/Feb/2019:21:37:57 -0500] "GET /galeria/nivo-slider/demo/images/Banner%20Politica%20Publica%20CONPES%20(1).ai HTTP/1.1" 206 1
201.245.192.253 - - [24/Feb/2019:21:37:57 -0500] "GET /galeria/nivo-slider/demo/images/Banner%20Politica%20Publica%20CONPES%20(1).ai HTTP/1.1" 206 1689512
192.168.175.104 - - [24/Feb/2019:21:38:16 -0500] "GET / HTTP/1.0" 200 9990
54.36.150.76 - - [24/Feb/2019:21:38:37 -0500] "GET /BLA/resoluciones/RESOLUCIONES%202005/RES%202005%20951-1000/00000961.tif HTTP/1.1" 200 194668
201.245.192.253 - - [24/Feb/2019:21:38:41 -0500] "GET /galeria/nivo-slider/demo/images/Banner%20Politica%20Publica%20CONPES%20(1).ai HTTP/1.1" 206 1
201.245.192.253 - - [24/Feb/2019:21:38:41 -0500] "GET /galeria/nivo-slider/demo/images/Banner%20Politica%20Publica%20CONPES%20(1).ai HTTP/1.1" 206 1689512
54.36.149.78 - - [24/Feb/2019:21:38:49 -0500] "GET /BLA/resoluciones/AUTOS%202006/AUTOS%202006%20701-800/00000738.tif HTTP/1.1" 200 57318
201.245.192.253 - - [24/Feb/2019:21:38:51 -0500] "GET /galeria/nivo-slider/demo/images/Banner%20Politica%20Publica%20CONPES%20(1).ai HTTP/1.1" 206 1
201.245.192.253 - - [24/Feb/2019:21:38:51 -0500] "GET /galeria/nivo-slider/demo/images/Banner%20Politica%20Publica%20CONPES%20(1).ai HTTP/1.1" 206 1689512
69.162.124.233 - - [24/Feb/2019:21:38:51 -0500] "HEAD / HTTP/1.1" 200 -
201.245.192.253 - - [24/Feb/2019:21:38:55 -0500] "GET /galeria/nivo-slider/demo/images/Banner%20Politica%20Publica%20CONPES%20(1).ai HTTP/1.1" 206 1
201.245.192.253 - - [24/Feb/2019:21:38:55 -0500] "GET /galeria/nivo-slider/demo/images/Banner%20Politica%20Publica%20CONPES%20(1).ai HTTP/1.1" 206 1689512
201.245.192.253 - - [24/Feb/2019:21:39:05 -0500] "GET /galeria/nivo-slider/demo/images/Banner%20Politica%20Publica%20CONPES%20(1).ai HTTP/1.1" 206 1
201.245.192.253 - - [24/Feb/2019:21:39:05 -0500] "GET /galeria/nivo-slider/demo/images/Banner%20Politica%20Publica%20CONPES%20(1).ai HTTP/1.1" 206 1689512
186.115.63.39 - - [24/Feb/2019:21:39:15 -0500] "GET /BLA/boletinlegal/consulta_normativa.php?tipo=&sector=silvicultura&ano=&resuelve= HTTP/1.1" 200 10126
201.245.192.253 - - [24/Feb/2019:21:39:15 -0500] "GET /galeria/nivo-slider/demo/images/Banner%20Politica%20Publica%20CONPES%20(1).ai HTTP/1.1" 206 1
201.245.192.253 - - [24/Feb/2019:21:39:15 -0500] "GET /galeria/nivo-slider/demo/images/Banner%20Politica%20Publica%20CONPES%20(1).ai HTTP/1.1" 206 1689512
190.60.237.10 - - [24/Feb/2019:21:39:23 -0500] "-" 408 -
190.60.237.10 - - [24/Feb/2019:21:39:23 -0500] "-" 408 -
190.60.237.10 - - [24/Feb/2019:21:39:23 -0500] "-" 408 -
190.60.237.10 - - [24/Feb/2019:21:39:23 -0500] "-" 408 -
201.245.192.253 - - [24/Feb/2019:21:39:25 -0500] "GET /galeria/nivo-slider/demo/images/Banner%20Politica%20Publica%20CONPES%20(1).ai HTTP/1.1" 206 1
201.245.192.253 - - [24/Feb/2019:21:39:25 -0500] "GET /galeria/nivo-slider/demo/images/Banner%20Politica%20Publica%20CONPES%20(1).ai HTTP/1.1" 206 1689512
54.36.150.159 - - [24/Feb/2019:21:39:36 -0500] "GET /BLA/resoluciones/RESOLUCIONES%202005/RES%202005%20751-800/00000786.tif HTTP/1.1" 200 125954
186.29.183.209 - - [24/Feb/2019:21:39:54 -0500] "GET /galeria/galeria/fotos/Humedal-Tibanica1G.jpg HTTP/1.1" 200 541579
192.168.175.104 - - [24/Feb/2019:21:40:25 -0500] "GET / HTTP/1.1" 200 9990
66.249.75.95 - - [24/Feb/2019:21:40:26 -0500] "GET /autoliquidacion/index.php?dir=Solicitudes+relacionadas+con+calidad+del+aire+auditiva+y+visual%2FEvaluaci%F3n+de+permisos+de+emisi%F3n+para+fuentes+fijas%2F HTTP/1.1" 200 3663
66.249.88.62 - - [24/Feb/2019:21:40:28 -0500] "GET /galeria/galeria/fotos/Entrenube1G.jpg HTTP/1.1" 200 98766
54.36.150.117 - - [24/Feb/2019:21:41:42 -0500] "GET /BLA/resoluciones/RESOLUCIONES%202002/RES%202002%201401-1450/20021423.tif HTTP/1.1" 200 108788
190.144.166.61 - - [24/Feb/2019:21:41:49 -0500] "GET /galeria/nivo-slider/demo/images/Banner%20Politica%20Publica%20CONPES%20(1).ai HTTP/1.1" 206 1
190.144.166.61 - - [24/Feb/2019:21:41:49 -0500] "GET /galeria/nivo-slider/demo/images/Banner%20Politica%20Publica%20CONPES%20(1).ai HTTP/1.1" 206 1567889
201.245.192.253 - - [24/Feb/2019:21:41:57 -0500] "GET /galeria/nivo-slider/demo/images/Banner%20Politica%20Publica%20CONPES%20(1).ai HTTP/1.1" 206 1
201.245.192.253 - - [24/Feb/2019:21:41:57 -0500] "GET /galeria/nivo-slider/demo/images/Banner%20Politica%20Publica%20CONPES%20(1).ai HTTP/1.1" 206 1689512
190.144.166.61 - - [24/Feb/2019:21:41:59 -0500] "GET /galeria/nivo-slider/demo/images/Banner%20Politica%20Publica%20CONPES%20(1).ai HTTP/1.1" 206 1
190.144.166.61 - - [24/Feb/2019:21:41:59 -0500] "GET /galeria/nivo-slider/demo/images/Banner%20Politica%20Publica%20CONPES%20(1).ai HTTP/1.1" 206 1567889
201.245.192.253 - - [24/Feb/2019:21:42:06 -0500] "GET /galeria/nivo-slider/demo/images/Banner%20Politica%20Publica%20CONPES%20(1).ai HTTP/1.1" 206 1
201.245.192.253 - - [24/Feb/2019:21:42:07 -0500] "GET /galeria/nivo-slider/demo/images/Banner%20Politica%20Publica%20CONPES%20(1).ai HTTP/1.1" 206 1689512
190.26.53.181 - - [24/Feb/2019:21:42:20 -0500] "GET /Residuos/cosmeticos/files/guia_cosmeticos-aseo.pdf HTTP/1.1" 200 13926317
190.26.53.181 - - [24/Feb/2019:21:42:22 -0500] "GET /favicon.ico HTTP/1.1" 200 7782
190.84.144.41 - - [24/Feb/2019:21:42:24 -0500] "HEAD /BLA/boletinlegal/actos.php HTTP/1.1" 200 -
190.84.144.41 - - [24/Feb/2019:21:42:25 -0500] "GET /BLA/boletinlegal/actos.php HTTP/1.1" 200 8778
185.5.249.185 - - [24/Feb/2019:21:42:30 -0500] "HEAD / HTTP/1.1" 200 -
201.245.192.253 - - [24/Feb/2019:21:42:51 -0500] "GET /galeria/nivo-slider/demo/images/Banner%20Politica%20Publica%20CONPES%20(1).ai HTTP/1.1" 206 1
201.245.192.253 - - [24/Feb/2019:21:42:51 -0500] "GET /galeria/nivo-slider/demo/images/Banner%20Politica%20Publica%20CONPES%20(1).ai HTTP/1.1" 206 1689512
40.77.167.166 - - [24/Feb/2019:21:42:55 -0500] "GET /BLA/boletinlegal/Directivas/2011/Directiva%20No.%2011%20del%2027%20de%20Diciembre%20de%202011.pdf HTTP/1.1" 200 303527
186.83.86.146 - - [24/Feb/2019:21:42:55 -0500] "GET /POT-2013/index.php?dir=Cartografia%2F HTTP/1.1" 200 11465
186.83.86.146 - - [24/Feb/2019:21:42:55 -0500] "GET /POT-2013/dlf/styles.css HTTP/1.1" 200 3045
186.83.86.146 - - [24/Feb/2019:21:42:55 -0500] "GET /POT-2013/dlf/dirup.png HTTP/1.1" 200 644
186.83.86.146 - - [24/Feb/2019:21:42:55 -0500] "GET /POT-2013/dlf/pdf.gif HTTP/1.1" 200 272
186.83.86.146 - - [24/Feb/2019:21:42:55 -0500] "GET /POT-2013/dlf/bg.gif HTTP/1.1" 200 54
186.83.86.146 - - [24/Feb/2019:21:42:55 -0500] "GET /favicon.ico HTTP/1.1" 200 7782
201.245.192.253 - - [24/Feb/2019:21:43:01 -0500] "GET /galeria/nivo-slider/demo/images/Banner%20Politica%20Publica%20CONPES%20(1).ai HTTP/1.1" 206 1
201.245.192.253 - - [24/Feb/2019:21:43:01 -0500] "GET /galeria/nivo-slider/demo/images/Banner%20Politica%20Publica%20CONPES%20(1).ai HTTP/1.1" 206 1689512
181.236.110.8 - - [24/Feb/2019:21:43:01 -0500] "-" 408 -
181.236.110.8 - - [24/Feb/2019:21:43:01 -0500] "-" 408 -
190.84.144.41 - - [24/Feb/2019:21:43:01 -0500] "GET /BLA/boletinlegal/actos.php HTTP/1.1" 200 8778
190.84.144.41 - - [24/Feb/2019:21:43:04 -0500] "GET /BLA/boletinlegal/styles2.css HTTP/1.1" 200 1838
190.84.144.41 - - [24/Feb/2019:21:43:04 -0500] "GET /BLA/boletinlegal/niceforms.js HTTP/1.1" 200 22876
190.84.144.41 - - [24/Feb/2019:21:43:04 -0500] "GET /BLA/boletinlegal/niceforms-default.css HTTP/1.1" 200 6694
190.84.144.41 - - [24/Feb/2019:21:43:04 -0500] "GET /BLA/boletinlegal/style.css HTTP/1.1" 200 9406
190.84.144.41 - - [24/Feb/2019:21:43:04 -0500] "GET /BLA/boletinlegal/js/ajax_actos.js HTTP/1.1" 200 1322
190.84.144.41 - - [24/Feb/2019:21:43:04 -0500] "GET /BLA/boletinlegal/js/lib.js HTTP/1.1" 200 6474
190.84.144.41 - - [24/Feb/2019:21:43:04 -0500] "GET /BLA/boletinlegal/js/popup.js HTTP/1.1" 200 1270
190.84.144.41 - - [24/Feb/2019:21:43:04 -0500] "GET /BLA/boletinlegal/js/jquery1.js HTTP/1.1" 200 29846
201.245.192.253 - - [24/Feb/2019:21:43:05 -0500] "GET /galeria/nivo-slider/demo/images/Banner%20Politica%20Publica%20CONPES%20(1).ai HTTP/1.1" 206 1
201.245.192.253 - - [24/Feb/2019:21:43:05 -0500] "GET /galeria/nivo-slider/demo/images/Banner%20Politica%20Publica%20CONPES%20(1).ai HTTP/1.1" 206 1689512
190.84.144.41 - - [24/Feb/2019:21:43:05 -0500] "GET /BLA/boletinlegal/images/cabezote%20BLEGAL.jpg HTTP/1.1" 200 118164
190.84.144.41 - - [24/Feb/2019:21:43:05 -0500] "GET /BLA/boletinlegal/images/subscribe-icon-big.png HTTP/1.1" 200 47702
190.84.144.41 - - [24/Feb/2019:21:43:05 -0500] "GET /BLA/boletinlegal/images/historia.png HTTP/1.1" 200 52775
190.84.144.41 - - [24/Feb/2019:21:43:05 -0500] "GET /BLA/boletinlegal/images/green-yellow-blue-pink-th.png HTTP/1.1" 200 7394
190.84.144.41 - - [24/Feb/2019:21:43:05 -0500] "GET /BLA/boletinlegal/images/abajo.png HTTP/1.1" 200 96676
190.84.144.41 - - [24/Feb/2019:21:43:05 -0500] "GET /BLA/boletinlegal/images/registro-usuarios.png HTTP/1.1" 200 8106
190.84.144.41 - - [24/Feb/2019:21:43:05 -0500] "GET /BLA/boletinlegal/images/tel.png HTTP/1.1" 200 14477
190.84.144.41 - - [24/Feb/2019:21:43:05 -0500] "GET /BLA/boletinlegal/images/icono-email.png HTTP/1.1" 200 5544
190.84.144.41 - - [24/Feb/2019:21:43:06 -0500] "GET /BLA/boletinlegal/images/body_bg.jpg HTTP/1.1" 200 1601
190.84.144.41 - - [24/Feb/2019:21:43:07 -0500] "GET /BLA/boletinlegal/images/menu_lft.gif HTTP/1.1" 200 1713
190.84.144.41 - - [24/Feb/2019:21:43:07 -0500] "GET /BLA/boletinlegal/images/menu_rght.gif HTTP/1.1" 200 1627
190.84.144.41 - - [24/Feb/2019:21:43:07 -0500] "GET /BLA/boletinlegal/images/menu_bg.jpg HTTP/1.1" 200 620
190.84.144.41 - - [24/Feb/2019:21:43:07 -0500] "GET /BLA/boletinlegal/images/bg_top.jpg HTTP/1.1" 200 522
190.84.144.41 - - [24/Feb/2019:21:43:07 -0500] "GET /BLA/boletinlegal/images/text.jpg HTTP/1.1" 200 568
190.84.144.41 - - [24/Feb/2019:21:43:07 -0500] "GET /BLA/boletinlegal/images/hover.jpg HTTP/1.1" 200 640
190.84.144.41 - - [24/Feb/2019:21:43:07 -0500] "GET /BLA/boletinlegal/images/footer_bg.jpg HTTP/1.1" 200 586
190.84.144.41 - - [24/Feb/2019:21:43:08 -0500] "GET /BLA/boletinlegal/images/footer_bg_l.jpg HTTP/1.1" 200 776
192.168.175.104 - - [24/Feb/2019:21:43:14 -0500] "GET / HTTP/1.0" 200 9990
201.245.192.253 - - [24/Feb/2019:21:43:14 -0500] "GET /galeria/nivo-slider/demo/images/Banner%20Politica%20Publica%20CONPES%20(1).ai HTTP/1.1" 206 1
201.245.192.253 - - [24/Feb/2019:21:43:15 -0500] "GET /galeria/nivo-slider/demo/images/Banner%20Politica%20Publica%20CONPES%20(1).ai HTTP/1.1" 206 1689512
186.83.86.146 - - [24/Feb/2019:21:43:21 -0500] "GET /POT-2013/Cartografia/28_USOS%20Y%20AREAS%20DE%20ACTIVIDAD.pdf HTTP/1.1" 200 3754922
190.84.144.41 - - [24/Feb/2019:21:43:25 -0500] "GET /BLA/boletinlegal/img/0.png HTTP/1.1" 200 110
190.84.144.41 - - [24/Feb/2019:21:43:25 -0500] "GET /BLA/boletinlegal/img/select-right.png HTTP/1.1" 200 44019
190.84.144.41 - - [24/Feb/2019:21:43:25 -0500] "GET /BLA/boletinlegal/img/select-left.png HTTP/1.1" 200 263
190.84.144.41 - - [24/Feb/2019:21:43:25 -0500] "GET /favicon.ico HTTP/1.1" 200 7782
190.84.144.41 - - [24/Feb/2019:21:43:25 -0500] "GET /BLA/boletinlegal/img/button-left.png HTTP/1.1" 200 57071
190.84.144.41 - - [24/Feb/2019:21:43:25 -0500] "GET /BLA/boletinlegal/img/button.png HTTP/1.1" 200 43241
201.245.192.253 - - [24/Feb/2019:21:43:25 -0500] "GET /galeria/nivo-slider/demo/images/Banner%20Politica%20Publica%20CONPES%20(1).ai HTTP/1.1" 206 1
201.245.192.253 - - [24/Feb/2019:21:43:25 -0500] "GET /galeria/nivo-slider/demo/images/Banner%20Politica%20Publica%20CONPES%20(1).ai HTTP/1.1" 206 1689512
190.84.144.41 - - [24/Feb/2019:21:43:25 -0500] "GET /BLA/boletinlegal/img/button-right.png HTTP/1.1" 200 57878
186.83.86.146 - - [24/Feb/2019:21:43:28 -0500] "GET /POT-2013/Cartografia/32_Altura%20para%20c%C3%A1lculo%20de%20edificabilidad%20predominante%20y%20aisl.pdf HTTP/1.1" 200 3984236
201.245.192.253 - - [24/Feb/2019:21:43:35 -0500] "GET /galeria/nivo-slider/demo/images/Banner%20Politica%20Publica%20CONPES%20(1).ai HTTP/1.1" 206 1
201.245.192.253 - - [24/Feb/2019:21:43:35 -0500] "GET /galeria/nivo-slider/demo/images/Banner%20Politica%20Publica%20CONPES%20(1).ai HTTP/1.1" 206 1689512
190.84.144.41 - - [24/Feb/2019:21:43:37 -0500] "GET /BLA/boletinlegal/style.css HTTP/1.1" 200 9406
190.84.144.41 - - [24/Feb/2019:21:43:37 -0500] "GET /BLA/boletinlegal/styles2.css HTTP/1.1" 200 1838
190.84.144.41 - - [24/Feb/2019:21:43:37 -0500] "GET /BLA/boletinlegal/js/jquery.js HTTP/1.1" 200 57254
190.84.144.41 - - [24/Feb/2019:21:43:37 -0500] "GET /BLA/boletinlegal/js/jquery.scrollTo-min.js HTTP/1.1" 200 1150
190.84.144.41 - - [24/Feb/2019:21:43:37 -0500] "GET /BLA/boletinlegal/js/jquery.scrollShow.js HTTP/1.1" 200 4586
190.84.144.41 - - [24/Feb/2019:21:43:37 -0500] "GET /BLA/boletinlegal/images/cabezote%20BLEGAL.jpg HTTP/1.1" 200 118164
190.84.144.41 - - [24/Feb/2019:21:43:37 -0500] "GET /BLA/boletinlegal/images/subscribe-icon-big.png HTTP/1.1" 200 47702
190.84.144.41 - - [24/Feb/2019:21:43:37 -0500] "GET /BLA/boletinlegal/images/historia.png HTTP/1.1" 200 52775
190.84.144.41 - - [24/Feb/2019:21:43:38 -0500] "GET /BLA/boletinlegal/images/registro-usuarios.png HTTP/1.1" 200 8106
190.84.144.41 - - [24/Feb/2019:21:43:38 -0500] "GET /BLA/boletinlegal/images/arr_l.jpg HTTP/1.1" 200 1979
190.84.144.41 - - [24/Feb/2019:21:43:38 -0500] "GET /BLA/boletinlegal/images/body_bg.jpg HTTP/1.1" 200 1601
190.84.144.41 - - [24/Feb/2019:21:43:38 -0500] "GET /BLA/boletinlegal/images/screen_1.png HTTP/1.1" 200 202547
190.84.144.41 - - [24/Feb/2019:21:43:38 -0500] "GET /BLA/boletinlegal/images/launch.jpg HTTP/1.1" 200 14577
190.84.144.41 - - [24/Feb/2019:21:43:38 -0500] "GET /BLA/boletinlegal/images/menu_lft.gif HTTP/1.1" 200 1713
190.84.144.41 - - [24/Feb/2019:21:43:38 -0500] "GET /BLA/boletinlegal/images/menu_rght.gif HTTP/1.1" 200 1627
190.84.144.41 - - [24/Feb/2019:21:43:38 -0500] "GET /BLA/boletinlegal/images/menu_bg.jpg HTTP/1.1" 200 620
190.84.144.41 - - [24/Feb/2019:21:43:38 -0500] "GET /BLA/boletinlegal/images/bg_top.jpg HTTP/1.1" 200 522
190.84.144.41 - - [24/Feb/2019:21:43:38 -0500] "GET /BLA/boletinlegal/images/text.jpg HTTP/1.1" 200 568
190.84.144.41 - - [24/Feb/2019:21:43:38 -0500] "GET /BLA/boletinlegal/images/hover.jpg HTTP/1.1" 200 640
190.84.144.41 - - [24/Feb/2019:21:43:41 -0500] "GET /BLA/boletinlegal/images/screen_2.png HTTP/1.1" 200 362502
190.84.144.41 - - [24/Feb/2019:21:43:41 -0500] "GET /BLA/boletinlegal/images/footer_bg.jpg HTTP/1.1" 200 586
190.84.144.41 - - [24/Feb/2019:21:43:41 -0500] "GET /BLA/boletinlegal/images/arr_r.jpg HTTP/1.1" 200 1998
190.84.144.41 - - [24/Feb/2019:21:43:41 -0500] "GET /BLA/boletinlegal/images/screen_3.png HTTP/1.1" 200 210620
190.84.144.41 - - [24/Feb/2019:21:43:41 -0500] "GET /BLA/boletinlegal/images/screen_5.png HTTP/1.1" 200 368876
190.84.144.41 - - [24/Feb/2019:21:43:48 -0500] "GET /BLA/boletinlegal/images/pdf.gif HTTP/1.1" 200 567
186.154.187.182 - - [24/Feb/2019:21:43:48 -0500] "GET /Residuos/curtiembres/files/guia_curtiembres.pdf HTTP/1.1" 200 13618642
186.154.187.182 - - [24/Feb/2019:21:43:48 -0500] "GET /favicon.ico HTTP/1.1" 200 7782
186.154.187.182 - - [24/Feb/2019:21:43:48 -0500] "GET /Residuos/curtiembres/files/guia_curtiembres.pdf HTTP/1.1" 206 65536
186.154.187.182 - - [24/Feb/2019:21:43:49 -0500] "GET /Residuos/curtiembres/files/guia_curtiembres.pdf HTTP/1.1" 206 52690
186.154.187.182 - - [24/Feb/2019:21:43:50 -0500] "GET /Residuos/curtiembres/files/guia_curtiembres.pdf HTTP/1.1" 206 65536
186.154.187.182 - - [24/Feb/2019:21:43:50 -0500] "GET /Residuos/curtiembres/files/guia_curtiembres.pdf HTTP/1.1" 206 65536
186.154.187.182 - - [24/Feb/2019:21:43:50 -0500] "GET /Residuos/curtiembres/files/guia_curtiembres.pdf HTTP/1.1" 206 65536
186.154.187.182 - - [24/Feb/2019:21:43:50 -0500] "GET /Residuos/curtiembres/files/guia_curtiembres.pdf HTTP/1.1" 206 65536
186.154.187.182 - - [24/Feb/2019:21:43:51 -0500] "GET /Residuos/curtiembres/files/guia_curtiembres.pdf HTTP/1.1" 206 65536
186.154.187.182 - - [24/Feb/2019:21:43:51 -0500] "GET /Residuos/curtiembres/files/guia_curtiembres.pdf HTTP/1.1" 206 65536
186.154.187.182 - - [24/Feb/2019:21:43:51 -0500] "GET /Residuos/curtiembres/files/guia_curtiembres.pdf HTTP/1.1" 206 65536
