201.245.192.253 - - [24/Feb/2019:18:10:56 -0500] "GET /galeria/nivo-slider/demo/images/Banner%20Politica%20Publica%20CONPES%20(1).ai HTTP/1.1" 206 1689512
201.245.192.253 - - [24/Feb/2019:18:11:06 -0500] "GET /galeria/nivo-slider/demo/images/Banner%20Politica%20Publica%20CONPES%20(1).ai HTTP/1.1" 206 1
201.245.192.253 - - [24/Feb/2019:18:11:06 -0500] "GET /galeria/nivo-slider/demo/images/Banner%20Politica%20Publica%20CONPES%20(1).ai HTTP/1.1" 206 1689512
201.245.192.253 - - [24/Feb/2019:18:10:38 -0500] "POST /kwsrmcab/Wsrmcab HTTP/1.1" 200 24517
157.55.39.170 - - [24/Feb/2019:18:11:15 -0500] "GET /BLA/boletinlegal/jurisprudencia/analisis/Analisis%20Jurisprudencia%20Sent%202000-00005-01.doc HTTP/1.1" 304 -
179.51.108.3 - - [24/Feb/2019:18:11:40 -0500] "GET /Residuos/curtiembres/files/guia_curtiembres.pdf HTTP/1.1" 200 13618642
54.36.150.120 - - [24/Feb/2019:18:11:40 -0500] "GET /BLA/resoluciones/RESOLUCIONES%202003/RES%202003%201451-1500/20031496.tif HTTP/1.1" 200 162660
179.51.108.3 - - [24/Feb/2019:18:11:42 -0500] "GET /Residuos/curtiembres/files/guia_curtiembres.pdf HTTP/1.1" 200 13618642
192.168.175.104 - - [24/Feb/2019:18:11:43 -0500] "GET / HTTP/1.1" 200 9990
66.249.75.95 - - [24/Feb/2019:18:12:08 -0500] "GET /BLA/resoluciones/RESOLUCIONES%202007/RES%202007%203601%20AL%203700/RESOLUCION%203617%20DE%202007.pdf HTTP/1.1" 200 400257
54.36.148.109 - - [24/Feb/2019:18:12:24 -0500] "GET /BLA/resoluciones/RESOLUCIONES%202002/RES%202002%20651-700/00000676.tif HTTP/1.1" 200 93970
66.249.75.94 - - [24/Feb/2019:18:12:32 -0500] "GET /BLA/resoluciones/RESOLUCIONES%202009/3669.pdf HTTP/1.1" 200 80419
54.36.148.196 - - [24/Feb/2019:18:12:34 -0500] "GET /BLA/resoluciones/RESOLUCIONES%202002/RES%202002%20351-400/00000381.tif HTTP/1.1" 200 59028
190.24.58.146 - - [24/Feb/2019:18:12:45 -0500] "GET /galeria/mapa/humedal2017.jpg HTTP/1.1" 200 644667
186.145.169.95 - - [24/Feb/2019:18:12:51 -0500] "GET /forest/ HTTP/1.1" 200 12041
54.36.150.21 - - [24/Feb/2019:18:12:51 -0500] "GET /BLA/resoluciones/index.php?dir=RESOLUCIONES%202007/RES%202007%201201%20AL%201300/&sort=size&order=desc HTTP/1.1" 200 26863
66.249.75.95 - - [24/Feb/2019:18:12:56 -0500] "GET /BLA/resoluciones/RESOLUCIONES%202007/RES%202007%202001%20AL%202100/RESOLUCION%202006%20%20DE%202007.pdf HTTP/1.1" 200 545790
66.249.75.95 - - [24/Feb/2019:18:13:21 -0500] "GET /BLA/resoluciones/AUTOS%202016/0698.pdf HTTP/1.1" 200 528841
181.61.209.25 - - [24/Feb/2019:18:13:23 -0500] "-" 408 -
190.144.166.61 - - [24/Feb/2019:18:13:30 -0500] "GET /galeria/nivo-slider/demo/images/Banner%20Politica%20Publica%20CONPES%20(1).ai HTTP/1.1" 206 1
190.144.166.61 - - [24/Feb/2019:18:13:30 -0500] "GET /galeria/nivo-slider/demo/images/Banner%20Politica%20Publica%20CONPES%20(1).ai HTTP/1.1" 206 1567889
201.245.192.253 - - [24/Feb/2019:18:13:37 -0500] "GET /galeria/nivo-slider/demo/images/Banner%20Politica%20Publica%20CONPES%20(1).ai HTTP/1.1" 206 1
201.245.192.253 - - [24/Feb/2019:18:13:37 -0500] "GET /galeria/nivo-slider/demo/images/Banner%20Politica%20Publica%20CONPES%20(1).ai HTTP/1.1" 206 1689512
190.144.166.61 - - [24/Feb/2019:18:13:40 -0500] "GET /galeria/nivo-slider/demo/images/Banner%20Politica%20Publica%20CONPES%20(1).ai HTTP/1.1" 206 1
190.144.166.61 - - [24/Feb/2019:18:13:40 -0500] "GET /galeria/nivo-slider/demo/images/Banner%20Politica%20Publica%20CONPES%20(1).ai HTTP/1.1" 206 1567889
66.249.75.94 - - [24/Feb/2019:18:13:45 -0500] "GET /BLA/resoluciones/RESOLUCIONES%202007/RES%202007%20301%20AL%20400/RESOLUCION%200344%20DE%202007.pdf HTTP/1.1" 200 702706
201.245.192.253 - - [24/Feb/2019:18:13:47 -0500] "GET /galeria/nivo-slider/demo/images/Banner%20Politica%20Publica%20CONPES%20(1).ai HTTP/1.1" 206 1
201.245.192.253 - - [24/Feb/2019:18:13:47 -0500] "GET /galeria/nivo-slider/demo/images/Banner%20Politica%20Publica%20CONPES%20(1).ai HTTP/1.1" 206 1689512
69.162.124.233 - - [24/Feb/2019:18:13:53 -0500] "HEAD / HTTP/1.1" 200 -
66.249.75.94 - - [24/Feb/2019:18:14:09 -0500] "GET /BLA/resoluciones/RESOLUCIONES%202007/RES%202007%202001%20AL%202100/RESOLUCION%202085%20DE%202007.pdf HTTP/1.1" 200 481606
161.10.81.247 - - [24/Feb/2019:18:13:59 -0500] "GET /arcgis/services/Calidad_del_Agua_WQI/MapServer/WMSServer?&request=GetCapabilities&service=WMS HTTP/1.1" 503 1124
161.10.81.247 - - [24/Feb/2019:18:14:21 -0500] "GET /favicon.ico HTTP/1.1" 200 7782
161.10.81.247 - - [24/Feb/2019:18:14:31 -0500] "GET /arcgis/services/Calidad_del_Agua_WQI/MapServer/WMSServer?&request=GetCapabilities&service=WMS HTTP/1.1" 503 1124
201.245.192.253 - - [24/Feb/2019:18:14:31 -0500] "GET /galeria/nivo-slider/demo/images/Banner%20Politica%20Publica%20CONPES%20(1).ai HTTP/1.1" 206 1
201.245.192.253 - - [24/Feb/2019:18:14:31 -0500] "GET /galeria/nivo-slider/demo/images/Banner%20Politica%20Publica%20CONPES%20(1).ai HTTP/1.1" 206 1689512
54.36.148.38 - - [24/Feb/2019:18:14:32 -0500] "GET /BLA/resoluciones/index.php?dir=Notificaciones%2F HTTP/1.1" 200 6539
192.168.175.104 - - [24/Feb/2019:18:14:35 -0500] "GET / HTTP/1.0" 200 9990
201.245.192.253 - - [24/Feb/2019:18:14:41 -0500] "GET /galeria/nivo-slider/demo/images/Banner%20Politica%20Publica%20CONPES%20(1).ai HTTP/1.1" 206 1
201.245.192.253 - - [24/Feb/2019:18:14:42 -0500] "GET /galeria/nivo-slider/demo/images/Banner%20Politica%20Publica%20CONPES%20(1).ai HTTP/1.1" 206 1689512
201.245.192.253 - - [24/Feb/2019:18:14:45 -0500] "GET /galeria/nivo-slider/demo/images/Banner%20Politica%20Publica%20CONPES%20(1).ai HTTP/1.1" 206 1
201.245.192.253 - - [24/Feb/2019:18:14:45 -0500] "GET /galeria/nivo-slider/demo/images/Banner%20Politica%20Publica%20CONPES%20(1).ai HTTP/1.1" 206 1689512
54.36.148.245 - - [24/Feb/2019:18:14:54 -0500] "GET /BLA/resoluciones/AUTOS%202006/AUTOS%202006%20601-700/00000609.tif HTTP/1.1" 200 120212
201.245.192.253 - - [24/Feb/2019:18:14:55 -0500] "GET /galeria/nivo-slider/demo/images/Banner%20Politica%20Publica%20CONPES%20(1).ai HTTP/1.1" 206 1
201.245.192.253 - - [24/Feb/2019:18:14:55 -0500] "GET /galeria/nivo-slider/demo/images/Banner%20Politica%20Publica%20CONPES%20(1).ai HTTP/1.1" 206 1689512
66.249.75.95 - - [24/Feb/2019:18:14:57 -0500] "GET /BLA/resoluciones/AUTOS%202009/3550.pdf HTTP/1.1" 200 147488
201.245.192.253 - - [24/Feb/2019:18:15:06 -0500] "GET /galeria/nivo-slider/demo/images/Banner%20Politica%20Publica%20CONPES%20(1).ai HTTP/1.1" 206 1
201.245.192.253 - - [24/Feb/2019:18:15:06 -0500] "GET /galeria/nivo-slider/demo/images/Banner%20Politica%20Publica%20CONPES%20(1).ai HTTP/1.1" 206 1689512
201.245.192.253 - - [24/Feb/2019:18:15:16 -0500] "GET /galeria/nivo-slider/demo/images/Banner%20Politica%20Publica%20CONPES%20(1).ai HTTP/1.1" 206 1
201.245.192.253 - - [24/Feb/2019:18:15:16 -0500] "GET /galeria/nivo-slider/demo/images/Banner%20Politica%20Publica%20CONPES%20(1).ai HTTP/1.1" 206 1689512
66.249.75.95 - - [24/Feb/2019:18:15:21 -0500] "GET /BLA/resoluciones/AUTOS%202008/0901.pdf HTTP/1.1" 200 229194
66.249.75.94 - - [24/Feb/2019:18:16:10 -0500] "GET /BLA/resoluciones/RESOLUCIONES%202007/RES%202007%204101%20AL%204200/RESOLUCION%204190%20%20DE%202007.pdf HTTP/1.1" 200 307178
54.36.150.177 - - [24/Feb/2019:18:16:12 -0500] "GET /BLA/resoluciones/RESOLUCIONES%202006/RES%202006%20851-900/00000887.tif HTTP/1.1" 200 21988
190.84.210.237 - - [24/Feb/2019:18:16:18 -0500] "GET /galeria/galeria/fotos/Humedal-Santa-Mar%C3%ADa-del-Lago1G.jpg HTTP/1.1" 200 290867
35.192.84.7 - - [24/Feb/2019:18:16:31 -0500] "GET /robots.txt HTTP/1.1" 404 1019
66.249.69.164 - - [24/Feb/2019:18:16:34 -0500] "GET /PruebasSTORM/StormSDA_pruebas/userFiles/user_files/formulas/3/517.xml HTTP/1.1" 200 991
54.36.150.177 - - [24/Feb/2019:18:16:38 -0500] "GET /BLA/resoluciones/RESOLUCIONES%202003/RES%202003%201151-1200/1178.tif HTTP/1.1" 200 71644
192.168.175.104 - - [24/Feb/2019:18:16:40 -0500] "GET / HTTP/1.1" 200 9990
66.249.75.95 - - [24/Feb/2019:18:16:58 -0500] "GET /BLA/resoluciones/AUTOS%202014/6094.pdf HTTP/1.1" 200 204645
186.86.82.68 - - [24/Feb/2019:18:17:00 -0500] "GET /BLA/resoluciones/RESOLUCIONES%202016/2023.pdf HTTP/1.1" 200 769599
66.249.75.94 - - [24/Feb/2019:18:17:22 -0500] "GET /BLA/resoluciones/RESOLUCIONES%202009/2897.pdf HTTP/1.1" 200 497510
190.24.59.27 - - [24/Feb/2019:18:17:39 -0500] "GET /galeria/galeria/fotos/1GuaymaralTorcaG1.jpg HTTP/1.1" 200 36592
190.144.166.61 - - [24/Feb/2019:18:17:40 -0500] "GET /galeria/nivo-slider/demo/images/Banner%20Politica%20Publica%20CONPES%20(1).ai HTTP/1.1" 206 1
190.144.166.61 - - [24/Feb/2019:18:17:40 -0500] "GET /galeria/nivo-slider/demo/images/Banner%20Politica%20Publica%20CONPES%20(1).ai HTTP/1.1" 206 1567889
201.245.192.253 - - [24/Feb/2019:18:17:47 -0500] "GET /galeria/nivo-slider/demo/images/Banner%20Politica%20Publica%20CONPES%20(1).ai HTTP/1.1" 206 1
201.245.192.253 - - [24/Feb/2019:18:17:47 -0500] "GET /galeria/nivo-slider/demo/images/Banner%20Politica%20Publica%20CONPES%20(1).ai HTTP/1.1" 206 1689512
190.144.166.61 - - [24/Feb/2019:18:17:50 -0500] "GET /galeria/nivo-slider/demo/images/Banner%20Politica%20Publica%20CONPES%20(1).ai HTTP/1.1" 206 1
190.144.166.61 - - [24/Feb/2019:18:17:50 -0500] "GET /galeria/nivo-slider/demo/images/Banner%20Politica%20Publica%20CONPES%20(1).ai HTTP/1.1" 206 1567889
201.245.192.253 - - [24/Feb/2019:18:17:57 -0500] "GET /galeria/nivo-slider/demo/images/Banner%20Politica%20Publica%20CONPES%20(1).ai HTTP/1.1" 206 1
201.245.192.253 - - [24/Feb/2019:18:17:57 -0500] "GET /galeria/nivo-slider/demo/images/Banner%20Politica%20Publica%20CONPES%20(1).ai HTTP/1.1" 206 1689512
201.245.192.253 - - [24/Feb/2019:18:18:41 -0500] "GET /galeria/nivo-slider/demo/images/Banner%20Politica%20Publica%20CONPES%20(1).ai HTTP/1.1" 206 1
201.245.192.253 - - [24/Feb/2019:18:18:41 -0500] "GET /galeria/nivo-slider/demo/images/Banner%20Politica%20Publica%20CONPES%20(1).ai HTTP/1.1" 206 1689512
54.36.150.113 - - [24/Feb/2019:18:18:43 -0500] "GET /BLA/resoluciones/RESOLUCIONES%202005/RES%202005%20801-850/INDEX.DAT HTTP/1.1" 200 2000
190.248.255.174 - - [24/Feb/2019:18:18:47 -0500] "GET /galeria/mapa/humedal2017.jpg HTTP/1.1" 200 644667
54.36.150.85 - - [24/Feb/2019:18:18:49 -0500] "GET /BLA/resoluciones/RESOLUCIONES%202006/RES%202006%201101-1150/00001146.tif HTTP/1.1" 200 114644
201.245.192.253 - - [24/Feb/2019:18:18:51 -0500] "GET /galeria/nivo-slider/demo/images/Banner%20Politica%20Publica%20CONPES%20(1).ai HTTP/1.1" 206 1
201.245.192.253 - - [24/Feb/2019:18:18:51 -0500] "GET /galeria/nivo-slider/demo/images/Banner%20Politica%20Publica%20CONPES%20(1).ai HTTP/1.1" 206 1689512
69.162.124.233 - - [24/Feb/2019:18:18:53 -0500] "HEAD / HTTP/1.1" 200 -
201.245.192.253 - - [24/Feb/2019:18:18:55 -0500] "GET /galeria/nivo-slider/demo/images/Banner%20Politica%20Publica%20CONPES%20(1).ai HTTP/1.1" 206 1
201.245.192.253 - - [24/Feb/2019:18:18:55 -0500] "GET /galeria/nivo-slider/demo/images/Banner%20Politica%20Publica%20CONPES%20(1).ai HTTP/1.1" 206 1689512
186.80.32.203 - - [24/Feb/2019:18:18:58 -0500] "GET /BLA/resoluciones/RESOLUCIONES%202016/0042.pdf HTTP/1.1" 200 454584
186.80.32.203 - - [24/Feb/2019:18:18:58 -0500] "GET /favicon.ico HTTP/1.1" 200 7782
66.249.75.94 - - [24/Feb/2019:18:18:59 -0500] "GET /BLA/resoluciones/RESOLUCIONES%202007/RES%202007%20901%20AL%201000/RESOLUCION%200997%20DE%202007.pdf HTTP/1.1" 200 187342
201.245.192.253 - - [24/Feb/2019:18:19:05 -0500] "GET /galeria/nivo-slider/demo/images/Banner%20Politica%20Publica%20CONPES%20(1).ai HTTP/1.1" 206 1
201.245.192.253 - - [24/Feb/2019:18:19:05 -0500] "GET /galeria/nivo-slider/demo/images/Banner%20Politica%20Publica%20CONPES%20(1).ai HTTP/1.1" 206 1689512
201.245.192.253 - - [24/Feb/2019:18:19:16 -0500] "GET /galeria/nivo-slider/demo/images/Banner%20Politica%20Publica%20CONPES%20(1).ai HTTP/1.1" 206 1
201.245.192.253 - - [24/Feb/2019:18:19:16 -0500] "GET /galeria/nivo-slider/demo/images/Banner%20Politica%20Publica%20CONPES%20(1).ai HTTP/1.1" 206 1689512
201.245.192.253 - - [24/Feb/2019:18:19:26 -0500] "GET /galeria/nivo-slider/demo/images/Banner%20Politica%20Publica%20CONPES%20(1).ai HTTP/1.1" 206 1
201.245.192.253 - - [24/Feb/2019:18:19:26 -0500] "GET /galeria/nivo-slider/demo/images/Banner%20Politica%20Publica%20CONPES%20(1).ai HTTP/1.1" 206 1689512
190.250.101.25 - - [24/Feb/2019:18:19:32 -0500] "GET /BLA/resoluciones/RESOLUCIONES%202007/RES%202007%204101%20AL%204200/RESOLUCION%204119%20DE%202007.pdf HTTP/1.1" 200 599100
54.36.150.119 - - [24/Feb/2019:18:19:33 -0500] "GET /BLA/resoluciones/RESOLUCIONES%202003/RES%202003%201301-1350/20031328.tif HTTP/1.1" 200 107030
190.250.101.25 - - [24/Feb/2019:18:19:33 -0500] "GET /favicon.ico HTTP/1.1" 200 7782
192.168.175.104 - - [24/Feb/2019:18:19:34 -0500] "GET / HTTP/1.0" 200 9990
190.250.72.0 - - [24/Feb/2019:18:19:46 -0500] "GET /galeria/nivo-slider/themes/pascal/pascal.css HTTP/1.1" 200 2258
190.250.72.0 - - [24/Feb/2019:18:19:46 -0500] "GET /galeria/nivo-slider/demo/style.css HTTP/1.1" 200 2222
190.250.72.0 - - [24/Feb/2019:18:19:46 -0500] "GET /galeria/nivo-slider/demo/images/0banner-fuera-funcionaminto.png HTTP/1.1" 200 821352
190.250.72.0 - - [24/Feb/2019:18:19:46 -0500] "GET /galeria/nivo-slider/demo/images/Banner%20Politica%20Publica%20CONPES%20(1).ai HTTP/1.1" 200 1775371
190.250.72.0 - - [24/Feb/2019:18:19:46 -0500] "GET /galeria/nivo-slider/jquery.nivo.slider.pack.js HTTP/1.1" 200 11561
190.250.72.0 - - [24/Feb/2019:18:19:46 -0500] "GET /galeria/nivo-slider/demo/images/Banneranonimos.png HTTP/1.1" 200 109388
190.250.72.0 - - [24/Feb/2019:18:19:47 -0500] "GET /galeria/nivo-slider/demo/images/web%20ingreso%20humedales.png HTTP/1.1" 200 641193
66.249.75.94 - - [24/Feb/2019:18:19:48 -0500] "GET /BLA/resoluciones/RESOLUCIONES%202011/0741.pdf HTTP/1.1" 200 66907
201.245.192.253 - - [24/Feb/2019:18:19:38 -0500] "POST /kwsrmcab/Wsrmcab HTTP/1.1" 200 29785
190.156.17.34 - - [24/Feb/2019:18:20:16 -0500] "GET /BLA/resoluciones/RESOLUCIONES%202008/2580.pdf HTTP/1.1" 200 830963
190.156.17.34 - - [24/Feb/2019:18:20:17 -0500] "GET /favicon.ico HTTP/1.1" 200 7782
179.33.93.33 - - [24/Feb/2019:18:21:30 -0500] "GET /galeria/galeria/fotos/juan-amarillo2G.jpg HTTP/1.1" 200 341507
192.168.175.104 - - [24/Feb/2019:18:21:39 -0500] "GET / HTTP/1.1" 200 9990
181.50.142.36 - - [24/Feb/2019:18:21:49 -0500] "GET /galeria/galeria/fotos/Humedal-Santa-Mar%C3%ADa-del-Lago3G.jpg HTTP/1.1" 200 271832
190.144.166.61 - - [24/Feb/2019:18:21:50 -0500] "GET /galeria/nivo-slider/demo/images/Banner%20Politica%20Publica%20CONPES%20(1).ai HTTP/1.1" 206 1
190.144.166.61 - - [24/Feb/2019:18:21:50 -0500] "GET /galeria/nivo-slider/demo/images/Banner%20Politica%20Publica%20CONPES%20(1).ai HTTP/1.1" 206 1567889
201.245.192.253 - - [24/Feb/2019:18:21:57 -0500] "GET /galeria/nivo-slider/demo/images/Banner%20Politica%20Publica%20CONPES%20(1).ai HTTP/1.1" 206 1
201.245.192.253 - - [24/Feb/2019:18:21:57 -0500] "GET /galeria/nivo-slider/demo/images/Banner%20Politica%20Publica%20CONPES%20(1).ai HTTP/1.1" 206 1689512
190.144.166.61 - - [24/Feb/2019:18:22:00 -0500] "GET /galeria/nivo-slider/demo/images/Banner%20Politica%20Publica%20CONPES%20(1).ai HTTP/1.1" 206 1
190.144.166.61 - - [24/Feb/2019:18:22:00 -0500] "GET /galeria/nivo-slider/demo/images/Banner%20Politica%20Publica%20CONPES%20(1).ai HTTP/1.1" 206 1567889
201.245.192.253 - - [24/Feb/2019:18:22:07 -0500] "GET /galeria/nivo-slider/demo/images/Banner%20Politica%20Publica%20CONPES%20(1).ai HTTP/1.1" 206 1
201.245.192.253 - - [24/Feb/2019:18:22:07 -0500] "GET /galeria/nivo-slider/demo/images/Banner%20Politica%20Publica%20CONPES%20(1).ai HTTP/1.1" 206 1689512
190.1.248.117 - - [24/Feb/2019:18:22:14 -0500] "GET /dama/libreria/jpg/sec_amb.jpg HTTP/1.1" 404 1019
190.1.248.117 - - [24/Feb/2019:18:22:14 -0500] "GET /dama/libreria/jpg/sec_amb.jpg HTTP/1.1" 404 1019
190.1.248.117 - - [24/Feb/2019:18:22:14 -0500] "GET /dama/libreria/jpg/sec_amb.jpg HTTP/1.1" 404 1019
190.1.248.117 - - [24/Feb/2019:18:22:14 -0500] "GET /dama/libreria/jpg/sec_amb.jpg HTTP/1.1" 404 1019
190.1.248.117 - - [24/Feb/2019:18:22:14 -0500] "GET /dama/libreria/jpg/sec_amb.jpg HTTP/1.1" 404 1019
190.1.248.117 - - [24/Feb/2019:18:22:14 -0500] "GET /dama/libreria/jpg/sec_amb.jpg HTTP/1.1" 404 1019
190.1.248.117 - - [24/Feb/2019:18:22:14 -0500] "GET /dama/libreria/jpg/sec_amb.jpg HTTP/1.1" 404 1019
190.1.248.117 - - [24/Feb/2019:18:22:14 -0500] "GET /dama/libreria/jpg/sec_amb.jpg HTTP/1.1" 404 1019
190.1.248.117 - - [24/Feb/2019:18:22:14 -0500] "GET /dama/libreria/jpg/sec_amb.jpg HTTP/1.1" 404 1019
190.1.248.117 - - [24/Feb/2019:18:22:14 -0500] "GET /dama/libreria/jpg/sec_amb.jpg HTTP/1.1" 404 1019
190.1.248.117 - - [24/Feb/2019:18:22:14 -0500] "GET /dama/libreria/jpg/sec_amb.jpg HTTP/1.1" 404 1019
190.1.248.117 - - [24/Feb/2019:18:22:14 -0500] "GET /dama/libreria/jpg/sec_amb.jpg HTTP/1.1" 404 1019
201.245.192.253 - - [24/Feb/2019:18:22:51 -0500] "GET /galeria/nivo-slider/demo/images/Banner%20Politica%20Publica%20CONPES%20(1).ai HTTP/1.1" 206 1
201.245.192.253 - - [24/Feb/2019:18:22:51 -0500] "GET /galeria/nivo-slider/demo/images/Banner%20Politica%20Publica%20CONPES%20(1).ai HTTP/1.1" 206 1689512
66.249.69.85 - - [24/Feb/2019:18:23:01 -0500] "GET / HTTP/1.1" 200 9990
201.245.192.253 - - [24/Feb/2019:18:23:01 -0500] "GET /galeria/nivo-slider/demo/images/Banner%20Politica%20Publica%20CONPES%20(1).ai HTTP/1.1" 206 1
201.245.192.253 - - [24/Feb/2019:18:23:01 -0500] "GET /galeria/nivo-slider/demo/images/Banner%20Politica%20Publica%20CONPES%20(1).ai HTTP/1.1" 206 1689512
201.245.192.253 - - [24/Feb/2019:18:23:05 -0500] "GET /galeria/nivo-slider/demo/images/Banner%20Politica%20Publica%20CONPES%20(1).ai HTTP/1.1" 206 1
201.245.192.253 - - [24/Feb/2019:18:23:05 -0500] "GET /galeria/nivo-slider/demo/images/Banner%20Politica%20Publica%20CONPES%20(1).ai HTTP/1.1" 206 1689512
157.55.39.239 - - [24/Feb/2019:18:23:11 -0500] "GET / HTTP/1.1" 200 9990
201.245.192.253 - - [24/Feb/2019:18:23:15 -0500] "GET /galeria/nivo-slider/demo/images/Banner%20Politica%20Publica%20CONPES%20(1).ai HTTP/1.1" 206 1
201.245.192.253 - - [24/Feb/2019:18:23:15 -0500] "GET /galeria/nivo-slider/demo/images/Banner%20Politica%20Publica%20CONPES%20(1).ai HTTP/1.1" 206 1689512
190.130.67.53 - - [24/Feb/2019:18:23:23 -0500] "GET /BLA/resoluciones/AUTOS%202015/0038.pdf HTTP/1.1" 200 622336
201.245.192.253 - - [24/Feb/2019:18:23:26 -0500] "GET /galeria/nivo-slider/demo/images/Banner%20Politica%20Publica%20CONPES%20(1).ai HTTP/1.1" 206 1
201.245.192.253 - - [24/Feb/2019:18:23:26 -0500] "GET /galeria/nivo-slider/demo/images/Banner%20Politica%20Publica%20CONPES%20(1).ai HTTP/1.1" 206 1689512
201.245.192.253 - - [24/Feb/2019:18:23:36 -0500] "GET /galeria/nivo-slider/demo/images/Banner%20Politica%20Publica%20CONPES%20(1).ai HTTP/1.1" 206 1
201.245.192.253 - - [24/Feb/2019:18:23:36 -0500] "GET /galeria/nivo-slider/demo/images/Banner%20Politica%20Publica%20CONPES%20(1).ai HTTP/1.1" 206 1689512
66.249.75.94 - - [24/Feb/2019:18:23:49 -0500] "GET /BLA/resoluciones/AUTOS%202007/1429.pdf HTTP/1.1" 200 88983
69.162.124.233 - - [24/Feb/2019:18:23:53 -0500] "HEAD / HTTP/1.1" 200 -
186.28.114.166 - - [24/Feb/2019:18:24:08 -0500] "GET /POT-2013/index.php?dir=Cartografia%2F HTTP/1.1" 200 11465
186.28.114.166 - - [24/Feb/2019:18:24:08 -0500] "GET /POT-2013/dlf/dirup.png HTTP/1.1" 200 644
186.28.114.166 - - [24/Feb/2019:18:24:08 -0500] "GET /POT-2013/dlf/pdf.gif HTTP/1.1" 200 272
186.28.114.166 - - [24/Feb/2019:18:24:08 -0500] "GET /POT-2013/dlf/styles.css HTTP/1.1" 200 3045
186.28.114.166 - - [24/Feb/2019:18:24:08 -0500] "GET /POT-2013/dlf/bg.gif HTTP/1.1" 200 54
186.28.114.166 - - [24/Feb/2019:18:24:08 -0500] "GET /favicon.ico HTTP/1.1" 200 7782
190.121.133.66 - - [24/Feb/2019:18:24:09 -0500] "GET /BLA/resoluciones/RESOLUCIONES%202007/RES%202007%202201%20AL%202300/RESOLUCION%202254%20DE%202007.pdf HTTP/1.1" 200 789850
190.121.133.66 - - [24/Feb/2019:18:24:12 -0500] "GET /BLA/resoluciones/RESOLUCIONES%202007/RES%202007%202201%20AL%202300/RESOLUCION%202254%20DE%202007.pdf HTTP/1.1" 200 789850
190.121.133.66 - - [24/Feb/2019:18:24:12 -0500] "GET /BLA/resoluciones/RESOLUCIONES%202007/RES%202007%202201%20AL%202300/RESOLUCION%202254%20DE%202007.pdf HTTP/1.1" 200 789850
54.36.148.71 - - [24/Feb/2019:18:24:21 -0500] "GET /BLA/resoluciones/RESOLUCIONES%202004/RES%202004%20401-450/00000407.tif HTTP/1.1" 200 94970
192.168.175.104 - - [24/Feb/2019:18:24:33 -0500] "GET / HTTP/1.0" 200 9990
157.55.39.144 - - [24/Feb/2019:18:25:00 -0500] "GET /SIG/Gesti%C3%B3n%20Ambiental/126PM03-PR02.pdf HTTP/1.1" 200 287591
66.249.75.95 - - [24/Feb/2019:18:25:02 -0500] "GET /BLA/resoluciones/RESOLUCIONES%202007/RES%202007%203001%20AL%203100/RESOLUCION%203047%20DE%202007.pdf HTTP/1.1" 200 18304
161.10.23.173 - - [24/Feb/2019:18:25:14 -0500] "GET /galeria/galeria/fotos/Humedal-Vaca2G.jpg HTTP/1.1" 200 279730
161.10.23.173 - - [24/Feb/2019:18:25:21 -0500] "GET /galeria/galeria/fotos/Humedal-Vaca2G.jpg HTTP/1.1" 200 279730
190.144.166.61 - - [24/Feb/2019:18:26:00 -0500] "GET /galeria/nivo-slider/demo/images/Banner%20Politica%20Publica%20CONPES%20(1).ai HTTP/1.1" 206 1
190.144.166.61 - - [24/Feb/2019:18:26:00 -0500] "GET /galeria/nivo-slider/demo/images/Banner%20Politica%20Publica%20CONPES%20(1).ai HTTP/1.1" 206 1567889
201.245.192.253 - - [24/Feb/2019:18:26:07 -0500] "GET /galeria/nivo-slider/demo/images/Banner%20Politica%20Publica%20CONPES%20(1).ai HTTP/1.1" 206 1
201.245.192.253 - - [24/Feb/2019:18:26:07 -0500] "GET /galeria/nivo-slider/demo/images/Banner%20Politica%20Publica%20CONPES%20(1).ai HTTP/1.1" 206 1689512
190.144.166.61 - - [24/Feb/2019:18:26:10 -0500] "GET /galeria/nivo-slider/demo/images/Banner%20Politica%20Publica%20CONPES%20(1).ai HTTP/1.1" 206 1
190.144.166.61 - - [24/Feb/2019:18:26:10 -0500] "GET /galeria/nivo-slider/demo/images/Banner%20Politica%20Publica%20CONPES%20(1).ai HTTP/1.1" 206 1567889
66.249.75.95 - - [24/Feb/2019:18:26:14 -0500] "GET /BLA/resoluciones/AUTOS%202011/7407.pdf HTTP/1.1" 200 148113
201.245.192.253 - - [24/Feb/2019:18:26:17 -0500] "GET /galeria/nivo-slider/demo/images/Banner%20Politica%20Publica%20CONPES%20(1).ai HTTP/1.1" 206 1
201.245.192.253 - - [24/Feb/2019:18:26:17 -0500] "GET /galeria/nivo-slider/demo/images/Banner%20Politica%20Publica%20CONPES%20(1).ai HTTP/1.1" 206 1689512
35.192.84.7 - - [24/Feb/2019:18:26:26 -0500] "GET /robots.txt HTTP/1.1" 404 1018
192.168.175.104 - - [24/Feb/2019:18:26:38 -0500] "GET / HTTP/1.1" 200 9990
201.245.192.253 - - [24/Feb/2019:18:27:01 -0500] "GET /galeria/nivo-slider/demo/images/Banner%20Politica%20Publica%20CONPES%20(1).ai HTTP/1.1" 206 1
201.245.192.253 - - [24/Feb/2019:18:27:01 -0500] "GET /galeria/nivo-slider/demo/images/Banner%20Politica%20Publica%20CONPES%20(1).ai HTTP/1.1" 206 1689512
54.36.150.177 - - [24/Feb/2019:18:27:05 -0500] "GET /BLA/resoluciones/index.php?dir=RESOLUCIONES%202005/RES%202005%20851-900/&sort=size&order=asc HTTP/1.1" 200 12242
201.245.192.253 - - [24/Feb/2019:18:27:11 -0500] "GET /galeria/nivo-slider/demo/images/Banner%20Politica%20Publica%20CONPES%20(1).ai HTTP/1.1" 206 1
201.245.192.253 - - [24/Feb/2019:18:27:11 -0500] "GET /galeria/nivo-slider/demo/images/Banner%20Politica%20Publica%20CONPES%20(1).ai HTTP/1.1" 206 1689512
201.245.192.253 - - [24/Feb/2019:18:27:15 -0500] "GET /galeria/nivo-slider/demo/images/Banner%20Politica%20Publica%20CONPES%20(1).ai HTTP/1.1" 206 1
201.245.192.253 - - [24/Feb/2019:18:27:15 -0500] "GET /galeria/nivo-slider/demo/images/Banner%20Politica%20Publica%20CONPES%20(1).ai HTTP/1.1" 206 1689512
201.245.192.253 - - [24/Feb/2019:18:27:25 -0500] "GET /galeria/nivo-slider/demo/images/Banner%20Politica%20Publica%20CONPES%20(1).ai HTTP/1.1" 206 1
201.245.192.253 - - [24/Feb/2019:18:27:25 -0500] "GET /galeria/nivo-slider/demo/images/Banner%20Politica%20Publica%20CONPES%20(1).ai HTTP/1.1" 206 1689512
54.36.150.186 - - [24/Feb/2019:18:27:31 -0500] "GET /BLA/resoluciones/RESOLUCIONES%202006/RES%202006%20301-350/00000315.tif HTTP/1.1" 200 115136
201.245.192.253 - - [24/Feb/2019:18:27:36 -0500] "GET /galeria/nivo-slider/demo/images/Banner%20Politica%20Publica%20CONPES%20(1).ai HTTP/1.1" 206 1
201.245.192.253 - - [24/Feb/2019:18:27:36 -0500] "GET /galeria/nivo-slider/demo/images/Banner%20Politica%20Publica%20CONPES%20(1).ai HTTP/1.1" 206 1689512
181.132.185.190 - - [24/Feb/2019:18:27:37 -0500] "GET /BLA/boletinlegal/jurisprudencia/analisis/AnalisisC-035-16.docx HTTP/1.1" 200 25011
201.245.192.253 - - [24/Feb/2019:18:27:46 -0500] "GET /galeria/nivo-slider/demo/images/Banner%20Politica%20Publica%20CONPES%20(1).ai HTTP/1.1" 206 1
201.245.192.253 - - [24/Feb/2019:18:27:46 -0500] "GET /galeria/nivo-slider/demo/images/Banner%20Politica%20Publica%20CONPES%20(1).ai HTTP/1.1" 206 1689512
54.36.148.240 - - [24/Feb/2019:18:28:10 -0500] "GET /BLA/resoluciones/RESOLUCIONES%202006/RES%202006%202451-2500/00002483.tif HTTP/1.1" 200 266744
66.249.75.94 - - [24/Feb/2019:18:28:15 -0500] "GET /BLA/resoluciones/RESOLUCIONES%202007/RES%202007%202801%20AL%202900/RESOLUCION%202857%20DE%202007.pdf HTTP/1.1" 200 466263
161.10.23.173 - - [24/Feb/2019:18:28:17 -0500] "GET /galeria/galeria/fotos/Humedal-techo4G.jpg HTTP/1.1" 200 230318
66.249.75.94 - - [24/Feb/2019:18:28:40 -0500] "GET /BLA/resoluciones/RESOLUCIONES%202009/0681.pdf HTTP/1.1" 200 266693
69.162.124.233 - - [24/Feb/2019:18:28:53 -0500] "HEAD / HTTP/1.1" 200 -
66.249.75.94 - - [24/Feb/2019:18:29:04 -0500] "GET /BLA/resoluciones/RESOLUCIONES%202009/6006.pdf HTTP/1.1" 200 101970
54.36.148.179 - - [24/Feb/2019:18:29:08 -0500] "GET /BLA/resoluciones/AUTOS%202006/AUTOS%202006%202001%20-%202100/00002076.tif HTTP/1.1" 200 54700
54.36.150.12 - - [24/Feb/2019:18:29:13 -0500] "GET /galeria/galeria/fotos/Huemdal-Cordoba3G.jpg HTTP/1.1" 200 445563
161.10.23.173 - - [24/Feb/2019:18:29:22 -0500] "GET /galeria/galeria/fotos/Humedal-Santa-Mar%C3%ADa-del-Lago1G.jpg HTTP/1.1" 200 290867
66.249.75.94 - - [24/Feb/2019:18:29:28 -0500] "GET /BLA/resoluciones/AUTOS%202014/4100.pdf HTTP/1.1" 200 618306
192.168.175.104 - - [24/Feb/2019:18:29:30 -0500] "GET / HTTP/1.0" 200 9990
66.249.75.65 - - [24/Feb/2019:18:29:52 -0500] "GET /BLA/resoluciones/RESOLUCIONES%202017/1329.pdf HTTP/1.1" 200 316638
216.244.66.195 - - [24/Feb/2019:18:29:55 -0500] "GET /robots.txt HTTP/1.1" 404 1018
190.144.166.61 - - [24/Feb/2019:18:30:10 -0500] "GET /galeria/nivo-slider/demo/images/Banner%20Politica%20Publica%20CONPES%20(1).ai HTTP/1.1" 206 1
190.144.166.61 - - [24/Feb/2019:18:30:10 -0500] "GET /galeria/nivo-slider/demo/images/Banner%20Politica%20Publica%20CONPES%20(1).ai HTTP/1.1" 206 1567889
201.245.192.253 - - [24/Feb/2019:18:29:38 -0500] "POST /kwsrmcab/Wsrmcab HTTP/1.1" 200 29785
66.249.75.94 - - [24/Feb/2019:18:30:16 -0500] "GET /BLA/resoluciones/RESOLUCIONES%202007/RES%202007%202001%20AL%202100/RESOLUCION%202095%20DE%202007.pdf HTTP/1.1" 200 842151
201.245.192.253 - - [24/Feb/2019:18:30:17 -0500] "GET /galeria/nivo-slider/demo/images/Banner%20Politica%20Publica%20CONPES%20(1).ai HTTP/1.1" 206 1
201.245.192.253 - - [24/Feb/2019:18:30:17 -0500] "GET /galeria/nivo-slider/demo/images/Banner%20Politica%20Publica%20CONPES%20(1).ai HTTP/1.1" 206 1689512
190.144.166.61 - - [24/Feb/2019:18:30:20 -0500] "GET /galeria/nivo-slider/demo/images/Banner%20Politica%20Publica%20CONPES%20(1).ai HTTP/1.1" 206 1
190.144.166.61 - - [24/Feb/2019:18:30:20 -0500] "GET /galeria/nivo-slider/demo/images/Banner%20Politica%20Publica%20CONPES%20(1).ai HTTP/1.1" 206 1567889
54.36.150.44 - - [24/Feb/2019:18:30:24 -0500] "GET /BLA/resoluciones/AUTOS%202006/AUTOS%202006%202501%20-%202600/00002520.tif HTTP/1.1" 200 80782
186.154.100.207 - - [24/Feb/2019:18:30:26 -0500] "GET /BLA/resoluciones/AUTOS%202013/1942.pdf HTTP/1.1" 200 1937036
201.245.192.253 - - [24/Feb/2019:18:30:27 -0500] "GET /galeria/nivo-slider/demo/images/Banner%20Politica%20Publica%20CONPES%20(1).ai HTTP/1.1" 206 1
201.245.192.253 - - [24/Feb/2019:18:30:27 -0500] "GET /galeria/nivo-slider/demo/images/Banner%20Politica%20Publica%20CONPES%20(1).ai HTTP/1.1" 206 1689512
186.154.100.207 - - [24/Feb/2019:18:30:30 -0500] "GET /favicon.ico HTTP/1.1" 200 7782
201.245.192.253 - - [24/Feb/2019:18:31:11 -0500] "GET /galeria/nivo-slider/demo/images/Banner%20Politica%20Publica%20CONPES%20(1).ai HTTP/1.1" 206 1
201.245.192.253 - - [24/Feb/2019:18:31:11 -0500] "GET /galeria/nivo-slider/demo/images/Banner%20Politica%20Publica%20CONPES%20(1).ai HTTP/1.1" 206 1689512
201.245.192.253 - - [24/Feb/2019:18:31:21 -0500] "GET /galeria/nivo-slider/demo/images/Banner%20Politica%20Publica%20CONPES%20(1).ai HTTP/1.1" 206 1
201.245.192.253 - - [24/Feb/2019:18:31:21 -0500] "GET /galeria/nivo-slider/demo/images/Banner%20Politica%20Publica%20CONPES%20(1).ai HTTP/1.1" 206 1689512
201.245.192.253 - - [24/Feb/2019:18:31:25 -0500] "GET /galeria/nivo-slider/demo/images/Banner%20Politica%20Publica%20CONPES%20(1).ai HTTP/1.1" 206 1
201.245.192.253 - - [24/Feb/2019:18:31:25 -0500] "GET /galeria/nivo-slider/demo/images/Banner%20Politica%20Publica%20CONPES%20(1).ai HTTP/1.1" 206 1689512
161.10.23.173 - - [24/Feb/2019:18:31:25 -0500] "GET /galeria/galeria/fotos/Jaboque2G.jpg HTTP/1.1" 200 322400
66.249.75.94 - - [24/Feb/2019:18:31:29 -0500] "GET /BLA/resoluciones/RESOLUCIONES%202015/0486.pdf HTTP/1.1" 200 1106688
161.10.23.173 - - [24/Feb/2019:18:31:32 -0500] "GET /galeria/galeria/fotos/Jaboque2G.jpg HTTP/1.1" 200 322400
186.154.37.235 - - [24/Feb/2019:18:31:32 -0500] "GET /galeria/galeria/fotos/Huemdal-el-Tunjo2G.jpg HTTP/1.1" 200 388331
192.168.175.104 - - [24/Feb/2019:18:31:35 -0500] "GET / HTTP/1.1" 200 9990
201.245.192.253 - - [24/Feb/2019:18:31:35 -0500] "GET /galeria/nivo-slider/demo/images/Banner%20Politica%20Publica%20CONPES%20(1).ai HTTP/1.1" 206 1
201.245.192.253 - - [24/Feb/2019:18:31:35 -0500] "GET /galeria/nivo-slider/demo/images/Banner%20Politica%20Publica%20CONPES%20(1).ai HTTP/1.1" 206 1689512
190.158.125.7 - - [24/Feb/2019:18:31:42 -0500] "GET /galeria/mapa/humedal2017.jpg HTTP/1.1" 200 644667
201.245.192.253 - - [24/Feb/2019:18:31:46 -0500] "GET /galeria/nivo-slider/demo/images/Banner%20Politica%20Publica%20CONPES%20(1).ai HTTP/1.1" 206 1
201.245.192.253 - - [24/Feb/2019:18:31:46 -0500] "GET /galeria/nivo-slider/demo/images/Banner%20Politica%20Publica%20CONPES%20(1).ai HTTP/1.1" 206 1689512
66.249.75.94 - - [24/Feb/2019:18:31:53 -0500] "GET /BLA/resoluciones/RESOLUCIONES%202013/2476.pdf HTTP/1.1" 200 501043
201.245.192.253 - - [24/Feb/2019:18:31:56 -0500] "GET /galeria/nivo-slider/demo/images/Banner%20Politica%20Publica%20CONPES%20(1).ai HTTP/1.1" 206 1
201.245.192.253 - - [24/Feb/2019:18:31:56 -0500] "GET /galeria/nivo-slider/demo/images/Banner%20Politica%20Publica%20CONPES%20(1).ai HTTP/1.1" 206 1689512
66.249.75.94 - - [24/Feb/2019:18:32:17 -0500] "GET /BLA/resoluciones/AUTOS%202007/0222.pdf HTTP/1.1" 200 30150
66.249.75.94 - - [24/Feb/2019:18:32:42 -0500] "GET /BLA/resoluciones/RESOLUCIONES%202008/3679.pdf HTTP/1.1" 200 89910
161.10.23.173 - - [24/Feb/2019:18:32:43 -0500] "GET /galeria/galeria/fotos/MeandrodelSay4G.jpg HTTP/1.1" 200 371052
161.10.23.173 - - [24/Feb/2019:18:32:48 -0500] "GET /galeria/galeria/fotos/MeandrodelSay4G.jpg HTTP/1.1" 200 371052
66.249.75.95 - - [24/Feb/2019:18:33:06 -0500] "GET /BLA/resoluciones/RESOLUCIONES%202007/RES%202007%202501%20AL%202600/RESOLUCION%202535%20DE%202007.pdf HTTP/1.1" 200 68124
194.67.210.77 - - [24/Feb/2019:18:33:18 -0500] "HEAD / HTTP/1.1" 200 -
54.36.148.108 - - [24/Feb/2019:18:33:31 -0500] "GET /BLA/resoluciones/RESOLUCIONES%202005/RES%202005%202101-2150/00002109.tif HTTP/1.1" 200 33972
161.10.23.173 - - [24/Feb/2019:18:33:39 -0500] "GET /galeria/galeria/fotos/Capellania2G.jpg HTTP/1.1" 200 523013
69.162.124.233 - - [24/Feb/2019:18:33:52 -0500] "HEAD / HTTP/1.1" 200 -
66.249.75.95 - - [24/Feb/2019:18:33:54 -0500] "GET /BLA/resoluciones/RESOLUCIONES%202010/0835.pdf HTTP/1.1" 200 123286
186.154.37.235 - - [24/Feb/2019:18:34:16 -0500] "GET /galeria/galeria/fotos/Huemdal-el-Tunjo4G.jpg HTTP/1.1" 200 327819
66.249.75.94 - - [24/Feb/2019:18:34:18 -0500] "GET /BLA/resoluciones/RESOLUCIONES%202013/1010.pdf HTTP/1.1" 200 526173
190.144.166.61 - - [24/Feb/2019:18:34:20 -0500] "GET /galeria/nivo-slider/demo/images/Banner%20Politica%20Publica%20CONPES%20(1).ai HTTP/1.1" 206 1
190.144.166.61 - - [24/Feb/2019:18:34:20 -0500] "GET /galeria/nivo-slider/demo/images/Banner%20Politica%20Publica%20CONPES%20(1).ai HTTP/1.1" 206 1567889
201.245.192.253 - - [24/Feb/2019:18:34:27 -0500] "GET /galeria/nivo-slider/demo/images/Banner%20Politica%20Publica%20CONPES%20(1).ai HTTP/1.1" 206 1
201.245.192.253 - - [24/Feb/2019:18:34:27 -0500] "GET /galeria/nivo-slider/demo/images/Banner%20Politica%20Publica%20CONPES%20(1).ai HTTP/1.1" 206 1689512
190.144.166.61 - - [24/Feb/2019:18:34:30 -0500] "GET /galeria/nivo-slider/demo/images/Banner%20Politica%20Publica%20CONPES%20(1).ai HTTP/1.1" 206 1
190.144.166.61 - - [24/Feb/2019:18:34:30 -0500] "GET /galeria/nivo-slider/demo/images/Banner%20Politica%20Publica%20CONPES%20(1).ai HTTP/1.1" 206 1567889
161.10.23.173 - - [24/Feb/2019:18:34:30 -0500] "GET /galeria/galeria/fotos/GuaymaralTorca4G.jpg HTTP/1.1" 200 373786
192.168.175.104 - - [24/Feb/2019:18:34:32 -0500] "GET / HTTP/1.0" 200 9990
201.245.192.253 - - [24/Feb/2019:18:34:37 -0500] "GET /galeria/nivo-slider/demo/images/Banner%20Politica%20Publica%20CONPES%20(1).ai HTTP/1.1" 206 1
201.245.192.253 - - [24/Feb/2019:18:34:37 -0500] "GET /galeria/nivo-slider/demo/images/Banner%20Politica%20Publica%20CONPES%20(1).ai HTTP/1.1" 206 1689512
161.10.23.173 - - [24/Feb/2019:18:34:42 -0500] "GET /galeria/galeria/fotos/GuaymaralTorca4G.jpg HTTP/1.1" 200 373786
66.249.75.94 - - [24/Feb/2019:18:35:07 -0500] "GET /BLA/resoluciones/RESOLUCIONES%202007/RES%202007%203101%20AL%203200/RESOLUCION%203125%20DE%202007.pdf HTTP/1.1" 200 545657
161.10.23.173 - - [24/Feb/2019:18:35:13 -0500] "GET /galeria/galeria/fotos/Humedal-Tibanica1G.jpg HTTP/1.1" 200 541579
201.245.192.253 - - [24/Feb/2019:18:35:21 -0500] "GET /galeria/nivo-slider/demo/images/Banner%20Politica%20Publica%20CONPES%20(1).ai HTTP/1.1" 206 1
201.245.192.253 - - [24/Feb/2019:18:35:21 -0500] "GET /galeria/nivo-slider/demo/images/Banner%20Politica%20Publica%20CONPES%20(1).ai HTTP/1.1" 206 1689512
66.249.75.94 - - [24/Feb/2019:18:35:31 -0500] "GET /BLA/resoluciones/AUTOS%202016/2664.pdf HTTP/1.1" 200 564050
201.245.192.253 - - [24/Feb/2019:18:35:31 -0500] "GET /galeria/nivo-slider/demo/images/Banner%20Politica%20Publica%20CONPES%20(1).ai HTTP/1.1" 206 1
201.245.192.253 - - [24/Feb/2019:18:35:31 -0500] "GET /galeria/nivo-slider/demo/images/Banner%20Politica%20Publica%20CONPES%20(1).ai HTTP/1.1" 206 1689512
201.245.192.253 - - [24/Feb/2019:18:35:35 -0500] "GET /galeria/nivo-slider/demo/images/Banner%20Politica%20Publica%20CONPES%20(1).ai HTTP/1.1" 206 1
201.245.192.253 - - [24/Feb/2019:18:35:35 -0500] "GET /galeria/nivo-slider/demo/images/Banner%20Politica%20Publica%20CONPES%20(1).ai HTTP/1.1" 206 1689512
201.245.192.253 - - [24/Feb/2019:18:35:45 -0500] "GET /galeria/nivo-slider/demo/images/Banner%20Politica%20Publica%20CONPES%20(1).ai HTTP/1.1" 206 1
201.245.192.253 - - [24/Feb/2019:18:35:45 -0500] "GET /galeria/nivo-slider/demo/images/Banner%20Politica%20Publica%20CONPES%20(1).ai HTTP/1.1" 206 1689512
66.249.75.65 - - [24/Feb/2019:18:35:55 -0500] "GET /BLA/resoluciones/RESOLUCIONES%202009/2493.pdf HTTP/1.1" 200 933766
201.245.192.253 - - [24/Feb/2019:18:35:56 -0500] "GET /galeria/nivo-slider/demo/images/Banner%20Politica%20Publica%20CONPES%20(1).ai HTTP/1.1" 206 1
201.245.192.253 - - [24/Feb/2019:18:35:56 -0500] "GET /galeria/nivo-slider/demo/images/Banner%20Politica%20Publica%20CONPES%20(1).ai HTTP/1.1" 206 1689512
201.245.192.253 - - [24/Feb/2019:18:36:06 -0500] "GET /galeria/nivo-slider/demo/images/Banner%20Politica%20Publica%20CONPES%20(1).ai HTTP/1.1" 206 1
201.245.192.253 - - [24/Feb/2019:18:36:06 -0500] "GET /galeria/nivo-slider/demo/images/Banner%20Politica%20Publica%20CONPES%20(1).ai HTTP/1.1" 206 1689512
66.249.75.95 - - [24/Feb/2019:18:36:19 -0500] "GET /BLA/resoluciones/AUTOS%202008/2882.pdf HTTP/1.1" 200 263626
186.29.247.13 - - [24/Feb/2019:18:36:33 -0500] "GET /galeria/mapa/humedal2017.jpg HTTP/1.1" 200 644667
192.168.175.104 - - [24/Feb/2019:18:36:33 -0500] "GET / HTTP/1.1" 200 9990
66.249.75.94 - - [24/Feb/2019:18:36:43 -0500] "GET /BLA/resoluciones/AUTOS%202011/3230.pdf HTTP/1.1" 200 149372
207.46.13.118 - - [24/Feb/2019:18:36:47 -0500] "GET / HTTP/1.1" 200 9990
191.102.238.111 - - [24/Feb/2019:18:37:41 -0500] "-" 408 -
54.36.148.0 - - [24/Feb/2019:18:37:52 -0500] "GET /BLA/resoluciones/index.php?dir=RESOLUCIONES%202006/RES%202006%202001-2050/&sort=name&order=desc HTTP/1.1" 200 12362
66.249.75.94 - - [24/Feb/2019:18:37:56 -0500] "GET /BLA/resoluciones/RESOLUCIONES%202009/9187.pdf HTTP/1.1" 200 107794
66.249.75.94 - - [24/Feb/2019:18:38:20 -0500] "GET /BLA/resoluciones/RESOLUCIONES%202014/1028.pdf HTTP/1.1" 200 878668
190.144.166.61 - - [24/Feb/2019:18:38:30 -0500] "GET /galeria/nivo-slider/demo/images/Banner%20Politica%20Publica%20CONPES%20(1).ai HTTP/1.1" 206 1
190.144.166.61 - - [24/Feb/2019:18:38:30 -0500] "GET /galeria/nivo-slider/demo/images/Banner%20Politica%20Publica%20CONPES%20(1).ai HTTP/1.1" 206 1567889
201.245.192.253 - - [24/Feb/2019:18:38:37 -0500] "GET /galeria/nivo-slider/demo/images/Banner%20Politica%20Publica%20CONPES%20(1).ai HTTP/1.1" 206 1
201.245.192.253 - - [24/Feb/2019:18:38:37 -0500] "GET /galeria/nivo-slider/demo/images/Banner%20Politica%20Publica%20CONPES%20(1).ai HTTP/1.1" 206 1689512
190.144.166.61 - - [24/Feb/2019:18:38:40 -0500] "GET /galeria/nivo-slider/demo/images/Banner%20Politica%20Publica%20CONPES%20(1).ai HTTP/1.1" 206 1
190.144.166.61 - - [24/Feb/2019:18:38:40 -0500] "GET /galeria/nivo-slider/demo/images/Banner%20Politica%20Publica%20CONPES%20(1).ai HTTP/1.1" 206 1567889
66.249.75.95 - - [24/Feb/2019:18:38:44 -0500] "GET /BLA/resoluciones/RESOLUCIONES%202010/7081.pdf HTTP/1.1" 200 65679
201.245.192.253 - - [24/Feb/2019:18:38:47 -0500] "GET /galeria/nivo-slider/demo/images/Banner%20Politica%20Publica%20CONPES%20(1).ai HTTP/1.1" 206 1
201.245.192.253 - - [24/Feb/2019:18:38:47 -0500] "GET /galeria/nivo-slider/demo/images/Banner%20Politica%20Publica%20CONPES%20(1).ai HTTP/1.1" 206 1689512
69.162.124.233 - - [24/Feb/2019:18:38:52 -0500] "HEAD / HTTP/1.1" 200 -
66.249.75.95 - - [24/Feb/2019:18:39:09 -0500] "GET /BLA/resoluciones/AUTOS%202009/2836.pdf HTTP/1.1" 200 78756
201.245.192.253 - - [24/Feb/2019:18:39:31 -0500] "GET /galeria/nivo-slider/demo/images/Banner%20Politica%20Publica%20CONPES%20(1).ai HTTP/1.1" 206 1
201.245.192.253 - - [24/Feb/2019:18:39:31 -0500] "GET /galeria/nivo-slider/demo/images/Banner%20Politica%20Publica%20CONPES%20(1).ai HTTP/1.1" 206 1689512
192.168.175.104 - - [24/Feb/2019:18:39:31 -0500] "GET / HTTP/1.0" 200 9990
186.85.41.187 - - [24/Feb/2019:18:39:41 -0500] "GET /galeria/galeria/fotos/juan-amarillo2G.jpg HTTP/1.1" 200 341507
201.245.192.253 - - [24/Feb/2019:18:39:41 -0500] "GET /galeria/nivo-slider/demo/images/Banner%20Politica%20Publica%20CONPES%20(1).ai HTTP/1.1" 206 1
201.245.192.253 - - [24/Feb/2019:18:39:41 -0500] "GET /galeria/nivo-slider/demo/images/Banner%20Politica%20Publica%20CONPES%20(1).ai HTTP/1.1" 206 1689512
191.88.186.53 - - [24/Feb/2019:18:39:44 -0500] "GET /BLA/boletinlegal/jurisprudencia/analisis/Analisis%20jurisprudencial%20Sentencia%20C-366-11.doc HTTP/1.1" 200 59392
201.245.192.253 - - [24/Feb/2019:18:39:45 -0500] "GET /galeria/nivo-slider/demo/images/Banner%20Politica%20Publica%20CONPES%20(1).ai HTTP/1.1" 206 1
201.245.192.253 - - [24/Feb/2019:18:39:45 -0500] "GET /galeria/nivo-slider/demo/images/Banner%20Politica%20Publica%20CONPES%20(1).ai HTTP/1.1" 206 1689512
201.245.192.253 - - [24/Feb/2019:18:39:55 -0500] "GET /galeria/nivo-slider/demo/images/Banner%20Politica%20Publica%20CONPES%20(1).ai HTTP/1.1" 206 1
201.245.192.253 - - [24/Feb/2019:18:39:55 -0500] "GET /galeria/nivo-slider/demo/images/Banner%20Politica%20Publica%20CONPES%20(1).ai HTTP/1.1" 206 1689512
186.85.41.187 - - [24/Feb/2019:18:39:55 -0500] "GET /galeria/galeria/fotos/juan-amarillo3G.jpg HTTP/1.1" 200 328975
186.85.41.187 - - [24/Feb/2019:18:39:57 -0500] "GET /galeria/galeria/fotos/juan-amarillo1G.jpg HTTP/1.1" 200 407260
200.25.59.65 - - [24/Feb/2019:18:39:58 -0500] "GET /galeria/nivo-slider/demo/images/Banner%20Febrero%20caminatas.jpg HTTP/1.1" 304 -
201.245.192.253 - - [24/Feb/2019:18:40:06 -0500] "GET /galeria/nivo-slider/demo/images/Banner%20Politica%20Publica%20CONPES%20(1).ai HTTP/1.1" 206 1
201.245.192.253 - - [24/Feb/2019:18:40:06 -0500] "GET /galeria/nivo-slider/demo/images/Banner%20Politica%20Publica%20CONPES%20(1).ai HTTP/1.1" 206 1689512
186.85.41.187 - - [24/Feb/2019:18:40:14 -0500] "GET /galeria/galeria/fotos/juan-amarillo4G.jpg HTTP/1.1" 200 202445
201.245.192.253 - - [24/Feb/2019:18:40:16 -0500] "GET /galeria/nivo-slider/demo/images/Banner%20Politica%20Publica%20CONPES%20(1).ai HTTP/1.1" 206 1
201.245.192.253 - - [24/Feb/2019:18:40:16 -0500] "GET /galeria/nivo-slider/demo/images/Banner%20Politica%20Publica%20CONPES%20(1).ai HTTP/1.1" 206 1689512
66.249.75.94 - - [24/Feb/2019:18:40:21 -0500] "GET /BLA/resoluciones/AUTOS%202011/4227.pdf HTTP/1.1" 200 246527
66.249.75.94 - - [24/Feb/2019:18:40:45 -0500] "GET /BLA/resoluciones/RESOLUCIONES%202007/RES%202007%201726%20AL%201800/RESOLUCION%201785%20DE%202007.pdf HTTP/1.1" 200 106309
66.249.75.95 - - [24/Feb/2019:18:41:09 -0500] "GET /BLA/resoluciones/AUTOS%202015/5102.pdf HTTP/1.1" 200 547548
192.168.175.104 - - [24/Feb/2019:18:41:30 -0500] "GET / HTTP/1.1" 200 9990
66.249.75.94 - - [24/Feb/2019:18:41:34 -0500] "GET /BLA/resoluciones/AUTOS%202007/2053.pdf HTTP/1.1" 200 69637
66.249.75.95 - - [24/Feb/2019:18:41:58 -0500] "GET /BLA/resoluciones/RESOLUCIONES%202007/RES%202007%204201%20AL%204300/RESOLUCION%204260%20DE%202007.pdf HTTP/1.1" 200 85767
66.249.75.94 - - [24/Feb/2019:18:42:22 -0500] "GET /BLA/resoluciones/AUTOS%202007/3387.pdf HTTP/1.1" 200 57882
190.144.166.61 - - [24/Feb/2019:18:42:40 -0500] "GET /galeria/nivo-slider/demo/images/Banner%20Politica%20Publica%20CONPES%20(1).ai HTTP/1.1" 206 1
190.144.166.61 - - [24/Feb/2019:18:42:40 -0500] "GET /galeria/nivo-slider/demo/images/Banner%20Politica%20Publica%20CONPES%20(1).ai HTTP/1.1" 206 1567889
66.249.75.94 - - [24/Feb/2019:18:42:46 -0500] "GET /BLA/resoluciones/AUTOS%202008/3414.pdf HTTP/1.1" 200 102437
201.245.192.253 - - [24/Feb/2019:18:42:47 -0500] "GET /galeria/nivo-slider/demo/images/Banner%20Politica%20Publica%20CONPES%20(1).ai HTTP/1.1" 206 1
201.245.192.253 - - [24/Feb/2019:18:42:47 -0500] "GET /galeria/nivo-slider/demo/images/Banner%20Politica%20Publica%20CONPES%20(1).ai HTTP/1.1" 206 1689512
190.144.166.61 - - [24/Feb/2019:18:42:50 -0500] "GET /galeria/nivo-slider/demo/images/Banner%20Politica%20Publica%20CONPES%20(1).ai HTTP/1.1" 206 1
190.144.166.61 - - [24/Feb/2019:18:42:50 -0500] "GET /galeria/nivo-slider/demo/images/Banner%20Politica%20Publica%20CONPES%20(1).ai HTTP/1.1" 206 1567889
201.245.192.253 - - [24/Feb/2019:18:42:57 -0500] "GET /galeria/nivo-slider/demo/images/Banner%20Politica%20Publica%20CONPES%20(1).ai HTTP/1.1" 206 1
201.245.192.253 - - [24/Feb/2019:18:42:57 -0500] "GET /galeria/nivo-slider/demo/images/Banner%20Politica%20Publica%20CONPES%20(1).ai HTTP/1.1" 206 1689512
54.36.148.245 - - [24/Feb/2019:18:43:01 -0500] "GET /SIG/index.php?dir=&sort=date&order=desc HTTP/1.1" 200 4513
190.60.102.178 - - [24/Feb/2019:18:43:07 -0500] "-" 408 -
66.249.75.94 - - [24/Feb/2019:18:43:10 -0500] "GET /BLA/resoluciones/AUTOS%202011/4632.pdf HTTP/1.1" 200 254855
66.249.69.161 - - [24/Feb/2019:18:43:35 -0500] "GET /robots.txt HTTP/1.1" 404 1019
66.249.69.167 - - [24/Feb/2019:18:43:35 -0500] "GET /BLA/boletinlegal/Circulares/2012/Circular%20No.%2016%20del%2022%20de%20octubre%20de%202012.pdf HTTP/1.1" 200 381186
201.245.192.253 - - [24/Feb/2019:18:43:41 -0500] "GET /galeria/nivo-slider/demo/images/Banner%20Politica%20Publica%20CONPES%20(1).ai HTTP/1.1" 206 1
201.245.192.253 - - [24/Feb/2019:18:43:41 -0500] "GET /galeria/nivo-slider/demo/images/Banner%20Politica%20Publica%20CONPES%20(1).ai HTTP/1.1" 206 1689512
54.36.149.50 - - [24/Feb/2019:18:43:44 -0500] "GET /BLA/resoluciones/RESOLUCIONES%202002/RES%202002%201951-1971/20021971.tif HTTP/1.1" 200 216552
201.245.192.253 - - [24/Feb/2019:18:43:51 -0500] "GET /galeria/nivo-slider/demo/images/Banner%20Politica%20Publica%20CONPES%20(1).ai HTTP/1.1" 206 1
201.245.192.253 - - [24/Feb/2019:18:43:51 -0500] "GET /galeria/nivo-slider/demo/images/Banner%20Politica%20Publica%20CONPES%20(1).ai HTTP/1.1" 206 1689512
69.162.124.233 - - [24/Feb/2019:18:43:52 -0500] "HEAD / HTTP/1.1" 200 -
201.245.192.253 - - [24/Feb/2019:18:43:55 -0500] "GET /galeria/nivo-slider/demo/images/Banner%20Politica%20Publica%20CONPES%20(1).ai HTTP/1.1" 206 1
201.245.192.253 - - [24/Feb/2019:18:43:55 -0500] "GET /galeria/nivo-slider/demo/images/Banner%20Politica%20Publica%20CONPES%20(1).ai HTTP/1.1" 206 1689512
66.249.75.65 - - [24/Feb/2019:18:43:59 -0500] "GET /BLA/resoluciones/RESOLUCIONES%202010/0897.pdf HTTP/1.1" 200 103466
201.245.192.253 - - [24/Feb/2019:18:44:05 -0500] "GET /galeria/nivo-slider/demo/images/Banner%20Politica%20Publica%20CONPES%20(1).ai HTTP/1.1" 206 1
201.245.192.253 - - [24/Feb/2019:18:44:05 -0500] "GET /galeria/nivo-slider/demo/images/Banner%20Politica%20Publica%20CONPES%20(1).ai HTTP/1.1" 206 1689512
201.245.192.253 - - [24/Feb/2019:18:44:16 -0500] "GET /galeria/nivo-slider/demo/images/Banner%20Politica%20Publica%20CONPES%20(1).ai HTTP/1.1" 206 1
201.245.192.253 - - [24/Feb/2019:18:44:16 -0500] "GET /galeria/nivo-slider/demo/images/Banner%20Politica%20Publica%20CONPES%20(1).ai HTTP/1.1" 206 1689512
187.135.145.218 - - [24/Feb/2019:18:44:23 -0500] "GET /galeria/galeria/fotos/1GuaymaralTorcaG1.jpg HTTP/1.1" 200 36592
201.245.192.253 - - [24/Feb/2019:18:44:26 -0500] "GET /galeria/nivo-slider/demo/images/Banner%20Politica%20Publica%20CONPES%20(1).ai HTTP/1.1" 206 1
201.245.192.253 - - [24/Feb/2019:18:44:26 -0500] "GET /galeria/nivo-slider/demo/images/Banner%20Politica%20Publica%20CONPES%20(1).ai HTTP/1.1" 206 1689512
191.103.218.178 - - [24/Feb/2019:18:44:30 -0500] "GET /Residuos/textiles/files/guia_textiles.pdf HTTP/1.1" 200 12356716
192.168.175.104 - - [24/Feb/2019:18:44:30 -0500] "GET / HTTP/1.0" 200 9990
66.249.75.94 - - [24/Feb/2019:18:44:47 -0500] "GET /BLA/resoluciones/AUTOS%202010/0380.pdf HTTP/1.1" 200 181051
186.155.19.7 - - [24/Feb/2019:18:44:48 -0500] "GET /galeria/galeria/jquery.fancybox.css?v=2.1.5 HTTP/1.1" 200 4895
186.155.19.7 - - [24/Feb/2019:18:44:48 -0500] "GET /BLA/boletinlegal/js/jquery.scrollShow.js HTTP/1.1" 200 4586
186.155.19.7 - - [24/Feb/2019:18:44:48 -0500] "GET /galeria/galeria/jquery.fancybox.js?v=2.1.5 HTTP/1.1" 200 48706
54.36.149.24 - - [24/Feb/2019:18:44:56 -0500] "GET /BLA/resoluciones/AUTOS%202006/AUTOS%202006%201501%20-%201600/00001511.tif HTTP/1.1" 200 97494
66.249.75.94 - - [24/Feb/2019:18:45:11 -0500] "GET /BLA/resoluciones/AUTOS%202008/0911.pdf HTTP/1.1" 200 53796
181.59.44.41 - - [24/Feb/2019:18:45:23 -0500] "GET /galeria/galeria/fotos/humedal-Burro2G.jpg HTTP/1.1" 200 495079
190.96.250.0 - - [24/Feb/2019:18:45:35 -0500] "GET /BLA/boletinlegal/style.css HTTP/1.1" 200 9406
190.96.250.0 - - [24/Feb/2019:18:45:35 -0500] "GET /BLA/boletinlegal/js/lib.js HTTP/1.1" 200 6474
190.96.250.0 - - [24/Feb/2019:18:45:35 -0500] "GET /BLA/boletinlegal/jurisprudencia.php HTTP/1.1" 200 17573
190.96.250.0 - - [24/Feb/2019:18:45:35 -0500] "GET /BLA/boletinlegal/js/popup.js HTTP/1.1" 200 1270
190.96.250.0 - - [24/Feb/2019:18:45:35 -0500] "GET /BLA/boletinlegal/js/jquery1.js HTTP/1.1" 200 29846
190.96.250.0 - - [24/Feb/2019:18:45:35 -0500] "GET /BLA/boletinlegal/images/cabezote%20BLEGAL.jpg HTTP/1.1" 200 118164
66.249.75.94 - - [24/Feb/2019:18:45:35 -0500] "GET /BLA/resoluciones/AUTOS%202014/1850.pdf HTTP/1.1" 200 566759
190.96.250.0 - - [24/Feb/2019:18:45:36 -0500] "GET /BLA/boletinlegal/images/subscribe-icon-big.png HTTP/1.1" 200 47702
190.96.250.0 - - [24/Feb/2019:18:45:36 -0500] "GET /BLA/boletinlegal/images/historia.png HTTP/1.1" 200 52775
190.96.250.0 - - [24/Feb/2019:18:45:36 -0500] "GET /BLA/boletinlegal/images/registro-usuarios.png HTTP/1.1" 200 8106
190.96.250.0 - - [24/Feb/2019:18:45:37 -0500] "GET /BLA/boletinlegal/images/body_bg.jpg HTTP/1.1" 200 1601
190.96.250.0 - - [24/Feb/2019:18:45:37 -0500] "GET /BLA/boletinlegal/images/footer_bg.jpg HTTP/1.1" 200 586
190.96.250.0 - - [24/Feb/2019:18:45:37 -0500] "GET /BLA/boletinlegal/images/menu_lft.gif HTTP/1.1" 200 1713
190.96.250.0 - - [24/Feb/2019:18:45:37 -0500] "GET /BLA/boletinlegal/images/menu_rght.gif HTTP/1.1" 200 1627
190.96.250.0 - - [24/Feb/2019:18:45:37 -0500] "GET /BLA/boletinlegal/images/bg_top.jpg HTTP/1.1" 200 522
190.96.250.0 - - [24/Feb/2019:18:45:37 -0500] "GET /BLA/boletinlegal/images/jurisprudencia.png HTTP/1.1" 200 66721
190.96.250.0 - - [24/Feb/2019:18:45:37 -0500] "GET /BLA/boletinlegal/images/menu_bg.jpg HTTP/1.1" 200 620
190.96.250.0 - - [24/Feb/2019:18:45:38 -0500] "GET /BLA/boletinlegal/images/text.jpg HTTP/1.1" 200 568
190.96.250.0 - - [24/Feb/2019:18:45:38 -0500] "GET /BLA/boletinlegal/images/sub_ul_li.gif HTTP/1.1" 200 343
190.96.250.0 - - [24/Feb/2019:18:45:38 -0500] "GET /BLA/boletinlegal/images/hover.jpg HTTP/1.1" 200 640
190.96.250.0 - - [24/Feb/2019:18:45:38 -0500] "GET /BLA/boletinlegal/images/hover.png HTTP/1.1" 200 59469
190.96.250.0 - - [24/Feb/2019:18:45:38 -0500] "GET /BLA/boletinlegal/images/footer_bg_l.jpg HTTP/1.1" 200 776
190.96.250.0 - - [24/Feb/2019:18:45:38 -0500] "GET /favicon.ico HTTP/1.1" 200 7782
66.249.75.65 - - [24/Feb/2019:18:46:00 -0500] "GET /BLA/resoluciones/RESOLUCIONES%202017/1909.pdf HTTP/1.1" 200 476410
54.36.148.241 - - [24/Feb/2019:18:46:02 -0500] "GET /BLA/resoluciones/AUTOS%202006/AUTOS%202006%202501%20-%202600/00002518.tif HTTP/1.1" 200 80612
66.249.75.94 - - [24/Feb/2019:18:46:24 -0500] "GET /BLA/resoluciones/AUTOS%202010/6629.pdf HTTP/1.1" 200 141963
192.168.175.104 - - [24/Feb/2019:18:46:29 -0500] "GET / HTTP/1.1" 200 9990
66.249.75.94 - - [24/Feb/2019:18:46:48 -0500] "GET /BLA/resoluciones/RESOLUCIONES%202014/3397.pdf HTTP/1.1" 200 673201
