69.162.124.233 - - [24/Feb/2019:10:38:56 -0500] "HEAD / HTTP/1.1" 200 -
190.144.166.61 - - [24/Feb/2019:10:39:22 -0500] "GET /galeria/nivo-slider/demo/images/Banner%20Politica%20Publica%20CONPES%20(1).ai HTTP/1.1" 206 1
190.144.166.61 - - [24/Feb/2019:10:39:22 -0500] "GET /galeria/nivo-slider/demo/images/Banner%20Politica%20Publica%20CONPES%20(1).ai HTTP/1.1" 206 1567889
186.29.27.197 - - [24/Feb/2019:10:39:24 -0500] "GET /POT-2013/Cartografia/09_EEP.pdf HTTP/1.1" 200 3326963
186.29.27.197 - - [24/Feb/2019:10:39:24 -0500] "GET /favicon.ico HTTP/1.1" 200 7782
201.245.192.253 - - [24/Feb/2019:10:39:28 -0500] "GET /galeria/nivo-slider/demo/images/Banner%20Politica%20Publica%20CONPES%20(1).ai HTTP/1.1" 206 1
201.245.192.253 - - [24/Feb/2019:10:39:28 -0500] "GET /galeria/nivo-slider/demo/images/Banner%20Politica%20Publica%20CONPES%20(1).ai HTTP/1.1" 206 1689512
190.144.166.61 - - [24/Feb/2019:10:39:32 -0500] "GET /galeria/nivo-slider/demo/images/Banner%20Politica%20Publica%20CONPES%20(1).ai HTTP/1.1" 206 1
190.144.166.61 - - [24/Feb/2019:10:39:32 -0500] "GET /galeria/nivo-slider/demo/images/Banner%20Politica%20Publica%20CONPES%20(1).ai HTTP/1.1" 206 1567889
201.245.192.253 - - [24/Feb/2019:10:39:38 -0500] "GET /galeria/nivo-slider/demo/images/Banner%20Politica%20Publica%20CONPES%20(1).ai HTTP/1.1" 206 1
201.245.192.253 - - [24/Feb/2019:10:39:38 -0500] "GET /galeria/nivo-slider/demo/images/Banner%20Politica%20Publica%20CONPES%20(1).ai HTTP/1.1" 206 1689512
192.168.175.104 - - [24/Feb/2019:10:39:40 -0500] "GET / HTTP/1.1" 200 9990
190.24.58.137 - - [24/Feb/2019:10:40:16 -0500] "GET /Residuos/impresion/files/guia_impresion-lit.pdf HTTP/1.1" 200 12573981
190.24.58.137 - - [24/Feb/2019:10:40:16 -0500] "GET /favicon.ico HTTP/1.1" 200 7782
201.245.192.253 - - [24/Feb/2019:10:40:22 -0500] "GET /galeria/nivo-slider/demo/images/Banner%20Politica%20Publica%20CONPES%20(1).ai HTTP/1.1" 206 1
201.245.192.253 - - [24/Feb/2019:10:40:22 -0500] "GET /galeria/nivo-slider/demo/images/Banner%20Politica%20Publica%20CONPES%20(1).ai HTTP/1.1" 206 1689512
201.245.192.253 - - [24/Feb/2019:10:40:32 -0500] "GET /galeria/nivo-slider/demo/images/Banner%20Politica%20Publica%20CONPES%20(1).ai HTTP/1.1" 206 1
201.245.192.253 - - [24/Feb/2019:10:40:32 -0500] "GET /galeria/nivo-slider/demo/images/Banner%20Politica%20Publica%20CONPES%20(1).ai HTTP/1.1" 206 1689512
201.245.192.253 - - [24/Feb/2019:10:40:36 -0500] "GET /galeria/nivo-slider/demo/images/Banner%20Politica%20Publica%20CONPES%20(1).ai HTTP/1.1" 206 1
201.245.192.253 - - [24/Feb/2019:10:40:36 -0500] "GET /galeria/nivo-slider/demo/images/Banner%20Politica%20Publica%20CONPES%20(1).ai HTTP/1.1" 206 1689512
66.249.69.95 - - [24/Feb/2019:10:40:38 -0500] "GET /BLA/resoluciones/Notificaciones/RESOLUCIONES%202015/02350.doc HTTP/1.1" 200 140135
201.245.192.253 - - [24/Feb/2019:10:40:46 -0500] "GET /galeria/nivo-slider/demo/images/Banner%20Politica%20Publica%20CONPES%20(1).ai HTTP/1.1" 206 1
201.245.192.253 - - [24/Feb/2019:10:40:46 -0500] "GET /galeria/nivo-slider/demo/images/Banner%20Politica%20Publica%20CONPES%20(1).ai HTTP/1.1" 206 1689512
201.245.192.253 - - [24/Feb/2019:10:40:57 -0500] "GET /galeria/nivo-slider/demo/images/Banner%20Politica%20Publica%20CONPES%20(1).ai HTTP/1.1" 206 1
201.245.192.253 - - [24/Feb/2019:10:40:57 -0500] "GET /galeria/nivo-slider/demo/images/Banner%20Politica%20Publica%20CONPES%20(1).ai HTTP/1.1" 206 1689512
201.245.192.253 - - [24/Feb/2019:10:41:07 -0500] "GET /galeria/nivo-slider/demo/images/Banner%20Politica%20Publica%20CONPES%20(1).ai HTTP/1.1" 206 1
201.245.192.253 - - [24/Feb/2019:10:41:07 -0500] "GET /galeria/nivo-slider/demo/images/Banner%20Politica%20Publica%20CONPES%20(1).ai HTTP/1.1" 206 1689512
179.51.101.2 - - [24/Feb/2019:10:41:27 -0500] "GET /BLA/boletinlegal/jurisprudencia.php HTTP/1.1" 200 17573
179.51.101.2 - - [24/Feb/2019:10:41:28 -0500] "GET /BLA/boletinlegal/style.css HTTP/1.1" 200 9406
179.51.101.2 - - [24/Feb/2019:10:41:28 -0500] "GET /BLA/boletinlegal/js/lib.js HTTP/1.1" 200 6474
179.51.101.2 - - [24/Feb/2019:10:41:28 -0500] "GET /BLA/boletinlegal/js/popup.js HTTP/1.1" 200 1270
179.51.101.2 - - [24/Feb/2019:10:41:28 -0500] "GET /BLA/boletinlegal/js/jquery1.js HTTP/1.1" 200 29846
179.51.101.2 - - [24/Feb/2019:10:41:28 -0500] "GET /BLA/boletinlegal/images/cabezote%20BLEGAL.jpg HTTP/1.1" 200 118164
179.51.101.2 - - [24/Feb/2019:10:41:28 -0500] "GET /BLA/boletinlegal/images/subscribe-icon-big.png HTTP/1.1" 200 47702
179.51.101.2 - - [24/Feb/2019:10:41:28 -0500] "GET /BLA/boletinlegal/images/historia.png HTTP/1.1" 200 52775
179.51.101.2 - - [24/Feb/2019:10:41:28 -0500] "GET /BLA/boletinlegal/images/registro-usuarios.png HTTP/1.1" 200 8106
179.51.101.2 - - [24/Feb/2019:10:41:28 -0500] "GET /BLA/boletinlegal/images/body_bg.jpg HTTP/1.1" 200 1601
179.51.101.2 - - [24/Feb/2019:10:41:28 -0500] "GET /BLA/boletinlegal/images/menu_lft.gif HTTP/1.1" 200 1713
179.51.101.2 - - [24/Feb/2019:10:41:28 -0500] "GET /BLA/boletinlegal/images/menu_rght.gif HTTP/1.1" 200 1627
179.51.101.2 - - [24/Feb/2019:10:41:28 -0500] "GET /BLA/boletinlegal/images/bg_top.jpg HTTP/1.1" 200 522
179.51.101.2 - - [24/Feb/2019:10:41:28 -0500] "GET /BLA/boletinlegal/images/menu_bg.jpg HTTP/1.1" 200 620
179.51.101.2 - - [24/Feb/2019:10:41:28 -0500] "GET /BLA/boletinlegal/images/hover.jpg HTTP/1.1" 200 640
179.51.101.2 - - [24/Feb/2019:10:41:28 -0500] "GET /BLA/boletinlegal/images/footer_bg.jpg HTTP/1.1" 200 586
179.51.101.2 - - [24/Feb/2019:10:41:28 -0500] "GET /BLA/boletinlegal/images/sub_ul_li.gif HTTP/1.1" 200 343
179.51.101.2 - - [24/Feb/2019:10:41:28 -0500] "GET /BLA/boletinlegal/images/text.jpg HTTP/1.1" 200 568
179.51.101.2 - - [24/Feb/2019:10:41:28 -0500] "GET /BLA/boletinlegal/images/jurisprudencia.png HTTP/1.1" 200 66721
179.51.101.2 - - [24/Feb/2019:10:41:28 -0500] "GET /BLA/boletinlegal/images/hover.png HTTP/1.1" 200 59469
179.51.101.2 - - [24/Feb/2019:10:41:28 -0500] "GET /BLA/boletinlegal/images/footer_bg_l.jpg HTTP/1.1" 200 776
179.51.101.2 - - [24/Feb/2019:10:41:29 -0500] "GET /favicon.ico HTTP/1.1" 200 7782
186.28.52.122 - - [24/Feb/2019:10:41:49 -0500] "GET /galeria/galeria/fotos/MeandrodelSay2G.jpg HTTP/1.1" 200 321492
157.55.39.158 - - [24/Feb/2019:10:42:10 -0500] "GET /bla/boletinlegal/js/jquery.scrollto-min.js HTTP/1.1" 200 1150
190.130.64.139 - - [24/Feb/2019:10:42:24 -0500] "GET /galeria/nivo-slider/demo/images/Banner%20Politica%20Publica%20CONPES%20(1).ai HTTP/1.1" 206 1
190.130.64.139 - - [24/Feb/2019:10:42:24 -0500] "GET /galeria/nivo-slider/demo/images/Banner%20Politica%20Publica%20CONPES%20(1).ai HTTP/1.1" 206 1772732
192.168.175.104 - - [24/Feb/2019:10:42:28 -0500] "GET / HTTP/1.0" 200 9990
190.130.64.139 - - [24/Feb/2019:10:42:34 -0500] "GET /galeria/nivo-slider/demo/images/Banner%20Politica%20Publica%20CONPES%20(1).ai HTTP/1.1" 206 1
190.130.64.139 - - [24/Feb/2019:10:42:34 -0500] "GET /galeria/nivo-slider/demo/images/Banner%20Politica%20Publica%20CONPES%20(1).ai HTTP/1.1" 206 1772732
54.36.149.35 - - [24/Feb/2019:10:42:41 -0500] "GET /BLA/resoluciones/RESOLUCIONES%202006/RES%202006%202651-2700/00002667.tif HTTP/1.1" 200 185186
190.144.166.61 - - [24/Feb/2019:10:43:32 -0500] "GET /galeria/nivo-slider/demo/images/Banner%20Politica%20Publica%20CONPES%20(1).ai HTTP/1.1" 206 1
190.144.166.61 - - [24/Feb/2019:10:43:32 -0500] "GET /galeria/nivo-slider/demo/images/Banner%20Politica%20Publica%20CONPES%20(1).ai HTTP/1.1" 206 1567889
201.245.192.253 - - [24/Feb/2019:10:43:38 -0500] "GET /galeria/nivo-slider/demo/images/Banner%20Politica%20Publica%20CONPES%20(1).ai HTTP/1.1" 206 1
201.245.192.253 - - [24/Feb/2019:10:43:38 -0500] "GET /galeria/nivo-slider/demo/images/Banner%20Politica%20Publica%20CONPES%20(1).ai HTTP/1.1" 206 1689512
190.144.166.61 - - [24/Feb/2019:10:43:42 -0500] "GET /galeria/nivo-slider/demo/images/Banner%20Politica%20Publica%20CONPES%20(1).ai HTTP/1.1" 206 1
190.144.166.61 - - [24/Feb/2019:10:43:42 -0500] "GET /galeria/nivo-slider/demo/images/Banner%20Politica%20Publica%20CONPES%20(1).ai HTTP/1.1" 206 1567889
201.245.192.253 - - [24/Feb/2019:10:43:48 -0500] "GET /galeria/nivo-slider/demo/images/Banner%20Politica%20Publica%20CONPES%20(1).ai HTTP/1.1" 206 1
201.245.192.253 - - [24/Feb/2019:10:43:48 -0500] "GET /galeria/nivo-slider/demo/images/Banner%20Politica%20Publica%20CONPES%20(1).ai HTTP/1.1" 206 1689512
69.162.124.233 - - [24/Feb/2019:10:43:56 -0500] "HEAD / HTTP/1.1" 200 -
186.28.52.122 - - [24/Feb/2019:10:43:59 -0500] "GET /galeria/galeria/fotos/1GuaymaralTorcaG1.jpg HTTP/1.1" 200 36592
200.71.59.92 - - [24/Feb/2019:10:44:26 -0500] "GET /galeria/galeria/fotos/Entrenube3G.jpg HTTP/1.1" 200 138221
54.36.149.80 - - [24/Feb/2019:10:44:30 -0500] "GET /BLA/resoluciones/RESOLUCIONES%202003/RES%202003%20601-650/603.tif HTTP/1.1" 200 88488
201.245.192.253 - - [24/Feb/2019:10:44:32 -0500] "GET /galeria/nivo-slider/demo/images/Banner%20Politica%20Publica%20CONPES%20(1).ai HTTP/1.1" 206 1
201.245.192.253 - - [24/Feb/2019:10:44:32 -0500] "GET /galeria/nivo-slider/demo/images/Banner%20Politica%20Publica%20CONPES%20(1).ai HTTP/1.1" 206 1689512
192.168.175.104 - - [24/Feb/2019:10:44:38 -0500] "GET / HTTP/1.1" 200 9990
201.245.192.253 - - [24/Feb/2019:10:44:42 -0500] "GET /galeria/nivo-slider/demo/images/Banner%20Politica%20Publica%20CONPES%20(1).ai HTTP/1.1" 206 1
201.245.192.253 - - [24/Feb/2019:10:44:42 -0500] "GET /galeria/nivo-slider/demo/images/Banner%20Politica%20Publica%20CONPES%20(1).ai HTTP/1.1" 206 1689512
201.245.192.253 - - [24/Feb/2019:10:44:46 -0500] "GET /galeria/nivo-slider/demo/images/Banner%20Politica%20Publica%20CONPES%20(1).ai HTTP/1.1" 206 1
201.245.192.253 - - [24/Feb/2019:10:44:46 -0500] "GET /galeria/nivo-slider/demo/images/Banner%20Politica%20Publica%20CONPES%20(1).ai HTTP/1.1" 206 1689512
201.245.192.253 - - [24/Feb/2019:10:44:56 -0500] "GET /galeria/nivo-slider/demo/images/Banner%20Politica%20Publica%20CONPES%20(1).ai HTTP/1.1" 206 1
201.245.192.253 - - [24/Feb/2019:10:44:56 -0500] "GET /galeria/nivo-slider/demo/images/Banner%20Politica%20Publica%20CONPES%20(1).ai HTTP/1.1" 206 1689512
201.245.192.253 - - [24/Feb/2019:10:45:07 -0500] "GET /galeria/nivo-slider/demo/images/Banner%20Politica%20Publica%20CONPES%20(1).ai HTTP/1.1" 206 1
201.245.192.253 - - [24/Feb/2019:10:45:07 -0500] "GET /galeria/nivo-slider/demo/images/Banner%20Politica%20Publica%20CONPES%20(1).ai HTTP/1.1" 206 1689512
201.245.192.253 - - [24/Feb/2019:10:45:17 -0500] "GET /galeria/nivo-slider/demo/images/Banner%20Politica%20Publica%20CONPES%20(1).ai HTTP/1.1" 206 1
201.245.192.253 - - [24/Feb/2019:10:45:17 -0500] "GET /galeria/nivo-slider/demo/images/Banner%20Politica%20Publica%20CONPES%20(1).ai HTTP/1.1" 206 1689512
190.145.247.244 - - [24/Feb/2019:10:45:20 -0500] "GET /BLA/boletinlegal/js/jquery.scrollShow.js HTTP/1.1" 200 4586
190.145.247.244 - - [24/Feb/2019:10:45:20 -0500] "GET /galeria/galeria/jquery.fancybox.js?v=2.1.5 HTTP/1.1" 200 48706
190.145.247.244 - - [24/Feb/2019:10:45:20 -0500] "GET /galeria/galeria/jquery.fancybox.css?v=2.1.5 HTTP/1.1" 200 4895
66.249.75.94 - - [24/Feb/2019:10:46:17 -0500] "GET /BLA/resoluciones/RESOLUCIONES%202007/RES%202007%201401%20AL%201500/RESOLUCION%201443%20DE%202007.pdf HTTP/1.1" 304 -
207.46.13.242 - - [24/Feb/2019:10:46:29 -0500] "GET /Autoliquidacion/index.php?dir=Solicitudes+relacionadas+con+calidad+del+aire+auditiva+y+visual%2FEvaluaci%F3n+certificado+de+Intensidad+Auditiva%2F HTTP/1.1" 200 2811
66.249.69.91 - - [24/Feb/2019:10:46:34 -0500] "GET /transparencia/financiera/? HTTP/1.1" 200 3807
190.130.64.139 - - [24/Feb/2019:10:46:34 -0500] "GET /galeria/nivo-slider/demo/images/Banner%20Politica%20Publica%20CONPES%20(1).ai HTTP/1.1" 206 1
190.130.64.139 - - [24/Feb/2019:10:46:34 -0500] "GET /galeria/nivo-slider/demo/images/Banner%20Politica%20Publica%20CONPES%20(1).ai HTTP/1.1" 206 1772732
66.249.69.91 - - [24/Feb/2019:10:46:36 -0500] "GET /transparencia/financiera/? HTTP/1.1" 200 3807
54.36.150.89 - - [24/Feb/2019:10:46:38 -0500] "GET /BLA/resoluciones/AUTOS%202006/AUTOS%202006%202401%20-%202500/00002459.tif HTTP/1.1" 200 52812
190.130.64.139 - - [24/Feb/2019:10:46:44 -0500] "GET /galeria/nivo-slider/demo/images/Banner%20Politica%20Publica%20CONPES%20(1).ai HTTP/1.1" 206 1
190.130.64.139 - - [24/Feb/2019:10:46:44 -0500] "GET /galeria/nivo-slider/demo/images/Banner%20Politica%20Publica%20CONPES%20(1).ai HTTP/1.1" 206 1772732
54.36.148.215 - - [24/Feb/2019:10:47:07 -0500] "GET /BLA/resoluciones/RESOLUCIONES%202003/RES%202003%20301-350/335.tif HTTP/1.1" 200 114456
192.168.175.104 - - [24/Feb/2019:10:47:26 -0500] "GET / HTTP/1.0" 200 9990
157.55.39.245 - - [24/Feb/2019:10:47:40 -0500] "GET /BLA/boletinlegal/Directivas/2014/Directiva%20No.%204%20del%2006%20de%20Junio%20de%202014.pdf HTTP/1.1" 304 -
190.144.166.61 - - [24/Feb/2019:10:47:42 -0500] "GET /galeria/nivo-slider/demo/images/Banner%20Politica%20Publica%20CONPES%20(1).ai HTTP/1.1" 206 1
190.144.166.61 - - [24/Feb/2019:10:47:42 -0500] "GET /galeria/nivo-slider/demo/images/Banner%20Politica%20Publica%20CONPES%20(1).ai HTTP/1.1" 206 1567889
201.245.192.253 - - [24/Feb/2019:10:47:48 -0500] "GET /galeria/nivo-slider/demo/images/Banner%20Politica%20Publica%20CONPES%20(1).ai HTTP/1.1" 206 1
201.245.192.253 - - [24/Feb/2019:10:47:48 -0500] "GET /galeria/nivo-slider/demo/images/Banner%20Politica%20Publica%20CONPES%20(1).ai HTTP/1.1" 206 1689512
190.144.166.61 - - [24/Feb/2019:10:47:52 -0500] "GET /galeria/nivo-slider/demo/images/Banner%20Politica%20Publica%20CONPES%20(1).ai HTTP/1.1" 206 1
190.144.166.61 - - [24/Feb/2019:10:47:52 -0500] "GET /galeria/nivo-slider/demo/images/Banner%20Politica%20Publica%20CONPES%20(1).ai HTTP/1.1" 206 1567889
66.249.69.93 - - [24/Feb/2019:10:47:54 -0500] "GET /BLA/resoluciones/AUTOS%202015/2215.pdf HTTP/1.1" 200 550597
201.245.192.253 - - [24/Feb/2019:10:47:58 -0500] "GET /galeria/nivo-slider/demo/images/Banner%20Politica%20Publica%20CONPES%20(1).ai HTTP/1.1" 206 1
201.245.192.253 - - [24/Feb/2019:10:47:58 -0500] "GET /galeria/nivo-slider/demo/images/Banner%20Politica%20Publica%20CONPES%20(1).ai HTTP/1.1" 206 1689512
54.36.148.189 - - [24/Feb/2019:10:48:31 -0500] "GET /BLA/resoluciones/RESOLUCIONES%202003/RES%202003%201251-1300/20031273.tif HTTP/1.1" 200 111442
54.36.149.96 - - [24/Feb/2019:10:48:33 -0500] "GET /BLA/resoluciones/RESOLUCIONES%202000/2000%20550-599.tif HTTP/1.1" 200 4848758
201.245.192.253 - - [24/Feb/2019:10:48:42 -0500] "GET /galeria/nivo-slider/demo/images/Banner%20Politica%20Publica%20CONPES%20(1).ai HTTP/1.1" 206 1
201.245.192.253 - - [24/Feb/2019:10:48:42 -0500] "GET /galeria/nivo-slider/demo/images/Banner%20Politica%20Publica%20CONPES%20(1).ai HTTP/1.1" 206 1689512
54.36.148.119 - - [24/Feb/2019:10:48:43 -0500] "GET /BLA/resoluciones/RESOLUCIONES%202004/RES%202004%201351-1400/00001361.tif HTTP/1.1" 200 126874
201.245.192.253 - - [24/Feb/2019:10:48:52 -0500] "GET /galeria/nivo-slider/demo/images/Banner%20Politica%20Publica%20CONPES%20(1).ai HTTP/1.1" 206 1
201.245.192.253 - - [24/Feb/2019:10:48:52 -0500] "GET /galeria/nivo-slider/demo/images/Banner%20Politica%20Publica%20CONPES%20(1).ai HTTP/1.1" 206 1689512
69.162.124.233 - - [24/Feb/2019:10:48:56 -0500] "HEAD / HTTP/1.1" 200 -
201.245.192.253 - - [24/Feb/2019:10:48:56 -0500] "GET /galeria/nivo-slider/demo/images/Banner%20Politica%20Publica%20CONPES%20(1).ai HTTP/1.1" 206 1
201.245.192.253 - - [24/Feb/2019:10:48:56 -0500] "GET /galeria/nivo-slider/demo/images/Banner%20Politica%20Publica%20CONPES%20(1).ai HTTP/1.1" 206 1689512
201.245.192.253 - - [24/Feb/2019:10:49:06 -0500] "GET /galeria/nivo-slider/demo/images/Banner%20Politica%20Publica%20CONPES%20(1).ai HTTP/1.1" 206 1
201.245.192.253 - - [24/Feb/2019:10:49:06 -0500] "GET /galeria/nivo-slider/demo/images/Banner%20Politica%20Publica%20CONPES%20(1).ai HTTP/1.1" 206 1689512
201.245.192.253 - - [24/Feb/2019:10:49:17 -0500] "GET /galeria/nivo-slider/demo/images/Banner%20Politica%20Publica%20CONPES%20(1).ai HTTP/1.1" 206 1
201.245.192.253 - - [24/Feb/2019:10:49:17 -0500] "GET /galeria/nivo-slider/demo/images/Banner%20Politica%20Publica%20CONPES%20(1).ai HTTP/1.1" 206 1689512
201.245.192.253 - - [24/Feb/2019:10:49:27 -0500] "GET /galeria/nivo-slider/demo/images/Banner%20Politica%20Publica%20CONPES%20(1).ai HTTP/1.1" 206 1
201.245.192.253 - - [24/Feb/2019:10:49:27 -0500] "GET /galeria/nivo-slider/demo/images/Banner%20Politica%20Publica%20CONPES%20(1).ai HTTP/1.1" 206 1689512
192.168.175.104 - - [24/Feb/2019:10:49:36 -0500] "GET / HTTP/1.1" 200 9990
54.36.149.37 - - [24/Feb/2019:10:50:23 -0500] "GET /BLA/resoluciones/RESOLUCIONES%202002/RES%202002%201251-1301/20021274.tif HTTP/1.1" 200 99502
190.130.64.139 - - [24/Feb/2019:10:50:44 -0500] "GET /galeria/nivo-slider/demo/images/Banner%20Politica%20Publica%20CONPES%20(1).ai HTTP/1.1" 206 1
190.130.64.139 - - [24/Feb/2019:10:50:44 -0500] "GET /galeria/nivo-slider/demo/images/Banner%20Politica%20Publica%20CONPES%20(1).ai HTTP/1.1" 206 1772732
190.130.64.139 - - [24/Feb/2019:10:50:54 -0500] "GET /galeria/nivo-slider/demo/images/Banner%20Politica%20Publica%20CONPES%20(1).ai HTTP/1.1" 206 1
190.130.64.139 - - [24/Feb/2019:10:50:54 -0500] "GET /galeria/nivo-slider/demo/images/Banner%20Politica%20Publica%20CONPES%20(1).ai HTTP/1.1" 206 1772732
190.144.166.61 - - [24/Feb/2019:10:51:52 -0500] "GET /galeria/nivo-slider/demo/images/Banner%20Politica%20Publica%20CONPES%20(1).ai HTTP/1.1" 206 1
190.144.166.61 - - [24/Feb/2019:10:51:52 -0500] "GET /galeria/nivo-slider/demo/images/Banner%20Politica%20Publica%20CONPES%20(1).ai HTTP/1.1" 206 1567889
201.245.192.253 - - [24/Feb/2019:10:51:58 -0500] "GET /galeria/nivo-slider/demo/images/Banner%20Politica%20Publica%20CONPES%20(1).ai HTTP/1.1" 206 1
201.245.192.253 - - [24/Feb/2019:10:51:58 -0500] "GET /galeria/nivo-slider/demo/images/Banner%20Politica%20Publica%20CONPES%20(1).ai HTTP/1.1" 206 1689512
190.144.166.61 - - [24/Feb/2019:10:52:02 -0500] "GET /galeria/nivo-slider/demo/images/Banner%20Politica%20Publica%20CONPES%20(1).ai HTTP/1.1" 206 1
190.144.166.61 - - [24/Feb/2019:10:52:02 -0500] "GET /galeria/nivo-slider/demo/images/Banner%20Politica%20Publica%20CONPES%20(1).ai HTTP/1.1" 206 1567889
201.245.192.253 - - [24/Feb/2019:10:52:08 -0500] "GET /galeria/nivo-slider/demo/images/Banner%20Politica%20Publica%20CONPES%20(1).ai HTTP/1.1" 206 1
201.245.192.253 - - [24/Feb/2019:10:52:08 -0500] "GET /galeria/nivo-slider/demo/images/Banner%20Politica%20Publica%20CONPES%20(1).ai HTTP/1.1" 206 1689512
192.168.175.104 - - [24/Feb/2019:10:52:25 -0500] "GET / HTTP/1.0" 200 9990
66.249.69.91 - - [24/Feb/2019:10:52:44 -0500] "GET /BLA/resoluciones/RESOLUCIONES%202007/RES%202007%20801%20AL%20900/RESOLUCION%200827%20DE%202007.pdf HTTP/1.1" 304 -
201.245.192.253 - - [24/Feb/2019:10:52:52 -0500] "GET /galeria/nivo-slider/demo/images/Banner%20Politica%20Publica%20CONPES%20(1).ai HTTP/1.1" 206 1
201.245.192.253 - - [24/Feb/2019:10:52:52 -0500] "GET /galeria/nivo-slider/demo/images/Banner%20Politica%20Publica%20CONPES%20(1).ai HTTP/1.1" 206 1689512
157.55.39.245 - - [24/Feb/2019:10:52:57 -0500] "GET /SIG/Gesti%C3%B3n%20de%20Recursos%20F%C3%ADsicos/126PA04-PR09.pdf HTTP/1.1" 304 -
54.36.150.26 - - [24/Feb/2019:10:53:02 -0500] "GET /BLA/resoluciones/RESOLUCIONES%202003/RES%202003%20801-850/803.tif HTTP/1.1" 200 234452
201.245.192.253 - - [24/Feb/2019:10:53:02 -0500] "GET /galeria/nivo-slider/demo/images/Banner%20Politica%20Publica%20CONPES%20(1).ai HTTP/1.1" 206 1
201.245.192.253 - - [24/Feb/2019:10:53:02 -0500] "GET /galeria/nivo-slider/demo/images/Banner%20Politica%20Publica%20CONPES%20(1).ai HTTP/1.1" 206 1689512
201.245.192.253 - - [24/Feb/2019:10:53:06 -0500] "GET /galeria/nivo-slider/demo/images/Banner%20Politica%20Publica%20CONPES%20(1).ai HTTP/1.1" 206 1
201.245.192.253 - - [24/Feb/2019:10:53:06 -0500] "GET /galeria/nivo-slider/demo/images/Banner%20Politica%20Publica%20CONPES%20(1).ai HTTP/1.1" 206 1689512
54.36.150.150 - - [24/Feb/2019:10:53:12 -0500] "GET /BLA/resoluciones/AUTOS%202006/AUTOS%202006%20801-900/00000809.tif HTTP/1.1" 200 116938
201.245.192.253 - - [24/Feb/2019:10:53:16 -0500] "GET /galeria/nivo-slider/demo/images/Banner%20Politica%20Publica%20CONPES%20(1).ai HTTP/1.1" 206 1
201.245.192.253 - - [24/Feb/2019:10:53:16 -0500] "GET /galeria/nivo-slider/demo/images/Banner%20Politica%20Publica%20CONPES%20(1).ai HTTP/1.1" 206 1689512
201.245.192.253 - - [24/Feb/2019:10:53:27 -0500] "GET /galeria/nivo-slider/demo/images/Banner%20Politica%20Publica%20CONPES%20(1).ai HTTP/1.1" 206 1
201.245.192.253 - - [24/Feb/2019:10:53:27 -0500] "GET /galeria/nivo-slider/demo/images/Banner%20Politica%20Publica%20CONPES%20(1).ai HTTP/1.1" 206 1689512
201.245.192.253 - - [24/Feb/2019:10:53:37 -0500] "GET /galeria/nivo-slider/demo/images/Banner%20Politica%20Publica%20CONPES%20(1).ai HTTP/1.1" 206 1
201.245.192.253 - - [24/Feb/2019:10:53:37 -0500] "GET /galeria/nivo-slider/demo/images/Banner%20Politica%20Publica%20CONPES%20(1).ai HTTP/1.1" 206 1689512
200.68.137.202 - - [24/Feb/2019:10:53:54 -0500] "GET /galeria/galeria/fotos/reciclatonG.jpg HTTP/1.1" 200 161021
69.162.124.233 - - [24/Feb/2019:10:53:56 -0500] "HEAD / HTTP/1.1" 200 -
54.36.150.24 - - [24/Feb/2019:10:54:11 -0500] "GET /BLA/resoluciones/AUTOS%202006/AUTOS%202006%20301-400/00000371.tif HTTP/1.1" 200 97168
192.168.175.104 - - [24/Feb/2019:10:54:33 -0500] "GET / HTTP/1.1" 200 9990
190.130.64.139 - - [24/Feb/2019:10:54:54 -0500] "GET /galeria/nivo-slider/demo/images/Banner%20Politica%20Publica%20CONPES%20(1).ai HTTP/1.1" 206 1
190.130.64.139 - - [24/Feb/2019:10:54:54 -0500] "GET /galeria/nivo-slider/demo/images/Banner%20Politica%20Publica%20CONPES%20(1).ai HTTP/1.1" 206 1772732
54.36.149.29 - - [24/Feb/2019:10:54:56 -0500] "GET /BLA/resoluciones/RESOLUCIONES%202004/RES%202004%20251-300/00000291.tif HTTP/1.1" 200 90286
190.130.64.139 - - [24/Feb/2019:10:55:04 -0500] "GET /galeria/nivo-slider/demo/images/Banner%20Politica%20Publica%20CONPES%20(1).ai HTTP/1.1" 206 1
190.130.64.139 - - [24/Feb/2019:10:55:04 -0500] "GET /galeria/nivo-slider/demo/images/Banner%20Politica%20Publica%20CONPES%20(1).ai HTTP/1.1" 206 1772732
66.249.69.164 - - [24/Feb/2019:10:55:09 -0500] "GET /Autoliquidacion/Grupo%20Forestal%20-%20Silvicultura/Formulario%20%C3%BAnico%20nacional%20de%20solicitud%20de%20aprovechamiento%20forestal%20arboles%20aislados.xlsx HTTP/1.1" 304 -
190.24.58.137 - - [24/Feb/2019:10:55:21 -0500] "GET /Residuos/impresion/files/guia_impresion-lit.pdf HTTP/1.1" 200 12573981
190.24.58.137 - - [24/Feb/2019:10:55:21 -0500] "GET /Residuos/impresion/files/guia_impresion-lit.pdf HTTP/1.1" 206 8382654
190.24.58.137 - - [24/Feb/2019:10:55:21 -0500] "GET /Residuos/impresion/files/guia_impresion-lit.pdf HTTP/1.1" 206 4191327
186.112.249.132 - - [24/Feb/2019:10:55:23 -0500] "GET /BLA/resoluciones/RESOLUCIONES%202010/6285.pdf HTTP/1.1" 200 3274420
186.112.249.132 - - [24/Feb/2019:10:55:23 -0500] "GET /favicon.ico HTTP/1.1" 200 7782
66.249.75.95 - - [24/Feb/2019:10:55:33 -0500] "GET /BLA/resoluciones/AUTOS%202013/0368.pdf HTTP/1.1" 200 608200
190.144.166.61 - - [24/Feb/2019:10:56:02 -0500] "GET /galeria/nivo-slider/demo/images/Banner%20Politica%20Publica%20CONPES%20(1).ai HTTP/1.1" 206 1
190.144.166.61 - - [24/Feb/2019:10:56:02 -0500] "GET /galeria/nivo-slider/demo/images/Banner%20Politica%20Publica%20CONPES%20(1).ai HTTP/1.1" 206 1567889
190.102.56.220 - - [24/Feb/2019:10:56:06 -0500] "GET /galeria/mapa/3MapaBogot%C3%A1.jpg HTTP/1.1" 200 688183
201.245.192.253 - - [24/Feb/2019:10:56:08 -0500] "GET /galeria/nivo-slider/demo/images/Banner%20Politica%20Publica%20CONPES%20(1).ai HTTP/1.1" 206 1
201.245.192.253 - - [24/Feb/2019:10:56:08 -0500] "GET /galeria/nivo-slider/demo/images/Banner%20Politica%20Publica%20CONPES%20(1).ai HTTP/1.1" 206 1689512
190.144.166.61 - - [24/Feb/2019:10:56:12 -0500] "GET /galeria/nivo-slider/demo/images/Banner%20Politica%20Publica%20CONPES%20(1).ai HTTP/1.1" 206 1
190.144.166.61 - - [24/Feb/2019:10:56:12 -0500] "GET /galeria/nivo-slider/demo/images/Banner%20Politica%20Publica%20CONPES%20(1).ai HTTP/1.1" 206 1567889
54.36.148.169 - - [24/Feb/2019:10:56:13 -0500] "GET /BLA/resoluciones/AUTOS%202006/AUTOS%202006%20901-1000/00000941.tif HTTP/1.1" 200 149396
201.245.192.253 - - [24/Feb/2019:10:56:18 -0500] "GET /galeria/nivo-slider/demo/images/Banner%20Politica%20Publica%20CONPES%20(1).ai HTTP/1.1" 206 1
201.245.192.253 - - [24/Feb/2019:10:56:18 -0500] "GET /galeria/nivo-slider/demo/images/Banner%20Politica%20Publica%20CONPES%20(1).ai HTTP/1.1" 206 1689512
200.106.190.2 - - [24/Feb/2019:10:56:33 -0500] "-" 408 -
200.106.190.2 - - [24/Feb/2019:10:56:33 -0500] "-" 408 -
201.184.13.61 - - [24/Feb/2019:10:56:43 -0500] "GET /galeria/galeria/fotos/Entrenube4G.jpg HTTP/1.1" 200 171047
201.245.192.253 - - [24/Feb/2019:10:57:02 -0500] "GET /galeria/nivo-slider/demo/images/Banner%20Politica%20Publica%20CONPES%20(1).ai HTTP/1.1" 206 1
201.245.192.253 - - [24/Feb/2019:10:57:02 -0500] "GET /galeria/nivo-slider/demo/images/Banner%20Politica%20Publica%20CONPES%20(1).ai HTTP/1.1" 206 1689512
201.245.192.253 - - [24/Feb/2019:10:57:12 -0500] "GET /galeria/nivo-slider/demo/images/Banner%20Politica%20Publica%20CONPES%20(1).ai HTTP/1.1" 206 1
201.245.192.253 - - [24/Feb/2019:10:57:12 -0500] "GET /galeria/nivo-slider/demo/images/Banner%20Politica%20Publica%20CONPES%20(1).ai HTTP/1.1" 206 1689512
201.245.192.253 - - [24/Feb/2019:10:57:16 -0500] "GET /galeria/nivo-slider/demo/images/Banner%20Politica%20Publica%20CONPES%20(1).ai HTTP/1.1" 206 1
201.245.192.253 - - [24/Feb/2019:10:57:16 -0500] "GET /galeria/nivo-slider/demo/images/Banner%20Politica%20Publica%20CONPES%20(1).ai HTTP/1.1" 206 1689512
192.168.175.104 - - [24/Feb/2019:10:57:23 -0500] "GET / HTTP/1.0" 200 9990
201.245.192.253 - - [24/Feb/2019:10:57:26 -0500] "GET /galeria/nivo-slider/demo/images/Banner%20Politica%20Publica%20CONPES%20(1).ai HTTP/1.1" 206 1
201.245.192.253 - - [24/Feb/2019:10:57:26 -0500] "GET /galeria/nivo-slider/demo/images/Banner%20Politica%20Publica%20CONPES%20(1).ai HTTP/1.1" 206 1689512
66.249.69.91 - - [24/Feb/2019:10:57:34 -0500] "GET /BLA/resoluciones/RESOLUCIONES%202016/1330.pdf HTTP/1.1" 200 598596
201.245.192.253 - - [24/Feb/2019:10:57:37 -0500] "GET /galeria/nivo-slider/demo/images/Banner%20Politica%20Publica%20CONPES%20(1).ai HTTP/1.1" 206 1
201.245.192.253 - - [24/Feb/2019:10:57:37 -0500] "GET /galeria/nivo-slider/demo/images/Banner%20Politica%20Publica%20CONPES%20(1).ai HTTP/1.1" 206 1689512
54.36.150.95 - - [24/Feb/2019:10:57:38 -0500] "GET /BLA/resoluciones/RESOLUCIONES%202004/RES%202004%201401-1450/00001410.tif HTTP/1.1" 200 135342
190.145.247.249 - - [24/Feb/2019:10:57:44 -0500] "GET /BLA/boletinlegal/jurisprudencia/analisis/Analisis%20jurisprudencial%20Sentencia%20C-366-11.doc HTTP/1.1" 200 59392
201.245.192.253 - - [24/Feb/2019:10:57:47 -0500] "GET /galeria/nivo-slider/demo/images/Banner%20Politica%20Publica%20CONPES%20(1).ai HTTP/1.1" 206 1
201.245.192.253 - - [24/Feb/2019:10:57:47 -0500] "GET /galeria/nivo-slider/demo/images/Banner%20Politica%20Publica%20CONPES%20(1).ai HTTP/1.1" 206 1689512
186.84.88.96 - - [24/Feb/2019:10:58:11 -0500] "GET /galeria/nivo-slider/demo/scripts/jquery-1.7.1.min.js HTTP/1.1" 200 93868
186.84.88.96 - - [24/Feb/2019:10:58:11 -0500] "GET /galeria/nivo-slider/demo/images/Trafico%20de%20fauna.jpg HTTP/1.1" 200 198327
186.84.88.96 - - [24/Feb/2019:10:58:12 -0500] "GET /galeria/nivo-slider/demo/images/Bannerweb_Tinguas.jpg HTTP/1.1" 200 258471
186.84.88.96 - - [24/Feb/2019:10:58:12 -0500] "GET /galeria/nivo-slider/demo/images/Banner%20Febrero%20caminatas.jpg HTTP/1.1" 200 281690
181.51.86.31 - - [24/Feb/2019:10:58:12 -0500] "GET /POT-2013/index.php?dir=Cartografia%2F HTTP/1.1" 200 11465
181.51.86.31 - - [24/Feb/2019:10:58:12 -0500] "GET /POT-2013/dlf/styles.css HTTP/1.1" 200 3045
181.51.86.31 - - [24/Feb/2019:10:58:12 -0500] "GET /POT-2013/dlf/dirup.png HTTP/1.1" 200 644
181.51.86.31 - - [24/Feb/2019:10:58:12 -0500] "GET /POT-2013/dlf/pdf.gif HTTP/1.1" 200 272
181.51.86.31 - - [24/Feb/2019:10:58:13 -0500] "GET /POT-2013/dlf/bg.gif HTTP/1.1" 200 54
186.84.88.96 - - [24/Feb/2019:10:58:13 -0500] "GET /galeria/nivo-slider/demo/images/Banner%20rendicion%20de%20cuentas.png HTTP/1.1" 200 328379
186.84.88.96 - - [24/Feb/2019:10:58:13 -0500] "GET /galeria/nivo-slider/demo/images/Banner%20POT.png HTTP/1.1" 200 418238
181.51.86.31 - - [24/Feb/2019:10:58:13 -0500] "GET /favicon.ico HTTP/1.1" 200 7782
186.84.88.96 - - [24/Feb/2019:10:58:13 -0500] "GET /galeria/nivo-slider/demo/images/Banner%20-%20Pread.jpg HTTP/1.1" 200 190212
186.84.88.96 - - [24/Feb/2019:10:58:14 -0500] "GET /galeria/nivo-slider/demo/images/incendios-forestales.png HTTP/1.1" 200 61469
186.84.88.96 - - [24/Feb/2019:10:58:14 -0500] "GET /galeria/nivo-slider/demo/images/Banner%20PGAE.jpg HTTP/1.1" 200 258166
186.84.88.96 - - [24/Feb/2019:10:58:15 -0500] "GET /galeria/nivo-slider/demo/images/Pot_banner.jpg HTTP/1.1" 200 204736
186.84.88.96 - - [24/Feb/2019:10:58:15 -0500] "GET /galeria/nivo-slider/demo/images/BANNER%20punto.jpg HTTP/1.1" 200 75932
186.84.88.96 - - [24/Feb/2019:10:58:15 -0500] "GET /galeria/nivo-slider/demo/images/Banneranonimos.png HTTP/1.1" 200 109388
186.84.88.96 - - [24/Feb/2019:10:58:15 -0500] "GET /galeria/nivo-slider/demo/images/web%20ingreso%20humedales.png HTTP/1.1" 200 641193
186.84.88.96 - - [24/Feb/2019:10:58:16 -0500] "GET /galeria/nivo-slider/demo/images/gobierno%20digital-01.jpg HTTP/1.1" 200 116163
186.84.88.96 - - [24/Feb/2019:10:58:16 -0500] "GET /galeria/nivo-slider/demo/images/Otorgamiento-excelencia-ambiental-Jos%C3%A9-Celestino-Mutis-2.jpg HTTP/1.1" 200 276467
186.84.88.96 - - [24/Feb/2019:10:58:16 -0500] "GET /galeria/nivo-slider/demo/images/Banner_micrositio.png HTTP/1.1" 200 146950
186.84.88.96 - - [24/Feb/2019:10:58:16 -0500] "GET /galeria/nivo-slider/demo/images/avances-sentencias-rio-bogota-2.jpg HTTP/1.1" 200 304916
186.84.88.96 - - [24/Feb/2019:10:58:16 -0500] "GET /galeria/nivo-slider/demo/images/BANNER%20VAN%20DER%20HAMMEN.jpg HTTP/1.1" 200 64172
186.84.88.96 - - [24/Feb/2019:10:58:16 -0500] "GET /galeria/nivo-slider/demo/images/banner-humedales-de-bogota.jpg HTTP/1.1" 200 292611
186.84.88.96 - - [24/Feb/2019:10:58:17 -0500] "GET /galeria/nivo-slider/demo/images/maximavelocidad.png HTTP/1.1" 200 880272
186.84.88.96 - - [24/Feb/2019:10:58:17 -0500] "GET /galeria/nivo-slider/demo/images/banner-bolsas-plasticas.jpg HTTP/1.1" 200 317939
181.51.86.31 - - [24/Feb/2019:10:58:28 -0500] "GET /POT-2013/Cartografia/28_USOS%20Y%20AREAS%20DE%20ACTIVIDAD.pdf HTTP/1.1" 200 3754922
54.36.148.38 - - [24/Feb/2019:10:58:53 -0500] "GET /BLA/resoluciones/RESOLUCIONES%202002/RES%202002%201851-1900/20021862.tif HTTP/1.1" 200 37206
69.162.124.233 - - [24/Feb/2019:10:58:56 -0500] "HEAD / HTTP/1.1" 200 -
190.130.64.139 - - [24/Feb/2019:10:59:04 -0500] "GET /galeria/nivo-slider/demo/images/Banner%20Politica%20Publica%20CONPES%20(1).ai HTTP/1.1" 206 1
190.130.64.139 - - [24/Feb/2019:10:59:04 -0500] "GET /galeria/nivo-slider/demo/images/Banner%20Politica%20Publica%20CONPES%20(1).ai HTTP/1.1" 206 1772732
190.130.64.139 - - [24/Feb/2019:10:59:14 -0500] "GET /galeria/nivo-slider/demo/images/Banner%20Politica%20Publica%20CONPES%20(1).ai HTTP/1.1" 206 1
190.130.64.139 - - [24/Feb/2019:10:59:14 -0500] "GET /galeria/nivo-slider/demo/images/Banner%20Politica%20Publica%20CONPES%20(1).ai HTTP/1.1" 206 1772732
216.244.66.195 - - [24/Feb/2019:10:59:23 -0500] "GET /videos/DIASINCARROSITP.flv HTTP/1.1" 200 2337807
192.168.175.104 - - [24/Feb/2019:10:59:31 -0500] "GET / HTTP/1.1" 200 9990
207.46.13.242 - - [24/Feb/2019:11:00:01 -0500] "GET /SIG/Gesti%C3%B3n%20de%20Recursos%20F%C3%ADsicos/126PA04-PR34.pdf HTTP/1.1" 304 -
54.36.150.130 - - [24/Feb/2019:11:00:03 -0500] "GET /BLA/resoluciones/RESOLUCIONES%202004/RES%202004%2001-%2050/00000033.tif HTTP/1.1" 200 100148
190.144.166.61 - - [24/Feb/2019:11:00:12 -0500] "GET /galeria/nivo-slider/demo/images/Banner%20Politica%20Publica%20CONPES%20(1).ai HTTP/1.1" 206 1
190.144.166.61 - - [24/Feb/2019:11:00:12 -0500] "GET /galeria/nivo-slider/demo/images/Banner%20Politica%20Publica%20CONPES%20(1).ai HTTP/1.1" 206 1567889
47.29.209.32 - - [24/Feb/2019:11:00:18 -0500] "GET /BLA/resoluciones/AUTOS%202008/3117.pdf HTTP/1.1" 200 103263
201.245.192.253 - - [24/Feb/2019:11:00:18 -0500] "GET /galeria/nivo-slider/demo/images/Banner%20Politica%20Publica%20CONPES%20(1).ai HTTP/1.1" 206 1
201.245.192.253 - - [24/Feb/2019:11:00:18 -0500] "GET /galeria/nivo-slider/demo/images/Banner%20Politica%20Publica%20CONPES%20(1).ai HTTP/1.1" 206 1689512
47.29.209.32 - - [24/Feb/2019:11:00:19 -0500] "GET /BLA/resoluciones/AUTOS%202008/3117.pdf HTTP/1.1" 206 103263
190.144.166.61 - - [24/Feb/2019:11:00:22 -0500] "GET /galeria/nivo-slider/demo/images/Banner%20Politica%20Publica%20CONPES%20(1).ai HTTP/1.1" 206 1
190.144.166.61 - - [24/Feb/2019:11:00:22 -0500] "GET /galeria/nivo-slider/demo/images/Banner%20Politica%20Publica%20CONPES%20(1).ai HTTP/1.1" 206 1567889
66.249.75.94 - - [24/Feb/2019:11:00:24 -0500] "GET /BLA/resoluciones/RESOLUCIONES%202007/RES%202007%201501%20AL%201600/RESOLUCION%201535%20DE%202007.pdf HTTP/1.1" 200 237512
201.245.192.253 - - [24/Feb/2019:11:00:28 -0500] "GET /galeria/nivo-slider/demo/images/Banner%20Politica%20Publica%20CONPES%20(1).ai HTTP/1.1" 206 1
201.245.192.253 - - [24/Feb/2019:11:00:28 -0500] "GET /galeria/nivo-slider/demo/images/Banner%20Politica%20Publica%20CONPES%20(1).ai HTTP/1.1" 206 1689512
190.202.86.138 - - [24/Feb/2019:11:00:32 -0500] "GET /galeria/galeria/fotos/Entrenube3G.jpg HTTP/1.1" 200 138221
66.249.69.161 - - [24/Feb/2019:11:00:47 -0500] "GET /PORTAL_SIAC/swf/002.swf HTTP/1.1" 200 34316
66.249.69.161 - - [24/Feb/2019:11:00:52 -0500] "GET /PORTAL_SIAC/swf/ClearOverPlaySeekMute.swf HTTP/1.1" 200 3497
190.130.120.110 - - [24/Feb/2019:11:01:07 -0500] "GET /BLA/resoluciones/AUTOS%202014/4068.pdf HTTP/1.1" 200 523132
66.249.75.94 - - [24/Feb/2019:11:01:12 -0500] "GET /BLA/resoluciones/RESOLUCIONES%202017/0851.pdf HTTP/1.1" 200 348731
201.245.192.253 - - [24/Feb/2019:11:01:12 -0500] "GET /galeria/nivo-slider/demo/images/Banner%20Politica%20Publica%20CONPES%20(1).ai HTTP/1.1" 206 1
201.245.192.253 - - [24/Feb/2019:11:01:12 -0500] "GET /galeria/nivo-slider/demo/images/Banner%20Politica%20Publica%20CONPES%20(1).ai HTTP/1.1" 206 1689512
54.36.148.104 - - [24/Feb/2019:11:01:20 -0500] "GET /BLA/resoluciones/index.php?dir=RESOLUCIONES%202006/RES%202006%201351-1400/&sort=size&order=asc HTTP/1.1" 200 12367
201.245.192.253 - - [24/Feb/2019:11:01:22 -0500] "GET /galeria/nivo-slider/demo/images/Banner%20Politica%20Publica%20CONPES%20(1).ai HTTP/1.1" 206 1
201.245.192.253 - - [24/Feb/2019:11:01:22 -0500] "GET /galeria/nivo-slider/demo/images/Banner%20Politica%20Publica%20CONPES%20(1).ai HTTP/1.1" 206 1689512
201.245.192.253 - - [24/Feb/2019:11:01:26 -0500] "GET /galeria/nivo-slider/demo/images/Banner%20Politica%20Publica%20CONPES%20(1).ai HTTP/1.1" 206 1
201.245.192.253 - - [24/Feb/2019:11:01:26 -0500] "GET /galeria/nivo-slider/demo/images/Banner%20Politica%20Publica%20CONPES%20(1).ai HTTP/1.1" 206 1689512
201.245.192.253 - - [24/Feb/2019:11:01:36 -0500] "GET /galeria/nivo-slider/demo/images/Banner%20Politica%20Publica%20CONPES%20(1).ai HTTP/1.1" 206 1
201.245.192.253 - - [24/Feb/2019:11:01:36 -0500] "GET /galeria/nivo-slider/demo/images/Banner%20Politica%20Publica%20CONPES%20(1).ai HTTP/1.1" 206 1689512
179.18.54.120 - - [24/Feb/2019:11:01:44 -0500] "GET /Residuos/impresion/files/guia_impresion-lit.pdf HTTP/1.1" 200 12573981
179.18.54.120 - - [24/Feb/2019:11:01:45 -0500] "GET /favicon.ico HTTP/1.1" 200 7782
35.241.138.178 - - [24/Feb/2019:11:01:45 -0500] "-" 408 -
201.245.192.253 - - [24/Feb/2019:11:01:47 -0500] "GET /galeria/nivo-slider/demo/images/Banner%20Politica%20Publica%20CONPES%20(1).ai HTTP/1.1" 206 1
201.245.192.253 - - [24/Feb/2019:11:01:47 -0500] "GET /galeria/nivo-slider/demo/images/Banner%20Politica%20Publica%20CONPES%20(1).ai HTTP/1.1" 206 1689512
216.244.66.195 - - [24/Feb/2019:11:01:54 -0500] "GET /robots.txt HTTP/1.1" 404 1018
201.245.192.253 - - [24/Feb/2019:11:01:57 -0500] "GET /galeria/nivo-slider/demo/images/Banner%20Politica%20Publica%20CONPES%20(1).ai HTTP/1.1" 206 1
201.245.192.253 - - [24/Feb/2019:11:01:57 -0500] "GET /galeria/nivo-slider/demo/images/Banner%20Politica%20Publica%20CONPES%20(1).ai HTTP/1.1" 206 1689512
192.168.175.104 - - [24/Feb/2019:11:02:21 -0500] "GET / HTTP/1.0" 200 9990
66.249.75.94 - - [24/Feb/2019:11:02:25 -0500] "GET /BLA/resoluciones/RESOLUCIONES%202011/1452.pdf HTTP/1.1" 200 70707
190.255.241.48 - - [24/Feb/2019:11:02:37 -0500] "GET /BLA/resoluciones/RESOLUCIONES%202013/1705.pdf HTTP/1.1" 200 4738970
190.255.241.48 - - [24/Feb/2019:11:02:37 -0500] "GET /favicon.ico HTTP/1.1" 200 7782
54.36.150.191 - - [24/Feb/2019:11:03:06 -0500] "GET /BLA/resoluciones/index.php?dir=AUTOS%202006/AUTOS%202006%20101-200/&sort=size&order=desc HTTP/1.1" 200 21757
190.130.64.139 - - [24/Feb/2019:11:03:14 -0500] "GET /galeria/nivo-slider/demo/images/Banner%20Politica%20Publica%20CONPES%20(1).ai HTTP/1.1" 206 1
190.130.64.139 - - [24/Feb/2019:11:03:14 -0500] "GET /galeria/nivo-slider/demo/images/Banner%20Politica%20Publica%20CONPES%20(1).ai HTTP/1.1" 206 1772732
190.130.64.139 - - [24/Feb/2019:11:03:24 -0500] "GET /galeria/nivo-slider/demo/images/Banner%20Politica%20Publica%20CONPES%20(1).ai HTTP/1.1" 206 1
190.130.64.139 - - [24/Feb/2019:11:03:24 -0500] "GET /galeria/nivo-slider/demo/images/Banner%20Politica%20Publica%20CONPES%20(1).ai HTTP/1.1" 206 1772732
54.36.149.85 - - [24/Feb/2019:11:03:28 -0500] "GET /BLA/resoluciones/RESOLUCIONES%202006/RES%202006%20101-150/00000121.tif HTTP/1.1" 200 180772
201.245.242.111 - - [24/Feb/2019:11:03:30 -0500] "GET /galeria/mapa/humedal2017.jpg HTTP/1.1" 200 644667
66.249.88.4 - - [24/Feb/2019:11:03:38 -0500] "GET /POT-2013/index.php?dir=Cartografia%2F HTTP/1.1" 200 11465
66.249.88.4 - - [24/Feb/2019:11:03:38 -0500] "GET /POT-2013/dlf/styles.css HTTP/1.1" 200 3045
66.249.88.4 - - [24/Feb/2019:11:03:39 -0500] "GET /POT-2013/dlf/dirup.png HTTP/1.1" 200 644
66.249.88.7 - - [24/Feb/2019:11:03:39 -0500] "GET /POT-2013/dlf/pdf.gif HTTP/1.1" 200 272
66.249.88.4 - - [24/Feb/2019:11:03:39 -0500] "GET /POT-2013/dlf/bg.gif HTTP/1.1" 200 54
66.249.88.7 - - [24/Feb/2019:11:03:39 -0500] "GET /favicon.ico HTTP/1.1" 200 7782
66.249.69.167 - - [24/Feb/2019:11:03:45 -0500] "GET /PORTAL_SIAC/swf/clip2.flv/ HTTP/1.1" 404 1019
69.162.124.233 - - [24/Feb/2019:11:03:56 -0500] "HEAD / HTTP/1.1" 200 -
66.249.69.91 - - [24/Feb/2019:11:04:01 -0500] "GET /BLA/resoluciones/AUTOS%202012/2097.pdf HTTP/1.1" 200 974199
190.144.166.61 - - [24/Feb/2019:11:04:22 -0500] "GET /galeria/nivo-slider/demo/images/Banner%20Politica%20Publica%20CONPES%20(1).ai HTTP/1.1" 206 1
190.144.166.61 - - [24/Feb/2019:11:04:22 -0500] "GET /galeria/nivo-slider/demo/images/Banner%20Politica%20Publica%20CONPES%20(1).ai HTTP/1.1" 206 1567889
54.36.150.135 - - [24/Feb/2019:11:04:24 -0500] "GET /BLA/resoluciones/RESOLUCIONES%202003/RES%202003%201001-1050/1018.tif HTTP/1.1" 200 71576
201.245.192.253 - - [24/Feb/2019:11:04:28 -0500] "GET /galeria/nivo-slider/demo/images/Banner%20Politica%20Publica%20CONPES%20(1).ai HTTP/1.1" 206 1
201.245.192.253 - - [24/Feb/2019:11:04:28 -0500] "GET /galeria/nivo-slider/demo/images/Banner%20Politica%20Publica%20CONPES%20(1).ai HTTP/1.1" 206 1689512
192.168.175.104 - - [24/Feb/2019:11:04:29 -0500] "GET / HTTP/1.1" 200 9990
190.144.166.61 - - [24/Feb/2019:11:04:32 -0500] "GET /galeria/nivo-slider/demo/images/Banner%20Politica%20Publica%20CONPES%20(1).ai HTTP/1.1" 206 1
190.144.166.61 - - [24/Feb/2019:11:04:32 -0500] "GET /galeria/nivo-slider/demo/images/Banner%20Politica%20Publica%20CONPES%20(1).ai HTTP/1.1" 206 1567889
201.245.192.253 - - [24/Feb/2019:11:04:38 -0500] "GET /galeria/nivo-slider/demo/images/Banner%20Politica%20Publica%20CONPES%20(1).ai HTTP/1.1" 206 1
201.245.192.253 - - [24/Feb/2019:11:04:38 -0500] "GET /galeria/nivo-slider/demo/images/Banner%20Politica%20Publica%20CONPES%20(1).ai HTTP/1.1" 206 1689512
13.66.139.1 - - [24/Feb/2019:11:04:55 -0500] "GET /robots.txt HTTP/1.1" 404 1019
13.66.139.0 - - [24/Feb/2019:11:04:57 -0500] "GET /POT-2013/memoria%20justificativa/ANEXO_1.pdf HTTP/1.1" 304 -
190.145.246.143 - - [24/Feb/2019:11:04:57 -0500] "GET /BLA/resoluciones/RESOLUCIONES%202017/2774.pdf HTTP/1.1" 200 287207
201.245.192.253 - - [24/Feb/2019:11:05:22 -0500] "GET /galeria/nivo-slider/demo/images/Banner%20Politica%20Publica%20CONPES%20(1).ai HTTP/1.1" 206 1
201.245.192.253 - - [24/Feb/2019:11:05:22 -0500] "GET /galeria/nivo-slider/demo/images/Banner%20Politica%20Publica%20CONPES%20(1).ai HTTP/1.1" 206 1689512
201.245.192.253 - - [24/Feb/2019:11:05:32 -0500] "GET /galeria/nivo-slider/demo/images/Banner%20Politica%20Publica%20CONPES%20(1).ai HTTP/1.1" 206 1
201.245.192.253 - - [24/Feb/2019:11:05:32 -0500] "GET /galeria/nivo-slider/demo/images/Banner%20Politica%20Publica%20CONPES%20(1).ai HTTP/1.1" 206 1689512
201.245.192.253 - - [24/Feb/2019:11:05:36 -0500] "GET /galeria/nivo-slider/demo/images/Banner%20Politica%20Publica%20CONPES%20(1).ai HTTP/1.1" 206 1
201.245.192.253 - - [24/Feb/2019:11:05:36 -0500] "GET /galeria/nivo-slider/demo/images/Banner%20Politica%20Publica%20CONPES%20(1).ai HTTP/1.1" 206 1689512
66.249.69.91 - - [24/Feb/2019:11:05:38 -0500] "GET /BLA/resoluciones/RESOLUCIONES%202008/4596.pdf HTTP/1.1" 200 166837
201.245.192.253 - - [24/Feb/2019:11:05:46 -0500] "GET /galeria/nivo-slider/demo/images/Banner%20Politica%20Publica%20CONPES%20(1).ai HTTP/1.1" 206 1
201.245.192.253 - - [24/Feb/2019:11:05:46 -0500] "GET /galeria/nivo-slider/demo/images/Banner%20Politica%20Publica%20CONPES%20(1).ai HTTP/1.1" 206 1689512
201.245.192.253 - - [24/Feb/2019:11:05:57 -0500] "GET /galeria/nivo-slider/demo/images/Banner%20Politica%20Publica%20CONPES%20(1).ai HTTP/1.1" 206 1
201.245.192.253 - - [24/Feb/2019:11:05:57 -0500] "GET /galeria/nivo-slider/demo/images/Banner%20Politica%20Publica%20CONPES%20(1).ai HTTP/1.1" 206 1689512
66.249.69.164 - - [24/Feb/2019:11:06:02 -0500] "GET /Autoliquidacion/Permiso%20de%20ocupaci%C3%B3n%20de%20cause/Formulario%20Solicitud%20Permiso%20Ocupacion%20de%20Cauce.xls HTTP/1.1" 200 716800
201.245.192.253 - - [24/Feb/2019:11:06:07 -0500] "GET /galeria/nivo-slider/demo/images/Banner%20Politica%20Publica%20CONPES%20(1).ai HTTP/1.1" 206 1
201.245.192.253 - - [24/Feb/2019:11:06:07 -0500] "GET /galeria/nivo-slider/demo/images/Banner%20Politica%20Publica%20CONPES%20(1).ai HTTP/1.1" 206 1689512
66.249.75.94 - - [24/Feb/2019:11:06:26 -0500] "GET /BLA/resoluciones/AUTOS%202015/6124.pdf HTTP/1.1" 200 516950
192.168.175.104 - - [24/Feb/2019:11:07:19 -0500] "GET / HTTP/1.0" 200 9990
54.36.150.123 - - [24/Feb/2019:11:07:21 -0500] "GET /BLA/resoluciones/AUTOS%202006/AUTOS%202006%202701%20-%202800/00002741.tif HTTP/1.1" 200 76512
190.130.64.139 - - [24/Feb/2019:11:07:24 -0500] "GET /galeria/nivo-slider/demo/images/Banner%20Politica%20Publica%20CONPES%20(1).ai HTTP/1.1" 206 1
190.130.64.139 - - [24/Feb/2019:11:07:24 -0500] "GET /galeria/nivo-slider/demo/images/Banner%20Politica%20Publica%20CONPES%20(1).ai HTTP/1.1" 206 1772732
190.130.64.139 - - [24/Feb/2019:11:07:34 -0500] "GET /galeria/nivo-slider/demo/images/Banner%20Politica%20Publica%20CONPES%20(1).ai HTTP/1.1" 206 1
190.130.64.139 - - [24/Feb/2019:11:07:34 -0500] "GET /galeria/nivo-slider/demo/images/Banner%20Politica%20Publica%20CONPES%20(1).ai HTTP/1.1" 206 1772732
106.75.3.52 - - [24/Feb/2019:11:08:01 -0500] "GET / HTTP/1.0" 200 9990
106.75.85.117 - - [24/Feb/2019:11:08:07 -0500] "GET / HTTP/1.1" 200 9990
190.144.166.61 - - [24/Feb/2019:11:08:32 -0500] "GET /galeria/nivo-slider/demo/images/Banner%20Politica%20Publica%20CONPES%20(1).ai HTTP/1.1" 206 1
190.144.166.61 - - [24/Feb/2019:11:08:32 -0500] "GET /galeria/nivo-slider/demo/images/Banner%20Politica%20Publica%20CONPES%20(1).ai HTTP/1.1" 206 1567889
201.245.192.253 - - [24/Feb/2019:11:08:38 -0500] "GET /galeria/nivo-slider/demo/images/Banner%20Politica%20Publica%20CONPES%20(1).ai HTTP/1.1" 206 1
201.245.192.253 - - [24/Feb/2019:11:08:38 -0500] "GET /galeria/nivo-slider/demo/images/Banner%20Politica%20Publica%20CONPES%20(1).ai HTTP/1.1" 206 1689512
190.144.166.61 - - [24/Feb/2019:11:08:42 -0500] "GET /galeria/nivo-slider/demo/images/Banner%20Politica%20Publica%20CONPES%20(1).ai HTTP/1.1" 206 1
190.144.166.61 - - [24/Feb/2019:11:08:42 -0500] "GET /galeria/nivo-slider/demo/images/Banner%20Politica%20Publica%20CONPES%20(1).ai HTTP/1.1" 206 1567889
201.245.192.253 - - [24/Feb/2019:11:08:48 -0500] "GET /galeria/nivo-slider/demo/images/Banner%20Politica%20Publica%20CONPES%20(1).ai HTTP/1.1" 206 1
201.245.192.253 - - [24/Feb/2019:11:08:48 -0500] "GET /galeria/nivo-slider/demo/images/Banner%20Politica%20Publica%20CONPES%20(1).ai HTTP/1.1" 206 1689512
69.162.124.233 - - [24/Feb/2019:11:08:56 -0500] "HEAD / HTTP/1.1" 200 -
66.249.83.10 - - [24/Feb/2019:11:09:01 -0500] "-" 408 -
179.51.101.5 - - [24/Feb/2019:11:09:14 -0500] "GET /galeria/galeria/fotos/Humedal-Tibanica4G.jpg HTTP/1.1" 200 442374
66.249.75.94 - - [24/Feb/2019:11:09:16 -0500] "GET /BLA/resoluciones/AUTOS%202008/2093.pdf HTTP/1.1" 304 -
192.168.175.104 - - [24/Feb/2019:11:09:27 -0500] "GET / HTTP/1.1" 200 9990
201.245.192.253 - - [24/Feb/2019:11:09:32 -0500] "GET /galeria/nivo-slider/demo/images/Banner%20Politica%20Publica%20CONPES%20(1).ai HTTP/1.1" 206 1
201.245.192.253 - - [24/Feb/2019:11:09:32 -0500] "GET /galeria/nivo-slider/demo/images/Banner%20Politica%20Publica%20CONPES%20(1).ai HTTP/1.1" 206 1689512
3.91.2.189 - - [24/Feb/2019:11:09:38 -0500] "GET / HTTP/1.1" 200 9990
201.245.192.253 - - [24/Feb/2019:11:09:42 -0500] "GET /galeria/nivo-slider/demo/images/Banner%20Politica%20Publica%20CONPES%20(1).ai HTTP/1.1" 206 1
201.245.192.253 - - [24/Feb/2019:11:09:42 -0500] "GET /galeria/nivo-slider/demo/images/Banner%20Politica%20Publica%20CONPES%20(1).ai HTTP/1.1" 206 1689512
201.245.192.253 - - [24/Feb/2019:11:09:46 -0500] "GET /galeria/nivo-slider/demo/images/Banner%20Politica%20Publica%20CONPES%20(1).ai HTTP/1.1" 206 1
201.245.192.253 - - [24/Feb/2019:11:09:46 -0500] "GET /galeria/nivo-slider/demo/images/Banner%20Politica%20Publica%20CONPES%20(1).ai HTTP/1.1" 206 1689512
201.245.192.253 - - [24/Feb/2019:11:09:56 -0500] "GET /galeria/nivo-slider/demo/images/Banner%20Politica%20Publica%20CONPES%20(1).ai HTTP/1.1" 206 1
201.245.192.253 - - [24/Feb/2019:11:09:56 -0500] "GET /galeria/nivo-slider/demo/images/Banner%20Politica%20Publica%20CONPES%20(1).ai HTTP/1.1" 206 1689512
54.36.148.235 - - [24/Feb/2019:11:09:59 -0500] "GET /BLA/resoluciones/RESOLUCIONES%202005/RES%202005%201301-1350/00001346.tif HTTP/1.1" 200 36354
66.249.83.6 - - [24/Feb/2019:11:10:01 -0500] "-" 408 -
201.245.192.253 - - [24/Feb/2019:11:10:07 -0500] "GET /galeria/nivo-slider/demo/images/Banner%20Politica%20Publica%20CONPES%20(1).ai HTTP/1.1" 206 1
201.245.192.253 - - [24/Feb/2019:11:10:07 -0500] "GET /galeria/nivo-slider/demo/images/Banner%20Politica%20Publica%20CONPES%20(1).ai HTTP/1.1" 206 1689512
201.245.192.253 - - [24/Feb/2019:11:10:17 -0500] "GET /galeria/nivo-slider/demo/images/Banner%20Politica%20Publica%20CONPES%20(1).ai HTTP/1.1" 206 1
201.245.192.253 - - [24/Feb/2019:11:10:17 -0500] "GET /galeria/nivo-slider/demo/images/Banner%20Politica%20Publica%20CONPES%20(1).ai HTTP/1.1" 206 1689512
201.245.192.253 - - [24/Feb/2019:11:09:39 -0500] "POST /kwsrmcab/Wsrmcab HTTP/1.1" 200 29627
54.36.148.116 - - [24/Feb/2019:11:10:23 -0500] "GET /BLA/resoluciones/RESOLUCIONES%202006/RES%202006%201701-1751/00001731.tif HTTP/1.1" 200 277522
181.50.216.195 - - [24/Feb/2019:11:10:51 -0500] "GET /galeria/mapa/humedal2017.jpg HTTP/1.1" 200 644667
201.245.192.253 - - [24/Feb/2019:11:10:23 -0500] "POST /kwsrmcab/Wsrmcab HTTP/1.1" 200 21424
190.130.64.139 - - [24/Feb/2019:11:11:34 -0500] "GET /galeria/nivo-slider/demo/images/Banner%20Politica%20Publica%20CONPES%20(1).ai HTTP/1.1" 206 1
190.130.64.139 - - [24/Feb/2019:11:11:34 -0500] "GET /galeria/nivo-slider/demo/images/Banner%20Politica%20Publica%20CONPES%20(1).ai HTTP/1.1" 206 1772732
66.249.75.94 - - [24/Feb/2019:11:11:41 -0500] "GET /BLA/resoluciones/RESOLUCIONES%202013/1489.pdf HTTP/1.1" 200 426498
190.130.64.139 - - [24/Feb/2019:11:11:44 -0500] "GET /galeria/nivo-slider/demo/images/Banner%20Politica%20Publica%20CONPES%20(1).ai HTTP/1.1" 206 1
190.130.64.139 - - [24/Feb/2019:11:11:44 -0500] "GET /galeria/nivo-slider/demo/images/Banner%20Politica%20Publica%20CONPES%20(1).ai HTTP/1.1" 206 1772732
192.168.175.104 - - [24/Feb/2019:11:12:16 -0500] "GET / HTTP/1.0" 200 9990
190.144.166.61 - - [24/Feb/2019:11:12:42 -0500] "GET /galeria/nivo-slider/demo/images/Banner%20Politica%20Publica%20CONPES%20(1).ai HTTP/1.1" 206 1
190.144.166.61 - - [24/Feb/2019:11:12:42 -0500] "GET /galeria/nivo-slider/demo/images/Banner%20Politica%20Publica%20CONPES%20(1).ai HTTP/1.1" 206 1567889
186.155.15.104 - - [24/Feb/2019:11:12:45 -0500] "GET /BLA/resoluciones/RESOLUCIONES%202014/1446.pdf HTTP/1.1" 200 810040
186.155.15.104 - - [24/Feb/2019:11:12:47 -0500] "GET /favicon.ico HTTP/1.1" 200 7782
201.245.192.253 - - [24/Feb/2019:11:12:48 -0500] "GET /galeria/nivo-slider/demo/images/Banner%20Politica%20Publica%20CONPES%20(1).ai HTTP/1.1" 206 1
201.245.192.253 - - [24/Feb/2019:11:12:48 -0500] "GET /galeria/nivo-slider/demo/images/Banner%20Politica%20Publica%20CONPES%20(1).ai HTTP/1.1" 206 1689512
190.144.166.61 - - [24/Feb/2019:11:12:52 -0500] "GET /galeria/nivo-slider/demo/images/Banner%20Politica%20Publica%20CONPES%20(1).ai HTTP/1.1" 206 1
190.144.166.61 - - [24/Feb/2019:11:12:52 -0500] "GET /galeria/nivo-slider/demo/images/Banner%20Politica%20Publica%20CONPES%20(1).ai HTTP/1.1" 206 1567889
54.36.150.18 - - [24/Feb/2019:11:12:52 -0500] "GET /BLA/resoluciones/index.php?dir=RESOLUCIONES+2007%2FRES+2007+2701+AL+2800%2F HTTP/1.1" 200 26889
207.46.13.242 - - [24/Feb/2019:11:12:54 -0500] "GET /catalogoisis/ HTTP/1.1" 200 8575
201.245.192.253 - - [24/Feb/2019:11:12:58 -0500] "GET /galeria/nivo-slider/demo/images/Banner%20Politica%20Publica%20CONPES%20(1).ai HTTP/1.1" 206 1
