201.245.192.253 - - [24/Feb/2019:16:51:35 -0500] "GET /galeria/nivo-slider/demo/images/Banner%20Politica%20Publica%20CONPES%20(1).ai HTTP/1.1" 206 1689512
130.211.103.4 - - [24/Feb/2019:16:51:44 -0500] "-" 408 -
201.245.192.253 - - [24/Feb/2019:16:51:46 -0500] "GET /galeria/nivo-slider/demo/images/Banner%20Politica%20Publica%20CONPES%20(1).ai HTTP/1.1" 206 1
201.245.192.253 - - [24/Feb/2019:16:51:46 -0500] "GET /galeria/nivo-slider/demo/images/Banner%20Politica%20Publica%20CONPES%20(1).ai HTTP/1.1" 206 1689512
66.249.75.94 - - [24/Feb/2019:16:51:55 -0500] "GET /BLA/resoluciones/AUTOS%202013/0523.pdf HTTP/1.1" 200 1665824
54.36.148.227 - - [24/Feb/2019:16:51:55 -0500] "GET /BLA/resoluciones/AUTOS%202006/AUTOS%202006%20701-800/00000769.tif HTTP/1.1" 200 200582
201.245.192.253 - - [24/Feb/2019:16:51:57 -0500] "GET /galeria/nivo-slider/demo/images/Banner%20Politica%20Publica%20CONPES%20(1).ai HTTP/1.1" 206 1
201.245.192.253 - - [24/Feb/2019:16:51:57 -0500] "GET /galeria/nivo-slider/demo/images/Banner%20Politica%20Publica%20CONPES%20(1).ai HTTP/1.1" 206 1689512
54.36.148.61 - - [24/Feb/2019:16:52:05 -0500] "GET /BLA/resoluciones/RESOLUCIONES%202005/RES%202005%201-50/RES%202005%20101-150/00000112.tif HTTP/1.1" 200 129758
181.244.249.72 - - [24/Feb/2019:16:52:13 -0500] "GET /galeria/nivo-slider/demo/images/Banner%20Politica%20Publica%20CONPES%20(1).ai HTTP/1.1" 206 1
181.244.249.72 - - [24/Feb/2019:16:52:13 -0500] "GET /galeria/nivo-slider/demo/images/Banner%20Politica%20Publica%20CONPES%20(1).ai HTTP/1.1" 206 1731069
192.168.175.104 - - [24/Feb/2019:16:52:16 -0500] "GET / HTTP/1.1" 200 9990
66.249.75.95 - - [24/Feb/2019:16:52:19 -0500] "GET /BLA/resoluciones/RESOLUCIONES%202017/0113.pdf HTTP/1.1" 200 379859
181.244.249.72 - - [24/Feb/2019:16:52:23 -0500] "GET /galeria/nivo-slider/demo/images/Banner%20Politica%20Publica%20CONPES%20(1).ai HTTP/1.1" 206 1
181.244.249.72 - - [24/Feb/2019:16:52:23 -0500] "GET /galeria/nivo-slider/demo/images/Banner%20Politica%20Publica%20CONPES%20(1).ai HTTP/1.1" 206 1731069
54.36.149.76 - - [24/Feb/2019:16:52:24 -0500] "GET /BLA/resoluciones/RESOLUCIONES%202003/RES%202003%20951-1000/985.tif HTTP/1.1" 200 184028
66.249.75.65 - - [24/Feb/2019:16:52:43 -0500] "GET /BLA/resoluciones/AUTOS%202007/2998.pdf HTTP/1.1" 200 77013
186.86.24.146 - - [24/Feb/2019:16:53:00 -0500] "GET /BLA/resoluciones/RESOLUCIONES%202007/RES%202007%201401%20AL%201500/RESOLUCION%201409%20DE%202007.pdf HTTP/1.1" 200 276957
186.86.24.146 - - [24/Feb/2019:16:53:00 -0500] "GET /favicon.ico HTTP/1.1" 200 7782
161.18.92.29 - - [24/Feb/2019:16:53:03 -0500] "GET /galeria/mapa/humedal2017.jpg HTTP/1.1" 200 644667
66.249.75.94 - - [24/Feb/2019:16:53:31 -0500] "GET /BLA/resoluciones/RESOLUCIONES%202007/RES%202007%20301%20AL%20400/RESOLUCION%200359%20DE%202007.pdf HTTP/1.1" 200 500777
69.162.124.233 - - [24/Feb/2019:16:53:53 -0500] "HEAD / HTTP/1.1" 200 -
66.249.75.94 - - [24/Feb/2019:16:53:56 -0500] "GET /BLA/resoluciones/RESOLUCIONES%202010/0325.pdf HTTP/1.1" 200 105270
66.249.75.95 - - [24/Feb/2019:16:54:20 -0500] "GET /BLA/resoluciones/AUTOS%202015/6611.pdf HTTP/1.1" 200 660406
190.144.166.61 - - [24/Feb/2019:16:54:20 -0500] "GET /galeria/nivo-slider/demo/images/Banner%20Politica%20Publica%20CONPES%20(1).ai HTTP/1.1" 206 1
190.144.166.61 - - [24/Feb/2019:16:54:20 -0500] "GET /galeria/nivo-slider/demo/images/Banner%20Politica%20Publica%20CONPES%20(1).ai HTTP/1.1" 206 1567889
201.245.192.253 - - [24/Feb/2019:16:54:27 -0500] "GET /galeria/nivo-slider/demo/images/Banner%20Politica%20Publica%20CONPES%20(1).ai HTTP/1.1" 206 1
201.245.192.253 - - [24/Feb/2019:16:54:27 -0500] "GET /galeria/nivo-slider/demo/images/Banner%20Politica%20Publica%20CONPES%20(1).ai HTTP/1.1" 206 1689512
190.144.166.61 - - [24/Feb/2019:16:54:30 -0500] "GET /galeria/nivo-slider/demo/images/Banner%20Politica%20Publica%20CONPES%20(1).ai HTTP/1.1" 206 1
190.144.166.61 - - [24/Feb/2019:16:54:30 -0500] "GET /galeria/nivo-slider/demo/images/Banner%20Politica%20Publica%20CONPES%20(1).ai HTTP/1.1" 206 1567889
54.36.150.164 - - [24/Feb/2019:16:54:32 -0500] "GET /BLA/resoluciones/AUTOS%202006/AUTOS%202006%201-100/00000088.tif HTTP/1.1" 200 59592
201.245.192.253 - - [24/Feb/2019:16:54:37 -0500] "GET /galeria/nivo-slider/demo/images/Banner%20Politica%20Publica%20CONPES%20(1).ai HTTP/1.1" 206 1
201.245.192.253 - - [24/Feb/2019:16:54:37 -0500] "GET /galeria/nivo-slider/demo/images/Banner%20Politica%20Publica%20CONPES%20(1).ai HTTP/1.1" 206 1689512
66.249.75.94 - - [24/Feb/2019:16:54:44 -0500] "GET /BLA/resoluciones/AUTOS%202008/2344.pdf HTTP/1.1" 200 78628
192.168.175.104 - - [24/Feb/2019:16:55:03 -0500] "GET / HTTP/1.0" 200 9990
66.249.75.95 - - [24/Feb/2019:16:55:08 -0500] "GET /BLA/resoluciones/RESOLUCIONES%202015/1388.pdf HTTP/1.1" 200 4600581
201.245.192.253 - - [24/Feb/2019:16:55:21 -0500] "GET /galeria/nivo-slider/demo/images/Banner%20Politica%20Publica%20CONPES%20(1).ai HTTP/1.1" 206 1
201.245.192.253 - - [24/Feb/2019:16:55:21 -0500] "GET /galeria/nivo-slider/demo/images/Banner%20Politica%20Publica%20CONPES%20(1).ai HTTP/1.1" 206 1689512
66.249.88.60 - - [24/Feb/2019:16:55:24 -0500] "GET /galeria/galeria/jquery.fancybox.js?v=2.1.5 HTTP/1.1" 200 48706
201.245.192.253 - - [24/Feb/2019:16:55:31 -0500] "GET /galeria/nivo-slider/demo/images/Banner%20Politica%20Publica%20CONPES%20(1).ai HTTP/1.1" 206 1
201.245.192.253 - - [24/Feb/2019:16:55:31 -0500] "GET /galeria/nivo-slider/demo/images/Banner%20Politica%20Publica%20CONPES%20(1).ai HTTP/1.1" 206 1689512
201.245.192.253 - - [24/Feb/2019:16:55:35 -0500] "GET /galeria/nivo-slider/demo/images/Banner%20Politica%20Publica%20CONPES%20(1).ai HTTP/1.1" 206 1
201.245.192.253 - - [24/Feb/2019:16:55:35 -0500] "GET /galeria/nivo-slider/demo/images/Banner%20Politica%20Publica%20CONPES%20(1).ai HTTP/1.1" 206 1689512
201.245.192.253 - - [24/Feb/2019:16:55:45 -0500] "GET /galeria/nivo-slider/demo/images/Banner%20Politica%20Publica%20CONPES%20(1).ai HTTP/1.1" 206 1
201.245.192.253 - - [24/Feb/2019:16:55:45 -0500] "GET /galeria/nivo-slider/demo/images/Banner%20Politica%20Publica%20CONPES%20(1).ai HTTP/1.1" 206 1689512
201.245.192.253 - - [24/Feb/2019:16:55:56 -0500] "GET /galeria/nivo-slider/demo/images/Banner%20Politica%20Publica%20CONPES%20(1).ai HTTP/1.1" 206 1
201.245.192.253 - - [24/Feb/2019:16:55:56 -0500] "GET /galeria/nivo-slider/demo/images/Banner%20Politica%20Publica%20CONPES%20(1).ai HTTP/1.1" 206 1689512
201.245.192.253 - - [24/Feb/2019:16:56:06 -0500] "GET /galeria/nivo-slider/demo/images/Banner%20Politica%20Publica%20CONPES%20(1).ai HTTP/1.1" 206 1
201.245.192.253 - - [24/Feb/2019:16:56:06 -0500] "GET /galeria/nivo-slider/demo/images/Banner%20Politica%20Publica%20CONPES%20(1).ai HTTP/1.1" 206 1689512
181.244.249.72 - - [24/Feb/2019:16:56:23 -0500] "GET /galeria/nivo-slider/demo/images/Banner%20Politica%20Publica%20CONPES%20(1).ai HTTP/1.1" 206 1
181.244.249.72 - - [24/Feb/2019:16:56:23 -0500] "GET /galeria/nivo-slider/demo/images/Banner%20Politica%20Publica%20CONPES%20(1).ai HTTP/1.1" 206 1731069
181.244.249.72 - - [24/Feb/2019:16:56:33 -0500] "GET /galeria/nivo-slider/demo/images/Banner%20Politica%20Publica%20CONPES%20(1).ai HTTP/1.1" 206 1
181.244.249.72 - - [24/Feb/2019:16:56:33 -0500] "GET /galeria/nivo-slider/demo/images/Banner%20Politica%20Publica%20CONPES%20(1).ai HTTP/1.1" 206 1731069
192.168.175.104 - - [24/Feb/2019:16:57:14 -0500] "GET / HTTP/1.1" 200 9990
54.36.150.32 - - [24/Feb/2019:16:57:45 -0500] "GET /BLA/resoluciones/RESOLUCIONES%202003/RES%202003%201851--1900/20031892.tif HTTP/1.1" 200 101220
190.144.166.61 - - [24/Feb/2019:16:58:30 -0500] "GET /galeria/nivo-slider/demo/images/Banner%20Politica%20Publica%20CONPES%20(1).ai HTTP/1.1" 206 1
190.144.166.61 - - [24/Feb/2019:16:58:30 -0500] "GET /galeria/nivo-slider/demo/images/Banner%20Politica%20Publica%20CONPES%20(1).ai HTTP/1.1" 206 1567889
201.245.192.253 - - [24/Feb/2019:16:58:37 -0500] "GET /galeria/nivo-slider/demo/images/Banner%20Politica%20Publica%20CONPES%20(1).ai HTTP/1.1" 206 1
201.245.192.253 - - [24/Feb/2019:16:58:37 -0500] "GET /galeria/nivo-slider/demo/images/Banner%20Politica%20Publica%20CONPES%20(1).ai HTTP/1.1" 206 1689512
190.144.166.61 - - [24/Feb/2019:16:58:40 -0500] "GET /galeria/nivo-slider/demo/images/Banner%20Politica%20Publica%20CONPES%20(1).ai HTTP/1.1" 206 1
190.144.166.61 - - [24/Feb/2019:16:58:40 -0500] "GET /galeria/nivo-slider/demo/images/Banner%20Politica%20Publica%20CONPES%20(1).ai HTTP/1.1" 206 1567889
201.245.192.253 - - [24/Feb/2019:16:58:47 -0500] "GET /galeria/nivo-slider/demo/images/Banner%20Politica%20Publica%20CONPES%20(1).ai HTTP/1.1" 206 1
201.245.192.253 - - [24/Feb/2019:16:58:47 -0500] "GET /galeria/nivo-slider/demo/images/Banner%20Politica%20Publica%20CONPES%20(1).ai HTTP/1.1" 206 1689512
69.162.124.233 - - [24/Feb/2019:16:58:53 -0500] "HEAD / HTTP/1.1" 200 -
201.245.192.253 - - [24/Feb/2019:16:59:31 -0500] "GET /galeria/nivo-slider/demo/images/Banner%20Politica%20Publica%20CONPES%20(1).ai HTTP/1.1" 206 1
201.245.192.253 - - [24/Feb/2019:16:59:31 -0500] "GET /galeria/nivo-slider/demo/images/Banner%20Politica%20Publica%20CONPES%20(1).ai HTTP/1.1" 206 1689512
54.36.148.186 - - [24/Feb/2019:16:59:34 -0500] "GET /BLA/resoluciones/RESOLUCIONES%202004/RES%202004%20251-300/00000282.tif HTTP/1.1" 200 139678
201.245.192.253 - - [24/Feb/2019:16:59:41 -0500] "GET /galeria/nivo-slider/demo/images/Banner%20Politica%20Publica%20CONPES%20(1).ai HTTP/1.1" 206 1
201.245.192.253 - - [24/Feb/2019:16:59:41 -0500] "GET /galeria/nivo-slider/demo/images/Banner%20Politica%20Publica%20CONPES%20(1).ai HTTP/1.1" 206 1689512
201.245.192.253 - - [24/Feb/2019:16:59:45 -0500] "GET /galeria/nivo-slider/demo/images/Banner%20Politica%20Publica%20CONPES%20(1).ai HTTP/1.1" 206 1
201.245.192.253 - - [24/Feb/2019:16:59:45 -0500] "GET /galeria/nivo-slider/demo/images/Banner%20Politica%20Publica%20CONPES%20(1).ai HTTP/1.1" 206 1689512
201.245.192.253 - - [24/Feb/2019:16:59:55 -0500] "GET /galeria/nivo-slider/demo/images/Banner%20Politica%20Publica%20CONPES%20(1).ai HTTP/1.1" 206 1
201.245.192.253 - - [24/Feb/2019:16:59:55 -0500] "GET /galeria/nivo-slider/demo/images/Banner%20Politica%20Publica%20CONPES%20(1).ai HTTP/1.1" 206 1689512
186.155.155.200 - - [24/Feb/2019:16:59:59 -0500] "-" 408 -
66.249.75.94 - - [24/Feb/2019:17:00:00 -0500] "GET /BLA/resoluciones/AUTOS%202012/1760.pdf HTTP/1.1" 200 274502
190.127.196.147 - - [24/Feb/2019:17:00:00 -0500] "-" 408 -
192.168.175.104 - - [24/Feb/2019:17:00:01 -0500] "GET / HTTP/1.0" 200 9990
201.245.192.253 - - [24/Feb/2019:17:00:06 -0500] "GET /galeria/nivo-slider/demo/images/Banner%20Politica%20Publica%20CONPES%20(1).ai HTTP/1.1" 206 1
201.245.192.253 - - [24/Feb/2019:17:00:06 -0500] "GET /galeria/nivo-slider/demo/images/Banner%20Politica%20Publica%20CONPES%20(1).ai HTTP/1.1" 206 1689512
201.245.192.253 - - [24/Feb/2019:17:00:16 -0500] "GET /galeria/nivo-slider/demo/images/Banner%20Politica%20Publica%20CONPES%20(1).ai HTTP/1.1" 206 1
201.245.192.253 - - [24/Feb/2019:17:00:16 -0500] "GET /galeria/nivo-slider/demo/images/Banner%20Politica%20Publica%20CONPES%20(1).ai HTTP/1.1" 206 1689512
181.244.249.72 - - [24/Feb/2019:17:00:33 -0500] "GET /galeria/nivo-slider/demo/images/Banner%20Politica%20Publica%20CONPES%20(1).ai HTTP/1.1" 206 1
181.244.249.72 - - [24/Feb/2019:17:00:33 -0500] "GET /galeria/nivo-slider/demo/images/Banner%20Politica%20Publica%20CONPES%20(1).ai HTTP/1.1" 206 1731069
181.244.249.72 - - [24/Feb/2019:17:00:43 -0500] "GET /galeria/nivo-slider/demo/images/Banner%20Politica%20Publica%20CONPES%20(1).ai HTTP/1.1" 206 1
181.244.249.72 - - [24/Feb/2019:17:00:43 -0500] "GET /galeria/nivo-slider/demo/images/Banner%20Politica%20Publica%20CONPES%20(1).ai HTTP/1.1" 206 1731069
66.249.75.95 - - [24/Feb/2019:17:00:47 -0500] "GET /BLA/resoluciones/RESOLUCIONES%202009/4675.pdf HTTP/1.1" 304 -
54.36.148.84 - - [24/Feb/2019:17:01:09 -0500] "GET /BLA/resoluciones/RESOLUCIONES%202006/RES%202006%201751-1800/00001776.tif HTTP/1.1" 200 155404
66.249.75.94 - - [24/Feb/2019:17:01:11 -0500] "GET /BLA/resoluciones/AUTOS%202015/0664.pdf HTTP/1.1" 304 -
54.36.148.204 - - [24/Feb/2019:17:01:38 -0500] "GET /BLA/resoluciones/RESOLUCIONES%202005/RES%202005%202501-2550/00002532.tif HTTP/1.1" 200 259766
190.66.214.111 - - [24/Feb/2019:17:01:55 -0500] "GET /galeria/galeria/fotos/Capellania2G.jpg HTTP/1.1" 200 523013
54.36.148.203 - - [24/Feb/2019:17:01:58 -0500] "GET /BLA/resoluciones/RESOLUCIONES%202004/RES%202004%20151-200/00000180.tif HTTP/1.1" 200 113332
186.155.12.177 - - [24/Feb/2019:17:02:09 -0500] "GET /galeria/galeria/fotos/Entrenube1G.jpg HTTP/1.1" 200 98766
186.155.12.177 - - [24/Feb/2019:17:02:10 -0500] "GET /galeria/galeria/fotos/Entrenube2G.jpg HTTP/1.1" 200 111422
192.168.175.104 - - [24/Feb/2019:17:02:12 -0500] "GET / HTTP/1.1" 200 9990
190.144.166.61 - - [24/Feb/2019:17:02:40 -0500] "GET /galeria/nivo-slider/demo/images/Banner%20Politica%20Publica%20CONPES%20(1).ai HTTP/1.1" 206 1
190.144.166.61 - - [24/Feb/2019:17:02:40 -0500] "GET /galeria/nivo-slider/demo/images/Banner%20Politica%20Publica%20CONPES%20(1).ai HTTP/1.1" 206 1567889
201.245.192.253 - - [24/Feb/2019:17:02:47 -0500] "GET /galeria/nivo-slider/demo/images/Banner%20Politica%20Publica%20CONPES%20(1).ai HTTP/1.1" 206 1
201.245.192.253 - - [24/Feb/2019:17:02:47 -0500] "GET /galeria/nivo-slider/demo/images/Banner%20Politica%20Publica%20CONPES%20(1).ai HTTP/1.1" 206 1689512
190.144.166.61 - - [24/Feb/2019:17:02:50 -0500] "GET /galeria/nivo-slider/demo/images/Banner%20Politica%20Publica%20CONPES%20(1).ai HTTP/1.1" 206 1
190.144.166.61 - - [24/Feb/2019:17:02:50 -0500] "GET /galeria/nivo-slider/demo/images/Banner%20Politica%20Publica%20CONPES%20(1).ai HTTP/1.1" 206 1567889
201.245.192.253 - - [24/Feb/2019:17:02:57 -0500] "GET /galeria/nivo-slider/demo/images/Banner%20Politica%20Publica%20CONPES%20(1).ai HTTP/1.1" 206 1
201.245.192.253 - - [24/Feb/2019:17:02:57 -0500] "GET /galeria/nivo-slider/demo/images/Banner%20Politica%20Publica%20CONPES%20(1).ai HTTP/1.1" 206 1689512
181.61.167.205 - - [24/Feb/2019:17:03:33 -0500] "GET /galeria/galeria/fotos/2GuaymaralTorcaG2.jpg HTTP/1.1" 200 28916
181.61.167.205 - - [24/Feb/2019:17:03:33 -0500] "GET /galeria/galeria/fotos/1GuaymaralTorcaG1.jpg HTTP/1.1" 200 36592
201.245.192.253 - - [24/Feb/2019:17:03:41 -0500] "GET /galeria/nivo-slider/demo/images/Banner%20Politica%20Publica%20CONPES%20(1).ai HTTP/1.1" 206 1
201.245.192.253 - - [24/Feb/2019:17:03:41 -0500] "GET /galeria/nivo-slider/demo/images/Banner%20Politica%20Publica%20CONPES%20(1).ai HTTP/1.1" 206 1689512
190.9.199.229 - - [24/Feb/2019:17:03:43 -0500] "GET /BLA/boletinlegal/jurisprudencia/analisis/Analisis%20jurisprudencial%20Sentencia%20C-366-11.doc HTTP/1.1" 200 59392
201.245.192.253 - - [24/Feb/2019:17:03:51 -0500] "GET /galeria/nivo-slider/demo/images/Banner%20Politica%20Publica%20CONPES%20(1).ai HTTP/1.1" 206 1
201.245.192.253 - - [24/Feb/2019:17:03:51 -0500] "GET /galeria/nivo-slider/demo/images/Banner%20Politica%20Publica%20CONPES%20(1).ai HTTP/1.1" 206 1689512
69.162.124.233 - - [24/Feb/2019:17:03:53 -0500] "HEAD / HTTP/1.1" 200 -
201.245.192.253 - - [24/Feb/2019:17:03:55 -0500] "GET /galeria/nivo-slider/demo/images/Banner%20Politica%20Publica%20CONPES%20(1).ai HTTP/1.1" 206 1
201.245.192.253 - - [24/Feb/2019:17:03:55 -0500] "GET /galeria/nivo-slider/demo/images/Banner%20Politica%20Publica%20CONPES%20(1).ai HTTP/1.1" 206 1689512
201.245.192.253 - - [24/Feb/2019:17:04:05 -0500] "GET /galeria/nivo-slider/demo/images/Banner%20Politica%20Publica%20CONPES%20(1).ai HTTP/1.1" 206 1
201.245.192.253 - - [24/Feb/2019:17:04:05 -0500] "GET /galeria/nivo-slider/demo/images/Banner%20Politica%20Publica%20CONPES%20(1).ai HTTP/1.1" 206 1689512
201.245.192.253 - - [24/Feb/2019:17:04:16 -0500] "GET /galeria/nivo-slider/demo/images/Banner%20Politica%20Publica%20CONPES%20(1).ai HTTP/1.1" 206 1
201.245.192.253 - - [24/Feb/2019:17:04:16 -0500] "GET /galeria/nivo-slider/demo/images/Banner%20Politica%20Publica%20CONPES%20(1).ai HTTP/1.1" 206 1689512
201.245.192.253 - - [24/Feb/2019:17:04:26 -0500] "GET /galeria/nivo-slider/demo/images/Banner%20Politica%20Publica%20CONPES%20(1).ai HTTP/1.1" 206 1
201.245.192.253 - - [24/Feb/2019:17:04:26 -0500] "GET /galeria/nivo-slider/demo/images/Banner%20Politica%20Publica%20CONPES%20(1).ai HTTP/1.1" 206 1689512
181.244.249.72 - - [24/Feb/2019:17:04:43 -0500] "GET /galeria/nivo-slider/demo/images/Banner%20Politica%20Publica%20CONPES%20(1).ai HTTP/1.1" 206 1
181.244.249.72 - - [24/Feb/2019:17:04:44 -0500] "GET /galeria/nivo-slider/demo/images/Banner%20Politica%20Publica%20CONPES%20(1).ai HTTP/1.1" 206 1731069
181.244.249.72 - - [24/Feb/2019:17:04:53 -0500] "GET /galeria/nivo-slider/demo/images/Banner%20Politica%20Publica%20CONPES%20(1).ai HTTP/1.1" 206 1
181.244.249.72 - - [24/Feb/2019:17:04:53 -0500] "GET /galeria/nivo-slider/demo/images/Banner%20Politica%20Publica%20CONPES%20(1).ai HTTP/1.1" 206 1731069
192.168.175.104 - - [24/Feb/2019:17:04:59 -0500] "GET / HTTP/1.0" 200 9990
54.36.149.96 - - [24/Feb/2019:17:05:45 -0500] "GET /BLA/resoluciones/RESOLUCIONES%202005/RES%202005%202301-2350/00002310.tif HTTP/1.1" 200 144880
35.192.84.7 - - [24/Feb/2019:17:06:38 -0500] "GET /robots.txt HTTP/1.1" 404 1018
190.144.166.61 - - [24/Feb/2019:17:06:50 -0500] "GET /galeria/nivo-slider/demo/images/Banner%20Politica%20Publica%20CONPES%20(1).ai HTTP/1.1" 206 1
190.144.166.61 - - [24/Feb/2019:17:06:50 -0500] "GET /galeria/nivo-slider/demo/images/Banner%20Politica%20Publica%20CONPES%20(1).ai HTTP/1.1" 206 1567889
201.245.192.253 - - [24/Feb/2019:17:06:57 -0500] "GET /galeria/nivo-slider/demo/images/Banner%20Politica%20Publica%20CONPES%20(1).ai HTTP/1.1" 206 1
201.245.192.253 - - [24/Feb/2019:17:06:57 -0500] "GET /galeria/nivo-slider/demo/images/Banner%20Politica%20Publica%20CONPES%20(1).ai HTTP/1.1" 206 1689512
190.144.166.61 - - [24/Feb/2019:17:07:00 -0500] "GET /galeria/nivo-slider/demo/images/Banner%20Politica%20Publica%20CONPES%20(1).ai HTTP/1.1" 206 1
190.144.166.61 - - [24/Feb/2019:17:07:00 -0500] "GET /galeria/nivo-slider/demo/images/Banner%20Politica%20Publica%20CONPES%20(1).ai HTTP/1.1" 206 1567889
201.245.192.253 - - [24/Feb/2019:17:07:07 -0500] "GET /galeria/nivo-slider/demo/images/Banner%20Politica%20Publica%20CONPES%20(1).ai HTTP/1.1" 206 1
201.245.192.253 - - [24/Feb/2019:17:07:07 -0500] "GET /galeria/nivo-slider/demo/images/Banner%20Politica%20Publica%20CONPES%20(1).ai HTTP/1.1" 206 1689512
192.168.175.104 - - [24/Feb/2019:17:07:08 -0500] "GET / HTTP/1.1" 200 9990
54.36.148.165 - - [24/Feb/2019:17:07:12 -0500] "GET /BLA/resoluciones/RESOLUCIONES%202005/RES%202005%201451-1500/00001496.tif HTTP/1.1" 200 128124
201.245.192.253 - - [24/Feb/2019:17:07:51 -0500] "GET /galeria/nivo-slider/demo/images/Banner%20Politica%20Publica%20CONPES%20(1).ai HTTP/1.1" 206 1
201.245.192.253 - - [24/Feb/2019:17:07:51 -0500] "GET /galeria/nivo-slider/demo/images/Banner%20Politica%20Publica%20CONPES%20(1).ai HTTP/1.1" 206 1689512
35.192.84.7 - - [24/Feb/2019:17:08:00 -0500] "GET /Publicaciones/2018EE225709.pdf HTTP/1.1" 503 1020
201.245.192.253 - - [24/Feb/2019:17:08:01 -0500] "GET /galeria/nivo-slider/demo/images/Banner%20Politica%20Publica%20CONPES%20(1).ai HTTP/1.1" 206 1
201.245.192.253 - - [24/Feb/2019:17:08:01 -0500] "GET /galeria/nivo-slider/demo/images/Banner%20Politica%20Publica%20CONPES%20(1).ai HTTP/1.1" 206 1689512
201.245.192.253 - - [24/Feb/2019:17:08:05 -0500] "GET /galeria/nivo-slider/demo/images/Banner%20Politica%20Publica%20CONPES%20(1).ai HTTP/1.1" 206 1
201.245.192.253 - - [24/Feb/2019:17:08:05 -0500] "GET /galeria/nivo-slider/demo/images/Banner%20Politica%20Publica%20CONPES%20(1).ai HTTP/1.1" 206 1689512
54.36.149.56 - - [24/Feb/2019:17:08:06 -0500] "GET /BLA/resoluciones/RESOLUCIONES%202003/RES%202003%20151-200/2003RES188.tif HTTP/1.1" 200 89948
54.36.148.154 - - [24/Feb/2019:17:08:14 -0500] "GET /BLA/resoluciones/index.php?dir=AUTOS+2006%2FAUTOS+2006+701-800%2F HTTP/1.1" 200 21969
201.245.192.253 - - [24/Feb/2019:17:08:15 -0500] "GET /galeria/nivo-slider/demo/images/Banner%20Politica%20Publica%20CONPES%20(1).ai HTTP/1.1" 206 1
201.245.192.253 - - [24/Feb/2019:17:08:15 -0500] "GET /galeria/nivo-slider/demo/images/Banner%20Politica%20Publica%20CONPES%20(1).ai HTTP/1.1" 206 1689512
201.245.192.253 - - [24/Feb/2019:17:08:26 -0500] "GET /galeria/nivo-slider/demo/images/Banner%20Politica%20Publica%20CONPES%20(1).ai HTTP/1.1" 206 1
201.245.192.253 - - [24/Feb/2019:17:08:26 -0500] "GET /galeria/nivo-slider/demo/images/Banner%20Politica%20Publica%20CONPES%20(1).ai HTTP/1.1" 206 1689512
66.249.75.94 - - [24/Feb/2019:17:08:26 -0500] "GET /BLA/resoluciones/RESOLUCIONES%202014/0322.pdf HTTP/1.1" 200 664275
201.245.192.253 - - [24/Feb/2019:17:08:36 -0500] "GET /galeria/nivo-slider/demo/images/Banner%20Politica%20Publica%20CONPES%20(1).ai HTTP/1.1" 206 1
201.245.192.253 - - [24/Feb/2019:17:08:36 -0500] "GET /galeria/nivo-slider/demo/images/Banner%20Politica%20Publica%20CONPES%20(1).ai HTTP/1.1" 206 1689512
66.249.75.65 - - [24/Feb/2019:17:08:51 -0500] "GET /BLA/resoluciones/AUTOS%202015/5073.pdf HTTP/1.1" 200 580142
69.162.124.233 - - [24/Feb/2019:17:08:53 -0500] "HEAD / HTTP/1.1" 200 -
66.249.75.94 - - [24/Feb/2019:17:09:15 -0500] "GET /BLA/resoluciones/AUTOS%202007/1544.pdf HTTP/1.1" 200 98572
66.249.75.94 - - [24/Feb/2019:17:09:39 -0500] "GET /BLA/resoluciones/RESOLUCIONES%202010/5857.pdf HTTP/1.1" 200 166036
192.168.175.104 - - [24/Feb/2019:17:09:57 -0500] "GET / HTTP/1.0" 200 9990
66.249.75.65 - - [24/Feb/2019:17:10:03 -0500] "GET /BLA/resoluciones/AUTOS%202007/3002.pdf HTTP/1.1" 200 87605
66.249.75.95 - - [24/Feb/2019:17:10:27 -0500] "GET /BLA/resoluciones/AUTOS%202008/1033.pdf HTTP/1.1" 200 188316
201.245.192.253 - - [24/Feb/2019:17:09:38 -0500] "POST /kwsrmcab/Wsrmcab HTTP/1.1" 200 29782
54.36.149.9 - - [24/Feb/2019:17:10:50 -0500] "GET /BLA/resoluciones/RESOLUCIONES%202005/RES%202005%201001-1050/00001037.tif HTTP/1.1" 200 210370
167.0.167.204 - - [24/Feb/2019:17:10:59 -0500] "GET /siipev/Diseno%20de%20Elementos%20de%20Mobiliario%20Urbano/Otros%20Elementos/Infografia/Parte2/M-30.PNG HTTP/1.1" 200 15205
190.144.166.61 - - [24/Feb/2019:17:11:00 -0500] "GET /galeria/nivo-slider/demo/images/Banner%20Politica%20Publica%20CONPES%20(1).ai HTTP/1.1" 206 1
190.144.166.61 - - [24/Feb/2019:17:11:00 -0500] "GET /galeria/nivo-slider/demo/images/Banner%20Politica%20Publica%20CONPES%20(1).ai HTTP/1.1" 206 1567889
186.85.171.121 - - [24/Feb/2019:17:11:06 -0500] "GET /BLA/resoluciones/AUTOS%202014/4233.pdf HTTP/1.1" 200 568492
186.85.171.121 - - [24/Feb/2019:17:11:06 -0500] "GET /favicon.ico HTTP/1.1" 200 7782
201.245.192.253 - - [24/Feb/2019:17:11:07 -0500] "GET /galeria/nivo-slider/demo/images/Banner%20Politica%20Publica%20CONPES%20(1).ai HTTP/1.1" 206 1
201.245.192.253 - - [24/Feb/2019:17:11:07 -0500] "GET /galeria/nivo-slider/demo/images/Banner%20Politica%20Publica%20CONPES%20(1).ai HTTP/1.1" 206 1689512
190.144.166.61 - - [24/Feb/2019:17:11:10 -0500] "GET /galeria/nivo-slider/demo/images/Banner%20Politica%20Publica%20CONPES%20(1).ai HTTP/1.1" 206 1
201.245.192.253 - - [24/Feb/2019:17:10:34 -0500] "POST /kwsrmcab/Wsrmcab HTTP/1.1" 200 24519
201.245.192.253 - - [24/Feb/2019:17:11:17 -0500] "GET /galeria/nivo-slider/demo/images/Banner%20Politica%20Publica%20CONPES%20(1).ai HTTP/1.1" 206 1
201.245.192.253 - - [24/Feb/2019:17:11:17 -0500] "GET /galeria/nivo-slider/demo/images/Banner%20Politica%20Publica%20CONPES%20(1).ai HTTP/1.1" 206 1689512
201.245.192.253 - - [24/Feb/2019:17:12:01 -0500] "GET /galeria/nivo-slider/demo/images/Banner%20Politica%20Publica%20CONPES%20(1).ai HTTP/1.1" 206 1
201.245.192.253 - - [24/Feb/2019:17:12:01 -0500] "GET /galeria/nivo-slider/demo/images/Banner%20Politica%20Publica%20CONPES%20(1).ai HTTP/1.1" 206 1689512
192.168.175.104 - - [24/Feb/2019:17:12:04 -0500] "GET / HTTP/1.1" 200 9990
201.245.192.253 - - [24/Feb/2019:17:12:11 -0500] "GET /galeria/nivo-slider/demo/images/Banner%20Politica%20Publica%20CONPES%20(1).ai HTTP/1.1" 206 1
201.245.192.253 - - [24/Feb/2019:17:12:11 -0500] "GET /galeria/nivo-slider/demo/images/Banner%20Politica%20Publica%20CONPES%20(1).ai HTTP/1.1" 206 1689512
201.245.192.253 - - [24/Feb/2019:17:12:15 -0500] "GET /galeria/nivo-slider/demo/images/Banner%20Politica%20Publica%20CONPES%20(1).ai HTTP/1.1" 206 1
201.245.192.253 - - [24/Feb/2019:17:12:15 -0500] "GET /galeria/nivo-slider/demo/images/Banner%20Politica%20Publica%20CONPES%20(1).ai HTTP/1.1" 206 1689512
54.36.148.139 - - [24/Feb/2019:17:12:25 -0500] "GET /BLA/resoluciones/RESOLUCIONES%202003/RES%202003%201201-1250/2003RES1249.tif HTTP/1.1" 200 148240
201.245.192.253 - - [24/Feb/2019:17:12:25 -0500] "GET /galeria/nivo-slider/demo/images/Banner%20Politica%20Publica%20CONPES%20(1).ai HTTP/1.1" 206 1
201.245.192.253 - - [24/Feb/2019:17:12:25 -0500] "GET /galeria/nivo-slider/demo/images/Banner%20Politica%20Publica%20CONPES%20(1).ai HTTP/1.1" 206 1689512
201.245.192.253 - - [24/Feb/2019:17:12:36 -0500] "GET /galeria/nivo-slider/demo/images/Banner%20Politica%20Publica%20CONPES%20(1).ai HTTP/1.1" 206 1
201.245.192.253 - - [24/Feb/2019:17:12:36 -0500] "GET /galeria/nivo-slider/demo/images/Banner%20Politica%20Publica%20CONPES%20(1).ai HTTP/1.1" 206 1689512
201.245.192.253 - - [24/Feb/2019:17:12:46 -0500] "GET /galeria/nivo-slider/demo/images/Banner%20Politica%20Publica%20CONPES%20(1).ai HTTP/1.1" 206 1
201.245.192.253 - - [24/Feb/2019:17:12:46 -0500] "GET /galeria/nivo-slider/demo/images/Banner%20Politica%20Publica%20CONPES%20(1).ai HTTP/1.1" 206 1689512
54.36.150.139 - - [24/Feb/2019:17:13:19 -0500] "GET /BLA/resoluciones/RESOLUCIONES%202006/RES%202006%202051-2100/00002069.tif HTTP/1.1" 200 960326
69.162.124.233 - - [24/Feb/2019:17:13:53 -0500] "HEAD / HTTP/1.1" 200 -
190.158.112.78 - - [24/Feb/2019:17:14:19 -0500] "GET /galeria/galeria/fotos/juan-amarillo3G.jpg HTTP/1.1" 200 328975
66.249.75.94 - - [24/Feb/2019:17:14:53 -0500] "GET /BLA/resoluciones/AUTOS%202015/3154.pdf HTTP/1.1" 200 500234
192.168.175.104 - - [24/Feb/2019:17:14:56 -0500] "GET / HTTP/1.0" 200 9990
190.144.166.61 - - [24/Feb/2019:17:15:10 -0500] "GET /galeria/nivo-slider/demo/images/Banner%20Politica%20Publica%20CONPES%20(1).ai HTTP/1.1" 206 1
190.144.166.61 - - [24/Feb/2019:17:15:10 -0500] "GET /galeria/nivo-slider/demo/images/Banner%20Politica%20Publica%20CONPES%20(1).ai HTTP/1.1" 206 1567889
201.245.192.253 - - [24/Feb/2019:17:15:17 -0500] "GET /galeria/nivo-slider/demo/images/Banner%20Politica%20Publica%20CONPES%20(1).ai HTTP/1.1" 206 1
201.245.192.253 - - [24/Feb/2019:17:15:17 -0500] "GET /galeria/nivo-slider/demo/images/Banner%20Politica%20Publica%20CONPES%20(1).ai HTTP/1.1" 206 1689512
190.144.166.61 - - [24/Feb/2019:17:15:20 -0500] "GET /galeria/nivo-slider/demo/images/Banner%20Politica%20Publica%20CONPES%20(1).ai HTTP/1.1" 206 1
190.144.166.61 - - [24/Feb/2019:17:15:20 -0500] "GET /galeria/nivo-slider/demo/images/Banner%20Politica%20Publica%20CONPES%20(1).ai HTTP/1.1" 206 1567889
201.245.192.253 - - [24/Feb/2019:17:15:27 -0500] "GET /galeria/nivo-slider/demo/images/Banner%20Politica%20Publica%20CONPES%20(1).ai HTTP/1.1" 206 1
201.245.192.253 - - [24/Feb/2019:17:15:27 -0500] "GET /galeria/nivo-slider/demo/images/Banner%20Politica%20Publica%20CONPES%20(1).ai HTTP/1.1" 206 1689512
54.36.149.51 - - [24/Feb/2019:17:16:05 -0500] "GET /BLA/resoluciones/RESOLUCIONES%202003/RES%202003%20651-700/662.tif HTTP/1.1" 200 162028
201.245.192.253 - - [24/Feb/2019:17:16:11 -0500] "GET /galeria/nivo-slider/demo/images/Banner%20Politica%20Publica%20CONPES%20(1).ai HTTP/1.1" 206 1
201.245.192.253 - - [24/Feb/2019:17:16:11 -0500] "GET /galeria/nivo-slider/demo/images/Banner%20Politica%20Publica%20CONPES%20(1).ai HTTP/1.1" 206 1689512
201.233.229.101 - - [24/Feb/2019:17:16:20 -0500] "GET /BLA/resoluciones/AUTOS%202015/6595.pdf HTTP/1.1" 200 517711
201.233.229.101 - - [24/Feb/2019:17:16:20 -0500] "GET /favicon.ico HTTP/1.1" 200 7782
201.245.192.253 - - [24/Feb/2019:17:16:21 -0500] "GET /galeria/nivo-slider/demo/images/Banner%20Politica%20Publica%20CONPES%20(1).ai HTTP/1.1" 206 1
201.245.192.253 - - [24/Feb/2019:17:16:21 -0500] "GET /galeria/nivo-slider/demo/images/Banner%20Politica%20Publica%20CONPES%20(1).ai HTTP/1.1" 206 1689512
201.245.192.253 - - [24/Feb/2019:17:16:25 -0500] "GET /galeria/nivo-slider/demo/images/Banner%20Politica%20Publica%20CONPES%20(1).ai HTTP/1.1" 206 1
201.245.192.253 - - [24/Feb/2019:17:16:25 -0500] "GET /galeria/nivo-slider/demo/images/Banner%20Politica%20Publica%20CONPES%20(1).ai HTTP/1.1" 206 1689512
201.245.192.253 - - [24/Feb/2019:17:16:35 -0500] "GET /galeria/nivo-slider/demo/images/Banner%20Politica%20Publica%20CONPES%20(1).ai HTTP/1.1" 206 1
201.245.192.253 - - [24/Feb/2019:17:16:35 -0500] "GET /galeria/nivo-slider/demo/images/Banner%20Politica%20Publica%20CONPES%20(1).ai HTTP/1.1" 206 1689512
201.245.192.253 - - [24/Feb/2019:17:16:46 -0500] "GET /galeria/nivo-slider/demo/images/Banner%20Politica%20Publica%20CONPES%20(1).ai HTTP/1.1" 206 1
201.245.192.253 - - [24/Feb/2019:17:16:46 -0500] "GET /galeria/nivo-slider/demo/images/Banner%20Politica%20Publica%20CONPES%20(1).ai HTTP/1.1" 206 1689512
201.245.192.253 - - [24/Feb/2019:17:16:56 -0500] "GET /galeria/nivo-slider/demo/images/Banner%20Politica%20Publica%20CONPES%20(1).ai HTTP/1.1" 206 1
201.245.192.253 - - [24/Feb/2019:17:16:56 -0500] "GET /galeria/nivo-slider/demo/images/Banner%20Politica%20Publica%20CONPES%20(1).ai HTTP/1.1" 206 1689512
54.36.149.107 - - [24/Feb/2019:17:16:59 -0500] "GET /BLA/resoluciones/RESOLUCIONES%202006/RES%202006%20601-650/00000606.tif HTTP/1.1" 200 477378
192.168.175.104 - - [24/Feb/2019:17:17:02 -0500] "GET / HTTP/1.1" 200 9990
54.36.150.186 - - [24/Feb/2019:17:17:02 -0500] "GET /BLA/resoluciones/RESOLUCIONES%202005/RES%202005%201551-1600/00001556.tif HTTP/1.1" 200 163856
54.36.149.18 - - [24/Feb/2019:17:17:15 -0500] "GET /BLA/resoluciones/RESOLUCIONES%202004/RES%202004%20651-700/00000653.tif HTTP/1.1" 200 327706
186.155.18.52 - - [24/Feb/2019:17:17:31 -0500] "GET /BLA/resoluciones/RESOLUCIONES%202007/RES%202007%201801%20AL%201900/RESOLUCION%201855%20DE%202007.pdf HTTP/1.1" 200 1120317
54.36.150.142 - - [24/Feb/2019:17:18:06 -0500] "GET /BLA/resoluciones/RESOLUCIONES%202004/RES%202004%20451-500/00000498.tif HTTP/1.1" 200 30288
69.162.124.233 - - [24/Feb/2019:17:18:53 -0500] "HEAD / HTTP/1.1" 200 -
185.244.215.51 - - [24/Feb/2019:17:18:59 -0500] "HEAD /wp-login.php HTTP/1.1" 404 -
186.148.182.231 - - [24/Feb/2019:17:19:10 -0500] "GET /BLA/resoluciones/AUTOS%202013/2000.pdf HTTP/1.1" 200 1917726
186.148.182.231 - - [24/Feb/2019:17:19:11 -0500] "GET /favicon.ico HTTP/1.1" 200 7782
54.36.148.231 - - [24/Feb/2019:17:19:18 -0500] "GET /galeria/nivo-slider/demo/images/Trafico%20de%20fauna.jpg HTTP/1.1" 200 198327
190.144.166.61 - - [24/Feb/2019:17:19:20 -0500] "GET /galeria/nivo-slider/demo/images/Banner%20Politica%20Publica%20CONPES%20(1).ai HTTP/1.1" 206 1
190.144.166.61 - - [24/Feb/2019:17:19:20 -0500] "GET /galeria/nivo-slider/demo/images/Banner%20Politica%20Publica%20CONPES%20(1).ai HTTP/1.1" 206 1567889
201.245.192.253 - - [24/Feb/2019:17:19:27 -0500] "GET /galeria/nivo-slider/demo/images/Banner%20Politica%20Publica%20CONPES%20(1).ai HTTP/1.1" 206 1
201.245.192.253 - - [24/Feb/2019:17:19:27 -0500] "GET /galeria/nivo-slider/demo/images/Banner%20Politica%20Publica%20CONPES%20(1).ai HTTP/1.1" 206 1689512
190.144.166.61 - - [24/Feb/2019:17:19:30 -0500] "GET /galeria/nivo-slider/demo/images/Banner%20Politica%20Publica%20CONPES%20(1).ai HTTP/1.1" 206 1
190.144.166.61 - - [24/Feb/2019:17:19:30 -0500] "GET /galeria/nivo-slider/demo/images/Banner%20Politica%20Publica%20CONPES%20(1).ai HTTP/1.1" 206 1567889
190.66.214.111 - - [24/Feb/2019:17:19:32 -0500] "GET /galeria/galeria/fotos/Humedal-Tibanica4G.jpg HTTP/1.1" 200 442374
201.245.192.253 - - [24/Feb/2019:17:19:37 -0500] "GET /galeria/nivo-slider/demo/images/Banner%20Politica%20Publica%20CONPES%20(1).ai HTTP/1.1" 206 1
201.245.192.253 - - [24/Feb/2019:17:19:37 -0500] "GET /galeria/nivo-slider/demo/images/Banner%20Politica%20Publica%20CONPES%20(1).ai HTTP/1.1" 206 1689512
201.233.229.101 - - [24/Feb/2019:17:19:38 -0500] "GET /BLA/resoluciones/Notificaciones/AUTOS%202015/3856.doc HTTP/1.1" 200 169984
54.36.148.64 - - [24/Feb/2019:17:19:38 -0500] "GET /BLA/resoluciones/RESOLUCIONES%202002/RES%202002%201151-1200/20021192.tif HTTP/1.1" 200 83414
190.66.214.111 - - [24/Feb/2019:17:19:53 -0500] "GET /galeria/galeria/fotos/Humedal-Tibanica4G.jpg HTTP/1.1" 200 442374
192.168.175.104 - - [24/Feb/2019:17:19:54 -0500] "GET / HTTP/1.0" 200 9990
190.255.175.107 - - [24/Feb/2019:17:20:06 -0500] "GET /POT-2013/Cartografia/09_EEP.pdf HTTP/1.1" 200 3326963
190.255.175.107 - - [24/Feb/2019:17:20:07 -0500] "GET /favicon.ico HTTP/1.1" 200 7782
201.245.192.253 - - [24/Feb/2019:17:19:38 -0500] "POST /kwsrmcab/Wsrmcab HTTP/1.1" 200 29782
201.245.192.253 - - [24/Feb/2019:17:20:21 -0500] "GET /galeria/nivo-slider/demo/images/Banner%20Politica%20Publica%20CONPES%20(1).ai HTTP/1.1" 206 1
201.245.192.253 - - [24/Feb/2019:17:20:21 -0500] "GET /galeria/nivo-slider/demo/images/Banner%20Politica%20Publica%20CONPES%20(1).ai HTTP/1.1" 206 1689512
54.36.149.77 - - [24/Feb/2019:17:20:22 -0500] "GET /BLA/resoluciones/RESOLUCIONES%202006/RES%202006%201701-1751/00001743.tif HTTP/1.1" 200 114028
201.245.192.253 - - [24/Feb/2019:17:20:31 -0500] "GET /galeria/nivo-slider/demo/images/Banner%20Politica%20Publica%20CONPES%20(1).ai HTTP/1.1" 206 1
201.245.192.253 - - [24/Feb/2019:17:20:31 -0500] "GET /galeria/nivo-slider/demo/images/Banner%20Politica%20Publica%20CONPES%20(1).ai HTTP/1.1" 206 1689512
201.245.192.253 - - [24/Feb/2019:17:20:35 -0500] "GET /galeria/nivo-slider/demo/images/Banner%20Politica%20Publica%20CONPES%20(1).ai HTTP/1.1" 206 1
201.245.192.253 - - [24/Feb/2019:17:20:35 -0500] "GET /galeria/nivo-slider/demo/images/Banner%20Politica%20Publica%20CONPES%20(1).ai HTTP/1.1" 206 1689512
201.245.192.253 - - [24/Feb/2019:17:20:45 -0500] "GET /galeria/nivo-slider/demo/images/Banner%20Politica%20Publica%20CONPES%20(1).ai HTTP/1.1" 206 1
201.245.192.253 - - [24/Feb/2019:17:20:45 -0500] "GET /galeria/nivo-slider/demo/images/Banner%20Politica%20Publica%20CONPES%20(1).ai HTTP/1.1" 206 1689512
201.245.192.253 - - [24/Feb/2019:17:20:56 -0500] "GET /galeria/nivo-slider/demo/images/Banner%20Politica%20Publica%20CONPES%20(1).ai HTTP/1.1" 206 1
201.245.192.253 - - [24/Feb/2019:17:20:56 -0500] "GET /galeria/nivo-slider/demo/images/Banner%20Politica%20Publica%20CONPES%20(1).ai HTTP/1.1" 206 1689512
66.249.75.94 - - [24/Feb/2019:17:20:56 -0500] "GET /BLA/resoluciones/RESOLUCIONES%202008/5693.pdf HTTP/1.1" 304 -
66.249.75.94 - - [24/Feb/2019:17:20:57 -0500] "GET /Anexos%20estudio%20Organizacional%20SDA/ANEXO%20No.%201-%20NORMAS%20LEGALES%20DE%20ESTRUCTURA%20Y%20PLANTA/Decreto%20175%20de%202009%20_files/ladc.css HTTP/1.1" 200 5119
66.249.75.94 - - [24/Feb/2019:17:20:59 -0500] "GET /Anexos%20estudio%20Organizacional%20SDA/ANEXO%20No.%201-%20NORMAS%20LEGALES%20DE%20ESTRUCTURA%20Y%20PLANTA/Decreto%20175%20de%202009%20_files/AjaxRequest.js HTTP/1.1" 200 17069
66.249.75.94 - - [24/Feb/2019:17:21:01 -0500] "GET /Anexos%20estudio%20Organizacional%20SDA/ANEXO%20No.%201-%20NORMAS%20LEGALES%20DE%20ESTRUCTURA%20Y%20PLANTA/Decreto%20175%20de%202009%20_files/jquery.fancybox-1.2.5.css HTTP/1.1" 200 4557
66.249.75.94 - - [24/Feb/2019:17:21:03 -0500] "GET /Anexos%20estudio%20Organizacional%20SDA/ANEXO%20No.%201-%20NORMAS%20LEGALES%20DE%20ESTRUCTURA%20Y%20PLANTA/Decreto%20175%20de%202009%20_files/jquery.fancybox-1.2.5.js HTTP/1.1" 200 18179
66.249.75.94 - - [24/Feb/2019:17:21:06 -0500] "GET /Anexos%20estudio%20Organizacional%20SDA/ANEXO%20No.%201-%20NORMAS%20LEGALES%20DE%20ESTRUCTURA%20Y%20PLANTA/Decreto%20175%20de%202009%20_files/jquery-1.3.2.min.js HTTP/1.1" 200 57254
201.245.192.253 - - [24/Feb/2019:17:21:06 -0500] "GET /galeria/nivo-slider/demo/images/Banner%20Politica%20Publica%20CONPES%20(1).ai HTTP/1.1" 206 1
201.245.192.253 - - [24/Feb/2019:17:21:06 -0500] "GET /galeria/nivo-slider/demo/images/Banner%20Politica%20Publica%20CONPES%20(1).ai HTTP/1.1" 206 1689512
66.249.75.94 - - [24/Feb/2019:17:21:08 -0500] "GET /Anexos%20estudio%20Organizacional%20SDA/ANEXO%20No.%201-%20NORMAS%20LEGALES%20DE%20ESTRUCTURA%20Y%20PLANTA/Decreto%20175%20de%202009%20_files/screen.css HTTP/1.1" 200 2444
66.249.75.94 - - [24/Feb/2019:17:21:10 -0500] "GET /Anexos%20estudio%20Organizacional%20SDA/ANEXO%20No.%201-%20NORMAS%20LEGALES%20DE%20ESTRUCTURA%20Y%20PLANTA/norma_ajax.jsp?showBar=true&AjaxRequestUniqueId=14802912000240 HTTP/1.1" 404 1488
54.36.148.6 - - [24/Feb/2019:17:21:51 -0500] "GET /BLA/resoluciones/RESOLUCIONES%202005/RES%202005%20151-200/00000170.tif HTTP/1.1" 200 97626
192.168.175.104 - - [24/Feb/2019:17:22:01 -0500] "GET / HTTP/1.1" 200 9990
54.36.150.176 - - [24/Feb/2019:17:22:08 -0500] "GET /BLA/resoluciones/RESOLUCIONES%202006/RES%202006%201751-1800/00001799.tif HTTP/1.1" 200 131380
181.54.171.148 - - [24/Feb/2019:17:22:22 -0500] "GET /galeria/galeria/fotos/Entrenube3G.jpg HTTP/1.1" 200 138221
54.36.150.179 - - [24/Feb/2019:17:22:49 -0500] "GET /BLA/resoluciones/RESOLUCIONES%202004/RES%202004%202001-2050/00002036.tif HTTP/1.1" 200 155124
190.66.214.111 - - [24/Feb/2019:17:22:56 -0500] "GET /galeria/galeria/fotos/Humedal-Santa-Mar%C3%ADa-del-Lago1G.jpg HTTP/1.1" 200 290867
54.36.148.231 - - [24/Feb/2019:17:23:00 -0500] "GET /BLA/resoluciones/RESOLUCIONES%202002/RES%202002%201301-1350/20021320.tif HTTP/1.1" 200 107900
190.66.214.111 - - [24/Feb/2019:17:23:03 -0500] "GET /galeria/galeria/fotos/Humedal-Santa-Mar%C3%ADa-del-Lago1G.jpg HTTP/1.1" 200 290867
190.144.166.61 - - [24/Feb/2019:17:23:30 -0500] "GET /galeria/nivo-slider/demo/images/Banner%20Politica%20Publica%20CONPES%20(1).ai HTTP/1.1" 206 1
190.144.166.61 - - [24/Feb/2019:17:23:30 -0500] "GET /galeria/nivo-slider/demo/images/Banner%20Politica%20Publica%20CONPES%20(1).ai HTTP/1.1" 206 1567889
201.245.192.253 - - [24/Feb/2019:17:23:37 -0500] "GET /galeria/nivo-slider/demo/images/Banner%20Politica%20Publica%20CONPES%20(1).ai HTTP/1.1" 206 1
201.245.192.253 - - [24/Feb/2019:17:23:37 -0500] "GET /galeria/nivo-slider/demo/images/Banner%20Politica%20Publica%20CONPES%20(1).ai HTTP/1.1" 206 1689512
54.36.150.1 - - [24/Feb/2019:17:23:39 -0500] "GET /BLA/resoluciones/AUTOS%202006/AUTOS%202006%201201-1300/00001210.tif HTTP/1.1" 200 42956
190.144.166.61 - - [24/Feb/2019:17:23:40 -0500] "GET /galeria/nivo-slider/demo/images/Banner%20Politica%20Publica%20CONPES%20(1).ai HTTP/1.1" 206 1
190.144.166.61 - - [24/Feb/2019:17:23:40 -0500] "GET /galeria/nivo-slider/demo/images/Banner%20Politica%20Publica%20CONPES%20(1).ai HTTP/1.1" 206 1567889
201.245.192.253 - - [24/Feb/2019:17:23:47 -0500] "GET /galeria/nivo-slider/demo/images/Banner%20Politica%20Publica%20CONPES%20(1).ai HTTP/1.1" 206 1
201.245.192.253 - - [24/Feb/2019:17:23:47 -0500] "GET /galeria/nivo-slider/demo/images/Banner%20Politica%20Publica%20CONPES%20(1).ai HTTP/1.1" 206 1689512
69.162.124.233 - - [24/Feb/2019:17:23:53 -0500] "HEAD / HTTP/1.1" 200 -
207.46.13.118 - - [24/Feb/2019:17:24:04 -0500] "GET /SIG/Comunicaciones/126PG02-PR01.pdf HTTP/1.1" 200 66589
40.77.167.43 - - [24/Feb/2019:17:24:08 -0500] "GET /portalsiaccapacitaciones/Soportes%20Capacitaciones%202017/ HTTP/1.1" 200 12131
66.249.75.95 - - [24/Feb/2019:17:24:13 -0500] "GET /galeria/galeria/jquery.fancybox.css?v=2.1.5 HTTP/1.1" 200 4895
66.249.75.94 - - [24/Feb/2019:17:24:18 -0500] "GET /galeria/galeria/jquery.fancybox.css?v=2.1.5 HTTP/1.1" 304 -
201.245.192.253 - - [24/Feb/2019:17:24:31 -0500] "GET /galeria/nivo-slider/demo/images/Banner%20Politica%20Publica%20CONPES%20(1).ai HTTP/1.1" 206 1
201.245.192.253 - - [24/Feb/2019:17:24:31 -0500] "GET /galeria/nivo-slider/demo/images/Banner%20Politica%20Publica%20CONPES%20(1).ai HTTP/1.1" 206 1689512
201.245.192.253 - - [24/Feb/2019:17:24:41 -0500] "GET /galeria/nivo-slider/demo/images/Banner%20Politica%20Publica%20CONPES%20(1).ai HTTP/1.1" 206 1
201.245.192.253 - - [24/Feb/2019:17:24:41 -0500] "GET /galeria/nivo-slider/demo/images/Banner%20Politica%20Publica%20CONPES%20(1).ai HTTP/1.1" 206 1689512
201.245.192.253 - - [24/Feb/2019:17:24:45 -0500] "GET /galeria/nivo-slider/demo/images/Banner%20Politica%20Publica%20CONPES%20(1).ai HTTP/1.1" 206 1
201.245.192.253 - - [24/Feb/2019:17:24:45 -0500] "GET /galeria/nivo-slider/demo/images/Banner%20Politica%20Publica%20CONPES%20(1).ai HTTP/1.1" 206 1689512
192.168.175.104 - - [24/Feb/2019:17:24:54 -0500] "GET / HTTP/1.0" 200 9990
201.245.192.253 - - [24/Feb/2019:17:24:55 -0500] "GET /galeria/nivo-slider/demo/images/Banner%20Politica%20Publica%20CONPES%20(1).ai HTTP/1.1" 206 1
201.245.192.253 - - [24/Feb/2019:17:24:55 -0500] "GET /galeria/nivo-slider/demo/images/Banner%20Politica%20Publica%20CONPES%20(1).ai HTTP/1.1" 206 1689512
201.245.192.253 - - [24/Feb/2019:17:25:06 -0500] "GET /galeria/nivo-slider/demo/images/Banner%20Politica%20Publica%20CONPES%20(1).ai HTTP/1.1" 206 1
201.245.192.253 - - [24/Feb/2019:17:25:06 -0500] "GET /galeria/nivo-slider/demo/images/Banner%20Politica%20Publica%20CONPES%20(1).ai HTTP/1.1" 206 1689512
66.249.75.94 - - [24/Feb/2019:17:25:08 -0500] "GET /galeria/galeria/jquery.fancybox.css?v=2.1.5 HTTP/1.1" 200 4895
66.249.75.94 - - [24/Feb/2019:17:25:09 -0500] "GET /galeria/galeria/jquery.fancybox.css?v=2.1.5 HTTP/1.1" 304 -
181.57.245.23 - - [24/Feb/2019:17:25:10 -0500] "GET /BLA/boletinlegal/js/jquery.scrollShow.js HTTP/1.1" 200 4586
181.57.245.23 - - [24/Feb/2019:17:25:10 -0500] "GET /galeria/galeria/jquery.fancybox.css?v=2.1.5 HTTP/1.1" 200 4895
66.249.75.94 - - [24/Feb/2019:17:25:11 -0500] "GET /galeria/galeria/jquery.fancybox.css?v=2.1.5 HTTP/1.1" 200 4895
201.245.192.253 - - [24/Feb/2019:17:25:16 -0500] "GET /galeria/nivo-slider/demo/images/Banner%20Politica%20Publica%20CONPES%20(1).ai HTTP/1.1" 206 1
201.245.192.253 - - [24/Feb/2019:17:25:16 -0500] "GET /galeria/nivo-slider/demo/images/Banner%20Politica%20Publica%20CONPES%20(1).ai HTTP/1.1" 206 1689512
54.36.150.129 - - [24/Feb/2019:17:25:29 -0500] "GET /BLA/resoluciones/RESOLUCIONES%202005/RES%202005%20451-500/00000457.tif HTTP/1.1" 200 129556
54.36.150.98 - - [24/Feb/2019:17:26:22 -0500] "GET /BLA/resoluciones/RESOLUCIONES%202006/RES%202006%201051-1100/00001100.tif HTTP/1.1" 200 274440
54.36.148.188 - - [24/Feb/2019:17:26:37 -0500] "GET /BLA/resoluciones/AUTOS%202006/AUTOS%202006%20801-900/00000890.tif HTTP/1.1" 200 55384
192.168.175.104 - - [24/Feb/2019:17:26:59 -0500] "GET / HTTP/1.1" 200 9990
190.144.166.61 - - [24/Feb/2019:17:27:40 -0500] "GET /galeria/nivo-slider/demo/images/Banner%20Politica%20Publica%20CONPES%20(1).ai HTTP/1.1" 206 1
190.144.166.61 - - [24/Feb/2019:17:27:40 -0500] "GET /galeria/nivo-slider/demo/images/Banner%20Politica%20Publica%20CONPES%20(1).ai HTTP/1.1" 206 1567889
201.245.192.253 - - [24/Feb/2019:17:27:47 -0500] "GET /galeria/nivo-slider/demo/images/Banner%20Politica%20Publica%20CONPES%20(1).ai HTTP/1.1" 206 1
201.245.192.253 - - [24/Feb/2019:17:27:47 -0500] "GET /galeria/nivo-slider/demo/images/Banner%20Politica%20Publica%20CONPES%20(1).ai HTTP/1.1" 206 1689512
190.144.166.61 - - [24/Feb/2019:17:27:50 -0500] "GET /galeria/nivo-slider/demo/images/Banner%20Politica%20Publica%20CONPES%20(1).ai HTTP/1.1" 206 1
190.144.166.61 - - [24/Feb/2019:17:27:50 -0500] "GET /galeria/nivo-slider/demo/images/Banner%20Politica%20Publica%20CONPES%20(1).ai HTTP/1.1" 206 1567889
201.245.192.253 - - [24/Feb/2019:17:27:57 -0500] "GET /galeria/nivo-slider/demo/images/Banner%20Politica%20Publica%20CONPES%20(1).ai HTTP/1.1" 206 1
201.245.192.253 - - [24/Feb/2019:17:27:57 -0500] "GET /galeria/nivo-slider/demo/images/Banner%20Politica%20Publica%20CONPES%20(1).ai HTTP/1.1" 206 1689512
66.249.69.164 - - [24/Feb/2019:17:28:12 -0500] "GET /Residuos/quimicos/files/search/searchtext.xml HTTP/1.1" 200 202467
181.131.227.88 - - [24/Feb/2019:17:28:33 -0500] "GET /galeria/galeria/fotos/Humedal-vaca6G.jpg HTTP/1.1" 200 176858
201.245.192.253 - - [24/Feb/2019:17:28:41 -0500] "GET /galeria/nivo-slider/demo/images/Banner%20Politica%20Publica%20CONPES%20(1).ai HTTP/1.1" 206 1
201.245.192.253 - - [24/Feb/2019:17:28:41 -0500] "GET /galeria/nivo-slider/demo/images/Banner%20Politica%20Publica%20CONPES%20(1).ai HTTP/1.1" 206 1689512
181.131.227.88 - - [24/Feb/2019:17:28:41 -0500] "GET /galeria/galeria/fotos/Humedal-vaca6G.jpg HTTP/1.1" 200 176858
201.245.192.253 - - [24/Feb/2019:17:28:51 -0500] "GET /galeria/nivo-slider/demo/images/Banner%20Politica%20Publica%20CONPES%20(1).ai HTTP/1.1" 206 1
201.245.192.253 - - [24/Feb/2019:17:28:51 -0500] "GET /galeria/nivo-slider/demo/images/Banner%20Politica%20Publica%20CONPES%20(1).ai HTTP/1.1" 206 1689512
201.245.192.253 - - [24/Feb/2019:17:28:55 -0500] "GET /galeria/nivo-slider/demo/images/Banner%20Politica%20Publica%20CONPES%20(1).ai HTTP/1.1" 206 1
201.245.192.253 - - [24/Feb/2019:17:28:55 -0500] "GET /galeria/nivo-slider/demo/images/Banner%20Politica%20Publica%20CONPES%20(1).ai HTTP/1.1" 206 1689512
54.36.148.174 - - [24/Feb/2019:17:28:55 -0500] "GET /BLA/resoluciones/RESOLUCIONES%202003/RES%202003%20801-850/840.tif HTTP/1.1" 200 117204
69.162.124.233 - - [24/Feb/2019:17:28:56 -0500] "HEAD / HTTP/1.1" 200 -
66.249.75.94 - - [24/Feb/2019:17:29:00 -0500] "GET /BLA/resoluciones/AUTOS%202014/5366.pdf HTTP/1.1" 200 551322
201.245.192.253 - - [24/Feb/2019:17:29:05 -0500] "GET /galeria/nivo-slider/demo/images/Banner%20Politica%20Publica%20CONPES%20(1).ai HTTP/1.1" 206 1
201.245.192.253 - - [24/Feb/2019:17:29:05 -0500] "GET /galeria/nivo-slider/demo/images/Banner%20Politica%20Publica%20CONPES%20(1).ai HTTP/1.1" 206 1689512
54.36.148.46 - - [24/Feb/2019:17:29:14 -0500] "GET /BLA/resoluciones/RESOLUCIONES%202006/RES%202006%201001-1050/00001044.tif HTTP/1.1" 200 229196
201.245.192.253 - - [24/Feb/2019:17:29:16 -0500] "GET /galeria/nivo-slider/demo/images/Banner%20Politica%20Publica%20CONPES%20(1).ai HTTP/1.1" 206 1
201.245.192.253 - - [24/Feb/2019:17:29:16 -0500] "GET /galeria/nivo-slider/demo/images/Banner%20Politica%20Publica%20CONPES%20(1).ai HTTP/1.1" 206 1689512
66.249.75.95 - - [24/Feb/2019:17:29:24 -0500] "GET /BLA/resoluciones/AUTOS%202015/1040.pdf HTTP/1.1" 200 754151
201.245.192.253 - - [24/Feb/2019:17:29:26 -0500] "GET /galeria/nivo-slider/demo/images/Banner%20Politica%20Publica%20CONPES%20(1).ai HTTP/1.1" 206 1
201.245.192.253 - - [24/Feb/2019:17:29:26 -0500] "GET /galeria/nivo-slider/demo/images/Banner%20Politica%20Publica%20CONPES%20(1).ai HTTP/1.1" 206 1689512
181.131.227.88 - - [24/Feb/2019:17:29:34 -0500] "GET /galeria/galeria/fotos/3humedal-Burro3G.jpg HTTP/1.1" 200 74809
181.131.227.88 - - [24/Feb/2019:17:29:34 -0500] "GET /galeria/galeria/fotos/1humedal-Burro1G.jpg HTTP/1.1" 200 132804
181.131.227.88 - - [24/Feb/2019:17:29:38 -0500] "GET /galeria/galeria/fotos/2humedal-Burro2G.jpg HTTP/1.1" 200 140889
40.77.167.137 - - [24/Feb/2019:17:29:51 -0500] "GET /galeria/galeria/fotos/JornadaG.jpg HTTP/1.1" 200 50761
192.168.175.104 - - [24/Feb/2019:17:29:54 -0500] "GET / HTTP/1.0" 200 9990
201.245.192.253 - - [24/Feb/2019:17:29:37 -0500] "POST /kwsrmcab/Wsrmcab HTTP/1.1" 200 29782
54.36.148.52 - - [24/Feb/2019:17:31:01 -0500] "GET /BLA/resoluciones/RESOLUCIONES%202002/RES%202002%201301-1350/20021307.tif HTTP/1.1" 200 77932
201.185.78.104 - - [24/Feb/2019:17:31:14 -0500] "GET /Residuos/textiles/files/guia_textiles.pdf HTTP/1.1" 200 12356716
201.185.78.104 - - [24/Feb/2019:17:31:15 -0500] "GET /favicon.ico HTTP/1.1" 200 7782
54.36.149.51 - - [24/Feb/2019:17:31:30 -0500] "GET /BLA/resoluciones/RESOLUCIONES%202003/RES%202003%201151-1200/1158.tif HTTP/1.1" 200 133404
66.249.75.94 - - [24/Feb/2019:17:31:49 -0500] "GET /BLA/resoluciones/RESOLUCIONES%202012/0611.pdf HTTP/1.1" 200 689671
190.144.166.61 - - [24/Feb/2019:17:31:50 -0500] "GET /galeria/nivo-slider/demo/images/Banner%20Politica%20Publica%20CONPES%20(1).ai HTTP/1.1" 206 1
190.144.166.61 - - [24/Feb/2019:17:31:50 -0500] "GET /galeria/nivo-slider/demo/images/Banner%20Politica%20Publica%20CONPES%20(1).ai HTTP/1.1" 206 1567889
54.36.148.129 - - [24/Feb/2019:17:31:55 -0500] "GET /BLA/resoluciones/RESOLUCIONES%202006/RES%202006%20151-200/00000175.tif HTTP/1.1" 200 260696
192.168.175.104 - - [24/Feb/2019:17:31:57 -0500] "GET / HTTP/1.1" 200 9990
201.245.192.253 - - [24/Feb/2019:17:31:57 -0500] "GET /galeria/nivo-slider/demo/images/Banner%20Politica%20Publica%20CONPES%20(1).ai HTTP/1.1" 206 1
201.245.192.253 - - [24/Feb/2019:17:31:57 -0500] "GET /galeria/nivo-slider/demo/images/Banner%20Politica%20Publica%20CONPES%20(1).ai HTTP/1.1" 206 1689512
190.144.166.61 - - [24/Feb/2019:17:32:00 -0500] "GET /galeria/nivo-slider/demo/images/Banner%20Politica%20Publica%20CONPES%20(1).ai HTTP/1.1" 206 1
190.144.166.61 - - [24/Feb/2019:17:32:00 -0500] "GET /galeria/nivo-slider/demo/images/Banner%20Politica%20Publica%20CONPES%20(1).ai HTTP/1.1" 206 1567889
201.245.192.253 - - [24/Feb/2019:17:32:07 -0500] "GET /galeria/nivo-slider/demo/images/Banner%20Politica%20Publica%20CONPES%20(1).ai HTTP/1.1" 206 1
201.245.192.253 - - [24/Feb/2019:17:32:07 -0500] "GET /galeria/nivo-slider/demo/images/Banner%20Politica%20Publica%20CONPES%20(1).ai HTTP/1.1" 206 1689512
66.249.75.94 - - [24/Feb/2019:17:32:13 -0500] "GET /BLA/resoluciones/RESOLUCIONES%202010/6255.pdf HTTP/1.1" 200 602932
54.36.150.172 - - [24/Feb/2019:17:32:23 -0500] "GET /BLA/resoluciones/RESOLUCIONES%202002/RES%202002%201101-1150/00001115.tif HTTP/1.1" 200 114028
201.245.192.253 - - [24/Feb/2019:17:32:51 -0500] "GET /galeria/nivo-slider/demo/images/Banner%20Politica%20Publica%20CONPES%20(1).ai HTTP/1.1" 206 1
201.245.192.253 - - [24/Feb/2019:17:32:51 -0500] "GET /galeria/nivo-slider/demo/images/Banner%20Politica%20Publica%20CONPES%20(1).ai HTTP/1.1" 206 1689512
186.86.31.149 - - [24/Feb/2019:17:33:00 -0500] "GET /BLA/resoluciones/RESOLUCIONES%202007/RES%202007%20701%20AL%20800/RESOLUCION%200705%20DE%202007.pdf HTTP/1.1" 200 1060513
181.53.12.105 - - [24/Feb/2019:17:33:01 -0500] "GET /galeria/mapa/humedal2017.jpg HTTP/1.1" 200 644667
