201.245.192.253 - - [24/Feb/2019:17:33:01 -0500] "GET /galeria/nivo-slider/demo/images/Banner%20Politica%20Publica%20CONPES%20(1).ai HTTP/1.1" 206 1
201.245.192.253 - - [24/Feb/2019:17:33:01 -0500] "GET /galeria/nivo-slider/demo/images/Banner%20Politica%20Publica%20CONPES%20(1).ai HTTP/1.1" 206 1689512
201.245.192.253 - - [24/Feb/2019:17:33:05 -0500] "GET /galeria/nivo-slider/demo/images/Banner%20Politica%20Publica%20CONPES%20(1).ai HTTP/1.1" 206 1
201.245.192.253 - - [24/Feb/2019:17:33:05 -0500] "GET /galeria/nivo-slider/demo/images/Banner%20Politica%20Publica%20CONPES%20(1).ai HTTP/1.1" 206 1689512
201.245.192.253 - - [24/Feb/2019:17:33:15 -0500] "GET /galeria/nivo-slider/demo/images/Banner%20Politica%20Publica%20CONPES%20(1).ai HTTP/1.1" 206 1
201.245.192.253 - - [24/Feb/2019:17:33:15 -0500] "GET /galeria/nivo-slider/demo/images/Banner%20Politica%20Publica%20CONPES%20(1).ai HTTP/1.1" 206 1689512
201.245.192.253 - - [24/Feb/2019:17:33:26 -0500] "GET /galeria/nivo-slider/demo/images/Banner%20Politica%20Publica%20CONPES%20(1).ai HTTP/1.1" 206 1
66.249.75.94 - - [24/Feb/2019:17:33:26 -0500] "GET /BLA/resoluciones/RESOLUCIONES%202008/5438.pdf HTTP/1.1" 200 265110
201.245.192.253 - - [24/Feb/2019:17:33:26 -0500] "GET /galeria/nivo-slider/demo/images/Banner%20Politica%20Publica%20CONPES%20(1).ai HTTP/1.1" 206 1689512
201.245.192.253 - - [24/Feb/2019:17:33:36 -0500] "GET /galeria/nivo-slider/demo/images/Banner%20Politica%20Publica%20CONPES%20(1).ai HTTP/1.1" 206 1
201.245.192.253 - - [24/Feb/2019:17:33:36 -0500] "GET /galeria/nivo-slider/demo/images/Banner%20Politica%20Publica%20CONPES%20(1).ai HTTP/1.1" 206 1689512
69.162.124.233 - - [24/Feb/2019:17:33:53 -0500] "HEAD / HTTP/1.1" 200 -
54.36.150.26 - - [24/Feb/2019:17:34:02 -0500] "GET /BLA/resoluciones/RESOLUCIONES%202005/RES%202005%20551-600/00000570.tif HTTP/1.1" 200 159738
54.36.148.65 - - [24/Feb/2019:17:34:05 -0500] "GET /BLA/resoluciones/RESOLUCIONES%202006/RES%202006%20951-1000/00000952.tif HTTP/1.1" 200 289398
190.9.212.140 - - [24/Feb/2019:17:34:13 -0500] "GET /galeria/galeria/fotos/JornadaG.jpg HTTP/1.1" 200 50761
54.36.150.70 - - [24/Feb/2019:17:34:48 -0500] "GET /BLA/resoluciones/RESOLUCIONES%202006/RES%202006%202251-2300/00002275.tif HTTP/1.1" 200 294528
192.168.175.104 - - [24/Feb/2019:17:34:53 -0500] "GET / HTTP/1.0" 200 9990
66.249.69.91 - - [24/Feb/2019:17:35:03 -0500] "GET /BLA/resoluciones/AUTOS%202015/3278.pdf HTTP/1.1" 200 638099
66.249.75.94 - - [24/Feb/2019:17:35:27 -0500] "GET /BLA/resoluciones/AUTOS%202014/5593.pdf HTTP/1.1" 200 184062
66.249.75.65 - - [24/Feb/2019:17:35:51 -0500] "GET /BLA/resoluciones/Notificaciones/AUTOS%202014/3940.doc HTTP/1.1" 200 140288
190.144.166.61 - - [24/Feb/2019:17:36:00 -0500] "GET /galeria/nivo-slider/demo/images/Banner%20Politica%20Publica%20CONPES%20(1).ai HTTP/1.1" 206 1
190.144.166.61 - - [24/Feb/2019:17:36:00 -0500] "GET /galeria/nivo-slider/demo/images/Banner%20Politica%20Publica%20CONPES%20(1).ai HTTP/1.1" 206 1567889
66.102.6.175 - - [24/Feb/2019:17:36:03 -0500] "-" 408 -
201.245.192.253 - - [24/Feb/2019:17:36:07 -0500] "GET /galeria/nivo-slider/demo/images/Banner%20Politica%20Publica%20CONPES%20(1).ai HTTP/1.1" 206 1
201.245.192.253 - - [24/Feb/2019:17:36:07 -0500] "GET /galeria/nivo-slider/demo/images/Banner%20Politica%20Publica%20CONPES%20(1).ai HTTP/1.1" 206 1689512
66.102.6.175 - - [24/Feb/2019:17:36:09 -0500] "-" 408 -
190.144.166.61 - - [24/Feb/2019:17:36:10 -0500] "GET /galeria/nivo-slider/demo/images/Banner%20Politica%20Publica%20CONPES%20(1).ai HTTP/1.1" 206 1
190.144.166.61 - - [24/Feb/2019:17:36:10 -0500] "GET /galeria/nivo-slider/demo/images/Banner%20Politica%20Publica%20CONPES%20(1).ai HTTP/1.1" 206 1567889
66.249.75.95 - - [24/Feb/2019:17:36:15 -0500] "GET /BLA/resoluciones/AUTOS%202016/2281.pdf HTTP/1.1" 200 937683
201.245.192.253 - - [24/Feb/2019:17:36:20 -0500] "GET /galeria/nivo-slider/demo/images/Banner%20Politica%20Publica%20CONPES%20(1).ai HTTP/1.1" 206 1
201.245.192.253 - - [24/Feb/2019:17:36:20 -0500] "GET /galeria/nivo-slider/demo/images/Banner%20Politica%20Publica%20CONPES%20(1).ai HTTP/1.1" 206 1689512
186.30.53.218 - - [24/Feb/2019:17:36:27 -0500] "GET /galeria/galeria/fotos/3humedal-Burro3G.jpg HTTP/1.1" 200 74809
186.30.53.218 - - [24/Feb/2019:17:36:35 -0500] "GET /galeria/galeria/fotos/3humedal-Burro3G.jpg HTTP/1.1" 200 74809
66.249.75.94 - - [24/Feb/2019:17:36:39 -0500] "GET /BLA/resoluciones/AUTOS%202013/0944.pdf HTTP/1.1" 200 2007405
54.36.148.187 - - [24/Feb/2019:17:36:50 -0500] "GET /BLA/resoluciones/AUTOS%202006/AUTOS%202006%20701-800/00000732.tif HTTP/1.1" 200 54826
192.168.175.104 - - [24/Feb/2019:17:36:55 -0500] "GET / HTTP/1.1" 200 9990
201.245.192.253 - - [24/Feb/2019:17:37:01 -0500] "GET /galeria/nivo-slider/demo/images/Banner%20Politica%20Publica%20CONPES%20(1).ai HTTP/1.1" 206 1
201.245.192.253 - - [24/Feb/2019:17:37:01 -0500] "GET /galeria/nivo-slider/demo/images/Banner%20Politica%20Publica%20CONPES%20(1).ai HTTP/1.1" 206 1689512
66.249.75.94 - - [24/Feb/2019:17:37:05 -0500] "GET /BLA/resoluciones/AUTOS%202014/0913.pdf HTTP/1.1" 200 613899
201.245.192.253 - - [24/Feb/2019:17:37:11 -0500] "GET /galeria/nivo-slider/demo/images/Banner%20Politica%20Publica%20CONPES%20(1).ai HTTP/1.1" 206 1
201.245.192.253 - - [24/Feb/2019:17:37:11 -0500] "GET /galeria/nivo-slider/demo/images/Banner%20Politica%20Publica%20CONPES%20(1).ai HTTP/1.1" 206 1689512
201.245.192.253 - - [24/Feb/2019:17:37:15 -0500] "GET /galeria/nivo-slider/demo/images/Banner%20Politica%20Publica%20CONPES%20(1).ai HTTP/1.1" 206 1
201.245.192.253 - - [24/Feb/2019:17:37:15 -0500] "GET /galeria/nivo-slider/demo/images/Banner%20Politica%20Publica%20CONPES%20(1).ai HTTP/1.1" 206 1689512
186.30.53.218 - - [24/Feb/2019:17:37:22 -0500] "GET /galeria/galeria/fotos/4humedal-Burro4G.jpg HTTP/1.1" 200 98452
201.245.192.253 - - [24/Feb/2019:17:37:25 -0500] "GET /galeria/nivo-slider/demo/images/Banner%20Politica%20Publica%20CONPES%20(1).ai HTTP/1.1" 206 1
201.245.192.253 - - [24/Feb/2019:17:37:25 -0500] "GET /galeria/nivo-slider/demo/images/Banner%20Politica%20Publica%20CONPES%20(1).ai HTTP/1.1" 206 1689512
201.245.192.253 - - [24/Feb/2019:17:37:36 -0500] "GET /galeria/nivo-slider/demo/images/Banner%20Politica%20Publica%20CONPES%20(1).ai HTTP/1.1" 206 1
201.245.192.253 - - [24/Feb/2019:17:37:36 -0500] "GET /galeria/nivo-slider/demo/images/Banner%20Politica%20Publica%20CONPES%20(1).ai HTTP/1.1" 206 1689512
186.30.53.218 - - [24/Feb/2019:17:37:44 -0500] "GET /galeria/galeria/fotos/4humedal-Burro4G.jpg HTTP/1.1" 200 98452
201.245.192.253 - - [24/Feb/2019:17:37:46 -0500] "GET /galeria/nivo-slider/demo/images/Banner%20Politica%20Publica%20CONPES%20(1).ai HTTP/1.1" 206 1
201.245.192.253 - - [24/Feb/2019:17:37:46 -0500] "GET /galeria/nivo-slider/demo/images/Banner%20Politica%20Publica%20CONPES%20(1).ai HTTP/1.1" 206 1689512
66.249.75.95 - - [24/Feb/2019:17:37:52 -0500] "GET /BLA/resoluciones/AUTOS%202015/1144.pdf HTTP/1.1" 200 768766
173.252.95.31 - - [24/Feb/2019:17:37:56 -0500] "GET /galeria/galeria/fotos/Huemdal-el-Tunjo1P.jpg HTTP/1.1" 200 24430
40.77.167.137 - - [24/Feb/2019:17:38:02 -0500] "GET /BLA/boletinlegal/documentos-importantes.php HTTP/1.1" 200 4822
66.249.75.94 - - [24/Feb/2019:17:38:16 -0500] "GET /BLA/resoluciones/Notificaciones/AUTOS%202016/00335.doc HTTP/1.1" 200 758586
186.86.31.149 - - [24/Feb/2019:17:38:25 -0500] "GET /favicon.ico HTTP/1.1" 200 7782
54.36.150.61 - - [24/Feb/2019:17:38:33 -0500] "GET /BLA/resoluciones/AUTOS%202006/AUTOS%202006%202201%20-%202300/00002267.tif HTTP/1.1" 200 72400
66.249.75.94 - - [24/Feb/2019:17:38:40 -0500] "GET /BLA/resoluciones/AUTOS%202011/7706.pdf HTTP/1.1" 200 1586266
54.36.148.120 - - [24/Feb/2019:17:38:52 -0500] "GET /BLA/resoluciones/RESOLUCIONES%202004/RES%202004%20651-700/00000700.tif HTTP/1.1" 200 125830
69.162.124.233 - - [24/Feb/2019:17:38:53 -0500] "HEAD / HTTP/1.1" 200 -
66.249.75.95 - - [24/Feb/2019:17:39:05 -0500] "GET /BLA/resoluciones/RESOLUCIONES%202010/0818.pdf HTTP/1.1" 200 104346
66.249.75.95 - - [24/Feb/2019:17:39:29 -0500] "GET /BLA/resoluciones/RESOLUCIONES%202010/6028.pdf HTTP/1.1" 200 662527
216.244.66.195 - - [24/Feb/2019:17:39:36 -0500] "GET /robots.txt HTTP/1.1" 404 1018
192.168.175.104 - - [24/Feb/2019:17:39:51 -0500] "GET / HTTP/1.0" 200 9990
66.249.75.94 - - [24/Feb/2019:17:39:53 -0500] "GET /BLA/resoluciones/AUTOS%202010/0618.pdf HTTP/1.1" 200 179294
190.144.166.61 - - [24/Feb/2019:17:40:10 -0500] "GET /galeria/nivo-slider/demo/images/Banner%20Politica%20Publica%20CONPES%20(1).ai HTTP/1.1" 206 1
190.144.166.61 - - [24/Feb/2019:17:40:10 -0500] "GET /galeria/nivo-slider/demo/images/Banner%20Politica%20Publica%20CONPES%20(1).ai HTTP/1.1" 206 1567889
201.245.192.253 - - [24/Feb/2019:17:40:17 -0500] "GET /galeria/nivo-slider/demo/images/Banner%20Politica%20Publica%20CONPES%20(1).ai HTTP/1.1" 206 1
201.245.192.253 - - [24/Feb/2019:17:40:17 -0500] "GET /galeria/nivo-slider/demo/images/Banner%20Politica%20Publica%20CONPES%20(1).ai HTTP/1.1" 206 1689512
190.144.166.61 - - [24/Feb/2019:17:40:20 -0500] "GET /galeria/nivo-slider/demo/images/Banner%20Politica%20Publica%20CONPES%20(1).ai HTTP/1.1" 206 1
190.144.166.61 - - [24/Feb/2019:17:40:20 -0500] "GET /galeria/nivo-slider/demo/images/Banner%20Politica%20Publica%20CONPES%20(1).ai HTTP/1.1" 206 1567889
66.249.69.167 - - [24/Feb/2019:17:40:20 -0500] "GET /BLA/boletinlegal/Circulares/2011/Circular%20No.%201%20del%2012%20de%20Abril%20de%202011.pdf HTTP/1.1" 200 366269
201.245.192.253 - - [24/Feb/2019:17:40:27 -0500] "GET /galeria/nivo-slider/demo/images/Banner%20Politica%20Publica%20CONPES%20(1).ai HTTP/1.1" 206 1
201.245.192.253 - - [24/Feb/2019:17:40:27 -0500] "GET /galeria/nivo-slider/demo/images/Banner%20Politica%20Publica%20CONPES%20(1).ai HTTP/1.1" 206 1689512
66.249.75.95 - - [24/Feb/2019:17:40:41 -0500] "GET /BLA/resoluciones/RESOLUCIONES%202011/0583.pdf HTTP/1.1" 200 74161
54.36.148.177 - - [24/Feb/2019:17:40:42 -0500] "GET /BLA/resoluciones/RESOLUCIONES%202002/RES%202002%20601-650/00000648.tif HTTP/1.1" 200 138398
54.36.149.40 - - [24/Feb/2019:17:40:55 -0500] "GET /BLA/resoluciones/RESOLUCIONES%202005/RES%202005%20301-351/00000303.tif HTTP/1.1" 200 132740
66.249.75.94 - - [24/Feb/2019:17:41:06 -0500] "GET /BLA/resoluciones/RESOLUCIONES%202013/1535.pdf HTTP/1.1" 200 5037739
201.245.192.253 - - [24/Feb/2019:17:41:11 -0500] "GET /galeria/nivo-slider/demo/images/Banner%20Politica%20Publica%20CONPES%20(1).ai HTTP/1.1" 206 1
201.245.192.253 - - [24/Feb/2019:17:41:11 -0500] "GET /galeria/nivo-slider/demo/images/Banner%20Politica%20Publica%20CONPES%20(1).ai HTTP/1.1" 206 1689512
186.85.156.73 - - [24/Feb/2019:17:41:19 -0500] "GET /BLA/resoluciones/AUTOS%202016/1354.pdf HTTP/1.1" 200 308427
201.245.192.253 - - [24/Feb/2019:17:41:21 -0500] "GET /galeria/nivo-slider/demo/images/Banner%20Politica%20Publica%20CONPES%20(1).ai HTTP/1.1" 206 1
201.245.192.253 - - [24/Feb/2019:17:41:21 -0500] "GET /galeria/nivo-slider/demo/images/Banner%20Politica%20Publica%20CONPES%20(1).ai HTTP/1.1" 206 1689512
201.245.192.253 - - [24/Feb/2019:17:41:25 -0500] "GET /galeria/nivo-slider/demo/images/Banner%20Politica%20Publica%20CONPES%20(1).ai HTTP/1.1" 206 1
201.245.192.253 - - [24/Feb/2019:17:41:25 -0500] "GET /galeria/nivo-slider/demo/images/Banner%20Politica%20Publica%20CONPES%20(1).ai HTTP/1.1" 206 1689512
201.245.192.253 - - [24/Feb/2019:17:41:35 -0500] "GET /galeria/nivo-slider/demo/images/Banner%20Politica%20Publica%20CONPES%20(1).ai HTTP/1.1" 206 1
201.245.192.253 - - [24/Feb/2019:17:41:35 -0500] "GET /galeria/nivo-slider/demo/images/Banner%20Politica%20Publica%20CONPES%20(1).ai HTTP/1.1" 206 1689512
201.245.192.253 - - [24/Feb/2019:17:41:46 -0500] "GET /galeria/nivo-slider/demo/images/Banner%20Politica%20Publica%20CONPES%20(1).ai HTTP/1.1" 206 1
201.245.192.253 - - [24/Feb/2019:17:41:46 -0500] "GET /galeria/nivo-slider/demo/images/Banner%20Politica%20Publica%20CONPES%20(1).ai HTTP/1.1" 206 1689512
192.168.175.104 - - [24/Feb/2019:17:41:54 -0500] "GET / HTTP/1.1" 200 9990
201.245.192.253 - - [24/Feb/2019:17:41:56 -0500] "GET /galeria/nivo-slider/demo/images/Banner%20Politica%20Publica%20CONPES%20(1).ai HTTP/1.1" 206 1
201.245.192.253 - - [24/Feb/2019:17:41:56 -0500] "GET /galeria/nivo-slider/demo/images/Banner%20Politica%20Publica%20CONPES%20(1).ai HTTP/1.1" 206 1689512
66.249.69.167 - - [24/Feb/2019:17:42:18 -0500] "GET /BLA/boletinlegal/Circulares/2014/Circular%20No.%202%20del%2021%20de%20septiembre%20de%202014.pdf HTTP/1.1" 200 143376
66.249.75.94 - - [24/Feb/2019:17:43:06 -0500] "GET /BLA/resoluciones/RESOLUCIONES%202010/7760.pdf HTTP/1.1" 200 74346
66.249.75.94 - - [24/Feb/2019:17:43:31 -0500] "GET /BLA/resoluciones/AUTOS%202010/5130.pdf HTTP/1.1" 200 242089
181.133.172.232 - - [24/Feb/2019:17:43:31 -0500] "GET /BLA/resoluciones/Notificaciones/REGISTROS%202015/2292.doc HTTP/1.1" 200 203776
54.36.150.94 - - [24/Feb/2019:17:43:41 -0500] "GET /BLA/resoluciones/RESOLUCIONES%202002/RES%202002%201151-1200/20021185.tif HTTP/1.1" 200 145246
54.36.148.253 - - [24/Feb/2019:17:43:43 -0500] "GET /BLA/resoluciones/RESOLUCIONES%202003/RES%202003%202051-2100/00002060.tif HTTP/1.1" 200 85314
69.162.124.233 - - [24/Feb/2019:17:43:53 -0500] "HEAD / HTTP/1.1" 200 -
66.249.75.94 - - [24/Feb/2019:17:44:19 -0500] "GET /BLA/resoluciones/RESOLUCIONES%202017/1779.pdf HTTP/1.1" 200 323197
190.144.166.61 - - [24/Feb/2019:17:44:20 -0500] "GET /galeria/nivo-slider/demo/images/Banner%20Politica%20Publica%20CONPES%20(1).ai HTTP/1.1" 206 1
190.144.166.61 - - [24/Feb/2019:17:44:20 -0500] "GET /galeria/nivo-slider/demo/images/Banner%20Politica%20Publica%20CONPES%20(1).ai HTTP/1.1" 206 1567889
54.36.148.162 - - [24/Feb/2019:17:44:26 -0500] "GET /BLA/resoluciones/RESOLUCIONES%202004/RES%202004%202051-2100/00002070.tif HTTP/1.1" 200 161268
201.245.192.253 - - [24/Feb/2019:17:44:27 -0500] "GET /galeria/nivo-slider/demo/images/Banner%20Politica%20Publica%20CONPES%20(1).ai HTTP/1.1" 206 1
201.245.192.253 - - [24/Feb/2019:17:44:27 -0500] "GET /galeria/nivo-slider/demo/images/Banner%20Politica%20Publica%20CONPES%20(1).ai HTTP/1.1" 206 1689512
190.144.166.61 - - [24/Feb/2019:17:44:30 -0500] "GET /galeria/nivo-slider/demo/images/Banner%20Politica%20Publica%20CONPES%20(1).ai HTTP/1.1" 206 1
190.144.166.61 - - [24/Feb/2019:17:44:30 -0500] "GET /galeria/nivo-slider/demo/images/Banner%20Politica%20Publica%20CONPES%20(1).ai HTTP/1.1" 206 1567889
201.245.192.253 - - [24/Feb/2019:17:44:37 -0500] "GET /galeria/nivo-slider/demo/images/Banner%20Politica%20Publica%20CONPES%20(1).ai HTTP/1.1" 206 1
201.245.192.253 - - [24/Feb/2019:17:44:37 -0500] "GET /galeria/nivo-slider/demo/images/Banner%20Politica%20Publica%20CONPES%20(1).ai HTTP/1.1" 206 1689512
186.118.206.231 - - [24/Feb/2019:17:44:39 -0500] "GET /BLA/boletinlegal/jurisprudencia/analisis/AnalisisT-606-15.docx HTTP/1.1" 200 26698
66.249.75.94 - - [24/Feb/2019:17:44:43 -0500] "GET /BLA/resoluciones/AUTOS%202014/6256.pdf HTTP/1.1" 200 1842780
192.168.175.104 - - [24/Feb/2019:17:44:48 -0500] "GET / HTTP/1.0" 200 9990
66.249.75.95 - - [24/Feb/2019:17:45:07 -0500] "GET /BLA/resoluciones/AUTOS%202014/5339.pdf HTTP/1.1" 200 340993
201.245.192.253 - - [24/Feb/2019:17:45:21 -0500] "GET /galeria/nivo-slider/demo/images/Banner%20Politica%20Publica%20CONPES%20(1).ai HTTP/1.1" 206 1
201.245.192.253 - - [24/Feb/2019:17:45:21 -0500] "GET /galeria/nivo-slider/demo/images/Banner%20Politica%20Publica%20CONPES%20(1).ai HTTP/1.1" 206 1689512
201.245.192.253 - - [24/Feb/2019:17:45:31 -0500] "GET /galeria/nivo-slider/demo/images/Banner%20Politica%20Publica%20CONPES%20(1).ai HTTP/1.1" 206 1
201.245.192.253 - - [24/Feb/2019:17:45:31 -0500] "GET /galeria/nivo-slider/demo/images/Banner%20Politica%20Publica%20CONPES%20(1).ai HTTP/1.1" 206 1689512
66.249.75.95 - - [24/Feb/2019:17:45:32 -0500] "GET /BLA/resoluciones/RESOLUCIONES%202015/0244.pdf HTTP/1.1" 200 636404
201.245.192.253 - - [24/Feb/2019:17:45:35 -0500] "GET /galeria/nivo-slider/demo/images/Banner%20Politica%20Publica%20CONPES%20(1).ai HTTP/1.1" 206 1
201.245.192.253 - - [24/Feb/2019:17:45:35 -0500] "GET /galeria/nivo-slider/demo/images/Banner%20Politica%20Publica%20CONPES%20(1).ai HTTP/1.1" 206 1689512
201.245.192.253 - - [24/Feb/2019:17:45:45 -0500] "GET /galeria/nivo-slider/demo/images/Banner%20Politica%20Publica%20CONPES%20(1).ai HTTP/1.1" 206 1
201.245.192.253 - - [24/Feb/2019:17:45:45 -0500] "GET /galeria/nivo-slider/demo/images/Banner%20Politica%20Publica%20CONPES%20(1).ai HTTP/1.1" 206 1689512
66.249.75.94 - - [24/Feb/2019:17:45:56 -0500] "GET /BLA/resoluciones/AUTOS%202017/2893.pdf HTTP/1.1" 200 287681
201.245.192.253 - - [24/Feb/2019:17:45:56 -0500] "GET /galeria/nivo-slider/demo/images/Banner%20Politica%20Publica%20CONPES%20(1).ai HTTP/1.1" 206 1
201.245.192.253 - - [24/Feb/2019:17:45:56 -0500] "GET /galeria/nivo-slider/demo/images/Banner%20Politica%20Publica%20CONPES%20(1).ai HTTP/1.1" 206 1689512
201.245.192.253 - - [24/Feb/2019:17:46:06 -0500] "GET /galeria/nivo-slider/demo/images/Banner%20Politica%20Publica%20CONPES%20(1).ai HTTP/1.1" 206 1
201.245.192.253 - - [24/Feb/2019:17:46:06 -0500] "GET /galeria/nivo-slider/demo/images/Banner%20Politica%20Publica%20CONPES%20(1).ai HTTP/1.1" 206 1689512
192.168.175.104 - - [24/Feb/2019:17:46:51 -0500] "GET / HTTP/1.1" 200 9990
190.144.166.61 - - [24/Feb/2019:17:48:30 -0500] "GET /galeria/nivo-slider/demo/images/Banner%20Politica%20Publica%20CONPES%20(1).ai HTTP/1.1" 206 1
190.144.166.61 - - [24/Feb/2019:17:48:30 -0500] "GET /galeria/nivo-slider/demo/images/Banner%20Politica%20Publica%20CONPES%20(1).ai HTTP/1.1" 206 1567889
201.245.192.253 - - [24/Feb/2019:17:48:37 -0500] "GET /galeria/nivo-slider/demo/images/Banner%20Politica%20Publica%20CONPES%20(1).ai HTTP/1.1" 206 1
201.245.192.253 - - [24/Feb/2019:17:48:37 -0500] "GET /galeria/nivo-slider/demo/images/Banner%20Politica%20Publica%20CONPES%20(1).ai HTTP/1.1" 206 1689512
190.144.166.61 - - [24/Feb/2019:17:48:40 -0500] "GET /galeria/nivo-slider/demo/images/Banner%20Politica%20Publica%20CONPES%20(1).ai HTTP/1.1" 206 1
190.144.166.61 - - [24/Feb/2019:17:48:40 -0500] "GET /galeria/nivo-slider/demo/images/Banner%20Politica%20Publica%20CONPES%20(1).ai HTTP/1.1" 206 1567889
201.245.192.253 - - [24/Feb/2019:17:48:47 -0500] "GET /galeria/nivo-slider/demo/images/Banner%20Politica%20Publica%20CONPES%20(1).ai HTTP/1.1" 206 1
201.245.192.253 - - [24/Feb/2019:17:48:47 -0500] "GET /galeria/nivo-slider/demo/images/Banner%20Politica%20Publica%20CONPES%20(1).ai HTTP/1.1" 206 1689512
54.36.150.154 - - [24/Feb/2019:17:48:51 -0500] "GET /BLA/resoluciones/RESOLUCIONES%202004/RES%202004%20201-250/00000214.tif HTTP/1.1" 200 55924
69.162.124.233 - - [24/Feb/2019:17:48:53 -0500] "HEAD / HTTP/1.1" 200 -
190.255.40.74 - - [24/Feb/2019:17:48:56 -0500] "GET /BLA/resoluciones/RESOLUCIONES%202016/1361.pdf HTTP/1.1" 200 486149
190.255.40.74 - - [24/Feb/2019:17:48:56 -0500] "GET /favicon.ico HTTP/1.1" 200 7782
54.36.148.8 - - [24/Feb/2019:17:49:10 -0500] "GET /BLA/resoluciones/RESOLUCIONES%202002/RES%202002%201701-1750/20021714.tif HTTP/1.1" 200 116384
54.36.149.71 - - [24/Feb/2019:17:49:27 -0500] "GET /BLA/resoluciones/AUTOS%202006/AUTOS%202006%202601%20-%202700/INDEX.DAT HTTP/1.1" 200 4000
201.245.192.253 - - [24/Feb/2019:17:49:31 -0500] "GET /galeria/nivo-slider/demo/images/Banner%20Politica%20Publica%20CONPES%20(1).ai HTTP/1.1" 206 1
201.245.192.253 - - [24/Feb/2019:17:49:31 -0500] "GET /galeria/nivo-slider/demo/images/Banner%20Politica%20Publica%20CONPES%20(1).ai HTTP/1.1" 206 1689512
201.245.192.253 - - [24/Feb/2019:17:49:41 -0500] "GET /galeria/nivo-slider/demo/images/Banner%20Politica%20Publica%20CONPES%20(1).ai HTTP/1.1" 206 1
201.245.192.253 - - [24/Feb/2019:17:49:41 -0500] "GET /galeria/nivo-slider/demo/images/Banner%20Politica%20Publica%20CONPES%20(1).ai HTTP/1.1" 206 1689512
201.245.192.253 - - [24/Feb/2019:17:49:45 -0500] "GET /galeria/nivo-slider/demo/images/Banner%20Politica%20Publica%20CONPES%20(1).ai HTTP/1.1" 206 1
201.245.192.253 - - [24/Feb/2019:17:49:45 -0500] "GET /galeria/nivo-slider/demo/images/Banner%20Politica%20Publica%20CONPES%20(1).ai HTTP/1.1" 206 1689512
192.168.175.104 - - [24/Feb/2019:17:49:47 -0500] "GET / HTTP/1.0" 200 9990
201.245.192.253 - - [24/Feb/2019:17:49:55 -0500] "GET /galeria/nivo-slider/demo/images/Banner%20Politica%20Publica%20CONPES%20(1).ai HTTP/1.1" 206 1
201.245.192.253 - - [24/Feb/2019:17:49:55 -0500] "GET /galeria/nivo-slider/demo/images/Banner%20Politica%20Publica%20CONPES%20(1).ai HTTP/1.1" 206 1689512
201.245.192.253 - - [24/Feb/2019:17:50:06 -0500] "GET /galeria/nivo-slider/demo/images/Banner%20Politica%20Publica%20CONPES%20(1).ai HTTP/1.1" 206 1
201.245.192.253 - - [24/Feb/2019:17:50:06 -0500] "GET /galeria/nivo-slider/demo/images/Banner%20Politica%20Publica%20CONPES%20(1).ai HTTP/1.1" 206 1689512
5.255.250.154 - - [24/Feb/2019:17:50:12 -0500] "GET /robots.txt HTTP/1.1" 404 1019
5.255.250.154 - - [24/Feb/2019:17:50:15 -0500] "GET /PruebasSTORM/StormSDA_pruebas/userFiles/user_files/formulas/3/700.xml HTTP/1.1" 200 971
201.245.192.253 - - [24/Feb/2019:17:50:16 -0500] "GET /galeria/nivo-slider/demo/images/Banner%20Politica%20Publica%20CONPES%20(1).ai HTTP/1.1" 206 1
201.245.192.253 - - [24/Feb/2019:17:50:16 -0500] "GET /galeria/nivo-slider/demo/images/Banner%20Politica%20Publica%20CONPES%20(1).ai HTTP/1.1" 206 1689512
186.86.31.105 - - [24/Feb/2019:17:50:32 -0500] "GET /BLA/resoluciones/RESOLUCIONES%202007/RES%202007%204101%20AL%204200/RESOLUCION%204184%20DE%202007.pdf HTTP/1.1" 200 350297
186.86.31.105 - - [24/Feb/2019:17:50:33 -0500] "GET /favicon.ico HTTP/1.1" 200 7782
190.145.110.41 - - [24/Feb/2019:17:51:22 -0500] "GET /BLA/boletinlegal/jurisprudencia/analisis/Analisis%20jurisprudencial%20Sentencia%20C-366-11.doc HTTP/1.1" 200 59392
192.168.175.104 - - [24/Feb/2019:17:51:51 -0500] "GET / HTTP/1.1" 200 9990
207.46.13.214 - - [24/Feb/2019:17:51:59 -0500] "GET /galeria/juegos/ear/EARI.swf HTTP/1.1" 200 526915
190.144.166.61 - - [24/Feb/2019:17:52:40 -0500] "GET /galeria/nivo-slider/demo/images/Banner%20Politica%20Publica%20CONPES%20(1).ai HTTP/1.1" 206 1
190.144.166.61 - - [24/Feb/2019:17:52:40 -0500] "GET /galeria/nivo-slider/demo/images/Banner%20Politica%20Publica%20CONPES%20(1).ai HTTP/1.1" 206 1567889
201.245.192.253 - - [24/Feb/2019:17:52:47 -0500] "GET /galeria/nivo-slider/demo/images/Banner%20Politica%20Publica%20CONPES%20(1).ai HTTP/1.1" 206 1
201.245.192.253 - - [24/Feb/2019:17:52:47 -0500] "GET /galeria/nivo-slider/demo/images/Banner%20Politica%20Publica%20CONPES%20(1).ai HTTP/1.1" 206 1689512
190.144.166.61 - - [24/Feb/2019:17:52:50 -0500] "GET /galeria/nivo-slider/demo/images/Banner%20Politica%20Publica%20CONPES%20(1).ai HTTP/1.1" 206 1
190.144.166.61 - - [24/Feb/2019:17:52:50 -0500] "GET /galeria/nivo-slider/demo/images/Banner%20Politica%20Publica%20CONPES%20(1).ai HTTP/1.1" 206 1567889
201.245.192.253 - - [24/Feb/2019:17:52:57 -0500] "GET /galeria/nivo-slider/demo/images/Banner%20Politica%20Publica%20CONPES%20(1).ai HTTP/1.1" 206 1
201.245.192.253 - - [24/Feb/2019:17:52:57 -0500] "GET /galeria/nivo-slider/demo/images/Banner%20Politica%20Publica%20CONPES%20(1).ai HTTP/1.1" 206 1689512
66.249.75.94 - - [24/Feb/2019:17:53:06 -0500] "GET /autoliquidacion/TR%C3%81MITES%20ACEITES-RESIDUOS-ESTACIONES/REG.%20GENERADOR/Solicitud%20de%20Modificaciones%20de%20Registro%20Generador%20RESPEL.xls HTTP/1.1" 200 685568
201.245.192.253 - - [24/Feb/2019:17:53:41 -0500] "GET /galeria/nivo-slider/demo/images/Banner%20Politica%20Publica%20CONPES%20(1).ai HTTP/1.1" 206 1
201.245.192.253 - - [24/Feb/2019:17:53:41 -0500] "GET /galeria/nivo-slider/demo/images/Banner%20Politica%20Publica%20CONPES%20(1).ai HTTP/1.1" 206 1689512
201.245.192.253 - - [24/Feb/2019:17:53:51 -0500] "GET /galeria/nivo-slider/demo/images/Banner%20Politica%20Publica%20CONPES%20(1).ai HTTP/1.1" 206 1
201.245.192.253 - - [24/Feb/2019:17:53:51 -0500] "GET /galeria/nivo-slider/demo/images/Banner%20Politica%20Publica%20CONPES%20(1).ai HTTP/1.1" 206 1689512
69.162.124.233 - - [24/Feb/2019:17:53:53 -0500] "HEAD / HTTP/1.1" 200 -
181.51.40.147 - - [24/Feb/2019:17:53:54 -0500] "GET /galeria/nivo-slider/demo/images/Banner_micrositio.png HTTP/1.1" 200 146950
201.245.192.253 - - [24/Feb/2019:17:53:55 -0500] "GET /galeria/nivo-slider/demo/images/Banner%20Politica%20Publica%20CONPES%20(1).ai HTTP/1.1" 206 1
201.245.192.253 - - [24/Feb/2019:17:53:55 -0500] "GET /galeria/nivo-slider/demo/images/Banner%20Politica%20Publica%20CONPES%20(1).ai HTTP/1.1" 206 1689512
201.245.192.253 - - [24/Feb/2019:17:54:05 -0500] "GET /galeria/nivo-slider/demo/images/Banner%20Politica%20Publica%20CONPES%20(1).ai HTTP/1.1" 206 1
201.245.192.253 - - [24/Feb/2019:17:54:05 -0500] "GET /galeria/nivo-slider/demo/images/Banner%20Politica%20Publica%20CONPES%20(1).ai HTTP/1.1" 206 1689512
201.245.192.253 - - [24/Feb/2019:17:54:16 -0500] "GET /galeria/nivo-slider/demo/images/Banner%20Politica%20Publica%20CONPES%20(1).ai HTTP/1.1" 206 1
201.245.192.253 - - [24/Feb/2019:17:54:16 -0500] "GET /galeria/nivo-slider/demo/images/Banner%20Politica%20Publica%20CONPES%20(1).ai HTTP/1.1" 206 1689512
201.245.192.253 - - [24/Feb/2019:17:54:26 -0500] "GET /galeria/nivo-slider/demo/images/Banner%20Politica%20Publica%20CONPES%20(1).ai HTTP/1.1" 206 1
201.245.192.253 - - [24/Feb/2019:17:54:26 -0500] "GET /galeria/nivo-slider/demo/images/Banner%20Politica%20Publica%20CONPES%20(1).ai HTTP/1.1" 206 1689512
186.84.89.249 - - [24/Feb/2019:17:54:26 -0500] "GET /galeria/galeria/fotos/Huemdal-Cordoba3G.jpg HTTP/1.1" 200 445563
40.77.167.43 - - [24/Feb/2019:17:54:44 -0500] "GET /POT-2013/Cartografia/09_EEP.pdf HTTP/1.1" 200 3326963
192.168.175.104 - - [24/Feb/2019:17:54:46 -0500] "GET / HTTP/1.0" 200 9990
5.255.250.75 - - [24/Feb/2019:17:54:49 -0500] "GET /galeria/nivo-slider/themes/?C=D;O=A HTTP/1.1" 200 1425
186.96.100.21 - - [24/Feb/2019:17:54:58 -0500] "GET /BLA/resoluciones/RESOLUCIONES%202015/1392.pdf HTTP/1.1" 200 879873
54.36.150.37 - - [24/Feb/2019:17:55:15 -0500] "GET /BLA/resoluciones/RESOLUCIONES%202005/RES%202005%20551-600/00000568.tif HTTP/1.1" 200 124160
181.63.123.114 - - [24/Feb/2019:17:55:41 -0500] "GET /BLA/resoluciones/RESOLUCIONES%202008/3833.pdf HTTP/1.1" 200 295617
66.249.75.94 - - [24/Feb/2019:17:56:01 -0500] "GET /BLA/resoluciones/RESOLUCIONES%202007/RES%202007%20801%20AL%20900/RESOLUCION%200808%20DE%202007.pdf HTTP/1.1" 200 157096
66.249.75.94 - - [24/Feb/2019:17:56:25 -0500] "GET /BLA/resoluciones/Notificaciones/AUTOS%202013/3175.doc HTTP/1.1" 200 904704
186.113.102.230 - - [24/Feb/2019:17:56:29 -0500] "GET /BLA/boletinlegal/jurisprudencia/analisis/CUADRO%20SENTENCIA%20C-222%20DE%202011.doc HTTP/1.1" 200 34816
54.36.148.145 - - [24/Feb/2019:17:56:37 -0500] "GET /BLA/resoluciones/RESOLUCIONES%202005/RES%202005%203101-3150/00003148.tif HTTP/1.1" 200 171556
192.168.175.104 - - [24/Feb/2019:17:56:49 -0500] "GET / HTTP/1.1" 200 9990
190.144.166.61 - - [24/Feb/2019:17:56:50 -0500] "GET /galeria/nivo-slider/demo/images/Banner%20Politica%20Publica%20CONPES%20(1).ai HTTP/1.1" 206 1
190.144.166.61 - - [24/Feb/2019:17:56:50 -0500] "GET /galeria/nivo-slider/demo/images/Banner%20Politica%20Publica%20CONPES%20(1).ai HTTP/1.1" 206 1567889
201.245.192.253 - - [24/Feb/2019:17:56:57 -0500] "GET /galeria/nivo-slider/demo/images/Banner%20Politica%20Publica%20CONPES%20(1).ai HTTP/1.1" 206 1
201.245.192.253 - - [24/Feb/2019:17:56:57 -0500] "GET /galeria/nivo-slider/demo/images/Banner%20Politica%20Publica%20CONPES%20(1).ai HTTP/1.1" 206 1689512
190.144.166.61 - - [24/Feb/2019:17:57:00 -0500] "GET /galeria/nivo-slider/demo/images/Banner%20Politica%20Publica%20CONPES%20(1).ai HTTP/1.1" 206 1
190.144.166.61 - - [24/Feb/2019:17:57:00 -0500] "GET /galeria/nivo-slider/demo/images/Banner%20Politica%20Publica%20CONPES%20(1).ai HTTP/1.1" 206 1567889
201.245.192.253 - - [24/Feb/2019:17:57:07 -0500] "GET /galeria/nivo-slider/demo/images/Banner%20Politica%20Publica%20CONPES%20(1).ai HTTP/1.1" 206 1
201.245.192.253 - - [24/Feb/2019:17:57:07 -0500] "GET /galeria/nivo-slider/demo/images/Banner%20Politica%20Publica%20CONPES%20(1).ai HTTP/1.1" 206 1689512
54.36.149.7 - - [24/Feb/2019:17:57:10 -0500] "GET /BLA/resoluciones/RESOLUCIONES%202006/RES%202006%201901-1950/00001948.tif HTTP/1.1" 200 181124
66.249.75.94 - - [24/Feb/2019:17:57:13 -0500] "GET /BLA/resoluciones/RESOLUCIONES%202012/0647.pdf HTTP/1.1" 200 799077
54.36.148.25 - - [24/Feb/2019:17:57:35 -0500] "GET /BLA/resoluciones/index.php?dir=RESOLUCIONES+2003%2FRES+2003+801-850%2F HTTP/1.1" 200 11308
181.61.171.207 - - [24/Feb/2019:17:57:43 -0500] "GET /BLA/resoluciones/RESOLUCIONES%202008/2580.pdf HTTP/1.1" 200 830963
181.61.171.207 - - [24/Feb/2019:17:57:43 -0500] "GET /favicon.ico HTTP/1.1" 200 7782
201.245.192.253 - - [24/Feb/2019:17:57:51 -0500] "GET /galeria/nivo-slider/demo/images/Banner%20Politica%20Publica%20CONPES%20(1).ai HTTP/1.1" 206 1
201.245.192.253 - - [24/Feb/2019:17:57:51 -0500] "GET /galeria/nivo-slider/demo/images/Banner%20Politica%20Publica%20CONPES%20(1).ai HTTP/1.1" 206 1689512
201.245.192.253 - - [24/Feb/2019:17:58:01 -0500] "GET /galeria/nivo-slider/demo/images/Banner%20Politica%20Publica%20CONPES%20(1).ai HTTP/1.1" 206 1
201.245.192.253 - - [24/Feb/2019:17:58:01 -0500] "GET /galeria/nivo-slider/demo/images/Banner%20Politica%20Publica%20CONPES%20(1).ai HTTP/1.1" 206 1689512
191.102.238.125 - - [24/Feb/2019:17:58:03 -0500] "GET /BLA/resoluciones/RESOLUCIONES%202010/5757.pdf HTTP/1.1" 200 40032
201.245.192.253 - - [24/Feb/2019:17:58:05 -0500] "GET /galeria/nivo-slider/demo/images/Banner%20Politica%20Publica%20CONPES%20(1).ai HTTP/1.1" 206 1
201.245.192.253 - - [24/Feb/2019:17:58:05 -0500] "GET /galeria/nivo-slider/demo/images/Banner%20Politica%20Publica%20CONPES%20(1).ai HTTP/1.1" 206 1689512
191.102.238.125 - - [24/Feb/2019:17:58:06 -0500] "GET /favicon.ico HTTP/1.1" 200 7782
201.245.192.253 - - [24/Feb/2019:17:58:15 -0500] "GET /galeria/nivo-slider/demo/images/Banner%20Politica%20Publica%20CONPES%20(1).ai HTTP/1.1" 206 1
201.245.192.253 - - [24/Feb/2019:17:58:15 -0500] "GET /galeria/nivo-slider/demo/images/Banner%20Politica%20Publica%20CONPES%20(1).ai HTTP/1.1" 206 1689512
54.36.150.164 - - [24/Feb/2019:17:58:22 -0500] "GET /BLA/resoluciones/RESOLUCIONES%202003/RES%202003%202001-2051/20032042.tif HTTP/1.1" 200 81240
201.245.192.253 - - [24/Feb/2019:17:58:26 -0500] "GET /galeria/nivo-slider/demo/images/Banner%20Politica%20Publica%20CONPES%20(1).ai HTTP/1.1" 206 1
201.245.192.253 - - [24/Feb/2019:17:58:26 -0500] "GET /galeria/nivo-slider/demo/images/Banner%20Politica%20Publica%20CONPES%20(1).ai HTTP/1.1" 206 1689512
186.84.89.249 - - [24/Feb/2019:17:58:27 -0500] "GET /galeria/galeria/fotos/Humedal-Vaca2G.jpg HTTP/1.1" 200 279730
201.245.192.253 - - [24/Feb/2019:17:58:36 -0500] "GET /galeria/nivo-slider/demo/images/Banner%20Politica%20Publica%20CONPES%20(1).ai HTTP/1.1" 206 1
201.245.192.253 - - [24/Feb/2019:17:58:36 -0500] "GET /galeria/nivo-slider/demo/images/Banner%20Politica%20Publica%20CONPES%20(1).ai HTTP/1.1" 206 1689512
69.162.124.233 - - [24/Feb/2019:17:58:53 -0500] "HEAD / HTTP/1.1" 200 -
54.36.149.56 - - [24/Feb/2019:17:58:53 -0500] "GET /BLA/resoluciones/RESOLUCIONES%202006/RES%202006%202401-2450/00002420.tif HTTP/1.1" 200 202696
54.36.148.19 - - [24/Feb/2019:17:59:03 -0500] "GET /BLA/resoluciones/RESOLUCIONES%202006/RES%202006%20801-850/00000842.tif HTTP/1.1" 200 318978
66.249.75.94 - - [24/Feb/2019:17:59:38 -0500] "GET /BLA/resoluciones/RESOLUCIONES%202015/0350.pdf HTTP/1.1" 200 409473
192.168.175.104 - - [24/Feb/2019:17:59:39 -0500] "GET / HTTP/1.0" 200 9990
66.249.75.95 - - [24/Feb/2019:18:00:02 -0500] "GET /BLA/resoluciones/AUTOS%202015/6384.pdf HTTP/1.1" 200 662197
54.36.148.234 - - [24/Feb/2019:18:00:03 -0500] "GET /BLA/resoluciones/RESOLUCIONES%202003/RES%202003%201051-1100/1086.tif HTTP/1.1" 200 135504
66.249.75.95 - - [24/Feb/2019:18:00:51 -0500] "GET /BLA/resoluciones/AUTOS%202014/5576.pdf HTTP/1.1" 200 1324123
190.144.166.61 - - [24/Feb/2019:18:01:00 -0500] "GET /galeria/nivo-slider/demo/images/Banner%20Politica%20Publica%20CONPES%20(1).ai HTTP/1.1" 206 1
190.144.166.61 - - [24/Feb/2019:18:01:00 -0500] "GET /galeria/nivo-slider/demo/images/Banner%20Politica%20Publica%20CONPES%20(1).ai HTTP/1.1" 206 1567889
201.245.192.253 - - [24/Feb/2019:18:01:07 -0500] "GET /galeria/nivo-slider/demo/images/Banner%20Politica%20Publica%20CONPES%20(1).ai HTTP/1.1" 206 1
201.245.192.253 - - [24/Feb/2019:18:01:07 -0500] "GET /galeria/nivo-slider/demo/images/Banner%20Politica%20Publica%20CONPES%20(1).ai HTTP/1.1" 206 1689512
5.255.250.154 - - [24/Feb/2019:18:01:08 -0500] "GET /PruebasSTORM/StormSDA_pruebas/userFiles/user_files/formulas/3/551.xml HTTP/1.1" 200 993
190.144.166.61 - - [24/Feb/2019:18:01:10 -0500] "GET /galeria/nivo-slider/demo/images/Banner%20Politica%20Publica%20CONPES%20(1).ai HTTP/1.1" 206 1
190.144.166.61 - - [24/Feb/2019:18:01:10 -0500] "GET /galeria/nivo-slider/demo/images/Banner%20Politica%20Publica%20CONPES%20(1).ai HTTP/1.1" 206 1567889
66.249.75.95 - - [24/Feb/2019:18:01:15 -0500] "GET /BLA/resoluciones/RESOLUCIONES%202007/RES%202007%204201%20AL%204300/RESOLUCION%204201%20DE%202007.pdf HTTP/1.1" 200 350155
201.245.192.253 - - [24/Feb/2019:18:01:17 -0500] "GET /galeria/nivo-slider/demo/images/Banner%20Politica%20Publica%20CONPES%20(1).ai HTTP/1.1" 206 1
201.245.192.253 - - [24/Feb/2019:18:01:17 -0500] "GET /galeria/nivo-slider/demo/images/Banner%20Politica%20Publica%20CONPES%20(1).ai HTTP/1.1" 206 1689512
35.205.75.161 - - [24/Feb/2019:18:01:44 -0500] "-" 408 -
192.168.175.104 - - [24/Feb/2019:18:01:47 -0500] "GET / HTTP/1.1" 200 9990
201.245.192.253 - - [24/Feb/2019:18:02:01 -0500] "GET /galeria/nivo-slider/demo/images/Banner%20Politica%20Publica%20CONPES%20(1).ai HTTP/1.1" 206 1
201.245.192.253 - - [24/Feb/2019:18:02:01 -0500] "GET /galeria/nivo-slider/demo/images/Banner%20Politica%20Publica%20CONPES%20(1).ai HTTP/1.1" 206 1689512
66.249.69.95 - - [24/Feb/2019:18:02:03 -0500] "GET /BLA/resoluciones/RESOLUCIONES%202008/2596.pdf HTTP/1.1" 200 97827
201.245.192.253 - - [24/Feb/2019:18:02:11 -0500] "GET /galeria/nivo-slider/demo/images/Banner%20Politica%20Publica%20CONPES%20(1).ai HTTP/1.1" 206 1
201.245.192.253 - - [24/Feb/2019:18:02:11 -0500] "GET /galeria/nivo-slider/demo/images/Banner%20Politica%20Publica%20CONPES%20(1).ai HTTP/1.1" 206 1689512
201.245.192.253 - - [24/Feb/2019:18:02:15 -0500] "GET /galeria/nivo-slider/demo/images/Banner%20Politica%20Publica%20CONPES%20(1).ai HTTP/1.1" 206 1
201.245.192.253 - - [24/Feb/2019:18:02:15 -0500] "GET /galeria/nivo-slider/demo/images/Banner%20Politica%20Publica%20CONPES%20(1).ai HTTP/1.1" 206 1689512
201.245.192.253 - - [24/Feb/2019:18:02:25 -0500] "GET /galeria/nivo-slider/demo/images/Banner%20Politica%20Publica%20CONPES%20(1).ai HTTP/1.1" 206 1
201.245.192.253 - - [24/Feb/2019:18:02:25 -0500] "GET /galeria/nivo-slider/demo/images/Banner%20Politica%20Publica%20CONPES%20(1).ai HTTP/1.1" 206 1689512
66.249.75.94 - - [24/Feb/2019:18:02:27 -0500] "GET /BLA/resoluciones/AUTOS%202014/1264.pdf HTTP/1.1" 200 204358
201.245.192.253 - - [24/Feb/2019:18:02:36 -0500] "GET /galeria/nivo-slider/demo/images/Banner%20Politica%20Publica%20CONPES%20(1).ai HTTP/1.1" 206 1
201.245.192.253 - - [24/Feb/2019:18:02:36 -0500] "GET /galeria/nivo-slider/demo/images/Banner%20Politica%20Publica%20CONPES%20(1).ai HTTP/1.1" 206 1689512
54.36.148.23 - - [24/Feb/2019:18:02:37 -0500] "GET /BLA/resoluciones/RESOLUCIONES%202004/RES%202004%20801-850/00000840.tif HTTP/1.1" 200 59488
201.245.192.253 - - [24/Feb/2019:18:02:46 -0500] "GET /galeria/nivo-slider/demo/images/Banner%20Politica%20Publica%20CONPES%20(1).ai HTTP/1.1" 206 1
201.245.192.253 - - [24/Feb/2019:18:02:46 -0500] "GET /galeria/nivo-slider/demo/images/Banner%20Politica%20Publica%20CONPES%20(1).ai HTTP/1.1" 206 1689512
66.249.75.65 - - [24/Feb/2019:18:02:52 -0500] "GET /BLA/resoluciones/RESOLUCIONES%202007/RES%202007%201501%20AL%201600/RESOLUCION%201531%20DE%202007.pdf HTTP/1.1" 200 469271
189.129.13.241 - - [24/Feb/2019:18:03:07 -0500] "GET /galeria/galeria/fotos/GuaymaralTorca4G.jpg HTTP/1.1" 200 373786
190.252.144.229 - - [24/Feb/2019:18:03:14 -0500] "GET /Residuos/textiles/files/guia_textiles.pdf HTTP/1.1" 200 12356716
190.252.144.229 - - [24/Feb/2019:18:03:15 -0500] "GET /favicon.ico HTTP/1.1" 200 7782
66.249.75.94 - - [24/Feb/2019:18:03:16 -0500] "GET /BLA/resoluciones/AUTOS%202016/0615.pdf HTTP/1.1" 200 701331
190.9.202.209 - - [24/Feb/2019:18:03:18 -0500] "GET /BLA/resoluciones/RESOLUCIONES%202008/3678.pdf HTTP/1.1" 200 846155
190.9.202.209 - - [24/Feb/2019:18:03:19 -0500] "GET /favicon.ico HTTP/1.1" 200 7782
181.50.142.36 - - [24/Feb/2019:18:03:19 -0500] "GET /galeria/galeria/fotos/GuaymaralTorca4G.jpg HTTP/1.1" 200 373786
54.36.148.79 - - [24/Feb/2019:18:03:31 -0500] "GET /BLA/resoluciones/RESOLUCIONES%202005/RES%202005%202901-2950/00002940.tif HTTP/1.1" 200 38056
66.249.75.94 - - [24/Feb/2019:18:03:40 -0500] "GET /BLA/resoluciones/AUTOS%202008/1681.pdf HTTP/1.1" 200 171165
69.162.124.233 - - [24/Feb/2019:18:03:53 -0500] "HEAD / HTTP/1.1" 200 -
66.249.75.94 - - [24/Feb/2019:18:04:04 -0500] "GET /BLA/resoluciones/RESOLUCIONES%202017/2466.pdf HTTP/1.1" 200 279568
54.36.150.47 - - [24/Feb/2019:18:04:26 -0500] "GET /BLA/resoluciones/AUTOS%202006/AUTOS%202006%20101-200/00000141.tif HTTP/1.1" 200 39736
66.249.69.91 - - [24/Feb/2019:18:04:28 -0500] "GET /BLA/resoluciones/RESOLUCIONES%202017/0227.pdf HTTP/1.1" 200 481300
192.168.175.104 - - [24/Feb/2019:18:04:36 -0500] "GET / HTTP/1.0" 200 9990
190.144.166.61 - - [24/Feb/2019:18:05:10 -0500] "GET /galeria/nivo-slider/demo/images/Banner%20Politica%20Publica%20CONPES%20(1).ai HTTP/1.1" 206 1
190.144.166.61 - - [24/Feb/2019:18:05:10 -0500] "GET /galeria/nivo-slider/demo/images/Banner%20Politica%20Publica%20CONPES%20(1).ai HTTP/1.1" 206 1567889
66.249.75.94 - - [24/Feb/2019:18:05:17 -0500] "GET /BLA/resoluciones/RESOLUCIONES%202007/RES%202007%201501%20AL%201600/RESOLUCION%201547%20DE%202007.pdf HTTP/1.1" 200 1022571
201.245.192.253 - - [24/Feb/2019:18:05:17 -0500] "GET /galeria/nivo-slider/demo/images/Banner%20Politica%20Publica%20CONPES%20(1).ai HTTP/1.1" 206 1
201.245.192.253 - - [24/Feb/2019:18:05:17 -0500] "GET /galeria/nivo-slider/demo/images/Banner%20Politica%20Publica%20CONPES%20(1).ai HTTP/1.1" 206 1689512
190.144.166.61 - - [24/Feb/2019:18:05:20 -0500] "GET /galeria/nivo-slider/demo/images/Banner%20Politica%20Publica%20CONPES%20(1).ai HTTP/1.1" 206 1
190.144.166.61 - - [24/Feb/2019:18:05:20 -0500] "GET /galeria/nivo-slider/demo/images/Banner%20Politica%20Publica%20CONPES%20(1).ai HTTP/1.1" 206 1567889
201.245.192.253 - - [24/Feb/2019:18:05:27 -0500] "GET /galeria/nivo-slider/demo/images/Banner%20Politica%20Publica%20CONPES%20(1).ai HTTP/1.1" 206 1
201.245.192.253 - - [24/Feb/2019:18:05:27 -0500] "GET /galeria/nivo-slider/demo/images/Banner%20Politica%20Publica%20CONPES%20(1).ai HTTP/1.1" 206 1689512
54.36.149.47 - - [24/Feb/2019:18:05:29 -0500] "GET /BLA/resoluciones/RESOLUCIONES%202004/RES%202004%201351-1400/00001357.tif HTTP/1.1" 200 203430
54.36.148.221 - - [24/Feb/2019:18:05:31 -0500] "GET /BLA/resoluciones/RESOLUCIONES%202005/RES%202005%2051-100/00000084.tif HTTP/1.1" 200 125402
186.96.100.21 - - [24/Feb/2019:18:05:38 -0500] "GET /BLA/resoluciones/RESOLUCIONES%202015/1392.pdf HTTP/1.1" 206 1
186.96.100.21 - - [24/Feb/2019:18:05:38 -0500] "GET /BLA/resoluciones/RESOLUCIONES%202015/1392.pdf HTTP/1.1" 206 764805
66.249.75.95 - - [24/Feb/2019:18:05:41 -0500] "GET /BLA/resoluciones/RESOLUCIONES%202017/0548.pdf HTTP/1.1" 200 329574
193.56.242.64 - - [24/Feb/2019:18:05:44 -0500] "GET /galeria/galeria/fotos/Humedal-Santa-Mar%C3%ADa-del-Lago4G.jpg HTTP/1.1" 200 361652
201.245.192.253 - - [24/Feb/2019:18:06:11 -0500] "GET /galeria/nivo-slider/demo/images/Banner%20Politica%20Publica%20CONPES%20(1).ai HTTP/1.1" 206 1
201.245.192.253 - - [24/Feb/2019:18:06:11 -0500] "GET /galeria/nivo-slider/demo/images/Banner%20Politica%20Publica%20CONPES%20(1).ai HTTP/1.1" 206 1689512
201.245.192.253 - - [24/Feb/2019:18:06:21 -0500] "GET /galeria/nivo-slider/demo/images/Banner%20Politica%20Publica%20CONPES%20(1).ai HTTP/1.1" 206 1
201.245.192.253 - - [24/Feb/2019:18:06:21 -0500] "GET /galeria/nivo-slider/demo/images/Banner%20Politica%20Publica%20CONPES%20(1).ai HTTP/1.1" 206 1689512
201.245.192.253 - - [24/Feb/2019:18:06:25 -0500] "GET /galeria/nivo-slider/demo/images/Banner%20Politica%20Publica%20CONPES%20(1).ai HTTP/1.1" 206 1
201.245.192.253 - - [24/Feb/2019:18:06:25 -0500] "GET /galeria/nivo-slider/demo/images/Banner%20Politica%20Publica%20CONPES%20(1).ai HTTP/1.1" 206 1689512
66.249.75.95 - - [24/Feb/2019:18:06:29 -0500] "GET /BLA/resoluciones/AUTOS%202014/3822.pdf HTTP/1.1" 200 572281
201.245.192.253 - - [24/Feb/2019:18:06:35 -0500] "GET /galeria/nivo-slider/demo/images/Banner%20Politica%20Publica%20CONPES%20(1).ai HTTP/1.1" 206 1
201.245.192.253 - - [24/Feb/2019:18:06:35 -0500] "GET /galeria/nivo-slider/demo/images/Banner%20Politica%20Publica%20CONPES%20(1).ai HTTP/1.1" 206 1689512
192.168.175.104 - - [24/Feb/2019:18:06:45 -0500] "GET / HTTP/1.1" 200 9990
201.245.192.253 - - [24/Feb/2019:18:06:46 -0500] "GET /galeria/nivo-slider/demo/images/Banner%20Politica%20Publica%20CONPES%20(1).ai HTTP/1.1" 206 1
201.245.192.253 - - [24/Feb/2019:18:06:46 -0500] "GET /galeria/nivo-slider/demo/images/Banner%20Politica%20Publica%20CONPES%20(1).ai HTTP/1.1" 206 1689512
66.249.75.94 - - [24/Feb/2019:18:06:54 -0500] "GET /BLA/resoluciones/AUTOS%202014/2927.pdf HTTP/1.1" 200 775535
201.245.192.253 - - [24/Feb/2019:18:06:56 -0500] "GET /galeria/nivo-slider/demo/images/Banner%20Politica%20Publica%20CONPES%20(1).ai HTTP/1.1" 206 1
201.245.192.253 - - [24/Feb/2019:18:06:56 -0500] "GET /galeria/nivo-slider/demo/images/Banner%20Politica%20Publica%20CONPES%20(1).ai HTTP/1.1" 206 1689512
186.81.117.134 - - [24/Feb/2019:18:07:00 -0500] "GET /galeria/galeria/fotos/Humedal-Tibanica2G.jpg HTTP/1.1" 200 535148
40.77.167.131 - - [24/Feb/2019:18:07:11 -0500] "GET /SIG/Gesti%C3%B3n%20Ambiental/126PM03-PR23.pdf HTTP/1.1" 200 378889
23.237.4.26 - - [24/Feb/2019:18:07:18 -0500] "GET / HTTP/1.1" 200 9990
66.249.75.95 - - [24/Feb/2019:18:07:18 -0500] "GET /BLA/resoluciones/RESOLUCIONES%202008/2276.pdf HTTP/1.1" 200 198406
23.237.4.26 - - [24/Feb/2019:18:07:20 -0500] "GET /www.ambientebogota.gov.co:81/ HTTP/1.1" 403 1017
66.249.75.94 - - [24/Feb/2019:18:07:42 -0500] "GET /BLA/resoluciones/RESOLUCIONES%202007/RES%202007%202401%20AL%202500/RESOLUCION%202483%20DE%202007.pdf HTTP/1.1" 200 413142
54.36.148.254 - - [24/Feb/2019:18:08:01 -0500] "GET /BLA/resoluciones/RESOLUCIONES%202003/RES%202003%20251-300/262.tif HTTP/1.1" 200 58372
181.50.142.36 - - [24/Feb/2019:18:08:05 -0500] "GET /galeria/galeria/fotos/Huemdal-Cordoba3G.jpg HTTP/1.1" 200 445563
66.249.75.94 - - [24/Feb/2019:18:08:06 -0500] "GET /BLA/resoluciones/AUTOS%202007/1796.pdf HTTP/1.1" 200 77861
190.142.82.234 - - [24/Feb/2019:18:08:19 -0500] "-" 408 -
190.142.82.234 - - [24/Feb/2019:18:08:19 -0500] "-" 408 -
66.249.75.94 - - [24/Feb/2019:18:08:30 -0500] "GET /BLA/resoluciones/AUTOS%202014/0071.pdf HTTP/1.1" 200 658929
69.162.124.233 - - [24/Feb/2019:18:08:53 -0500] "HEAD / HTTP/1.1" 200 -
54.36.150.178 - - [24/Feb/2019:18:08:53 -0500] "GET /BLA/resoluciones/RESOLUCIONES%202004/RES%202004%20751-800/00000763.tif HTTP/1.1" 200 328204
66.249.69.164 - - [24/Feb/2019:18:08:54 -0500] "GET /BLA/boletinlegal/Directivas/2011/Directiva%20No.%2010%20del%2028%20de%20Septiembre%20de%202011.pdf HTTP/1.1" 200 465887
173.252.127.20 - - [24/Feb/2019:18:09:16 -0500] "GET /galeria/galeria/fotos/Jaboque2G.jpg HTTP/1.1" 200 322400
173.252.127.13 - - [24/Feb/2019:18:09:16 -0500] "GET /galeria/galeria/fotos/Jaboque2G.jpg HTTP/1.1" 200 322400
173.252.127.1 - - [24/Feb/2019:18:09:16 -0500] "GET /galeria/galeria/fotos/Jaboque2G.jpg HTTP/1.1" 200 322400
173.252.127.21 - - [24/Feb/2019:18:09:16 -0500] "GET /galeria/galeria/fotos/Jaboque2G.jpg HTTP/1.1" 200 322400
173.252.127.34 - - [24/Feb/2019:18:09:16 -0500] "GET /galeria/galeria/fotos/Jaboque2G.jpg HTTP/1.1" 200 322400
173.252.127.20 - - [24/Feb/2019:18:09:16 -0500] "GET /galeria/galeria/fotos/Jaboque2G.jpg HTTP/1.1" 200 322400
66.249.75.94 - - [24/Feb/2019:18:09:19 -0500] "GET /BLA/resoluciones/RESOLUCIONES%202011/0399.pdf HTTP/1.1" 200 69327
173.252.127.6 - - [24/Feb/2019:18:09:19 -0500] "GET /galeria/galeria/fotos/Jaboque2G.jpg HTTP/1.1" 200 322400
173.252.127.36 - - [24/Feb/2019:18:09:20 -0500] "GET /galeria/galeria/fotos/Jaboque2G.jpg HTTP/1.1" 200 322400
190.144.166.61 - - [24/Feb/2019:18:09:20 -0500] "GET /galeria/nivo-slider/demo/images/Banner%20Politica%20Publica%20CONPES%20(1).ai HTTP/1.1" 206 1
190.144.166.61 - - [24/Feb/2019:18:09:20 -0500] "GET /galeria/nivo-slider/demo/images/Banner%20Politica%20Publica%20CONPES%20(1).ai HTTP/1.1" 206 1567889
201.245.192.253 - - [24/Feb/2019:18:09:27 -0500] "GET /galeria/nivo-slider/demo/images/Banner%20Politica%20Publica%20CONPES%20(1).ai HTTP/1.1" 206 1
201.245.192.253 - - [24/Feb/2019:18:09:27 -0500] "GET /galeria/nivo-slider/demo/images/Banner%20Politica%20Publica%20CONPES%20(1).ai HTTP/1.1" 206 1689512
40.77.167.43 - - [24/Feb/2019:18:09:28 -0500] "GET /SIG/Gesti%C3%B3n%20Ambiental/126PM03-PR14.pdf HTTP/1.1" 200 386760
190.144.166.61 - - [24/Feb/2019:18:09:30 -0500] "GET /galeria/nivo-slider/demo/images/Banner%20Politica%20Publica%20CONPES%20(1).ai HTTP/1.1" 206 1
190.144.166.61 - - [24/Feb/2019:18:09:30 -0500] "GET /galeria/nivo-slider/demo/images/Banner%20Politica%20Publica%20CONPES%20(1).ai HTTP/1.1" 206 1567889
192.168.175.104 - - [24/Feb/2019:18:09:35 -0500] "GET / HTTP/1.0" 200 9990
54.36.148.119 - - [24/Feb/2019:18:09:36 -0500] "GET /BLA/resoluciones/RESOLUCIONES%202002/RES%202002%2051-100/2002RES72.tif HTTP/1.1" 200 69756
201.245.192.253 - - [24/Feb/2019:18:09:37 -0500] "GET /galeria/nivo-slider/demo/images/Banner%20Politica%20Publica%20CONPES%20(1).ai HTTP/1.1" 206 1
201.245.192.253 - - [24/Feb/2019:18:09:37 -0500] "GET /galeria/nivo-slider/demo/images/Banner%20Politica%20Publica%20CONPES%20(1).ai HTTP/1.1" 206 1689512
186.155.53.176 - - [24/Feb/2019:18:09:54 -0500] "GET /BLA/resoluciones/AUTOS%202015/0496.pdf HTTP/1.1" 200 1795962
186.155.53.176 - - [24/Feb/2019:18:09:55 -0500] "GET /favicon.ico HTTP/1.1" 200 7782
186.155.53.176 - - [24/Feb/2019:18:09:57 -0500] "GET /BLA/resoluciones/AUTOS%202015/0496.pdf HTTP/1.1" 206 65536
186.155.53.176 - - [24/Feb/2019:18:09:57 -0500] "GET /BLA/resoluciones/AUTOS%202015/0496.pdf HTTP/1.1" 206 26490
186.155.53.176 - - [24/Feb/2019:18:09:57 -0500] "GET /BLA/resoluciones/AUTOS%202015/0496.pdf HTTP/1.1" 206 65536
186.155.53.176 - - [24/Feb/2019:18:09:58 -0500] "GET /BLA/resoluciones/AUTOS%202015/0496.pdf HTTP/1.1" 206 65536
186.155.53.176 - - [24/Feb/2019:18:09:58 -0500] "GET /BLA/resoluciones/AUTOS%202015/0496.pdf HTTP/1.1" 206 65536
186.155.53.176 - - [24/Feb/2019:18:09:58 -0500] "GET /BLA/resoluciones/AUTOS%202015/0496.pdf HTTP/1.1" 206 65536
186.155.53.176 - - [24/Feb/2019:18:09:58 -0500] "GET /BLA/resoluciones/AUTOS%202015/0496.pdf HTTP/1.1" 206 65536
186.155.53.176 - - [24/Feb/2019:18:09:58 -0500] "GET /BLA/resoluciones/AUTOS%202015/0496.pdf HTTP/1.1" 206 65536
66.249.69.164 - - [24/Feb/2019:18:10:01 -0500] "GET /videos/galeria-cronicas/js/jquery.jplayer.min.js HTTP/1.1" 200 43668
66.249.69.161 - - [24/Feb/2019:18:10:02 -0500] "GET /videos/galeria-cronicas/js/jplayer.playlist.min.js HTTP/1.1" 200 8608
66.249.69.164 - - [24/Feb/2019:18:10:03 -0500] "GET /videos/galeria-cronicas/skin/blue.monday/2jplayer.blue.monday.css HTTP/1.1" 200 12518
66.249.75.94 - - [24/Feb/2019:18:10:07 -0500] "GET /BLA/resoluciones/AUTOS%202011/7322.pdf HTTP/1.1" 200 143923
190.147.24.93 - - [24/Feb/2019:18:10:15 -0500] "GET /galeria/galeria/fotos/1GuaymaralTorcaG1.jpg HTTP/1.1" 200 36592
191.88.220.219 - - [24/Feb/2019:18:10:18 -0500] "GET /BLA/resoluciones/RESOLUCIONES%202007/RES%202007%201401%20AL%201500/RESOLUCION%201409%20DE%202007.pdf HTTP/1.1" 200 276957
191.88.220.219 - - [24/Feb/2019:18:10:19 -0500] "GET /favicon.ico HTTP/1.1" 200 7782
201.245.192.253 - - [24/Feb/2019:18:10:21 -0500] "GET /galeria/nivo-slider/demo/images/Banner%20Politica%20Publica%20CONPES%20(1).ai HTTP/1.1" 206 1
201.245.192.253 - - [24/Feb/2019:18:10:21 -0500] "GET /galeria/nivo-slider/demo/images/Banner%20Politica%20Publica%20CONPES%20(1).ai HTTP/1.1" 206 1689512
190.147.24.93 - - [24/Feb/2019:18:10:25 -0500] "GET /galeria/galeria/fotos/1GuaymaralTorcaG1.jpg HTTP/1.1" 200 36592
201.245.192.253 - - [24/Feb/2019:18:10:31 -0500] "GET /galeria/nivo-slider/demo/images/Banner%20Politica%20Publica%20CONPES%20(1).ai HTTP/1.1" 206 1
201.245.192.253 - - [24/Feb/2019:18:10:31 -0500] "GET /galeria/nivo-slider/demo/images/Banner%20Politica%20Publica%20CONPES%20(1).ai HTTP/1.1" 206 1689512
66.249.75.94 - - [24/Feb/2019:18:10:31 -0500] "GET /BLA/resoluciones/RESOLUCIONES%202008/3898.pdf HTTP/1.1" 200 299283
201.245.192.253 - - [24/Feb/2019:18:10:35 -0500] "GET /galeria/nivo-slider/demo/images/Banner%20Politica%20Publica%20CONPES%20(1).ai HTTP/1.1" 206 1
201.245.192.253 - - [24/Feb/2019:18:10:35 -0500] "GET /galeria/nivo-slider/demo/images/Banner%20Politica%20Publica%20CONPES%20(1).ai HTTP/1.1" 206 1689512
201.245.192.253 - - [24/Feb/2019:18:10:45 -0500] "GET /galeria/nivo-slider/demo/images/Banner%20Politica%20Publica%20CONPES%20(1).ai HTTP/1.1" 206 1
201.245.192.253 - - [24/Feb/2019:18:10:45 -0500] "GET /galeria/nivo-slider/demo/images/Banner%20Politica%20Publica%20CONPES%20(1).ai HTTP/1.1" 206 1689512
201.245.192.253 - - [24/Feb/2019:18:09:38 -0500] "POST /kwsrmcab/Wsrmcab HTTP/1.1" 200 29785
54.36.150.45 - - [24/Feb/2019:18:10:55 -0500] "GET /BLA/resoluciones/AUTOS%202006/AUTOS%202006%202101%20-%202200/00002115.tif HTTP/1.1" 200 57318
66.249.75.95 - - [24/Feb/2019:18:10:55 -0500] "GET /BLA/resoluciones/AUTOS%202012/1102.pdf HTTP/1.1" 200 278130
201.245.192.253 - - [24/Feb/2019:18:10:56 -0500] "GET /galeria/nivo-slider/demo/images/Banner%20Politica%20Publica%20CONPES%20(1).ai HTTP/1.1" 206 1
