201.245.192.253 - - [24/Feb/2019:13:48:16 -0500] "GET /galeria/nivo-slider/demo/images/Banner%20Politica%20Publica%20CONPES%20(1).ai HTTP/1.1" 206 1
201.245.192.253 - - [24/Feb/2019:13:48:16 -0500] "GET /galeria/nivo-slider/demo/images/Banner%20Politica%20Publica%20CONPES%20(1).ai HTTP/1.1" 206 1689512
192.168.175.104 - - [24/Feb/2019:13:48:25 -0500] "GET / HTTP/1.1" 200 9990
201.245.192.253 - - [24/Feb/2019:13:48:27 -0500] "GET /galeria/nivo-slider/demo/images/Banner%20Politica%20Publica%20CONPES%20(1).ai HTTP/1.1" 206 1
201.245.192.253 - - [24/Feb/2019:13:48:27 -0500] "GET /galeria/nivo-slider/demo/images/Banner%20Politica%20Publica%20CONPES%20(1).ai HTTP/1.1" 206 1689512
40.77.167.205 - - [24/Feb/2019:13:48:28 -0500] "GET /galeria/galeria/jquery.fancybox.css?v=2.1.5 HTTP/1.1" 200 4895
66.249.75.94 - - [24/Feb/2019:13:48:30 -0500] "GET /BLA/resoluciones/RESOLUCIONES%202010/6225.pdf HTTP/1.1" 200 15322524
201.245.192.253 - - [24/Feb/2019:13:48:37 -0500] "GET /galeria/nivo-slider/demo/images/Banner%20Politica%20Publica%20CONPES%20(1).ai HTTP/1.1" 206 1
201.245.192.253 - - [24/Feb/2019:13:48:37 -0500] "GET /galeria/nivo-slider/demo/images/Banner%20Politica%20Publica%20CONPES%20(1).ai HTTP/1.1" 206 1689512
69.162.124.233 - - [24/Feb/2019:13:48:55 -0500] "HEAD / HTTP/1.1" 200 -
66.249.75.79 - - [24/Feb/2019:13:49:03 -0500] "GET /BLA/resoluciones/Notificaciones/AUTOS%202014/3581.doc HTTP/1.1" 304 -
186.29.158.167 - - [24/Feb/2019:13:49:10 -0500] "GET /galeria/nivo-slider/demo/images/Banner%20Politica%20Publica%20CONPES%20(1).ai HTTP/1.1" 206 1
186.29.158.167 - - [24/Feb/2019:13:49:21 -0500] "GET /galeria/nivo-slider/demo/images/Banner%20Politica%20Publica%20CONPES%20(1).ai HTTP/1.1" 206 1
186.28.30.158 - - [24/Feb/2019:13:50:08 -0500] "GET /BLA/boletinlegal/style.css HTTP/1.1" 200 9406
186.28.30.158 - - [24/Feb/2019:13:50:08 -0500] "GET /BLA/boletinlegal/styles2.css HTTP/1.1" 200 1838
186.28.30.158 - - [24/Feb/2019:13:50:08 -0500] "GET /BLA/boletinlegal/js/jquery.js HTTP/1.1" 200 57254
186.28.30.158 - - [24/Feb/2019:13:50:08 -0500] "GET /BLA/boletinlegal/js/jquery.scrollShow.js HTTP/1.1" 200 4586
186.28.30.158 - - [24/Feb/2019:13:50:08 -0500] "GET /BLA/boletinlegal/js/jquery.scrollTo-min.js HTTP/1.1" 200 1150
186.28.30.158 - - [24/Feb/2019:13:50:08 -0500] "GET /BLA/boletinlegal/images/cabezote%20BLEGAL.jpg HTTP/1.1" 200 118164
186.28.30.158 - - [24/Feb/2019:13:50:08 -0500] "GET /BLA/boletinlegal/images/subscribe-icon-big.png HTTP/1.1" 200 47702
186.28.30.158 - - [24/Feb/2019:13:50:09 -0500] "GET /BLA/boletinlegal/images/historia.png HTTP/1.1" 200 52775
186.28.30.158 - - [24/Feb/2019:13:50:09 -0500] "GET /BLA/boletinlegal/images/registro-usuarios.png HTTP/1.1" 200 8106
186.28.30.158 - - [24/Feb/2019:13:50:09 -0500] "GET /BLA/boletinlegal/images/arr_l.jpg HTTP/1.1" 200 1979
186.28.30.158 - - [24/Feb/2019:13:50:09 -0500] "GET /BLA/boletinlegal/images/screen_1.png HTTP/1.1" 200 202547
186.28.30.158 - - [24/Feb/2019:13:50:09 -0500] "GET /BLA/boletinlegal/images/launch.jpg HTTP/1.1" 200 14577
186.28.30.158 - - [24/Feb/2019:13:50:09 -0500] "GET /BLA/boletinlegal/images/body_bg.jpg HTTP/1.1" 200 1601
186.28.30.158 - - [24/Feb/2019:13:50:09 -0500] "GET /BLA/boletinlegal/images/menu_lft.gif HTTP/1.1" 200 1713
186.28.30.158 - - [24/Feb/2019:13:50:09 -0500] "GET /BLA/boletinlegal/images/bg_top.jpg HTTP/1.1" 200 522
186.28.30.158 - - [24/Feb/2019:13:50:09 -0500] "GET /BLA/boletinlegal/images/menu_bg.jpg HTTP/1.1" 200 620
186.28.30.158 - - [24/Feb/2019:13:50:09 -0500] "GET /BLA/boletinlegal/images/text.jpg HTTP/1.1" 200 568
186.28.30.158 - - [24/Feb/2019:13:50:09 -0500] "GET /BLA/boletinlegal/images/hover.jpg HTTP/1.1" 200 640
186.28.30.158 - - [24/Feb/2019:13:50:09 -0500] "GET /BLA/boletinlegal/images/menu_rght.gif HTTP/1.1" 200 1627
54.36.148.125 - - [24/Feb/2019:13:50:13 -0500] "GET /BLA/resoluciones/RESOLUCIONES%202006/RES%202006%202701-2750/00002740.tif HTTP/1.1" 200 207116
186.28.30.158 - - [24/Feb/2019:13:50:13 -0500] "GET /BLA/boletinlegal/images/screen_2.png HTTP/1.1" 200 362502
186.28.30.158 - - [24/Feb/2019:13:50:13 -0500] "GET /BLA/boletinlegal/images/screen_3.png HTTP/1.1" 200 210620
186.28.30.158 - - [24/Feb/2019:13:50:13 -0500] "GET /BLA/boletinlegal/images/screen_5.png HTTP/1.1" 200 368876
186.28.30.158 - - [24/Feb/2019:13:50:13 -0500] "GET /BLA/boletinlegal/images/arr_r.jpg HTTP/1.1" 200 1998
186.28.30.158 - - [24/Feb/2019:13:50:13 -0500] "GET /BLA/boletinlegal/images/footer_bg.jpg HTTP/1.1" 200 586
186.28.30.158 - - [24/Feb/2019:13:50:20 -0500] "GET /BLA/boletinlegal/images/pdf.gif HTTP/1.1" 200 567
190.144.166.61 - - [24/Feb/2019:13:51:01 -0500] "GET /galeria/nivo-slider/demo/images/Banner%20Politica%20Publica%20CONPES%20(1).ai HTTP/1.1" 206 1
190.144.166.61 - - [24/Feb/2019:13:51:01 -0500] "GET /galeria/nivo-slider/demo/images/Banner%20Politica%20Publica%20CONPES%20(1).ai HTTP/1.1" 206 1567889
201.245.192.253 - - [24/Feb/2019:13:51:08 -0500] "GET /galeria/nivo-slider/demo/images/Banner%20Politica%20Publica%20CONPES%20(1).ai HTTP/1.1" 206 1
201.245.192.253 - - [24/Feb/2019:13:51:08 -0500] "GET /galeria/nivo-slider/demo/images/Banner%20Politica%20Publica%20CONPES%20(1).ai HTTP/1.1" 206 1689512
190.144.166.61 - - [24/Feb/2019:13:51:11 -0500] "GET /galeria/nivo-slider/demo/images/Banner%20Politica%20Publica%20CONPES%20(1).ai HTTP/1.1" 206 1
190.144.166.61 - - [24/Feb/2019:13:51:11 -0500] "GET /galeria/nivo-slider/demo/images/Banner%20Politica%20Publica%20CONPES%20(1).ai HTTP/1.1" 206 1567889
192.168.175.104 - - [24/Feb/2019:13:51:15 -0500] "GET / HTTP/1.0" 200 9990
201.245.192.253 - - [24/Feb/2019:13:51:18 -0500] "GET /galeria/nivo-slider/demo/images/Banner%20Politica%20Publica%20CONPES%20(1).ai HTTP/1.1" 206 1
201.245.192.253 - - [24/Feb/2019:13:51:18 -0500] "GET /galeria/nivo-slider/demo/images/Banner%20Politica%20Publica%20CONPES%20(1).ai HTTP/1.1" 206 1689512
66.249.75.69 - - [24/Feb/2019:13:51:19 -0500] "GET /BLA/resoluciones/RESOLUCIONES%202007/RES%202007%204001%20AL%204100/RESOLUCION%204090%20DE%202007.pdf HTTP/1.1" 304 -
186.28.30.158 - - [24/Feb/2019:13:50:07 -0500] "GET /BLA/boletinlegal/ HTTP/1.1" 200 65288
186.28.30.158 - - [24/Feb/2019:13:51:35 -0500] "GET /BLA/boletinlegal/images/img_1.jpg HTTP/1.1" 200 8067
186.28.30.158 - - [24/Feb/2019:13:51:35 -0500] "GET /BLA/boletinlegal/images/icono-email.png HTTP/1.1" 200 5544
186.28.30.158 - - [24/Feb/2019:13:51:35 -0500] "GET /BLA/boletinlegal/images/tel.png HTTP/1.1" 200 14477
186.28.30.158 - - [24/Feb/2019:13:51:35 -0500] "GET /BLA/boletinlegal/images/img_3.jpg HTTP/1.1" 200 1841
186.28.30.158 - - [24/Feb/2019:13:51:35 -0500] "GET /BLA/boletinlegal/images/footer_bg_l.jpg HTTP/1.1" 200 776
186.28.30.158 - - [24/Feb/2019:13:51:35 -0500] "GET /favicon.ico HTTP/1.1" 200 7782
54.36.148.77 - - [24/Feb/2019:13:51:43 -0500] "GET /BLA/resoluciones/RESOLUCIONES%202003/RES%202003%20051-100/2003RES62.tif HTTP/1.1" 200 87668
179.6.199.69 - - [24/Feb/2019:13:51:48 -0500] "GET /BLA/resoluciones/RESOLUCIONES%202007/RES%202007%203801%20AL%203900/RESOLUCION%203845%20DE%202007.pdf HTTP/1.1" 200 691797
201.245.192.253 - - [24/Feb/2019:13:52:02 -0500] "GET /galeria/nivo-slider/demo/images/Banner%20Politica%20Publica%20CONPES%20(1).ai HTTP/1.1" 206 1
201.245.192.253 - - [24/Feb/2019:13:52:02 -0500] "GET /galeria/nivo-slider/demo/images/Banner%20Politica%20Publica%20CONPES%20(1).ai HTTP/1.1" 206 1689512
201.245.192.253 - - [24/Feb/2019:13:52:12 -0500] "GET /galeria/nivo-slider/demo/images/Banner%20Politica%20Publica%20CONPES%20(1).ai HTTP/1.1" 206 1
201.245.192.253 - - [24/Feb/2019:13:52:12 -0500] "GET /galeria/nivo-slider/demo/images/Banner%20Politica%20Publica%20CONPES%20(1).ai HTTP/1.1" 206 1689512
201.245.192.253 - - [24/Feb/2019:13:52:16 -0500] "GET /galeria/nivo-slider/demo/images/Banner%20Politica%20Publica%20CONPES%20(1).ai HTTP/1.1" 206 1
201.245.192.253 - - [24/Feb/2019:13:52:16 -0500] "GET /galeria/nivo-slider/demo/images/Banner%20Politica%20Publica%20CONPES%20(1).ai HTTP/1.1" 206 1689512
201.245.192.253 - - [24/Feb/2019:13:52:26 -0500] "GET /galeria/nivo-slider/demo/images/Banner%20Politica%20Publica%20CONPES%20(1).ai HTTP/1.1" 206 1
201.245.192.253 - - [24/Feb/2019:13:52:26 -0500] "GET /galeria/nivo-slider/demo/images/Banner%20Politica%20Publica%20CONPES%20(1).ai HTTP/1.1" 206 1689512
201.245.192.253 - - [24/Feb/2019:13:52:37 -0500] "GET /galeria/nivo-slider/demo/images/Banner%20Politica%20Publica%20CONPES%20(1).ai HTTP/1.1" 206 1
201.245.192.253 - - [24/Feb/2019:13:52:37 -0500] "GET /galeria/nivo-slider/demo/images/Banner%20Politica%20Publica%20CONPES%20(1).ai HTTP/1.1" 206 1689512
201.245.192.253 - - [24/Feb/2019:13:52:47 -0500] "GET /galeria/nivo-slider/demo/images/Banner%20Politica%20Publica%20CONPES%20(1).ai HTTP/1.1" 206 1
201.245.192.253 - - [24/Feb/2019:13:52:47 -0500] "GET /galeria/nivo-slider/demo/images/Banner%20Politica%20Publica%20CONPES%20(1).ai HTTP/1.1" 206 1689512
200.25.59.65 - - [24/Feb/2019:13:52:52 -0500] "GET /galeria/nivo-slider/demo/images/Banner%20PGAE.jpg HTTP/1.1" 304 -
192.168.175.104 - - [24/Feb/2019:13:53:23 -0500] "GET / HTTP/1.1" 200 9990
54.36.148.62 - - [24/Feb/2019:13:53:26 -0500] "GET /galeria/galeria/fotos/JUACO.jpg HTTP/1.1" 200 2237707
54.36.149.97 - - [24/Feb/2019:13:53:31 -0500] "GET /BLA/resoluciones/RESOLUCIONES%202002/RES%202002%201651-1700/20021698.tif HTTP/1.1" 200 122760
69.162.124.233 - - [24/Feb/2019:13:53:55 -0500] "HEAD / HTTP/1.1" 200 -
201.185.133.49 - - [24/Feb/2019:13:54:29 -0500] "GET /Residuos/impresion/files/guia_impresion-lit.pdf HTTP/1.1" 200 12573981
181.53.12.113 - - [24/Feb/2019:13:54:32 -0500] "GET /galeria/galeria/fotos/1humedal-Burro1G.jpg HTTP/1.1" 200 132804
201.185.133.49 - - [24/Feb/2019:13:54:34 -0500] "GET /favicon.ico HTTP/1.1" 200 7782
190.60.194.2 - - [24/Feb/2019:13:54:38 -0500] "GET /galeria/galeria/fotos/Entrenube4G.jpg HTTP/1.1" 200 171047
54.36.148.93 - - [24/Feb/2019:13:54:45 -0500] "GET /BLA/resoluciones/RESOLUCIONES%202006/RES%202006%20201-250/00000249.tif HTTP/1.1" 200 32220
190.60.194.2 - - [24/Feb/2019:13:54:45 -0500] "GET /galeria/galeria/fotos/Entrenube2G.jpg HTTP/1.1" 200 111422
88.198.27.52 - - [24/Feb/2019:13:54:50 -0500] "GET / HTTP/1.1" 200 9990
40.77.167.15 - - [24/Feb/2019:13:54:52 -0500] "GET /BLA/resoluciones/RESOLUCIONES%202010/0298.pdf HTTP/1.1" 200 425929
54.36.150.55 - - [24/Feb/2019:13:54:58 -0500] "GET /BLA/resoluciones/AUTOS%202006/AUTOS%202006%202801%20-%202900/00002840.tif HTTP/1.1" 200 103170
190.60.194.2 - - [24/Feb/2019:13:54:59 -0500] "GET /galeria/galeria/fotos/Entrenube2G.jpg HTTP/1.1" 200 111422
181.53.12.113 - - [24/Feb/2019:13:55:01 -0500] "GET /galeria/galeria/fotos/4humedal-Burro4G.jpg HTTP/1.1" 200 98452
181.63.117.4 - - [24/Feb/2019:13:55:02 -0500] "GET /BLA/resoluciones/RESOLUCIONES%202014/2092.pdf HTTP/1.1" 200 703886
186.30.25.125 - - [24/Feb/2019:13:55:10 -0500] "GET /favicon.ico HTTP/1.1" 200 7782
190.144.166.61 - - [24/Feb/2019:13:55:11 -0500] "GET /galeria/nivo-slider/demo/images/Banner%20Politica%20Publica%20CONPES%20(1).ai HTTP/1.1" 206 1
190.144.166.61 - - [24/Feb/2019:13:55:11 -0500] "GET /galeria/nivo-slider/demo/images/Banner%20Politica%20Publica%20CONPES%20(1).ai HTTP/1.1" 206 1567889
201.245.192.253 - - [24/Feb/2019:13:55:18 -0500] "GET /galeria/nivo-slider/demo/images/Banner%20Politica%20Publica%20CONPES%20(1).ai HTTP/1.1" 206 1
201.245.192.253 - - [24/Feb/2019:13:55:18 -0500] "GET /galeria/nivo-slider/demo/images/Banner%20Politica%20Publica%20CONPES%20(1).ai HTTP/1.1" 206 1689512
190.144.166.61 - - [24/Feb/2019:13:55:21 -0500] "GET /galeria/nivo-slider/demo/images/Banner%20Politica%20Publica%20CONPES%20(1).ai HTTP/1.1" 206 1
190.144.166.61 - - [24/Feb/2019:13:55:21 -0500] "GET /galeria/nivo-slider/demo/images/Banner%20Politica%20Publica%20CONPES%20(1).ai HTTP/1.1" 206 1567889
201.245.192.253 - - [24/Feb/2019:13:55:28 -0500] "GET /galeria/nivo-slider/demo/images/Banner%20Politica%20Publica%20CONPES%20(1).ai HTTP/1.1" 206 1
201.245.192.253 - - [24/Feb/2019:13:55:28 -0500] "GET /galeria/nivo-slider/demo/images/Banner%20Politica%20Publica%20CONPES%20(1).ai HTTP/1.1" 206 1689512
66.249.75.94 - - [24/Feb/2019:13:55:45 -0500] "GET /BLA/resoluciones/RESOLUCIONES%202013/1262.pdf HTTP/1.1" 304 -
66.249.75.95 - - [24/Feb/2019:13:56:09 -0500] "GET /BLA/resoluciones/RESOLUCIONES%202016/1272.pdf HTTP/1.1" 200 617741
201.245.192.253 - - [24/Feb/2019:13:56:12 -0500] "GET /galeria/nivo-slider/demo/images/Banner%20Politica%20Publica%20CONPES%20(1).ai HTTP/1.1" 206 1
201.245.192.253 - - [24/Feb/2019:13:56:12 -0500] "GET /galeria/nivo-slider/demo/images/Banner%20Politica%20Publica%20CONPES%20(1).ai HTTP/1.1" 206 1689512
192.168.175.104 - - [24/Feb/2019:13:56:13 -0500] "GET / HTTP/1.0" 200 9990
201.245.192.253 - - [24/Feb/2019:13:56:22 -0500] "GET /galeria/nivo-slider/demo/images/Banner%20Politica%20Publica%20CONPES%20(1).ai HTTP/1.1" 206 1
201.245.192.253 - - [24/Feb/2019:13:56:22 -0500] "GET /galeria/nivo-slider/demo/images/Banner%20Politica%20Publica%20CONPES%20(1).ai HTTP/1.1" 206 1689512
201.245.192.253 - - [24/Feb/2019:13:56:26 -0500] "GET /galeria/nivo-slider/demo/images/Banner%20Politica%20Publica%20CONPES%20(1).ai HTTP/1.1" 206 1
201.245.192.253 - - [24/Feb/2019:13:56:26 -0500] "GET /galeria/nivo-slider/demo/images/Banner%20Politica%20Publica%20CONPES%20(1).ai HTTP/1.1" 206 1689512
201.245.192.253 - - [24/Feb/2019:13:56:36 -0500] "GET /galeria/nivo-slider/demo/images/Banner%20Politica%20Publica%20CONPES%20(1).ai HTTP/1.1" 206 1
201.245.192.253 - - [24/Feb/2019:13:56:36 -0500] "GET /galeria/nivo-slider/demo/images/Banner%20Politica%20Publica%20CONPES%20(1).ai HTTP/1.1" 206 1689512
201.245.192.253 - - [24/Feb/2019:13:56:47 -0500] "GET /galeria/nivo-slider/demo/images/Banner%20Politica%20Publica%20CONPES%20(1).ai HTTP/1.1" 206 1
201.245.192.253 - - [24/Feb/2019:13:56:47 -0500] "GET /galeria/nivo-slider/demo/images/Banner%20Politica%20Publica%20CONPES%20(1).ai HTTP/1.1" 206 1689512
201.245.192.253 - - [24/Feb/2019:13:56:57 -0500] "GET /galeria/nivo-slider/demo/images/Banner%20Politica%20Publica%20CONPES%20(1).ai HTTP/1.1" 206 1
201.245.192.253 - - [24/Feb/2019:13:56:57 -0500] "GET /galeria/nivo-slider/demo/images/Banner%20Politica%20Publica%20CONPES%20(1).ai HTTP/1.1" 206 1689512
54.36.149.88 - - [24/Feb/2019:13:57:35 -0500] "GET /BLA/resoluciones/RESOLUCIONES%202006/RES%202006%20501-550/00000501.tif HTTP/1.1" 200 127278
66.249.75.94 - - [24/Feb/2019:13:58:10 -0500] "GET /BLA/resoluciones/RESOLUCIONES%202007/RES%202007%20301%20AL%20400/RESOLUCION%200370%20DE%202007.pdf HTTP/1.1" 200 294512
192.168.175.104 - - [24/Feb/2019:13:58:21 -0500] "GET / HTTP/1.1" 200 9990
69.162.124.233 - - [24/Feb/2019:13:58:55 -0500] "HEAD / HTTP/1.1" 200 -
54.36.148.56 - - [24/Feb/2019:13:59:11 -0500] "GET /BLA/resoluciones/index.php?dir=RESOLUCIONES%202007/RES%202007%20301%20AL%20400/&sort=size&order=desc HTTP/1.1" 200 26380
190.144.166.61 - - [24/Feb/2019:13:59:21 -0500] "GET /galeria/nivo-slider/demo/images/Banner%20Politica%20Publica%20CONPES%20(1).ai HTTP/1.1" 206 1
201.245.192.253 - - [24/Feb/2019:13:59:28 -0500] "GET /galeria/nivo-slider/demo/images/Banner%20Politica%20Publica%20CONPES%20(1).ai HTTP/1.1" 206 1
201.245.192.253 - - [24/Feb/2019:13:59:28 -0500] "GET /galeria/nivo-slider/demo/images/Banner%20Politica%20Publica%20CONPES%20(1).ai HTTP/1.1" 206 1689512
190.144.166.61 - - [24/Feb/2019:13:59:31 -0500] "GET /galeria/nivo-slider/demo/images/Banner%20Politica%20Publica%20CONPES%20(1).ai HTTP/1.1" 206 1
190.144.166.61 - - [24/Feb/2019:13:59:31 -0500] "GET /galeria/nivo-slider/demo/images/Banner%20Politica%20Publica%20CONPES%20(1).ai HTTP/1.1" 206 1567889
201.245.192.253 - - [24/Feb/2019:13:59:38 -0500] "GET /galeria/nivo-slider/demo/images/Banner%20Politica%20Publica%20CONPES%20(1).ai HTTP/1.1" 206 1
201.245.192.253 - - [24/Feb/2019:13:59:38 -0500] "GET /galeria/nivo-slider/demo/images/Banner%20Politica%20Publica%20CONPES%20(1).ai HTTP/1.1" 206 1689512
54.36.149.15 - - [24/Feb/2019:13:59:44 -0500] "GET /BLA/resoluciones/RESOLUCIONES%202005/RES%202005%20201-250/00000241.tif HTTP/1.1" 200 125286
201.245.192.253 - - [24/Feb/2019:14:00:22 -0500] "GET /galeria/nivo-slider/demo/images/Banner%20Politica%20Publica%20CONPES%20(1).ai HTTP/1.1" 206 1
201.245.192.253 - - [24/Feb/2019:14:00:22 -0500] "GET /galeria/nivo-slider/demo/images/Banner%20Politica%20Publica%20CONPES%20(1).ai HTTP/1.1" 206 1689512
201.245.192.253 - - [24/Feb/2019:14:00:32 -0500] "GET /galeria/nivo-slider/demo/images/Banner%20Politica%20Publica%20CONPES%20(1).ai HTTP/1.1" 206 1
201.245.192.253 - - [24/Feb/2019:14:00:32 -0500] "GET /galeria/nivo-slider/demo/images/Banner%20Politica%20Publica%20CONPES%20(1).ai HTTP/1.1" 206 1689512
201.245.192.253 - - [24/Feb/2019:14:00:36 -0500] "GET /galeria/nivo-slider/demo/images/Banner%20Politica%20Publica%20CONPES%20(1).ai HTTP/1.1" 206 1
201.245.192.253 - - [24/Feb/2019:14:00:36 -0500] "GET /galeria/nivo-slider/demo/images/Banner%20Politica%20Publica%20CONPES%20(1).ai HTTP/1.1" 206 1689512
201.245.192.253 - - [24/Feb/2019:14:00:46 -0500] "GET /galeria/nivo-slider/demo/images/Banner%20Politica%20Publica%20CONPES%20(1).ai HTTP/1.1" 206 1
201.245.192.253 - - [24/Feb/2019:14:00:46 -0500] "GET /galeria/nivo-slider/demo/images/Banner%20Politica%20Publica%20CONPES%20(1).ai HTTP/1.1" 206 1689512
201.245.192.253 - - [24/Feb/2019:14:00:57 -0500] "GET /galeria/nivo-slider/demo/images/Banner%20Politica%20Publica%20CONPES%20(1).ai HTTP/1.1" 206 1
201.245.192.253 - - [24/Feb/2019:14:00:57 -0500] "GET /galeria/nivo-slider/demo/images/Banner%20Politica%20Publica%20CONPES%20(1).ai HTTP/1.1" 206 1689512
201.245.192.253 - - [24/Feb/2019:14:01:07 -0500] "GET /galeria/nivo-slider/demo/images/Banner%20Politica%20Publica%20CONPES%20(1).ai HTTP/1.1" 206 1
201.245.192.253 - - [24/Feb/2019:14:01:07 -0500] "GET /galeria/nivo-slider/demo/images/Banner%20Politica%20Publica%20CONPES%20(1).ai HTTP/1.1" 206 1689512
192.168.175.104 - - [24/Feb/2019:14:01:11 -0500] "GET / HTTP/1.0" 200 9990
54.36.150.135 - - [24/Feb/2019:14:01:17 -0500] "GET /BLA/resoluciones/RESOLUCIONES%202005/00001096.tif HTTP/1.1" 200 221778
54.36.149.0 - - [24/Feb/2019:14:01:19 -0500] "GET /BLA/resoluciones/AUTOS%202006/AUTOS%202006%202001%20-%202100/00002065.tif HTTP/1.1" 200 54176
66.249.69.167 - - [24/Feb/2019:14:01:48 -0500] "GET / HTTP/1.1" 200 9990
191.88.9.55 - - [24/Feb/2019:14:02:15 -0500] "GET /galeria/galeria/fotos/cusumbo4G.jpg HTTP/1.1" 200 292522
181.140.189.41 - - [24/Feb/2019:14:02:19 -0500] "GET /BLA/resoluciones/RESOLUCIONES%202015/3087.pdf HTTP/1.1" 200 530104
54.36.150.137 - - [24/Feb/2019:14:02:28 -0500] "GET /BLA/boletinlegal/conceptos.php HTTP/1.1" 200 7261
192.168.175.104 - - [24/Feb/2019:14:03:19 -0500] "GET / HTTP/1.1" 200 9990
66.249.75.94 - - [24/Feb/2019:14:03:25 -0500] "GET /BLA/resoluciones/RESOLUCIONES%202008/3611.pdf HTTP/1.1" 200 791210
181.132.88.121 - - [24/Feb/2019:14:03:28 -0500] "GET /BLA/resoluciones/RESOLUCIONES%202007/RES%202007%202301%20AL%202400/RESOLUCION%202356%20DE%202007.pdf HTTP/1.1" 200 221509
190.144.166.61 - - [24/Feb/2019:14:03:31 -0500] "GET /galeria/nivo-slider/demo/images/Banner%20Politica%20Publica%20CONPES%20(1).ai HTTP/1.1" 206 1
190.144.166.61 - - [24/Feb/2019:14:03:31 -0500] "GET /galeria/nivo-slider/demo/images/Banner%20Politica%20Publica%20CONPES%20(1).ai HTTP/1.1" 206 1567889
201.245.192.253 - - [24/Feb/2019:14:03:38 -0500] "GET /galeria/nivo-slider/demo/images/Banner%20Politica%20Publica%20CONPES%20(1).ai HTTP/1.1" 206 1
201.245.192.253 - - [24/Feb/2019:14:03:38 -0500] "GET /galeria/nivo-slider/demo/images/Banner%20Politica%20Publica%20CONPES%20(1).ai HTTP/1.1" 206 1689512
190.144.166.61 - - [24/Feb/2019:14:03:41 -0500] "GET /galeria/nivo-slider/demo/images/Banner%20Politica%20Publica%20CONPES%20(1).ai HTTP/1.1" 206 1
190.144.166.61 - - [24/Feb/2019:14:03:41 -0500] "GET /galeria/nivo-slider/demo/images/Banner%20Politica%20Publica%20CONPES%20(1).ai HTTP/1.1" 206 1567889
201.245.192.253 - - [24/Feb/2019:14:03:48 -0500] "GET /galeria/nivo-slider/demo/images/Banner%20Politica%20Publica%20CONPES%20(1).ai HTTP/1.1" 206 1
201.245.192.253 - - [24/Feb/2019:14:03:48 -0500] "GET /galeria/nivo-slider/demo/images/Banner%20Politica%20Publica%20CONPES%20(1).ai HTTP/1.1" 206 1689512
69.162.124.233 - - [24/Feb/2019:14:03:55 -0500] "HEAD / HTTP/1.1" 200 -
190.131.194.130 - - [24/Feb/2019:14:04:22 -0500] "GET /galeria/nivo-slider/demo/images/Cmapana-onestidad.jpg HTTP/1.1" 304 -
201.245.192.253 - - [24/Feb/2019:14:04:32 -0500] "GET /galeria/nivo-slider/demo/images/Banner%20Politica%20Publica%20CONPES%20(1).ai HTTP/1.1" 206 1
201.245.192.253 - - [24/Feb/2019:14:04:32 -0500] "GET /galeria/nivo-slider/demo/images/Banner%20Politica%20Publica%20CONPES%20(1).ai HTTP/1.1" 206 1689512
201.245.192.253 - - [24/Feb/2019:14:04:42 -0500] "GET /galeria/nivo-slider/demo/images/Banner%20Politica%20Publica%20CONPES%20(1).ai HTTP/1.1" 206 1
201.245.192.253 - - [24/Feb/2019:14:04:42 -0500] "GET /galeria/nivo-slider/demo/images/Banner%20Politica%20Publica%20CONPES%20(1).ai HTTP/1.1" 206 1689512
54.36.148.119 - - [24/Feb/2019:14:04:43 -0500] "GET /BLA/resoluciones/RESOLUCIONES%202003/RES%202003%20701-750/742.tif HTTP/1.1" 200 66056
201.245.192.253 - - [24/Feb/2019:14:04:46 -0500] "GET /galeria/nivo-slider/demo/images/Banner%20Politica%20Publica%20CONPES%20(1).ai HTTP/1.1" 206 1
201.245.192.253 - - [24/Feb/2019:14:04:46 -0500] "GET /galeria/nivo-slider/demo/images/Banner%20Politica%20Publica%20CONPES%20(1).ai HTTP/1.1" 206 1689512
201.245.192.253 - - [24/Feb/2019:14:04:56 -0500] "GET /galeria/nivo-slider/demo/images/Banner%20Politica%20Publica%20CONPES%20(1).ai HTTP/1.1" 206 1
201.245.192.253 - - [24/Feb/2019:14:04:56 -0500] "GET /galeria/nivo-slider/demo/images/Banner%20Politica%20Publica%20CONPES%20(1).ai HTTP/1.1" 206 1689512
201.245.192.253 - - [24/Feb/2019:14:05:07 -0500] "GET /galeria/nivo-slider/demo/images/Banner%20Politica%20Publica%20CONPES%20(1).ai HTTP/1.1" 206 1
201.245.192.253 - - [24/Feb/2019:14:05:07 -0500] "GET /galeria/nivo-slider/demo/images/Banner%20Politica%20Publica%20CONPES%20(1).ai HTTP/1.1" 206 1689512
201.245.192.253 - - [24/Feb/2019:14:05:17 -0500] "GET /galeria/nivo-slider/demo/images/Banner%20Politica%20Publica%20CONPES%20(1).ai HTTP/1.1" 206 1
201.245.192.253 - - [24/Feb/2019:14:05:17 -0500] "GET /galeria/nivo-slider/demo/images/Banner%20Politica%20Publica%20CONPES%20(1).ai HTTP/1.1" 206 1689512
172.58.15.107 - - [24/Feb/2019:14:05:19 -0500] "GET /BLA/resoluciones/RESOLUCIONES%202016/2009.pdf HTTP/1.1" 200 552512
172.58.15.107 - - [24/Feb/2019:14:05:20 -0500] "GET /favicon.ico HTTP/1.1" 200 7782
66.249.75.94 - - [24/Feb/2019:14:05:25 -0500] "GET /BLA/resoluciones/AUTOS%202014/1297.pdf HTTP/1.1" 304 -
66.249.69.29 - - [24/Feb/2019:14:05:45 -0500] "GET /Autoliquidacion/index.php?dir=Cobro+Clasificacion+Uso+De+Vivenda+En+Suelo+Restringido%2FCOMPATIBILIDAD+USO+DE+VIVIENDA%2F HTTP/1.1" 200 2705
66.249.75.94 - - [24/Feb/2019:14:05:50 -0500] "GET /BLA/resoluciones/RESOLUCIONES%202007/RES%202007%202501%20AL%202600/RESOLUCION%202526%20DE%202007.pdf HTTP/1.1" 200 520025
192.168.175.104 - - [24/Feb/2019:14:06:09 -0500] "GET / HTTP/1.0" 200 9990
181.132.88.121 - - [24/Feb/2019:14:06:25 -0500] "GET /favicon.ico HTTP/1.1" 200 7782
54.36.148.139 - - [24/Feb/2019:14:07:17 -0500] "GET /BLA/resoluciones/RESOLUCIONES%202005/RES%202005%201151-1200/00001193.tif HTTP/1.1" 200 238448
66.249.75.94 - - [24/Feb/2019:14:07:26 -0500] "GET /BLA/resoluciones/RESOLUCIONES%202007/RES%202007%20301%20AL%20400/RESOLUCION%200363%20DE%202007.pdf HTTP/1.1" 200 315227
190.144.166.61 - - [24/Feb/2019:14:07:41 -0500] "GET /galeria/nivo-slider/demo/images/Banner%20Politica%20Publica%20CONPES%20(1).ai HTTP/1.1" 206 1
190.144.166.61 - - [24/Feb/2019:14:07:41 -0500] "GET /galeria/nivo-slider/demo/images/Banner%20Politica%20Publica%20CONPES%20(1).ai HTTP/1.1" 206 1567889
201.245.192.253 - - [24/Feb/2019:14:07:48 -0500] "GET /galeria/nivo-slider/demo/images/Banner%20Politica%20Publica%20CONPES%20(1).ai HTTP/1.1" 206 1
201.245.192.253 - - [24/Feb/2019:14:07:48 -0500] "GET /galeria/nivo-slider/demo/images/Banner%20Politica%20Publica%20CONPES%20(1).ai HTTP/1.1" 206 1689512
66.249.75.65 - - [24/Feb/2019:14:07:51 -0500] "GET /BLA/resoluciones/AUTOS%202013/0097.pdf HTTP/1.1" 200 998332
190.144.166.61 - - [24/Feb/2019:14:07:51 -0500] "GET /galeria/nivo-slider/demo/images/Banner%20Politica%20Publica%20CONPES%20(1).ai HTTP/1.1" 206 1
190.144.166.61 - - [24/Feb/2019:14:07:51 -0500] "GET /galeria/nivo-slider/demo/images/Banner%20Politica%20Publica%20CONPES%20(1).ai HTTP/1.1" 206 1567889
201.245.192.253 - - [24/Feb/2019:14:07:58 -0500] "GET /galeria/nivo-slider/demo/images/Banner%20Politica%20Publica%20CONPES%20(1).ai HTTP/1.1" 206 1
201.245.192.253 - - [24/Feb/2019:14:07:58 -0500] "GET /galeria/nivo-slider/demo/images/Banner%20Politica%20Publica%20CONPES%20(1).ai HTTP/1.1" 206 1689512
66.249.75.94 - - [24/Feb/2019:14:08:15 -0500] "GET /BLA/resoluciones/RESOLUCIONES%202014/3424.pdf HTTP/1.1" 200 685373
192.168.175.104 - - [24/Feb/2019:14:08:17 -0500] "GET / HTTP/1.1" 200 9990
54.36.148.79 - - [24/Feb/2019:14:08:35 -0500] "GET /BLA/resoluciones/AUTOS%202006/AUTOS%202006%201201-1300/00001225.tif HTTP/1.1" 200 94580
201.245.192.253 - - [24/Feb/2019:14:08:42 -0500] "GET /galeria/nivo-slider/demo/images/Banner%20Politica%20Publica%20CONPES%20(1).ai HTTP/1.1" 206 1
201.245.192.253 - - [24/Feb/2019:14:08:42 -0500] "GET /galeria/nivo-slider/demo/images/Banner%20Politica%20Publica%20CONPES%20(1).ai HTTP/1.1" 206 1689512
201.245.192.253 - - [24/Feb/2019:14:08:52 -0500] "GET /galeria/nivo-slider/demo/images/Banner%20Politica%20Publica%20CONPES%20(1).ai HTTP/1.1" 206 1
201.245.192.253 - - [24/Feb/2019:14:08:52 -0500] "GET /galeria/nivo-slider/demo/images/Banner%20Politica%20Publica%20CONPES%20(1).ai HTTP/1.1" 206 1689512
69.162.124.233 - - [24/Feb/2019:14:08:55 -0500] "HEAD / HTTP/1.1" 200 -
201.245.192.253 - - [24/Feb/2019:14:08:56 -0500] "GET /galeria/nivo-slider/demo/images/Banner%20Politica%20Publica%20CONPES%20(1).ai HTTP/1.1" 206 1
201.245.192.253 - - [24/Feb/2019:14:08:56 -0500] "GET /galeria/nivo-slider/demo/images/Banner%20Politica%20Publica%20CONPES%20(1).ai HTTP/1.1" 206 1689512
201.245.192.253 - - [24/Feb/2019:14:09:06 -0500] "GET /galeria/nivo-slider/demo/images/Banner%20Politica%20Publica%20CONPES%20(1).ai HTTP/1.1" 206 1
201.245.192.253 - - [24/Feb/2019:14:09:06 -0500] "GET /galeria/nivo-slider/demo/images/Banner%20Politica%20Publica%20CONPES%20(1).ai HTTP/1.1" 206 1689512
201.245.192.253 - - [24/Feb/2019:14:09:17 -0500] "GET /galeria/nivo-slider/demo/images/Banner%20Politica%20Publica%20CONPES%20(1).ai HTTP/1.1" 206 1
201.245.192.253 - - [24/Feb/2019:14:09:17 -0500] "GET /galeria/nivo-slider/demo/images/Banner%20Politica%20Publica%20CONPES%20(1).ai HTTP/1.1" 206 1689512
201.245.192.253 - - [24/Feb/2019:14:09:27 -0500] "GET /galeria/nivo-slider/demo/images/Banner%20Politica%20Publica%20CONPES%20(1).ai HTTP/1.1" 206 1
201.245.192.253 - - [24/Feb/2019:14:09:27 -0500] "GET /galeria/nivo-slider/demo/images/Banner%20Politica%20Publica%20CONPES%20(1).ai HTTP/1.1" 206 1689512
66.249.75.94 - - [24/Feb/2019:14:09:27 -0500] "GET /BLA/resoluciones/AUTOS%202016/2528.pdf HTTP/1.1" 200 525347
181.56.91.93 - - [24/Feb/2019:14:09:43 -0500] "GET /BLA/boletinlegal/style.css HTTP/1.1" 200 9406
181.56.91.93 - - [24/Feb/2019:14:09:43 -0500] "GET /BLA/boletinlegal/styles2.css HTTP/1.1" 200 1838
181.56.91.93 - - [24/Feb/2019:14:09:43 -0500] "GET /BLA/boletinlegal/js/jquery.scrollTo-min.js HTTP/1.1" 200 1150
181.56.91.93 - - [24/Feb/2019:14:09:43 -0500] "GET /BLA/boletinlegal/js/jquery.js HTTP/1.1" 200 57254
181.56.91.93 - - [24/Feb/2019:14:09:43 -0500] "GET /BLA/boletinlegal/js/jquery.scrollShow.js HTTP/1.1" 200 4586
181.56.91.93 - - [24/Feb/2019:14:09:44 -0500] "GET /BLA/boletinlegal/images/cabezote%20BLEGAL.jpg HTTP/1.1" 200 118164
181.56.91.93 - - [24/Feb/2019:14:09:44 -0500] "GET /BLA/boletinlegal/images/subscribe-icon-big.png HTTP/1.1" 200 47702
181.56.91.93 - - [24/Feb/2019:14:09:44 -0500] "GET /BLA/boletinlegal/images/historia.png HTTP/1.1" 200 52775
181.56.91.93 - - [24/Feb/2019:14:09:44 -0500] "GET /BLA/boletinlegal/images/arr_l.jpg HTTP/1.1" 200 1979
181.56.91.93 - - [24/Feb/2019:14:09:44 -0500] "GET /BLA/boletinlegal/images/registro-usuarios.png HTTP/1.1" 200 8106
181.56.91.93 - - [24/Feb/2019:14:09:44 -0500] "GET /BLA/boletinlegal/images/screen_1.png HTTP/1.1" 200 202547
181.56.91.93 - - [24/Feb/2019:14:09:44 -0500] "GET /BLA/boletinlegal/images/body_bg.jpg HTTP/1.1" 200 1601
181.56.91.93 - - [24/Feb/2019:14:09:44 -0500] "GET /BLA/boletinlegal/images/launch.jpg HTTP/1.1" 200 14577
181.56.91.93 - - [24/Feb/2019:14:09:44 -0500] "GET /BLA/boletinlegal/images/menu_lft.gif HTTP/1.1" 200 1713
181.56.91.93 - - [24/Feb/2019:14:09:44 -0500] "GET /BLA/boletinlegal/images/menu_rght.gif HTTP/1.1" 200 1627
181.56.91.93 - - [24/Feb/2019:14:09:44 -0500] "GET /BLA/boletinlegal/images/bg_top.jpg HTTP/1.1" 200 522
181.56.91.93 - - [24/Feb/2019:14:09:44 -0500] "GET /BLA/boletinlegal/images/menu_bg.jpg HTTP/1.1" 200 620
181.56.91.93 - - [24/Feb/2019:14:09:44 -0500] "GET /BLA/boletinlegal/images/hover.jpg HTTP/1.1" 200 640
181.56.91.93 - - [24/Feb/2019:14:09:44 -0500] "GET /BLA/boletinlegal/images/text.jpg HTTP/1.1" 200 568
66.249.75.94 - - [24/Feb/2019:14:09:52 -0500] "GET /BLA/resoluciones/Notificaciones/AUTOS%202015/1544.doc HTTP/1.1" 200 171520
186.146.75.238 - - [24/Feb/2019:14:09:56 -0500] "GET /BLA/resoluciones/RESOLUCIONES%202007/RES%202007%201401%20AL%201500/RESOLUCION%201409%20DE%202007.pdf HTTP/1.1" 200 276957
186.146.75.238 - - [24/Feb/2019:14:09:56 -0500] "GET /favicon.ico HTTP/1.1" 200 7782
181.56.91.93 - - [24/Feb/2019:14:09:58 -0500] "GET /BLA/boletinlegal/images/screen_2.png HTTP/1.1" 200 362502
181.56.91.93 - - [24/Feb/2019:14:09:58 -0500] "GET /BLA/boletinlegal/images/screen_3.png HTTP/1.1" 200 210620
181.56.91.93 - - [24/Feb/2019:14:09:58 -0500] "GET /BLA/boletinlegal/images/screen_5.png HTTP/1.1" 200 368876
181.56.91.93 - - [24/Feb/2019:14:09:58 -0500] "GET /BLA/boletinlegal/images/arr_r.jpg HTTP/1.1" 200 1998
181.56.91.93 - - [24/Feb/2019:14:09:58 -0500] "GET /BLA/boletinlegal/images/footer_bg.jpg HTTP/1.1" 200 586
181.56.91.93 - - [24/Feb/2019:14:09:43 -0500] "GET /BLA/boletinlegal/ HTTP/1.1" 200 16331
181.56.91.93 - - [24/Feb/2019:14:10:05 -0500] "GET /BLA/boletinlegal/images/pdf.gif HTTP/1.1" 200 567
54.36.148.62 - - [24/Feb/2019:14:10:32 -0500] "GET /BLA/resoluciones/RESOLUCIONES%202005/RES%202005%20701-750/00000717.tif HTTP/1.1" 200 152478
66.249.75.94 - - [24/Feb/2019:14:10:40 -0500] "GET /BLA/resoluciones/RESOLUCIONES%202015/1282.pdf HTTP/1.1" 200 565315
201.245.192.253 - - [24/Feb/2019:14:09:39 -0500] "POST /kwsrmcab/Wsrmcab HTTP/1.1" 200 14746
66.249.75.94 - - [24/Feb/2019:14:11:04 -0500] "GET /BLA/resoluciones/RESOLUCIONES%202010/1112.pdf HTTP/1.1" 200 93535
192.168.175.104 - - [24/Feb/2019:14:11:07 -0500] "GET / HTTP/1.0" 200 9990
201.245.192.253 - - [24/Feb/2019:14:10:39 -0500] "POST /kwsrmcab/Wsrmcab HTTP/1.1" 200 24517
181.56.91.93 - - [24/Feb/2019:14:09:50 -0500] "GET /BLA/boletinlegal/index.php HTTP/1.1" 200 65288
181.56.91.93 - - [24/Feb/2019:14:11:20 -0500] "GET /BLA/boletinlegal/images/img_1.jpg HTTP/1.1" 200 8067
181.56.91.93 - - [24/Feb/2019:14:11:20 -0500] "GET /BLA/boletinlegal/images/tel.png HTTP/1.1" 200 14477
181.56.91.93 - - [24/Feb/2019:14:11:20 -0500] "GET /BLA/boletinlegal/images/img_3.jpg HTTP/1.1" 200 1841
181.56.91.93 - - [24/Feb/2019:14:11:20 -0500] "GET /BLA/boletinlegal/images/footer_bg_l.jpg HTTP/1.1" 200 776
181.56.91.93 - - [24/Feb/2019:14:11:20 -0500] "GET /BLA/boletinlegal/images/icono-email.png HTTP/1.1" 200 5544
181.56.91.93 - - [24/Feb/2019:14:11:20 -0500] "GET /favicon.ico HTTP/1.1" 200 7782
66.249.75.94 - - [24/Feb/2019:14:11:28 -0500] "GET /BLA/resoluciones/AUTOS%202015/6376.pdf HTTP/1.1" 304 -
181.53.12.105 - - [24/Feb/2019:14:11:29 -0500] "GET /galeria/galeria/fotos/1humedal-Burro1G.jpg HTTP/1.1" 200 132804
180.76.15.135 - - [24/Feb/2019:14:11:51 -0500] "GET / HTTP/1.1" 200 9990
190.144.166.61 - - [24/Feb/2019:14:11:51 -0500] "GET /galeria/nivo-slider/demo/images/Banner%20Politica%20Publica%20CONPES%20(1).ai HTTP/1.1" 206 1
190.144.166.61 - - [24/Feb/2019:14:11:51 -0500] "GET /galeria/nivo-slider/demo/images/Banner%20Politica%20Publica%20CONPES%20(1).ai HTTP/1.1" 206 1567889
180.76.15.20 - - [24/Feb/2019:14:11:52 -0500] "GET /robots.txt HTTP/1.1" 404 1018
66.249.75.65 - - [24/Feb/2019:14:11:52 -0500] "GET /BLA/resoluciones/RESOLUCIONES%202014/2238.pdf HTTP/1.1" 200 273750
201.245.192.253 - - [24/Feb/2019:14:11:58 -0500] "GET /galeria/nivo-slider/demo/images/Banner%20Politica%20Publica%20CONPES%20(1).ai HTTP/1.1" 206 1
201.245.192.253 - - [24/Feb/2019:14:11:58 -0500] "GET /galeria/nivo-slider/demo/images/Banner%20Politica%20Publica%20CONPES%20(1).ai HTTP/1.1" 206 1689512
190.144.166.61 - - [24/Feb/2019:14:12:01 -0500] "GET /galeria/nivo-slider/demo/images/Banner%20Politica%20Publica%20CONPES%20(1).ai HTTP/1.1" 206 1
190.144.166.61 - - [24/Feb/2019:14:12:01 -0500] "GET /galeria/nivo-slider/demo/images/Banner%20Politica%20Publica%20CONPES%20(1).ai HTTP/1.1" 206 1567889
201.245.192.253 - - [24/Feb/2019:14:12:08 -0500] "GET /galeria/nivo-slider/demo/images/Banner%20Politica%20Publica%20CONPES%20(1).ai HTTP/1.1" 206 1
201.245.192.253 - - [24/Feb/2019:14:12:08 -0500] "GET /galeria/nivo-slider/demo/images/Banner%20Politica%20Publica%20CONPES%20(1).ai HTTP/1.1" 206 1689512
66.249.75.94 - - [24/Feb/2019:14:12:17 -0500] "GET /BLA/resoluciones/AUTOS%202009/5677.pdf HTTP/1.1" 200 123685
54.36.150.190 - - [24/Feb/2019:14:12:20 -0500] "GET /BLA/resoluciones/RESOLUCIONES%202003/RES%202003%20951-1000/973.tif HTTP/1.1" 200 141688
201.245.192.253 - - [24/Feb/2019:14:12:52 -0500] "GET /galeria/nivo-slider/demo/images/Banner%20Politica%20Publica%20CONPES%20(1).ai HTTP/1.1" 206 1
201.245.192.253 - - [24/Feb/2019:14:12:52 -0500] "GET /galeria/nivo-slider/demo/images/Banner%20Politica%20Publica%20CONPES%20(1).ai HTTP/1.1" 206 1689512
201.245.192.253 - - [24/Feb/2019:14:13:02 -0500] "GET /galeria/nivo-slider/demo/images/Banner%20Politica%20Publica%20CONPES%20(1).ai HTTP/1.1" 206 1
201.245.192.253 - - [24/Feb/2019:14:13:02 -0500] "GET /galeria/nivo-slider/demo/images/Banner%20Politica%20Publica%20CONPES%20(1).ai HTTP/1.1" 206 1689512
201.245.192.253 - - [24/Feb/2019:14:13:06 -0500] "GET /galeria/nivo-slider/demo/images/Banner%20Politica%20Publica%20CONPES%20(1).ai HTTP/1.1" 206 1
201.245.192.253 - - [24/Feb/2019:14:13:06 -0500] "GET /galeria/nivo-slider/demo/images/Banner%20Politica%20Publica%20CONPES%20(1).ai HTTP/1.1" 206 1689512
192.168.175.104 - - [24/Feb/2019:14:13:15 -0500] "GET / HTTP/1.1" 200 9990
201.245.192.253 - - [24/Feb/2019:14:13:16 -0500] "GET /galeria/nivo-slider/demo/images/Banner%20Politica%20Publica%20CONPES%20(1).ai HTTP/1.1" 206 1
201.245.192.253 - - [24/Feb/2019:14:13:16 -0500] "GET /galeria/nivo-slider/demo/images/Banner%20Politica%20Publica%20CONPES%20(1).ai HTTP/1.1" 206 1689512
190.159.250.186 - - [24/Feb/2019:14:13:19 -0500] "GET /galeria/galeria/fotos/juan-amarillo4G.jpg HTTP/1.1" 200 202445
201.245.192.253 - - [24/Feb/2019:14:13:27 -0500] "GET /galeria/nivo-slider/demo/images/Banner%20Politica%20Publica%20CONPES%20(1).ai HTTP/1.1" 206 1
201.245.192.253 - - [24/Feb/2019:14:13:27 -0500] "GET /galeria/nivo-slider/demo/images/Banner%20Politica%20Publica%20CONPES%20(1).ai HTTP/1.1" 206 1689512
181.50.43.130 - - [24/Feb/2019:14:13:27 -0500] "GET /BLA/resoluciones/RESOLUCIONES%202014/2589.pdf HTTP/1.1" 200 260469
181.50.43.130 - - [24/Feb/2019:14:13:28 -0500] "GET /favicon.ico HTTP/1.1" 200 7782
181.50.43.130 - - [24/Feb/2019:14:13:28 -0500] "GET /BLA/resoluciones/RESOLUCIONES%202014/2589.pdf HTTP/1.1" 206 65536
181.50.43.130 - - [24/Feb/2019:14:13:28 -0500] "GET /BLA/resoluciones/RESOLUCIONES%202014/2589.pdf HTTP/1.1" 206 63861
201.245.192.253 - - [24/Feb/2019:14:13:37 -0500] "GET /galeria/nivo-slider/demo/images/Banner%20Politica%20Publica%20CONPES%20(1).ai HTTP/1.1" 206 1
201.245.192.253 - - [24/Feb/2019:14:13:37 -0500] "GET /galeria/nivo-slider/demo/images/Banner%20Politica%20Publica%20CONPES%20(1).ai HTTP/1.1" 206 1689512
54.36.149.102 - - [24/Feb/2019:14:13:41 -0500] "GET /BLA/resoluciones/RESOLUCIONES%202005/RES%202005%201951-2000/00001997.tif HTTP/1.1" 200 111400
66.249.75.65 - - [24/Feb/2019:14:13:53 -0500] "GET /BLA/resoluciones/Notificaciones/AUTOS%202014/3913.doc HTTP/1.1" 200 169472
69.162.124.233 - - [24/Feb/2019:14:13:55 -0500] "HEAD / HTTP/1.1" 200 -
66.249.75.94 - - [24/Feb/2019:14:14:18 -0500] "GET /BLA/resoluciones/RESOLUCIONES%202017/0785.pdf HTTP/1.1" 200 426198
190.159.250.186 - - [24/Feb/2019:14:14:29 -0500] "GET /galeria/galeria/fotos/MeandrodelSay2G.jpg HTTP/1.1" 200 321492
190.159.250.186 - - [24/Feb/2019:14:14:33 -0500] "GET /galeria/galeria/fotos/GuaymaralTorca4G.jpg HTTP/1.1" 200 373786
66.249.75.95 - - [24/Feb/2019:14:14:42 -0500] "GET /BLA/resoluciones/RESOLUCIONES%202012/0031.pdf HTTP/1.1" 200 614250
66.249.75.135 - - [24/Feb/2019:14:14:49 -0500] "GET /Autoliquidacion/dlf/styles.css HTTP/1.1" 200 3045
54.36.149.19 - - [24/Feb/2019:14:14:52 -0500] "GET /BLA/resoluciones/RESOLUCIONES%202006/RES%202006%202001-2050/00002002.tif HTTP/1.1" 200 122864
54.36.150.75 - - [24/Feb/2019:14:15:05 -0500] "GET /BLA/resoluciones/RESOLUCIONES%202003/RES%202003%20851-900/889.tif HTTP/1.1" 200 169932
66.249.75.65 - - [24/Feb/2019:14:15:54 -0500] "GET /BLA/resoluciones/RESOLUCIONES%202008/2123.pdf HTTP/1.1" 200 331540
190.1.158.216 - - [24/Feb/2019:14:16:00 -0500] "GET /BLA/resoluciones/RESOLUCIONES%202016/1361.pdf HTTP/1.1" 200 486149
190.144.166.61 - - [24/Feb/2019:14:16:01 -0500] "GET /galeria/nivo-slider/demo/images/Banner%20Politica%20Publica%20CONPES%20(1).ai HTTP/1.1" 206 1
190.144.166.61 - - [24/Feb/2019:14:16:01 -0500] "GET /galeria/nivo-slider/demo/images/Banner%20Politica%20Publica%20CONPES%20(1).ai HTTP/1.1" 206 1567889
192.168.175.104 - - [24/Feb/2019:14:16:05 -0500] "GET / HTTP/1.0" 200 9990
201.245.192.253 - - [24/Feb/2019:14:16:08 -0500] "GET /galeria/nivo-slider/demo/images/Banner%20Politica%20Publica%20CONPES%20(1).ai HTTP/1.1" 206 1
201.245.192.253 - - [24/Feb/2019:14:16:08 -0500] "GET /galeria/nivo-slider/demo/images/Banner%20Politica%20Publica%20CONPES%20(1).ai HTTP/1.1" 206 1689512
190.144.166.61 - - [24/Feb/2019:14:16:11 -0500] "GET /galeria/nivo-slider/demo/images/Banner%20Politica%20Publica%20CONPES%20(1).ai HTTP/1.1" 206 1
190.144.166.61 - - [24/Feb/2019:14:16:11 -0500] "GET /galeria/nivo-slider/demo/images/Banner%20Politica%20Publica%20CONPES%20(1).ai HTTP/1.1" 206 1567889
201.245.192.253 - - [24/Feb/2019:14:16:18 -0500] "GET /galeria/nivo-slider/demo/images/Banner%20Politica%20Publica%20CONPES%20(1).ai HTTP/1.1" 206 1
201.245.192.253 - - [24/Feb/2019:14:16:18 -0500] "GET /galeria/nivo-slider/demo/images/Banner%20Politica%20Publica%20CONPES%20(1).ai HTTP/1.1" 206 1689512
54.36.149.23 - - [24/Feb/2019:14:16:18 -0500] "GET /BLA/resoluciones/RESOLUCIONES%202002/RES%202002%20351-400/00000368.tif HTTP/1.1" 200 65052
66.249.75.94 - - [24/Feb/2019:14:16:19 -0500] "GET /BLA/resoluciones/RESOLUCIONES%202014/3224.pdf HTTP/1.1" 200 701527
54.36.148.204 - - [24/Feb/2019:14:16:28 -0500] "GET /BLA/resoluciones/AUTOS%202006/AUTOS%202006%201901%20-%202000/00001980.tif HTTP/1.1" 200 58998
181.56.91.93 - - [24/Feb/2019:14:16:35 -0500] "GET /BLA/boletinlegal/images/background.gif HTTP/1.1" 200 -
66.249.75.94 - - [24/Feb/2019:14:16:43 -0500] "GET /BLA/resoluciones/AUTOS%202015/1997.pdf HTTP/1.1" 200 540096
190.159.250.186 - - [24/Feb/2019:14:16:51 -0500] "GET /galeria/galeria/fotos/Humedal-la-Isla1G.jpg HTTP/1.1" 200 216243
54.36.150.80 - - [24/Feb/2019:14:17:01 -0500] "GET /BLA/resoluciones/RESOLUCIONES%202004/RES%202004%20551-600/00000561.tif HTTP/1.1" 200 114308
181.56.91.93 - - [24/Feb/2019:14:17:01 -0500] "GET /BLA/boletinlegal/niceforms-default.css HTTP/1.1" 200 6694
181.56.91.93 - - [24/Feb/2019:14:17:01 -0500] "GET /BLA/boletinlegal/normativa.php HTTP/1.1" 200 8122
181.56.91.93 - - [24/Feb/2019:14:17:01 -0500] "GET /BLA/boletinlegal/niceforms.js HTTP/1.1" 200 22876
181.56.91.93 - - [24/Feb/2019:14:17:01 -0500] "GET /BLA/boletinlegal/js/ajax_normativa.js HTTP/1.1" 200 1154
181.56.91.93 - - [24/Feb/2019:14:17:01 -0500] "GET /BLA/boletinlegal/images/abajo.png HTTP/1.1" 200 96676
181.56.91.93 - - [24/Feb/2019:14:17:01 -0500] "GET /BLA/boletinlegal/img/select-left.png HTTP/1.1" 200 263
181.56.91.93 - - [24/Feb/2019:14:17:01 -0500] "GET /BLA/boletinlegal/img/0.png HTTP/1.1" 200 110
181.56.91.93 - - [24/Feb/2019:14:17:01 -0500] "GET /BLA/boletinlegal/img/select-right.png HTTP/1.1" 200 44019
181.56.91.93 - - [24/Feb/2019:14:17:01 -0500] "GET /BLA/boletinlegal/img/button-left.png HTTP/1.1" 200 57071
181.56.91.93 - - [24/Feb/2019:14:17:01 -0500] "GET /BLA/boletinlegal/img/button.png HTTP/1.1" 200 43241
181.56.91.93 - - [24/Feb/2019:14:17:01 -0500] "GET /BLA/boletinlegal/img/button-right.png HTTP/1.1" 200 57878
201.245.192.253 - - [24/Feb/2019:14:17:02 -0500] "GET /galeria/nivo-slider/demo/images/Banner%20Politica%20Publica%20CONPES%20(1).ai HTTP/1.1" 206 1
201.245.192.253 - - [24/Feb/2019:14:17:02 -0500] "GET /galeria/nivo-slider/demo/images/Banner%20Politica%20Publica%20CONPES%20(1).ai HTTP/1.1" 206 1689512
201.245.192.253 - - [24/Feb/2019:14:17:12 -0500] "GET /galeria/nivo-slider/demo/images/Banner%20Politica%20Publica%20CONPES%20(1).ai HTTP/1.1" 206 1
201.245.192.253 - - [24/Feb/2019:14:17:12 -0500] "GET /galeria/nivo-slider/demo/images/Banner%20Politica%20Publica%20CONPES%20(1).ai HTTP/1.1" 206 1689512
201.245.192.253 - - [24/Feb/2019:14:17:16 -0500] "GET /galeria/nivo-slider/demo/images/Banner%20Politica%20Publica%20CONPES%20(1).ai HTTP/1.1" 206 1
201.245.192.253 - - [24/Feb/2019:14:17:16 -0500] "GET /galeria/nivo-slider/demo/images/Banner%20Politica%20Publica%20CONPES%20(1).ai HTTP/1.1" 206 1689512
190.159.250.186 - - [24/Feb/2019:14:17:22 -0500] "GET /galeria/galeria/fotos/Humedal-la-Isla4G.jpg HTTP/1.1" 200 238346
191.92.14.122 - - [24/Feb/2019:14:17:22 -0500] "GET /BLA/resoluciones/AUTOS%202008/0728.pdf HTTP/1.1" 200 161340
181.56.91.93 - - [24/Feb/2019:14:17:25 -0500] "GET /BLA/boletinlegal/consulta_normativa.php?tipo=&sector=flora&ano=2018&resuelve=arboles HTTP/1.1" 200 454
201.245.192.253 - - [24/Feb/2019:14:17:26 -0500] "GET /galeria/nivo-slider/demo/images/Banner%20Politica%20Publica%20CONPES%20(1).ai HTTP/1.1" 206 1
201.245.192.253 - - [24/Feb/2019:14:17:26 -0500] "GET /galeria/nivo-slider/demo/images/Banner%20Politica%20Publica%20CONPES%20(1).ai HTTP/1.1" 206 1689512
181.56.91.93 - - [24/Feb/2019:14:17:29 -0500] "GET /BLA/boletinlegal/consulta_normativa.php?tipo=&sector=flora&ano=2018&resuelve= HTTP/1.1" 200 1197
181.56.91.93 - - [24/Feb/2019:14:17:29 -0500] "GET /BLA/boletinlegal/images/docs.png HTTP/1.1" 200 10288
190.159.250.186 - - [24/Feb/2019:14:17:31 -0500] "GET /galeria/galeria/fotos/Humedal-la-Isla3G.jpg HTTP/1.1" 200 202764
66.249.75.95 - - [24/Feb/2019:14:17:31 -0500] "GET /BLA/resoluciones/RESOLUCIONES%202017/0812.pdf HTTP/1.1" 200 643664
201.245.192.253 - - [24/Feb/2019:14:17:37 -0500] "GET /galeria/nivo-slider/demo/images/Banner%20Politica%20Publica%20CONPES%20(1).ai HTTP/1.1" 206 1
201.245.192.253 - - [24/Feb/2019:14:17:37 -0500] "GET /galeria/nivo-slider/demo/images/Banner%20Politica%20Publica%20CONPES%20(1).ai HTTP/1.1" 206 1689512
201.245.192.253 - - [24/Feb/2019:14:17:47 -0500] "GET /galeria/nivo-slider/demo/images/Banner%20Politica%20Publica%20CONPES%20(1).ai HTTP/1.1" 206 1
201.245.192.253 - - [24/Feb/2019:14:17:47 -0500] "GET /galeria/nivo-slider/demo/images/Banner%20Politica%20Publica%20CONPES%20(1).ai HTTP/1.1" 206 1689512
190.159.250.186 - - [24/Feb/2019:14:17:51 -0500] "GET /galeria/galeria/fotos/Humedal-Santa-Mar%C3%ADa-del-Lago1G.jpg HTTP/1.1" 200 290867
181.56.91.93 - - [24/Feb/2019:14:18:03 -0500] "GET /BLA/boletinlegal/normativa.php HTTP/1.1" 200 8122
181.56.91.93 - - [24/Feb/2019:14:18:03 -0500] "GET /favicon.ico HTTP/1.1" 200 7782
54.36.150.8 - - [24/Feb/2019:14:18:04 -0500] "GET /BLA/resoluciones/RESOLUCIONES%202006/RES%202006%20251-300/00000297.tif HTTP/1.1" 200 168424
181.56.91.93 - - [24/Feb/2019:14:18:06 -0500] "GET /BLA/boletinlegal/consulta_normativa.php?tipo=&sector=flora&ano=&resuelve= HTTP/1.1" 200 2158
54.36.148.175 - - [24/Feb/2019:14:18:12 -0500] "GET /BLA/resoluciones/index.php?dir=RESOLUCIONES+2006%2FRES+2006+1301-1350%2F HTTP/1.1" 200 12365
186.113.116.201 - - [24/Feb/2019:14:18:12 -0500] "GET /Residuos/curtiembres/files/guia_curtiembres.pdf?fbclid=IwAR1HLQFu_jjZGv1FJFB2Jn47Nx56tB3Jz6Q505vDJsYC3LHfI4ksyV43494 HTTP/1.1" 200 13618642
192.168.175.104 - - [24/Feb/2019:14:18:13 -0500] "GET / HTTP/1.1" 200 9990
66.249.75.94 - - [24/Feb/2019:14:18:19 -0500] "GET /BLA/resoluciones/AUTOS%202009/1244.pdf HTTP/1.1" 200 100866
181.56.91.93 - - [24/Feb/2019:14:18:25 -0500] "GET /BLA/resoluciones/RESOLUCIONES%202009/7615.pdf HTTP/1.1" 200 446633
181.56.91.93 - - [24/Feb/2019:14:18:26 -0500] "GET /favicon.ico HTTP/1.1" 200 7782
69.162.124.233 - - [24/Feb/2019:14:18:55 -0500] "HEAD / HTTP/1.1" 200 -
207.46.13.220 - - [24/Feb/2019:14:19:01 -0500] "GET /BLA/boletinlegal/Directivas/2011/Directiva%20No.%202%20del%2017%20de%20Mayo%20de%202011.pdf HTTP/1.1" 200 495382
157.55.39.255 - - [24/Feb/2019:14:19:09 -0500] "GET / HTTP/1.1" 200 9990
179.13.135.131 - - [24/Feb/2019:14:19:29 -0500] "GET /Autoliquidacion/Solicitudes%20relacionadas%20con%20calidad%20del%20aire%20auditiva%20y%20visual/Acompa%C3%B1amiento%20para%20muestreo%20isocin%C3%A9tico%20y%20o%20determinaciones%20de%20emisiones%20a%20fuentes%20fijas/Protocolo%20para%20Monitoreo%20Emisiones%20Atmosfericas.pdf HTTP/1.1" 200 414759
179.13.135.131 - - [24/Feb/2019:14:19:29 -0500] "GET /favicon.ico HTTP/1.1" 200 7782
190.159.250.186 - - [24/Feb/2019:14:19:51 -0500] "GET /galeria/galeria/fotos/Capellania4G.jpg HTTP/1.1" 200 567842
190.144.166.61 - - [24/Feb/2019:14:20:11 -0500] "GET /galeria/nivo-slider/demo/images/Banner%20Politica%20Publica%20CONPES%20(1).ai HTTP/1.1" 206 1
190.144.166.61 - - [24/Feb/2019:14:20:11 -0500] "GET /galeria/nivo-slider/demo/images/Banner%20Politica%20Publica%20CONPES%20(1).ai HTTP/1.1" 206 1567889
201.245.192.253 - - [24/Feb/2019:14:19:39 -0500] "POST /kwsrmcab/Wsrmcab HTTP/1.1" 200 29303
201.245.192.253 - - [24/Feb/2019:14:20:18 -0500] "GET /galeria/nivo-slider/demo/images/Banner%20Politica%20Publica%20CONPES%20(1).ai HTTP/1.1" 206 1
201.245.192.253 - - [24/Feb/2019:14:20:18 -0500] "GET /galeria/nivo-slider/demo/images/Banner%20Politica%20Publica%20CONPES%20(1).ai HTTP/1.1" 206 1689512
190.156.148.11 - - [24/Feb/2019:14:20:20 -0500] "-" 408 -
66.249.75.94 - - [24/Feb/2019:14:20:20 -0500] "GET /BLA/resoluciones/AUTOS%202015/1952.pdf HTTP/1.1" 200 653943
190.144.166.61 - - [24/Feb/2019:14:20:21 -0500] "GET /galeria/nivo-slider/demo/images/Banner%20Politica%20Publica%20CONPES%20(1).ai HTTP/1.1" 206 1
190.144.166.61 - - [24/Feb/2019:14:20:21 -0500] "GET /galeria/nivo-slider/demo/images/Banner%20Politica%20Publica%20CONPES%20(1).ai HTTP/1.1" 206 1567889
201.245.192.253 - - [24/Feb/2019:14:20:28 -0500] "GET /galeria/nivo-slider/demo/images/Banner%20Politica%20Publica%20CONPES%20(1).ai HTTP/1.1" 206 1
201.245.192.253 - - [24/Feb/2019:14:20:28 -0500] "GET /galeria/nivo-slider/demo/images/Banner%20Politica%20Publica%20CONPES%20(1).ai HTTP/1.1" 206 1689512
181.49.69.174 - - [24/Feb/2019:14:20:44 -0500] "GET /Anexos%20estudio%20Organizacional%20SDA/ANEXO%20No.%203-%20CONTRATACI%C3%93N%20%20OPS%C2%B4s%202008-2012/CONTRATOS%20SDA%202009%20POR%20DEPENDENCIA%20(1).xls HTTP/1.1" 200 461824
58.136.97.115 - - [24/Feb/2019:14:20:50 -0500] "GET / HTTP/1.1" 200 9990
40.77.167.205 - - [24/Feb/2019:14:20:57 -0500] "GET /BLA/boletinlegal/jurisprudencia/analisis/SENTENCIA%20C-703%20DE%202010.xls HTTP/1.1" 200 38912
192.168.175.104 - - [24/Feb/2019:14:21:03 -0500] "GET / HTTP/1.0" 200 9990
190.159.250.186 - - [24/Feb/2019:14:21:06 -0500] "GET /galeria/galeria/fotos/1humedal-Burro1G.jpg HTTP/1.1" 200 132804
66.249.75.94 - - [24/Feb/2019:14:21:09 -0500] "GET /BLA/resoluciones/AUTOS%202018/1747.pdf HTTP/1.1" 200 334243
201.245.192.253 - - [24/Feb/2019:14:21:12 -0500] "GET /galeria/nivo-slider/demo/images/Banner%20Politica%20Publica%20CONPES%20(1).ai HTTP/1.1" 206 1
201.245.192.253 - - [24/Feb/2019:14:21:12 -0500] "GET /galeria/nivo-slider/demo/images/Banner%20Politica%20Publica%20CONPES%20(1).ai HTTP/1.1" 206 1689512
54.36.148.49 - - [24/Feb/2019:14:21:16 -0500] "GET /BLA/resoluciones/index.php?dir=RESOLUCIONES%202004/RES%202004%20901-950/&sort=name&order=desc HTTP/1.1" 200 12048
216.244.66.195 - - [24/Feb/2019:14:21:17 -0500] "GET /robots.txt HTTP/1.1" 404 1018
190.159.250.186 - - [24/Feb/2019:14:21:19 -0500] "GET /galeria/galeria/fotos/juan-amarillo3G.jpg HTTP/1.1" 200 328975
201.245.192.253 - - [24/Feb/2019:14:21:22 -0500] "GET /galeria/nivo-slider/demo/images/Banner%20Politica%20Publica%20CONPES%20(1).ai HTTP/1.1" 206 1
201.245.192.253 - - [24/Feb/2019:14:21:22 -0500] "GET /galeria/nivo-slider/demo/images/Banner%20Politica%20Publica%20CONPES%20(1).ai HTTP/1.1" 206 1689512
201.245.192.253 - - [24/Feb/2019:14:21:26 -0500] "GET /galeria/nivo-slider/demo/images/Banner%20Politica%20Publica%20CONPES%20(1).ai HTTP/1.1" 206 1
201.245.192.253 - - [24/Feb/2019:14:21:26 -0500] "GET /galeria/nivo-slider/demo/images/Banner%20Politica%20Publica%20CONPES%20(1).ai HTTP/1.1" 206 1689512
186.155.153.230 - - [24/Feb/2019:14:21:28 -0500] "GET / HTTP/1.1" 200 9990
186.155.153.230 - - [24/Feb/2019:14:21:28 -0500] "GET /css/bootstrap.min.css HTTP/1.1" 200 105939
186.155.153.230 - - [24/Feb/2019:14:21:28 -0500] "GET /images/SDA.jpg HTTP/1.1" 200 48976
186.155.153.230 - - [24/Feb/2019:14:21:28 -0500] "GET /images/INTRANET.jpg HTTP/1.1" 200 37297
186.155.153.230 - - [24/Feb/2019:14:21:28 -0500] "GET /images/LINEA.jpg HTTP/1.1" 200 33035
186.155.153.230 - - [24/Feb/2019:14:21:28 -0500] "GET /images/BLA.jpg HTTP/1.1" 200 34672
