186.148.182.65 - - [24/Feb/2019:20:37:31 -0500] "GET /BLA/resoluciones/RESOLUCIONES%202007/RES%202007%202201%20AL%202300/RESOLUCION%202254%20DE%202007.pdf HTTP/1.1" 200 789850
190.60.254.245 - - [24/Feb/2019:20:37:58 -0500] "-" 408 -
190.60.254.245 - - [24/Feb/2019:20:37:59 -0500] "-" 408 -
190.24.58.26 - - [24/Feb/2019:20:38:05 -0500] "GET /BLA/boletinlegal/actos.php HTTP/1.1" 200 8778
190.24.58.26 - - [24/Feb/2019:20:38:05 -0500] "GET /BLA/boletinlegal/styles2.css HTTP/1.1" 200 1838
190.24.58.26 - - [24/Feb/2019:20:38:05 -0500] "GET /BLA/boletinlegal/js/ajax_actos.js HTTP/1.1" 200 1322
190.24.58.26 - - [24/Feb/2019:20:38:05 -0500] "GET /BLA/boletinlegal/niceforms-default.css HTTP/1.1" 200 6694
190.24.58.26 - - [24/Feb/2019:20:38:05 -0500] "GET /BLA/boletinlegal/style.css HTTP/1.1" 200 9406
190.24.58.26 - - [24/Feb/2019:20:38:05 -0500] "GET /BLA/boletinlegal/niceforms.js HTTP/1.1" 200 22876
190.24.58.26 - - [24/Feb/2019:20:38:05 -0500] "GET /BLA/boletinlegal/js/popup.js HTTP/1.1" 200 1270
190.24.58.26 - - [24/Feb/2019:20:38:05 -0500] "GET /BLA/boletinlegal/js/lib.js HTTP/1.1" 200 6474
190.24.58.26 - - [24/Feb/2019:20:38:05 -0500] "GET /BLA/boletinlegal/js/jquery1.js HTTP/1.1" 200 29846
190.24.58.26 - - [24/Feb/2019:20:38:05 -0500] "GET /BLA/boletinlegal/images/cabezote%20BLEGAL.jpg HTTP/1.1" 200 118164
190.24.58.26 - - [24/Feb/2019:20:38:05 -0500] "GET /BLA/boletinlegal/images/subscribe-icon-big.png HTTP/1.1" 200 47702
190.24.58.26 - - [24/Feb/2019:20:38:05 -0500] "GET /BLA/boletinlegal/images/historia.png HTTP/1.1" 200 52775
190.24.58.26 - - [24/Feb/2019:20:38:06 -0500] "GET /BLA/boletinlegal/images/registro-usuarios.png HTTP/1.1" 200 8106
190.24.58.26 - - [24/Feb/2019:20:38:06 -0500] "GET /BLA/boletinlegal/images/green-yellow-blue-pink-th.png HTTP/1.1" 200 7394
190.24.58.26 - - [24/Feb/2019:20:38:06 -0500] "GET /BLA/boletinlegal/images/abajo.png HTTP/1.1" 200 96676
190.24.58.26 - - [24/Feb/2019:20:38:06 -0500] "GET /BLA/boletinlegal/images/tel.png HTTP/1.1" 200 14477
190.24.58.26 - - [24/Feb/2019:20:38:06 -0500] "GET /BLA/boletinlegal/images/icono-email.png HTTP/1.1" 200 5544
190.24.58.26 - - [24/Feb/2019:20:38:06 -0500] "GET /BLA/boletinlegal/images/menu_lft.gif HTTP/1.1" 200 1713
190.24.58.26 - - [24/Feb/2019:20:38:06 -0500] "GET /BLA/boletinlegal/images/menu_rght.gif HTTP/1.1" 200 1627
190.24.58.26 - - [24/Feb/2019:20:38:06 -0500] "GET /BLA/boletinlegal/images/body_bg.jpg HTTP/1.1" 200 1601
190.24.58.26 - - [24/Feb/2019:20:38:06 -0500] "GET /BLA/boletinlegal/images/hover.jpg HTTP/1.1" 200 640
190.24.58.26 - - [24/Feb/2019:20:38:06 -0500] "GET /BLA/boletinlegal/images/footer_bg.jpg HTTP/1.1" 200 586
190.24.58.26 - - [24/Feb/2019:20:38:06 -0500] "GET /BLA/boletinlegal/images/text.jpg HTTP/1.1" 200 568
190.24.58.26 - - [24/Feb/2019:20:38:06 -0500] "GET /BLA/boletinlegal/images/bg_top.jpg HTTP/1.1" 200 522
190.24.58.26 - - [24/Feb/2019:20:38:06 -0500] "GET /BLA/boletinlegal/images/menu_bg.jpg HTTP/1.1" 200 620
190.24.58.26 - - [24/Feb/2019:20:38:07 -0500] "GET /BLA/boletinlegal/images/footer_bg_l.jpg HTTP/1.1" 200 776
190.24.58.26 - - [24/Feb/2019:20:38:07 -0500] "GET /BLA/boletinlegal/img/0.png HTTP/1.1" 200 110
190.24.58.26 - - [24/Feb/2019:20:38:07 -0500] "GET /BLA/boletinlegal/img/select-left.png HTTP/1.1" 200 263
190.24.58.26 - - [24/Feb/2019:20:38:07 -0500] "GET /BLA/boletinlegal/img/select-right.png HTTP/1.1" 200 44019
190.24.58.26 - - [24/Feb/2019:20:38:07 -0500] "GET /BLA/boletinlegal/img/button-left.png HTTP/1.1" 200 57071
190.24.58.26 - - [24/Feb/2019:20:38:07 -0500] "GET /BLA/boletinlegal/img/button.png HTTP/1.1" 200 43241
190.24.58.26 - - [24/Feb/2019:20:38:07 -0500] "GET /BLA/boletinlegal/img/button-right.png HTTP/1.1" 200 57878
190.24.58.26 - - [24/Feb/2019:20:38:07 -0500] "GET /favicon.ico HTTP/1.1" 200 7782
54.36.150.100 - - [24/Feb/2019:20:38:09 -0500] "GET /BLA/resoluciones/RESOLUCIONES%202002/RES%202002%20151-200/2002RES185.tif HTTP/1.1" 200 117680
54.36.150.99 - - [24/Feb/2019:20:38:18 -0500] "GET /BLA/resoluciones/RESOLUCIONES%202003/RES%202003%20001-050/2003RES48.tif HTTP/1.1" 200 152192
66.249.75.94 - - [24/Feb/2019:20:38:28 -0500] "GET /BLA/resoluciones/RESOLUCIONES%202007/RES%202007%202601%20AL%202700/RESOLUCION%202608%20DE%202007.pdf HTTP/1.1" 200 537451
186.148.182.65 - - [24/Feb/2019:20:38:30 -0500] "GET /BLA/resoluciones/RESOLUCIONES%202007/RES%202007%202201%20AL%202300/RESOLUCION%202254%20DE%202007.pdf HTTP/1.1" 200 789850
186.148.182.65 - - [24/Feb/2019:20:38:38 -0500] "GET /BLA/resoluciones/RESOLUCIONES%202007/RES%202007%202201%20AL%202300/RESOLUCION%202254%20DE%202007.pdf HTTP/1.1" 200 789850
190.24.58.26 - - [24/Feb/2019:20:38:39 -0500] "GET /BLA/boletinlegal/actos.php HTTP/1.1" 200 8778
192.168.175.104 - - [24/Feb/2019:20:38:43 -0500] "GET / HTTP/1.0" 200 9990
69.162.124.233 - - [24/Feb/2019:20:38:51 -0500] "HEAD / HTTP/1.1" 200 -
66.249.75.95 - - [24/Feb/2019:20:38:52 -0500] "GET /BLA/resoluciones/AUTOS%202017/0710.pdf HTTP/1.1" 200 294889
66.249.75.94 - - [24/Feb/2019:20:39:16 -0500] "GET /BLA/resoluciones/RESOLUCIONES%202016/0443.pdf HTTP/1.1" 200 1034407
190.144.166.61 - - [24/Feb/2019:20:39:19 -0500] "GET /galeria/nivo-slider/demo/images/Banner%20Politica%20Publica%20CONPES%20(1).ai HTTP/1.1" 206 1
190.144.166.61 - - [24/Feb/2019:20:39:19 -0500] "GET /galeria/nivo-slider/demo/images/Banner%20Politica%20Publica%20CONPES%20(1).ai HTTP/1.1" 206 1567889
201.245.192.253 - - [24/Feb/2019:20:39:27 -0500] "GET /galeria/nivo-slider/demo/images/Banner%20Politica%20Publica%20CONPES%20(1).ai HTTP/1.1" 206 1
201.245.192.253 - - [24/Feb/2019:20:39:27 -0500] "GET /galeria/nivo-slider/demo/images/Banner%20Politica%20Publica%20CONPES%20(1).ai HTTP/1.1" 206 1689512
190.144.166.61 - - [24/Feb/2019:20:39:29 -0500] "GET /galeria/nivo-slider/demo/images/Banner%20Politica%20Publica%20CONPES%20(1).ai HTTP/1.1" 206 1
190.144.166.61 - - [24/Feb/2019:20:39:29 -0500] "GET /galeria/nivo-slider/demo/images/Banner%20Politica%20Publica%20CONPES%20(1).ai HTTP/1.1" 206 1567889
201.245.192.253 - - [24/Feb/2019:20:39:37 -0500] "GET /galeria/nivo-slider/demo/images/Banner%20Politica%20Publica%20CONPES%20(1).ai HTTP/1.1" 206 1
201.245.192.253 - - [24/Feb/2019:20:39:37 -0500] "GET /galeria/nivo-slider/demo/images/Banner%20Politica%20Publica%20CONPES%20(1).ai HTTP/1.1" 206 1689512
66.249.75.95 - - [24/Feb/2019:20:39:40 -0500] "GET /BLA/resoluciones/AUTOS%202014/0518.pdf HTTP/1.1" 200 502434
201.245.192.253 - - [24/Feb/2019:20:40:21 -0500] "GET /galeria/nivo-slider/demo/images/Banner%20Politica%20Publica%20CONPES%20(1).ai HTTP/1.1" 206 1
201.245.192.253 - - [24/Feb/2019:20:40:21 -0500] "GET /galeria/nivo-slider/demo/images/Banner%20Politica%20Publica%20CONPES%20(1).ai HTTP/1.1" 206 1689512
66.249.75.95 - - [24/Feb/2019:20:40:29 -0500] "GET /BLA/resoluciones/Notificaciones/REGISTROS%202014/01419.doc HTTP/1.1" 200 166912
201.245.192.253 - - [24/Feb/2019:20:40:31 -0500] "GET /galeria/nivo-slider/demo/images/Banner%20Politica%20Publica%20CONPES%20(1).ai HTTP/1.1" 206 1
201.245.192.253 - - [24/Feb/2019:20:40:31 -0500] "GET /galeria/nivo-slider/demo/images/Banner%20Politica%20Publica%20CONPES%20(1).ai HTTP/1.1" 206 1689512
54.36.148.209 - - [24/Feb/2019:20:40:32 -0500] "GET /BLA/resoluciones/RESOLUCIONES%202005/RES%202005%20401-450/00000412.tif HTTP/1.1" 200 137714
201.245.192.253 - - [24/Feb/2019:20:40:35 -0500] "GET /galeria/nivo-slider/demo/images/Banner%20Politica%20Publica%20CONPES%20(1).ai HTTP/1.1" 206 1
201.245.192.253 - - [24/Feb/2019:20:40:35 -0500] "GET /galeria/nivo-slider/demo/images/Banner%20Politica%20Publica%20CONPES%20(1).ai HTTP/1.1" 206 1689512
192.168.175.104 - - [24/Feb/2019:20:40:39 -0500] "GET / HTTP/1.1" 200 9990
201.245.192.253 - - [24/Feb/2019:20:40:48 -0500] "GET /galeria/nivo-slider/demo/images/Banner%20Politica%20Publica%20CONPES%20(1).ai HTTP/1.1" 206 1
201.245.192.253 - - [24/Feb/2019:20:40:48 -0500] "GET /galeria/nivo-slider/demo/images/Banner%20Politica%20Publica%20CONPES%20(1).ai HTTP/1.1" 206 1689512
66.249.75.94 - - [24/Feb/2019:20:40:53 -0500] "GET /BLA/resoluciones/AUTOS%202015/5417.pdf HTTP/1.1" 200 524111
201.245.192.253 - - [24/Feb/2019:20:40:55 -0500] "GET /galeria/nivo-slider/demo/images/Banner%20Politica%20Publica%20CONPES%20(1).ai HTTP/1.1" 206 1
201.245.192.253 - - [24/Feb/2019:20:40:55 -0500] "GET /galeria/nivo-slider/demo/images/Banner%20Politica%20Publica%20CONPES%20(1).ai HTTP/1.1" 206 1689512
40.77.167.155 - - [24/Feb/2019:20:41:00 -0500] "GET /SIG/Gesti%C3%B3n%20Talento%20Humano/126PA01-PR19.pdf HTTP/1.1" 200 54976
201.245.192.253 - - [24/Feb/2019:20:41:05 -0500] "GET /galeria/nivo-slider/demo/images/Banner%20Politica%20Publica%20CONPES%20(1).ai HTTP/1.1" 206 1
201.245.192.253 - - [24/Feb/2019:20:41:05 -0500] "GET /galeria/nivo-slider/demo/images/Banner%20Politica%20Publica%20CONPES%20(1).ai HTTP/1.1" 206 1689512
66.249.75.95 - - [24/Feb/2019:20:41:17 -0500] "GET /BLA/resoluciones/AUTOS%202010/5578.pdf HTTP/1.1" 200 846516
181.54.229.32 - - [24/Feb/2019:20:41:32 -0500] "GET /galeria/galeria/fotos/mirador4G.jpg HTTP/1.1" 200 159827
66.249.75.65 - - [24/Feb/2019:20:41:41 -0500] "GET /BLA/resoluciones/AUTOS%202016/1034.pdf HTTP/1.1" 200 547169
66.249.75.95 - - [24/Feb/2019:20:42:06 -0500] "GET /BLA/resoluciones/AUTOS%202009/2938.pdf HTTP/1.1" 200 157697
181.188.162.21 - - [24/Feb/2019:20:42:40 -0500] "GET /galeria/galeria/fotos/Entrenube3G.jpg HTTP/1.1" 200 138221
66.249.75.94 - - [24/Feb/2019:20:42:54 -0500] "GET /BLA/resoluciones/AUTOS%202009/2841.pdf HTTP/1.1" 200 77363
66.249.75.95 - - [24/Feb/2019:20:43:18 -0500] "GET /BLA/resoluciones/AUTOS%202009/0614.pdf HTTP/1.1" 200 119996
190.144.166.61 - - [24/Feb/2019:20:43:29 -0500] "GET /galeria/nivo-slider/demo/images/Banner%20Politica%20Publica%20CONPES%20(1).ai HTTP/1.1" 206 1
190.144.166.61 - - [24/Feb/2019:20:43:29 -0500] "GET /galeria/nivo-slider/demo/images/Banner%20Politica%20Publica%20CONPES%20(1).ai HTTP/1.1" 206 1567889
201.245.192.253 - - [24/Feb/2019:20:43:37 -0500] "GET /galeria/nivo-slider/demo/images/Banner%20Politica%20Publica%20CONPES%20(1).ai HTTP/1.1" 206 1
201.245.192.253 - - [24/Feb/2019:20:43:37 -0500] "GET /galeria/nivo-slider/demo/images/Banner%20Politica%20Publica%20CONPES%20(1).ai HTTP/1.1" 206 1689512
190.144.166.61 - - [24/Feb/2019:20:43:39 -0500] "GET /galeria/nivo-slider/demo/images/Banner%20Politica%20Publica%20CONPES%20(1).ai HTTP/1.1" 206 1
190.144.166.61 - - [24/Feb/2019:20:43:39 -0500] "GET /galeria/nivo-slider/demo/images/Banner%20Politica%20Publica%20CONPES%20(1).ai HTTP/1.1" 206 1567889
181.59.40.88 - - [24/Feb/2019:20:43:40 -0500] "GET /BLA/boletinlegal/jurisprudencia/analisis/CUADRO%20ANALISIS%20SENTENCIA%20T-411%20DE%201992.doc HTTP/1.1" 200 41984
192.168.175.104 - - [24/Feb/2019:20:43:41 -0500] "GET / HTTP/1.0" 200 9990
66.249.75.65 - - [24/Feb/2019:20:43:42 -0500] "GET /BLA/resoluciones/AUTOS%202015/4417.pdf HTTP/1.1" 200 654757
201.245.192.253 - - [24/Feb/2019:20:43:47 -0500] "GET /galeria/nivo-slider/demo/images/Banner%20Politica%20Publica%20CONPES%20(1).ai HTTP/1.1" 206 1
201.245.192.253 - - [24/Feb/2019:20:43:47 -0500] "GET /galeria/nivo-slider/demo/images/Banner%20Politica%20Publica%20CONPES%20(1).ai HTTP/1.1" 206 1689512
69.162.124.233 - - [24/Feb/2019:20:43:54 -0500] "HEAD / HTTP/1.1" 200 -
54.36.150.66 - - [24/Feb/2019:20:44:01 -0500] "GET /autoliquidacion/index.php?dir=Grupo%20Forestal%20-%20Industria%20de%20la%20Madera/&sort=size&order=asc HTTP/1.1" 200 5071
186.84.90.32 - - [24/Feb/2019:20:44:21 -0500] "GET /BLA/boletinlegal/style.css HTTP/1.1" 200 9406
186.84.90.32 - - [24/Feb/2019:20:44:21 -0500] "GET /BLA/boletinlegal/styles2.css HTTP/1.1" 200 1838
186.84.90.32 - - [24/Feb/2019:20:44:21 -0500] "GET /BLA/boletinlegal/js/jquery.js HTTP/1.1" 200 57254
186.84.90.32 - - [24/Feb/2019:20:44:21 -0500] "GET /BLA/boletinlegal/js/jquery.scrollTo-min.js HTTP/1.1" 200 1150
186.84.90.32 - - [24/Feb/2019:20:44:21 -0500] "GET /BLA/boletinlegal/js/jquery.scrollShow.js HTTP/1.1" 200 4586
186.84.90.32 - - [24/Feb/2019:20:44:21 -0500] "GET /BLA/boletinlegal/images/cabezote%20BLEGAL.jpg HTTP/1.1" 200 118164
186.84.90.32 - - [24/Feb/2019:20:44:21 -0500] "GET /BLA/boletinlegal/images/subscribe-icon-big.png HTTP/1.1" 200 47702
186.84.90.32 - - [24/Feb/2019:20:44:21 -0500] "GET /BLA/boletinlegal/images/historia.png HTTP/1.1" 200 52775
186.84.90.32 - - [24/Feb/2019:20:44:22 -0500] "GET /BLA/boletinlegal/images/registro-usuarios.png HTTP/1.1" 200 8106
186.84.90.32 - - [24/Feb/2019:20:44:22 -0500] "GET /BLA/boletinlegal/images/arr_l.jpg HTTP/1.1" 200 1979
186.84.90.32 - - [24/Feb/2019:20:44:22 -0500] "GET /BLA/boletinlegal/images/screen_1.png HTTP/1.1" 200 202547
186.84.90.32 - - [24/Feb/2019:20:44:22 -0500] "GET /BLA/boletinlegal/images/body_bg.jpg HTTP/1.1" 200 1601
186.84.90.32 - - [24/Feb/2019:20:44:22 -0500] "GET /BLA/boletinlegal/images/launch.jpg HTTP/1.1" 200 14577
186.84.90.32 - - [24/Feb/2019:20:44:22 -0500] "GET /BLA/boletinlegal/images/menu_lft.gif HTTP/1.1" 200 1713
186.84.90.32 - - [24/Feb/2019:20:44:22 -0500] "GET /BLA/boletinlegal/images/menu_rght.gif HTTP/1.1" 200 1627
186.84.90.32 - - [24/Feb/2019:20:44:22 -0500] "GET /BLA/boletinlegal/images/bg_top.jpg HTTP/1.1" 200 522
186.84.90.32 - - [24/Feb/2019:20:44:22 -0500] "GET /BLA/boletinlegal/images/menu_bg.jpg HTTP/1.1" 200 620
186.84.90.32 - - [24/Feb/2019:20:44:22 -0500] "GET /BLA/boletinlegal/images/text.jpg HTTP/1.1" 200 568
186.84.90.32 - - [24/Feb/2019:20:44:22 -0500] "GET /BLA/boletinlegal/images/hover.jpg HTTP/1.1" 200 640
186.84.90.32 - - [24/Feb/2019:20:44:27 -0500] "GET /BLA/boletinlegal/images/screen_3.png HTTP/1.1" 200 210620
186.84.90.32 - - [24/Feb/2019:20:44:27 -0500] "GET /BLA/boletinlegal/images/screen_5.png HTTP/1.1" 200 368876
186.84.90.32 - - [24/Feb/2019:20:44:27 -0500] "GET /BLA/boletinlegal/images/screen_2.png HTTP/1.1" 200 362502
186.84.90.32 - - [24/Feb/2019:20:44:27 -0500] "GET /BLA/boletinlegal/images/arr_r.jpg HTTP/1.1" 200 1998
186.84.90.32 - - [24/Feb/2019:20:44:27 -0500] "GET /BLA/boletinlegal/images/footer_bg.jpg HTTP/1.1" 200 586
201.245.192.253 - - [24/Feb/2019:20:44:31 -0500] "GET /galeria/nivo-slider/demo/images/Banner%20Politica%20Publica%20CONPES%20(1).ai HTTP/1.1" 206 1
201.245.192.253 - - [24/Feb/2019:20:44:31 -0500] "GET /galeria/nivo-slider/demo/images/Banner%20Politica%20Publica%20CONPES%20(1).ai HTTP/1.1" 206 1689512
66.249.75.95 - - [24/Feb/2019:20:44:31 -0500] "GET /BLA/resoluciones/RESOLUCIONES%202008/1237.pdf HTTP/1.1" 200 304423
186.84.90.32 - - [24/Feb/2019:20:44:35 -0500] "GET /BLA/boletinlegal/images/pdf.gif HTTP/1.1" 200 567
201.245.192.253 - - [24/Feb/2019:20:44:41 -0500] "GET /galeria/nivo-slider/demo/images/Banner%20Politica%20Publica%20CONPES%20(1).ai HTTP/1.1" 206 1
201.245.192.253 - - [24/Feb/2019:20:44:41 -0500] "GET /galeria/nivo-slider/demo/images/Banner%20Politica%20Publica%20CONPES%20(1).ai HTTP/1.1" 206 1689512
201.245.192.253 - - [24/Feb/2019:20:44:45 -0500] "GET /galeria/nivo-slider/demo/images/Banner%20Politica%20Publica%20CONPES%20(1).ai HTTP/1.1" 206 1
201.245.192.253 - - [24/Feb/2019:20:44:45 -0500] "GET /galeria/nivo-slider/demo/images/Banner%20Politica%20Publica%20CONPES%20(1).ai HTTP/1.1" 206 1689512
201.245.192.253 - - [24/Feb/2019:20:44:55 -0500] "GET /galeria/nivo-slider/demo/images/Banner%20Politica%20Publica%20CONPES%20(1).ai HTTP/1.1" 206 1
201.245.192.253 - - [24/Feb/2019:20:44:55 -0500] "GET /galeria/nivo-slider/demo/images/Banner%20Politica%20Publica%20CONPES%20(1).ai HTTP/1.1" 206 1689512
66.249.75.95 - - [24/Feb/2019:20:44:55 -0500] "GET /BLA/resoluciones/AUTOS%202015/6799.pdf HTTP/1.1" 200 482927
201.245.192.253 - - [24/Feb/2019:20:45:05 -0500] "GET /galeria/nivo-slider/demo/images/Banner%20Politica%20Publica%20CONPES%20(1).ai HTTP/1.1" 206 1
201.245.192.253 - - [24/Feb/2019:20:45:06 -0500] "GET /galeria/nivo-slider/demo/images/Banner%20Politica%20Publica%20CONPES%20(1).ai HTTP/1.1" 206 1689512
201.245.192.253 - - [24/Feb/2019:20:45:15 -0500] "GET /galeria/nivo-slider/demo/images/Banner%20Politica%20Publica%20CONPES%20(1).ai HTTP/1.1" 206 1
201.245.192.253 - - [24/Feb/2019:20:45:15 -0500] "GET /galeria/nivo-slider/demo/images/Banner%20Politica%20Publica%20CONPES%20(1).ai HTTP/1.1" 206 1689512
66.249.75.94 - - [24/Feb/2019:20:45:19 -0500] "GET /BLA/resoluciones/AUTOS%202017/0011.pdf HTTP/1.1" 200 614675
181.53.12.234 - - [24/Feb/2019:20:45:20 -0500] "GET /BLA/resoluciones/AUTOS%202007/3665.pdf HTTP/1.1" 200 176724
192.168.175.104 - - [24/Feb/2019:20:45:37 -0500] "GET / HTTP/1.1" 200 9990
66.249.75.65 - - [24/Feb/2019:20:45:43 -0500] "GET /BLA/resoluciones/AUTOS%202011/2368.pdf HTTP/1.1" 200 137556
186.84.90.32 - - [24/Feb/2019:20:44:21 -0500] "GET /BLA/boletinlegal/ HTTP/1.1" 200 65288
186.84.90.32 - - [24/Feb/2019:20:45:50 -0500] "GET /BLA/boletinlegal/images/img_1.jpg HTTP/1.1" 200 8067
186.84.90.32 - - [24/Feb/2019:20:45:50 -0500] "GET /BLA/boletinlegal/images/tel.png HTTP/1.1" 200 14477
186.84.90.32 - - [24/Feb/2019:20:45:50 -0500] "GET /BLA/boletinlegal/images/footer_bg_l.jpg HTTP/1.1" 200 776
186.84.90.32 - - [24/Feb/2019:20:45:50 -0500] "GET /BLA/boletinlegal/images/img_3.jpg HTTP/1.1" 200 1841
186.84.90.32 - - [24/Feb/2019:20:45:50 -0500] "GET /BLA/boletinlegal/images/icono-email.png HTTP/1.1" 200 5544
186.84.90.32 - - [24/Feb/2019:20:45:50 -0500] "GET /favicon.ico HTTP/1.1" 200 7782
66.249.75.94 - - [24/Feb/2019:20:46:07 -0500] "GET /BLA/resoluciones/AUTOS%202017/2060.pdf HTTP/1.1" 200 283886
54.36.148.24 - - [24/Feb/2019:20:46:16 -0500] "GET /BLA/resoluciones/index.php?dir=RESOLUCIONES%202006/RES%202006%202351-2400/&sort=date&order=desc HTTP/1.1" 200 12356
181.56.91.93 - - [24/Feb/2019:20:46:26 -0500] "GET /BLA/resoluciones/RESOLUCIONES%202011/6971.pdf HTTP/1.1" 200 637749
66.249.75.94 - - [24/Feb/2019:20:46:32 -0500] "GET /BLA/resoluciones/RESOLUCIONES%202010/6231.pdf HTTP/1.1" 200 92833
66.249.75.95 - - [24/Feb/2019:20:46:56 -0500] "GET /BLA/resoluciones/AUTOS%202008/0294.pdf HTTP/1.1" 200 95318
186.84.90.32 - - [24/Feb/2019:20:47:01 -0500] "GET /BLA/boletinlegal/style.css HTTP/1.1" 200 9406
186.84.90.32 - - [24/Feb/2019:20:47:01 -0500] "GET /BLA/boletinlegal/styles2.css HTTP/1.1" 200 1838
186.84.90.32 - - [24/Feb/2019:20:47:01 -0500] "GET /BLA/boletinlegal/js/jquery.js HTTP/1.1" 200 57254
186.84.90.32 - - [24/Feb/2019:20:47:01 -0500] "GET /BLA/boletinlegal/js/jquery.scrollTo-min.js HTTP/1.1" 200 1150
186.84.90.32 - - [24/Feb/2019:20:47:01 -0500] "GET /BLA/boletinlegal/js/jquery.scrollShow.js HTTP/1.1" 200 4586
186.84.90.32 - - [24/Feb/2019:20:47:01 -0500] "GET /BLA/boletinlegal/images/cabezote%20BLEGAL.jpg HTTP/1.1" 200 118164
186.84.90.32 - - [24/Feb/2019:20:47:01 -0500] "GET /BLA/boletinlegal/images/subscribe-icon-big.png HTTP/1.1" 200 47702
186.84.90.32 - - [24/Feb/2019:20:47:02 -0500] "GET /BLA/boletinlegal/images/historia.png HTTP/1.1" 200 52775
186.84.90.32 - - [24/Feb/2019:20:47:02 -0500] "GET /BLA/boletinlegal/images/screen_1.png HTTP/1.1" 200 202547
186.84.90.32 - - [24/Feb/2019:20:47:02 -0500] "GET /BLA/boletinlegal/images/arr_l.jpg HTTP/1.1" 200 1979
186.84.90.32 - - [24/Feb/2019:20:47:02 -0500] "GET /BLA/boletinlegal/images/registro-usuarios.png HTTP/1.1" 200 8106
186.84.90.32 - - [24/Feb/2019:20:47:02 -0500] "GET /BLA/boletinlegal/images/launch.jpg HTTP/1.1" 200 14577
186.84.90.32 - - [24/Feb/2019:20:47:02 -0500] "GET /BLA/boletinlegal/images/body_bg.jpg HTTP/1.1" 200 1601
186.84.90.32 - - [24/Feb/2019:20:47:02 -0500] "GET /BLA/boletinlegal/images/menu_lft.gif HTTP/1.1" 200 1713
186.84.90.32 - - [24/Feb/2019:20:47:02 -0500] "GET /BLA/boletinlegal/images/menu_rght.gif HTTP/1.1" 200 1627
186.84.90.32 - - [24/Feb/2019:20:47:02 -0500] "GET /BLA/boletinlegal/images/bg_top.jpg HTTP/1.1" 200 522
186.84.90.32 - - [24/Feb/2019:20:47:02 -0500] "GET /BLA/boletinlegal/images/menu_bg.jpg HTTP/1.1" 200 620
186.84.90.32 - - [24/Feb/2019:20:47:02 -0500] "GET /BLA/boletinlegal/images/hover.jpg HTTP/1.1" 200 640
186.84.90.32 - - [24/Feb/2019:20:47:02 -0500] "GET /BLA/boletinlegal/images/text.jpg HTTP/1.1" 200 568
186.84.90.32 - - [24/Feb/2019:20:47:01 -0500] "GET /BLA/boletinlegal/ HTTP/1.1" 200 16331
161.18.58.132 - - [24/Feb/2019:20:47:19 -0500] "GET /galeria/mapa/humedal2017.jpg HTTP/1.1" 200 644667
190.144.166.61 - - [24/Feb/2019:20:47:39 -0500] "GET /galeria/nivo-slider/demo/images/Banner%20Politica%20Publica%20CONPES%20(1).ai HTTP/1.1" 206 1
190.144.166.61 - - [24/Feb/2019:20:47:39 -0500] "GET /galeria/nivo-slider/demo/images/Banner%20Politica%20Publica%20CONPES%20(1).ai HTTP/1.1" 206 1567889
201.245.192.253 - - [24/Feb/2019:20:47:47 -0500] "GET /galeria/nivo-slider/demo/images/Banner%20Politica%20Publica%20CONPES%20(1).ai HTTP/1.1" 206 1
201.245.192.253 - - [24/Feb/2019:20:47:47 -0500] "GET /galeria/nivo-slider/demo/images/Banner%20Politica%20Publica%20CONPES%20(1).ai HTTP/1.1" 206 1689512
190.144.166.61 - - [24/Feb/2019:20:47:49 -0500] "GET /galeria/nivo-slider/demo/images/Banner%20Politica%20Publica%20CONPES%20(1).ai HTTP/1.1" 206 1
190.144.166.61 - - [24/Feb/2019:20:47:49 -0500] "GET /galeria/nivo-slider/demo/images/Banner%20Politica%20Publica%20CONPES%20(1).ai HTTP/1.1" 206 1567889
201.245.192.253 - - [24/Feb/2019:20:47:57 -0500] "GET /galeria/nivo-slider/demo/images/Banner%20Politica%20Publica%20CONPES%20(1).ai HTTP/1.1" 206 1
201.245.192.253 - - [24/Feb/2019:20:47:57 -0500] "GET /galeria/nivo-slider/demo/images/Banner%20Politica%20Publica%20CONPES%20(1).ai HTTP/1.1" 206 1689512
66.249.75.95 - - [24/Feb/2019:20:48:06 -0500] "GET /BLA/resoluciones/AUTOS%202015/2109.pdf HTTP/1.1" 200 517224
66.249.75.94 - - [24/Feb/2019:20:48:08 -0500] "GET /BLA/resoluciones/RESOLUCIONES%202014/2557.pdf HTTP/1.1" 200 723291
54.36.150.92 - - [24/Feb/2019:20:48:22 -0500] "GET /BLA/resoluciones/AUTOS%202006/AUTOS%202006%20401-500/00000428.tif HTTP/1.1" 200 37228
66.249.75.95 - - [24/Feb/2019:20:48:33 -0500] "GET /BLA/resoluciones/RESOLUCIONES%202014/0634.pdf HTTP/1.1" 200 795593
192.168.175.104 - - [24/Feb/2019:20:48:39 -0500] "GET / HTTP/1.0" 200 9990
54.36.150.49 - - [24/Feb/2019:20:48:39 -0500] "GET /BLA/resoluciones/AUTOS%202006/AUTOS%202006%20601-700/00000644.tif HTTP/1.1" 200 467472
201.245.192.253 - - [24/Feb/2019:20:48:41 -0500] "GET /galeria/nivo-slider/demo/images/Banner%20Politica%20Publica%20CONPES%20(1).ai HTTP/1.1" 206 1
201.245.192.253 - - [24/Feb/2019:20:48:41 -0500] "GET /galeria/nivo-slider/demo/images/Banner%20Politica%20Publica%20CONPES%20(1).ai HTTP/1.1" 206 1689512
201.245.192.253 - - [24/Feb/2019:20:48:51 -0500] "GET /galeria/nivo-slider/demo/images/Banner%20Politica%20Publica%20CONPES%20(1).ai HTTP/1.1" 206 1
201.245.192.253 - - [24/Feb/2019:20:48:51 -0500] "GET /galeria/nivo-slider/demo/images/Banner%20Politica%20Publica%20CONPES%20(1).ai HTTP/1.1" 206 1689512
69.162.124.233 - - [24/Feb/2019:20:48:51 -0500] "HEAD / HTTP/1.1" 200 -
201.245.192.253 - - [24/Feb/2019:20:48:55 -0500] "GET /galeria/nivo-slider/demo/images/Banner%20Politica%20Publica%20CONPES%20(1).ai HTTP/1.1" 206 1
201.245.192.253 - - [24/Feb/2019:20:48:55 -0500] "GET /galeria/nivo-slider/demo/images/Banner%20Politica%20Publica%20CONPES%20(1).ai HTTP/1.1" 206 1689512
201.245.192.253 - - [24/Feb/2019:20:49:05 -0500] "GET /galeria/nivo-slider/demo/images/Banner%20Politica%20Publica%20CONPES%20(1).ai HTTP/1.1" 206 1
201.245.192.253 - - [24/Feb/2019:20:49:05 -0500] "GET /galeria/nivo-slider/demo/images/Banner%20Politica%20Publica%20CONPES%20(1).ai HTTP/1.1" 206 1689512
201.245.192.253 - - [24/Feb/2019:20:49:15 -0500] "GET /galeria/nivo-slider/demo/images/Banner%20Politica%20Publica%20CONPES%20(1).ai HTTP/1.1" 206 1
201.245.192.253 - - [24/Feb/2019:20:49:15 -0500] "GET /galeria/nivo-slider/demo/images/Banner%20Politica%20Publica%20CONPES%20(1).ai HTTP/1.1" 206 1689512
66.249.75.65 - - [24/Feb/2019:20:49:21 -0500] "GET /BLA/resoluciones/AUTOS%202007/1167.pdf HTTP/1.1" 200 29450
201.245.192.253 - - [24/Feb/2019:20:49:25 -0500] "GET /galeria/nivo-slider/demo/images/Banner%20Politica%20Publica%20CONPES%20(1).ai HTTP/1.1" 206 1
201.245.192.253 - - [24/Feb/2019:20:49:25 -0500] "GET /galeria/nivo-slider/demo/images/Banner%20Politica%20Publica%20CONPES%20(1).ai HTTP/1.1" 206 1689512
66.249.75.65 - - [24/Feb/2019:20:49:45 -0500] "GET /BLA/resoluciones/RESOLUCIONES%202010/0825.pdf HTTP/1.1" 200 97737
54.36.148.59 - - [24/Feb/2019:20:49:53 -0500] "GET /BLA/resoluciones/RESOLUCIONES%202004/RES%202004%20901-950/00000907.tif HTTP/1.1" 200 106968
54.36.148.75 - - [24/Feb/2019:20:50:02 -0500] "GET /BLA/resoluciones/RESOLUCIONES%202005/RES%202005%2051-100/00000089.tif HTTP/1.1" 200 144304
66.249.75.94 - - [24/Feb/2019:20:50:09 -0500] "GET /BLA/resoluciones/Notificaciones/AUTOS%202014/3911.doc HTTP/1.1" 200 6069760
66.249.75.67 - - [24/Feb/2019:20:50:33 -0500] "GET /BLA/resoluciones/AUTOS%202016/2762.pdf HTTP/1.1" 200 407965
192.168.175.104 - - [24/Feb/2019:20:50:35 -0500] "GET / HTTP/1.1" 200 9990
66.249.75.67 - - [24/Feb/2019:20:50:58 -0500] "GET /BLA/resoluciones/RESOLUCIONES%202011/0281.pdf HTTP/1.1" 200 89491
66.249.75.94 - - [24/Feb/2019:20:51:22 -0500] "GET /BLA/resoluciones/AUTOS%202015/1294.pdf HTTP/1.1" 200 645430
66.249.75.94 - - [24/Feb/2019:20:51:46 -0500] "GET /BLA/resoluciones/RESOLUCIONES%202007/RES%202007%203401%20AL%203500/RESOLUCION%203500%20DE%202007.pdf HTTP/1.1" 200 1220600
190.144.166.61 - - [24/Feb/2019:20:51:49 -0500] "GET /galeria/nivo-slider/demo/images/Banner%20Politica%20Publica%20CONPES%20(1).ai HTTP/1.1" 206 1
54.36.150.178 - - [24/Feb/2019:20:51:55 -0500] "GET /BLA/resoluciones/RESOLUCIONES%202004/RES%202004%20451-500/00000494.tif HTTP/1.1" 200 155832
66.102.8.85 - - [24/Feb/2019:20:51:56 -0500] "GET /galeria/galeria/fotos/Humedal-Tibanica1G.jpg HTTP/1.1" 200 541579
201.245.192.253 - - [24/Feb/2019:20:51:57 -0500] "GET /galeria/nivo-slider/demo/images/Banner%20Politica%20Publica%20CONPES%20(1).ai HTTP/1.1" 206 1
201.245.192.253 - - [24/Feb/2019:20:51:57 -0500] "GET /galeria/nivo-slider/demo/images/Banner%20Politica%20Publica%20CONPES%20(1).ai HTTP/1.1" 206 1689512
190.144.166.61 - - [24/Feb/2019:20:51:59 -0500] "GET /galeria/nivo-slider/demo/images/Banner%20Politica%20Publica%20CONPES%20(1).ai HTTP/1.1" 206 1
190.144.166.61 - - [24/Feb/2019:20:51:59 -0500] "GET /galeria/nivo-slider/demo/images/Banner%20Politica%20Publica%20CONPES%20(1).ai HTTP/1.1" 206 1567889
54.36.150.28 - - [24/Feb/2019:20:52:00 -0500] "GET /BLA/resoluciones/RESOLUCIONES%202003/RES%202003%201551-1601/20031558.tif HTTP/1.1" 200 43908
201.245.192.253 - - [24/Feb/2019:20:52:07 -0500] "GET /galeria/nivo-slider/demo/images/Banner%20Politica%20Publica%20CONPES%20(1).ai HTTP/1.1" 206 1
201.245.192.253 - - [24/Feb/2019:20:52:07 -0500] "GET /galeria/nivo-slider/demo/images/Banner%20Politica%20Publica%20CONPES%20(1).ai HTTP/1.1" 206 1689512
66.249.75.94 - - [24/Feb/2019:20:52:10 -0500] "GET /BLA/resoluciones/AUTOS%202011/7185.pdf HTTP/1.1" 200 208271
181.53.12.161 - - [24/Feb/2019:20:52:27 -0500] "GET /galeria/galeria/fotos/Soratama3G.jpg HTTP/1.1" 200 159434
186.154.137.80 - - [24/Feb/2019:20:52:28 -0500] "GET /galeria/mapa/humedal2017.jpg HTTP/1.1" 200 644667
201.245.192.253 - - [24/Feb/2019:20:52:51 -0500] "GET /galeria/nivo-slider/demo/images/Banner%20Politica%20Publica%20CONPES%20(1).ai HTTP/1.1" 206 1
201.245.192.253 - - [24/Feb/2019:20:52:51 -0500] "GET /galeria/nivo-slider/demo/images/Banner%20Politica%20Publica%20CONPES%20(1).ai HTTP/1.1" 206 1689512
190.9.203.41 - - [24/Feb/2019:20:52:51 -0500] "GET /Autoliquidacion/Solicitudes%20relacionadas%20con%20calidad%20del%20aire%20auditiva%20y%20visual/Acompa%C3%B1amiento%20para%20muestreo%20isocin%C3%A9tico%20y%20o%20determinaciones%20de%20emisiones%20a%20fuentes%20fijas/Protocolo%20para%20Monitoreo%20Emisiones%20Atmosfericas.pdf HTTP/1.1" 200 414759
190.9.203.41 - - [24/Feb/2019:20:52:52 -0500] "GET /favicon.ico HTTP/1.1" 200 7782
66.249.75.65 - - [24/Feb/2019:20:52:59 -0500] "GET /BLA/resoluciones/RESOLUCIONES%202007/RES%202007%204301%20AL%204352/RESOLUCION%204338%20DE%202007.pdf HTTP/1.1" 200 1199054
201.245.192.253 - - [24/Feb/2019:20:53:01 -0500] "GET /galeria/nivo-slider/demo/images/Banner%20Politica%20Publica%20CONPES%20(1).ai HTTP/1.1" 206 1
201.245.192.253 - - [24/Feb/2019:20:53:01 -0500] "GET /galeria/nivo-slider/demo/images/Banner%20Politica%20Publica%20CONPES%20(1).ai HTTP/1.1" 206 1689512
201.245.192.253 - - [24/Feb/2019:20:53:05 -0500] "GET /galeria/nivo-slider/demo/images/Banner%20Politica%20Publica%20CONPES%20(1).ai HTTP/1.1" 206 1
201.245.192.253 - - [24/Feb/2019:20:53:05 -0500] "GET /galeria/nivo-slider/demo/images/Banner%20Politica%20Publica%20CONPES%20(1).ai HTTP/1.1" 206 1689512
201.245.192.253 - - [24/Feb/2019:20:53:15 -0500] "GET /galeria/nivo-slider/demo/images/Banner%20Politica%20Publica%20CONPES%20(1).ai HTTP/1.1" 206 1
201.245.192.253 - - [24/Feb/2019:20:53:15 -0500] "GET /galeria/nivo-slider/demo/images/Banner%20Politica%20Publica%20CONPES%20(1).ai HTTP/1.1" 206 1689512
201.245.192.253 - - [24/Feb/2019:20:53:28 -0500] "GET /galeria/nivo-slider/demo/images/Banner%20Politica%20Publica%20CONPES%20(1).ai HTTP/1.1" 206 1
201.245.192.253 - - [24/Feb/2019:20:53:28 -0500] "GET /galeria/nivo-slider/demo/images/Banner%20Politica%20Publica%20CONPES%20(1).ai HTTP/1.1" 206 1689512
40.77.167.155 - - [24/Feb/2019:20:53:32 -0500] "GET /Anexos%20estudio%20Organizacional%20SDA/ANEXO%20No.%201-%20NORMAS%20LEGALES%20DE%20ESTRUCTURA%20Y%20PLANTA/Ley%2099%20de%201993%20-%20Crea%20MimAmbiente.htm HTTP/1.1" 200 525976
201.245.192.253 - - [24/Feb/2019:20:53:35 -0500] "GET /galeria/nivo-slider/demo/images/Banner%20Politica%20Publica%20CONPES%20(1).ai HTTP/1.1" 206 1
201.245.192.253 - - [24/Feb/2019:20:53:35 -0500] "GET /galeria/nivo-slider/demo/images/Banner%20Politica%20Publica%20CONPES%20(1).ai HTTP/1.1" 206 1689512
192.168.175.104 - - [24/Feb/2019:20:53:37 -0500] "GET / HTTP/1.0" 200 9990
69.162.124.233 - - [24/Feb/2019:20:53:51 -0500] "HEAD / HTTP/1.1" 200 -
66.249.75.94 - - [24/Feb/2019:20:54:11 -0500] "GET /BLA/resoluciones/RESOLUCIONES%202010/4626.pdf HTTP/1.1" 200 2291622
54.36.148.199 - - [24/Feb/2019:20:54:17 -0500] "GET /BLA/resoluciones/RESOLUCIONES%202004/RES%202004%202301-2350/00002316.tif HTTP/1.1" 200 219858
66.249.75.95 - - [24/Feb/2019:20:54:35 -0500] "GET /BLA/resoluciones/RESOLUCIONES%202007/RES%202007%201%20AL%20100/RESOLUCION%200007DE%202007.pdf HTTP/1.1" 200 164907
201.184.41.239 - - [24/Feb/2019:20:54:59 -0500] "GET /galeria/galeria/fotos/Humedal-vaca5G.jpg HTTP/1.1" 200 210577
66.249.75.94 - - [24/Feb/2019:20:55:00 -0500] "GET /BLA/resoluciones/Notificaciones/AUTOS%202014/5562.doc HTTP/1.1" 200 160256
66.249.75.95 - - [24/Feb/2019:20:55:24 -0500] "GET /BLA/resoluciones/AUTOS%202015/2313.pdf HTTP/1.1" 304 -
192.168.175.104 - - [24/Feb/2019:20:55:34 -0500] "GET / HTTP/1.1" 200 9990
191.91.235.160 - - [24/Feb/2019:20:55:34 -0500] "GET /BLA/resoluciones/Notificaciones/AUTOS%202015/3597.doc HTTP/1.1" 200 174592
54.36.148.26 - - [24/Feb/2019:20:55:38 -0500] "GET /BLA/resoluciones/AUTOS%202006/AUTOS%202006%201501%20-%201600/00001542.tif HTTP/1.1" 200 55796
66.249.75.95 - - [24/Feb/2019:20:55:48 -0500] "GET /BLA/resoluciones/RESOLUCIONES%202007/RES%202007%202401%20AL%202500/RESOLUCION%202439%20DE%202007.pdf HTTP/1.1" 200 497599
190.144.166.61 - - [24/Feb/2019:20:55:59 -0500] "GET /galeria/nivo-slider/demo/images/Banner%20Politica%20Publica%20CONPES%20(1).ai HTTP/1.1" 206 1
190.144.166.61 - - [24/Feb/2019:20:55:59 -0500] "GET /galeria/nivo-slider/demo/images/Banner%20Politica%20Publica%20CONPES%20(1).ai HTTP/1.1" 206 1567889
186.84.88.168 - - [24/Feb/2019:20:56:06 -0500] "GET /galeria/galeria/fotos/Humedal-Tibanica4G.jpg HTTP/1.1" 200 442374
201.245.192.253 - - [24/Feb/2019:20:56:07 -0500] "GET /galeria/nivo-slider/demo/images/Banner%20Politica%20Publica%20CONPES%20(1).ai HTTP/1.1" 206 1
201.245.192.253 - - [24/Feb/2019:20:56:07 -0500] "GET /galeria/nivo-slider/demo/images/Banner%20Politica%20Publica%20CONPES%20(1).ai HTTP/1.1" 206 1689512
190.144.166.61 - - [24/Feb/2019:20:56:09 -0500] "GET /galeria/nivo-slider/demo/images/Banner%20Politica%20Publica%20CONPES%20(1).ai HTTP/1.1" 206 1
190.144.166.61 - - [24/Feb/2019:20:56:09 -0500] "GET /galeria/nivo-slider/demo/images/Banner%20Politica%20Publica%20CONPES%20(1).ai HTTP/1.1" 206 1567889
66.249.75.95 - - [24/Feb/2019:20:56:12 -0500] "GET /BLA/resoluciones/RESOLUCIONES%202017/0906.pdf HTTP/1.1" 200 357089
181.129.173.75 - - [24/Feb/2019:20:56:13 -0500] "GET /galeria/galeria/fotos/Entrenube2G.jpg HTTP/1.1" 200 111422
201.245.192.253 - - [24/Feb/2019:20:56:17 -0500] "GET /galeria/nivo-slider/demo/images/Banner%20Politica%20Publica%20CONPES%20(1).ai HTTP/1.1" 206 1
201.245.192.253 - - [24/Feb/2019:20:56:17 -0500] "GET /galeria/nivo-slider/demo/images/Banner%20Politica%20Publica%20CONPES%20(1).ai HTTP/1.1" 206 1689512
66.249.75.94 - - [24/Feb/2019:20:56:36 -0500] "GET /BLA/resoluciones/RESOLUCIONES%202013/2081.pdf HTTP/1.1" 200 497835
201.245.192.253 - - [24/Feb/2019:20:57:01 -0500] "GET /galeria/nivo-slider/demo/images/Banner%20Politica%20Publica%20CONPES%20(1).ai HTTP/1.1" 206 1
201.245.192.253 - - [24/Feb/2019:20:57:01 -0500] "GET /galeria/nivo-slider/demo/images/Banner%20Politica%20Publica%20CONPES%20(1).ai HTTP/1.1" 206 1689512
201.245.192.253 - - [24/Feb/2019:20:57:11 -0500] "GET /galeria/nivo-slider/demo/images/Banner%20Politica%20Publica%20CONPES%20(1).ai HTTP/1.1" 206 1
201.245.192.253 - - [24/Feb/2019:20:57:11 -0500] "GET /galeria/nivo-slider/demo/images/Banner%20Politica%20Publica%20CONPES%20(1).ai HTTP/1.1" 206 1689512
201.245.192.253 - - [24/Feb/2019:20:57:15 -0500] "GET /galeria/nivo-slider/demo/images/Banner%20Politica%20Publica%20CONPES%20(1).ai HTTP/1.1" 206 1
201.245.192.253 - - [24/Feb/2019:20:57:15 -0500] "GET /galeria/nivo-slider/demo/images/Banner%20Politica%20Publica%20CONPES%20(1).ai HTTP/1.1" 206 1689512
201.245.192.253 - - [24/Feb/2019:20:57:25 -0500] "GET /galeria/nivo-slider/demo/images/Banner%20Politica%20Publica%20CONPES%20(1).ai HTTP/1.1" 206 1
201.245.192.253 - - [24/Feb/2019:20:57:25 -0500] "GET /galeria/nivo-slider/demo/images/Banner%20Politica%20Publica%20CONPES%20(1).ai HTTP/1.1" 206 1689512
66.249.75.94 - - [24/Feb/2019:20:57:25 -0500] "GET /BLA/resoluciones/RESOLUCIONES%202014/1926.pdf HTTP/1.1" 200 311246
66.249.88.61 - - [24/Feb/2019:20:57:32 -0500] "GET /galeria/galeria/fotos/Entrenube2G.jpg HTTP/1.1" 200 111422
201.245.192.253 - - [24/Feb/2019:20:57:35 -0500] "GET /galeria/nivo-slider/demo/images/Banner%20Politica%20Publica%20CONPES%20(1).ai HTTP/1.1" 206 1
201.245.192.253 - - [24/Feb/2019:20:57:35 -0500] "GET /galeria/nivo-slider/demo/images/Banner%20Politica%20Publica%20CONPES%20(1).ai HTTP/1.1" 206 1689512
201.191.158.1 - - [24/Feb/2019:20:57:39 -0500] "GET /portalsiaccapacitaciones/Soportes%20Capacitaciones%202015/0002.%20Taller%20HC%20Corporativa%20SDA%2006-04-2015.pdf HTTP/1.1" 200 12264646
201.191.158.1 - - [24/Feb/2019:20:57:39 -0500] "GET /favicon.ico HTTP/1.1" 200 7782
185.209.20.147 - - [24/Feb/2019:20:57:41 -0500] "HEAD / HTTP/1.1" 200 -
201.245.192.253 - - [24/Feb/2019:20:57:45 -0500] "GET /galeria/nivo-slider/demo/images/Banner%20Politica%20Publica%20CONPES%20(1).ai HTTP/1.1" 206 1
201.245.192.253 - - [24/Feb/2019:20:57:45 -0500] "GET /galeria/nivo-slider/demo/images/Banner%20Politica%20Publica%20CONPES%20(1).ai HTTP/1.1" 206 1689512
66.249.88.62 - - [24/Feb/2019:20:57:47 -0500] "GET /galeria/galeria/fotos/Entrenube3G.jpg HTTP/1.1" 200 138221
181.129.173.75 - - [24/Feb/2019:20:57:51 -0500] "GET /galeria/galeria/fotos/Humedal-Santa-Mar%C3%ADa-del-Lago3G.jpg HTTP/1.1" 200 271832
66.249.88.61 - - [24/Feb/2019:20:58:03 -0500] "GET /galeria/galeria/fotos/Entrenube4G.jpg HTTP/1.1" 200 171047
66.249.75.94 - - [24/Feb/2019:20:58:13 -0500] "GET / HTTP/1.1" 200 9990
216.244.66.195 - - [24/Feb/2019:20:58:18 -0500] "GET /robots.txt HTTP/1.1" 404 1018
186.154.137.80 - - [24/Feb/2019:20:58:24 -0500] "GET /galeria/mapa/humedal2017.jpg HTTP/1.1" 200 644667
192.168.175.104 - - [24/Feb/2019:20:58:34 -0500] "GET / HTTP/1.0" 200 9990
69.162.124.233 - - [24/Feb/2019:20:58:51 -0500] "HEAD / HTTP/1.1" 200 -
54.36.150.38 - - [24/Feb/2019:20:58:56 -0500] "GET /BLA/resoluciones/index.php?dir=&sort=date&order=desc HTTP/1.1" 200 10145
66.249.75.94 - - [24/Feb/2019:20:59:26 -0500] "GET /BLA/resoluciones/RESOLUCIONES%202007/RES%202007%201401%20AL%201500/RESOLUCION%201405%20DE%202007.pdf HTTP/1.1" 200 216229
190.144.166.61 - - [24/Feb/2019:21:00:09 -0500] "GET /galeria/nivo-slider/demo/images/Banner%20Politica%20Publica%20CONPES%20(1).ai HTTP/1.1" 206 1
190.144.166.61 - - [24/Feb/2019:21:00:09 -0500] "GET /galeria/nivo-slider/demo/images/Banner%20Politica%20Publica%20CONPES%20(1).ai HTTP/1.1" 206 1567889
66.249.75.94 - - [24/Feb/2019:21:00:14 -0500] "GET /BLA/resoluciones/RESOLUCIONES%202009/2040.pdf HTTP/1.1" 304 -
201.245.192.253 - - [24/Feb/2019:21:00:17 -0500] "GET /galeria/nivo-slider/demo/images/Banner%20Politica%20Publica%20CONPES%20(1).ai HTTP/1.1" 206 1
201.245.192.253 - - [24/Feb/2019:21:00:17 -0500] "GET /galeria/nivo-slider/demo/images/Banner%20Politica%20Publica%20CONPES%20(1).ai HTTP/1.1" 206 1689512
190.144.166.61 - - [24/Feb/2019:21:00:19 -0500] "GET /galeria/nivo-slider/demo/images/Banner%20Politica%20Publica%20CONPES%20(1).ai HTTP/1.1" 206 1
190.144.166.61 - - [24/Feb/2019:21:00:19 -0500] "GET /galeria/nivo-slider/demo/images/Banner%20Politica%20Publica%20CONPES%20(1).ai HTTP/1.1" 206 1567889
201.245.192.253 - - [24/Feb/2019:21:00:27 -0500] "GET /galeria/nivo-slider/demo/images/Banner%20Politica%20Publica%20CONPES%20(1).ai HTTP/1.1" 206 1
201.245.192.253 - - [24/Feb/2019:21:00:27 -0500] "GET /galeria/nivo-slider/demo/images/Banner%20Politica%20Publica%20CONPES%20(1).ai HTTP/1.1" 206 1689512
192.168.175.104 - - [24/Feb/2019:21:00:31 -0500] "GET / HTTP/1.1" 200 9990
201.245.192.253 - - [24/Feb/2019:21:01:11 -0500] "GET /galeria/nivo-slider/demo/images/Banner%20Politica%20Publica%20CONPES%20(1).ai HTTP/1.1" 206 1
201.245.192.253 - - [24/Feb/2019:21:01:11 -0500] "GET /galeria/nivo-slider/demo/images/Banner%20Politica%20Publica%20CONPES%20(1).ai HTTP/1.1" 206 1689512
201.245.192.253 - - [24/Feb/2019:21:01:21 -0500] "GET /galeria/nivo-slider/demo/images/Banner%20Politica%20Publica%20CONPES%20(1).ai HTTP/1.1" 206 1
201.245.192.253 - - [24/Feb/2019:21:01:21 -0500] "GET /galeria/nivo-slider/demo/images/Banner%20Politica%20Publica%20CONPES%20(1).ai HTTP/1.1" 206 1689512
66.249.88.60 - - [24/Feb/2019:21:01:23 -0500] "GET /BLA/resoluciones/Notificaciones/RESOLUCIONES%202014/1420.doc HTTP/1.1" 200 921600
201.245.192.253 - - [24/Feb/2019:21:01:25 -0500] "GET /galeria/nivo-slider/demo/images/Banner%20Politica%20Publica%20CONPES%20(1).ai HTTP/1.1" 206 1
201.245.192.253 - - [24/Feb/2019:21:01:25 -0500] "GET /galeria/nivo-slider/demo/images/Banner%20Politica%20Publica%20CONPES%20(1).ai HTTP/1.1" 206 1689512
66.249.75.94 - - [24/Feb/2019:21:01:27 -0500] "GET /BLA/resoluciones/AUTOS%202015/5593.pdf HTTP/1.1" 304 -
201.245.192.253 - - [24/Feb/2019:21:01:35 -0500] "GET /galeria/nivo-slider/demo/images/Banner%20Politica%20Publica%20CONPES%20(1).ai HTTP/1.1" 206 1
201.245.192.253 - - [24/Feb/2019:21:01:35 -0500] "GET /galeria/nivo-slider/demo/images/Banner%20Politica%20Publica%20CONPES%20(1).ai HTTP/1.1" 206 1689512
66.249.88.60 - - [24/Feb/2019:21:01:36 -0500] "GET /BLA/resoluciones/Notificaciones/RESOLUCIONES%202014/1420.doc HTTP/1.1" 200 921600
212.86.109.31 - - [24/Feb/2019:21:01:39 -0500] "HEAD / HTTP/1.1" 200 -
201.245.192.253 - - [24/Feb/2019:21:01:45 -0500] "GET /galeria/nivo-slider/demo/images/Banner%20Politica%20Publica%20CONPES%20(1).ai HTTP/1.1" 206 1
201.245.192.253 - - [24/Feb/2019:21:01:45 -0500] "GET /galeria/nivo-slider/demo/images/Banner%20Politica%20Publica%20CONPES%20(1).ai HTTP/1.1" 206 1689512
201.245.192.253 - - [24/Feb/2019:21:01:55 -0500] "GET /galeria/nivo-slider/demo/images/Banner%20Politica%20Publica%20CONPES%20(1).ai HTTP/1.1" 206 1
201.245.192.253 - - [24/Feb/2019:21:01:55 -0500] "GET /galeria/nivo-slider/demo/images/Banner%20Politica%20Publica%20CONPES%20(1).ai HTTP/1.1" 206 1689512
181.60.97.108 - - [24/Feb/2019:21:02:23 -0500] "GET /galeria/galeria/jquery.fancybox.css?v=2.1.5 HTTP/1.1" 200 4895
181.60.97.108 - - [24/Feb/2019:21:02:23 -0500] "GET /galeria/galeria/jquery.fancybox.js?v=2.1.5 HTTP/1.1" 200 48706
181.60.97.108 - - [24/Feb/2019:21:02:23 -0500] "GET /BLA/boletinlegal/js/jquery.scrollShow.js HTTP/1.1" 200 4586
186.84.142.19 - - [24/Feb/2019:21:03:20 -0500] "GET /galeria/nivo-slider/demo/images/Banner_micrositio.png HTTP/1.1" 200 146950
192.168.175.104 - - [24/Feb/2019:21:03:32 -0500] "GET / HTTP/1.0" 200 9990
181.57.240.202 - - [24/Feb/2019:21:03:35 -0500] "GET /galeria/galeria/fotos/1humedal-Burro1G.jpg HTTP/1.1" 200 132804
181.57.240.202 - - [24/Feb/2019:21:03:35 -0500] "GET /galeria/galeria/fotos/3humedal-Burro3G.jpg HTTP/1.1" 200 74809
69.162.124.233 - - [24/Feb/2019:21:03:51 -0500] "HEAD / HTTP/1.1" 200 -
161.18.128.123 - - [24/Feb/2019:21:03:53 -0500] "GET /galeria/mapa/humedal2017.jpg HTTP/1.1" 200 644667
190.144.166.61 - - [24/Feb/2019:21:04:19 -0500] "GET /galeria/nivo-slider/demo/images/Banner%20Politica%20Publica%20CONPES%20(1).ai HTTP/1.1" 206 1
190.144.166.61 - - [24/Feb/2019:21:04:19 -0500] "GET /galeria/nivo-slider/demo/images/Banner%20Politica%20Publica%20CONPES%20(1).ai HTTP/1.1" 206 1567889
201.245.192.253 - - [24/Feb/2019:21:04:27 -0500] "GET /galeria/nivo-slider/demo/images/Banner%20Politica%20Publica%20CONPES%20(1).ai HTTP/1.1" 206 1
201.245.192.253 - - [24/Feb/2019:21:04:27 -0500] "GET /galeria/nivo-slider/demo/images/Banner%20Politica%20Publica%20CONPES%20(1).ai HTTP/1.1" 206 1689512
190.144.166.61 - - [24/Feb/2019:21:04:29 -0500] "GET /galeria/nivo-slider/demo/images/Banner%20Politica%20Publica%20CONPES%20(1).ai HTTP/1.1" 206 1
190.144.166.61 - - [24/Feb/2019:21:04:29 -0500] "GET /galeria/nivo-slider/demo/images/Banner%20Politica%20Publica%20CONPES%20(1).ai HTTP/1.1" 206 1567889
201.245.192.253 - - [24/Feb/2019:21:04:37 -0500] "GET /galeria/nivo-slider/demo/images/Banner%20Politica%20Publica%20CONPES%20(1).ai HTTP/1.1" 206 1
201.245.192.253 - - [24/Feb/2019:21:04:37 -0500] "GET /galeria/nivo-slider/demo/images/Banner%20Politica%20Publica%20CONPES%20(1).ai HTTP/1.1" 206 1689512
54.36.150.140 - - [24/Feb/2019:21:04:41 -0500] "GET /BLA/resoluciones/RESOLUCIONES%202002/RES%202002%20951-1000/00000952.tif HTTP/1.1" 200 63190
186.113.40.83 - - [24/Feb/2019:21:04:42 -0500] "GET /BLA/resoluciones/AUTOS%202015/0226.pdf HTTP/1.1" 200 798896
186.113.40.83 - - [24/Feb/2019:21:04:42 -0500] "GET /favicon.ico HTTP/1.1" 200 7782
54.36.150.88 - - [24/Feb/2019:21:05:18 -0500] "GET /BLA/resoluciones/AUTOS%202006/AUTOS%202006%201-100/00000043.tif HTTP/1.1" 200 51976
201.245.192.253 - - [24/Feb/2019:21:05:21 -0500] "GET /galeria/nivo-slider/demo/images/Banner%20Politica%20Publica%20CONPES%20(1).ai HTTP/1.1" 206 1
201.245.192.253 - - [24/Feb/2019:21:05:21 -0500] "GET /galeria/nivo-slider/demo/images/Banner%20Politica%20Publica%20CONPES%20(1).ai HTTP/1.1" 206 1689512
207.46.13.83 - - [24/Feb/2019:21:05:25 -0500] "GET /interaccion HTTP/1.1" 301 306
201.245.192.253 - - [24/Feb/2019:21:05:31 -0500] "GET /galeria/nivo-slider/demo/images/Banner%20Politica%20Publica%20CONPES%20(1).ai HTTP/1.1" 206 1
201.245.192.253 - - [24/Feb/2019:21:05:31 -0500] "GET /galeria/nivo-slider/demo/images/Banner%20Politica%20Publica%20CONPES%20(1).ai HTTP/1.1" 206 1689512
192.168.175.104 - - [24/Feb/2019:21:05:31 -0500] "GET / HTTP/1.1" 200 9990
201.216.7.31 - - [24/Feb/2019:21:05:34 -0500] "GET /dama/libreria/jpg/sec_amb.jpg HTTP/1.1" 404 1019
201.216.7.31 - - [24/Feb/2019:21:05:34 -0500] "GET /dama/libreria/jpg/sec_amb.jpg HTTP/1.1" 404 1019
201.216.7.31 - - [24/Feb/2019:21:05:34 -0500] "GET /dama/libreria/jpg/sec_amb.jpg HTTP/1.1" 404 1019
201.216.7.31 - - [24/Feb/2019:21:05:34 -0500] "GET /dama/libreria/jpg/sec_amb.jpg HTTP/1.1" 404 1019
201.216.7.31 - - [24/Feb/2019:21:05:34 -0500] "GET /dama/libreria/jpg/sec_amb.jpg HTTP/1.1" 404 1019
201.216.7.31 - - [24/Feb/2019:21:05:34 -0500] "GET /dama/libreria/jpg/sec_amb.jpg HTTP/1.1" 404 1019
201.245.192.253 - - [24/Feb/2019:21:05:35 -0500] "GET /galeria/nivo-slider/demo/images/Banner%20Politica%20Publica%20CONPES%20(1).ai HTTP/1.1" 206 1
201.245.192.253 - - [24/Feb/2019:21:05:35 -0500] "GET /galeria/nivo-slider/demo/images/Banner%20Politica%20Publica%20CONPES%20(1).ai HTTP/1.1" 206 1689512
201.245.192.253 - - [24/Feb/2019:21:05:45 -0500] "GET /galeria/nivo-slider/demo/images/Banner%20Politica%20Publica%20CONPES%20(1).ai HTTP/1.1" 206 1
201.245.192.253 - - [24/Feb/2019:21:05:45 -0500] "GET /galeria/nivo-slider/demo/images/Banner%20Politica%20Publica%20CONPES%20(1).ai HTTP/1.1" 206 1689512
66.249.75.65 - - [24/Feb/2019:21:05:53 -0500] "GET /BLA/resoluciones/AUTOS%202008/3134.pdf HTTP/1.1" 200 168056
201.245.192.253 - - [24/Feb/2019:21:05:55 -0500] "GET /galeria/nivo-slider/demo/images/Banner%20Politica%20Publica%20CONPES%20(1).ai HTTP/1.1" 206 1
201.245.192.253 - - [24/Feb/2019:21:05:55 -0500] "GET /galeria/nivo-slider/demo/images/Banner%20Politica%20Publica%20CONPES%20(1).ai HTTP/1.1" 206 1689512
201.245.192.253 - - [24/Feb/2019:21:06:05 -0500] "GET /galeria/nivo-slider/demo/images/Banner%20Politica%20Publica%20CONPES%20(1).ai HTTP/1.1" 206 1
201.245.192.253 - - [24/Feb/2019:21:06:05 -0500] "GET /galeria/nivo-slider/demo/images/Banner%20Politica%20Publica%20CONPES%20(1).ai HTTP/1.1" 206 1689512
66.249.75.94 - - [24/Feb/2019:21:06:17 -0500] "GET /BLA/resoluciones/AUTOS%202014/2616.pdf HTTP/1.1" 200 518135
181.49.67.158 - - [24/Feb/2019:21:06:35 -0500] "GET /galeria/galeria/fotos/juan-amarillo3G.jpg HTTP/1.1" 200 328975
54.36.150.160 - - [24/Feb/2019:21:06:40 -0500] "GET /BLA/resoluciones/RESOLUCIONES%202004/RES%202004%201301-1350/00001306.tif HTTP/1.1" 200 98990
66.249.75.95 - - [24/Feb/2019:21:06:41 -0500] "GET /BLA/resoluciones/RESOLUCIONES%202008/5148.pdf HTTP/1.1" 200 5967225
66.249.75.65 - - [24/Feb/2019:21:07:05 -0500] "GET /BLA/resoluciones/AUTOS%202014/5656.pdf HTTP/1.1" 200 125557
205.211.251.31 - - [24/Feb/2019:21:07:25 -0500] "GET /portalsiaccapacitaciones/Soportes%20Capacitaciones%202015/0003.%20Taller%20HC%20Corporativa%20SDA%20Mayo%202015.pptx HTTP/1.1" 200 3526834
66.249.75.65 - - [24/Feb/2019:21:07:29 -0500] "GET /BLA/resoluciones/AUTOS%202014/6372.pdf HTTP/1.1" 200 590041
54.36.149.7 - - [24/Feb/2019:21:07:31 -0500] "GET /BLA/resoluciones/RESOLUCIONES%202003/RES%202003%202051-2100/00002072.tif HTTP/1.1" 200 46008
66.249.75.67 - - [24/Feb/2019:21:07:54 -0500] "GET /BLA/resoluciones/RESOLUCIONES%202013/1838.pdf HTTP/1.1" 200 211804
66.249.75.95 - - [24/Feb/2019:21:08:18 -0500] "GET /BLA/resoluciones/AUTOS%202012/0711.pdf HTTP/1.1" 200 239535
190.144.166.61 - - [24/Feb/2019:21:08:29 -0500] "GET /galeria/nivo-slider/demo/images/Banner%20Politica%20Publica%20CONPES%20(1).ai HTTP/1.1" 206 1
190.144.166.61 - - [24/Feb/2019:21:08:29 -0500] "GET /galeria/nivo-slider/demo/images/Banner%20Politica%20Publica%20CONPES%20(1).ai HTTP/1.1" 206 1567889
192.168.175.104 - - [24/Feb/2019:21:08:30 -0500] "GET / HTTP/1.0" 200 9990
201.245.192.253 - - [24/Feb/2019:21:08:37 -0500] "GET /galeria/nivo-slider/demo/images/Banner%20Politica%20Publica%20CONPES%20(1).ai HTTP/1.1" 206 1
201.245.192.253 - - [24/Feb/2019:21:08:37 -0500] "GET /galeria/nivo-slider/demo/images/Banner%20Politica%20Publica%20CONPES%20(1).ai HTTP/1.1" 206 1689512
190.144.166.61 - - [24/Feb/2019:21:08:39 -0500] "GET /galeria/nivo-slider/demo/images/Banner%20Politica%20Publica%20CONPES%20(1).ai HTTP/1.1" 206 1
190.144.166.61 - - [24/Feb/2019:21:08:39 -0500] "GET /galeria/nivo-slider/demo/images/Banner%20Politica%20Publica%20CONPES%20(1).ai HTTP/1.1" 206 1567889
66.249.75.95 - - [24/Feb/2019:21:08:42 -0500] "GET /BLA/resoluciones/AUTOS%202008/1234.pdf HTTP/1.1" 200 73261
201.245.192.253 - - [24/Feb/2019:21:08:47 -0500] "GET /galeria/nivo-slider/demo/images/Banner%20Politica%20Publica%20CONPES%20(1).ai HTTP/1.1" 206 1
201.245.192.253 - - [24/Feb/2019:21:08:47 -0500] "GET /galeria/nivo-slider/demo/images/Banner%20Politica%20Publica%20CONPES%20(1).ai HTTP/1.1" 206 1689512
69.162.124.233 - - [24/Feb/2019:21:08:51 -0500] "HEAD / HTTP/1.1" 200 -
66.249.75.95 - - [24/Feb/2019:21:09:30 -0500] "GET /BLA/resoluciones/AUTOS%202014/6483.pdf HTTP/1.1" 200 159943
201.245.192.253 - - [24/Feb/2019:21:09:31 -0500] "GET /galeria/nivo-slider/demo/images/Banner%20Politica%20Publica%20CONPES%20(1).ai HTTP/1.1" 206 1
201.245.192.253 - - [24/Feb/2019:21:09:31 -0500] "GET /galeria/nivo-slider/demo/images/Banner%20Politica%20Publica%20CONPES%20(1).ai HTTP/1.1" 206 1689512
201.233.236.141 - - [24/Feb/2019:21:09:38 -0500] "GET /galeria/galeria/fotos/juan-amarillo4G.jpg HTTP/1.1" 200 202445
201.245.192.253 - - [24/Feb/2019:21:09:41 -0500] "GET /galeria/nivo-slider/demo/images/Banner%20Politica%20Publica%20CONPES%20(1).ai HTTP/1.1" 206 1
201.245.192.253 - - [24/Feb/2019:21:09:41 -0500] "GET /galeria/nivo-slider/demo/images/Banner%20Politica%20Publica%20CONPES%20(1).ai HTTP/1.1" 206 1689512
201.245.192.253 - - [24/Feb/2019:21:09:45 -0500] "GET /galeria/nivo-slider/demo/images/Banner%20Politica%20Publica%20CONPES%20(1).ai HTTP/1.1" 206 1
201.245.192.253 - - [24/Feb/2019:21:09:45 -0500] "GET /galeria/nivo-slider/demo/images/Banner%20Politica%20Publica%20CONPES%20(1).ai HTTP/1.1" 206 1689512
66.249.75.95 - - [24/Feb/2019:21:09:54 -0500] "GET /BLA/resoluciones/AUTOS%202014/7124.pdf HTTP/1.1" 200 549504
201.245.192.253 - - [24/Feb/2019:21:09:55 -0500] "GET /galeria/nivo-slider/demo/images/Banner%20Politica%20Publica%20CONPES%20(1).ai HTTP/1.1" 206 1
201.245.192.253 - - [24/Feb/2019:21:09:55 -0500] "GET /galeria/nivo-slider/demo/images/Banner%20Politica%20Publica%20CONPES%20(1).ai HTTP/1.1" 206 1689512
201.245.192.253 - - [24/Feb/2019:21:10:05 -0500] "GET /galeria/nivo-slider/demo/images/Banner%20Politica%20Publica%20CONPES%20(1).ai HTTP/1.1" 206 1
201.245.192.253 - - [24/Feb/2019:21:10:05 -0500] "GET /galeria/nivo-slider/demo/images/Banner%20Politica%20Publica%20CONPES%20(1).ai HTTP/1.1" 206 1689512
