186.155.153.230 - - [24/Feb/2019:14:21:28 -0500] "GET /images/FOREST.jpg HTTP/1.1" 200 33277
186.155.153.230 - - [24/Feb/2019:14:21:28 -0500] "GET /images/CATALOGO.jpg HTTP/1.1" 200 35661
190.159.250.186 - - [24/Feb/2019:14:21:30 -0500] "GET /galeria/galeria/fotos/3GuaymaralTorcaG3.jpg HTTP/1.1" 200 39105
190.159.250.186 - - [24/Feb/2019:14:21:31 -0500] "GET /galeria/galeria/fotos/Humedal-Vaca2G.jpg HTTP/1.1" 200 279730
181.49.69.174 - - [24/Feb/2019:14:21:32 -0500] "GET /Anexos%20estudio%20Organizacional%20SDA/index.php?dir=ANEXO+No.+3-+CONTRATACI%D3N++OPS%B4s+2008-2012%2F HTTP/1.1" 200 3477
181.49.69.174 - - [24/Feb/2019:14:21:32 -0500] "GET /Anexos%20estudio%20Organizacional%20SDA/dlf/xls.gif HTTP/1.1" 200 636
181.49.69.174 - - [24/Feb/2019:14:21:32 -0500] "GET /Anexos%20estudio%20Organizacional%20SDA/dlf/dirup.png HTTP/1.1" 200 644
181.49.69.174 - - [24/Feb/2019:14:21:32 -0500] "GET /Anexos%20estudio%20Organizacional%20SDA/dlf/styles.css HTTP/1.1" 200 3045
181.49.69.174 - - [24/Feb/2019:14:21:32 -0500] "GET /Anexos%20estudio%20Organizacional%20SDA/dlf/bg.gif HTTP/1.1" 200 54
190.159.250.186 - - [24/Feb/2019:14:21:33 -0500] "GET /galeria/galeria/fotos/Humedal-Santa-Mar%C3%ADa-del-Lago1G.jpg HTTP/1.1" 200 290867
181.49.69.174 - - [24/Feb/2019:14:21:33 -0500] "GET /favicon.ico HTTP/1.1" 200 7782
190.159.250.186 - - [24/Feb/2019:14:21:33 -0500] "GET /galeria/galeria/fotos/Humedal-Tibanica4G.jpg HTTP/1.1" 200 442374
201.245.192.253 - - [24/Feb/2019:14:21:36 -0500] "GET /galeria/nivo-slider/demo/images/Banner%20Politica%20Publica%20CONPES%20(1).ai HTTP/1.1" 206 1
201.245.192.253 - - [24/Feb/2019:14:21:36 -0500] "GET /galeria/nivo-slider/demo/images/Banner%20Politica%20Publica%20CONPES%20(1).ai HTTP/1.1" 206 1689512
181.49.69.174 - - [24/Feb/2019:14:21:38 -0500] "GET /Anexos%20estudio%20Organizacional%20SDA/ANEXO%20No.%203-%20CONTRATACI%C3%93N%20%20OPS%C2%B4s%202008-2012/CONTRATOS%20SDA%202012%20POR%20DEPENDENCIA.xls HTTP/1.1" 200 269824
201.245.192.253 - - [24/Feb/2019:14:21:47 -0500] "GET /galeria/nivo-slider/demo/images/Banner%20Politica%20Publica%20CONPES%20(1).ai HTTP/1.1" 206 1
201.245.192.253 - - [24/Feb/2019:14:21:47 -0500] "GET /galeria/nivo-slider/demo/images/Banner%20Politica%20Publica%20CONPES%20(1).ai HTTP/1.1" 206 1689512
201.245.192.253 - - [24/Feb/2019:14:21:57 -0500] "GET /galeria/nivo-slider/demo/images/Banner%20Politica%20Publica%20CONPES%20(1).ai HTTP/1.1" 206 1
201.245.192.253 - - [24/Feb/2019:14:21:57 -0500] "GET /galeria/nivo-slider/demo/images/Banner%20Politica%20Publica%20CONPES%20(1).ai HTTP/1.1" 206 1689512
190.159.250.186 - - [24/Feb/2019:14:22:19 -0500] "GET /galeria/galeria/fotos/Humedal-Tibanica2G.jpg HTTP/1.1" 200 535148
66.249.75.94 - - [24/Feb/2019:14:22:21 -0500] "GET /BLA/resoluciones/Notificaciones/RESOLUCIONES%202016/00661.doc HTTP/1.1" 200 3774409
54.36.148.197 - - [24/Feb/2019:14:22:37 -0500] "GET /BLA/resoluciones/index.php?dir=RESOLUCIONES%202006/RES%202006%20451-500/&sort=size&order=desc HTTP/1.1" 200 12243
54.36.148.13 - - [24/Feb/2019:14:22:40 -0500] "GET /BLA/resoluciones/RESOLUCIONES%202003/RES%202003%20451-500/480.tif HTTP/1.1" 200 192240
186.154.33.107 - - [24/Feb/2019:14:22:58 -0500] "GET /galeria/galeria/fotos/Humedal-la-conejera3G.jpg HTTP/1.1" 200 373974
66.249.75.94 - - [24/Feb/2019:14:23:10 -0500] "GET /BLA/resoluciones/RESOLUCIONES%202015/0511.pdf HTTP/1.1" 200 721590
192.168.175.104 - - [24/Feb/2019:14:23:11 -0500] "GET / HTTP/1.1" 200 9990
186.116.65.70 - - [24/Feb/2019:14:23:12 -0500] "GET /BLA/boletinlegal/conceptos.php HTTP/1.1" 200 7261
186.116.65.70 - - [24/Feb/2019:14:23:12 -0500] "GET /BLA/boletinlegal/styles2.css HTTP/1.1" 200 1838
186.116.65.70 - - [24/Feb/2019:14:23:12 -0500] "GET /BLA/boletinlegal/js/ajax_conceptos.js HTTP/1.1" 200 1326
186.116.65.70 - - [24/Feb/2019:14:23:12 -0500] "GET /BLA/boletinlegal/niceforms-default.css HTTP/1.1" 200 6694
186.116.65.70 - - [24/Feb/2019:14:23:12 -0500] "GET /BLA/boletinlegal/style.css HTTP/1.1" 200 9406
186.116.65.70 - - [24/Feb/2019:14:23:12 -0500] "GET /BLA/boletinlegal/niceforms.js HTTP/1.1" 200 22876
186.116.65.70 - - [24/Feb/2019:14:23:12 -0500] "GET /BLA/boletinlegal/images/cabezote%20BLEGAL.jpg HTTP/1.1" 200 118164
186.116.65.70 - - [24/Feb/2019:14:23:12 -0500] "GET /BLA/boletinlegal/images/subscribe-icon-big.png HTTP/1.1" 200 47702
186.116.65.70 - - [24/Feb/2019:14:23:13 -0500] "GET /BLA/boletinlegal/images/historia.png HTTP/1.1" 200 52775
186.116.65.70 - - [24/Feb/2019:14:23:13 -0500] "GET /BLA/boletinlegal/images/registro-usuarios.png HTTP/1.1" 200 8106
186.116.65.70 - - [24/Feb/2019:14:23:13 -0500] "GET /BLA/boletinlegal/images/abajo.png HTTP/1.1" 200 96676
186.116.65.70 - - [24/Feb/2019:14:23:13 -0500] "GET /BLA/boletinlegal/images/tel.png HTTP/1.1" 200 14477
186.116.65.70 - - [24/Feb/2019:14:23:15 -0500] "GET /BLA/boletinlegal/images/bg_top.jpg HTTP/1.1" 200 522
186.116.65.70 - - [24/Feb/2019:14:23:15 -0500] "GET /BLA/boletinlegal/images/footer_bg.jpg HTTP/1.1" 200 586
186.116.65.70 - - [24/Feb/2019:14:23:15 -0500] "GET /BLA/boletinlegal/images/text.jpg HTTP/1.1" 200 568
186.116.65.70 - - [24/Feb/2019:14:23:15 -0500] "GET /BLA/boletinlegal/images/menu_lft.gif HTTP/1.1" 200 1713
186.116.65.70 - - [24/Feb/2019:14:23:15 -0500] "GET /BLA/boletinlegal/images/menu_bg.jpg HTTP/1.1" 200 620
186.116.65.70 - - [24/Feb/2019:14:23:16 -0500] "GET /BLA/boletinlegal/images/body_bg.jpg HTTP/1.1" 200 1601
186.116.65.70 - - [24/Feb/2019:14:23:16 -0500] "GET /BLA/boletinlegal/images/hover.jpg HTTP/1.1" 200 640
186.116.65.70 - - [24/Feb/2019:14:23:16 -0500] "GET /BLA/boletinlegal/images/menu_rght.gif HTTP/1.1" 200 1627
186.116.65.70 - - [24/Feb/2019:14:23:16 -0500] "GET /BLA/boletinlegal/images/icono-email.png HTTP/1.1" 200 5544
186.116.65.70 - - [24/Feb/2019:14:23:16 -0500] "GET /BLA/boletinlegal/images/footer_bg_l.jpg HTTP/1.1" 200 776
186.116.65.70 - - [24/Feb/2019:14:23:18 -0500] "GET /BLA/boletinlegal/img/select-left.png HTTP/1.1" 200 263
186.116.65.70 - - [24/Feb/2019:14:23:18 -0500] "GET /BLA/boletinlegal/img/0.png HTTP/1.1" 200 110
186.116.65.70 - - [24/Feb/2019:14:23:18 -0500] "GET /BLA/boletinlegal/img/select-right.png HTTP/1.1" 200 44019
186.116.65.70 - - [24/Feb/2019:14:23:18 -0500] "GET /BLA/boletinlegal/img/button.png HTTP/1.1" 200 43241
186.116.65.70 - - [24/Feb/2019:14:23:18 -0500] "GET /BLA/boletinlegal/img/button-right.png HTTP/1.1" 200 57878
186.116.65.70 - - [24/Feb/2019:14:23:18 -0500] "GET /BLA/boletinlegal/img/button-left.png HTTP/1.1" 200 57071
186.116.65.70 - - [24/Feb/2019:14:23:18 -0500] "GET /favicon.ico HTTP/1.1" 200 7782
66.249.75.94 - - [24/Feb/2019:14:23:34 -0500] "GET /BLA/resoluciones/AUTOS%202012/1884.pdf HTTP/1.1" 200 1039040
181.56.91.93 - - [24/Feb/2019:14:23:38 -0500] "GET /BLA/resoluciones/RESOLUCIONES%202009/7615.pdf HTTP/1.1" 200 446633
181.56.91.93 - - [24/Feb/2019:14:23:39 -0500] "GET /favicon.ico HTTP/1.1" 200 7782
69.162.124.233 - - [24/Feb/2019:14:23:54 -0500] "HEAD / HTTP/1.1" 200 -
66.249.75.94 - - [24/Feb/2019:14:23:58 -0500] "GET /BLA/resoluciones/RESOLUCIONES%202014/3469.pdf HTTP/1.1" 304 -
190.24.58.183 - - [24/Feb/2019:14:24:00 -0500] "GET /galeria/galeria/fotos/Capellania2G.jpg HTTP/1.1" 200 523013
186.115.35.242 - - [24/Feb/2019:14:24:05 -0500] "-" 408 -
190.144.166.61 - - [24/Feb/2019:14:24:21 -0500] "GET /galeria/nivo-slider/demo/images/Banner%20Politica%20Publica%20CONPES%20(1).ai HTTP/1.1" 206 1
190.144.166.61 - - [24/Feb/2019:14:24:21 -0500] "GET /galeria/nivo-slider/demo/images/Banner%20Politica%20Publica%20CONPES%20(1).ai HTTP/1.1" 206 1567889
201.245.192.253 - - [24/Feb/2019:14:24:28 -0500] "GET /galeria/nivo-slider/demo/images/Banner%20Politica%20Publica%20CONPES%20(1).ai HTTP/1.1" 206 1
201.245.192.253 - - [24/Feb/2019:14:24:28 -0500] "GET /galeria/nivo-slider/demo/images/Banner%20Politica%20Publica%20CONPES%20(1).ai HTTP/1.1" 206 1689512
190.24.58.183 - - [24/Feb/2019:14:24:28 -0500] "GET /galeria/galeria/fotos/Capellania2G.jpg HTTP/1.1" 200 523013
190.144.166.61 - - [24/Feb/2019:14:24:31 -0500] "GET /galeria/nivo-slider/demo/images/Banner%20Politica%20Publica%20CONPES%20(1).ai HTTP/1.1" 206 1
190.144.166.61 - - [24/Feb/2019:14:24:31 -0500] "GET /galeria/nivo-slider/demo/images/Banner%20Politica%20Publica%20CONPES%20(1).ai HTTP/1.1" 206 1567889
201.245.192.253 - - [24/Feb/2019:14:24:38 -0500] "GET /galeria/nivo-slider/demo/images/Banner%20Politica%20Publica%20CONPES%20(1).ai HTTP/1.1" 206 1
201.245.192.253 - - [24/Feb/2019:14:24:38 -0500] "GET /galeria/nivo-slider/demo/images/Banner%20Politica%20Publica%20CONPES%20(1).ai HTTP/1.1" 206 1689512
45.238.181.89 - - [24/Feb/2019:14:24:40 -0500] "GET /POT-2013/Cartografia/09_EEP.pdf HTTP/1.1" 200 3326963
45.238.181.89 - - [24/Feb/2019:14:24:40 -0500] "GET /favicon.ico HTTP/1.1" 200 7782
201.245.192.253 - - [24/Feb/2019:14:25:22 -0500] "GET /galeria/nivo-slider/demo/images/Banner%20Politica%20Publica%20CONPES%20(1).ai HTTP/1.1" 206 1
201.245.192.253 - - [24/Feb/2019:14:25:22 -0500] "GET /galeria/nivo-slider/demo/images/Banner%20Politica%20Publica%20CONPES%20(1).ai HTTP/1.1" 206 1689512
201.245.192.253 - - [24/Feb/2019:14:25:32 -0500] "GET /galeria/nivo-slider/demo/images/Banner%20Politica%20Publica%20CONPES%20(1).ai HTTP/1.1" 206 1
201.245.192.253 - - [24/Feb/2019:14:25:32 -0500] "GET /galeria/nivo-slider/demo/images/Banner%20Politica%20Publica%20CONPES%20(1).ai HTTP/1.1" 206 1689512
201.245.192.253 - - [24/Feb/2019:14:25:36 -0500] "GET /galeria/nivo-slider/demo/images/Banner%20Politica%20Publica%20CONPES%20(1).ai HTTP/1.1" 206 1
201.245.192.253 - - [24/Feb/2019:14:25:36 -0500] "GET /galeria/nivo-slider/demo/images/Banner%20Politica%20Publica%20CONPES%20(1).ai HTTP/1.1" 206 1689512
201.245.192.253 - - [24/Feb/2019:14:25:46 -0500] "GET /galeria/nivo-slider/demo/images/Banner%20Politica%20Publica%20CONPES%20(1).ai HTTP/1.1" 206 1
201.245.192.253 - - [24/Feb/2019:14:25:46 -0500] "GET /galeria/nivo-slider/demo/images/Banner%20Politica%20Publica%20CONPES%20(1).ai HTTP/1.1" 206 1689512
181.56.91.93 - - [24/Feb/2019:14:25:55 -0500] "GET /BLA/resoluciones/RESOLUCIONES%202011/6971.pdf HTTP/1.1" 200 637749
201.245.192.253 - - [24/Feb/2019:14:25:57 -0500] "GET /galeria/nivo-slider/demo/images/Banner%20Politica%20Publica%20CONPES%20(1).ai HTTP/1.1" 206 1
201.245.192.253 - - [24/Feb/2019:14:25:57 -0500] "GET /galeria/nivo-slider/demo/images/Banner%20Politica%20Publica%20CONPES%20(1).ai HTTP/1.1" 206 1689512
192.168.175.104 - - [24/Feb/2019:14:26:01 -0500] "GET / HTTP/1.0" 200 9990
201.245.192.253 - - [24/Feb/2019:14:26:07 -0500] "GET /galeria/nivo-slider/demo/images/Banner%20Politica%20Publica%20CONPES%20(1).ai HTTP/1.1" 206 1
201.245.192.253 - - [24/Feb/2019:14:26:07 -0500] "GET /galeria/nivo-slider/demo/images/Banner%20Politica%20Publica%20CONPES%20(1).ai HTTP/1.1" 206 1689512
186.154.35.90 - - [24/Feb/2019:14:26:12 -0500] "GET /galeria/galeria/fotos/Entrenube3G.jpg HTTP/1.1" 200 138221
189.154.8.99 - - [24/Feb/2019:14:26:19 -0500] "GET /Autoliquidacion/Grupo%20Forestal%20-%20Silvicultura/Formulario%20%C3%BAnico%20nacional%20de%20solicitud%20de%20aprovechamiento%20forestal%20arboles%20aislados.xlsx HTTP/1.1" 200 1146411
54.36.150.131 - - [24/Feb/2019:14:27:28 -0500] "GET /BLA/resoluciones/index.php?dir=RESOLUCIONES%202005/RES%202005%202051-2100/&sort=name&order=desc HTTP/1.1" 200 12351
192.168.175.104 - - [24/Feb/2019:14:28:09 -0500] "GET / HTTP/1.1" 200 9990
54.36.150.130 - - [24/Feb/2019:14:28:20 -0500] "GET /BLA/resoluciones/RESOLUCIONES%202005/RES%202005%201251-1300/00001258.tif HTTP/1.1" 200 197914
190.144.166.61 - - [24/Feb/2019:14:28:31 -0500] "GET /galeria/nivo-slider/demo/images/Banner%20Politica%20Publica%20CONPES%20(1).ai HTTP/1.1" 206 1
190.144.166.61 - - [24/Feb/2019:14:28:31 -0500] "GET /galeria/nivo-slider/demo/images/Banner%20Politica%20Publica%20CONPES%20(1).ai HTTP/1.1" 206 1567889
201.245.192.253 - - [24/Feb/2019:14:28:38 -0500] "GET /galeria/nivo-slider/demo/images/Banner%20Politica%20Publica%20CONPES%20(1).ai HTTP/1.1" 206 1
201.245.192.253 - - [24/Feb/2019:14:28:38 -0500] "GET /galeria/nivo-slider/demo/images/Banner%20Politica%20Publica%20CONPES%20(1).ai HTTP/1.1" 206 1689512
190.144.166.61 - - [24/Feb/2019:14:28:41 -0500] "GET /galeria/nivo-slider/demo/images/Banner%20Politica%20Publica%20CONPES%20(1).ai HTTP/1.1" 206 1
190.144.166.61 - - [24/Feb/2019:14:28:41 -0500] "GET /galeria/nivo-slider/demo/images/Banner%20Politica%20Publica%20CONPES%20(1).ai HTTP/1.1" 206 1567889
201.245.192.253 - - [24/Feb/2019:14:28:48 -0500] "GET /galeria/nivo-slider/demo/images/Banner%20Politica%20Publica%20CONPES%20(1).ai HTTP/1.1" 206 1
201.245.192.253 - - [24/Feb/2019:14:28:48 -0500] "GET /galeria/nivo-slider/demo/images/Banner%20Politica%20Publica%20CONPES%20(1).ai HTTP/1.1" 206 1689512
69.162.124.233 - - [24/Feb/2019:14:28:54 -0500] "HEAD / HTTP/1.1" 200 -
201.245.192.253 - - [24/Feb/2019:14:29:32 -0500] "GET /galeria/nivo-slider/demo/images/Banner%20Politica%20Publica%20CONPES%20(1).ai HTTP/1.1" 206 1
201.245.192.253 - - [24/Feb/2019:14:29:32 -0500] "GET /galeria/nivo-slider/demo/images/Banner%20Politica%20Publica%20CONPES%20(1).ai HTTP/1.1" 206 1689512
5.255.250.154 - - [24/Feb/2019:14:29:36 -0500] "GET /StormSDA/userFiles%20-%20Copy%2019-07-2012/user_files/listas/?C=D;O=A HTTP/1.1" 200 1303
201.245.192.253 - - [24/Feb/2019:14:29:42 -0500] "GET /galeria/nivo-slider/demo/images/Banner%20Politica%20Publica%20CONPES%20(1).ai HTTP/1.1" 206 1
201.245.192.253 - - [24/Feb/2019:14:29:42 -0500] "GET /galeria/nivo-slider/demo/images/Banner%20Politica%20Publica%20CONPES%20(1).ai HTTP/1.1" 206 1689512
201.245.192.253 - - [24/Feb/2019:14:29:46 -0500] "GET /galeria/nivo-slider/demo/images/Banner%20Politica%20Publica%20CONPES%20(1).ai HTTP/1.1" 206 1
201.245.192.253 - - [24/Feb/2019:14:29:46 -0500] "GET /galeria/nivo-slider/demo/images/Banner%20Politica%20Publica%20CONPES%20(1).ai HTTP/1.1" 206 1689512
201.245.192.253 - - [24/Feb/2019:14:29:56 -0500] "GET /galeria/nivo-slider/demo/images/Banner%20Politica%20Publica%20CONPES%20(1).ai HTTP/1.1" 206 1
201.245.192.253 - - [24/Feb/2019:14:29:56 -0500] "GET /galeria/nivo-slider/demo/images/Banner%20Politica%20Publica%20CONPES%20(1).ai HTTP/1.1" 206 1689512
54.36.150.3 - - [24/Feb/2019:14:29:57 -0500] "GET /BLA/resoluciones/RESOLUCIONES%202002/RES%202002%20251-300/00000280.tif HTTP/1.1" 200 106124
201.245.192.253 - - [24/Feb/2019:14:30:07 -0500] "GET /galeria/nivo-slider/demo/images/Banner%20Politica%20Publica%20CONPES%20(1).ai HTTP/1.1" 206 1
201.245.192.253 - - [24/Feb/2019:14:30:07 -0500] "GET /galeria/nivo-slider/demo/images/Banner%20Politica%20Publica%20CONPES%20(1).ai HTTP/1.1" 206 1689512
201.245.192.253 - - [24/Feb/2019:14:29:39 -0500] "POST /kwsrmcab/Wsrmcab HTTP/1.1" 200 29303
201.245.192.253 - - [24/Feb/2019:14:30:17 -0500] "GET /galeria/nivo-slider/demo/images/Banner%20Politica%20Publica%20CONPES%20(1).ai HTTP/1.1" 206 1
201.245.192.253 - - [24/Feb/2019:14:30:17 -0500] "GET /galeria/nivo-slider/demo/images/Banner%20Politica%20Publica%20CONPES%20(1).ai HTTP/1.1" 206 1689512
190.9.207.221 - - [24/Feb/2019:14:30:29 -0500] "GET /BLA/boletinlegal/jurisprudencia/analisis/Analisis%20jurisprudencial%20Sentencia%20C-366-11.doc HTTP/1.1" 200 59392
192.168.175.104 - - [24/Feb/2019:14:30:59 -0500] "GET / HTTP/1.0" 200 9990
35.241.138.178 - - [24/Feb/2019:14:31:45 -0500] "-" 408 -
190.144.166.61 - - [24/Feb/2019:14:32:41 -0500] "GET /galeria/nivo-slider/demo/images/Banner%20Politica%20Publica%20CONPES%20(1).ai HTTP/1.1" 206 1
190.144.166.61 - - [24/Feb/2019:14:32:41 -0500] "GET /galeria/nivo-slider/demo/images/Banner%20Politica%20Publica%20CONPES%20(1).ai HTTP/1.1" 206 1567889
40.77.167.61 - - [24/Feb/2019:14:32:43 -0500] "GET /ecodirectorio/files/res/downloads/download_0191.pdf HTTP/1.1" 404 1019
201.245.192.253 - - [24/Feb/2019:14:32:48 -0500] "GET /galeria/nivo-slider/demo/images/Banner%20Politica%20Publica%20CONPES%20(1).ai HTTP/1.1" 206 1
201.245.192.253 - - [24/Feb/2019:14:32:48 -0500] "GET /galeria/nivo-slider/demo/images/Banner%20Politica%20Publica%20CONPES%20(1).ai HTTP/1.1" 206 1689512
181.136.137.216 - - [24/Feb/2019:14:32:48 -0500] "GET /galeria/mapa/humedal2017.jpg HTTP/1.1" 200 644667
190.144.166.61 - - [24/Feb/2019:14:32:51 -0500] "GET /galeria/nivo-slider/demo/images/Banner%20Politica%20Publica%20CONPES%20(1).ai HTTP/1.1" 206 1
190.144.166.61 - - [24/Feb/2019:14:32:51 -0500] "GET /galeria/nivo-slider/demo/images/Banner%20Politica%20Publica%20CONPES%20(1).ai HTTP/1.1" 206 1567889
201.245.192.253 - - [24/Feb/2019:14:32:58 -0500] "GET /galeria/nivo-slider/demo/images/Banner%20Politica%20Publica%20CONPES%20(1).ai HTTP/1.1" 206 1
201.245.192.253 - - [24/Feb/2019:14:32:58 -0500] "GET /galeria/nivo-slider/demo/images/Banner%20Politica%20Publica%20CONPES%20(1).ai HTTP/1.1" 206 1689512
54.36.148.198 - - [24/Feb/2019:14:32:59 -0500] "GET /BLA/resoluciones/RESOLUCIONES%202005/RES%202005%20751-800/00000778.tif HTTP/1.1" 200 303478
66.249.75.135 - - [24/Feb/2019:14:33:04 -0500] "GET / HTTP/1.1" 200 9990
192.168.175.104 - - [24/Feb/2019:14:33:07 -0500] "GET / HTTP/1.1" 200 9990
201.245.192.253 - - [24/Feb/2019:14:33:42 -0500] "GET /galeria/nivo-slider/demo/images/Banner%20Politica%20Publica%20CONPES%20(1).ai HTTP/1.1" 206 1
201.245.192.253 - - [24/Feb/2019:14:33:42 -0500] "GET /galeria/nivo-slider/demo/images/Banner%20Politica%20Publica%20CONPES%20(1).ai HTTP/1.1" 206 1689512
201.245.192.253 - - [24/Feb/2019:14:33:52 -0500] "GET /galeria/nivo-slider/demo/images/Banner%20Politica%20Publica%20CONPES%20(1).ai HTTP/1.1" 206 1
201.245.192.253 - - [24/Feb/2019:14:33:52 -0500] "GET /galeria/nivo-slider/demo/images/Banner%20Politica%20Publica%20CONPES%20(1).ai HTTP/1.1" 206 1689512
69.162.124.233 - - [24/Feb/2019:14:33:54 -0500] "HEAD / HTTP/1.1" 200 -
201.245.192.253 - - [24/Feb/2019:14:33:56 -0500] "GET /galeria/nivo-slider/demo/images/Banner%20Politica%20Publica%20CONPES%20(1).ai HTTP/1.1" 206 1
201.245.192.253 - - [24/Feb/2019:14:33:56 -0500] "GET /galeria/nivo-slider/demo/images/Banner%20Politica%20Publica%20CONPES%20(1).ai HTTP/1.1" 206 1689512
201.245.192.253 - - [24/Feb/2019:14:34:06 -0500] "GET /galeria/nivo-slider/demo/images/Banner%20Politica%20Publica%20CONPES%20(1).ai HTTP/1.1" 206 1
201.245.192.253 - - [24/Feb/2019:14:34:06 -0500] "GET /galeria/nivo-slider/demo/images/Banner%20Politica%20Publica%20CONPES%20(1).ai HTTP/1.1" 206 1689512
54.36.148.15 - - [24/Feb/2019:14:34:14 -0500] "GET /BLA/resoluciones/RESOLUCIONES%202002/RES%202002%20951-1000/00000979.tif HTTP/1.1" 200 81134
201.245.192.253 - - [24/Feb/2019:14:34:16 -0500] "GET /galeria/nivo-slider/demo/images/Banner%20Politica%20Publica%20CONPES%20(1).ai HTTP/1.1" 206 1
201.245.192.253 - - [24/Feb/2019:14:34:17 -0500] "GET /galeria/nivo-slider/demo/images/Banner%20Politica%20Publica%20CONPES%20(1).ai HTTP/1.1" 206 1689512
201.245.192.253 - - [24/Feb/2019:14:34:26 -0500] "GET /galeria/nivo-slider/demo/images/Banner%20Politica%20Publica%20CONPES%20(1).ai HTTP/1.1" 206 1
201.245.192.253 - - [24/Feb/2019:14:34:27 -0500] "GET /galeria/nivo-slider/demo/images/Banner%20Politica%20Publica%20CONPES%20(1).ai HTTP/1.1" 206 1689512
66.249.75.94 - - [24/Feb/2019:14:35:00 -0500] "GET /BLA/resoluciones/AUTOS%202016/2530.pdf HTTP/1.1" 200 652418
66.249.75.65 - - [24/Feb/2019:14:35:01 -0500] "GET /BLA/resoluciones/AUTOS%202008/1262.pdf HTTP/1.1" 200 67751
186.115.35.242 - - [24/Feb/2019:14:35:18 -0500] "-" 408 -
186.115.35.242 - - [24/Feb/2019:14:35:18 -0500] "-" 408 -
192.168.175.104 - - [24/Feb/2019:14:35:56 -0500] "GET / HTTP/1.0" 200 9990
54.36.150.189 - - [24/Feb/2019:14:36:39 -0500] "GET /BLA/resoluciones/index.php?dir=RESOLUCIONES%202007/RES%202007%201%20AL%20100/&sort=size&order=asc HTTP/1.1" 200 26175
54.36.150.141 - - [24/Feb/2019:14:36:48 -0500] "GET /BLA/resoluciones/RESOLUCIONES%202003/RES%202003%20751-800/764.tif HTTP/1.1" 200 190468
190.144.166.61 - - [24/Feb/2019:14:36:51 -0500] "GET /galeria/nivo-slider/demo/images/Banner%20Politica%20Publica%20CONPES%20(1).ai HTTP/1.1" 206 1
190.144.166.61 - - [24/Feb/2019:14:36:51 -0500] "GET /galeria/nivo-slider/demo/images/Banner%20Politica%20Publica%20CONPES%20(1).ai HTTP/1.1" 206 1567889
201.245.192.253 - - [24/Feb/2019:14:36:58 -0500] "GET /galeria/nivo-slider/demo/images/Banner%20Politica%20Publica%20CONPES%20(1).ai HTTP/1.1" 206 1
201.245.192.253 - - [24/Feb/2019:14:36:58 -0500] "GET /galeria/nivo-slider/demo/images/Banner%20Politica%20Publica%20CONPES%20(1).ai HTTP/1.1" 206 1689512
190.144.166.61 - - [24/Feb/2019:14:37:01 -0500] "GET /galeria/nivo-slider/demo/images/Banner%20Politica%20Publica%20CONPES%20(1).ai HTTP/1.1" 206 1
190.144.166.61 - - [24/Feb/2019:14:37:01 -0500] "GET /galeria/nivo-slider/demo/images/Banner%20Politica%20Publica%20CONPES%20(1).ai HTTP/1.1" 206 1567889
201.245.192.253 - - [24/Feb/2019:14:37:08 -0500] "GET /galeria/nivo-slider/demo/images/Banner%20Politica%20Publica%20CONPES%20(1).ai HTTP/1.1" 206 1
201.245.192.253 - - [24/Feb/2019:14:37:08 -0500] "GET /galeria/nivo-slider/demo/images/Banner%20Politica%20Publica%20CONPES%20(1).ai HTTP/1.1" 206 1689512
66.249.75.95 - - [24/Feb/2019:14:37:16 -0500] "GET /BLA/resoluciones/AUTOS%202011/4429.pdf HTTP/1.1" 200 5047087
40.77.167.61 - - [24/Feb/2019:14:37:23 -0500] "GET /POT-2013/Cartografia/04_Inundacion_V1_2013.pdf HTTP/1.1" 200 4942126
54.36.148.69 - - [24/Feb/2019:14:37:27 -0500] "GET /BLA/resoluciones/RESOLUCIONES%202005/RES%202005%20751-800/00000768.tif HTTP/1.1" 200 175150
201.245.192.253 - - [24/Feb/2019:14:37:52 -0500] "GET /galeria/nivo-slider/demo/images/Banner%20Politica%20Publica%20CONPES%20(1).ai HTTP/1.1" 206 1
201.245.192.253 - - [24/Feb/2019:14:37:52 -0500] "GET /galeria/nivo-slider/demo/images/Banner%20Politica%20Publica%20CONPES%20(1).ai HTTP/1.1" 206 1689512
190.27.211.181 - - [24/Feb/2019:14:37:56 -0500] "GET /galeria/galeria/fotos/Entrenube2G.jpg HTTP/1.1" 200 111422
201.245.192.253 - - [24/Feb/2019:14:38:02 -0500] "GET /galeria/nivo-slider/demo/images/Banner%20Politica%20Publica%20CONPES%20(1).ai HTTP/1.1" 206 1
201.245.192.253 - - [24/Feb/2019:14:38:02 -0500] "GET /galeria/nivo-slider/demo/images/Banner%20Politica%20Publica%20CONPES%20(1).ai HTTP/1.1" 206 1689512
66.249.75.94 - - [24/Feb/2019:14:38:05 -0500] "GET /BLA/resoluciones/AUTOS%202009/2048.pdf HTTP/1.1" 200 107508
192.168.175.104 - - [24/Feb/2019:14:38:05 -0500] "GET / HTTP/1.1" 200 9990
54.36.148.93 - - [24/Feb/2019:14:38:05 -0500] "GET /BLA/resoluciones/RESOLUCIONES%202005/RES%202005%202001-2050/00002035.tif HTTP/1.1" 200 132008
201.245.192.253 - - [24/Feb/2019:14:38:06 -0500] "GET /galeria/nivo-slider/demo/images/Banner%20Politica%20Publica%20CONPES%20(1).ai HTTP/1.1" 206 1
201.245.192.253 - - [24/Feb/2019:14:38:06 -0500] "GET /galeria/nivo-slider/demo/images/Banner%20Politica%20Publica%20CONPES%20(1).ai HTTP/1.1" 206 1689512
201.245.192.253 - - [24/Feb/2019:14:38:16 -0500] "GET /galeria/nivo-slider/demo/images/Banner%20Politica%20Publica%20CONPES%20(1).ai HTTP/1.1" 206 1
201.245.192.253 - - [24/Feb/2019:14:38:16 -0500] "GET /galeria/nivo-slider/demo/images/Banner%20Politica%20Publica%20CONPES%20(1).ai HTTP/1.1" 206 1689512
201.245.192.253 - - [24/Feb/2019:14:38:26 -0500] "GET /galeria/nivo-slider/demo/images/Banner%20Politica%20Publica%20CONPES%20(1).ai HTTP/1.1" 206 1
201.245.192.253 - - [24/Feb/2019:14:38:27 -0500] "GET /galeria/nivo-slider/demo/images/Banner%20Politica%20Publica%20CONPES%20(1).ai HTTP/1.1" 206 1689512
66.249.75.94 - - [24/Feb/2019:14:38:29 -0500] "GET /BLA/resoluciones/AUTOS%202013/1593.pdf HTTP/1.1" 200 1725992
201.245.192.253 - - [24/Feb/2019:14:38:36 -0500] "GET /galeria/nivo-slider/demo/images/Banner%20Politica%20Publica%20CONPES%20(1).ai HTTP/1.1" 206 1
201.245.192.253 - - [24/Feb/2019:14:38:36 -0500] "GET /galeria/nivo-slider/demo/images/Banner%20Politica%20Publica%20CONPES%20(1).ai HTTP/1.1" 206 1689512
66.249.75.65 - - [24/Feb/2019:14:38:53 -0500] "GET /BLA/resoluciones/AUTOS%202014/1211.pdf HTTP/1.1" 200 186497
69.162.124.233 - - [24/Feb/2019:14:38:54 -0500] "HEAD / HTTP/1.1" 200 -
54.36.150.60 - - [24/Feb/2019:14:39:00 -0500] "GET /BLA/resoluciones/index.php?dir=RESOLUCIONES%202006/RES%202006%201001-1050/&sort=size&order=desc HTTP/1.1" 200 12340
66.249.75.94 - - [24/Feb/2019:14:39:17 -0500] "GET /BLA/resoluciones/Notificaciones/AUTOS%202015/0852.doc HTTP/1.1" 200 173056
66.249.75.94 - - [24/Feb/2019:14:40:30 -0500] "GET /BLA/resoluciones/AUTOS%202013/0829.pdf HTTP/1.1" 200 1935124
192.168.175.104 - - [24/Feb/2019:14:40:55 -0500] "GET / HTTP/1.0" 200 9990
190.144.166.61 - - [24/Feb/2019:14:41:01 -0500] "GET /galeria/nivo-slider/demo/images/Banner%20Politica%20Publica%20CONPES%20(1).ai HTTP/1.1" 206 1
190.144.166.61 - - [24/Feb/2019:14:41:01 -0500] "GET /galeria/nivo-slider/demo/images/Banner%20Politica%20Publica%20CONPES%20(1).ai HTTP/1.1" 206 1567889
54.36.149.43 - - [24/Feb/2019:14:41:07 -0500] "GET /galeria/galeria/fotos/5.jpg HTTP/1.1" 200 199009
201.245.192.253 - - [24/Feb/2019:14:41:08 -0500] "GET /galeria/nivo-slider/demo/images/Banner%20Politica%20Publica%20CONPES%20(1).ai HTTP/1.1" 206 1
201.245.192.253 - - [24/Feb/2019:14:41:08 -0500] "GET /galeria/nivo-slider/demo/images/Banner%20Politica%20Publica%20CONPES%20(1).ai HTTP/1.1" 206 1689512
190.144.166.61 - - [24/Feb/2019:14:41:11 -0500] "GET /galeria/nivo-slider/demo/images/Banner%20Politica%20Publica%20CONPES%20(1).ai HTTP/1.1" 206 1
190.144.166.61 - - [24/Feb/2019:14:41:11 -0500] "GET /galeria/nivo-slider/demo/images/Banner%20Politica%20Publica%20CONPES%20(1).ai HTTP/1.1" 206 1567889
186.28.22.107 - - [24/Feb/2019:14:41:13 -0500] "GET /galeria/galeria/fotos/Humedal-la-conejera4G.jpg HTTP/1.1" 200 371145
201.245.192.253 - - [24/Feb/2019:14:41:18 -0500] "GET /galeria/nivo-slider/demo/images/Banner%20Politica%20Publica%20CONPES%20(1).ai HTTP/1.1" 206 1
201.245.192.253 - - [24/Feb/2019:14:41:18 -0500] "GET /galeria/nivo-slider/demo/images/Banner%20Politica%20Publica%20CONPES%20(1).ai HTTP/1.1" 206 1689512
54.36.148.11 - - [24/Feb/2019:14:41:43 -0500] "GET /BLA/resoluciones/index.php?dir=RESOLUCIONES%202006/RES%202006%201801-1850/&sort=size&order=desc HTTP/1.1" 200 12356
200.29.124.236 - - [24/Feb/2019:14:41:43 -0500] "GET /BLA/resoluciones/RESOLUCIONES%202007/RES%202007%201401%20AL%201500/RESOLUCION%201407%20DE%202007.pdf HTTP/1.1" 200 343493
200.29.124.236 - - [24/Feb/2019:14:41:44 -0500] "GET /favicon.ico HTTP/1.1" 200 7782
200.69.103.230 - - [24/Feb/2019:14:41:53 -0500] "GET /BLA/resoluciones/RESOLUCIONES%202014/0744.pdf HTTP/1.1" 200 214870
54.36.149.71 - - [24/Feb/2019:14:41:55 -0500] "GET /BLA/resoluciones/AUTOS%202006/AUTOS%202006%202101%20-%202200/00002179.tif HTTP/1.1" 200 79708
200.69.103.230 - - [24/Feb/2019:14:41:55 -0500] "GET /favicon.ico HTTP/1.1" 200 7782
201.245.192.253 - - [24/Feb/2019:14:42:02 -0500] "GET /galeria/nivo-slider/demo/images/Banner%20Politica%20Publica%20CONPES%20(1).ai HTTP/1.1" 206 1
201.245.192.253 - - [24/Feb/2019:14:42:02 -0500] "GET /galeria/nivo-slider/demo/images/Banner%20Politica%20Publica%20CONPES%20(1).ai HTTP/1.1" 206 1689512
201.245.192.253 - - [24/Feb/2019:14:42:12 -0500] "GET /galeria/nivo-slider/demo/images/Banner%20Politica%20Publica%20CONPES%20(1).ai HTTP/1.1" 206 1
201.245.192.253 - - [24/Feb/2019:14:42:12 -0500] "GET /galeria/nivo-slider/demo/images/Banner%20Politica%20Publica%20CONPES%20(1).ai HTTP/1.1" 206 1689512
201.245.192.253 - - [24/Feb/2019:14:42:16 -0500] "GET /galeria/nivo-slider/demo/images/Banner%20Politica%20Publica%20CONPES%20(1).ai HTTP/1.1" 206 1
201.245.192.253 - - [24/Feb/2019:14:42:16 -0500] "GET /galeria/nivo-slider/demo/images/Banner%20Politica%20Publica%20CONPES%20(1).ai HTTP/1.1" 206 1689512
201.245.192.253 - - [24/Feb/2019:14:42:26 -0500] "GET /galeria/nivo-slider/demo/images/Banner%20Politica%20Publica%20CONPES%20(1).ai HTTP/1.1" 206 1
201.245.192.253 - - [24/Feb/2019:14:42:26 -0500] "GET /galeria/nivo-slider/demo/images/Banner%20Politica%20Publica%20CONPES%20(1).ai HTTP/1.1" 206 1689512
201.245.192.253 - - [24/Feb/2019:14:42:36 -0500] "GET /galeria/nivo-slider/demo/images/Banner%20Politica%20Publica%20CONPES%20(1).ai HTTP/1.1" 206 1
201.245.192.253 - - [24/Feb/2019:14:42:36 -0500] "GET /galeria/nivo-slider/demo/images/Banner%20Politica%20Publica%20CONPES%20(1).ai HTTP/1.1" 206 1689512
201.245.192.253 - - [24/Feb/2019:14:42:46 -0500] "GET /galeria/nivo-slider/demo/images/Banner%20Politica%20Publica%20CONPES%20(1).ai HTTP/1.1" 206 1
201.245.192.253 - - [24/Feb/2019:14:42:46 -0500] "GET /galeria/nivo-slider/demo/images/Banner%20Politica%20Publica%20CONPES%20(1).ai HTTP/1.1" 206 1689512
186.155.52.14 - - [24/Feb/2019:14:42:54 -0500] "-" 408 -
192.168.175.104 - - [24/Feb/2019:14:43:03 -0500] "GET / HTTP/1.1" 200 9990
69.162.124.233 - - [24/Feb/2019:14:43:54 -0500] "HEAD / HTTP/1.1" 200 -
66.249.75.94 - - [24/Feb/2019:14:44:07 -0500] "GET /BLA/resoluciones/RESOLUCIONES%202018/1261.pdf HTTP/1.1" 304 -
190.32.123.45 - - [24/Feb/2019:14:44:17 -0500] "GET /BLA/boletinlegal/jurisprudencia/analisis/Analisis%20jurisprudencial%20Sentencia%20C-366-11.doc HTTP/1.1" 200 59392
179.51.112.19 - - [24/Feb/2019:14:44:18 -0500] "GET /galeria/mapa/humedal2017.jpg HTTP/1.1" 200 644667
45.47.88.48 - - [24/Feb/2019:14:45:00 -0500] "GET /galeria/mapa/3MapaBogot%C3%A1.jpg HTTP/1.1" 200 688183
190.9.210.164 - - [24/Feb/2019:14:45:01 -0500] "GET /BLA/resoluciones/RESOLUCIONES%202007/RES%202007%202501%20AL%202600/RESOLUCION%202542%20DE%202007.pdf HTTP/1.1" 206 1
190.9.210.164 - - [24/Feb/2019:14:45:01 -0500] "GET /BLA/resoluciones/RESOLUCIONES%202007/RES%202007%202501%20AL%202600/RESOLUCION%202542%20DE%202007.pdf HTTP/1.1" 206 650995
190.9.210.164 - - [24/Feb/2019:14:45:02 -0500] "GET /favicon.ico HTTP/1.1" 200 7782
66.249.88.60 - - [24/Feb/2019:14:45:02 -0500] "GET /BLA/resoluciones/RESOLUCIONES%202010/6285.pdf HTTP/1.1" 200 3274420
66.249.88.62 - - [24/Feb/2019:14:45:05 -0500] "GET /BLA/resoluciones/RESOLUCIONES%202010/6285.pdf HTTP/1.1" 206 1000000
66.249.88.61 - - [24/Feb/2019:14:45:05 -0500] "GET /BLA/resoluciones/RESOLUCIONES%202010/6285.pdf HTTP/1.1" 206 960208
190.144.166.61 - - [24/Feb/2019:14:45:11 -0500] "GET /galeria/nivo-slider/demo/images/Banner%20Politica%20Publica%20CONPES%20(1).ai HTTP/1.1" 206 1
190.144.166.61 - - [24/Feb/2019:14:45:11 -0500] "GET /galeria/nivo-slider/demo/images/Banner%20Politica%20Publica%20CONPES%20(1).ai HTTP/1.1" 206 1567889
180.76.15.160 - - [24/Feb/2019:14:45:11 -0500] "GET /BLA/resoluciones/index.php?dir=RESOLUCIONES+2013/ HTTP/1.1" 200 231124
201.245.192.253 - - [24/Feb/2019:14:45:18 -0500] "GET /galeria/nivo-slider/demo/images/Banner%20Politica%20Publica%20CONPES%20(1).ai HTTP/1.1" 206 1
201.245.192.253 - - [24/Feb/2019:14:45:18 -0500] "GET /galeria/nivo-slider/demo/images/Banner%20Politica%20Publica%20CONPES%20(1).ai HTTP/1.1" 206 1689512
190.144.166.61 - - [24/Feb/2019:14:45:21 -0500] "GET /galeria/nivo-slider/demo/images/Banner%20Politica%20Publica%20CONPES%20(1).ai HTTP/1.1" 206 1
190.144.166.61 - - [24/Feb/2019:14:45:21 -0500] "GET /galeria/nivo-slider/demo/images/Banner%20Politica%20Publica%20CONPES%20(1).ai HTTP/1.1" 206 1567889
201.245.192.253 - - [24/Feb/2019:14:45:28 -0500] "GET /galeria/nivo-slider/demo/images/Banner%20Politica%20Publica%20CONPES%20(1).ai HTTP/1.1" 206 1
201.245.192.253 - - [24/Feb/2019:14:45:28 -0500] "GET /galeria/nivo-slider/demo/images/Banner%20Politica%20Publica%20CONPES%20(1).ai HTTP/1.1" 206 1689512
54.36.149.43 - - [24/Feb/2019:14:45:28 -0500] "GET /BLA/resoluciones/RESOLUCIONES%202005/RES%202005%202451-2500/00002486.tif HTTP/1.1" 200 247808
192.168.175.104 - - [24/Feb/2019:14:45:54 -0500] "GET / HTTP/1.0" 200 9990
201.245.192.253 - - [24/Feb/2019:14:46:12 -0500] "GET /galeria/nivo-slider/demo/images/Banner%20Politica%20Publica%20CONPES%20(1).ai HTTP/1.1" 206 1
201.245.192.253 - - [24/Feb/2019:14:46:12 -0500] "GET /galeria/nivo-slider/demo/images/Banner%20Politica%20Publica%20CONPES%20(1).ai HTTP/1.1" 206 1689512
201.245.192.253 - - [24/Feb/2019:14:46:22 -0500] "GET /galeria/nivo-slider/demo/images/Banner%20Politica%20Publica%20CONPES%20(1).ai HTTP/1.1" 206 1
201.245.192.253 - - [24/Feb/2019:14:46:22 -0500] "GET /galeria/nivo-slider/demo/images/Banner%20Politica%20Publica%20CONPES%20(1).ai HTTP/1.1" 206 1689512
201.245.192.253 - - [24/Feb/2019:14:46:26 -0500] "GET /galeria/nivo-slider/demo/images/Banner%20Politica%20Publica%20CONPES%20(1).ai HTTP/1.1" 206 1
201.245.192.253 - - [24/Feb/2019:14:46:26 -0500] "GET /galeria/nivo-slider/demo/images/Banner%20Politica%20Publica%20CONPES%20(1).ai HTTP/1.1" 206 1689512
201.245.192.253 - - [24/Feb/2019:14:46:36 -0500] "GET /galeria/nivo-slider/demo/images/Banner%20Politica%20Publica%20CONPES%20(1).ai HTTP/1.1" 206 1
201.245.192.253 - - [24/Feb/2019:14:46:36 -0500] "GET /galeria/nivo-slider/demo/images/Banner%20Politica%20Publica%20CONPES%20(1).ai HTTP/1.1" 206 1689512
186.29.218.59 - - [24/Feb/2019:14:46:42 -0500] "GET /POT-2013/Cartografia/36_Est_Funcional_servicios_Est_Socioeconomica_Espacial%20Area%20.pdf HTTP/1.1" 200 2689602
186.29.218.59 - - [24/Feb/2019:14:46:43 -0500] "GET /favicon.ico HTTP/1.1" 200 7782
201.245.192.253 - - [24/Feb/2019:14:46:46 -0500] "GET /galeria/nivo-slider/demo/images/Banner%20Politica%20Publica%20CONPES%20(1).ai HTTP/1.1" 206 1
201.245.192.253 - - [24/Feb/2019:14:46:46 -0500] "GET /galeria/nivo-slider/demo/images/Banner%20Politica%20Publica%20CONPES%20(1).ai HTTP/1.1" 206 1689512
201.245.192.253 - - [24/Feb/2019:14:46:56 -0500] "GET /galeria/nivo-slider/demo/images/Banner%20Politica%20Publica%20CONPES%20(1).ai HTTP/1.1" 206 1
186.119.35.84 - - [24/Feb/2019:14:47:06 -0500] "GET /galeria/mapa/humedal2017.jpg HTTP/1.1" 200 644667
66.249.75.94 - - [24/Feb/2019:14:47:24 -0500] "GET /BLA/resoluciones/AUTOS%202013/2893.pdf HTTP/1.1" 304 -
192.168.175.104 - - [24/Feb/2019:14:48:01 -0500] "GET / HTTP/1.1" 200 9990
186.119.35.84 - - [24/Feb/2019:14:48:04 -0500] "GET /galeria/mapa/humedal2017.jpg HTTP/1.1" 200 644667
46.229.161.131 - - [24/Feb/2019:14:48:14 -0500] "HEAD /POT-2013/Cartografia/Anexo01_Sistema_Hidrico.pdf HTTP/1.1" 200 -
46.229.161.131 - - [24/Feb/2019:14:48:15 -0500] "HEAD /POT-2013/Cartografia/Anexo01_Sistema_Hidrico.pdf HTTP/1.1" 200 -
46.229.161.131 - - [24/Feb/2019:14:48:15 -0500] "HEAD /POT-2013/Cartografia/Anexo01_Sistema_Hidrico.pdf HTTP/1.1" 200 -
40.77.167.15 - - [24/Feb/2019:14:48:23 -0500] "GET /transparencia/directorioservidores/2016/febrero2016.xlsx HTTP/1.1" 200 37637
69.162.124.233 - - [24/Feb/2019:14:48:54 -0500] "HEAD / HTTP/1.1" 200 -
190.144.166.61 - - [24/Feb/2019:14:49:21 -0500] "GET /galeria/nivo-slider/demo/images/Banner%20Politica%20Publica%20CONPES%20(1).ai HTTP/1.1" 206 1
190.144.166.61 - - [24/Feb/2019:14:49:21 -0500] "GET /galeria/nivo-slider/demo/images/Banner%20Politica%20Publica%20CONPES%20(1).ai HTTP/1.1" 206 1567889
201.245.192.253 - - [24/Feb/2019:14:49:28 -0500] "GET /galeria/nivo-slider/demo/images/Banner%20Politica%20Publica%20CONPES%20(1).ai HTTP/1.1" 206 1
201.245.192.253 - - [24/Feb/2019:14:49:28 -0500] "GET /galeria/nivo-slider/demo/images/Banner%20Politica%20Publica%20CONPES%20(1).ai HTTP/1.1" 206 1689512
190.144.166.61 - - [24/Feb/2019:14:49:31 -0500] "GET /galeria/nivo-slider/demo/images/Banner%20Politica%20Publica%20CONPES%20(1).ai HTTP/1.1" 206 1
190.144.166.61 - - [24/Feb/2019:14:49:31 -0500] "GET /galeria/nivo-slider/demo/images/Banner%20Politica%20Publica%20CONPES%20(1).ai HTTP/1.1" 206 1567889
201.245.192.253 - - [24/Feb/2019:14:49:38 -0500] "GET /galeria/nivo-slider/demo/images/Banner%20Politica%20Publica%20CONPES%20(1).ai HTTP/1.1" 206 1
201.245.192.253 - - [24/Feb/2019:14:49:38 -0500] "GET /galeria/nivo-slider/demo/images/Banner%20Politica%20Publica%20CONPES%20(1).ai HTTP/1.1" 206 1689512
66.249.75.94 - - [24/Feb/2019:14:48:35 -0500] "GET /BLA/boletinlegal/index.php? HTTP/1.1" 200 65288
54.36.148.80 - - [24/Feb/2019:14:50:14 -0500] "GET /BLA/resoluciones/index.php?dir=RESOLUCIONES%202005/RES%202005%203001-3050/&sort=date&order=desc HTTP/1.1" 200 12363
201.245.192.253 - - [24/Feb/2019:14:50:22 -0500] "GET /galeria/nivo-slider/demo/images/Banner%20Politica%20Publica%20CONPES%20(1).ai HTTP/1.1" 206 1
201.245.192.253 - - [24/Feb/2019:14:50:22 -0500] "GET /galeria/nivo-slider/demo/images/Banner%20Politica%20Publica%20CONPES%20(1).ai HTTP/1.1" 206 1689512
201.245.192.253 - - [24/Feb/2019:14:50:32 -0500] "GET /galeria/nivo-slider/demo/images/Banner%20Politica%20Publica%20CONPES%20(1).ai HTTP/1.1" 206 1
201.245.192.253 - - [24/Feb/2019:14:50:32 -0500] "GET /galeria/nivo-slider/demo/images/Banner%20Politica%20Publica%20CONPES%20(1).ai HTTP/1.1" 206 1689512
201.245.192.253 - - [24/Feb/2019:14:50:36 -0500] "GET /galeria/nivo-slider/demo/images/Banner%20Politica%20Publica%20CONPES%20(1).ai HTTP/1.1" 206 1
201.245.192.253 - - [24/Feb/2019:14:50:36 -0500] "GET /galeria/nivo-slider/demo/images/Banner%20Politica%20Publica%20CONPES%20(1).ai HTTP/1.1" 206 1689512
201.245.192.253 - - [24/Feb/2019:14:50:46 -0500] "GET /galeria/nivo-slider/demo/images/Banner%20Politica%20Publica%20CONPES%20(1).ai HTTP/1.1" 206 1
201.245.192.253 - - [24/Feb/2019:14:50:46 -0500] "GET /galeria/nivo-slider/demo/images/Banner%20Politica%20Publica%20CONPES%20(1).ai HTTP/1.1" 206 1689512
192.168.175.104 - - [24/Feb/2019:14:50:52 -0500] "GET / HTTP/1.0" 200 9990
201.245.192.253 - - [24/Feb/2019:14:50:56 -0500] "GET /galeria/nivo-slider/demo/images/Banner%20Politica%20Publica%20CONPES%20(1).ai HTTP/1.1" 206 1
201.245.192.253 - - [24/Feb/2019:14:50:56 -0500] "GET /galeria/nivo-slider/demo/images/Banner%20Politica%20Publica%20CONPES%20(1).ai HTTP/1.1" 206 1689512
201.245.192.253 - - [24/Feb/2019:14:51:06 -0500] "GET /galeria/nivo-slider/demo/images/Banner%20Politica%20Publica%20CONPES%20(1).ai HTTP/1.1" 206 1
201.245.192.253 - - [24/Feb/2019:14:51:06 -0500] "GET /galeria/nivo-slider/demo/images/Banner%20Politica%20Publica%20CONPES%20(1).ai HTTP/1.1" 206 1689512
107.72.164.127 - - [24/Feb/2019:14:52:09 -0500] "GET /BLA/resoluciones/RESOLUCIONES%202010/5895.pdf HTTP/1.1" 200 313877
107.72.164.127 - - [24/Feb/2019:14:52:10 -0500] "GET /favicon.ico HTTP/1.1" 200 7782
54.36.148.189 - - [24/Feb/2019:14:52:20 -0500] "GET /BLA/resoluciones/RESOLUCIONES%202005/RES%202005%202501-2550/00002523.tif HTTP/1.1" 200 59916
207.46.13.10 - - [24/Feb/2019:14:52:38 -0500] "GET /dama/libreria/php/decide.php?patron=04.11 HTTP/1.1" 404 1015
192.168.175.104 - - [24/Feb/2019:14:52:59 -0500] "GET / HTTP/1.1" 200 9990
54.36.148.232 - - [24/Feb/2019:14:53:02 -0500] "GET /BLA/resoluciones/RESOLUCIONES%202005/RES%202005%202201-2250/00002247.tif HTTP/1.1" 200 126070
190.144.166.61 - - [24/Feb/2019:14:53:31 -0500] "GET /galeria/nivo-slider/demo/images/Banner%20Politica%20Publica%20CONPES%20(1).ai HTTP/1.1" 206 1
190.144.166.61 - - [24/Feb/2019:14:53:31 -0500] "GET /galeria/nivo-slider/demo/images/Banner%20Politica%20Publica%20CONPES%20(1).ai HTTP/1.1" 206 1567889
201.245.192.253 - - [24/Feb/2019:14:53:38 -0500] "GET /galeria/nivo-slider/demo/images/Banner%20Politica%20Publica%20CONPES%20(1).ai HTTP/1.1" 206 1
201.245.192.253 - - [24/Feb/2019:14:53:38 -0500] "GET /galeria/nivo-slider/demo/images/Banner%20Politica%20Publica%20CONPES%20(1).ai HTTP/1.1" 206 1689512
190.144.166.61 - - [24/Feb/2019:14:53:41 -0500] "GET /galeria/nivo-slider/demo/images/Banner%20Politica%20Publica%20CONPES%20(1).ai HTTP/1.1" 206 1
190.144.166.61 - - [24/Feb/2019:14:53:41 -0500] "GET /galeria/nivo-slider/demo/images/Banner%20Politica%20Publica%20CONPES%20(1).ai HTTP/1.1" 206 1567889
201.245.192.253 - - [24/Feb/2019:14:53:48 -0500] "GET /galeria/nivo-slider/demo/images/Banner%20Politica%20Publica%20CONPES%20(1).ai HTTP/1.1" 206 1
201.245.192.253 - - [24/Feb/2019:14:53:48 -0500] "GET /galeria/nivo-slider/demo/images/Banner%20Politica%20Publica%20CONPES%20(1).ai HTTP/1.1" 206 1689512
69.162.124.233 - - [24/Feb/2019:14:53:54 -0500] "HEAD / HTTP/1.1" 200 -
186.84.140.67 - - [24/Feb/2019:14:54:00 -0500] "-" 408 -
201.245.192.253 - - [24/Feb/2019:14:54:32 -0500] "GET /galeria/nivo-slider/demo/images/Banner%20Politica%20Publica%20CONPES%20(1).ai HTTP/1.1" 206 1
201.245.192.253 - - [24/Feb/2019:14:54:32 -0500] "GET /galeria/nivo-slider/demo/images/Banner%20Politica%20Publica%20CONPES%20(1).ai HTTP/1.1" 206 1689512
201.245.192.253 - - [24/Feb/2019:14:54:42 -0500] "GET /galeria/nivo-slider/demo/images/Banner%20Politica%20Publica%20CONPES%20(1).ai HTTP/1.1" 206 1
201.245.192.253 - - [24/Feb/2019:14:54:42 -0500] "GET /galeria/nivo-slider/demo/images/Banner%20Politica%20Publica%20CONPES%20(1).ai HTTP/1.1" 206 1689512
201.245.192.253 - - [24/Feb/2019:14:54:46 -0500] "GET /galeria/nivo-slider/demo/images/Banner%20Politica%20Publica%20CONPES%20(1).ai HTTP/1.1" 206 1
201.245.192.253 - - [24/Feb/2019:14:54:46 -0500] "GET /galeria/nivo-slider/demo/images/Banner%20Politica%20Publica%20CONPES%20(1).ai HTTP/1.1" 206 1689512
186.84.88.173 - - [24/Feb/2019:14:54:55 -0500] "GET /Residuos/curtiembres/files/guia_curtiembres.pdf HTTP/1.1" 200 13618642
201.245.192.253 - - [24/Feb/2019:14:54:56 -0500] "GET /galeria/nivo-slider/demo/images/Banner%20Politica%20Publica%20CONPES%20(1).ai HTTP/1.1" 206 1
201.245.192.253 - - [24/Feb/2019:14:54:56 -0500] "GET /galeria/nivo-slider/demo/images/Banner%20Politica%20Publica%20CONPES%20(1).ai HTTP/1.1" 206 1689512
186.84.88.173 - - [24/Feb/2019:14:54:56 -0500] "GET /favicon.ico HTTP/1.1" 200 7782
54.36.149.60 - - [24/Feb/2019:14:54:56 -0500] "GET /BLA/resoluciones/index.php?dir=RESOLUCIONES%202004/&sort=date&order=asc HTTP/1.1" 200 13000
201.245.192.253 - - [24/Feb/2019:14:55:06 -0500] "GET /galeria/nivo-slider/demo/images/Banner%20Politica%20Publica%20CONPES%20(1).ai HTTP/1.1" 206 1
201.245.192.253 - - [24/Feb/2019:14:55:06 -0500] "GET /galeria/nivo-slider/demo/images/Banner%20Politica%20Publica%20CONPES%20(1).ai HTTP/1.1" 206 1689512
201.245.192.253 - - [24/Feb/2019:14:55:16 -0500] "GET /galeria/nivo-slider/demo/images/Banner%20Politica%20Publica%20CONPES%20(1).ai HTTP/1.1" 206 1
201.245.192.253 - - [24/Feb/2019:14:55:16 -0500] "GET /galeria/nivo-slider/demo/images/Banner%20Politica%20Publica%20CONPES%20(1).ai HTTP/1.1" 206 1689512
66.249.75.95 - - [24/Feb/2019:14:55:49 -0500] "GET /BLA/resoluciones/RESOLUCIONES%202010/6810.pdf HTTP/1.1" 304 -
192.168.175.104 - - [24/Feb/2019:14:55:50 -0500] "GET / HTTP/1.0" 200 9990
190.158.9.252 - - [24/Feb/2019:14:56:12 -0500] "GET /galeria/galeria/fotos/mirador4G.jpg HTTP/1.1" 200 159827
66.249.75.94 - - [24/Feb/2019:14:56:13 -0500] "GET /BLA/resoluciones/AUTOS%202016/0040.pdf HTTP/1.1" 304 -
190.158.9.252 - - [24/Feb/2019:14:56:56 -0500] "GET /galeria/galeria/fotos/mirador4G.jpg HTTP/1.1" 200 159827
190.144.166.61 - - [24/Feb/2019:14:57:41 -0500] "GET /galeria/nivo-slider/demo/images/Banner%20Politica%20Publica%20CONPES%20(1).ai HTTP/1.1" 206 1
190.144.166.61 - - [24/Feb/2019:14:57:41 -0500] "GET /galeria/nivo-slider/demo/images/Banner%20Politica%20Publica%20CONPES%20(1).ai HTTP/1.1" 206 1567889
201.245.192.253 - - [24/Feb/2019:14:57:48 -0500] "GET /galeria/nivo-slider/demo/images/Banner%20Politica%20Publica%20CONPES%20(1).ai HTTP/1.1" 206 1
201.245.192.253 - - [24/Feb/2019:14:57:48 -0500] "GET /galeria/nivo-slider/demo/images/Banner%20Politica%20Publica%20CONPES%20(1).ai HTTP/1.1" 206 1689512
190.144.166.61 - - [24/Feb/2019:14:57:51 -0500] "GET /galeria/nivo-slider/demo/images/Banner%20Politica%20Publica%20CONPES%20(1).ai HTTP/1.1" 206 1
190.144.166.61 - - [24/Feb/2019:14:57:51 -0500] "GET /galeria/nivo-slider/demo/images/Banner%20Politica%20Publica%20CONPES%20(1).ai HTTP/1.1" 206 1567889
201.245.192.253 - - [24/Feb/2019:14:57:58 -0500] "GET /galeria/nivo-slider/demo/images/Banner%20Politica%20Publica%20CONPES%20(1).ai HTTP/1.1" 206 1
201.245.192.253 - - [24/Feb/2019:14:57:58 -0500] "GET /galeria/nivo-slider/demo/images/Banner%20Politica%20Publica%20CONPES%20(1).ai HTTP/1.1" 206 1689512
192.168.175.104 - - [24/Feb/2019:14:57:58 -0500] "GET / HTTP/1.1" 200 9990
66.249.75.65 - - [24/Feb/2019:14:58:16 -0500] "GET /BLA/resoluciones/RESOLUCIONES%202014/1460.pdf HTTP/1.1" 304 -
201.245.192.253 - - [24/Feb/2019:14:58:42 -0500] "GET /galeria/nivo-slider/demo/images/Banner%20Politica%20Publica%20CONPES%20(1).ai HTTP/1.1" 206 1
201.245.192.253 - - [24/Feb/2019:14:58:42 -0500] "GET /galeria/nivo-slider/demo/images/Banner%20Politica%20Publica%20CONPES%20(1).ai HTTP/1.1" 206 1689512
201.245.192.253 - - [24/Feb/2019:14:58:52 -0500] "GET /galeria/nivo-slider/demo/images/Banner%20Politica%20Publica%20CONPES%20(1).ai HTTP/1.1" 206 1
201.245.192.253 - - [24/Feb/2019:14:58:52 -0500] "GET /galeria/nivo-slider/demo/images/Banner%20Politica%20Publica%20CONPES%20(1).ai HTTP/1.1" 206 1689512
69.162.124.233 - - [24/Feb/2019:14:58:54 -0500] "HEAD / HTTP/1.1" 200 -
66.249.88.60 - - [24/Feb/2019:14:58:55 -0500] "GET /BLA/resoluciones/RESOLUCIONES%202010/6285.pdf HTTP/1.1" 200 3274420
201.245.192.253 - - [24/Feb/2019:14:58:56 -0500] "GET /galeria/nivo-slider/demo/images/Banner%20Politica%20Publica%20CONPES%20(1).ai HTTP/1.1" 206 1
201.245.192.253 - - [24/Feb/2019:14:58:56 -0500] "GET /galeria/nivo-slider/demo/images/Banner%20Politica%20Publica%20CONPES%20(1).ai HTTP/1.1" 206 1689512
66.249.88.61 - - [24/Feb/2019:14:58:59 -0500] "GET /BLA/resoluciones/RESOLUCIONES%202010/6285.pdf HTTP/1.1" 206 1000000
66.249.88.60 - - [24/Feb/2019:14:58:59 -0500] "GET /BLA/resoluciones/RESOLUCIONES%202010/6285.pdf HTTP/1.1" 206 1000000
66.249.88.62 - - [24/Feb/2019:14:58:59 -0500] "GET /BLA/resoluciones/RESOLUCIONES%202010/6285.pdf HTTP/1.1" 206 267914
54.36.148.4 - - [24/Feb/2019:14:59:03 -0500] "GET /galeria/galeria/fotos/Encuentro-de-Movimientos-sociales4G.jpg HTTP/1.1" 200 112421
201.245.192.253 - - [24/Feb/2019:14:59:06 -0500] "GET /galeria/nivo-slider/demo/images/Banner%20Politica%20Publica%20CONPES%20(1).ai HTTP/1.1" 206 1
201.245.192.253 - - [24/Feb/2019:14:59:06 -0500] "GET /galeria/nivo-slider/demo/images/Banner%20Politica%20Publica%20CONPES%20(1).ai HTTP/1.1" 206 1689512
54.36.150.120 - - [24/Feb/2019:14:59:10 -0500] "GET /BLA/resoluciones/AUTOS%202006/AUTOS%202006%201801-%201900/00001807.tif HTTP/1.1" 200 159368
201.245.192.253 - - [24/Feb/2019:14:59:16 -0500] "GET /galeria/nivo-slider/demo/images/Banner%20Politica%20Publica%20CONPES%20(1).ai HTTP/1.1" 206 1
201.245.192.253 - - [24/Feb/2019:14:59:16 -0500] "GET /galeria/nivo-slider/demo/images/Banner%20Politica%20Publica%20CONPES%20(1).ai HTTP/1.1" 206 1689512
190.60.194.2 - - [24/Feb/2019:14:59:21 -0500] "GET /galeria/galeria/fotos/Entrenube2G.jpg HTTP/1.1" 200 111422
201.245.192.253 - - [24/Feb/2019:14:59:26 -0500] "GET /galeria/nivo-slider/demo/images/Banner%20Politica%20Publica%20CONPES%20(1).ai HTTP/1.1" 206 1
201.245.192.253 - - [24/Feb/2019:14:59:26 -0500] "GET /galeria/nivo-slider/demo/images/Banner%20Politica%20Publica%20CONPES%20(1).ai HTTP/1.1" 206 1689512
190.60.194.2 - - [24/Feb/2019:14:59:27 -0500] "GET /galeria/galeria/fotos/Entrenube2G.jpg HTTP/1.1" 200 111422
66.249.69.164 - - [24/Feb/2019:14:59:30 -0500] "GET /Residuos/curtiembres/files/guia_curtiembres.pdf HTTP/1.1" 304 -
181.53.12.242 - - [24/Feb/2019:14:59:35 -0500] "-" 408 -
184.91.87.171 - - [24/Feb/2019:14:59:38 -0500] "GET /BLA/resoluciones/AUTOS%202017/0216.pdf HTTP/1.1" 200 496651
184.91.87.171 - - [24/Feb/2019:14:59:41 -0500] "GET /favicon.ico HTTP/1.1" 200 7782
152.201.168.122 - - [24/Feb/2019:14:59:55 -0500] "GET /BLA/resoluciones/AUTOS%202015/3452.pdf HTTP/1.1" 200 792975
152.201.168.122 - - [24/Feb/2019:14:59:56 -0500] "GET /favicon.ico HTTP/1.1" 200 7782
54.36.150.82 - - [24/Feb/2019:14:59:58 -0500] "GET /BLA/resoluciones/RESOLUCIONES%202004/RES%202004%20701-750/00000703.tif HTTP/1.1" 200 182098
186.155.19.192 - - [24/Feb/2019:15:00:25 -0500] "GET /galeria/galeria/jquery.fancybox.css?v=2.1.5 HTTP/1.1" 200 4895
186.155.19.192 - - [24/Feb/2019:15:00:25 -0500] "GET /BLA/boletinlegal/js/jquery.scrollShow.js HTTP/1.1" 200 4586
186.155.19.192 - - [24/Feb/2019:15:00:25 -0500] "GET /galeria/galeria/jquery.fancybox.js?v=2.1.5 HTTP/1.1" 200 48706
54.36.148.154 - - [24/Feb/2019:15:00:27 -0500] "GET /BLA/resoluciones/index.php?dir=RESOLUCIONES%202003/RES%202003%202001-2051/&sort=name&order=desc HTTP/1.1" 200 12158
192.168.175.104 - - [24/Feb/2019:15:00:48 -0500] "GET / HTTP/1.0" 200 9990
66.249.75.65 - - [24/Feb/2019:15:01:05 -0500] "GET /BLA/resoluciones/RESOLUCIONES%202009/9813.pdf HTTP/1.1" 200 604788
190.144.166.61 - - [24/Feb/2019:15:01:51 -0500] "GET /galeria/nivo-slider/demo/images/Banner%20Politica%20Publica%20CONPES%20(1).ai HTTP/1.1" 206 1
190.144.166.61 - - [24/Feb/2019:15:01:51 -0500] "GET /galeria/nivo-slider/demo/images/Banner%20Politica%20Publica%20CONPES%20(1).ai HTTP/1.1" 206 1567889
201.245.192.253 - - [24/Feb/2019:15:01:58 -0500] "GET /galeria/nivo-slider/demo/images/Banner%20Politica%20Publica%20CONPES%20(1).ai HTTP/1.1" 206 1
201.245.192.253 - - [24/Feb/2019:15:01:58 -0500] "GET /galeria/nivo-slider/demo/images/Banner%20Politica%20Publica%20CONPES%20(1).ai HTTP/1.1" 206 1689512
190.144.166.61 - - [24/Feb/2019:15:02:01 -0500] "GET /galeria/nivo-slider/demo/images/Banner%20Politica%20Publica%20CONPES%20(1).ai HTTP/1.1" 206 1
190.144.166.61 - - [24/Feb/2019:15:02:01 -0500] "GET /galeria/nivo-slider/demo/images/Banner%20Politica%20Publica%20CONPES%20(1).ai HTTP/1.1" 206 1567889
201.245.192.253 - - [24/Feb/2019:15:02:08 -0500] "GET /galeria/nivo-slider/demo/images/Banner%20Politica%20Publica%20CONPES%20(1).ai HTTP/1.1" 206 1
201.245.192.253 - - [24/Feb/2019:15:02:08 -0500] "GET /galeria/nivo-slider/demo/images/Banner%20Politica%20Publica%20CONPES%20(1).ai HTTP/1.1" 206 1689512
201.245.192.253 - - [24/Feb/2019:15:02:52 -0500] "GET /galeria/nivo-slider/demo/images/Banner%20Politica%20Publica%20CONPES%20(1).ai HTTP/1.1" 206 1
201.245.192.253 - - [24/Feb/2019:15:02:52 -0500] "GET /galeria/nivo-slider/demo/images/Banner%20Politica%20Publica%20CONPES%20(1).ai HTTP/1.1" 206 1689512
192.168.175.104 - - [24/Feb/2019:15:02:56 -0500] "GET / HTTP/1.1" 200 9990
201.245.192.253 - - [24/Feb/2019:15:03:02 -0500] "GET /galeria/nivo-slider/demo/images/Banner%20Politica%20Publica%20CONPES%20(1).ai HTTP/1.1" 206 1
