!C99Shell v. 1.0 pre-release build #13!

Software: Apache. PHP/5.5.15 

uname -a: Windows NT SVR-DMZ 6.1 build 7600 (Windows Server 2008 R2 Enterprise Edition) i586 

SYSTEM 

Safe-mode: OFF (not secure)

E:\nuevo\apache\logs\   drwxrwxrwx
Free 8.02 GB of 239.26 GB (3.35%)
Detected drives: [ a ] [ c ] [ d ] [ e ] [ f ]
Home    Back    Forward    UPDIR    Refresh    Search    Buffer    Encoder    Tools    Proc.    FTP brute    Sec.    SQL    PHP-code    Update    Feedback    Self remove    Logout    


Viewing file:     access.2019.03.03.log (4.99 MB)      -rw-rw-rw-
Select action/file-type:
(+) | (+) | (+) | Code (+) | Session (+) | (+) | SDB (+) | (+) | (+) | (+) | (+) | (+) |
66.249.66.89 - - [03/Mar/2019:00:00:01 -0500] "GET /BLA/resoluciones/AUTOS%202019/0198.pdf HTTP/1.1" 200 284001
201.245.192.253 - - [03/Mar/2019:00:00:02 -0500] "GET /galeria/nivo-slider/demo/images/Banner%20Politica%20Publica%20CONPES%20(1).ai HTTP/1.1" 206 1
201.245.192.253 - - [03/Mar/2019:00:00:02 -0500] "GET /galeria/nivo-slider/demo/images/Banner%20Politica%20Publica%20CONPES%20(1).ai HTTP/1.1" 206 1711412
66.249.66.89 - - [03/Mar/2019:00:00:02 -0500] "GET /BLA/resoluciones/AUTOS%202019/0096.pdf HTTP/1.1" 200 257376
66.249.66.93 - - [03/Mar/2019:00:00:04 -0500] "GET /BLA/resoluciones/AUTOS%202019/0239.pdf HTTP/1.1" 200 279940
66.249.66.65 - - [03/Mar/2019:00:00:06 -0500] "GET /BLA/resoluciones/AUTOS%202005/0825.pdf HTTP/1.1" 200 2331945
66.249.66.65 - - [03/Mar/2019:00:00:10 -0500] "GET /BLA/resoluciones/AUTOS%202005/1369.pdf HTTP/1.1" 200 304353
66.249.66.81 - - [03/Mar/2019:00:00:11 -0500] "GET /BLA/resoluciones/AUTOS%202005/2658.pdf HTTP/1.1" 200 76297
201.245.192.253 - - [03/Mar/2019:00:00:12 -0500] "GET /galeria/nivo-slider/demo/images/Banner%20Politica%20Publica%20CONPES%20(1).ai HTTP/1.1" 206 1
201.245.192.253 - - [03/Mar/2019:00:00:12 -0500] "GET /galeria/nivo-slider/demo/images/Banner%20Politica%20Publica%20CONPES%20(1).ai HTTP/1.1" 206 1711412
66.249.66.90 - - [03/Mar/2019:00:00:13 -0500] "GET /BLA/resoluciones/Decretos/Decreto%20323%20de%202018.pdf HTTP/1.1" 200 1013088
66.249.66.84 - - [03/Mar/2019:00:00:15 -0500] "GET /BLA/resoluciones/AUTOS%202005/3157.pdf HTTP/1.1" 200 2344752
201.245.192.253 - - [03/Mar/2019:00:00:17 -0500] "GET /galeria/nivo-slider/demo/images/Banner%20Politica%20Publica%20CONPES%20(1).ai HTTP/1.1" 206 1
201.245.192.253 - - [03/Mar/2019:00:00:17 -0500] "GET /galeria/nivo-slider/demo/images/Banner%20Politica%20Publica%20CONPES%20(1).ai HTTP/1.1" 206 1711412
181.57.247.169 - - [03/Mar/2019:00:00:17 -0500] "GET /BLA/boletinlegal/js/jquery.scrollShow.js HTTP/1.1" 200 4586
181.57.247.169 - - [03/Mar/2019:00:00:17 -0500] "GET /galeria/galeria/jquery.fancybox.css?v=2.1.5 HTTP/1.1" 200 4895
181.57.247.169 - - [03/Mar/2019:00:00:17 -0500] "GET /galeria/galeria/jquery.fancybox.js?v=2.1.5 HTTP/1.1" 200 48706
66.249.66.67 - - [03/Mar/2019:00:00:21 -0500] "GET /BLA/resoluciones/AUTOS%202004/0990.pdf HTTP/1.1" 200 78792
66.249.66.85 - - [03/Mar/2019:00:00:23 -0500] "GET /BLA/resoluciones/Decretos/Decreto%20484%20de%202018.pdf HTTP/1.1" 200 2063140
201.245.192.253 - - [03/Mar/2019:00:00:27 -0500] "GET /galeria/nivo-slider/demo/images/Banner%20Politica%20Publica%20CONPES%20(1).ai HTTP/1.1" 206 1
201.245.192.253 - - [03/Mar/2019:00:00:27 -0500] "GET /galeria/nivo-slider/demo/images/Banner%20Politica%20Publica%20CONPES%20(1).ai HTTP/1.1" 206 1711412
66.249.66.83 - - [03/Mar/2019:00:00:26 -0500] "GET /BLA/resoluciones/Acuerdos/Acuerdo%20N%C2%B0%205%20-2017.pdf HTTP/1.1" 200 10089301
201.221.176.223 - - [03/Mar/2019:00:00:39 -0500] "GET /galeria/nivo-slider/demo/images/Banner%20Politica%20Publica%20CONPES%20(1).ai HTTP/1.1" 200 1775371
190.240.64.20 - - [03/Mar/2019:00:00:39 -0500] "GET /galeria/galeria/jquery.fancybox.js?v=2.1.5 HTTP/1.1" 200 48706
190.240.64.20 - - [03/Mar/2019:00:00:39 -0500] "GET /galeria/carrusel/Carrusel/jquery.thumbnailScroller.js HTTP/1.1" 200 8157
190.240.64.20 - - [03/Mar/2019:00:00:39 -0500] "GET /BLA/boletinlegal/js/jquery.scrollShow.js HTTP/1.1" 200 4586
190.240.64.20 - - [03/Mar/2019:00:00:39 -0500] "GET /galeria/carrusel/Carrusel/jquery.thumbnailScroller.css HTTP/1.1" 200 2066
190.240.64.20 - - [03/Mar/2019:00:00:39 -0500] "GET /galeria/galeria/jquery.fancybox.css?v=2.1.5 HTTP/1.1" 200 4895
190.240.64.20 - - [03/Mar/2019:00:00:39 -0500] "GET /galeria/carrusel/Carrusel/jquery-ui-1.8.13.custom.min.js HTTP/1.1" 200 10800
66.249.66.92 - - [03/Mar/2019:00:00:40 -0500] "GET /BLA/resoluciones/Decretos/Decreto%20565%20de%2020%20de%20octubre%20del%202017.pdf HTTP/1.1" 200 1187940
66.249.66.86 - - [03/Mar/2019:00:00:44 -0500] "GET /BLA/resoluciones/Decretos/DECRETO%201468%20DEL%2006%20DE%20AGOSTO%20DE%202018.pdf HTTP/1.1" 200 3831327
201.221.176.223 - - [03/Mar/2019:00:00:49 -0500] "GET /galeria/nivo-slider/demo/images/Banner%20Politica%20Publica%20CONPES%20(1).ai HTTP/1.1" 206 1774192
201.245.192.253 - - [03/Mar/2019:00:00:52 -0500] "GET /galeria/nivo-slider/demo/images/Banner%20Politica%20Publica%20CONPES%20(1).ai HTTP/1.1" 206 1
201.245.192.253 - - [03/Mar/2019:00:00:52 -0500] "GET /galeria/nivo-slider/demo/images/Banner%20Politica%20Publica%20CONPES%20(1).ai HTTP/1.1" 206 1711412
66.249.66.89 - - [03/Mar/2019:00:00:52 -0500] "GET /BLA/resoluciones/AUTOS%202019/0252.pdf HTTP/1.1" 200 283129
66.249.66.91 - - [03/Mar/2019:00:00:56 -0500] "GET /BLA/resoluciones/Acuerdos/Acuerdo%20No.%20735%20del%2009%20de%20enero%20de%202019.pdf HTTP/1.1" 200 8685487
186.84.44.215 - - [03/Mar/2019:00:00:57 -0500] "GET /galeria/nivo-slider/demo/images/Banner%20Politica%20Publica%20CONPES%20(1).ai HTTP/1.1" 206 1
186.84.44.215 - - [03/Mar/2019:00:00:57 -0500] "GET /galeria/nivo-slider/demo/images/Banner%20Politica%20Publica%20CONPES%20(1).ai HTTP/1.1" 206 1771272
201.245.192.253 - - [03/Mar/2019:00:01:02 -0500] "GET /galeria/nivo-slider/demo/images/Banner%20Politica%20Publica%20CONPES%20(1).ai HTTP/1.1" 206 1
201.245.192.253 - - [03/Mar/2019:00:01:02 -0500] "GET /galeria/nivo-slider/demo/images/Banner%20Politica%20Publica%20CONPES%20(1).ai HTTP/1.1" 206 1711412
186.84.44.215 - - [03/Mar/2019:00:01:07 -0500] "GET /galeria/nivo-slider/demo/images/Banner%20Politica%20Publica%20CONPES%20(1).ai HTTP/1.1" 206 1
186.84.44.215 - - [03/Mar/2019:00:01:07 -0500] "GET /galeria/nivo-slider/demo/images/Banner%20Politica%20Publica%20CONPES%20(1).ai HTTP/1.1" 206 1771272
66.249.66.87 - - [03/Mar/2019:00:01:10 -0500] "GET /BLA/resoluciones/Decretos/Decreto%20814%20del%2028%20de%20Diciembre%20de%202017.pdf HTTP/1.1" 200 2271553
66.249.66.82 - - [03/Mar/2019:00:01:15 -0500] "GET /BLA/resoluciones/index.php?dir=Notificaciones%2FAUTOS+2013%2F HTTP/1.1" 200 38885
54.36.148.94 - - [03/Mar/2019:00:01:21 -0500] "GET /BLA/resoluciones/RESOLUCIONES%202003/RES%202003%201601-1650/20031623.tif HTTP/1.1" 200 132278
66.249.66.84 - - [03/Mar/2019:00:01:24 -0500] "GET /BLA/resoluciones/index.php?dir=Notificaciones%2FAUTOS+2017%2F HTTP/1.1" 200 112930
66.249.66.88 - - [03/Mar/2019:00:01:28 -0500] "GET /BLA/resoluciones/index.php?dir=RESOLUCIONES+2002%2FANEXOS%2F HTTP/1.1" 200 2240
66.249.66.91 - - [03/Mar/2019:00:01:31 -0500] "GET /BLA/resoluciones/index.php?dir=Notificaciones%2FAUTOS+1985%2F HTTP/1.1" 200 2733
66.249.66.86 - - [03/Mar/2019:00:01:34 -0500] "GET /BLA/resoluciones/index.php?dir=RESOLUCIONES+2005%2FRES+2005+401-450%2F HTTP/1.1" 200 12254
66.249.66.89 - - [03/Mar/2019:00:01:36 -0500] "GET /BLA/resoluciones/index.php?dir=RESOLUCIONES+2005%2FRES+2005+801-850%2F HTTP/1.1" 200 12246
66.249.66.84 - - [03/Mar/2019:00:01:38 -0500] "GET /BLA/resoluciones/index.php?dir=RESOLUCIONES+2005%2FRES+2005+701-750%2F HTTP/1.1" 200 12247
66.249.66.87 - - [03/Mar/2019:00:01:40 -0500] "GET /BLA/resoluciones/RESOLUCIONES%202008/5342.pdf HTTP/1.1" 200 214708
66.249.66.82 - - [03/Mar/2019:00:01:42 -0500] "GET /BLA/resoluciones/RESOLUCIONES%202008/3754.pdf HTTP/1.1" 200 390920
207.241.231.145 - - [03/Mar/2019:00:01:42 -0500] "GET /robots.txt HTTP/1.0" 404 1018
66.249.66.82 - - [03/Mar/2019:00:01:45 -0500] "GET /BLA/resoluciones/RESOLUCIONES%202008/5673.pdf HTTP/1.1" 200 18711
207.241.231.145 - - [03/Mar/2019:00:01:46 -0500] "GET /BLA/boletinlegal/images/background.gif HTTP/1.0" 200 -
66.249.66.83 - - [03/Mar/2019:00:01:46 -0500] "GET /BLA/resoluciones/index.php?dir=RESOLUCIONES+2003%2FRES+2003+151-200%2F HTTP/1.1" 200 12346
66.249.66.82 - - [03/Mar/2019:00:01:47 -0500] "GET /BLA/resoluciones/RESOLUCIONES%202008/4956.pdf HTTP/1.1" 200 239851
66.249.66.84 - - [03/Mar/2019:00:01:49 -0500] "GET /BLA/resoluciones/index.php?dir=RESOLUCIONES+2003%2FANEXOS+RES+2048%2F HTTP/1.1" 200 7160
66.249.66.82 - - [03/Mar/2019:00:01:50 -0500] "GET /BLA/resoluciones/RESOLUCIONES%202008/4022.pdf HTTP/1.1" 200 568122
66.249.66.83 - - [03/Mar/2019:00:01:52 -0500] "GET /BLA/resoluciones/RESOLUCIONES%202008/2804.pdf HTTP/1.1" 200 65936
66.249.66.82 - - [03/Mar/2019:00:01:54 -0500] "GET /BLA/resoluciones/index.php?dir=RESOLUCIONES+2003%2FRES+2003+201-250%2F HTTP/1.1" 200 12348
66.249.66.84 - - [03/Mar/2019:00:01:55 -0500] "GET /BLA/resoluciones/RESOLUCIONES%202008/1614.pdf HTTP/1.1" 200 267743
66.249.66.81 - - [03/Mar/2019:00:01:57 -0500] "GET /BLA/resoluciones/RESOLUCIONES%202019/0363.pdf HTTP/1.1" 200 248154
66.249.66.83 - - [03/Mar/2019:00:01:58 -0500] "GET /BLA/resoluciones/AUTOS%202015/6456.pdf HTTP/1.1" 200 554073
66.249.66.82 - - [03/Mar/2019:00:02:00 -0500] "GET /BLA/resoluciones/RESOLUCIONES%202019/0302.pdf HTTP/1.1" 200 306397
66.249.66.81 - - [03/Mar/2019:00:02:02 -0500] "GET /BLA/resoluciones/RESOLUCIONES%202019/0210.pdf HTTP/1.1" 200 217006
66.249.66.81 - - [03/Mar/2019:00:02:03 -0500] "GET /BLA/resoluciones/RESOLUCIONES%202019/0296.pdf HTTP/1.1" 200 243247
66.249.66.83 - - [03/Mar/2019:00:02:05 -0500] "GET /BLA/resoluciones/AUTOS%202015/7039.pdf HTTP/1.1" 200 574675
66.249.66.82 - - [03/Mar/2019:00:02:06 -0500] "GET /BLA/resoluciones/RESOLUCIONES%202019/0283.pdf HTTP/1.1" 200 257086
66.249.66.83 - - [03/Mar/2019:00:02:08 -0500] "GET /BLA/resoluciones/RESOLUCIONES%202019/0134.pdf HTTP/1.1" 200 281718
201.245.192.253 - - [03/Mar/2019:00:02:09 -0500] "GET /galeria/nivo-slider/demo/images/Banner%20Politica%20Publica%20CONPES%20(1).ai HTTP/1.1" 206 1
66.249.66.84 - - [03/Mar/2019:00:02:10 -0500] "GET /BLA/resoluciones/RESOLUCIONES%202019/0298.pdf HTTP/1.1" 200 291590
66.249.66.84 - - [03/Mar/2019:00:02:11 -0500] "GET /BLA/resoluciones/index.php?dir=RESOLUCIONES+2003%2FRES+2003+051-100%2F HTTP/1.1" 200 11998
66.249.66.82 - - [03/Mar/2019:00:02:13 -0500] "GET /BLA/resoluciones/RESOLUCIONES%202019/0312.pdf HTTP/1.1" 200 255896
66.249.66.84 - - [03/Mar/2019:00:02:14 -0500] "GET /BLA/resoluciones/index.php?dir=RESOLUCIONES+2003%2FRES+2003+1801-1850%2F HTTP/1.1" 200 12154
66.249.66.81 - - [03/Mar/2019:00:02:15 -0500] "GET /BLA/resoluciones/AUTOS%202015/4332.pdf HTTP/1.1" 200 502566
66.249.66.81 - - [03/Mar/2019:00:02:17 -0500] "GET /BLA/resoluciones/index.php?dir=RESOLUCIONES+2003%2FRES+2003+1351-1400%2F HTTP/1.1" 200 12157
66.249.66.83 - - [03/Mar/2019:00:02:18 -0500] "GET /BLA/resoluciones/RESOLUCIONES%202019/0356.pdf HTTP/1.1" 200 253523
201.245.192.253 - - [03/Mar/2019:00:02:19 -0500] "GET /galeria/nivo-slider/demo/images/Banner%20Politica%20Publica%20CONPES%20(1).ai HTTP/1.1" 206 1
66.249.66.81 - - [03/Mar/2019:00:02:20 -0500] "GET /BLA/resoluciones/AUTOS%202015/4312.pdf HTTP/1.1" 200 640783
66.249.66.82 - - [03/Mar/2019:00:02:21 -0500] "GET /BLA/resoluciones/index.php?dir=RESOLUCIONES+2003%2FRES+2003+1851--1900%2F HTTP/1.1" 200 12206
66.249.66.81 - - [03/Mar/2019:00:02:23 -0500] "GET /BLA/resoluciones/index.php?dir=RESOLUCIONES%202019/&sort=date&order=asc HTTP/1.1" 200 3909
190.144.166.61 - - [03/Mar/2019:00:02:23 -0500] "GET /galeria/nivo-slider/demo/images/Banner%20Politica%20Publica%20CONPES%20(1).ai HTTP/1.1" 206 1
190.144.166.61 - - [03/Mar/2019:00:02:23 -0500] "GET /galeria/nivo-slider/demo/images/Banner%20Politica%20Publica%20CONPES%20(1).ai HTTP/1.1" 206 1332074
66.249.66.82 - - [03/Mar/2019:00:02:24 -0500] "GET /BLA/resoluciones/index.php?dir=RESOLUCIONES+2006%2FRES+2006+1-50%2F HTTP/1.1" 200 11867
66.249.66.81 - - [03/Mar/2019:00:02:26 -0500] "GET /BLA/resoluciones/RESOLUCIONES%202019/0209.pdf HTTP/1.1" 200 252131
66.249.66.81 - - [03/Mar/2019:00:02:27 -0500] "GET /BLA/resoluciones/RESOLUCIONES%202019/0293.pdf HTTP/1.1" 200 230119
66.249.66.81 - - [03/Mar/2019:00:02:28 -0500] "GET /BLA/resoluciones/index.php?dir=RESOLUCIONES+2005%2FRES+2005+251-300%2F HTTP/1.1" 200 12254
66.249.66.81 - - [03/Mar/2019:00:02:30 -0500] "GET /BLA/resoluciones/RESOLUCIONES%202019/0347.pdf HTTP/1.1" 200 311293
66.249.66.81 - - [03/Mar/2019:00:02:31 -0500] "GET /BLA/resoluciones/RESOLUCIONES%202019/0366.pdf HTTP/1.1" 200 289447
66.249.66.81 - - [03/Mar/2019:00:02:33 -0500] "GET /BLA/resoluciones/index.php?dir=RESOLUCIONES+2006%2FRES+2006+201-250%2F HTTP/1.1" 200 12238
190.144.166.61 - - [03/Mar/2019:00:02:33 -0500] "GET /galeria/nivo-slider/demo/images/Banner%20Politica%20Publica%20CONPES%20(1).ai HTTP/1.1" 206 1
190.144.166.61 - - [03/Mar/2019:00:02:33 -0500] "GET /galeria/nivo-slider/demo/images/Banner%20Politica%20Publica%20CONPES%20(1).ai HTTP/1.1" 206 1332074
66.249.66.82 - - [03/Mar/2019:00:02:34 -0500] "GET /BLA/resoluciones/index.php?dir=RESOLUCIONES+2003%2FRES+2003+701-750%2F HTTP/1.1" 200 11298
66.249.66.81 - - [03/Mar/2019:00:02:37 -0500] "GET /BLA/resoluciones/index.php?dir=RESOLUCIONES+2006%2FRES+2006+651-700%2F HTTP/1.1" 200 12252
66.249.66.81 - - [03/Mar/2019:00:02:38 -0500] "GET /BLA/resoluciones/index.php?dir=RESOLUCIONES+2006%2FRES+2006+501-550%2F HTTP/1.1" 200 12241
66.249.66.82 - - [03/Mar/2019:00:02:39 -0500] "GET /BLA/resoluciones/AUTOS%202015/3084.pdf HTTP/1.1" 200 688271
66.249.66.82 - - [03/Mar/2019:00:02:41 -0500] "GET /BLA/resoluciones/index.php?dir=RESOLUCIONES+2003%2FRES+2003+2051-2100%2F HTTP/1.1" 200 12152
66.249.66.82 - - [03/Mar/2019:00:02:42 -0500] "GET /BLA/resoluciones/AUTOS%202015/1414.pdf HTTP/1.1" 200 629819
66.249.66.82 - - [03/Mar/2019:00:02:43 -0500] "GET /BLA/resoluciones/index.php?dir=RESOLUCIONES+2003%2FRES+2003+1551-1601%2F HTTP/1.1" 200 12156
66.249.66.82 - - [03/Mar/2019:00:02:45 -0500] "GET /BLA/resoluciones/index.php?dir=RESOLUCIONES+2006%2FRES+2006+401-450%2F HTTP/1.1" 200 12245
66.249.66.81 - - [03/Mar/2019:00:02:46 -0500] "GET /BLA/resoluciones/index.php?dir=RESOLUCIONES+2003%2FRES+2003+2151-2189%2F HTTP/1.1" 200 9915
66.249.66.81 - - [03/Mar/2019:00:02:47 -0500] "GET /BLA/resoluciones/index.php?dir=RESOLUCIONES+2005%2FRES+2005+351-400%2F HTTP/1.1" 200 12243
66.249.66.81 - - [03/Mar/2019:00:02:48 -0500] "GET /BLA/resoluciones/index.php?dir=RESOLUCIONES+2003%2FRES+2003+2101-2150%2F HTTP/1.1" 200 12160
66.249.66.82 - - [03/Mar/2019:00:02:50 -0500] "GET /BLA/resoluciones/index.php?dir=RESOLUCIONES+2006%2FRES+2006+751-800%2F HTTP/1.1" 200 12235
66.249.66.81 - - [03/Mar/2019:00:02:51 -0500] "GET /BLA/resoluciones/index.php?dir=RESOLUCIONES+2003%2FRES+2003+1001-1050%2F HTTP/1.1" 200 11566
66.249.66.83 - - [03/Mar/2019:00:02:52 -0500] "GET /BLA/resoluciones/index.php?dir=RESOLUCIONES+2006%2FRES+2006+251-300%2F HTTP/1.1" 200 12236
66.249.66.82 - - [03/Mar/2019:00:02:53 -0500] "GET /BLA/resoluciones/index.php?dir=RESOLUCIONES+2006%2FRES+2006+451-500%2F HTTP/1.1" 200 12244
66.249.66.81 - - [03/Mar/2019:00:02:55 -0500] "GET /BLA/resoluciones/AUTOS%202015/7045.pdf HTTP/1.1" 200 500796
66.249.66.81 - - [03/Mar/2019:00:02:56 -0500] "GET /BLA/resoluciones/index.php?dir=RESOLUCIONES+2005%2FRES+2005+1051-1100%2F HTTP/1.1" 200 3976
66.249.66.81 - - [03/Mar/2019:00:02:57 -0500] "GET /BLA/resoluciones/index.php?dir=RESOLUCIONES+2006%2FRES+2006+1851-1900%2F HTTP/1.1" 200 12364
66.249.66.82 - - [03/Mar/2019:00:02:58 -0500] "GET /BLA/resoluciones/index.php?dir=RESOLUCIONES+2003%2FRES+2003+1701-1750%2F HTTP/1.1" 200 12147
66.249.66.81 - - [03/Mar/2019:00:02:59 -0500] "GET /BLA/resoluciones/Notificaciones/AUTOS%201985/3412.doc HTTP/1.1" 200 227840
66.249.66.82 - - [03/Mar/2019:00:03:01 -0500] "GET /BLA/resoluciones/index.php?dir=RESOLUCIONES+2005%2FRES+2005+2951-3000%2F HTTP/1.1" 200 11937
66.249.66.81 - - [03/Mar/2019:00:03:02 -0500] "GET /BLA/resoluciones/index.php?dir=RESOLUCIONES+2005%2FRES+2005+1401-1450%2F HTTP/1.1" 200 12365
66.249.66.81 - - [03/Mar/2019:00:03:03 -0500] "GET /BLA/resoluciones/RESOLUCIONES%202005/INDEX.DAT HTTP/1.1" 200 2000
66.249.66.83 - - [03/Mar/2019:00:03:04 -0500] "GET /BLA/resoluciones/index.php?dir=RESOLUCIONES+2006%2FRES+2006+1451-1500%2F HTTP/1.1" 200 12370
66.249.66.82 - - [03/Mar/2019:00:03:05 -0500] "GET /BLA/resoluciones/index.php?dir=RESOLUCIONES+2005%2FRES+2005+2451-2500%2F HTTP/1.1" 200 12370
66.249.66.82 - - [03/Mar/2019:00:03:06 -0500] "GET /BLA/resoluciones/index.php?dir=RESOLUCIONES+2005%2FRES+2005+3001-3050%2F HTTP/1.1" 200 12364
66.249.66.82 - - [03/Mar/2019:00:03:07 -0500] "GET /BLA/resoluciones/Decretos/Sarvif:iosEtO%3Ei:lt%C3%A9rrir.os HTTP/1.1" 403 1006
66.249.66.83 - - [03/Mar/2019:00:03:08 -0500] "GET /BLA/resoluciones/index.php?dir=RESOLUCIONES+2005%2FRES+2005+2751-2800%2F HTTP/1.1" 200 12345
66.249.66.83 - - [03/Mar/2019:00:03:10 -0500] "GET /BLA/resoluciones/AUTOS%202015/3213.pdf HTTP/1.1" 200 631537
66.249.66.82 - - [03/Mar/2019:00:03:11 -0500] "GET /BLA/resoluciones/index.php?dir=RESOLUCIONES+2005%2FRES+2005+2401-2450%2F HTTP/1.1" 200 12361
66.249.66.81 - - [03/Mar/2019:00:03:12 -0500] "GET /BLA/resoluciones/index.php?dir=RESOLUCIONES+2006%2FRES+2006+2501-2550%2F HTTP/1.1" 200 12358
66.249.66.82 - - [03/Mar/2019:00:03:13 -0500] "GET /BLA/resoluciones/index.php?dir=RESOLUCIONES+2005%2FRES+2005+2201-2250%2F HTTP/1.1" 200 12363
66.249.66.82 - - [03/Mar/2019:00:03:14 -0500] "GET /BLA/resoluciones/Notificaciones/AUTOS%201985/0882.doc HTTP/1.1" 200 171520
66.249.66.81 - - [03/Mar/2019:00:03:15 -0500] "GET /BLA/resoluciones/index.php?dir=RESOLUCIONES+2005%2FRES+2005+1801-1850%2F HTTP/1.1" 200 12362
66.249.66.81 - - [03/Mar/2019:00:03:16 -0500] "GET /BLA/resoluciones/AUTOS%202015/6188.pdf HTTP/1.1" 200 552290
66.249.66.84 - - [03/Mar/2019:00:03:17 -0500] "GET /BLA/resoluciones/index.php?dir=RESOLUCIONES+2005%2FRES+2005+1751-1800%2F HTTP/1.1" 200 12368
66.249.66.84 - - [03/Mar/2019:00:03:18 -0500] "GET /BLA/resoluciones/index.php?dir=RESOLUCIONES+2006%2FRES+2006+1151-1200%2F HTTP/1.1" 200 12365
66.249.66.83 - - [03/Mar/2019:00:03:19 -0500] "GET /BLA/resoluciones/index.php?dir=RESOLUCIONES+2005%2FRES+2005+3101-3150%2F HTTP/1.1" 200 12367
66.249.66.83 - - [03/Mar/2019:00:03:20 -0500] "GET /BLA/resoluciones/Notificaciones/AUTOS%201985/4630.doc HTTP/1.1" 200 97792
66.249.66.83 - - [03/Mar/2019:00:03:21 -0500] "GET /BLA/resoluciones/index.php?dir=RESOLUCIONES+2006%2FRES+2006+1301-1350%2F HTTP/1.1" 200 12365
66.249.66.82 - - [03/Mar/2019:00:03:22 -0500] "GET /BLA/resoluciones/index.php?dir=RESOLUCIONES+2006%2FRES+2006+2751-2800%2F HTTP/1.1" 200 12358
66.249.66.81 - - [03/Mar/2019:00:03:23 -0500] "GET /BLA/resoluciones/index.php?dir=RESOLUCIONES+2005%2FRES+2005+2101-2150%2F HTTP/1.1" 200 12346
66.249.66.82 - - [03/Mar/2019:00:03:24 -0500] "GET /BLA/resoluciones/AUTOS%202015/7246.pdf HTTP/1.1" 200 553476
66.249.66.81 - - [03/Mar/2019:00:03:25 -0500] "GET /BLA/resoluciones/Notificaciones/AUTOS%201985/3942.doc HTTP/1.1" 200 2633216
66.249.66.81 - - [03/Mar/2019:00:03:31 -0500] "GET /BLA/resoluciones/index.php?dir=RESOLUCIONES+2005%2FRES+2005+2901-2950%2F HTTP/1.1" 200 12331
66.249.66.81 - - [03/Mar/2019:00:03:32 -0500] "GET /BLA/resoluciones/AUTOS%202015/0699.pdf HTTP/1.1" 200 552967
191.88.200.59 - - [03/Mar/2019:00:03:33 -0500] "GET /BLA/boletinlegal/js/jquery.scrollShow.js HTTP/1.1" 200 4586
191.88.200.59 - - [03/Mar/2019:00:03:33 -0500] "GET /galeria/galeria/jquery.fancybox.css?v=2.1.5 HTTP/1.1" 200 4895
191.88.200.59 - - [03/Mar/2019:00:03:33 -0500] "GET /galeria/galeria/jquery.fancybox.js?v=2.1.5 HTTP/1.1" 200 48706
66.249.66.81 - - [03/Mar/2019:00:03:33 -0500] "GET /BLA/resoluciones/index.php?dir=RESOLUCIONES+2005%2FRES+2005+1-50%2F HTTP/1.1" 200 12563
66.249.66.81 - - [03/Mar/2019:00:03:34 -0500] "GET /BLA/resoluciones/index.php?dir=RESOLUCIONES+2006%2FRES+2006+51-100%2F HTTP/1.1" 200 11996
66.249.66.81 - - [03/Mar/2019:00:03:36 -0500] "GET /BLA/resoluciones/index.php?dir=RESOLUCIONES+2005%2FRES+2005+2351-2400%2F HTTP/1.1" 200 12366
66.249.66.82 - - [03/Mar/2019:00:03:37 -0500] "GET /BLA/resoluciones/index.php?dir=RESOLUCIONES+2006%2FRES+2006+2301-2350%2F HTTP/1.1" 200 12364
66.249.66.83 - - [03/Mar/2019:00:03:38 -0500] "GET /BLA/resoluciones/AUTOS%202015/5560.pdf HTTP/1.1" 200 483165
66.249.66.81 - - [03/Mar/2019:00:03:38 -0500] "GET /BLA/resoluciones/index.php?dir=RESOLUCIONES+2005%2FRES+2005+2251-2300%2F HTTP/1.1" 200 12353
66.249.66.82 - - [03/Mar/2019:00:03:39 -0500] "GET /BLA/resoluciones/AUTOS%202015/3303.pdf HTTP/1.1" 200 669262
66.249.66.83 - - [03/Mar/2019:00:03:40 -0500] "GET /BLA/resoluciones/index.php?dir=RESOLUCIONES+2005%2FRES+2005+51-100%2F HTTP/1.1" 200 12192
66.249.66.84 - - [03/Mar/2019:00:03:41 -0500] "GET /BLA/resoluciones/index.php?dir=RESOLUCIONES+2005%2FRES+2005+551-600%2F HTTP/1.1" 200 12249
66.249.66.84 - - [03/Mar/2019:00:03:42 -0500] "GET /BLA/resoluciones/AUTOS%202015/5818.pdf HTTP/1.1" 200 695900
66.249.66.82 - - [03/Mar/2019:00:03:43 -0500] "GET /BLA/resoluciones/index.php?dir=RESOLUCIONES+2005%2FRES+2005+1901-1950%2F HTTP/1.1" 200 12364
66.249.66.84 - - [03/Mar/2019:00:03:44 -0500] "GET /BLA/resoluciones/AUTOS%202015/6466.pdf HTTP/1.1" 200 212013
66.249.66.83 - - [03/Mar/2019:00:03:45 -0500] "GET /BLA/resoluciones/index.php?dir=RESOLUCIONES+2005%2FRES+2005+2501-2550%2F HTTP/1.1" 200 12365
66.249.66.81 - - [03/Mar/2019:00:03:46 -0500] "GET /BLA/resoluciones/index.php?dir=RESOLUCIONES+2005%2FRES+2005+601-650%2F HTTP/1.1" 200 12246
66.249.66.83 - - [03/Mar/2019:00:03:47 -0500] "GET /BLA/resoluciones/index.php?dir=RESOLUCIONES+2006%2FRES+2006+2351-2400%2F HTTP/1.1" 200 12357
66.249.66.82 - - [03/Mar/2019:00:03:48 -0500] "GET /BLA/resoluciones/index.php?dir=RESOLUCIONES+2006%2FRES+2006+2451-2500%2F HTTP/1.1" 200 12154
66.249.66.84 - - [03/Mar/2019:00:03:49 -0500] "GET /BLA/resoluciones/index.php?dir=RESOLUCIONES+2005%2FRES+2005+201-250%2F HTTP/1.1" 200 12248
66.249.66.83 - - [03/Mar/2019:00:03:50 -0500] "GET /BLA/resoluciones/index.php?dir=RESOLUCIONES+2005%2FRES+2005+2001-2050%2F HTTP/1.1" 200 12358
66.249.66.82 - - [03/Mar/2019:00:03:50 -0500] "GET /BLA/resoluciones/index.php?dir=RESOLUCIONES+2006%2FRES+2006+101-150%2F HTTP/1.1" 200 12241
66.249.66.84 - - [03/Mar/2019:00:03:51 -0500] "GET /BLA/resoluciones/index.php?dir=RESOLUCIONES+2005%2FRES+2005+901-950%2F HTTP/1.1" 200 12245
66.249.66.83 - - [03/Mar/2019:00:03:52 -0500] "GET /BLA/resoluciones/index.php?dir=RESOLUCIONES+2005%2FRES+2005+301-351%2F HTTP/1.1" 200 12252
66.249.66.83 - - [03/Mar/2019:00:03:53 -0500] "GET /BLA/resoluciones/index.php?dir=RESOLUCIONES+2006%2FRES+2006+301-350%2F HTTP/1.1" 200 12249
66.249.66.83 - - [03/Mar/2019:00:03:54 -0500] "GET /BLA/resoluciones/index.php?dir=RESOLUCIONES+2006%2FRES+2006+1801-1850%2F HTTP/1.1" 200 12357
66.249.66.84 - - [03/Mar/2019:00:03:55 -0500] "GET /BLA/resoluciones/index.php?dir=RESOLUCIONES+2005%2FRES+2005+2851-2900%2F HTTP/1.1" 200 12156
66.249.66.83 - - [03/Mar/2019:00:03:56 -0500] "GET /BLA/resoluciones/index.php?dir=RESOLUCIONES+2006%2FRES+2006+801-850%2F HTTP/1.1" 200 12230
66.249.66.83 - - [03/Mar/2019:00:03:57 -0500] "GET /BLA/resoluciones/index.php?dir=RESOLUCIONES+2006%2FRES+2006+851-900%2F HTTP/1.1" 200 12234
66.249.66.84 - - [03/Mar/2019:00:03:58 -0500] "GET /BLA/resoluciones/index.php?dir=RESOLUCIONES+2005%2FRES+2005+2801-2850%2F HTTP/1.1" 200 11939
66.249.66.81 - - [03/Mar/2019:00:03:58 -0500] "GET /BLA/resoluciones/AUTOS%202015/5576.pdf HTTP/1.1" 200 628028
66.249.66.85 - - [03/Mar/2019:00:03:59 -0500] "GET /BLA/resoluciones/index.php?dir=RESOLUCIONES+2005%2FRES+2005+1851-1900%2F HTTP/1.1" 200 12356
66.249.66.81 - - [03/Mar/2019:00:04:00 -0500] "GET /BLA/resoluciones/index.php?dir=RESOLUCIONES+2005%2FRES+2005+1251-1300%2F HTTP/1.1" 200 12362
66.249.66.83 - - [03/Mar/2019:00:04:01 -0500] "GET /BLA/resoluciones/index.php?dir=RESOLUCIONES+2005%2FRES+2005+751-800%2F HTTP/1.1" 200 12254
201.245.192.253 - - [03/Mar/2019:00:04:02 -0500] "GET /galeria/nivo-slider/demo/images/Banner%20Politica%20Publica%20CONPES%20(1).ai HTTP/1.1" 206 1
201.245.192.253 - - [03/Mar/2019:00:04:02 -0500] "GET /galeria/nivo-slider/demo/images/Banner%20Politica%20Publica%20CONPES%20(1).ai HTTP/1.1" 206 1711412
66.249.66.84 - - [03/Mar/2019:00:04:02 -0500] "GET /BLA/resoluciones/index.php?dir=RESOLUCIONES+2006%2FRES+2006+551-600%2F HTTP/1.1" 200 12250
66.249.66.83 - - [03/Mar/2019:00:04:03 -0500] "GET /BLA/resoluciones/index.php?dir=RESOLUCIONES+2005%2FRES+2005+851-900%2F HTTP/1.1" 200 12242
66.249.66.81 - - [03/Mar/2019:00:04:03 -0500] "GET /BLA/resoluciones/index.php?dir=RESOLUCIONES+2005%2FRES+2005+2151-2200%2F HTTP/1.1" 200 12146
192.168.175.104 - - [03/Mar/2019:00:04:04 -0500] "GET / HTTP/1.1" 200 9990
66.249.66.85 - - [03/Mar/2019:00:04:04 -0500] "GET /BLA/resoluciones/index.php?dir=RESOLUCIONES+2005%2FRES+2005+501-550%2F HTTP/1.1" 200 12244
66.249.66.85 - - [03/Mar/2019:00:04:05 -0500] "GET /BLA/resoluciones/index.php?dir=RESOLUCIONES+2005%2FRES+2005+151-200%2F HTTP/1.1" 200 12230
66.249.66.83 - - [03/Mar/2019:00:04:06 -0500] "GET /BLA/resoluciones/index.php?dir=RESOLUCIONES+2006%2FRES+2006+2651-2700%2F HTTP/1.1" 200 12365
66.249.66.81 - - [03/Mar/2019:00:04:07 -0500] "GET /BLA/resoluciones/index.php?dir=RESOLUCIONES+2006%2FRES+2006+1001-1050%2F HTTP/1.1" 200 12341
66.249.66.83 - - [03/Mar/2019:00:04:07 -0500] "GET /BLA/resoluciones/index.php?dir=RESOLUCIONES+2005%2FRES+2005+651-700%2F HTTP/1.1" 200 12232
66.249.66.83 - - [03/Mar/2019:00:04:08 -0500] "GET /BLA/resoluciones/AUTOS%202015/5548.pdf HTTP/1.1" 200 653185
66.249.66.83 - - [03/Mar/2019:00:04:09 -0500] "GET /BLA/resoluciones/index.php?dir=RESOLUCIONES+2005%2FRES+2005+451-500%2F HTTP/1.1" 200 12244
66.249.66.83 - - [03/Mar/2019:00:04:10 -0500] "GET /BLA/resoluciones/index.php?dir=RESOLUCIONES+2005%2FRES+2005+951-1000%2F HTTP/1.1" 200 12304
66.249.66.84 - - [03/Mar/2019:00:04:11 -0500] "GET /BLA/resoluciones/index.php?dir=RESOLUCIONES+2006%2FRES+2006+1701-1751%2F HTTP/1.1" 200 12369
66.249.66.83 - - [03/Mar/2019:00:04:11 -0500] "GET /BLA/resoluciones/index.php?dir=RESOLUCIONES+2006%2FRES+2006+1551-1600%2F HTTP/1.1" 200 12369
201.245.192.253 - - [03/Mar/2019:00:04:12 -0500] "GET /galeria/nivo-slider/demo/images/Banner%20Politica%20Publica%20CONPES%20(1).ai HTTP/1.1" 206 1
201.245.192.253 - - [03/Mar/2019:00:04:12 -0500] "GET /galeria/nivo-slider/demo/images/Banner%20Politica%20Publica%20CONPES%20(1).ai HTTP/1.1" 206 1711412
66.249.66.85 - - [03/Mar/2019:00:04:12 -0500] "GET /BLA/resoluciones/index.php?dir=RESOLUCIONES+2005%2FRES+2005+1001-1050%2F HTTP/1.1" 200 12364
66.249.66.84 - - [03/Mar/2019:00:04:13 -0500] "GET /BLA/resoluciones/index.php?dir=RESOLUCIONES+2005%2FRES+2005+3051-3100%2F HTTP/1.1" 200 12360
66.249.66.86 - - [03/Mar/2019:00:04:14 -0500] "GET /BLA/resoluciones/index.php?dir=RESOLUCIONES+2006%2FRES+2006+1751-1800%2F HTTP/1.1" 200 12368
66.249.66.83 - - [03/Mar/2019:00:04:15 -0500] "GET /BLA/resoluciones/index.php?dir=RESOLUCIONES+2006%2FRES+2006+1101-1150%2F HTTP/1.1" 200 12368
66.249.66.83 - - [03/Mar/2019:00:04:15 -0500] "GET /BLA/resoluciones/index.php?dir=RESOLUCIONES+2005%2FRES+2005+2301-2350%2F HTTP/1.1" 200 12369
190.156.39.159 - - [03/Mar/2019:00:04:15 -0500] "GET /galeria/galeria/jquery.fancybox.css?v=2.1.5 HTTP/1.1" 200 4895
190.156.39.159 - - [03/Mar/2019:00:04:16 -0500] "GET /BLA/boletinlegal/js/jquery.scrollShow.js HTTP/1.1" 200 4586
66.249.66.84 - - [03/Mar/2019:00:04:16 -0500] "GET /BLA/resoluciones/Notificaciones/AUTOS%202013/3409.doc HTTP/1.1" 200 227840
190.156.39.159 - - [03/Mar/2019:00:04:16 -0500] "GET /galeria/galeria/jquery.fancybox.js?v=2.1.5 HTTP/1.1" 200 48706
66.249.66.82 - - [03/Mar/2019:00:04:17 -0500] "GET /BLA/resoluciones/index.php?dir=RESOLUCIONES+2006%2FRES+2006+2701-2750%2F HTTP/1.1" 200 12367
66.249.66.85 - - [03/Mar/2019:00:04:17 -0500] "GET /BLA/resoluciones/Notificaciones/AUTOS%202017/1707.doc HTTP/1.1" 200 359257
66.249.66.85 - - [03/Mar/2019:00:04:18 -0500] "GET /BLA/resoluciones/index.php?dir=RESOLUCIONES+2006%2FRES+2006+2601-2650%2F HTTP/1.1" 200 11939
66.249.66.83 - - [03/Mar/2019:00:04:19 -0500] "GET /BLA/resoluciones/index.php?dir=RESOLUCIONES+2005%2FRES+2005+1451-1500%2F HTTP/1.1" 200 12368
66.249.66.84 - - [03/Mar/2019:00:04:20 -0500] "GET /BLA/resoluciones/index.php?dir=RESOLUCIONES+2005%2FRES+2005+1501-1550%2F HTTP/1.1" 200 12365
66.249.66.86 - - [03/Mar/2019:00:04:20 -0500] "GET /BLA/resoluciones/index.php?dir=RESOLUCIONES+2006%2FRES+2006+2001-2050%2F HTTP/1.1" 200 12363
66.249.66.81 - - [03/Mar/2019:00:04:21 -0500] "GET /BLA/resoluciones/index.php?dir=RESOLUCIONES+2005%2FRES+2005+1201-1250%2F HTTP/1.1" 200 12369
66.249.66.82 - - [03/Mar/2019:00:04:22 -0500] "GET /BLA/resoluciones/index.php?dir=RESOLUCIONES+2006%2FRES+2006+1601-1650%2F HTTP/1.1" 200 12366
66.249.66.82 - - [03/Mar/2019:00:04:22 -0500] "GET /BLA/resoluciones/index.php?dir=RESOLUCIONES+2005%2FRES+2005+2651-2700%2F HTTP/1.1" 200 12369
66.249.66.81 - - [03/Mar/2019:00:04:23 -0500] "GET /BLA/resoluciones/index.php?dir=RESOLUCIONES+2005%2FRES+2005+1951-2000%2F HTTP/1.1" 200 12359
66.249.66.82 - - [03/Mar/2019:00:04:24 -0500] "GET /BLA/resoluciones/index.php?dir=RESOLUCIONES+2006%2FRES+2006++2951-3000%2F HTTP/1.1" 200 12390
66.249.66.81 - - [03/Mar/2019:00:04:25 -0500] "GET /BLA/resoluciones/index.php?dir=RESOLUCIONES+2006%2FRES+2006++3001-3054%2F HTTP/1.1" 200 13210
201.245.192.253 - - [03/Mar/2019:00:04:27 -0500] "GET /galeria/nivo-slider/demo/images/Banner%20Politica%20Publica%20CONPES%20(1).ai HTTP/1.1" 206 1
201.245.192.253 - - [03/Mar/2019:00:04:27 -0500] "GET /galeria/nivo-slider/demo/images/Banner%20Politica%20Publica%20CONPES%20(1).ai HTTP/1.1" 206 1711412
179.33.246.55 - - [03/Mar/2019:00:04:29 -0500] "GET /BLA/resoluciones/AUTOS%202017/0762.pdf HTTP/1.1" 200 622000
66.249.66.84 - - [03/Mar/2019:00:04:30 -0500] "GET /BLA/resoluciones/index.php?dir=RESOLUCIONES+2005%2FRES+2005+1351-1400%2F HTTP/1.1" 200 12356
66.249.66.83 - - [03/Mar/2019:00:04:30 -0500] "GET /BLA/resoluciones/AUTOS%202015/6440.pdf HTTP/1.1" 200 301252
66.249.66.82 - - [03/Mar/2019:00:04:31 -0500] "GET /BLA/resoluciones/AUTOS%202015/0644.pdf HTTP/1.1" 200 298321
179.33.246.55 - - [03/Mar/2019:00:04:31 -0500] "GET /favicon.ico HTTP/1.1" 200 7782
66.249.66.84 - - [03/Mar/2019:00:04:32 -0500] "GET /BLA/resoluciones/index.php?dir=RESOLUCIONES+2005%2FANEXO+RES+2643-2005%2F HTTP/1.1" 200 2446
66.249.66.82 - - [03/Mar/2019:00:04:33 -0500] "GET /BLA/resoluciones/index.php?dir=RESOLUCIONES+2005%2FRES+2005+1151-1200%2F HTTP/1.1" 200 12362
66.249.66.83 - - [03/Mar/2019:00:04:33 -0500] "GET /BLA/resoluciones/AUTOS%202015/4569.pdf HTTP/1.1" 200 569641
66.249.66.83 - - [03/Mar/2019:00:04:34 -0500] "GET /BLA/resoluciones/index.php?dir=RESOLUCIONES%202003/RES%202003%20051-100/&sort=size&order=asc HTTP/1.1" 200 11998
66.249.66.82 - - [03/Mar/2019:00:04:34 -0500] "GET /BLA/resoluciones/AUTOS%202015/7264.pdf HTTP/1.1" 200 1289970
192.168.175.104 - - [03/Mar/2019:00:04:36 -0500] "GET / HTTP/1.0" 200 9990
66.249.66.83 - - [03/Mar/2019:00:04:36 -0500] "GET /BLA/resoluciones/index.php?dir=RESOLUCIONES%202003/RES%202003%20701-750/&sort=size&order=asc HTTP/1.1" 200 11298
201.245.192.253 - - [03/Mar/2019:00:04:37 -0500] "GET /galeria/nivo-slider/demo/images/Banner%20Politica%20Publica%20CONPES%20(1).ai HTTP/1.1" 206 1
201.245.192.253 - - [03/Mar/2019:00:04:37 -0500] "GET /galeria/nivo-slider/demo/images/Banner%20Politica%20Publica%20CONPES%20(1).ai HTTP/1.1" 206 1711412
66.249.66.81 - - [03/Mar/2019:00:04:37 -0500] "GET /BLA/resoluciones/index.php?dir=RESOLUCIONES+2006%2FRES+2006+2201-2250%2F HTTP/1.1" 200 12366
66.249.66.83 - - [03/Mar/2019:00:04:37 -0500] "GET /BLA/resoluciones/index.php?dir=RESOLUCIONES+2006%2FRES+2006+2051-2100%2F HTTP/1.1" 200 12363
66.249.66.82 - - [03/Mar/2019:00:04:38 -0500] "GET /BLA/resoluciones/index.php?dir=RESOLUCIONES%202003/RES%202003%202151-2189/&sort=name&order=desc HTTP/1.1" 200 9914
69.162.124.233 - - [03/Mar/2019:00:04:42 -0500] "HEAD / HTTP/1.1" 200 -
54.36.148.192 - - [03/Mar/2019:00:04:50 -0500] "GET /BLA/resoluciones/RESOLUCIONES%202005/RES%202005%20%201651-1700/00001693.tif HTTP/1.1" 200 187686
201.221.176.223 - - [03/Mar/2019:00:04:51 -0500] "GET /galeria/nivo-slider/demo/images/Banner%20Politica%20Publica%20CONPES%20(1).ai HTTP/1.1" 206 1773069
201.245.192.253 - - [03/Mar/2019:00:04:52 -0500] "GET /galeria/nivo-slider/demo/images/Banner%20Politica%20Publica%20CONPES%20(1).ai HTTP/1.1" 206 1
201.245.192.253 - - [03/Mar/2019:00:04:52 -0500] "GET /galeria/nivo-slider/demo/images/Banner%20Politica%20Publica%20CONPES%20(1).ai HTTP/1.1" 206 1711412
66.249.66.82 - - [03/Mar/2019:00:04:39 -0500] "GET /IsolucionSDA/BancoConocimiento/R/Resolucion4287Diciembre29de2007/Resolucion4287Diciembre29de2007.asp HTTP/1.1" 503 1020
66.249.66.83 - - [03/Mar/2019:00:05:00 -0500] "GET /BLA/resoluciones/index.php?dir=RESOLUCIONES+2005%2FRES+2005+2551-2600%2F HTTP/1.1" 200 12367
201.221.176.223 - - [03/Mar/2019:00:05:01 -0500] "GET /galeria/nivo-slider/demo/images/Banner%20Politica%20Publica%20CONPES%20(1).ai HTTP/1.1" 206 1771946
201.245.192.253 - - [03/Mar/2019:00:05:02 -0500] "GET /galeria/nivo-slider/demo/images/Banner%20Politica%20Publica%20CONPES%20(1).ai HTTP/1.1" 206 1
201.245.192.253 - - [03/Mar/2019:00:05:02 -0500] "GET /galeria/nivo-slider/demo/images/Banner%20Politica%20Publica%20CONPES%20(1).ai HTTP/1.1" 206 1711412
66.249.66.83 - - [03/Mar/2019:00:05:03 -0500] "GET /BLA/resoluciones/index.php?dir=RESOLUCIONES%202003/RES%202003%201701-1750/&sort=size&order=asc HTTP/1.1" 200 12147
66.249.66.83 - - [03/Mar/2019:00:05:06 -0500] "GET /BLA/resoluciones/index.php?dir=RESOLUCIONES+2006%2FRES+2006+2401-2450%2F HTTP/1.1" 200 12370
186.84.44.215 - - [03/Mar/2019:00:05:07 -0500] "GET /galeria/nivo-slider/demo/images/Banner%20Politica%20Publica%20CONPES%20(1).ai HTTP/1.1" 206 1
186.84.44.215 - - [03/Mar/2019:00:05:07 -0500] "GET /galeria/nivo-slider/demo/images/Banner%20Politica%20Publica%20CONPES%20(1).ai HTTP/1.1" 206 1771272
66.249.66.81 - - [03/Mar/2019:00:05:09 -0500] "GET /BLA/resoluciones/index.php?dir=RESOLUCIONES%202003/RES%202003%201801-1850/&sort=date&order=asc HTTP/1.1" 200 12154
181.61.94.104 - - [03/Mar/2019:00:05:10 -0500] "GET /galeria/galeria/jquery.fancybox.css?v=2.1.5 HTTP/1.1" 200 4895
66.249.66.82 - - [03/Mar/2019:00:05:11 -0500] "GET /BLA/resoluciones/index.php?dir=RESOLUCIONES+2005%2FRES+2005+1101-1150%2F HTTP/1.1" 200 12363
181.61.94.104 - - [03/Mar/2019:00:05:13 -0500] "GET /galeria/galeria/jquery.fancybox.js?v=2.1.5 HTTP/1.1" 200 48706
66.249.66.82 - - [03/Mar/2019:00:05:13 -0500] "GET /BLA/resoluciones/index.php?dir=RESOLUCIONES+2006%2FRES+2006+1401-1450%2F HTTP/1.1" 200 12367
66.249.66.82 - - [03/Mar/2019:00:05:15 -0500] "GET /BLA/resoluciones/index.php?dir=RESOLUCIONES+2005%2FRES+2005+2601-2650%2F HTTP/1.1" 200 12161
66.249.66.81 - - [03/Mar/2019:00:05:16 -0500] "GET /BLA/resoluciones/RESOLUCIONES%202005/RES%202005%20701-750/INDEX.DAT HTTP/1.1" 200 2000
186.84.44.215 - - [03/Mar/2019:00:05:17 -0500] "GET /galeria/nivo-slider/demo/images/Banner%20Politica%20Publica%20CONPES%20(1).ai HTTP/1.1" 206 1
186.84.44.215 - - [03/Mar/2019:00:05:17 -0500] "GET /galeria/nivo-slider/demo/images/Banner%20Politica%20Publica%20CONPES%20(1).ai HTTP/1.1" 206 1771272
66.249.66.82 - - [03/Mar/2019:00:05:18 -0500] "GET /BLA/resoluciones/RESOLUCIONES%202005/RES%202005%20801-850/INDEX.DAT HTTP/1.1" 200 2000
186.154.51.103 - - [03/Mar/2019:00:05:18 -0500] "GET /galeria/galeria/jquery.fancybox.css?v=2.1.5 HTTP/1.1" 200 4895
186.154.51.103 - - [03/Mar/2019:00:05:18 -0500] "GET /galeria/carrusel/Carrusel/jquery.thumbnailScroller.css HTTP/1.1" 200 2066
186.154.51.103 - - [03/Mar/2019:00:05:18 -0500] "GET /BLA/boletinlegal/js/jquery.scrollShow.js HTTP/1.1" 200 4586
186.154.51.103 - - [03/Mar/2019:00:05:18 -0500] "GET /galeria/galeria/jquery.fancybox.js?v=2.1.5 HTTP/1.1" 200 48706
186.154.51.103 - - [03/Mar/2019:00:05:18 -0500] "GET /galeria/carrusel/Carrusel/jquery-ui-1.8.13.custom.min.js HTTP/1.1" 200 10800
186.154.51.103 - - [03/Mar/2019:00:05:18 -0500] "GET /galeria/carrusel/Carrusel/jquery.thumbnailScroller.js HTTP/1.1" 200 8157
66.249.66.81 - - [03/Mar/2019:00:05:19 -0500] "GET /BLA/resoluciones/RESOLUCIONES%202006/RES%202006%20251-300/INDEX.DAT HTTP/1.1" 200 2000
186.154.51.103 - - [03/Mar/2019:00:05:19 -0500] "GET /galeria/nivo-slider/demo/demo.html HTTP/1.1" 200 22851
186.154.51.103 - - [03/Mar/2019:00:05:20 -0500] "GET /galeria/nivo-slider/themes/default/default.css HTTP/1.1" 200 1569
186.154.51.103 - - [03/Mar/2019:00:05:20 -0500] "GET /galeria/nivo-slider/themes/pascal/pascal.css HTTP/1.1" 200 2258
186.154.51.103 - - [03/Mar/2019:00:05:20 -0500] "GET /galeria/nivo-slider/themes/orman/orman.css HTTP/1.1" 200 2152
186.154.51.103 - - [03/Mar/2019:00:05:20 -0500] "GET /galeria/nivo-slider/nivo-slider.css HTTP/1.1" 200 1507
186.154.51.103 - - [03/Mar/2019:00:05:20 -0500] "GET /galeria/nivo-slider/demo/style.css HTTP/1.1" 200 2222
186.154.51.103 - - [03/Mar/2019:00:05:20 -0500] "GET /galeria/nivo-slider/demo/images/Trafico%20de%20fauna.jpg HTTP/1.1" 200 198327
66.249.66.81 - - [03/Mar/2019:00:05:20 -0500] "GET /BLA/resoluciones/RESOLUCIONES%202005/RES%202005%20851-900/INDEX.DAT HTTP/1.1" 200 2000
181.61.94.104 - - [03/Mar/2019:00:05:20 -0500] "GET /galeria/galeria/fotos/Humedal-Vaca3P.jpg HTTP/1.1" 200 38460
186.154.51.103 - - [03/Mar/2019:00:05:20 -0500] "GET /galeria/nivo-slider/demo/scripts/jquery-1.7.1.min.js HTTP/1.1" 200 93868
186.154.51.103 - - [03/Mar/2019:00:05:20 -0500] "GET /galeria/nivo-slider/demo/images/Banner_micrositio.png HTTP/1.1" 200 146950
186.154.51.103 - - [03/Mar/2019:00:05:20 -0500] "GET /galeria/nivo-slider/demo/images/incendios-forestales.png HTTP/1.1" 200 61469
186.154.51.103 - - [03/Mar/2019:00:05:20 -0500] "GET /galeria/nivo-slider/demo/images/web%20ingreso%20humedales.png HTTP/1.1" 200 641193
186.154.51.103 - - [03/Mar/2019:00:05:20 -0500] "GET /galeria/nivo-slider/demo/images/Banner%20Politica%20Publica%20CONPES%20(1).ai HTTP/1.1" 200 1775371
186.154.51.103 - - [03/Mar/2019:00:05:20 -0500] "GET /galeria/nivo-slider/demo/images/bannerlumina2017web.jpg HTTP/1.1" 200 198918
186.154.51.103 - - [03/Mar/2019:00:05:21 -0500] "GET /galeria/nivo-slider/demo/images/banner%20aceite%20vegetal%20usado.jpg HTTP/1.1" 200 169350
186.154.51.103 - - [03/Mar/2019:00:05:21 -0500] "GET /galeria/nivo-slider/demo/images/gobierno%20digital-01.jpg HTTP/1.1" 200 116163
66.249.66.82 - - [03/Mar/2019:00:05:21 -0500] "GET /BLA/resoluciones/index.php?dir=RESOLUCIONES+2006%2FRES+2006+1951-2000%2F HTTP/1.1" 200 12349
186.154.51.103 - - [03/Mar/2019:00:05:21 -0500] "GET /galeria/nivo-slider/demo/images/Banner%20Conpes.jpg HTTP/1.1" 200 55220
186.154.51.103 - - [03/Mar/2019:00:05:21 -0500] "GET /galeria/nivo-slider/demo/images/Banner%20POT.png HTTP/1.1" 200 418238
186.154.51.103 - - [03/Mar/2019:00:05:21 -0500] "GET /galeria/nivo-slider/demo/images/avances-sentencias-rio-bogota-2.jpg HTTP/1.1" 200 304916
186.154.51.103 - - [03/Mar/2019:00:05:21 -0500] "GET /galeria/nivo-slider/demo/images/banner-bolsas-plasticas.jpg HTTP/1.1" 200 317939
66.249.66.82 - - [03/Mar/2019:00:05:22 -0500] "GET /BLA/resoluciones/RESOLUCIONES%202006/RES%202006%20801-850/INDEX.DAT HTTP/1.1" 200 2000
186.154.51.103 - - [03/Mar/2019:00:05:22 -0500] "GET /galeria/nivo-slider/demo/images/banner-humedales-de-bogota.jpg HTTP/1.1" 200 292611
186.154.51.103 - - [03/Mar/2019:00:05:22 -0500] "GET /galeria/nivo-slider/demo/images/Pot_banner.jpg HTTP/1.1" 200 204736
66.249.66.82 - - [03/Mar/2019:00:05:22 -0500] "GET /BLA/resoluciones/RESOLUCIONES%202005/RES%202005%20601-650/INDEX.DAT HTTP/1.1" 200 2000
66.249.66.81 - - [03/Mar/2019:00:05:23 -0500] "GET /BLA/resoluciones/RESOLUCIONES%202005/RES%202005%20351-400/INDEX.DAT HTTP/1.1" 200 2000
186.154.51.103 - - [03/Mar/2019:00:05:23 -0500] "GET /galeria/nivo-slider/demo/images/BANNER%20VAN%20DER%20HAMMEN.jpg HTTP/1.1" 200 64172
181.61.94.104 - - [03/Mar/2019:00:05:23 -0500] "GET /galeria/galeria/fotos/Humedal-Vaca2P.jpg HTTP/1.1" 200 26921
186.154.51.103 - - [03/Mar/2019:00:05:24 -0500] "GET /galeria/nivo-slider/demo/images/BANNER%20punto.jpg HTTP/1.1" 200 75932
186.154.51.103 - - [03/Mar/2019:00:05:24 -0500] "GET /galeria/nivo-slider/demo/images/Caminatas%20marzo.png HTTP/1.1" 200 661357
186.154.51.103 - - [03/Mar/2019:00:05:24 -0500] "GET /galeria/nivo-slider/demo/images/Otorgamiento-excelencia-ambiental-Jos%C3%A9-Celestino-Mutis-2.jpg HTTP/1.1" 200 276467
186.154.51.103 - - [03/Mar/2019:00:05:24 -0500] "GET /galeria/nivo-slider/demo/images/Banneranonimos.png HTTP/1.1" 200 109388
66.249.66.82 - - [03/Mar/2019:00:05:24 -0500] "GET /BLA/resoluciones/index.php?dir=RESOLUCIONES+2005%2FRES+2005+1551-1600%2F HTTP/1.1" 200 12364
186.154.51.103 - - [03/Mar/2019:00:05:24 -0500] "GET /galeria/nivo-slider/demo/images/Banner%20-%20Pread.jpg HTTP/1.1" 200 190212
186.154.51.103 - - [03/Mar/2019:00:05:24 -0500] "GET /galeria/nivo-slider/demo/images/Banner%20idypiba%20adopcion.png HTTP/1.1" 200 172631
186.154.51.103 - - [03/Mar/2019:00:05:24 -0500] "GET /galeria/nivo-slider/demo/images/Banner%20practicas%20sostenibles.jpg HTTP/1.1" 200 142958
186.154.51.103 - - [03/Mar/2019:00:05:25 -0500] "GET /galeria/nivo-slider/demo/images/Bannerweb_Tinguas.jpg HTTP/1.1" 200 258471
186.154.51.103 - - [03/Mar/2019:00:05:25 -0500] "GET /galeria/nivo-slider/demo/images/maximavelocidad.png HTTP/1.1" 200 880272
66.249.66.82 - - [03/Mar/2019:00:05:25 -0500] "GET /BLA/resoluciones/RESOLUCIONES%202006/RES%202006%20551-600/INDEX.DAT HTTP/1.1" 200 2000
186.154.51.103 - - [03/Mar/2019:00:05:25 -0500] "GET /galeria/nivo-slider/demo/images/Banner%20PGAE.jpg HTTP/1.1" 200 258166
186.154.51.103 - - [03/Mar/2019:00:05:25 -0500] "GET /galeria/nivo-slider/themes/default/loading.gif HTTP/1.1" 200 1737
186.154.51.103 - - [03/Mar/2019:00:05:25 -0500] "GET /galeria/nivo-slider/demo/images/4Simple_Slider.png HTTP/1.1" 200 11722
186.154.51.103 - - [03/Mar/2019:00:05:26 -0500] "GET /galeria/nivo-slider/jquery.nivo.slider.pack.js HTTP/1.1" 200 11561
66.249.66.81 - - [03/Mar/2019:00:05:26 -0500] "GET /BLA/resoluciones/index.php?dir=RESOLUCIONES+2005%2FRES+2005+1301-1350%2F HTTP/1.1" 200 12344
66.249.66.81 - - [03/Mar/2019:00:05:26 -0500] "GET /BLA/resoluciones/RESOLUCIONES%202009/1716.pdf HTTP/1.1" 200 367003
186.154.51.103 - - [03/Mar/2019:00:05:27 -0500] "GET /galeria/nivo-slider/themes/default/arrows.png HTTP/1.1" 200 824
186.154.51.103 - - [03/Mar/2019:00:05:27 -0500] "GET /galeria/nivo-slider/themes/default/bullets.png HTTP/1.1" 200 1281
66.249.66.81 - - [03/Mar/2019:00:05:28 -0500] "GET /BLA/resoluciones/index.php?dir=RESOLUCIONES+2005%2FRES+2005+2051-2100%2F HTTP/1.1" 200 12352
66.249.66.81 - - [03/Mar/2019:00:05:28 -0500] "GET /BLA/resoluciones/index.php?dir=RESOLUCIONES+2006%2FRES+2006++2851-2900%2F HTTP/1.1" 200 12177
66.249.66.81 - - [03/Mar/2019:00:05:29 -0500] "GET /BLA/resoluciones/index.php?dir=RESOLUCIONES+2005%2FRES+2005++1701-1750%2F HTTP/1.1" 200 12210
66.249.66.81 - - [03/Mar/2019:00:05:30 -0500] "GET /BLA/resoluciones/index.php?dir=RESOLUCIONES+2006%2FRES+2006++2901-2950%2F HTTP/1.1" 200 12406
66.249.66.81 - - [03/Mar/2019:00:05:31 -0500] "GET /BLA/resoluciones/index.php?dir=RESOLUCIONES+2006%2FRES+2006++2801-2850%2F HTTP/1.1" 200 12415
66.249.66.81 - - [03/Mar/2019:00:05:32 -0500] "GET /BLA/resoluciones/index.php?dir=RESOLUCIONES+2005%2FRES+2005++1651-1700%2F HTTP/1.1" 200 12423
66.249.66.81 - - [03/Mar/2019:00:05:33 -0500] "GET /BLA/resoluciones/index.php?dir=RESOLUCIONES+2005%2FRES+2005+2701+-2750%2F HTTP/1.1" 200 12404
66.249.66.81 - - [03/Mar/2019:00:05:34 -0500] "GET /Autoliquidacion/index.php?dir=TR%C1MITES+VERTIMIENTOS%2F HTTP/1.1" 200 1989
66.249.66.81 - - [03/Mar/2019:00:05:35 -0500] "GET /Autoliquidacion/index.php HTTP/1.1" 200 6377
66.249.66.81 - - [03/Mar/2019:00:05:35 -0500] "GET /BLA/resoluciones/AUTOS%202015/3404.pdf HTTP/1.1" 200 854502
66.249.66.81 - - [03/Mar/2019:00:05:36 -0500] "GET /Autoliquidacion/index.php?dir=TR%C1MITES+VERTIMIENTOS%2FPERMISOS+DE+VERTIMIENTOS%2F HTTP/1.1" 200 3692
66.249.66.81 - - [03/Mar/2019:00:05:37 -0500] "GET /StormSDA/user.jnlp HTTP/1.1" 200 1420
66.249.66.81 - - [03/Mar/2019:00:05:38 -0500] "GET /Autoliquidacion/TR%C3%81MITES%20VERTIMIENTOS/PERMISOS%20DE%20VERTIMIENTOS/Aplicativo.html HTTP/1.1" 200 359
66.249.66.81 - - [03/Mar/2019:00:05:39 -0500] "GET /Autoliquidacion/TR%C3%81MITES%20VERTIMIENTOS/PERMISOS%20DE%20VERTIMIENTOS/ANEXO%20%205.%20%20MATRIZ%20PAR%C3%81METROS%20ACTIVIDADES%20PRODUCTIVAS.xls HTTP/1.1" 200 77824
66.249.66.81 - - [03/Mar/2019:00:05:39 -0500] "GET /Autoliquidacion/TR%C3%81MITES%20VERTIMIENTOS/PERMISOS%20DE%20VERTIMIENTOS/ANEXO%203.%20LISTA%20DE%20CHEQUEO%20PERMISO%20VERT.%20ALCANTARILLADO.pdf HTTP/1.1" 200 39957
66.249.66.81 - - [03/Mar/2019:00:05:40 -0500] "GET /Autoliquidacion/TR%C3%81MITES%20VERTIMIENTOS/PERMISOS%20DE%20VERTIMIENTOS/ANEXO%204.%20formulario%20Unico%20nacional%20de%20solicitud%20de%20permiso%20de%20vertimientos.doc HTTP/1.1" 200 75777
66.249.66.81 - - [03/Mar/2019:00:05:41 -0500] "GET /BLA/resoluciones/AUTOS%202015/5550.pdf HTTP/1.1" 200 639554
66.249.66.81 - - [03/Mar/2019:00:05:42 -0500] "GET /BLA/resoluciones/AUTOS%202015/0898.pdf HTTP/1.1" 200 506209
181.61.94.104 - - [03/Mar/2019:00:05:42 -0500] "GET /galeria/galeria/fotos/Humedal-vaca6P.jpg HTTP/1.1" 200 11678
66.249.66.81 - - [03/Mar/2019:00:05:42 -0500] "GET /Autoliquidacion/index.php?dir=TR%C1MITES%20VERTIMIENTOS/PERMISOS%20DE%20VERTIMIENTOS/&sort=name&order=desc HTTP/1.1" 200 3691
66.249.66.81 - - [03/Mar/2019:00:05:43 -0500] "GET /BLA/resoluciones/AUTOS%202015/5345.pdf HTTP/1.1" 200 653665
66.249.66.81 - - [03/Mar/2019:00:05:44 -0500] "GET /Autoliquidacion/index.php?dir=TR%C1MITES%20VERTIMIENTOS/PERMISOS%20DE%20VERTIMIENTOS/&sort=date&order=asc HTTP/1.1" 200 3692
66.249.66.83 - - [03/Mar/2019:00:05:45 -0500] "GET /BLA/resoluciones/index.php?dir=RESOLUCIONES+2005%2FRES+2005++1601-1650%2F HTTP/1.1" 200 12426
66.249.66.83 - - [03/Mar/2019:00:05:45 -0500] "GET /BLA/resoluciones/index.php?dir=RESOLUCIONES%202003/RES%202003%201551-1601/&sort=name&order=desc HTTP/1.1" 200 12155
66.249.66.82 - - [03/Mar/2019:00:05:46 -0500] "GET /BLA/resoluciones/index.php?dir=RESOLUCIONES%202003/RES%202003%202101-2150/&sort=name&order=desc HTTP/1.1" 200 12159
66.249.66.83 - - [03/Mar/2019:00:05:47 -0500] "GET /BLA/resoluciones/index.php?dir=RESOLUCIONES%202005/&sort=name&order=desc HTTP/1.1" 200 24430
66.249.66.82 - - [03/Mar/2019:00:05:48 -0500] "GET /BLA/resoluciones/index.php?dir=RESOLUCIONES%202003/ANEXOS%20RES%202048/&sort=size&order=asc HTTP/1.1" 200 7160
66.249.66.82 - - [03/Mar/2019:00:05:49 -0500] "GET /Autoliquidacion/index.php?dir=TR%C1MITES%20VERTIMIENTOS/PERMISOS%20DE%20VERTIMIENTOS/&sort=size&order=asc HTTP/1.1" 200 3692
66.249.66.82 - - [03/Mar/2019:00:05:49 -0500] "GET /BLA/resoluciones/index.php?dir=Notificaciones/AUTOS%201985/&sort=date&order=asc HTTP/1.1" 200 2733
66.249.66.81 - - [03/Mar/2019:00:05:50 -0500] "GET /BLA/resoluciones/index.php?dir=RESOLUCIONES%202003/RES%202003%20151-200/&sort=date&order=asc HTTP/1.1" 200 12346
66.249.66.82 - - [03/Mar/2019:00:05:51 -0500] "GET /BLA/resoluciones/index.php?dir=RESOLUCIONES%202002/ANEXOS/&sort=name&order=desc HTTP/1.1" 200 2239
66.249.66.83 - - [03/Mar/2019:00:05:52 -0500] "GET /BLA/resoluciones/index.php?dir=RESOLUCIONES%202003/RES%202003%201851--1900/&sort=size&order=asc HTTP/1.1" 200 12206
66.249.66.83 - - [03/Mar/2019:00:05:52 -0500] "GET /BLA/resoluciones/RESOLUCIONES%202005/RES%202005%20301-351/INDEX.DAT HTTP/1.1" 200 2000
66.249.66.82 - - [03/Mar/2019:00:05:53 -0500] "GET /BLA/resoluciones/index.php?dir=RESOLUCIONES%202005/RES%202005%202101-2150/&sort=size&order=asc HTTP/1.1" 200 12346
66.249.66.83 - - [03/Mar/2019:00:05:54 -0500] "GET /BLA/resoluciones/AUTOS%202015/0454.pdf HTTP/1.1" 200 481721
66.249.66.82 - - [03/Mar/2019:00:05:55 -0500] "GET /BLA/resoluciones/RESOLUCIONES%202006/RES%202006%20501-550/INDEX.DAT HTTP/1.1" 200 2000
181.61.94.104 - - [03/Mar/2019:00:05:55 -0500] "GET /galeria/galeria/fotos/Humedal-vaca7P.jpg HTTP/1.1" 200 11116
66.249.66.83 - - [03/Mar/2019:00:05:56 -0500] "GET /BLA/resoluciones/RESOLUCIONES%202005/RES%202005%20751-800/INDEX.DAT HTTP/1.1" 200 2000
66.249.66.81 - - [03/Mar/2019:00:05:56 -0500] "GET /BLA/resoluciones/index.php?dir=RESOLUCIONES%202003/RES%202003%20201-250/&sort=size&order=asc HTTP/1.1" 200 12348
66.249.66.83 - - [03/Mar/2019:00:05:57 -0500] "GET /BLA/resoluciones/index.php?dir=RESOLUCIONES%202003/RES%202003%202051-2100/&sort=size&order=asc HTTP/1.1" 200 12152
66.249.66.82 - - [03/Mar/2019:00:05:58 -0500] "GET /BLA/resoluciones/RESOLUCIONES%202005/RES%202005%20401-450/INDEX.DAT HTTP/1.1" 200 2000
66.249.66.82 - - [03/Mar/2019:00:05:59 -0500] "GET /BLA/resoluciones/RESOLUCIONES%202006/RES%202006%20751-800/INDEX.DAT HTTP/1.1" 200 1160
66.249.66.82 - - [03/Mar/2019:00:05:59 -0500] "GET /BLA/resoluciones/RESOLUCIONES%202006/RES%202006%20401-450/INDEX.DAT HTTP/1.1" 200 2000
66.249.66.83 - - [03/Mar/2019:00:06:00 -0500] "GET /BLA/resoluciones/RESOLUCIONES%202006/RES%202006%20301-350/INDEX.DAT HTTP/1.1" 200 2000
66.249.66.82 - - [03/Mar/2019:00:06:01 -0500] "GET /BLA/resoluciones/RESOLUCIONES%202006/RES%202006%202401-2450/INDEX.DAT HTTP/1.1" 200 2000
66.249.66.82 - - [03/Mar/2019:00:06:02 -0500] "GET /BLA/resoluciones/RESOLUCIONES%202006/RES%202006%202751-2800/INDEX.DAT HTTP/1.1" 200 2000
66.249.66.82 - - [03/Mar/2019:00:06:02 -0500] "GET /BLA/resoluciones/index.php?dir=RESOLUCIONES%202003/RES%202003%201001-1050/&sort=date&order=asc HTTP/1.1" 200 11566
66.249.66.82 - - [03/Mar/2019:00:06:03 -0500] "GET /BLA/resoluciones/RESOLUCIONES%202006/RES%202006%20651-700/INDEX.DAT HTTP/1.1" 200 2000
66.249.66.82 - - [03/Mar/2019:00:06:04 -0500] "GET /BLA/resoluciones/RESOLUCIONES%202005/RES%202005%20251-300/INDEX.DAT HTTP/1.1" 200 2000
