66.249.88.89 - - [03/Mar/2019:09:42:44 -0500] "GET /galeria/galeria/jquery.fancybox.js?v=2.1.5 HTTP/1.1" 200 48706
190.27.41.86 - - [03/Mar/2019:09:42:44 -0500] "GET /BLA/boletinlegal/js/jquery.scrollShow.js HTTP/1.1" 200 4586
190.27.41.86 - - [03/Mar/2019:09:42:44 -0500] "GET /galeria/galeria/jquery.fancybox.js?v=2.1.5 HTTP/1.1" 200 48706
186.154.104.246 - - [03/Mar/2019:09:43:08 -0500] "GET /galeria/nivo-slider/demo/images/Banner%20Politica%20Publica%20CONPES%20(1).ai HTTP/1.1" 206 1
186.154.104.246 - - [03/Mar/2019:09:43:08 -0500] "GET /galeria/nivo-slider/demo/images/Banner%20Politica%20Publica%20CONPES%20(1).ai HTTP/1.1" 206 1758012
186.154.104.246 - - [03/Mar/2019:09:43:18 -0500] "GET /galeria/nivo-slider/demo/images/Banner%20Politica%20Publica%20CONPES%20(1).ai HTTP/1.1" 206 1
186.154.104.246 - - [03/Mar/2019:09:43:18 -0500] "GET /galeria/nivo-slider/demo/images/Banner%20Politica%20Publica%20CONPES%20(1).ai HTTP/1.1" 206 1758012
66.249.66.82 - - [03/Mar/2019:09:43:19 -0500] "GET /BLA/resoluciones/RESOLUCIONES%202014/2096.pdf HTTP/1.1" 200 716221
54.36.148.132 - - [03/Mar/2019:09:43:25 -0500] "GET /BLA/resoluciones/RESOLUCIONES%202005/RES%202005%20901-950/00000932.tif HTTP/1.1" 200 123854
190.9.221.196 - - [03/Mar/2019:09:43:34 -0500] "GET /galeria/galeria/fotos/GuaymaralTorca3G.jpg HTTP/1.1" 200 330310
190.9.221.196 - - [03/Mar/2019:09:43:34 -0500] "GET /galeria/galeria/fotos/GuaymaralTorca4G.jpg HTTP/1.1" 200 373786
201.245.192.253 - - [03/Mar/2019:09:43:35 -0500] "GET /galeria/nivo-slider/demo/images/Banner%20Politica%20Publica%20CONPES%20(1).ai HTTP/1.1" 206 1
201.245.192.253 - - [03/Mar/2019:09:43:35 -0500] "GET /galeria/nivo-slider/demo/images/Banner%20Politica%20Publica%20CONPES%20(1).ai HTTP/1.1" 206 1711412
66.249.88.91 - - [03/Mar/2019:09:43:43 -0500] "GET /galeria/nivo-slider/demo/images/Banner%20Politica%20Publica%20CONPES%20(1).ai HTTP/1.1" 200 1775371
201.245.192.253 - - [03/Mar/2019:09:43:45 -0500] "GET /galeria/nivo-slider/demo/images/Banner%20Politica%20Publica%20CONPES%20(1).ai HTTP/1.1" 206 1
201.245.192.253 - - [03/Mar/2019:09:43:45 -0500] "GET /galeria/nivo-slider/demo/images/Banner%20Politica%20Publica%20CONPES%20(1).ai HTTP/1.1" 206 1711412
66.249.88.93 - - [03/Mar/2019:09:43:46 -0500] "GET /galeria/nivo-slider/demo/images/Banner%20Politica%20Publica%20CONPES%20(1).ai HTTP/1.1" 206 602257
186.144.241.13 - - [03/Mar/2019:09:43:52 -0500] "GET /galeria/galeria/jquery.fancybox.js?v=2.1.5 HTTP/1.1" 200 48706
186.144.241.13 - - [03/Mar/2019:09:43:52 -0500] "GET /galeria/galeria/jquery.fancybox.css?v=2.1.5 HTTP/1.1" 200 4895
186.144.241.13 - - [03/Mar/2019:09:43:52 -0500] "GET /BLA/boletinlegal/js/jquery.scrollShow.js HTTP/1.1" 200 4586
66.249.88.91 - - [03/Mar/2019:09:43:53 -0500] "GET /galeria/nivo-slider/demo/images/Banner%20Politica%20Publica%20CONPES%20(1).ai HTTP/1.1" 200 1775371
201.245.192.253 - - [03/Mar/2019:09:44:00 -0500] "GET /galeria/nivo-slider/demo/images/Banner%20Politica%20Publica%20CONPES%20(1).ai HTTP/1.1" 206 1
201.245.192.253 - - [03/Mar/2019:09:44:00 -0500] "GET /galeria/nivo-slider/demo/images/Banner%20Politica%20Publica%20CONPES%20(1).ai HTTP/1.1" 206 1711412
201.245.192.253 - - [03/Mar/2019:09:44:10 -0500] "GET /galeria/nivo-slider/demo/images/Banner%20Politica%20Publica%20CONPES%20(1).ai HTTP/1.1" 206 1
201.245.192.253 - - [03/Mar/2019:09:44:10 -0500] "GET /galeria/nivo-slider/demo/images/Banner%20Politica%20Publica%20CONPES%20(1).ai HTTP/1.1" 206 1711412
66.249.66.81 - - [03/Mar/2019:09:44:17 -0500] "GET /BLA/resoluciones/RESOLUCIONES%202008/2040.pdf HTTP/1.1" 200 319356
66.102.8.85 - - [03/Mar/2019:09:44:17 -0500] "GET /galeria/galeria/fotos/Humedal-Tibanica1G.jpg HTTP/1.1" 200 541579
181.61.204.153 - - [03/Mar/2019:09:44:44 -0500] "GET /galeria/nivo-slider/demo/images/Banner%20Politica%20Publica%20CONPES%20(1).ai HTTP/1.1" 206 1
181.61.204.153 - - [03/Mar/2019:09:44:44 -0500] "GET /galeria/nivo-slider/demo/images/Banner%20Politica%20Publica%20CONPES%20(1).ai HTTP/1.1" 206 1727809
201.245.192.253 - - [03/Mar/2019:09:44:50 -0500] "GET /galeria/nivo-slider/demo/images/Banner%20Politica%20Publica%20CONPES%20(1).ai HTTP/1.1" 206 1
201.245.192.253 - - [03/Mar/2019:09:44:50 -0500] "GET /galeria/nivo-slider/demo/images/Banner%20Politica%20Publica%20CONPES%20(1).ai HTTP/1.1" 206 1711412
181.61.204.153 - - [03/Mar/2019:09:44:54 -0500] "GET /galeria/nivo-slider/demo/images/Banner%20Politica%20Publica%20CONPES%20(1).ai HTTP/1.1" 206 1
181.61.204.153 - - [03/Mar/2019:09:44:54 -0500] "GET /galeria/nivo-slider/demo/images/Banner%20Politica%20Publica%20CONPES%20(1).ai HTTP/1.1" 206 1727809
178.255.215.65 - - [03/Mar/2019:09:45:00 -0500] "GET /robots.txt HTTP/1.1" 404 1019
201.245.192.253 - - [03/Mar/2019:09:45:00 -0500] "GET /galeria/nivo-slider/demo/images/Banner%20Politica%20Publica%20CONPES%20(1).ai HTTP/1.1" 206 1
201.245.192.253 - - [03/Mar/2019:09:45:00 -0500] "GET /galeria/nivo-slider/demo/images/Banner%20Politica%20Publica%20CONPES%20(1).ai HTTP/1.1" 206 1711412
178.255.215.65 - - [03/Mar/2019:09:45:00 -0500] "GET /www.ambientebogota.gov.co/web/web-ninos/inicio HTTP/1.1" 404 1019
69.162.124.233 - - [03/Mar/2019:09:45:06 -0500] "HEAD / HTTP/1.1" 200 -
190.248.232.116 - - [03/Mar/2019:09:45:13 -0500] "GET /galeria/galeria/fotos/Entrenube2G.jpg HTTP/1.1" 200 111422
66.249.66.81 - - [03/Mar/2019:09:45:14 -0500] "GET /BLA/resoluciones/RESOLUCIONES%202008/2991.pdf HTTP/1.1" 200 335277
181.56.239.143 - - [03/Mar/2019:09:45:16 -0500] "GET /galeria/nivo-slider/demo/images/Banner%20-%20Pread.jpg HTTP/1.1" 200 190212
190.248.232.116 - - [03/Mar/2019:09:45:18 -0500] "GET /galeria/galeria/fotos/Entrenube3G.jpg HTTP/1.1" 200 138221
191.95.53.180 - - [03/Mar/2019:09:45:24 -0500] "GET /BLA/resoluciones/RESOLUCIONES%202017/0361.pdf HTTP/1.1" 200 3156670
192.168.175.104 - - [03/Mar/2019:09:45:25 -0500] "GET / HTTP/1.1" 200 9990
54.36.149.55 - - [03/Mar/2019:09:45:28 -0500] "GET /BLA/resoluciones/AUTOS%202006/AUTOS%202006%203201%20-%203300/00003263.tif HTTP/1.1" 200 76462
190.248.232.116 - - [03/Mar/2019:09:45:33 -0500] "GET /galeria/galeria/fotos/Entrenube4G.jpg HTTP/1.1" 200 171047
35.241.138.178 - - [03/Mar/2019:09:45:38 -0500] "-" 408 -
190.144.166.61 - - [03/Mar/2019:09:45:42 -0500] "GET /galeria/nivo-slider/demo/images/Banner%20Politica%20Publica%20CONPES%20(1).ai HTTP/1.1" 206 1
190.144.166.61 - - [03/Mar/2019:09:45:45 -0500] "GET /galeria/nivo-slider/demo/images/Banner%20Politica%20Publica%20CONPES%20(1).ai HTTP/1.1" 206 1332074
161.10.18.188 - - [03/Mar/2019:09:45:51 -0500] "GET /BLA/resoluciones/AUTOS%202014/0544.pdf HTTP/1.1" 200 870901
190.144.166.61 - - [03/Mar/2019:09:45:52 -0500] "GET /galeria/nivo-slider/demo/images/Banner%20Politica%20Publica%20CONPES%20(1).ai HTTP/1.1" 206 1
190.144.166.61 - - [03/Mar/2019:09:45:52 -0500] "GET /galeria/nivo-slider/demo/images/Banner%20Politica%20Publica%20CONPES%20(1).ai HTTP/1.1" 206 1332074
161.10.18.188 - - [03/Mar/2019:09:45:53 -0500] "GET /favicon.ico HTTP/1.1" 200 7782
192.168.175.104 - - [03/Mar/2019:09:45:59 -0500] "GET / HTTP/1.0" 200 9990
201.245.192.253 - - [03/Mar/2019:09:46:08 -0500] "GET /galeria/nivo-slider/demo/images/Banner%20Politica%20Publica%20CONPES%20(1).ai HTTP/1.1" 206 1
190.9.221.196 - - [03/Mar/2019:09:46:08 -0500] "GET /galeria/galeria/fotos/GuaymaralTorca4G.jpg HTTP/1.1" 200 373786
66.249.66.83 - - [03/Mar/2019:09:46:11 -0500] "GET /BLA/resoluciones/AUTOS%202007/0540.pdf HTTP/1.1" 200 166019
201.245.192.253 - - [03/Mar/2019:09:46:18 -0500] "GET /galeria/nivo-slider/demo/images/Banner%20Politica%20Publica%20CONPES%20(1).ai HTTP/1.1" 206 1
191.156.68.61 - - [03/Mar/2019:09:46:25 -0500] "GET /galeria/galeria/fotos/Huemdal-el-Tunjo1G.jpg HTTP/1.1" 200 393262
66.249.66.82 - - [03/Mar/2019:09:47:08 -0500] "GET /BLA/resoluciones/AUTOS%202010/6685.pdf HTTP/1.1" 200 142779
186.145.38.177 - - [03/Mar/2019:09:47:11 -0500] "GET /galeria/nivo-slider/demo/images/Banner%20Politica%20Publica%20CONPES%20(1).ai HTTP/1.1" 200 1775371
186.28.172.251 - - [03/Mar/2019:09:47:17 -0500] "GET /galeria/galeria/fotos/Jaboque2G.jpg HTTP/1.1" 200 322400
186.154.104.246 - - [03/Mar/2019:09:47:18 -0500] "GET /galeria/nivo-slider/demo/images/Banner%20Politica%20Publica%20CONPES%20(1).ai HTTP/1.1" 206 1
186.154.104.246 - - [03/Mar/2019:09:47:18 -0500] "GET /galeria/nivo-slider/demo/images/Banner%20Politica%20Publica%20CONPES%20(1).ai HTTP/1.1" 206 1758012
186.145.38.177 - - [03/Mar/2019:09:47:21 -0500] "GET /galeria/nivo-slider/demo/images/Banner%20Politica%20Publica%20CONPES%20(1).ai HTTP/1.1" 206 1
186.145.38.177 - - [03/Mar/2019:09:47:21 -0500] "GET /galeria/nivo-slider/demo/images/Banner%20Politica%20Publica%20CONPES%20(1).ai HTTP/1.1" 206 1774192
186.28.172.251 - - [03/Mar/2019:09:47:26 -0500] "GET /galeria/galeria/fotos/Humedal-Santa-Mar%C3%ADa-del-Lago4G.jpg HTTP/1.1" 200 361652
190.156.173.87 - - [03/Mar/2019:09:47:27 -0500] "GET /galeria/galeria/jquery.fancybox.css?v=2.1.5 HTTP/1.1" 200 4895
190.156.173.87 - - [03/Mar/2019:09:47:27 -0500] "GET /BLA/boletinlegal/js/jquery.scrollShow.js HTTP/1.1" 200 4586
190.156.173.87 - - [03/Mar/2019:09:47:27 -0500] "GET /galeria/galeria/jquery.fancybox.js?v=2.1.5 HTTP/1.1" 200 48706
186.154.104.246 - - [03/Mar/2019:09:47:28 -0500] "GET /galeria/nivo-slider/demo/images/Banner%20Politica%20Publica%20CONPES%20(1).ai HTTP/1.1" 206 1
186.154.104.246 - - [03/Mar/2019:09:47:28 -0500] "GET /galeria/nivo-slider/demo/images/Banner%20Politica%20Publica%20CONPES%20(1).ai HTTP/1.1" 206 1758012
54.36.149.0 - - [03/Mar/2019:09:47:38 -0500] "GET /BLA/resoluciones/RESOLUCIONES%202006/RES%202006%201951-2000/00001967.tif HTTP/1.1" 200 277468
201.245.192.253 - - [03/Mar/2019:09:47:45 -0500] "GET /galeria/nivo-slider/demo/images/Banner%20Politica%20Publica%20CONPES%20(1).ai HTTP/1.1" 206 1
201.245.192.253 - - [03/Mar/2019:09:47:45 -0500] "GET /galeria/nivo-slider/demo/images/Banner%20Politica%20Publica%20CONPES%20(1).ai HTTP/1.1" 206 1711412
201.245.192.253 - - [03/Mar/2019:09:47:55 -0500] "GET /galeria/nivo-slider/demo/images/Banner%20Politica%20Publica%20CONPES%20(1).ai HTTP/1.1" 206 1
201.245.192.253 - - [03/Mar/2019:09:47:55 -0500] "GET /galeria/nivo-slider/demo/images/Banner%20Politica%20Publica%20CONPES%20(1).ai HTTP/1.1" 206 1711412
66.249.88.89 - - [03/Mar/2019:09:47:56 -0500] "GET /BLA/boletinlegal/js/jquery.scrollShow.js HTTP/1.1" 200 4586
66.249.88.93 - - [03/Mar/2019:09:47:56 -0500] "GET /galeria/galeria/jquery.fancybox.js?v=2.1.5 HTTP/1.1" 200 48706
66.249.88.91 - - [03/Mar/2019:09:47:56 -0500] "GET /galeria/galeria/jquery.fancybox.css?v=2.1.5 HTTP/1.1" 200 4895
181.57.244.94 - - [03/Mar/2019:09:47:57 -0500] "GET /galeria/galeria/jquery.fancybox.js?v=2.1.5 HTTP/1.1" 200 48706
181.57.244.94 - - [03/Mar/2019:09:47:57 -0500] "GET /galeria/galeria/jquery.fancybox.css?v=2.1.5 HTTP/1.1" 200 4895
181.57.244.94 - - [03/Mar/2019:09:47:57 -0500] "GET /galeria/galeria/fotos/juan-amarillo1P.jpg HTTP/1.1" 200 30845
181.57.244.94 - - [03/Mar/2019:09:47:57 -0500] "GET /galeria/galeria/fotos/juan-amarillo2P.jpg HTTP/1.1" 200 32696
181.57.244.94 - - [03/Mar/2019:09:47:57 -0500] "GET /galeria/galeria/fotos/juan-amarillo3P.jpg HTTP/1.1" 200 28033
181.57.244.94 - - [03/Mar/2019:09:47:57 -0500] "GET /galeria/galeria/fotos/juan-amarillo4P.jpg HTTP/1.1" 200 23811
201.245.192.253 - - [03/Mar/2019:09:48:00 -0500] "GET /galeria/nivo-slider/demo/images/Banner%20Politica%20Publica%20CONPES%20(1).ai HTTP/1.1" 206 1
201.245.192.253 - - [03/Mar/2019:09:48:00 -0500] "GET /galeria/nivo-slider/demo/images/Banner%20Politica%20Publica%20CONPES%20(1).ai HTTP/1.1" 206 1711412
66.249.88.89 - - [03/Mar/2019:09:48:02 -0500] "GET /BLA/boletinlegal/js/jquery.scrollShow.js HTTP/1.1" 200 4586
66.249.88.91 - - [03/Mar/2019:09:48:02 -0500] "GET /galeria/galeria/jquery.fancybox.css?v=2.1.5 HTTP/1.1" 200 4895
66.249.88.89 - - [03/Mar/2019:09:48:02 -0500] "GET /galeria/galeria/jquery.fancybox.js?v=2.1.5 HTTP/1.1" 200 48706
66.249.66.81 - - [03/Mar/2019:09:48:05 -0500] "GET /BLA/resoluciones/AUTOS%202015/6148.pdf HTTP/1.1" 200 742579
201.245.192.253 - - [03/Mar/2019:09:48:10 -0500] "GET /galeria/nivo-slider/demo/images/Banner%20Politica%20Publica%20CONPES%20(1).ai HTTP/1.1" 206 1
201.245.192.253 - - [03/Mar/2019:09:48:10 -0500] "GET /galeria/nivo-slider/demo/images/Banner%20Politica%20Publica%20CONPES%20(1).ai HTTP/1.1" 206 1711412
201.245.192.253 - - [03/Mar/2019:09:48:50 -0500] "GET /galeria/nivo-slider/demo/images/Banner%20Politica%20Publica%20CONPES%20(1).ai HTTP/1.1" 206 1
201.245.192.253 - - [03/Mar/2019:09:48:50 -0500] "GET /galeria/nivo-slider/demo/images/Banner%20Politica%20Publica%20CONPES%20(1).ai HTTP/1.1" 206 1711412
181.61.204.153 - - [03/Mar/2019:09:48:54 -0500] "GET /galeria/nivo-slider/demo/images/Banner%20Politica%20Publica%20CONPES%20(1).ai HTTP/1.1" 206 1
181.61.204.153 - - [03/Mar/2019:09:48:54 -0500] "GET /galeria/nivo-slider/demo/images/Banner%20Politica%20Publica%20CONPES%20(1).ai HTTP/1.1" 206 1727809
186.84.150.222 - - [03/Mar/2019:09:48:59 -0500] "GET /galeria/galeria/jquery.fancybox.js?v=2.1.5 HTTP/1.1" 200 48706
186.84.150.222 - - [03/Mar/2019:09:48:59 -0500] "GET /galeria/galeria/jquery.fancybox.css?v=2.1.5 HTTP/1.1" 200 4895
186.84.150.222 - - [03/Mar/2019:09:48:59 -0500] "GET /BLA/boletinlegal/js/jquery.scrollShow.js HTTP/1.1" 200 4586
66.249.66.83 - - [03/Mar/2019:09:48:59 -0500] "GET /videos/HumSpot1.flv HTTP/1.1" 200 7280767
201.245.192.253 - - [03/Mar/2019:09:49:00 -0500] "GET /galeria/nivo-slider/demo/images/Banner%20Politica%20Publica%20CONPES%20(1).ai HTTP/1.1" 206 1
201.245.192.253 - - [03/Mar/2019:09:49:00 -0500] "GET /galeria/nivo-slider/demo/images/Banner%20Politica%20Publica%20CONPES%20(1).ai HTTP/1.1" 206 1711412
186.84.150.222 - - [03/Mar/2019:09:49:02 -0500] "GET /BLA/boletinlegal/js/jquery.scrollShow.js HTTP/1.1" 304 -
186.84.150.222 - - [03/Mar/2019:09:49:02 -0500] "GET /galeria/galeria/jquery.fancybox.css?v=2.1.5 HTTP/1.1" 304 -
186.84.150.222 - - [03/Mar/2019:09:49:02 -0500] "GET /galeria/galeria/jquery.fancybox.js?v=2.1.5 HTTP/1.1" 304 -
181.61.204.153 - - [03/Mar/2019:09:49:04 -0500] "GET /galeria/nivo-slider/demo/images/Banner%20Politica%20Publica%20CONPES%20(1).ai HTTP/1.1" 206 1
181.61.204.153 - - [03/Mar/2019:09:49:04 -0500] "GET /galeria/nivo-slider/demo/images/Banner%20Politica%20Publica%20CONPES%20(1).ai HTTP/1.1" 206 1727809
66.249.88.89 - - [03/Mar/2019:09:49:12 -0500] "GET /galeria/galeria/fotos/juan-amarillo3G.jpg HTTP/1.1" 200 328975
147.75.127.3 - - [03/Mar/2019:09:49:16 -0500] "GET /BLA/resoluciones/RESOLUCIONES%202016/1361.pdf HTTP/1.1" 200 486149
147.75.127.3 - - [03/Mar/2019:09:49:16 -0500] "GET /favicon.ico HTTP/1.1" 200 7782
66.249.66.81 - - [03/Mar/2019:09:49:18 -0500] "GET /BLA/resoluciones/AUTOS%202015/5465.pdf HTTP/1.1" 200 390241
66.249.66.215 - - [03/Mar/2019:09:49:45 -0500] "GET /robots.txt HTTP/1.1" 404 1015
66.249.66.219 - - [03/Mar/2019:09:49:45 -0500] "GET /Autoliquidacion/index.php?dir=TR%C1MITES%20AGUAS%20SUBTERR%C1NEAS/126PM04-PR92-%20PERMISO%20EXPLORACI%D3N%20AGUAS%20SUBTERRANEAS/&sort=name&order=asc HTTP/1.1" 200 2947
190.144.166.61 - - [03/Mar/2019:09:49:52 -0500] "GET /galeria/nivo-slider/demo/images/Banner%20Politica%20Publica%20CONPES%20(1).ai HTTP/1.1" 206 1
66.249.66.85 - - [03/Mar/2019:09:49:59 -0500] "GET /BLA/resoluciones/AUTOS%202015/3968.pdf HTTP/1.1" 200 492346
190.144.166.61 - - [03/Mar/2019:09:50:02 -0500] "GET /galeria/nivo-slider/demo/images/Banner%20Politica%20Publica%20CONPES%20(1).ai HTTP/1.1" 206 1
69.162.124.233 - - [03/Mar/2019:09:50:06 -0500] "HEAD / HTTP/1.1" 200 -
201.245.192.253 - - [03/Mar/2019:09:50:08 -0500] "GET /galeria/nivo-slider/demo/images/Banner%20Politica%20Publica%20CONPES%20(1).ai HTTP/1.1" 206 1
201.245.192.253 - - [03/Mar/2019:09:50:18 -0500] "GET /galeria/nivo-slider/demo/images/Banner%20Politica%20Publica%20CONPES%20(1).ai HTTP/1.1" 206 1
192.168.175.104 - - [03/Mar/2019:09:50:23 -0500] "GET / HTTP/1.1" 200 9990
54.36.149.66 - - [03/Mar/2019:09:50:28 -0500] "GET /BLA/resoluciones/RESOLUCIONES%202005/RES%202005%202801-2850/00002815.tif HTTP/1.1" 200 58456
66.249.66.81 - - [03/Mar/2019:09:50:57 -0500] "GET /BLA/resoluciones/AUTOS%202009/0910.pdf HTTP/1.1" 200 122677
192.168.175.104 - - [03/Mar/2019:09:50:58 -0500] "GET / HTTP/1.0" 200 9990
66.249.88.91 - - [03/Mar/2019:09:51:15 -0500] "GET /galeria/galeria/jquery.fancybox.css?v=2.1.5 HTTP/1.1" 200 4895
66.249.88.93 - - [03/Mar/2019:09:51:15 -0500] "GET /BLA/boletinlegal/js/jquery.scrollShow.js HTTP/1.1" 200 4586
66.249.88.89 - - [03/Mar/2019:09:51:15 -0500] "GET /galeria/galeria/jquery.fancybox.js?v=2.1.5 HTTP/1.1" 200 48706
186.145.38.177 - - [03/Mar/2019:09:51:21 -0500] "GET /galeria/nivo-slider/demo/images/Banner%20Politica%20Publica%20CONPES%20(1).ai HTTP/1.1" 206 1
186.145.38.177 - - [03/Mar/2019:09:51:21 -0500] "GET /galeria/nivo-slider/demo/images/Banner%20Politica%20Publica%20CONPES%20(1).ai HTTP/1.1" 206 1774192
186.154.104.246 - - [03/Mar/2019:09:51:28 -0500] "GET /galeria/nivo-slider/demo/images/Banner%20Politica%20Publica%20CONPES%20(1).ai HTTP/1.1" 206 1
186.154.104.246 - - [03/Mar/2019:09:51:28 -0500] "GET /galeria/nivo-slider/demo/images/Banner%20Politica%20Publica%20CONPES%20(1).ai HTTP/1.1" 206 1758012
186.145.38.177 - - [03/Mar/2019:09:51:31 -0500] "GET /galeria/nivo-slider/demo/images/Banner%20Politica%20Publica%20CONPES%20(1).ai HTTP/1.1" 206 1
186.145.38.177 - - [03/Mar/2019:09:51:31 -0500] "GET /galeria/nivo-slider/demo/images/Banner%20Politica%20Publica%20CONPES%20(1).ai HTTP/1.1" 206 1774192
186.154.104.246 - - [03/Mar/2019:09:51:38 -0500] "GET /galeria/nivo-slider/demo/images/Banner%20Politica%20Publica%20CONPES%20(1).ai HTTP/1.1" 206 1
186.154.104.246 - - [03/Mar/2019:09:51:38 -0500] "GET /galeria/nivo-slider/demo/images/Banner%20Politica%20Publica%20CONPES%20(1).ai HTTP/1.1" 206 1758012
66.249.66.83 - - [03/Mar/2019:09:51:54 -0500] "GET /BLA/resoluciones/AUTOS%202010/1449.pdf HTTP/1.1" 200 196047
201.245.192.253 - - [03/Mar/2019:09:51:55 -0500] "GET /galeria/nivo-slider/demo/images/Banner%20Politica%20Publica%20CONPES%20(1).ai HTTP/1.1" 206 1
201.245.192.253 - - [03/Mar/2019:09:51:55 -0500] "GET /galeria/nivo-slider/demo/images/Banner%20Politica%20Publica%20CONPES%20(1).ai HTTP/1.1" 206 1711412
54.36.150.97 - - [03/Mar/2019:09:51:55 -0500] "GET /BLA/resoluciones/index.php?dir=AUTOS%202006/AUTOS%202006%20801-900/&sort=size&order=desc HTTP/1.1" 200 21774
157.55.39.77 - - [03/Mar/2019:09:51:58 -0500] "GET /SIG/Comunicaciones/126PG02-PR01.pdf HTTP/1.1" 200 66589
201.245.192.253 - - [03/Mar/2019:09:52:00 -0500] "GET /galeria/nivo-slider/demo/images/Banner%20Politica%20Publica%20CONPES%20(1).ai HTTP/1.1" 206 1
201.245.192.253 - - [03/Mar/2019:09:52:00 -0500] "GET /galeria/nivo-slider/demo/images/Banner%20Politica%20Publica%20CONPES%20(1).ai HTTP/1.1" 206 1711412
201.245.192.253 - - [03/Mar/2019:09:52:05 -0500] "GET /galeria/nivo-slider/demo/images/Banner%20Politica%20Publica%20CONPES%20(1).ai HTTP/1.1" 206 1
201.245.192.253 - - [03/Mar/2019:09:52:05 -0500] "GET /galeria/nivo-slider/demo/images/Banner%20Politica%20Publica%20CONPES%20(1).ai HTTP/1.1" 206 1711412
201.245.224.90 - - [03/Mar/2019:09:52:09 -0500] "GET /galeria/galeria/jquery.fancybox.css?v=2.1.5 HTTP/1.1" 200 4895
190.26.163.157 - - [03/Mar/2019:09:52:09 -0500] "GET /galeria/galeria/jquery.fancybox.css?v=2.1.5 HTTP/1.1" 200 4895
201.245.224.90 - - [03/Mar/2019:09:52:09 -0500] "GET /BLA/boletinlegal/js/jquery.scrollShow.js HTTP/1.1" 200 4586
201.245.224.90 - - [03/Mar/2019:09:52:10 -0500] "GET /galeria/galeria/jquery.fancybox.js?v=2.1.5 HTTP/1.1" 200 48706
201.245.192.253 - - [03/Mar/2019:09:52:10 -0500] "GET /galeria/nivo-slider/demo/images/Banner%20Politica%20Publica%20CONPES%20(1).ai HTTP/1.1" 206 1
201.245.192.253 - - [03/Mar/2019:09:52:10 -0500] "GET /galeria/nivo-slider/demo/images/Banner%20Politica%20Publica%20CONPES%20(1).ai HTTP/1.1" 206 1711412
190.26.163.157 - - [03/Mar/2019:09:52:17 -0500] "GET /BLA/boletinlegal/js/jquery.scrollShow.js HTTP/1.1" 200 4586
190.26.163.157 - - [03/Mar/2019:09:52:19 -0500] "GET /galeria/galeria/jquery.fancybox.js?v=2.1.5 HTTP/1.1" 200 48706
201.245.192.253 - - [03/Mar/2019:09:52:50 -0500] "GET /galeria/nivo-slider/demo/images/Banner%20Politica%20Publica%20CONPES%20(1).ai HTTP/1.1" 206 1
201.245.192.253 - - [03/Mar/2019:09:52:50 -0500] "GET /galeria/nivo-slider/demo/images/Banner%20Politica%20Publica%20CONPES%20(1).ai HTTP/1.1" 206 1711412
66.249.66.83 - - [03/Mar/2019:09:52:51 -0500] "GET /BLA/resoluciones/AUTOS%202010/6826.pdf HTTP/1.1" 200 186112
201.245.192.253 - - [03/Mar/2019:09:53:00 -0500] "GET /galeria/nivo-slider/demo/images/Banner%20Politica%20Publica%20CONPES%20(1).ai HTTP/1.1" 206 1
201.245.192.253 - - [03/Mar/2019:09:53:00 -0500] "GET /galeria/nivo-slider/demo/images/Banner%20Politica%20Publica%20CONPES%20(1).ai HTTP/1.1" 206 1711412
181.61.204.153 - - [03/Mar/2019:09:53:04 -0500] "GET /galeria/nivo-slider/demo/images/Banner%20Politica%20Publica%20CONPES%20(1).ai HTTP/1.1" 206 1
181.61.204.153 - - [03/Mar/2019:09:53:04 -0500] "GET /galeria/nivo-slider/demo/images/Banner%20Politica%20Publica%20CONPES%20(1).ai HTTP/1.1" 206 1727809
181.61.204.153 - - [03/Mar/2019:09:53:14 -0500] "GET /galeria/nivo-slider/demo/images/Banner%20Politica%20Publica%20CONPES%20(1).ai HTTP/1.1" 206 1
181.61.204.153 - - [03/Mar/2019:09:53:14 -0500] "GET /galeria/nivo-slider/demo/images/Banner%20Politica%20Publica%20CONPES%20(1).ai HTTP/1.1" 206 1727809
40.77.167.112 - - [03/Mar/2019:09:53:16 -0500] "GET /POT-2013/index.php?dir=Cartografia/&sort=size&order=desc HTTP/1.1" 200 11464
186.155.15.116 - - [03/Mar/2019:09:53:57 -0500] "GET /galeria/nivo-slider/demo/demo.html HTTP/1.1" 304 -
186.155.15.116 - - [03/Mar/2019:09:53:57 -0500] "GET /galeria/nivo-slider/demo/images/bannerlumina2017web.jpg HTTP/1.1" 206 1
186.155.15.116 - - [03/Mar/2019:09:53:57 -0500] "GET /galeria/nivo-slider/demo/images/Caminatas%20marzo.png HTTP/1.1" 304 -
186.155.15.116 - - [03/Mar/2019:09:53:57 -0500] "GET /galeria/nivo-slider/demo/images/gobierno%20digital-01.jpg HTTP/1.1" 200 116163
186.155.15.116 - - [03/Mar/2019:09:53:57 -0500] "GET /galeria/nivo-slider/demo/images/Banner_micrositio.png HTTP/1.1" 206 1
186.155.15.116 - - [03/Mar/2019:09:53:57 -0500] "GET /galeria/nivo-slider/demo/images/Banner%20Politica%20Publica%20CONPES%20(1).ai HTTP/1.1" 206 1
181.55.206.249 - - [03/Mar/2019:09:53:58 -0500] "GET /galeria/galeria/jquery.fancybox.css?v=2.1.5 HTTP/1.1" 200 4895
181.55.206.249 - - [03/Mar/2019:09:53:58 -0500] "GET /BLA/boletinlegal/js/jquery.scrollShow.js HTTP/1.1" 200 4586
181.55.206.249 - - [03/Mar/2019:09:53:58 -0500] "GET /galeria/galeria/jquery.fancybox.js?v=2.1.5 HTTP/1.1" 200 48706
186.155.15.116 - - [03/Mar/2019:09:53:58 -0500] "GET /galeria/nivo-slider/demo/images/maximavelocidad.png HTTP/1.1" 206 1
186.155.15.116 - - [03/Mar/2019:09:53:58 -0500] "GET /galeria/nivo-slider/demo/images/banner-bolsas-plasticas.jpg HTTP/1.1" 206 1
186.155.15.116 - - [03/Mar/2019:09:53:58 -0500] "GET /galeria/nivo-slider/demo/images/Banner%20idypiba%20adopcion.png HTTP/1.1" 304 -
186.155.15.116 - - [03/Mar/2019:09:53:58 -0500] "GET /galeria/nivo-slider/demo/images/bannerlumina2017web.jpg HTTP/1.1" 206 128585
186.155.15.116 - - [03/Mar/2019:09:53:58 -0500] "GET /galeria/nivo-slider/demo/images/Banner_micrositio.png HTTP/1.1" 206 78028
186.155.15.116 - - [03/Mar/2019:09:53:59 -0500] "GET /galeria/nivo-slider/demo/images/banner-bolsas-plasticas.jpg HTTP/1.1" 206 273022
186.155.15.116 - - [03/Mar/2019:09:54:00 -0500] "GET /galeria/nivo-slider/demo/images/maximavelocidad.png HTTP/1.1" 206 432934
190.144.166.61 - - [03/Mar/2019:09:54:02 -0500] "GET /galeria/nivo-slider/demo/images/Banner%20Politica%20Publica%20CONPES%20(1).ai HTTP/1.1" 206 1
186.155.15.116 - - [03/Mar/2019:09:54:06 -0500] "GET /galeria/nivo-slider/themes/default/arrows.png HTTP/1.1" 200 824
186.155.15.116 - - [03/Mar/2019:09:54:06 -0500] "GET /galeria/nivo-slider/themes/default/bullets.png HTTP/1.1" 200 1281
201.245.192.253 - - [03/Mar/2019:09:54:08 -0500] "GET /galeria/nivo-slider/demo/images/Banner%20Politica%20Publica%20CONPES%20(1).ai HTTP/1.1" 206 1
190.144.166.61 - - [03/Mar/2019:09:54:12 -0500] "GET /galeria/nivo-slider/demo/images/Banner%20Politica%20Publica%20CONPES%20(1).ai HTTP/1.1" 206 1
190.144.166.61 - - [03/Mar/2019:09:54:12 -0500] "GET /galeria/nivo-slider/demo/images/Banner%20Politica%20Publica%20CONPES%20(1).ai HTTP/1.1" 206 1332074
201.245.192.253 - - [03/Mar/2019:09:54:18 -0500] "GET /galeria/nivo-slider/demo/images/Banner%20Politica%20Publica%20CONPES%20(1).ai HTTP/1.1" 206 1
54.36.150.128 - - [03/Mar/2019:09:53:47 -0500] "GET /BLA/boletinlegal/ HTTP/1.1" 200 32715
66.249.66.81 - - [03/Mar/2019:09:54:45 -0500] "GET /BLA/boletinlegal/actas/466-2017.pdf HTTP/1.1" 200 9170724
69.162.124.233 - - [03/Mar/2019:09:55:06 -0500] "HEAD / HTTP/1.1" 200 -
186.155.15.116 - - [03/Mar/2019:09:55:10 -0500] "GET /galeria/nivo-slider/demo/images/Banner%20Politica%20Publica%20CONPES%20(1).ai HTTP/1.1" 206 1
186.155.15.116 - - [03/Mar/2019:09:55:10 -0500] "GET /galeria/nivo-slider/demo/images/Banner%20Politica%20Publica%20CONPES%20(1).ai HTTP/1.1" 206 1771416
216.244.66.195 - - [03/Mar/2019:09:55:19 -0500] "GET /robots.txt HTTP/1.1" 404 1018
66.249.88.93 - - [03/Mar/2019:09:55:19 -0500] "GET /galeria/galeria/jquery.fancybox.css?v=2.1.5 HTTP/1.1" 200 4895
66.249.88.91 - - [03/Mar/2019:09:55:19 -0500] "GET /BLA/boletinlegal/js/jquery.scrollShow.js HTTP/1.1" 200 4586
66.249.88.91 - - [03/Mar/2019:09:55:19 -0500] "GET /galeria/galeria/jquery.fancybox.js?v=2.1.5 HTTP/1.1" 200 48706
186.84.90.251 - - [03/Mar/2019:09:55:20 -0500] "GET /BLA/boletinlegal/js/jquery.scrollShow.js HTTP/1.1" 200 4586
186.84.90.251 - - [03/Mar/2019:09:55:20 -0500] "GET /galeria/galeria/jquery.fancybox.css?v=2.1.5 HTTP/1.1" 200 4895
186.84.90.251 - - [03/Mar/2019:09:55:20 -0500] "GET /galeria/galeria/jquery.fancybox.js?v=2.1.5 HTTP/1.1" 200 48706
192.168.175.104 - - [03/Mar/2019:09:55:21 -0500] "GET / HTTP/1.1" 200 9990
186.145.38.177 - - [03/Mar/2019:09:55:31 -0500] "GET /galeria/nivo-slider/demo/images/Banner%20Politica%20Publica%20CONPES%20(1).ai HTTP/1.1" 206 1
186.145.38.177 - - [03/Mar/2019:09:55:31 -0500] "GET /galeria/nivo-slider/demo/images/Banner%20Politica%20Publica%20CONPES%20(1).ai HTTP/1.1" 206 1774192
186.154.104.246 - - [03/Mar/2019:09:55:38 -0500] "GET /galeria/nivo-slider/demo/images/Banner%20Politica%20Publica%20CONPES%20(1).ai HTTP/1.1" 206 1
186.154.104.246 - - [03/Mar/2019:09:55:38 -0500] "GET /galeria/nivo-slider/demo/images/Banner%20Politica%20Publica%20CONPES%20(1).ai HTTP/1.1" 206 1758012
186.145.38.177 - - [03/Mar/2019:09:55:41 -0500] "GET /galeria/nivo-slider/demo/images/Banner%20Politica%20Publica%20CONPES%20(1).ai HTTP/1.1" 206 1
186.145.38.177 - - [03/Mar/2019:09:55:41 -0500] "GET /galeria/nivo-slider/demo/images/Banner%20Politica%20Publica%20CONPES%20(1).ai HTTP/1.1" 206 1774192
66.249.66.83 - - [03/Mar/2019:09:55:42 -0500] "GET /BLA/boletinlegal/Directivas/2018/Directiva%20No.%2024%20del%2027%20de%20diciembre%20de%202018.pdf HTTP/1.1" 200 575948
186.154.104.246 - - [03/Mar/2019:09:55:48 -0500] "GET /galeria/nivo-slider/demo/images/Banner%20Politica%20Publica%20CONPES%20(1).ai HTTP/1.1" 206 1
186.154.104.246 - - [03/Mar/2019:09:55:48 -0500] "GET /galeria/nivo-slider/demo/images/Banner%20Politica%20Publica%20CONPES%20(1).ai HTTP/1.1" 206 1758012
192.168.175.104 - - [03/Mar/2019:09:55:56 -0500] "GET / HTTP/1.0" 200 9990
201.245.192.253 - - [03/Mar/2019:09:56:00 -0500] "GET /galeria/nivo-slider/demo/images/Banner%20Politica%20Publica%20CONPES%20(1).ai HTTP/1.1" 206 1
201.245.192.253 - - [03/Mar/2019:09:56:00 -0500] "GET /galeria/nivo-slider/demo/images/Banner%20Politica%20Publica%20CONPES%20(1).ai HTTP/1.1" 206 1711412
201.245.192.253 - - [03/Mar/2019:09:56:05 -0500] "GET /galeria/nivo-slider/demo/images/Banner%20Politica%20Publica%20CONPES%20(1).ai HTTP/1.1" 206 1
201.245.192.253 - - [03/Mar/2019:09:56:05 -0500] "GET /galeria/nivo-slider/demo/images/Banner%20Politica%20Publica%20CONPES%20(1).ai HTTP/1.1" 206 1711412
186.86.33.197 - - [03/Mar/2019:09:56:10 -0500] "GET /galeria/galeria/jquery.fancybox.css?v=2.1.5 HTTP/1.1" 200 4895
201.245.192.253 - - [03/Mar/2019:09:56:10 -0500] "GET /galeria/nivo-slider/demo/images/Banner%20Politica%20Publica%20CONPES%20(1).ai HTTP/1.1" 206 1
201.245.192.253 - - [03/Mar/2019:09:56:10 -0500] "GET /galeria/nivo-slider/demo/images/Banner%20Politica%20Publica%20CONPES%20(1).ai HTTP/1.1" 206 1711412
186.86.33.197 - - [03/Mar/2019:09:56:11 -0500] "GET /BLA/boletinlegal/js/jquery.scrollShow.js HTTP/1.1" 200 4586
186.86.33.197 - - [03/Mar/2019:09:56:11 -0500] "GET /galeria/galeria/jquery.fancybox.js?v=2.1.5 HTTP/1.1" 200 48706
201.245.192.253 - - [03/Mar/2019:09:56:15 -0500] "GET /galeria/nivo-slider/demo/images/Banner%20Politica%20Publica%20CONPES%20(1).ai HTTP/1.1" 206 1
201.245.192.253 - - [03/Mar/2019:09:56:15 -0500] "GET /galeria/nivo-slider/demo/images/Banner%20Politica%20Publica%20CONPES%20(1).ai HTTP/1.1" 206 1711412
206.189.147.219 - - [03/Mar/2019:09:56:29 -0500] "GET / HTTP/1.1" 200 9990
66.249.66.82 - - [03/Mar/2019:09:56:39 -0500] "GET /BLA/resoluciones/AUTOS%202015/1845.pdf HTTP/1.1" 200 647864
201.245.192.253 - - [03/Mar/2019:09:56:50 -0500] "GET /galeria/nivo-slider/demo/images/Banner%20Politica%20Publica%20CONPES%20(1).ai HTTP/1.1" 206 1
201.245.192.253 - - [03/Mar/2019:09:56:50 -0500] "GET /galeria/nivo-slider/demo/images/Banner%20Politica%20Publica%20CONPES%20(1).ai HTTP/1.1" 206 1711412
201.245.192.253 - - [03/Mar/2019:09:57:00 -0500] "GET /galeria/nivo-slider/demo/images/Banner%20Politica%20Publica%20CONPES%20(1).ai HTTP/1.1" 206 1
201.245.192.253 - - [03/Mar/2019:09:57:00 -0500] "GET /galeria/nivo-slider/demo/images/Banner%20Politica%20Publica%20CONPES%20(1).ai HTTP/1.1" 206 1711412
181.61.204.153 - - [03/Mar/2019:09:57:14 -0500] "GET /galeria/nivo-slider/demo/images/Banner%20Politica%20Publica%20CONPES%20(1).ai HTTP/1.1" 206 1
181.61.204.153 - - [03/Mar/2019:09:57:14 -0500] "GET /galeria/nivo-slider/demo/images/Banner%20Politica%20Publica%20CONPES%20(1).ai HTTP/1.1" 206 1727809
152.201.200.86 - - [03/Mar/2019:09:57:20 -0500] "GET /galeria/galeria/jquery.fancybox.css?v=2.1.5 HTTP/1.1" 200 4895
152.201.200.86 - - [03/Mar/2019:09:57:20 -0500] "GET /BLA/boletinlegal/js/jquery.scrollShow.js HTTP/1.1" 200 4586
152.201.200.86 - - [03/Mar/2019:09:57:20 -0500] "GET /galeria/galeria/jquery.fancybox.js?v=2.1.5 HTTP/1.1" 200 48706
181.61.204.153 - - [03/Mar/2019:09:57:25 -0500] "GET /galeria/nivo-slider/demo/images/Banner%20Politica%20Publica%20CONPES%20(1).ai HTTP/1.1" 206 1
181.61.204.153 - - [03/Mar/2019:09:57:25 -0500] "GET /galeria/nivo-slider/demo/images/Banner%20Politica%20Publica%20CONPES%20(1).ai HTTP/1.1" 206 1727809
66.249.66.83 - - [03/Mar/2019:09:57:36 -0500] "GET /BLA/resoluciones/RESOLUCIONES%202017/2326.pdf HTTP/1.1" 200 304386
181.174.17.161 - - [03/Mar/2019:09:57:50 -0500] "GET /BLA/boletinlegal/jurisprudencia/analisis/CUADRO%20ANALISIS%20SENTENCIA%20T-411%20DE%201992.doc HTTP/1.1" 200 41984
190.9.221.196 - - [03/Mar/2019:09:57:52 -0500] "GET /galeria/galeria/fotos/Humedal-la-conejera1G.jpg HTTP/1.1" 200 340987
190.9.221.196 - - [03/Mar/2019:09:57:52 -0500] "GET /galeria/galeria/fotos/Humedal-la-conejera4G.jpg HTTP/1.1" 200 371145
54.36.150.33 - - [03/Mar/2019:09:57:56 -0500] "GET /BLA/resoluciones/AUTOS%202006/AUTOS%202006%202401%20-%202500/00002467.tif HTTP/1.1" 200 56374
201.245.192.253 - - [03/Mar/2019:09:58:08 -0500] "GET /galeria/nivo-slider/demo/images/Banner%20Politica%20Publica%20CONPES%20(1).ai HTTP/1.1" 206 1
190.144.166.61 - - [03/Mar/2019:09:58:12 -0500] "GET /galeria/nivo-slider/demo/images/Banner%20Politica%20Publica%20CONPES%20(1).ai HTTP/1.1" 206 1
66.249.88.91 - - [03/Mar/2019:09:58:15 -0500] "GET /galeria/galeria/jquery.fancybox.css?v=2.1.5 HTTP/1.1" 200 4895
66.249.88.89 - - [03/Mar/2019:09:58:15 -0500] "GET /galeria/carrusel/Carrusel/jquery.thumbnailScroller.css HTTP/1.1" 200 2066
66.249.88.93 - - [03/Mar/2019:09:58:15 -0500] "GET /galeria/galeria/jquery.fancybox.js?v=2.1.5 HTTP/1.1" 200 48706
66.249.88.93 - - [03/Mar/2019:09:58:15 -0500] "GET /BLA/boletinlegal/js/jquery.scrollShow.js HTTP/1.1" 200 4586
66.249.88.93 - - [03/Mar/2019:09:58:16 -0500] "GET /galeria/carrusel/Carrusel/jquery-ui-1.8.13.custom.min.js HTTP/1.1" 200 10800
66.249.88.91 - - [03/Mar/2019:09:58:16 -0500] "GET /galeria/carrusel/Carrusel/jquery.thumbnailScroller.js HTTP/1.1" 200 8157
66.249.88.93 - - [03/Mar/2019:09:58:16 -0500] "GET /galeria/nivo-slider/demo/demo.html HTTP/1.1" 200 22851
66.249.88.93 - - [03/Mar/2019:09:58:16 -0500] "GET /galeria/nivo-slider/themes/default/default.css HTTP/1.1" 200 1569
66.249.88.93 - - [03/Mar/2019:09:58:16 -0500] "GET /galeria/nivo-slider/themes/orman/orman.css HTTP/1.1" 200 2152
66.249.88.89 - - [03/Mar/2019:09:58:16 -0500] "GET /galeria/nivo-slider/demo/images/Trafico%20de%20fauna.jpg HTTP/1.1" 200 198327
66.249.88.93 - - [03/Mar/2019:09:58:16 -0500] "GET /galeria/nivo-slider/themes/pascal/pascal.css HTTP/1.1" 200 2258
66.249.88.89 - - [03/Mar/2019:09:58:16 -0500] "GET /galeria/nivo-slider/nivo-slider.css HTTP/1.1" 200 1507
66.249.88.93 - - [03/Mar/2019:09:58:16 -0500] "GET /galeria/nivo-slider/demo/style.css HTTP/1.1" 200 2222
66.249.88.93 - - [03/Mar/2019:09:58:16 -0500] "GET /galeria/nivo-slider/demo/scripts/jquery-1.7.1.min.js HTTP/1.1" 200 93868
66.249.88.93 - - [03/Mar/2019:09:58:17 -0500] "GET /galeria/nivo-slider/jquery.nivo.slider.pack.js HTTP/1.1" 200 11561
66.249.88.91 - - [03/Mar/2019:09:58:17 -0500] "GET /galeria/nivo-slider/demo/images/Bannerweb_Tinguas.jpg HTTP/1.1" 200 258471
66.249.88.89 - - [03/Mar/2019:09:58:17 -0500] "GET /galeria/nivo-slider/demo/images/Banner%20PGAE.jpg HTTP/1.1" 200 258166
66.249.88.93 - - [03/Mar/2019:09:58:17 -0500] "GET /galeria/nivo-slider/demo/images/4Simple_Slider.png HTTP/1.1" 200 11722
66.249.88.93 - - [03/Mar/2019:09:58:17 -0500] "GET /galeria/nivo-slider/themes/default/loading.gif HTTP/1.1" 200 1737
66.249.88.91 - - [03/Mar/2019:09:58:17 -0500] "GET /galeria/nivo-slider/demo/images/Banner%20idypiba%20adopcion.png HTTP/1.1" 200 172631
66.249.88.89 - - [03/Mar/2019:09:58:17 -0500] "GET /galeria/nivo-slider/demo/images/Banner%20-%20Pread.jpg HTTP/1.1" 200 190212
66.249.88.89 - - [03/Mar/2019:09:58:17 -0500] "GET /galeria/nivo-slider/demo/images/Caminatas%20marzo.png HTTP/1.1" 200 661357
66.249.88.93 - - [03/Mar/2019:09:58:17 -0500] "GET /galeria/nivo-slider/demo/images/Banner%20Conpes.jpg HTTP/1.1" 200 55220
66.249.88.89 - - [03/Mar/2019:09:58:17 -0500] "GET /galeria/nivo-slider/demo/images/Banner%20Politica%20Publica%20CONPES%20(1).ai HTTP/1.1" 200 1775371
201.245.192.253 - - [03/Mar/2019:09:58:18 -0500] "GET /galeria/nivo-slider/demo/images/Banner%20Politica%20Publica%20CONPES%20(1).ai HTTP/1.1" 206 1
66.249.88.93 - - [03/Mar/2019:09:58:18 -0500] "GET /galeria/nivo-slider/demo/images/Banner%20POT.png HTTP/1.1" 200 418238
66.249.88.89 - - [03/Mar/2019:09:58:18 -0500] "GET /galeria/nivo-slider/demo/images/Banner%20practicas%20sostenibles.jpg HTTP/1.1" 200 142958
66.249.88.93 - - [03/Mar/2019:09:58:18 -0500] "GET /galeria/nivo-slider/demo/images/incendios-forestales.png HTTP/1.1" 200 61469
66.249.88.93 - - [03/Mar/2019:09:58:18 -0500] "GET /galeria/nivo-slider/demo/images/Pot_banner.jpg HTTP/1.1" 200 204736
66.249.88.89 - - [03/Mar/2019:09:58:18 -0500] "GET /galeria/nivo-slider/demo/images/BANNER%20punto.jpg HTTP/1.1" 200 75932
66.249.88.93 - - [03/Mar/2019:09:58:18 -0500] "GET /galeria/nivo-slider/demo/images/Banneranonimos.png HTTP/1.1" 200 109388
66.249.88.93 - - [03/Mar/2019:09:58:19 -0500] "GET /galeria/nivo-slider/demo/images/web%20ingreso%20humedales.png HTTP/1.1" 200 641193
66.249.88.91 - - [03/Mar/2019:09:58:19 -0500] "GET /galeria/nivo-slider/demo/images/gobierno%20digital-01.jpg HTTP/1.1" 200 116163
66.249.88.93 - - [03/Mar/2019:09:58:19 -0500] "GET /galeria/nivo-slider/demo/images/Otorgamiento-excelencia-ambiental-Jos%C3%A9-Celestino-Mutis-2.jpg HTTP/1.1" 200 276467
66.249.88.91 - - [03/Mar/2019:09:58:19 -0500] "GET /galeria/nivo-slider/demo/images/Banner_micrositio.png HTTP/1.1" 200 146950
66.249.88.89 - - [03/Mar/2019:09:58:20 -0500] "GET /galeria/nivo-slider/demo/images/avances-sentencias-rio-bogota-2.jpg HTTP/1.1" 200 304916
66.249.88.89 - - [03/Mar/2019:09:58:20 -0500] "GET /galeria/nivo-slider/demo/images/BANNER%20VAN%20DER%20HAMMEN.jpg HTTP/1.1" 200 64172
66.249.88.89 - - [03/Mar/2019:09:58:20 -0500] "GET /galeria/nivo-slider/demo/images/banner-humedales-de-bogota.jpg HTTP/1.1" 200 292611
66.249.88.89 - - [03/Mar/2019:09:58:20 -0500] "GET /galeria/nivo-slider/demo/images/maximavelocidad.png HTTP/1.1" 200 880272
66.249.88.93 - - [03/Mar/2019:09:58:20 -0500] "GET /galeria/nivo-slider/demo/images/banner%20aceite%20vegetal%20usado.jpg HTTP/1.1" 200 169350
66.249.88.91 - - [03/Mar/2019:09:58:21 -0500] "GET /galeria/nivo-slider/demo/images/bannerlumina2017web.jpg HTTP/1.1" 200 198918
66.249.88.89 - - [03/Mar/2019:09:58:21 -0500] "GET /galeria/nivo-slider/demo/images/banner-bolsas-plasticas.jpg HTTP/1.1" 200 317939
190.144.166.61 - - [03/Mar/2019:09:58:22 -0500] "GET /galeria/nivo-slider/demo/images/Banner%20Politica%20Publica%20CONPES%20(1).ai HTTP/1.1" 206 1
190.144.166.61 - - [03/Mar/2019:09:58:22 -0500] "GET /galeria/nivo-slider/demo/images/Banner%20Politica%20Publica%20CONPES%20(1).ai HTTP/1.1" 206 1332074
66.249.88.91 - - [03/Mar/2019:09:58:24 -0500] "GET /galeria/nivo-slider/themes/default/arrows.png HTTP/1.1" 200 824
66.249.88.91 - - [03/Mar/2019:09:58:24 -0500] "GET /galeria/nivo-slider/themes/default/bullets.png HTTP/1.1" 200 1281
66.249.66.82 - - [03/Mar/2019:09:58:27 -0500] "GET /videos/SpotAgua.flv HTTP/1.1" 200 2087596
190.144.145.130 - - [03/Mar/2019:09:58:28 -0500] "GET /galeria/carrusel/Carrusel/jquery-ui-1.8.13.custom.min.js HTTP/1.1" 200 10800
190.144.145.130 - - [03/Mar/2019:09:58:28 -0500] "GET /galeria/carrusel/Carrusel/jquery.thumbnailScroller.js HTTP/1.1" 200 8157
190.144.145.130 - - [03/Mar/2019:09:58:31 -0500] "GET /galeria/galeria/jquery.fancybox.js?v=2.1.5 HTTP/1.1" 200 48706
190.144.145.130 - - [03/Mar/2019:09:58:31 -0500] "GET /galeria/galeria/jquery.fancybox.css?v=2.1.5 HTTP/1.1" 200 4895
190.144.145.130 - - [03/Mar/2019:09:58:31 -0500] "GET /BLA/boletinlegal/js/jquery.scrollShow.js HTTP/1.1" 200 4586
190.144.145.130 - - [03/Mar/2019:09:58:31 -0500] "GET /galeria/carrusel/Carrusel/jquery.thumbnailScroller.css HTTP/1.1" 200 2066
190.144.145.130 - - [03/Mar/2019:09:58:31 -0500] "GET /galeria/nivo-slider/demo/demo.html HTTP/1.1" 200 22851
190.144.145.130 - - [03/Mar/2019:09:58:31 -0500] "GET /galeria/nivo-slider/themes/default/default.css HTTP/1.1" 200 1569
190.144.145.130 - - [03/Mar/2019:09:58:31 -0500] "GET /galeria/nivo-slider/themes/pascal/pascal.css HTTP/1.1" 200 2258
190.144.145.130 - - [03/Mar/2019:09:58:31 -0500] "GET /galeria/nivo-slider/themes/orman/orman.css HTTP/1.1" 200 2152
190.144.145.130 - - [03/Mar/2019:09:58:31 -0500] "GET /galeria/nivo-slider/nivo-slider.css HTTP/1.1" 200 1507
190.144.145.130 - - [03/Mar/2019:09:58:31 -0500] "GET /galeria/nivo-slider/demo/style.css HTTP/1.1" 200 2222
190.144.145.130 - - [03/Mar/2019:09:58:31 -0500] "GET /galeria/nivo-slider/demo/images/Trafico%20de%20fauna.jpg HTTP/1.1" 200 198327
190.144.145.130 - - [03/Mar/2019:09:58:31 -0500] "GET /galeria/nivo-slider/demo/scripts/jquery-1.7.1.min.js HTTP/1.1" 200 93868
190.144.145.130 - - [03/Mar/2019:09:58:31 -0500] "GET /galeria/nivo-slider/jquery.nivo.slider.pack.js HTTP/1.1" 200 11561
190.144.145.130 - - [03/Mar/2019:09:58:31 -0500] "GET /galeria/nivo-slider/demo/images/Bannerweb_Tinguas.jpg HTTP/1.1" 200 258471
190.144.145.130 - - [03/Mar/2019:09:58:31 -0500] "GET /galeria/nivo-slider/demo/images/Banner%20PGAE.jpg HTTP/1.1" 200 258166
190.144.145.130 - - [03/Mar/2019:09:58:31 -0500] "GET /galeria/nivo-slider/demo/images/Banner%20idypiba%20adopcion.png HTTP/1.1" 200 172631
190.144.145.130 - - [03/Mar/2019:09:58:31 -0500] "GET /galeria/nivo-slider/demo/images/Banner%20-%20Pread.jpg HTTP/1.1" 200 190212
190.144.145.130 - - [03/Mar/2019:09:58:32 -0500] "GET /galeria/nivo-slider/demo/images/Caminatas%20marzo.png HTTP/1.1" 200 661357
190.144.145.130 - - [03/Mar/2019:09:58:33 -0500] "GET /galeria/nivo-slider/themes/default/loading.gif HTTP/1.1" 200 1737
190.144.145.130 - - [03/Mar/2019:09:58:33 -0500] "GET /galeria/nivo-slider/demo/images/4Simple_Slider.png HTTP/1.1" 200 11722
190.144.145.130 - - [03/Mar/2019:09:58:33 -0500] "GET /galeria/nivo-slider/demo/images/Banner%20Conpes.jpg HTTP/1.1" 200 55220
190.144.145.130 - - [03/Mar/2019:09:58:33 -0500] "GET /galeria/nivo-slider/demo/images/Banner%20Politica%20Publica%20CONPES%20(1).ai HTTP/1.1" 200 1775371
190.144.145.130 - - [03/Mar/2019:09:58:33 -0500] "GET /galeria/nivo-slider/demo/images/Banner%20practicas%20sostenibles.jpg HTTP/1.1" 200 142958
190.144.145.130 - - [03/Mar/2019:09:58:33 -0500] "GET /galeria/nivo-slider/demo/images/Banner%20POT.png HTTP/1.1" 200 418238
190.144.145.130 - - [03/Mar/2019:09:58:33 -0500] "GET /galeria/nivo-slider/demo/images/incendios-forestales.png HTTP/1.1" 200 61469
190.144.145.130 - - [03/Mar/2019:09:58:33 -0500] "GET /galeria/nivo-slider/demo/images/Pot_banner.jpg HTTP/1.1" 200 204736
190.144.145.130 - - [03/Mar/2019:09:58:33 -0500] "GET /galeria/nivo-slider/demo/images/BANNER%20punto.jpg HTTP/1.1" 200 75932
190.144.145.130 - - [03/Mar/2019:09:58:33 -0500] "GET /galeria/nivo-slider/demo/images/Banneranonimos.png HTTP/1.1" 200 109388
190.144.145.130 - - [03/Mar/2019:09:58:33 -0500] "GET /galeria/nivo-slider/demo/images/web%20ingreso%20humedales.png HTTP/1.1" 200 641193
190.144.145.130 - - [03/Mar/2019:09:58:34 -0500] "GET /galeria/nivo-slider/demo/images/gobierno%20digital-01.jpg HTTP/1.1" 200 116163
190.144.145.130 - - [03/Mar/2019:09:58:34 -0500] "GET /galeria/nivo-slider/demo/images/Otorgamiento-excelencia-ambiental-Jos%C3%A9-Celestino-Mutis-2.jpg HTTP/1.1" 200 276467
190.144.145.130 - - [03/Mar/2019:09:58:34 -0500] "GET /galeria/nivo-slider/demo/images/Banner_micrositio.png HTTP/1.1" 200 146950
190.144.145.130 - - [03/Mar/2019:09:58:34 -0500] "GET /galeria/nivo-slider/demo/images/avances-sentencias-rio-bogota-2.jpg HTTP/1.1" 200 304916
190.144.145.130 - - [03/Mar/2019:09:58:35 -0500] "GET /galeria/nivo-slider/demo/images/BANNER%20VAN%20DER%20HAMMEN.jpg HTTP/1.1" 200 64172
190.144.145.130 - - [03/Mar/2019:09:58:35 -0500] "GET /galeria/nivo-slider/demo/images/banner-humedales-de-bogota.jpg HTTP/1.1" 200 292611
190.144.145.130 - - [03/Mar/2019:09:58:35 -0500] "GET /galeria/nivo-slider/demo/images/maximavelocidad.png HTTP/1.1" 200 880272
190.144.145.130 - - [03/Mar/2019:09:58:35 -0500] "GET /galeria/nivo-slider/demo/images/banner%20aceite%20vegetal%20usado.jpg HTTP/1.1" 200 169350
190.144.145.130 - - [03/Mar/2019:09:58:36 -0500] "GET /galeria/nivo-slider/demo/images/bannerlumina2017web.jpg HTTP/1.1" 200 198918
190.144.145.130 - - [03/Mar/2019:09:58:36 -0500] "GET /galeria/nivo-slider/demo/images/banner-bolsas-plasticas.jpg HTTP/1.1" 200 317939
190.144.145.130 - - [03/Mar/2019:09:58:37 -0500] "GET /galeria/nivo-slider/themes/default/arrows.png HTTP/1.1" 200 824
190.144.145.130 - - [03/Mar/2019:09:58:37 -0500] "GET /galeria/nivo-slider/themes/default/bullets.png HTTP/1.1" 200 1281
190.25.125.132 - - [03/Mar/2019:09:58:46 -0500] "GET /BLA/resoluciones/RESOLUCIONES%202008/2580.pdf HTTP/1.1" 200 830963
190.25.125.132 - - [03/Mar/2019:09:58:46 -0500] "GET /BLA/resoluciones/RESOLUCIONES%202008/2580.pdf HTTP/1.1" 200 830963
186.119.31.4 - - [03/Mar/2019:09:58:59 -0500] "GET /galeria/galeria/jquery.fancybox.css?v=2.1.5 HTTP/1.1" 200 4895
186.119.31.4 - - [03/Mar/2019:09:58:59 -0500] "GET /BLA/boletinlegal/js/jquery.scrollShow.js HTTP/1.1" 200 4586
186.119.31.4 - - [03/Mar/2019:09:58:59 -0500] "GET /galeria/galeria/jquery.fancybox.js?v=2.1.5 HTTP/1.1" 200 48706
190.25.125.132 - - [03/Mar/2019:09:59:13 -0500] "GET /BLA/resoluciones/RESOLUCIONES%202008/2580.pdf HTTP/1.1" 200 830963
190.25.125.132 - - [03/Mar/2019:09:59:14 -0500] "GET /favicon.ico HTTP/1.1" 200 7782
200.118.100.193 - - [03/Mar/2019:09:59:17 -0500] "GET /galeria/galeria/jquery.fancybox.css?v=2.1.5 HTTP/1.1" 200 4895
200.118.100.193 - - [03/Mar/2019:09:59:17 -0500] "GET /galeria/galeria/jquery.fancybox.js?v=2.1.5 HTTP/1.1" 200 48706
200.118.100.193 - - [03/Mar/2019:09:59:17 -0500] "GET /BLA/boletinlegal/js/jquery.scrollShow.js HTTP/1.1" 200 4586
66.249.88.91 - - [03/Mar/2019:09:59:27 -0500] "GET /BLA/boletinlegal/js/jquery.scrollShow.js HTTP/1.1" 200 4586
66.249.88.91 - - [03/Mar/2019:09:59:27 -0500] "GET /galeria/galeria/jquery.fancybox.css?v=2.1.5 HTTP/1.1" 200 4895
66.249.88.93 - - [03/Mar/2019:09:59:27 -0500] "GET /galeria/galeria/jquery.fancybox.js?v=2.1.5 HTTP/1.1" 200 48706
66.249.66.81 - - [03/Mar/2019:09:59:31 -0500] "GET /BLA/resoluciones/index.php?dir=RESOLUCIONES+2005%2FRES+2005+2551-2600%2F HTTP/1.1" 200 12367
66.249.88.89 - - [03/Mar/2019:09:59:34 -0500] "GET /galeria/nivo-slider/demo/images/Banner%20Politica%20Publica%20CONPES%20(1).ai HTTP/1.1" 200 1775371
190.25.125.132 - - [03/Mar/2019:09:59:35 -0500] "GET /BLA/resoluciones/RESOLUCIONES%202008/2580.pdf HTTP/1.1" 200 830963
186.145.38.177 - - [03/Mar/2019:09:59:41 -0500] "GET /galeria/nivo-slider/demo/images/Banner%20Politica%20Publica%20CONPES%20(1).ai HTTP/1.1" 206 1
186.145.38.177 - - [03/Mar/2019:09:59:41 -0500] "GET /galeria/nivo-slider/demo/images/Banner%20Politica%20Publica%20CONPES%20(1).ai HTTP/1.1" 206 1774192
66.249.88.89 - - [03/Mar/2019:09:59:44 -0500] "GET /galeria/nivo-slider/demo/images/Banner%20Politica%20Publica%20CONPES%20(1).ai HTTP/1.1" 200 1775371
186.154.104.246 - - [03/Mar/2019:09:59:48 -0500] "GET /galeria/nivo-slider/demo/images/Banner%20Politica%20Publica%20CONPES%20(1).ai HTTP/1.1" 206 1
186.154.104.246 - - [03/Mar/2019:09:59:48 -0500] "GET /galeria/nivo-slider/demo/images/Banner%20Politica%20Publica%20CONPES%20(1).ai HTTP/1.1" 206 1758012
186.145.38.177 - - [03/Mar/2019:09:59:51 -0500] "GET /galeria/nivo-slider/demo/images/Banner%20Politica%20Publica%20CONPES%20(1).ai HTTP/1.1" 206 1
186.145.38.177 - - [03/Mar/2019:09:59:51 -0500] "GET /galeria/nivo-slider/demo/images/Banner%20Politica%20Publica%20CONPES%20(1).ai HTTP/1.1" 206 1774192
190.144.145.130 - - [03/Mar/2019:09:59:58 -0500] "GET /galeria/nivo-slider/demo/images/Banner%20Politica%20Publica%20CONPES%20(1).ai HTTP/1.1" 206 1
190.144.145.130 - - [03/Mar/2019:09:59:58 -0500] "GET /galeria/nivo-slider/demo/images/Banner%20Politica%20Publica%20CONPES%20(1).ai HTTP/1.1" 206 1772756
186.154.104.246 - - [03/Mar/2019:09:59:58 -0500] "GET /galeria/nivo-slider/demo/images/Banner%20Politica%20Publica%20CONPES%20(1).ai HTTP/1.1" 206 1
186.154.104.246 - - [03/Mar/2019:09:59:58 -0500] "GET /galeria/nivo-slider/demo/images/Banner%20Politica%20Publica%20CONPES%20(1).ai HTTP/1.1" 206 1758012
201.245.192.253 - - [03/Mar/2019:10:00:00 -0500] "GET /galeria/nivo-slider/demo/images/Banner%20Politica%20Publica%20CONPES%20(1).ai HTTP/1.1" 206 1
201.245.192.253 - - [03/Mar/2019:10:00:00 -0500] "GET /galeria/nivo-slider/demo/images/Banner%20Politica%20Publica%20CONPES%20(1).ai HTTP/1.1" 206 1711412
69.162.124.233 - - [03/Mar/2019:10:00:06 -0500] "HEAD / HTTP/1.1" 200 -
190.144.145.130 - - [03/Mar/2019:10:00:08 -0500] "GET /galeria/nivo-slider/demo/images/Banner%20Politica%20Publica%20CONPES%20(1).ai HTTP/1.1" 206 1
190.144.145.130 - - [03/Mar/2019:10:00:08 -0500] "GET /galeria/nivo-slider/demo/images/Banner%20Politica%20Publica%20CONPES%20(1).ai HTTP/1.1" 206 1772756
201.245.192.253 - - [03/Mar/2019:10:00:10 -0500] "GET /galeria/nivo-slider/demo/images/Banner%20Politica%20Publica%20CONPES%20(1).ai HTTP/1.1" 206 1
201.245.192.253 - - [03/Mar/2019:10:00:10 -0500] "GET /galeria/nivo-slider/demo/images/Banner%20Politica%20Publica%20CONPES%20(1).ai HTTP/1.1" 206 1711412
201.245.192.253 - - [03/Mar/2019:10:00:15 -0500] "GET /galeria/nivo-slider/demo/images/Banner%20Politica%20Publica%20CONPES%20(1).ai HTTP/1.1" 206 1
201.245.192.253 - - [03/Mar/2019:10:00:15 -0500] "GET /galeria/nivo-slider/demo/images/Banner%20Politica%20Publica%20CONPES%20(1).ai HTTP/1.1" 206 1711412
192.168.175.104 - - [03/Mar/2019:10:00:19 -0500] "GET / HTTP/1.1" 200 9990
201.245.192.253 - - [03/Mar/2019:10:00:25 -0500] "GET /galeria/nivo-slider/demo/images/Banner%20Politica%20Publica%20CONPES%20(1).ai HTTP/1.1" 206 1
201.245.192.253 - - [03/Mar/2019:10:00:25 -0500] "GET /galeria/nivo-slider/demo/images/Banner%20Politica%20Publica%20CONPES%20(1).ai HTTP/1.1" 206 1711412
190.66.57.142 - - [03/Mar/2019:10:00:27 -0500] "GET /galeria/galeria/jquery.fancybox.css?v=2.1.5 HTTP/1.1" 200 4895
190.66.57.142 - - [03/Mar/2019:10:00:27 -0500] "GET /BLA/boletinlegal/js/jquery.scrollShow.js HTTP/1.1" 200 4586
190.66.57.142 - - [03/Mar/2019:10:00:27 -0500] "GET /galeria/galeria/jquery.fancybox.js?v=2.1.5 HTTP/1.1" 200 48706
201.245.192.253 - - [03/Mar/2019:10:00:50 -0500] "GET /galeria/nivo-slider/demo/images/Banner%20Politica%20Publica%20CONPES%20(1).ai HTTP/1.1" 206 1
201.245.192.253 - - [03/Mar/2019:10:00:50 -0500] "GET /galeria/nivo-slider/demo/images/Banner%20Politica%20Publica%20CONPES%20(1).ai HTTP/1.1" 206 1711412
192.168.175.104 - - [03/Mar/2019:10:00:54 -0500] "GET / HTTP/1.0" 200 9990
201.245.192.253 - - [03/Mar/2019:10:01:00 -0500] "GET /galeria/nivo-slider/demo/images/Banner%20Politica%20Publica%20CONPES%20(1).ai HTTP/1.1" 206 1
201.245.192.253 - - [03/Mar/2019:10:01:00 -0500] "GET /galeria/nivo-slider/demo/images/Banner%20Politica%20Publica%20CONPES%20(1).ai HTTP/1.1" 206 1711412
190.9.193.217 - - [03/Mar/2019:10:01:01 -0500] "GET /galeria/galeria/jquery.fancybox.js?v=2.1.5 HTTP/1.1" 200 48706
190.9.193.217 - - [03/Mar/2019:10:01:01 -0500] "GET /BLA/boletinlegal/js/jquery.scrollShow.js HTTP/1.1" 200 4586
190.9.193.217 - - [03/Mar/2019:10:01:01 -0500] "GET /galeria/galeria/jquery.fancybox.css?v=2.1.5 HTTP/1.1" 200 4895
190.9.193.217 - - [03/Mar/2019:10:01:04 -0500] "GET /galeria/galeria/jquery.fancybox.css?v=2.1.5 HTTP/1.1" 304 -
