69.162.124.233 - - [03/Mar/2019:08:29:41 -0500] "HEAD / HTTP/1.1" 200 -
54.36.150.171 - - [03/Mar/2019:08:29:58 -0500] "GET /BLA/resoluciones/index.php?dir=RESOLUCIONES%202004/RES%202004%201051-1100/&sort=size&order=desc HTTP/1.1" 200 12163
66.249.66.153 - - [03/Mar/2019:08:30:00 -0500] "GET /BLA/boletinlegal/jurisprudencia.php HTTP/1.1" 200 17573
201.245.192.253 - - [03/Mar/2019:08:30:08 -0500] "GET /galeria/nivo-slider/demo/images/Banner%20Politica%20Publica%20CONPES%20(1).ai HTTP/1.1" 206 1
201.245.192.253 - - [03/Mar/2019:08:30:18 -0500] "GET /galeria/nivo-slider/demo/images/Banner%20Politica%20Publica%20CONPES%20(1).ai HTTP/1.1" 206 1
190.144.166.61 - - [03/Mar/2019:08:30:42 -0500] "GET /galeria/nivo-slider/demo/images/Banner%20Politica%20Publica%20CONPES%20(1).ai HTTP/1.1" 206 1
190.144.166.61 - - [03/Mar/2019:08:30:42 -0500] "GET /galeria/nivo-slider/demo/images/Banner%20Politica%20Publica%20CONPES%20(1).ai HTTP/1.1" 206 1332074
201.245.192.253 - - [03/Mar/2019:08:30:09 -0500] "POST /kwsrmcab/Wsrmcab HTTP/1.1" 200 28061
190.144.166.61 - - [03/Mar/2019:08:30:52 -0500] "GET /galeria/nivo-slider/demo/images/Banner%20Politica%20Publica%20CONPES%20(1).ai HTTP/1.1" 206 1
192.168.175.104 - - [03/Mar/2019:08:30:53 -0500] "GET / HTTP/1.1" 200 9990
192.168.175.104 - - [03/Mar/2019:08:31:28 -0500] "GET / HTTP/1.0" 200 9990
181.61.204.153 - - [03/Mar/2019:08:31:44 -0500] "GET /galeria/nivo-slider/demo/images/Banner%20Politica%20Publica%20CONPES%20(1).ai HTTP/1.1" 206 1
181.61.204.153 - - [03/Mar/2019:08:31:44 -0500] "GET /galeria/nivo-slider/demo/images/Banner%20Politica%20Publica%20CONPES%20(1).ai HTTP/1.1" 206 1765432
181.61.204.153 - - [03/Mar/2019:08:31:54 -0500] "GET /galeria/nivo-slider/demo/images/Banner%20Politica%20Publica%20CONPES%20(1).ai HTTP/1.1" 206 1
181.61.204.153 - - [03/Mar/2019:08:31:54 -0500] "GET /galeria/nivo-slider/demo/images/Banner%20Politica%20Publica%20CONPES%20(1).ai HTTP/1.1" 206 1765432
201.245.192.253 - - [03/Mar/2019:08:32:00 -0500] "GET /galeria/nivo-slider/demo/images/Banner%20Politica%20Publica%20CONPES%20(1).ai HTTP/1.1" 206 1
201.245.192.253 - - [03/Mar/2019:08:32:00 -0500] "GET /galeria/nivo-slider/demo/images/Banner%20Politica%20Publica%20CONPES%20(1).ai HTTP/1.1" 206 1711412
201.245.192.253 - - [03/Mar/2019:08:32:10 -0500] "GET /galeria/nivo-slider/demo/images/Banner%20Politica%20Publica%20CONPES%20(1).ai HTTP/1.1" 206 1
201.245.192.253 - - [03/Mar/2019:08:32:10 -0500] "GET /galeria/nivo-slider/demo/images/Banner%20Politica%20Publica%20CONPES%20(1).ai HTTP/1.1" 206 1711412
186.154.104.246 - - [03/Mar/2019:08:32:18 -0500] "GET /galeria/nivo-slider/demo/images/Banner%20Politica%20Publica%20CONPES%20(1).ai HTTP/1.1" 206 1
186.154.104.246 - - [03/Mar/2019:08:32:18 -0500] "GET /galeria/nivo-slider/demo/images/Banner%20Politica%20Publica%20CONPES%20(1).ai HTTP/1.1" 206 1758012
54.36.148.70 - - [03/Mar/2019:08:32:22 -0500] "GET /BLA/resoluciones/RESOLUCIONES%202005/RES%202005%202301-2350/00002317.tif HTTP/1.1" 200 119284
186.154.104.246 - - [03/Mar/2019:08:32:28 -0500] "GET /galeria/nivo-slider/demo/images/Banner%20Politica%20Publica%20CONPES%20(1).ai HTTP/1.1" 206 1
186.154.104.246 - - [03/Mar/2019:08:32:28 -0500] "GET /galeria/nivo-slider/demo/images/Banner%20Politica%20Publica%20CONPES%20(1).ai HTTP/1.1" 206 1758012
201.245.192.253 - - [03/Mar/2019:08:32:45 -0500] "GET /galeria/nivo-slider/demo/images/Banner%20Politica%20Publica%20CONPES%20(1).ai HTTP/1.1" 206 1
201.245.192.253 - - [03/Mar/2019:08:32:45 -0500] "GET /galeria/nivo-slider/demo/images/Banner%20Politica%20Publica%20CONPES%20(1).ai HTTP/1.1" 206 1711412
201.245.192.253 - - [03/Mar/2019:08:32:50 -0500] "GET /galeria/nivo-slider/demo/images/Banner%20Politica%20Publica%20CONPES%20(1).ai HTTP/1.1" 206 1
201.245.192.253 - - [03/Mar/2019:08:32:50 -0500] "GET /galeria/nivo-slider/demo/images/Banner%20Politica%20Publica%20CONPES%20(1).ai HTTP/1.1" 206 1711412
181.61.204.153 - - [03/Mar/2019:08:32:52 -0500] "GET /galeria/nivo-slider/demo/images/Banner%20Politica%20Publica%20CONPES%20(1).ai HTTP/1.1" 206 1
181.61.204.153 - - [03/Mar/2019:08:32:52 -0500] "GET /galeria/nivo-slider/demo/images/Banner%20Politica%20Publica%20CONPES%20(1).ai HTTP/1.1" 206 1765432
54.36.150.138 - - [03/Mar/2019:08:32:53 -0500] "GET /BLA/resoluciones/RESOLUCIONES%202003/RES%202003%201351-1400/20031392.tif HTTP/1.1" 200 55764
201.245.192.253 - - [03/Mar/2019:08:32:55 -0500] "GET /galeria/nivo-slider/demo/images/Banner%20Politica%20Publica%20CONPES%20(1).ai HTTP/1.1" 206 1
201.245.192.253 - - [03/Mar/2019:08:32:55 -0500] "GET /galeria/nivo-slider/demo/images/Banner%20Politica%20Publica%20CONPES%20(1).ai HTTP/1.1" 206 1711412
201.245.192.253 - - [03/Mar/2019:08:33:00 -0500] "GET /galeria/nivo-slider/demo/images/Banner%20Politica%20Publica%20CONPES%20(1).ai HTTP/1.1" 206 1
201.245.192.253 - - [03/Mar/2019:08:33:00 -0500] "GET /galeria/nivo-slider/demo/images/Banner%20Politica%20Publica%20CONPES%20(1).ai HTTP/1.1" 206 1711412
190.9.200.213 - - [03/Mar/2019:08:33:07 -0500] "GET /galeria/nivo-slider/demo/demo.html HTTP/1.1" 304 -
190.9.200.213 - - [03/Mar/2019:08:33:08 -0500] "GET /galeria/nivo-slider/demo/images/Banner%20idypiba%20adopcion.png HTTP/1.1" 304 -
190.9.200.213 - - [03/Mar/2019:08:33:09 -0500] "GET /galeria/nivo-slider/demo/images/Caminatas%20marzo.png HTTP/1.1" 304 -
190.9.200.213 - - [03/Mar/2019:08:33:09 -0500] "GET /galeria/nivo-slider/demo/images/Banner%20Politica%20Publica%20CONPES%20(1).ai HTTP/1.1" 206 1
190.9.200.213 - - [03/Mar/2019:08:33:09 -0500] "GET /galeria/nivo-slider/demo/images/Banner%20Politica%20Publica%20CONPES%20(1).ai HTTP/1.1" 206 1741287
66.249.66.81 - - [03/Mar/2019:08:33:16 -0500] "GET /www.ambientebogota.gov.co/web/web-ninos/inicio HTTP/1.1" 404 1018
54.36.150.70 - - [03/Mar/2019:08:33:27 -0500] "GET /BLA/resoluciones/RESOLUCIONES%202006/RES%202006%202451-2500/00002451.tif HTTP/1.1" 200 348306
181.61.204.153 - - [03/Mar/2019:08:33:39 -0500] "GET /galeria/nivo-slider/demo/images/Banner%20Politica%20Publica%20CONPES%20(1).ai HTTP/1.1" 206 1
181.61.204.153 - - [03/Mar/2019:08:33:39 -0500] "GET /galeria/nivo-slider/demo/images/Banner%20Politica%20Publica%20CONPES%20(1).ai HTTP/1.1" 206 1765432
66.249.66.83 - - [03/Mar/2019:08:33:48 -0500] "GET /BLA/resoluciones/RESOLUCIONES%202008/2563.pdf HTTP/1.1" 200 335864
86.141.95.7 - - [03/Mar/2019:08:33:58 -0500] "GET /BLA/boletinlegal/js/jquery.scrollShow.js HTTP/1.1" 200 4586
86.141.95.7 - - [03/Mar/2019:08:33:58 -0500] "GET /galeria/galeria/jquery.fancybox.css?v=2.1.5 HTTP/1.1" 200 4895
86.141.95.7 - - [03/Mar/2019:08:33:58 -0500] "GET /galeria/galeria/jquery.fancybox.js?v=2.1.5 HTTP/1.1" 200 48706
45.230.103.28 - - [03/Mar/2019:08:34:04 -0500] "GET / HTTP/1.1" 200 9990
201.245.192.253 - - [03/Mar/2019:08:34:08 -0500] "GET /galeria/nivo-slider/demo/images/Banner%20Politica%20Publica%20CONPES%20(1).ai HTTP/1.1" 206 1
35.241.138.178 - - [03/Mar/2019:08:34:13 -0500] "-" 408 -
201.245.192.253 - - [03/Mar/2019:08:34:18 -0500] "GET /galeria/nivo-slider/demo/images/Banner%20Politica%20Publica%20CONPES%20(1).ai HTTP/1.1" 206 1
69.162.124.233 - - [03/Mar/2019:08:34:40 -0500] "HEAD / HTTP/1.1" 200 -
66.249.66.81 - - [03/Mar/2019:08:34:45 -0500] "GET /BLA/resoluciones/RESOLUCIONES%202008/0827.pdf HTTP/1.1" 200 297712
190.144.166.61 - - [03/Mar/2019:08:34:52 -0500] "GET /galeria/nivo-slider/demo/images/Banner%20Politica%20Publica%20CONPES%20(1).ai HTTP/1.1" 206 1
190.144.166.61 - - [03/Mar/2019:08:34:52 -0500] "GET /galeria/nivo-slider/demo/images/Banner%20Politica%20Publica%20CONPES%20(1).ai HTTP/1.1" 206 1332074
190.144.166.61 - - [03/Mar/2019:08:35:02 -0500] "GET /galeria/nivo-slider/demo/images/Banner%20Politica%20Publica%20CONPES%20(1).ai HTTP/1.1" 206 1
181.61.204.153 - - [03/Mar/2019:08:35:05 -0500] "GET /galeria/nivo-slider/demo/images/Banner%20Politica%20Publica%20CONPES%20(1).ai HTTP/1.1" 206 1
181.61.204.153 - - [03/Mar/2019:08:35:05 -0500] "GET /galeria/nivo-slider/demo/images/Banner%20Politica%20Publica%20CONPES%20(1).ai HTTP/1.1" 206 1727809
181.61.204.153 - - [03/Mar/2019:08:35:07 -0500] "GET /galeria/nivo-slider/demo/images/Banner%20Politica%20Publica%20CONPES%20(1).ai HTTP/1.1" 206 1
181.61.204.153 - - [03/Mar/2019:08:35:07 -0500] "GET /galeria/nivo-slider/demo/images/Banner%20Politica%20Publica%20CONPES%20(1).ai HTTP/1.1" 206 1727809
190.84.26.18 - - [03/Mar/2019:08:35:21 -0500] "GET /BLA/boletinlegal/js/jquery.scrollShow.js HTTP/1.1" 200 4586
190.84.26.18 - - [03/Mar/2019:08:35:21 -0500] "GET /galeria/galeria/jquery.fancybox.js?v=2.1.5 HTTP/1.1" 200 48706
66.249.88.93 - - [03/Mar/2019:08:35:32 -0500] "GET /galeria/galeria/jquery.fancybox.css?v=2.1.5 HTTP/1.1" 200 4895
66.249.88.93 - - [03/Mar/2019:08:35:32 -0500] "GET /galeria/galeria/jquery.fancybox.js?v=2.1.5 HTTP/1.1" 200 48706
66.249.88.93 - - [03/Mar/2019:08:35:32 -0500] "GET /BLA/boletinlegal/js/jquery.scrollShow.js HTTP/1.1" 200 4586
66.249.66.81 - - [03/Mar/2019:08:35:42 -0500] "GET /BLA/resoluciones/AUTOS%202017/2651.pdf HTTP/1.1" 200 268103
190.9.200.213 - - [03/Mar/2019:08:35:48 -0500] "GET /autoliquidacion HTTP/1.1" 301 310
190.9.200.213 - - [03/Mar/2019:08:35:48 -0500] "GET /autoliquidacion/ HTTP/1.1" 200 6377
190.9.200.213 - - [03/Mar/2019:08:35:48 -0500] "GET /autoliquidacion/dlf/styles.css HTTP/1.1" 200 3045
190.9.200.213 - - [03/Mar/2019:08:35:48 -0500] "GET /autoliquidacion/dlf/folder.png HTTP/1.1" 200 410
190.9.200.213 - - [03/Mar/2019:08:35:48 -0500] "GET /autoliquidacion/dlf/bg.gif HTTP/1.1" 200 54
192.168.175.104 - - [03/Mar/2019:08:35:51 -0500] "GET / HTTP/1.1" 200 9990
201.245.192.253 - - [03/Mar/2019:08:36:00 -0500] "GET /galeria/nivo-slider/demo/images/Banner%20Politica%20Publica%20CONPES%20(1).ai HTTP/1.1" 206 1
201.245.192.253 - - [03/Mar/2019:08:36:00 -0500] "GET /galeria/nivo-slider/demo/images/Banner%20Politica%20Publica%20CONPES%20(1).ai HTTP/1.1" 206 1711412
190.157.241.194 - - [03/Mar/2019:08:36:01 -0500] "GET /galeria/galeria/fotos/Humedal-la-conejera3G.jpg HTTP/1.1" 200 373974
201.245.192.253 - - [03/Mar/2019:08:36:10 -0500] "GET /galeria/nivo-slider/demo/images/Banner%20Politica%20Publica%20CONPES%20(1).ai HTTP/1.1" 206 1
201.245.192.253 - - [03/Mar/2019:08:36:10 -0500] "GET /galeria/nivo-slider/demo/images/Banner%20Politica%20Publica%20CONPES%20(1).ai HTTP/1.1" 206 1711412
192.168.175.104 - - [03/Mar/2019:08:36:26 -0500] "GET / HTTP/1.0" 200 9990
186.154.104.246 - - [03/Mar/2019:08:36:28 -0500] "GET /galeria/nivo-slider/demo/images/Banner%20Politica%20Publica%20CONPES%20(1).ai HTTP/1.1" 206 1
186.154.104.246 - - [03/Mar/2019:08:36:28 -0500] "GET /galeria/nivo-slider/demo/images/Banner%20Politica%20Publica%20CONPES%20(1).ai HTTP/1.1" 206 1758012
186.154.104.246 - - [03/Mar/2019:08:36:38 -0500] "GET /galeria/nivo-slider/demo/images/Banner%20Politica%20Publica%20CONPES%20(1).ai HTTP/1.1" 206 1
186.154.104.246 - - [03/Mar/2019:08:36:38 -0500] "GET /galeria/nivo-slider/demo/images/Banner%20Politica%20Publica%20CONPES%20(1).ai HTTP/1.1" 206 1758012
66.249.66.81 - - [03/Mar/2019:08:36:40 -0500] "GET /BLA/resoluciones/RESOLUCIONES%202017/3389.pdf HTTP/1.1" 200 468511
201.245.192.253 - - [03/Mar/2019:08:36:50 -0500] "GET /galeria/nivo-slider/demo/images/Banner%20Politica%20Publica%20CONPES%20(1).ai HTTP/1.1" 206 1
201.245.192.253 - - [03/Mar/2019:08:36:50 -0500] "GET /galeria/nivo-slider/demo/images/Banner%20Politica%20Publica%20CONPES%20(1).ai HTTP/1.1" 206 1711412
201.245.192.253 - - [03/Mar/2019:08:36:55 -0500] "GET /galeria/nivo-slider/demo/images/Banner%20Politica%20Publica%20CONPES%20(1).ai HTTP/1.1" 206 1
201.245.192.253 - - [03/Mar/2019:08:36:55 -0500] "GET /galeria/nivo-slider/demo/images/Banner%20Politica%20Publica%20CONPES%20(1).ai HTTP/1.1" 206 1711412
201.245.192.253 - - [03/Mar/2019:08:37:00 -0500] "GET /galeria/nivo-slider/demo/images/Banner%20Politica%20Publica%20CONPES%20(1).ai HTTP/1.1" 206 1
201.245.192.253 - - [03/Mar/2019:08:37:00 -0500] "GET /galeria/nivo-slider/demo/images/Banner%20Politica%20Publica%20CONPES%20(1).ai HTTP/1.1" 206 1711412
201.245.192.253 - - [03/Mar/2019:08:37:05 -0500] "GET /galeria/nivo-slider/demo/images/Banner%20Politica%20Publica%20CONPES%20(1).ai HTTP/1.1" 206 1
201.245.192.253 - - [03/Mar/2019:08:37:05 -0500] "GET /galeria/nivo-slider/demo/images/Banner%20Politica%20Publica%20CONPES%20(1).ai HTTP/1.1" 206 1711412
66.249.66.83 - - [03/Mar/2019:08:37:37 -0500] "GET /BLA/resoluciones/RESOLUCIONES%202017/2264.pdf HTTP/1.1" 200 303230
181.61.204.153 - - [03/Mar/2019:08:37:47 -0500] "GET /galeria/nivo-slider/demo/images/Banner%20Politica%20Publica%20CONPES%20(1).ai HTTP/1.1" 206 1
181.61.204.153 - - [03/Mar/2019:08:37:47 -0500] "GET /galeria/nivo-slider/demo/images/Banner%20Politica%20Publica%20CONPES%20(1).ai HTTP/1.1" 206 1727809
181.61.204.153 - - [03/Mar/2019:08:37:57 -0500] "GET /galeria/nivo-slider/demo/images/Banner%20Politica%20Publica%20CONPES%20(1).ai HTTP/1.1" 206 1
181.61.204.153 - - [03/Mar/2019:08:37:57 -0500] "GET /galeria/nivo-slider/demo/images/Banner%20Politica%20Publica%20CONPES%20(1).ai HTTP/1.1" 206 1727809
181.50.235.76 - - [03/Mar/2019:08:38:05 -0500] "GET /galeria/galeria/jquery.fancybox.css?v=2.1.5 HTTP/1.1" 200 4895
181.50.235.76 - - [03/Mar/2019:08:38:05 -0500] "GET /galeria/galeria/jquery.fancybox.js?v=2.1.5 HTTP/1.1" 200 48706
181.50.235.76 - - [03/Mar/2019:08:38:05 -0500] "GET /BLA/boletinlegal/js/jquery.scrollShow.js HTTP/1.1" 200 4586
201.245.192.253 - - [03/Mar/2019:08:38:08 -0500] "GET /galeria/nivo-slider/demo/images/Banner%20Politica%20Publica%20CONPES%20(1).ai HTTP/1.1" 206 1
201.245.192.253 - - [03/Mar/2019:08:38:18 -0500] "GET /galeria/nivo-slider/demo/images/Banner%20Politica%20Publica%20CONPES%20(1).ai HTTP/1.1" 206 1
66.249.66.82 - - [03/Mar/2019:08:38:34 -0500] "GET /BLA/resoluciones/index.php?dir=RESOLUCIONES%202005/RES%202005%201051-1100/&sort=date&order=asc HTTP/1.1" 200 3976
190.144.166.61 - - [03/Mar/2019:08:39:02 -0500] "GET /galeria/nivo-slider/demo/images/Banner%20Politica%20Publica%20CONPES%20(1).ai HTTP/1.1" 206 1
190.144.166.61 - - [03/Mar/2019:08:39:12 -0500] "GET /galeria/nivo-slider/demo/images/Banner%20Politica%20Publica%20CONPES%20(1).ai HTTP/1.1" 206 1
66.249.66.83 - - [03/Mar/2019:08:39:31 -0500] "GET /BLA/resoluciones/AUTOS%202017/2513.pdf HTTP/1.1" 200 221877
69.162.124.233 - - [03/Mar/2019:08:39:40 -0500] "HEAD / HTTP/1.1" 200 -
190.159.252.70 - - [03/Mar/2019:08:39:50 -0500] "GET /galeria/galeria/jquery.fancybox.js?v=2.1.5 HTTP/1.1" 200 48706
190.159.252.70 - - [03/Mar/2019:08:39:50 -0500] "GET /BLA/boletinlegal/js/jquery.scrollShow.js HTTP/1.1" 200 4586
190.159.252.70 - - [03/Mar/2019:08:39:50 -0500] "GET /galeria/galeria/jquery.fancybox.css?v=2.1.5 HTTP/1.1" 200 4895
201.245.192.253 - - [03/Mar/2019:08:40:00 -0500] "GET /galeria/nivo-slider/demo/images/Banner%20Politica%20Publica%20CONPES%20(1).ai HTTP/1.1" 206 1
201.245.192.253 - - [03/Mar/2019:08:40:00 -0500] "GET /galeria/nivo-slider/demo/images/Banner%20Politica%20Publica%20CONPES%20(1).ai HTTP/1.1" 206 1711412
201.245.192.253 - - [03/Mar/2019:08:40:10 -0500] "GET /galeria/nivo-slider/demo/images/Banner%20Politica%20Publica%20CONPES%20(1).ai HTTP/1.1" 206 1
201.245.192.253 - - [03/Mar/2019:08:40:10 -0500] "GET /galeria/nivo-slider/demo/images/Banner%20Politica%20Publica%20CONPES%20(1).ai HTTP/1.1" 206 1711412
66.249.66.82 - - [03/Mar/2019:08:40:28 -0500] "GET /BLA/resoluciones/AUTOS%202017/3097.pdf HTTP/1.1" 200 449039
186.154.162.156 - - [03/Mar/2019:08:40:37 -0500] "GET /galeria/galeria/jquery.fancybox.css?v=2.1.5 HTTP/1.1" 200 4895
186.154.162.156 - - [03/Mar/2019:08:40:37 -0500] "GET /galeria/galeria/jquery.fancybox.js?v=2.1.5 HTTP/1.1" 200 48706
186.154.162.156 - - [03/Mar/2019:08:40:38 -0500] "GET /galeria/galeria/fotos/Soratama1P.jpg HTTP/1.1" 200 9622
186.154.162.156 - - [03/Mar/2019:08:40:38 -0500] "GET /galeria/galeria/fotos/Soratama2P.jpg HTTP/1.1" 200 10548
186.154.162.156 - - [03/Mar/2019:08:40:38 -0500] "GET /galeria/galeria/fotos/Soratama3P.jpg HTTP/1.1" 200 11298
186.154.162.156 - - [03/Mar/2019:08:40:38 -0500] "GET /galeria/galeria/fotos/Soratama4P.jpg HTTP/1.1" 200 10482
186.154.104.246 - - [03/Mar/2019:08:40:38 -0500] "GET /galeria/nivo-slider/demo/images/Banner%20Politica%20Publica%20CONPES%20(1).ai HTTP/1.1" 206 1
186.154.104.246 - - [03/Mar/2019:08:40:38 -0500] "GET /galeria/nivo-slider/demo/images/Banner%20Politica%20Publica%20CONPES%20(1).ai HTTP/1.1" 206 1758012
186.154.104.246 - - [03/Mar/2019:08:40:48 -0500] "GET /galeria/nivo-slider/demo/images/Banner%20Politica%20Publica%20CONPES%20(1).ai HTTP/1.1" 206 1
186.154.104.246 - - [03/Mar/2019:08:40:48 -0500] "GET /galeria/nivo-slider/demo/images/Banner%20Politica%20Publica%20CONPES%20(1).ai HTTP/1.1" 206 1758012
192.168.175.104 - - [03/Mar/2019:08:40:49 -0500] "GET / HTTP/1.1" 200 9990
201.245.192.253 - - [03/Mar/2019:08:40:50 -0500] "GET /galeria/nivo-slider/demo/images/Banner%20Politica%20Publica%20CONPES%20(1).ai HTTP/1.1" 206 1
201.245.192.253 - - [03/Mar/2019:08:40:50 -0500] "GET /galeria/nivo-slider/demo/images/Banner%20Politica%20Publica%20CONPES%20(1).ai HTTP/1.1" 206 1711412
54.36.150.171 - - [03/Mar/2019:08:40:53 -0500] "GET /BLA/resoluciones/AUTOS%202006/AUTOS%202006%20701-800/00000750.tif HTTP/1.1" 200 61352
201.245.192.253 - - [03/Mar/2019:08:41:00 -0500] "GET /galeria/nivo-slider/demo/images/Banner%20Politica%20Publica%20CONPES%20(1).ai HTTP/1.1" 206 1
201.245.192.253 - - [03/Mar/2019:08:41:00 -0500] "GET /galeria/nivo-slider/demo/images/Banner%20Politica%20Publica%20CONPES%20(1).ai HTTP/1.1" 206 1711412
201.245.192.253 - - [03/Mar/2019:08:41:05 -0500] "GET /galeria/nivo-slider/demo/images/Banner%20Politica%20Publica%20CONPES%20(1).ai HTTP/1.1" 206 1
201.245.192.253 - - [03/Mar/2019:08:41:05 -0500] "GET /galeria/nivo-slider/demo/images/Banner%20Politica%20Publica%20CONPES%20(1).ai HTTP/1.1" 206 1711412
207.46.13.225 - - [03/Mar/2019:08:41:07 -0500] "GET /BLA/boletinlegal/Directivas/2014/Directiva%20No.%203%20del%2020%20de%20Mayo%20de%202014.pdf HTTP/1.1" 304 -
201.245.192.253 - - [03/Mar/2019:08:41:15 -0500] "GET /galeria/nivo-slider/demo/images/Banner%20Politica%20Publica%20CONPES%20(1).ai HTTP/1.1" 206 1
201.245.192.253 - - [03/Mar/2019:08:41:15 -0500] "GET /galeria/nivo-slider/demo/images/Banner%20Politica%20Publica%20CONPES%20(1).ai HTTP/1.1" 206 1711412
200.25.59.65 - - [03/Mar/2019:08:41:20 -0500] "GET /galeria/nivo-slider/demo/images/Banner%20practicas%20sostenibles.jpg HTTP/1.1" 304 -
192.168.175.104 - - [03/Mar/2019:08:41:24 -0500] "GET / HTTP/1.0" 200 9990
66.249.66.81 - - [03/Mar/2019:08:41:25 -0500] "GET /BLA/resoluciones/AUTOS%202010/3992.pdf HTTP/1.1" 200 6186073
54.36.148.166 - - [03/Mar/2019:08:41:51 -0500] "GET /BLA/resoluciones/RESOLUCIONES%202005/RES%202005%202401-2450/00002424.tif HTTP/1.1" 200 298448
186.155.163.10 - - [03/Mar/2019:08:41:53 -0500] "GET /galeria/galeria/jquery.fancybox.css?v=2.1.5 HTTP/1.1" 200 4895
186.155.163.10 - - [03/Mar/2019:08:41:53 -0500] "GET /galeria/carrusel/Carrusel/jquery.thumbnailScroller.css HTTP/1.1" 200 2066
186.155.163.10 - - [03/Mar/2019:08:41:53 -0500] "GET /BLA/boletinlegal/js/jquery.scrollShow.js HTTP/1.1" 200 4586
186.155.163.10 - - [03/Mar/2019:08:41:53 -0500] "GET /galeria/galeria/jquery.fancybox.js?v=2.1.5 HTTP/1.1" 200 48706
186.155.163.10 - - [03/Mar/2019:08:41:53 -0500] "GET /galeria/carrusel/Carrusel/jquery-ui-1.8.13.custom.min.js HTTP/1.1" 200 10800
186.155.163.10 - - [03/Mar/2019:08:41:53 -0500] "GET /galeria/carrusel/Carrusel/jquery.thumbnailScroller.js HTTP/1.1" 200 8157
186.155.163.10 - - [03/Mar/2019:08:41:54 -0500] "GET /galeria/nivo-slider/demo/demo.html HTTP/1.1" 200 22851
186.155.163.10 - - [03/Mar/2019:08:41:55 -0500] "GET /galeria/nivo-slider/themes/default/default.css HTTP/1.1" 200 1569
186.155.163.10 - - [03/Mar/2019:08:41:55 -0500] "GET /galeria/nivo-slider/themes/pascal/pascal.css HTTP/1.1" 200 2258
186.155.163.10 - - [03/Mar/2019:08:41:55 -0500] "GET /galeria/nivo-slider/themes/orman/orman.css HTTP/1.1" 200 2152
186.155.163.10 - - [03/Mar/2019:08:41:55 -0500] "GET /galeria/nivo-slider/nivo-slider.css HTTP/1.1" 200 1507
186.155.163.10 - - [03/Mar/2019:08:41:55 -0500] "GET /galeria/nivo-slider/demo/style.css HTTP/1.1" 200 2222
186.155.163.10 - - [03/Mar/2019:08:41:55 -0500] "GET /galeria/nivo-slider/demo/scripts/jquery-1.7.1.min.js HTTP/1.1" 200 93868
186.155.163.10 - - [03/Mar/2019:08:41:55 -0500] "GET /galeria/nivo-slider/demo/images/Trafico%20de%20fauna.jpg HTTP/1.1" 200 198327
186.155.163.10 - - [03/Mar/2019:08:41:55 -0500] "GET /galeria/nivo-slider/jquery.nivo.slider.pack.js HTTP/1.1" 200 11561
186.155.163.10 - - [03/Mar/2019:08:41:55 -0500] "GET /galeria/nivo-slider/demo/images/Bannerweb_Tinguas.jpg HTTP/1.1" 200 258471
186.155.163.10 - - [03/Mar/2019:08:41:55 -0500] "GET /galeria/nivo-slider/demo/images/Banner%20idypiba%20adopcion.png HTTP/1.1" 200 172631
186.155.163.10 - - [03/Mar/2019:08:41:56 -0500] "GET /galeria/nivo-slider/demo/images/Banner%20practicas%20sostenibles.jpg HTTP/1.1" 200 142958
181.61.204.153 - - [03/Mar/2019:08:41:57 -0500] "GET /galeria/nivo-slider/demo/images/Banner%20Politica%20Publica%20CONPES%20(1).ai HTTP/1.1" 206 1
181.61.204.153 - - [03/Mar/2019:08:41:57 -0500] "GET /galeria/nivo-slider/demo/images/Banner%20Politica%20Publica%20CONPES%20(1).ai HTTP/1.1" 206 1727809
186.155.163.10 - - [03/Mar/2019:08:41:59 -0500] "GET /galeria/nivo-slider/demo/images/Banneranonimos.png HTTP/1.1" 200 109388
186.155.163.10 - - [03/Mar/2019:08:41:59 -0500] "GET /galeria/nivo-slider/demo/images/Otorgamiento-excelencia-ambiental-Jos%C3%A9-Celestino-Mutis-2.jpg HTTP/1.1" 200 276467
186.31.178.220 - - [03/Mar/2019:08:42:00 -0500] "GET /galeria/galeria/fotos/Huemdal-Cordoba3G.jpg HTTP/1.1" 200 445563
186.155.163.10 - - [03/Mar/2019:08:42:05 -0500] "GET /galeria/nivo-slider/demo/images/Pot_banner.jpg HTTP/1.1" 200 204736
181.61.204.153 - - [03/Mar/2019:08:42:07 -0500] "GET /galeria/nivo-slider/demo/images/Banner%20Politica%20Publica%20CONPES%20(1).ai HTTP/1.1" 206 1
181.61.204.153 - - [03/Mar/2019:08:42:07 -0500] "GET /galeria/nivo-slider/demo/images/Banner%20Politica%20Publica%20CONPES%20(1).ai HTTP/1.1" 206 1727809
201.245.192.253 - - [03/Mar/2019:08:42:08 -0500] "GET /galeria/nivo-slider/demo/images/Banner%20Politica%20Publica%20CONPES%20(1).ai HTTP/1.1" 206 1
186.155.163.10 - - [03/Mar/2019:08:42:08 -0500] "GET /galeria/nivo-slider/demo/images/BANNER%20punto.jpg HTTP/1.1" 200 75932
186.155.163.10 - - [03/Mar/2019:08:42:08 -0500] "GET /galeria/nivo-slider/demo/images/maximavelocidad.png HTTP/1.1" 200 880272
186.155.163.10 - - [03/Mar/2019:08:42:08 -0500] "GET /galeria/nivo-slider/demo/images/Banner_micrositio.png HTTP/1.1" 200 146950
186.155.163.10 - - [03/Mar/2019:08:42:14 -0500] "GET /galeria/nivo-slider/demo/images/Banner%20-%20Pread.jpg HTTP/1.1" 200 190212
186.155.163.10 - - [03/Mar/2019:08:42:14 -0500] "GET /galeria/nivo-slider/demo/images/banner-humedales-de-bogota.jpg HTTP/1.1" 200 292611
186.155.163.10 - - [03/Mar/2019:08:42:14 -0500] "GET /galeria/nivo-slider/demo/images/avances-sentencias-rio-bogota-2.jpg HTTP/1.1" 200 304916
186.155.163.10 - - [03/Mar/2019:08:42:15 -0500] "GET /galeria/nivo-slider/demo/images/BANNER%20VAN%20DER%20HAMMEN.jpg HTTP/1.1" 200 64172
201.245.192.253 - - [03/Mar/2019:08:42:18 -0500] "GET /galeria/nivo-slider/demo/images/Banner%20Politica%20Publica%20CONPES%20(1).ai HTTP/1.1" 206 1
186.155.163.10 - - [03/Mar/2019:08:42:22 -0500] "GET /galeria/nivo-slider/demo/images/web%20ingreso%20humedales.png HTTP/1.1" 200 641193
66.249.66.83 - - [03/Mar/2019:08:42:22 -0500] "GET /BLA/resoluciones/AUTOS%202017/1540.pdf HTTP/1.1" 200 1103075
186.155.163.10 - - [03/Mar/2019:08:42:25 -0500] "GET /galeria/nivo-slider/demo/images/Banner%20Politica%20Publica%20CONPES%20(1).ai HTTP/1.1" 200 1775371
186.155.163.10 - - [03/Mar/2019:08:42:25 -0500] "GET /galeria/nivo-slider/demo/images/Caminatas%20marzo.png HTTP/1.1" 200 661357
186.155.163.10 - - [03/Mar/2019:08:42:26 -0500] "GET /galeria/nivo-slider/demo/images/Banner%20POT.png HTTP/1.1" 200 418238
186.155.163.10 - - [03/Mar/2019:08:42:28 -0500] "GET /galeria/nivo-slider/demo/images/banner-bolsas-plasticas.jpg HTTP/1.1" 200 317939
186.155.163.10 - - [03/Mar/2019:08:42:28 -0500] "GET /galeria/nivo-slider/demo/images/incendios-forestales.png HTTP/1.1" 200 61469
186.155.163.10 - - [03/Mar/2019:08:42:28 -0500] "GET /galeria/nivo-slider/demo/images/banner%20aceite%20vegetal%20usado.jpg HTTP/1.1" 200 169350
186.155.163.10 - - [03/Mar/2019:08:42:29 -0500] "GET /galeria/nivo-slider/demo/images/Banner%20Conpes.jpg HTTP/1.1" 200 55220
186.155.163.10 - - [03/Mar/2019:08:42:29 -0500] "GET /galeria/nivo-slider/demo/images/bannerlumina2017web.jpg HTTP/1.1" 200 198918
186.155.163.10 - - [03/Mar/2019:08:42:30 -0500] "GET /galeria/nivo-slider/demo/images/gobierno%20digital-01.jpg HTTP/1.1" 200 116163
186.155.163.10 - - [03/Mar/2019:08:42:31 -0500] "GET /galeria/nivo-slider/themes/default/loading.gif HTTP/1.1" 200 1737
186.155.163.10 - - [03/Mar/2019:08:42:31 -0500] "GET /galeria/nivo-slider/demo/images/4Simple_Slider.png HTTP/1.1" 200 11722
186.155.163.10 - - [03/Mar/2019:08:42:31 -0500] "GET /galeria/nivo-slider/demo/images/Banner%20PGAE.jpg HTTP/1.1" 200 258166
66.249.66.82 - - [03/Mar/2019:08:42:44 -0500] "GET /www.ambientebogota.gov.co/web/intranet/inicio?p_p_state=maximized&p_p_mode=view&saveLastPath=0&_58_struts_action=%2Flogin%2Flogin&p_p_id=58&p_p_lifecycle=0&_58_redirect=%2Fgroup%2Fintranet%2Finicio HTTP/1.1" 404 1018
66.249.88.89 - - [03/Mar/2019:08:43:07 -0500] "GET /galeria/galeria/jquery.fancybox.css?v=2.1.5 HTTP/1.1" 200 4895
66.249.88.93 - - [03/Mar/2019:08:43:07 -0500] "GET /galeria/galeria/jquery.fancybox.js?v=2.1.5 HTTP/1.1" 200 48706
66.249.88.91 - - [03/Mar/2019:08:43:07 -0500] "GET /BLA/boletinlegal/js/jquery.scrollShow.js HTTP/1.1" 200 4586
190.144.166.61 - - [03/Mar/2019:08:43:12 -0500] "GET /galeria/nivo-slider/demo/images/Banner%20Politica%20Publica%20CONPES%20(1).ai HTTP/1.1" 206 1
190.144.166.61 - - [03/Mar/2019:08:43:12 -0500] "GET /galeria/nivo-slider/demo/images/Banner%20Politica%20Publica%20CONPES%20(1).ai HTTP/1.1" 206 1332074
66.249.66.81 - - [03/Mar/2019:08:43:20 -0500] "GET /BLA/resoluciones/RESOLUCIONES%202017/0021.pdf HTTP/1.1" 200 755901
190.144.166.61 - - [03/Mar/2019:08:43:22 -0500] "GET /galeria/nivo-slider/demo/images/Banner%20Politica%20Publica%20CONPES%20(1).ai HTTP/1.1" 206 1
190.144.166.61 - - [03/Mar/2019:08:43:22 -0500] "GET /galeria/nivo-slider/demo/images/Banner%20Politica%20Publica%20CONPES%20(1).ai HTTP/1.1" 206 1332074
54.36.150.128 - - [03/Mar/2019:08:43:49 -0500] "GET /BLA/resoluciones/AUTOS%202006/AUTOS%202006%20601-700/00000649.tif HTTP/1.1" 200 236562
201.245.192.253 - - [03/Mar/2019:08:44:00 -0500] "GET /galeria/nivo-slider/demo/images/Banner%20Politica%20Publica%20CONPES%20(1).ai HTTP/1.1" 206 1
201.245.192.253 - - [03/Mar/2019:08:44:00 -0500] "GET /galeria/nivo-slider/demo/images/Banner%20Politica%20Publica%20CONPES%20(1).ai HTTP/1.1" 206 1711412
66.249.88.89 - - [03/Mar/2019:08:44:05 -0500] "GET /sipse/ HTTP/1.1" 302 -
66.249.88.89 - - [03/Mar/2019:08:44:05 -0500] "GET /sipse/faces/autenticacion.xhtml HTTP/1.1" 200 12170
66.249.88.93 - - [03/Mar/2019:08:44:05 -0500] "GET /sipse/js/disable_browser_buttons.js HTTP/1.1" 200 3230
66.249.88.91 - - [03/Mar/2019:08:44:05 -0500] "GET /sipse/css/custom_css_sg_prime_login.css HTTP/1.1" 200 443
66.249.88.93 - - [03/Mar/2019:08:44:05 -0500] "GET /sipse/css/custom_css_sg.css HTTP/1.1" 200 9694
66.249.88.93 - - [03/Mar/2019:08:44:05 -0500] "GET /sipse/js/funciones.js HTTP/1.1" 200 12592
66.249.88.93 - - [03/Mar/2019:08:44:05 -0500] "GET /sipse/faces/javax.faces.resource/layout/layout.css?ln=primefaces&v=4.0 HTTP/1.1" 200 542
66.249.88.91 - - [03/Mar/2019:08:44:05 -0500] "GET /sipse/faces/javax.faces.resource/primefaces.css?ln=primefaces&v=4.0 HTTP/1.1" 200 53295
66.249.88.93 - - [03/Mar/2019:08:44:05 -0500] "GET /sipse/faces/javax.faces.resource/theme.css?ln=primefaces-sipse HTTP/1.1" 200 50058
66.249.88.91 - - [03/Mar/2019:08:44:05 -0500] "GET /sipse/faces/javax.faces.resource/layout/layout.js?ln=primefaces&v=4.0 HTTP/1.1" 200 87560
66.249.88.89 - - [03/Mar/2019:08:44:05 -0500] "GET /sipse/faces/javax.faces.resource/jquery/jquery-plugins.js?ln=primefaces&v=4.0 HTTP/1.1" 200 220526
66.249.88.91 - - [03/Mar/2019:08:44:05 -0500] "GET /sipse/faces/javax.faces.resource/jquery/jquery.js?ln=primefaces&v=4.0 HTTP/1.1" 200 105384
66.249.88.93 - - [03/Mar/2019:08:44:05 -0500] "GET /sipse/faces/javax.faces.resource/primefaces.js?ln=primefaces&v=4.0 HTTP/1.1" 200 276924
66.249.88.93 - - [03/Mar/2019:08:44:07 -0500] "GET /sipse/faces/javax.faces.resource/images/ui-icons_898989_256x240.png?ln=primefaces-aristo HTTP/1.1" 200 5355
66.249.88.89 - - [03/Mar/2019:08:44:07 -0500] "GET /sipse/css/imagen/logoSDG.png HTTP/1.1" 200 18199
66.249.88.89 - - [03/Mar/2019:08:44:07 -0500] "GET /sipse/css/imagen/loginimg.png HTTP/1.1" 200 104836
66.249.88.91 - - [03/Mar/2019:08:44:08 -0500] "GET /sipse/faces/index.xhtml HTTP/1.1" 200 677
66.249.88.93 - - [03/Mar/2019:08:44:08 -0500] "GET /sipse/faces/javax.faces.resource/theme.css?ln=primefaces-sipse HTTP/1.1" 304 -
66.249.88.91 - - [03/Mar/2019:08:44:08 -0500] "GET /sipse/faces/faces/autenticacion.xhtml HTTP/1.1" 200 12170
66.249.88.89 - - [03/Mar/2019:08:44:08 -0500] "GET /sipse/faces/javax.faces.resource/primefaces.css?ln=primefaces&v=4.0 HTTP/1.1" 304 -
66.249.88.89 - - [03/Mar/2019:08:44:08 -0500] "GET /sipse/faces/javax.faces.resource/theme.css?ln=primefaces-sipse HTTP/1.1" 304 -
66.249.88.93 - - [03/Mar/2019:08:44:08 -0500] "GET /sipse/faces/javax.faces.resource/jquery/jquery.js?ln=primefaces&v=4.0 HTTP/1.1" 304 -
66.249.88.91 - - [03/Mar/2019:08:44:08 -0500] "GET /sipse/faces/javax.faces.resource/layout/layout.js?ln=primefaces&v=4.0 HTTP/1.1" 304 -
66.249.88.93 - - [03/Mar/2019:08:44:08 -0500] "GET /sipse/faces/javax.faces.resource/primefaces.js?ln=primefaces&v=4.0 HTTP/1.1" 304 -
66.249.88.93 - - [03/Mar/2019:08:44:08 -0500] "GET /sipse/faces/javax.faces.resource/layout/layout.css?ln=primefaces&v=4.0 HTTP/1.1" 304 -
66.249.88.89 - - [03/Mar/2019:08:44:09 -0500] "GET /sipse/faces/javax.faces.resource/jquery/jquery-plugins.js?ln=primefaces&v=4.0 HTTP/1.1" 304 -
66.249.88.93 - - [03/Mar/2019:08:44:09 -0500] "GET /sipse/faces/javax.faces.resource/images/ui-icons_898989_256x240.png?ln=primefaces-aristo HTTP/1.1" 304 -
201.245.192.253 - - [03/Mar/2019:08:44:10 -0500] "GET /galeria/nivo-slider/demo/images/Banner%20Politica%20Publica%20CONPES%20(1).ai HTTP/1.1" 206 1
201.245.192.253 - - [03/Mar/2019:08:44:10 -0500] "GET /galeria/nivo-slider/demo/images/Banner%20Politica%20Publica%20CONPES%20(1).ai HTTP/1.1" 206 1711412
186.86.33.36 - - [03/Mar/2019:08:44:11 -0500] "POST /sipse/faces/autenticacion.xhtml HTTP/1.1" 200 2223
66.249.88.89 - - [03/Mar/2019:08:44:12 -0500] "GET /sipse/faces/javax.faces.resource/messages/messages.png?ln=primefaces&v=4.0 HTTP/1.1" 200 27209
186.86.33.36 - - [03/Mar/2019:08:44:15 -0500] "POST /sipse/faces/autenticacion.xhtml HTTP/1.1" 200 16038
66.249.88.91 - - [03/Mar/2019:08:44:16 -0500] "GET /sipse/css/custom_css_sg_prime.css HTTP/1.1" 200 5201
66.249.88.93 - - [03/Mar/2019:08:44:16 -0500] "GET /sipse/faces/javax.faces.resource/layout/layout.css?ln=primefaces&v=4.0 HTTP/1.1" 304 -
66.249.88.89 - - [03/Mar/2019:08:44:16 -0500] "GET /sipse/faces/javax.faces.resource/primefaces.css?ln=primefaces&v=4.0 HTTP/1.1" 304 -
66.249.88.89 - - [03/Mar/2019:08:44:16 -0500] "GET /sipse/faces/javax.faces.resource/theme.css?ln=primefaces-sipse HTTP/1.1" 304 -
66.249.88.93 - - [03/Mar/2019:08:44:16 -0500] "GET /sipse/js/jquery.min.js HTTP/1.1" 200 85582
66.249.88.89 - - [03/Mar/2019:08:44:17 -0500] "GET /sipse/faces/javax.faces.resource/jquery/jquery.js?ln=primefaces&v=4.0 HTTP/1.1" 304 -
66.249.66.81 - - [03/Mar/2019:08:44:17 -0500] "GET /BLA/resoluciones/Notificaciones/AUTOS%202017/01708.pdf HTTP/1.1" 200 351518
66.249.88.89 - - [03/Mar/2019:08:44:17 -0500] "GET /sipse/faces/javax.faces.resource/jquery/jquery-plugins.js?ln=primefaces&v=4.0 HTTP/1.1" 304 -
66.249.88.93 - - [03/Mar/2019:08:44:17 -0500] "GET /sipse/faces/javax.faces.resource/primefaces.js?ln=primefaces&v=4.0 HTTP/1.1" 304 -
66.249.88.89 - - [03/Mar/2019:08:44:18 -0500] "GET /sipse/faces/javax.faces.resource/layout/layout.js?ln=primefaces&v=4.0 HTTP/1.1" 304 -
66.249.88.91 - - [03/Mar/2019:08:44:18 -0500] "GET /sipse/css/imagen/contrasena.png HTTP/1.1" 404 383
66.249.88.91 - - [03/Mar/2019:08:44:18 -0500] "GET /sipse/imagenes/cargando.gif HTTP/1.1" 200 36959
66.249.88.93 - - [03/Mar/2019:08:44:18 -0500] "GET /sipse/imagenes/logoAplicacion.jpg HTTP/1.1" 200 155084
186.86.33.36 - - [03/Mar/2019:08:44:25 -0500] "POST /sipse/faces/bienvenido.xhtml HTTP/1.1" 200 2658
66.249.88.89 - - [03/Mar/2019:08:44:25 -0500] "GET /sipse/faces/javax.faces.resource/images/ui-bg_flat_0_2d5972_40x100.png?ln=primefaces-aristo HTTP/1.1" 200 183
186.86.33.36 - - [03/Mar/2019:08:44:27 -0500] "POST /sipse/faces/bienvenido.xhtml HTTP/1.1" 200 59750
66.249.88.91 - - [03/Mar/2019:08:44:29 -0500] "GET /sipse/faces/javax.faces.resource/primefaces.css?ln=primefaces&v=4.0 HTTP/1.1" 304 -
66.249.88.93 - - [03/Mar/2019:08:44:29 -0500] "GET /sipse/faces/javax.faces.resource/layout/layout.css?ln=primefaces&v=4.0 HTTP/1.1" 304 -
66.249.88.91 - - [03/Mar/2019:08:44:29 -0500] "GET /sipse/faces/javax.faces.resource/theme.css?ln=primefaces-sipse HTTP/1.1" 304 -
66.249.88.93 - - [03/Mar/2019:08:44:29 -0500] "GET /sipse/faces/javax.faces.resource/jquery/jquery.js?ln=primefaces&v=4.0 HTTP/1.1" 304 -
66.249.88.91 - - [03/Mar/2019:08:44:29 -0500] "GET /sipse/faces/javax.faces.resource/jquery/jquery-plugins.js?ln=primefaces&v=4.0 HTTP/1.1" 304 -
66.249.88.93 - - [03/Mar/2019:08:44:29 -0500] "GET /sipse/faces/javax.faces.resource/primefaces.js?ln=primefaces&v=4.0 HTTP/1.1" 304 -
66.249.88.93 - - [03/Mar/2019:08:44:30 -0500] "GET /sipse/faces/javax.faces.resource/layout/layout.js?ln=primefaces&v=4.0 HTTP/1.1" 304 -
66.249.88.89 - - [03/Mar/2019:08:44:30 -0500] "GET /sipse/css/imagen/contrasena.png HTTP/1.1" 404 383
186.86.33.36 - - [03/Mar/2019:08:44:30 -0500] "POST /sipse/faces/presentacion/financiero/solicitudProceso/listarSolicitudProceso.xhtml HTTP/1.1" 200 1448
186.155.163.10 - - [03/Mar/2019:08:44:34 -0500] "GET /galeria/nivo-slider/demo/images/Banner%20Politica%20Publica%20CONPES%20(1).ai HTTP/1.1" 206 1
186.155.163.10 - - [03/Mar/2019:08:44:34 -0500] "GET /galeria/nivo-slider/demo/images/Banner%20Politica%20Publica%20CONPES%20(1).ai HTTP/1.1" 206 1774252
186.155.163.10 - - [03/Mar/2019:08:44:34 -0500] "GET /galeria/nivo-slider/demo/images/banner-humedales-de-bogota.jpg HTTP/1.1" 206 1
186.155.163.10 - - [03/Mar/2019:08:44:34 -0500] "GET /galeria/nivo-slider/demo/images/banner-humedales-de-bogota.jpg HTTP/1.1" 206 190678
186.155.163.10 - - [03/Mar/2019:08:44:35 -0500] "GET /galeria/nivo-slider/themes/default/arrows.png HTTP/1.1" 200 824
186.155.163.10 - - [03/Mar/2019:08:44:35 -0500] "GET /galeria/nivo-slider/themes/default/bullets.png HTTP/1.1" 200 1281
186.86.33.36 - - [03/Mar/2019:08:44:35 -0500] "POST /sipse/faces/presentacion/financiero/solicitudProceso/listarSolicitudProceso.xhtml HTTP/1.1" 200 31024
186.86.33.36 - - [03/Mar/2019:08:44:36 -0500] "POST /sipse/faces/presentacion/financiero/solicitudProceso/listarSolicitudProceso.xhtml HTTP/1.1" 200 31104
186.86.33.36 - - [03/Mar/2019:08:44:38 -0500] "POST /sipse/faces/presentacion/financiero/solicitudProceso/listarSolicitudProceso.xhtml HTTP/1.1" 200 19983
186.86.33.36 - - [03/Mar/2019:08:44:38 -0500] "POST /sipse/faces/presentacion/financiero/solicitudProceso/listarSolicitudProceso.xhtml HTTP/1.1" 200 6082
186.87.128.213 - - [03/Mar/2019:08:44:47 -0500] "GET /galeria/galeria/jquery.fancybox.css?v=2.1.5 HTTP/1.1" 200 4895
186.87.128.213 - - [03/Mar/2019:08:44:47 -0500] "GET /BLA/boletinlegal/js/jquery.scrollShow.js HTTP/1.1" 200 4586
186.87.128.213 - - [03/Mar/2019:08:44:47 -0500] "GET /galeria/galeria/jquery.fancybox.js?v=2.1.5 HTTP/1.1" 200 48706
186.154.104.246 - - [03/Mar/2019:08:44:48 -0500] "GET /galeria/nivo-slider/demo/images/Banner%20Politica%20Publica%20CONPES%20(1).ai HTTP/1.1" 206 1
186.154.104.246 - - [03/Mar/2019:08:44:48 -0500] "GET /galeria/nivo-slider/demo/images/Banner%20Politica%20Publica%20CONPES%20(1).ai HTTP/1.1" 206 1758012
201.245.192.253 - - [03/Mar/2019:08:44:50 -0500] "GET /galeria/nivo-slider/demo/images/Banner%20Politica%20Publica%20CONPES%20(1).ai HTTP/1.1" 206 1
201.245.192.253 - - [03/Mar/2019:08:44:50 -0500] "GET /galeria/nivo-slider/demo/images/Banner%20Politica%20Publica%20CONPES%20(1).ai HTTP/1.1" 206 1711412
186.155.163.10 - - [03/Mar/2019:08:44:51 -0500] "GET /autoliquidacion HTTP/1.1" 301 310
186.155.163.10 - - [03/Mar/2019:08:44:51 -0500] "GET /autoliquidacion/ HTTP/1.1" 200 6377
186.155.163.10 - - [03/Mar/2019:08:44:51 -0500] "GET /autoliquidacion/dlf/styles.css HTTP/1.1" 200 3045
186.155.163.10 - - [03/Mar/2019:08:44:51 -0500] "GET /autoliquidacion/dlf/folder.png HTTP/1.1" 200 410
186.155.163.10 - - [03/Mar/2019:08:44:51 -0500] "GET /autoliquidacion/dlf/bg.gif HTTP/1.1" 200 54
186.154.104.246 - - [03/Mar/2019:08:44:58 -0500] "GET /galeria/nivo-slider/demo/images/Banner%20Politica%20Publica%20CONPES%20(1).ai HTTP/1.1" 206 1
186.154.104.246 - - [03/Mar/2019:08:44:58 -0500] "GET /galeria/nivo-slider/demo/images/Banner%20Politica%20Publica%20CONPES%20(1).ai HTTP/1.1" 206 1758012
201.245.192.253 - - [03/Mar/2019:08:45:00 -0500] "GET /galeria/nivo-slider/demo/images/Banner%20Politica%20Publica%20CONPES%20(1).ai HTTP/1.1" 206 1
201.245.192.253 - - [03/Mar/2019:08:45:00 -0500] "GET /galeria/nivo-slider/demo/images/Banner%20Politica%20Publica%20CONPES%20(1).ai HTTP/1.1" 206 1711412
66.249.66.81 - - [03/Mar/2019:08:45:14 -0500] "GET /BLA/resoluciones/RESOLUCIONES%202014/1978.pdf HTTP/1.1" 200 230510
201.245.192.253 - - [03/Mar/2019:08:45:15 -0500] "GET /galeria/nivo-slider/demo/images/Banner%20Politica%20Publica%20CONPES%20(1).ai HTTP/1.1" 206 1
201.245.192.253 - - [03/Mar/2019:08:45:15 -0500] "GET /galeria/nivo-slider/demo/images/Banner%20Politica%20Publica%20CONPES%20(1).ai HTTP/1.1" 206 1711412
186.155.163.10 - - [03/Mar/2019:08:45:22 -0500] "GET /autoliquidacion/index.php?dir=Solicitudes+relacionadas+con+calidad+del+aire+auditiva+y+visual%2F HTTP/1.1" 200 5748
186.155.163.10 - - [03/Mar/2019:08:45:22 -0500] "GET /autoliquidacion/dlf/dirup.png HTTP/1.1" 200 644
201.245.192.253 - - [03/Mar/2019:08:45:25 -0500] "GET /galeria/nivo-slider/demo/images/Banner%20Politica%20Publica%20CONPES%20(1).ai HTTP/1.1" 206 1
201.245.192.253 - - [03/Mar/2019:08:45:25 -0500] "GET /galeria/nivo-slider/demo/images/Banner%20Politica%20Publica%20CONPES%20(1).ai HTTP/1.1" 206 1711412
186.155.163.10 - - [03/Mar/2019:08:45:32 -0500] "GET /autoliquidacion/index.php?dir=Solicitudes+relacionadas+con+calidad+del+aire+auditiva+y+visual%2FRegistro+de+Elementos+de+publicidad+Exterior+Visual%2F HTTP/1.1" 200 3962
186.155.163.10 - - [03/Mar/2019:08:45:32 -0500] "GET /autoliquidacion/dlf/xls.gif HTTP/1.1" 200 636
186.155.163.10 - - [03/Mar/2019:08:45:32 -0500] "GET /autoliquidacion/dlf/html.gif HTTP/1.1" 200 632
186.155.163.10 - - [03/Mar/2019:08:45:32 -0500] "GET /autoliquidacion/dlf/pdf.gif HTTP/1.1" 200 272
54.36.148.211 - - [03/Mar/2019:08:45:40 -0500] "GET /BLA/resoluciones/AUTOS%202006/AUTOS%202006%201601%20-%201700/00001684.tif HTTP/1.1" 200 75416
192.168.175.104 - - [03/Mar/2019:08:45:46 -0500] "GET / HTTP/1.1" 200 9990
186.155.163.10 - - [03/Mar/2019:08:45:46 -0500] "GET /autoliquidacion/Solicitudes%20relacionadas%20con%20calidad%20del%20aire%20auditiva%20y%20visual/Registro%20de%20Elementos%20de%20publicidad%20Exterior%20Visual/126pm04-pr16-f-2%20solicitud%20de%20registro%20pev%20(2).xls HTTP/1.1" 200 3590144
54.36.150.108 - - [03/Mar/2019:08:45:51 -0500] "GET /BLA/resoluciones/RESOLUCIONES%202002/RES%202002%20351-400/00000356.tif HTTP/1.1" 200 64414
103.205.243.122 - - [03/Mar/2019:08:45:54 -0500] "GET /webdav/ HTTP/1.1" 404 1018
103.205.243.122 - - [03/Mar/2019:08:45:56 -0500] "GET /App6af51bbe.php HTTP/1.1" 404 1018
103.205.243.122 - - [03/Mar/2019:08:45:57 -0500] "GET /help.php HTTP/1.1" 404 1018
103.205.243.122 - - [03/Mar/2019:08:45:58 -0500] "GET /java.php HTTP/1.1" 404 1018
207.46.13.67 - - [03/Mar/2019:08:45:59 -0500] "GET /transparencia/directorioservidores/2016/junio2016.xlsx HTTP/1.1" 200 92924
103.205.243.122 - - [03/Mar/2019:08:46:00 -0500] "GET /test.php HTTP/1.1" 404 1018
103.205.243.122 - - [03/Mar/2019:08:46:01 -0500] "GET /db_cts.php HTTP/1.1" 404 1018
103.205.243.122 - - [03/Mar/2019:08:46:02 -0500] "GET /db_pma.php HTTP/1.1" 404 1018
103.205.243.122 - - [03/Mar/2019:08:46:04 -0500] "GET /help-e.php HTTP/1.1" 404 1018
103.205.243.122 - - [03/Mar/2019:08:46:05 -0500] "GET /license.php HTTP/1.1" 404 1018
103.205.243.122 - - [03/Mar/2019:08:46:06 -0500] "GET /log.php HTTP/1.1" 404 1018
186.86.32.44 - - [03/Mar/2019:08:46:06 -0500] "GET /galeria/galeria/jquery.fancybox.css?v=2.1.5 HTTP/1.1" 200 4895
186.86.32.44 - - [03/Mar/2019:08:46:06 -0500] "GET /BLA/boletinlegal/js/jquery.scrollShow.js HTTP/1.1" 200 4586
186.86.32.44 - - [03/Mar/2019:08:46:06 -0500] "GET /galeria/galeria/jquery.fancybox.js?v=2.1.5 HTTP/1.1" 200 48706
103.205.243.122 - - [03/Mar/2019:08:46:06 -0500] "GET /hell.php HTTP/1.1" 404 1018
201.245.192.253 - - [03/Mar/2019:08:46:08 -0500] "GET /galeria/nivo-slider/demo/images/Banner%20Politica%20Publica%20CONPES%20(1).ai HTTP/1.1" 206 1
103.205.243.122 - - [03/Mar/2019:08:46:08 -0500] "GET /pmd_online.php HTTP/1.1" 404 1018
103.205.243.122 - - [03/Mar/2019:08:46:09 -0500] "GET /x.php HTTP/1.1" 404 1018
103.205.243.122 - - [03/Mar/2019:08:46:10 -0500] "GET /shell.php HTTP/1.1" 404 1018
103.205.243.122 - - [03/Mar/2019:08:46:10 -0500] "GET /htdocs.php HTTP/1.1" 404 1018
66.249.66.81 - - [03/Mar/2019:08:46:11 -0500] "GET /BLA/resoluciones/RESOLUCIONES%202017/3288.pdf HTTP/1.1" 200 445811
103.205.243.122 - - [03/Mar/2019:08:46:12 -0500] "GET /desktop.ini.php HTTP/1.1" 404 1018
103.205.243.122 - - [03/Mar/2019:08:46:13 -0500] "GET /z.php HTTP/1.1" 404 1018
181.61.204.153 - - [03/Mar/2019:08:46:14 -0500] "GET /galeria/nivo-slider/demo/images/Banner%20Politica%20Publica%20CONPES%20(1).ai HTTP/1.1" 206 1
181.61.204.153 - - [03/Mar/2019:08:46:14 -0500] "GET /galeria/nivo-slider/demo/images/Banner%20Politica%20Publica%20CONPES%20(1).ai HTTP/1.1" 206 1727809
103.205.243.122 - - [03/Mar/2019:08:46:16 -0500] "GET /lala-dpr.php HTTP/1.1" 404 1018
103.205.243.122 - - [03/Mar/2019:08:46:17 -0500] "GET /wpc.php HTTP/1.1" 404 1018
201.245.192.253 - - [03/Mar/2019:08:46:18 -0500] "GET /galeria/nivo-slider/demo/images/Banner%20Politica%20Publica%20CONPES%20(1).ai HTTP/1.1" 206 1
103.205.243.122 - - [03/Mar/2019:08:46:21 -0500] "GET /wpo.php HTTP/1.1" 404 1018
103.205.243.122 - - [03/Mar/2019:08:46:21 -0500] "GET /text.php HTTP/1.1" 404 1018
192.168.175.104 - - [03/Mar/2019:08:46:22 -0500] "GET / HTTP/1.0" 200 9990
103.205.243.122 - - [03/Mar/2019:08:46:22 -0500] "GET /wp-config.php HTTP/1.1" 404 1018
181.61.204.153 - - [03/Mar/2019:08:46:24 -0500] "GET /galeria/nivo-slider/demo/images/Banner%20Politica%20Publica%20CONPES%20(1).ai HTTP/1.1" 206 1
181.61.204.153 - - [03/Mar/2019:08:46:24 -0500] "GET /galeria/nivo-slider/demo/images/Banner%20Politica%20Publica%20CONPES%20(1).ai HTTP/1.1" 206 1727809
103.205.243.122 - - [03/Mar/2019:08:46:26 -0500] "GET /muhstik.php HTTP/1.1" 404 1018
103.205.243.122 - - [03/Mar/2019:08:46:26 -0500] "GET /muhstik2.php HTTP/1.1" 404 1018
103.205.243.122 - - [03/Mar/2019:08:46:28 -0500] "GET /muhstiks.php HTTP/1.1" 404 1018
103.205.243.122 - - [03/Mar/2019:08:46:29 -0500] "GET /muhstik-dpr.php HTTP/1.1" 404 1018
103.205.243.122 - - [03/Mar/2019:08:46:33 -0500] "GET /lol.php HTTP/1.1" 404 1018
103.205.243.122 - - [03/Mar/2019:08:46:33 -0500] "GET /uploader.php HTTP/1.1" 404 1018
103.205.243.122 - - [03/Mar/2019:08:46:37 -0500] "GET /cmd.php HTTP/1.1" 404 1018
103.205.243.122 - - [03/Mar/2019:08:46:40 -0500] "GET /cmv.php HTTP/1.1" 404 1018
103.205.243.122 - - [03/Mar/2019:08:46:41 -0500] "GET /cmdd.php HTTP/1.1" 404 1018
103.205.243.122 - - [03/Mar/2019:08:46:52 -0500] "GET /cmd.php HTTP/1.1" 404 1018
103.205.243.122 - - [03/Mar/2019:08:46:56 -0500] "GET /appserv.php HTTP/1.1" 404 1018
103.205.243.122 - - [03/Mar/2019:08:47:00 -0500] "GET /scripts/setup.php HTTP/1.1" 404 1018
103.205.243.122 - - [03/Mar/2019:08:47:04 -0500] "GET /phpmyadmin/scripts/setup.php HTTP/1.1" 403 1165
103.205.243.122 - - [03/Mar/2019:08:47:05 -0500] "GET /phpMyAdmin/scripts/setup.php HTTP/1.1" 403 1165
66.249.66.81 - - [03/Mar/2019:08:47:08 -0500] "GET /BLA/resoluciones/RESOLUCIONES%202014/1610.pdf HTTP/1.1" 200 849188
103.205.243.122 - - [03/Mar/2019:08:47:08 -0500] "GET /phpmyadmin/scripts/db___.init.php HTTP/1.1" 403 1165
103.205.243.122 - - [03/Mar/2019:08:47:09 -0500] "GET /phpMyAdmin/scripts/db___.init.php HTTP/1.1" 403 1165
103.205.243.122 - - [03/Mar/2019:08:47:20 -0500] "GET /plugins/weathermap/editor.php HTTP/1.1" 404 1018
103.205.243.122 - - [03/Mar/2019:08:47:21 -0500] "GET /cacti/plugins/weathermap/editor.php HTTP/1.1" 404 1018
103.205.243.122 - - [03/Mar/2019:08:47:22 -0500] "GET /rxr.php HTTP/1.1" 404 1018
190.144.166.61 - - [03/Mar/2019:08:47:22 -0500] "GET /galeria/nivo-slider/demo/images/Banner%20Politica%20Publica%20CONPES%20(1).ai HTTP/1.1" 206 1
190.144.166.61 - - [03/Mar/2019:08:47:22 -0500] "GET /galeria/nivo-slider/demo/images/Banner%20Politica%20Publica%20CONPES%20(1).ai HTTP/1.1" 206 1332074
103.205.243.122 - - [03/Mar/2019:08:47:25 -0500] "GET /undx.php HTTP/1.1" 404 1018
103.205.243.122 - - [03/Mar/2019:08:47:26 -0500] "GET /payload.php HTTP/1.1" 404 1018
103.205.243.122 - - [03/Mar/2019:08:47:28 -0500] "POST /wuwu11.php HTTP/1.1" 404 1018
103.205.243.122 - - [03/Mar/2019:08:47:29 -0500] "POST /xw.php HTTP/1.1" 404 1018
103.205.243.122 - - [03/Mar/2019:08:47:30 -0500] "POST /xw1.php HTTP/1.1" 404 1018
190.144.166.61 - - [03/Mar/2019:08:47:32 -0500] "GET /galeria/nivo-slider/demo/images/Banner%20Politica%20Publica%20CONPES%20(1).ai HTTP/1.1" 206 1
103.205.243.122 - - [03/Mar/2019:08:47:32 -0500] "POST /wc.php HTTP/1.1" 404 1018
103.205.243.122 - - [03/Mar/2019:08:47:33 -0500] "POST /xx.php HTTP/1.1" 404 1018
103.205.243.122 - - [03/Mar/2019:08:47:36 -0500] "POST /w.php HTTP/1.1" 404 1018
103.205.243.122 - - [03/Mar/2019:08:47:37 -0500] "POST /sheep.php HTTP/1.1" 404 1018
103.205.243.122 - - [03/Mar/2019:08:47:38 -0500] "POST /qaq.php HTTP/1.1" 404 1018
103.205.243.122 - - [03/Mar/2019:08:47:40 -0500] "POST /db_session.init.php HTTP/1.1" 404 1018
103.205.243.122 - - [03/Mar/2019:08:47:41 -0500] "POST /db__.init.php HTTP/1.1" 404 1018
103.205.243.122 - - [03/Mar/2019:08:47:42 -0500] "POST /wp-admins.php HTTP/1.1" 404 1018
186.84.89.33 - - [03/Mar/2019:08:47:43 -0500] "GET /galeria/galeria/jquery.fancybox.css?v=2.1.5 HTTP/1.1" 200 4895
186.84.89.33 - - [03/Mar/2019:08:47:43 -0500] "GET /galeria/galeria/jquery.fancybox.js?v=2.1.5 HTTP/1.1" 200 48706
186.84.89.33 - - [03/Mar/2019:08:47:43 -0500] "GET /BLA/boletinlegal/js/jquery.scrollShow.js HTTP/1.1" 200 4586
103.205.243.122 - - [03/Mar/2019:08:47:45 -0500] "POST /m.php?pbid=open HTTP/1.1" 404 1018
103.205.243.122 - - [03/Mar/2019:08:47:46 -0500] "POST /db_dataml.php HTTP/1.1" 404 1018
103.205.243.122 - - [03/Mar/2019:08:47:48 -0500] "POST /db_desql.php HTTP/1.1" 404 1018
103.205.243.122 - - [03/Mar/2019:08:47:49 -0500] "POST /mx.php HTTP/1.1" 404 1018
103.205.243.122 - - [03/Mar/2019:08:47:50 -0500] "POST /wshell.php HTTP/1.1" 404 1018
103.205.243.122 - - [03/Mar/2019:08:47:52 -0500] "POST /xshell.php HTTP/1.1" 404 1018
103.205.243.122 - - [03/Mar/2019:08:47:53 -0500] "POST /qq.php HTTP/1.1" 404 1018
103.205.243.122 - - [03/Mar/2019:08:47:54 -0500] "POST /conflg.php HTTP/1.1" 404 1018
103.205.243.122 - - [03/Mar/2019:08:47:56 -0500] "POST /conflg.php HTTP/1.1" 404 1018
103.205.243.122 - - [03/Mar/2019:08:47:57 -0500] "POST /lindex.php HTTP/1.1" 404 1018
103.205.243.122 - - [03/Mar/2019:08:47:58 -0500] "POST /phpstudy.php HTTP/1.1" 404 1018
201.245.192.253 - - [03/Mar/2019:08:48:00 -0500] "GET /galeria/nivo-slider/demo/images/Banner%20Politica%20Publica%20CONPES%20(1).ai HTTP/1.1" 206 1
201.245.192.253 - - [03/Mar/2019:08:48:00 -0500] "GET /galeria/nivo-slider/demo/images/Banner%20Politica%20Publica%20CONPES%20(1).ai HTTP/1.1" 206 1711412
103.205.243.122 - - [03/Mar/2019:08:48:00 -0500] "POST /phpStudy.php HTTP/1.1" 404 1018
103.205.243.122 - - [03/Mar/2019:08:48:01 -0500] "POST /weixiao.php HTTP/1.1" 404 1018
103.205.243.122 - - [03/Mar/2019:08:48:02 -0500] "POST /feixiang.php HTTP/1.1" 404 1018
103.205.243.122 - - [03/Mar/2019:08:48:04 -0500] "POST /ak47.php HTTP/1.1" 404 1018
103.205.243.122 - - [03/Mar/2019:08:48:05 -0500] "POST /ak48.php HTTP/1.1" 404 1018
66.249.66.81 - - [03/Mar/2019:08:48:05 -0500] "GET /BLA/resoluciones/AUTOS%202017/1275.pdf HTTP/1.1" 200 336001
103.205.243.122 - - [03/Mar/2019:08:48:06 -0500] "POST /xiao.php HTTP/1.1" 404 1018
103.205.243.122 - - [03/Mar/2019:08:48:09 -0500] "POST /yao.php HTTP/1.1" 404 1018
201.245.192.253 - - [03/Mar/2019:08:48:10 -0500] "GET /galeria/nivo-slider/demo/images/Banner%20Politica%20Publica%20CONPES%20(1).ai HTTP/1.1" 206 1
201.245.192.253 - - [03/Mar/2019:08:48:10 -0500] "GET /galeria/nivo-slider/demo/images/Banner%20Politica%20Publica%20CONPES%20(1).ai HTTP/1.1" 206 1711412
103.205.243.122 - - [03/Mar/2019:08:48:12 -0500] "POST /webslee.php HTTP/1.1" 404 1018
103.205.243.122 - - [03/Mar/2019:08:48:13 -0500] "POST /q.php HTTP/1.1" 404 1018
103.205.243.122 - - [03/Mar/2019:08:48:16 -0500] "POST /hm.php HTTP/1.1" 404 1018
103.205.243.122 - - [03/Mar/2019:08:48:17 -0500] "POST /cainiao.php HTTP/1.1" 404 1018
103.205.243.122 - - [03/Mar/2019:08:48:18 -0500] "POST /zuoshou.php HTTP/1.1" 404 1018
103.205.243.122 - - [03/Mar/2019:08:48:20 -0500] "POST /aotu.php HTTP/1.1" 404 1018
103.205.243.122 - - [03/Mar/2019:08:48:24 -0500] "POST /aotu7.php HTTP/1.1" 404 1018
103.205.243.122 - - [03/Mar/2019:08:48:25 -0500] "POST /cmd.php HTTP/1.1" 404 1018
