66.249.66.81 - - [03/Mar/2019:00:06:04 -0500] "GET /BLA/resoluciones/RESOLUCIONES%202006/RES%202006%202351-2400/INDEX.DAT HTTP/1.1" 200 2000
66.249.66.82 - - [03/Mar/2019:00:06:05 -0500] "GET /BLA/resoluciones/RESOLUCIONES%202005/RES%202005%202651-2700/INDEX.DAT HTTP/1.1" 200 2000
66.249.66.83 - - [03/Mar/2019:00:06:06 -0500] "GET /BLA/resoluciones/RESOLUCIONES%202006/RES%202006%20451-500/INDEX.DAT HTTP/1.1" 200 2000
66.249.66.82 - - [03/Mar/2019:00:06:07 -0500] "GET /BLA/resoluciones/AUTOS%202015/3569.pdf HTTP/1.1" 200 391241
66.249.66.81 - - [03/Mar/2019:00:06:07 -0500] "GET /BLA/resoluciones/RESOLUCIONES%202006/RES%202006%20201-250/INDEX.DAT HTTP/1.1" 200 2000
66.249.66.83 - - [03/Mar/2019:00:06:08 -0500] "GET /BLA/resoluciones/AUTOS%202015/6532.pdf HTTP/1.1" 200 555372
201.245.192.253 - - [03/Mar/2019:00:06:09 -0500] "GET /galeria/nivo-slider/demo/images/Banner%20Politica%20Publica%20CONPES%20(1).ai HTTP/1.1" 206 1
66.249.66.83 - - [03/Mar/2019:00:06:11 -0500] "GET /BLA/resoluciones/RESOLUCIONES%202005/RES%202005%202551-2600/INDEX.DAT HTTP/1.1" 200 2000
66.249.66.81 - - [03/Mar/2019:00:06:12 -0500] "GET /BLA/resoluciones/AUTOS%202015/3644.pdf HTTP/1.1" 200 779761
66.249.66.82 - - [03/Mar/2019:00:06:13 -0500] "GET /BLA/resoluciones/RESOLUCIONES%202005/RES%202005%20951-1000/INDEX.DAT HTTP/1.1" 200 2000
66.249.66.82 - - [03/Mar/2019:00:06:13 -0500] "GET /BLA/resoluciones/RESOLUCIONES%202006/RES%202006%201151-1200/INDEX.DAT HTTP/1.1" 200 2000
66.249.66.81 - - [03/Mar/2019:00:06:14 -0500] "GET /BLA/resoluciones/RESOLUCIONES%202006/RES%202006%201551-1600/INDEX.DAT HTTP/1.1" 200 2000
66.249.66.82 - - [03/Mar/2019:00:06:15 -0500] "GET /BLA/resoluciones/AUTOS%202015/0486.pdf HTTP/1.1" 200 1147593
66.249.66.85 - - [03/Mar/2019:00:06:17 -0500] "GET /BLA/resoluciones/RESOLUCIONES%202005/RES%202005%20%201601-1650/INDEX.DAT HTTP/1.1" 200 2000
5.255.250.154 - - [03/Mar/2019:00:06:17 -0500] "GET /robots.txt HTTP/1.1" 404 1018
66.249.66.83 - - [03/Mar/2019:00:06:18 -0500] "GET /BLA/resoluciones/RESOLUCIONES%202007/RES%202007%201501%20AL%201600/RESOLUCION%201561%20DE%202007.pdf HTTP/1.1" 200 527693
95.108.181.102 - - [03/Mar/2019:00:06:18 -0500] "GET /galeria/galeria/jquery.fancybox.js?v=2.1.5 HTTP/1.1" 200 48706
201.245.192.253 - - [03/Mar/2019:00:06:19 -0500] "GET /galeria/nivo-slider/demo/images/Banner%20Politica%20Publica%20CONPES%20(1).ai HTTP/1.1" 206 1
37.146.193.228 - - [03/Mar/2019:00:06:19 -0500] "GET /BLA/boletinlegal/js/jquery.scrollShow.js HTTP/1.1" 200 4586
37.146.193.228 - - [03/Mar/2019:00:06:19 -0500] "GET /galeria/galeria/jquery.fancybox.js?v=2.1.5 HTTP/1.1" 200 48706
37.146.193.228 - - [03/Mar/2019:00:06:19 -0500] "GET /galeria/galeria/jquery.fancybox.css?v=2.1.5 HTTP/1.1" 200 4895
95.108.181.102 - - [03/Mar/2019:00:06:20 -0500] "GET /galeria/galeria/jquery.fancybox.css?v=2.1.5 HTTP/1.1" 200 4895
95.108.213.7 - - [03/Mar/2019:00:06:21 -0500] "GET /BLA/boletinlegal/js/jquery.scrollShow.js HTTP/1.1" 200 4586
66.249.66.84 - - [03/Mar/2019:00:06:26 -0500] "GET /BLA/resoluciones/RESOLUCIONES%202006/RES%202006%202451-2500/INDEX.DAT HTTP/1.1" 200 1960
190.144.166.61 - - [03/Mar/2019:00:06:33 -0500] "GET /galeria/nivo-slider/demo/images/Banner%20Politica%20Publica%20CONPES%20(1).ai HTTP/1.1" 206 1
66.249.66.81 - - [03/Mar/2019:00:06:35 -0500] "GET /StormSDA/ HTTP/1.1" 200 4408
66.249.66.82 - - [03/Mar/2019:00:06:38 -0500] "GET /BLA/resoluciones/index.php?dir=RESOLUCIONES%202005/RES%202005%202751-2800/&sort=name&order=desc HTTP/1.1" 200 12344
66.249.66.82 - - [03/Mar/2019:00:06:41 -0500] "GET /BLA/resoluciones/RESOLUCIONES%202005/RES%202005%20501-550/INDEX.DAT HTTP/1.1" 200 2000
190.144.166.61 - - [03/Mar/2019:00:06:43 -0500] "GET /galeria/nivo-slider/demo/images/Banner%20Politica%20Publica%20CONPES%20(1).ai HTTP/1.1" 206 1
66.249.66.81 - - [03/Mar/2019:00:06:46 -0500] "GET /Autoliquidacion/index.php?dir=TR%C1MITES%20VERTIMIENTOS/PERMISOS%20DE%20VERTIMIENTOS/&sort=name&order=asc HTTP/1.1" 200 3692
66.249.66.81 - - [03/Mar/2019:00:06:49 -0500] "GET /Autoliquidacion/index.php?dir=Fauna+Silvestre%2F HTTP/1.1" 200 3842
66.249.66.81 - - [03/Mar/2019:00:06:52 -0500] "GET /Autoliquidacion/index.php?dir= HTTP/1.1" 200 6377
66.249.66.81 - - [03/Mar/2019:00:06:55 -0500] "GET /Autoliquidacion/index.php?dir=TR%C1MITES+MINER%CDA%2F HTTP/1.1" 200 2727
37.146.193.228 - - [03/Mar/2019:00:06:55 -0500] "GET /BLA/boletinlegal/js/jquery.scrollShow.js HTTP/1.1" 200 4586
37.146.193.228 - - [03/Mar/2019:00:06:56 -0500] "GET /galeria/galeria/jquery.fancybox.js?v=2.1.5 HTTP/1.1" 200 48706
66.249.66.81 - - [03/Mar/2019:00:06:57 -0500] "GET /Autoliquidacion/index.php?dir=Permiso+de+ocupaci%F3n+de+cauce%2F HTTP/1.1" 200 2389
66.249.66.81 - - [03/Mar/2019:00:07:00 -0500] "GET /Autoliquidacion/index.php?dir=Grupo+Forestal+-+Silvicultura%2F HTTP/1.1" 200 3990
66.249.66.81 - - [03/Mar/2019:00:07:02 -0500] "GET /Autoliquidacion/index.php?dir=TR%C1MITES+AGUAS+SUBTERR%C1NEAS%2F HTTP/1.1" 200 3643
66.249.66.81 - - [03/Mar/2019:00:07:04 -0500] "GET /Autoliquidacion/index.php?dir=TR%C1MITES+ACEITES-RESIDUOS-ESTACIONES%2F HTTP/1.1" 200 3113
66.249.66.81 - - [03/Mar/2019:00:07:07 -0500] "GET /Autoliquidacion/index.php?dir=Solicitudes+relacionadas+con+ocupaci%F3n+de+cauce%2F HTTP/1.1" 200 2870
66.249.66.81 - - [03/Mar/2019:00:07:09 -0500] "GET /Autoliquidacion/index.php?dir=Solicitud+de+Licencia+Ambiental%2F HTTP/1.1" 200 2553
66.249.66.81 - - [03/Mar/2019:00:07:11 -0500] "GET /Autoliquidacion/index.php?dir=Solicitud+de+expedici%F3n+de+certificados+de+estado+de+conservaci%F3n+ambiental+%28CECA%29%2F HTTP/1.1" 200 2985
66.249.66.81 - - [03/Mar/2019:00:07:13 -0500] "GET /Autoliquidacion/index.php?dir=TR%C1MITES%20VERTIMIENTOS/&sort=size&order=asc HTTP/1.1" 200 1989
66.249.66.81 - - [03/Mar/2019:00:07:16 -0500] "GET /Autoliquidacion/index.php?dir=&sort=name&order=desc HTTP/1.1" 200 6376
66.249.66.81 - - [03/Mar/2019:00:07:18 -0500] "GET /Autoliquidacion/index.php?dir=Grupo+Forestal+-+Industria+de+la+Madera%2F HTTP/1.1" 200 5071
66.249.66.82 - - [03/Mar/2019:00:07:20 -0500] "GET /Autoliquidacion/index.php?dir=Solicitudes+relacionadas+con+calidad+del+aire+auditiva+y+visual%2F HTTP/1.1" 200 5748
66.249.66.81 - - [03/Mar/2019:00:07:22 -0500] "GET /Autoliquidacion/index.php?dir=Plan+de+manejo+ambiental+para+sitios+de+aprovechamiento+y+o+disposicion+final+de+escombros%2F HTTP/1.1" 200 2472
66.249.66.81 - - [03/Mar/2019:00:07:24 -0500] "GET /Autoliquidacion/Permiso%20de%20ocupaci%C3%B3n%20de%20cauce/126pm04-pr36-f-1%20solicitud%20de%20permiso%20de%20ocupacion%20de%20cauce%20y%20lista%20de%20chequeo%20V08.xls HTTP/1.1" 200 726528
66.249.66.82 - - [03/Mar/2019:00:07:26 -0500] "GET /Autoliquidacion/index.php?dir=&sort=date&order=asc HTTP/1.1" 200 6377
66.249.66.82 - - [03/Mar/2019:00:07:28 -0500] "GET /Autoliquidacion/index.php?dir=TR%C1MITES%20VERTIMIENTOS/PERMISOS%20DE%20VERTIMIENTOS/&sort=date&order=desc HTTP/1.1" 200 3691
66.249.66.81 - - [03/Mar/2019:00:07:30 -0500] "GET /Autoliquidacion/index.php?dir=Permiso%20de%20ocupaci%F3n%20de%20cauce/&sort=date&order=asc HTTP/1.1" 200 2389
66.249.66.81 - - [03/Mar/2019:00:07:32 -0500] "GET /Autoliquidacion/index.php?dir=&sort=size&order=asc HTTP/1.1" 200 6377
66.249.66.81 - - [03/Mar/2019:00:07:34 -0500] "GET /Autoliquidacion/index.php?dir=Permiso%20de%20ocupaci%F3n%20de%20cauce/&sort=name&order=desc HTTP/1.1" 200 2388
66.249.66.81 - - [03/Mar/2019:00:07:36 -0500] "GET /Autoliquidacion/index.php?dir=Permiso%20de%20ocupaci%F3n%20de%20cauce/&sort=size&order=asc HTTP/1.1" 200 2389
66.249.66.81 - - [03/Mar/2019:00:07:37 -0500] "GET /BLA/resoluciones/RESOLUCIONES%202005/RES%202005%20451-500/INDEX.DAT HTTP/1.1" 200 2000
66.249.66.81 - - [03/Mar/2019:00:07:39 -0500] "GET /Autoliquidacion/index.php?dir=&sort=name&order=asc HTTP/1.1" 200 6377
66.249.66.81 - - [03/Mar/2019:00:07:41 -0500] "GET /Autoliquidacion/index.php?dir=TR%C1MITES%20VERTIMIENTOS/&sort=date&order=asc HTTP/1.1" 200 1989
66.249.66.81 - - [03/Mar/2019:00:07:43 -0500] "GET /Autoliquidacion/Permiso%20de%20ocupaci%C3%B3n%20de%20cauce/Aplicativo.html HTTP/1.1" 200 359
66.249.66.81 - - [03/Mar/2019:00:07:45 -0500] "GET /Autoliquidacion/Plan%20de%20manejo%20ambiental%20para%20sitios%20de%20aprovechamiento%20y%20o%20disposicion%20final%20de%20escombros/Aplicativo.html HTTP/1.1" 200 359
40.77.167.87 - - [03/Mar/2019:00:07:44 -0500] "GET /BLA/boletinlegal/Circulares/2017/Circular%20No.%2007%20del%2028%20de%20Abril%20de%202017.pdf HTTP/1.1" 200 309906
179.51.96.247 - - [03/Mar/2019:00:07:46 -0500] "GET /siipev/Diseno%20de%20Elementos%20de%20Mobiliario%20Urbano/Diseno%20pertenecientes%20al%20mobiliario%20urbano%20M10-M160/PARTE%20A/Dise%C3%B1o%20de%20Elementos%20M-80.pdf HTTP/1.1" 200 687908
66.249.66.81 - - [03/Mar/2019:00:07:47 -0500] "GET /BLA/resoluciones/RESOLUCIONES%202005/RES%202005%201-50/INDEX.DAT HTTP/1.1" 200 2000
179.51.96.247 - - [03/Mar/2019:00:07:48 -0500] "GET /favicon.ico HTTP/1.1" 200 7782
66.249.66.81 - - [03/Mar/2019:00:07:49 -0500] "GET /StormSDA/Storm.ico HTTP/1.1" 200 38072
66.249.66.81 - - [03/Mar/2019:00:07:50 -0500] "GET /StormSDA/cbStorm.ico HTTP/1.1" 200 38072
66.249.66.81 - - [03/Mar/2019:00:07:52 -0500] "GET /StormSDA/forms/ HTTP/1.1" 200 3474
66.249.66.81 - - [03/Mar/2019:00:07:54 -0500] "GET /StormSDA/user_bk.jnlp HTTP/1.1" 200 1465
66.249.66.81 - - [03/Mar/2019:00:07:55 -0500] "GET /StormSDA/user.jnlp.bak HTTP/1.1" 200 1385
66.249.66.81 - - [03/Mar/2019:00:07:57 -0500] "GET /StormSDA/nsjars/ HTTP/1.1" 200 5601
66.249.66.81 - - [03/Mar/2019:00:07:58 -0500] "GET /StormSDA/userFiles/ HTTP/1.1" 200 6086
66.249.66.81 - - [03/Mar/2019:00:08:00 -0500] "GET /StormSDA/lib/ HTTP/1.1" 200 6378
201.245.192.253 - - [03/Mar/2019:00:08:02 -0500] "GET /galeria/nivo-slider/demo/images/Banner%20Politica%20Publica%20CONPES%20(1).ai HTTP/1.1" 206 1
201.245.192.253 - - [03/Mar/2019:00:08:02 -0500] "GET /galeria/nivo-slider/demo/images/Banner%20Politica%20Publica%20CONPES%20(1).ai HTTP/1.1" 206 1711412
66.249.66.81 - - [03/Mar/2019:00:08:02 -0500] "GET /StormSDA/storm/ HTTP/1.1" 200 5556
66.249.66.81 - - [03/Mar/2019:00:08:03 -0500] "GET /StormSDA/stormWeb/ HTTP/1.1" 200 1190
66.249.66.81 - - [03/Mar/2019:00:08:05 -0500] "GET /StormSDA/userFiles%20-%20Copy%2019-07-2012/ HTTP/1.1" 200 5899
66.249.66.81 - - [03/Mar/2019:00:08:06 -0500] "GET /StormSDA/storm_silv/ HTTP/1.1" 200 5787
66.249.66.81 - - [03/Mar/2019:00:08:08 -0500] "GET /StormSDA/silvicultura_Pruebas/ HTTP/1.1" 200 414
66.249.66.81 - - [03/Mar/2019:00:08:10 -0500] "GET /StormSDA/silvicultura1Produccion/ HTTP/1.1" 200 414
66.249.66.81 - - [03/Mar/2019:00:08:11 -0500] "GET /Autoliquidacion/Solicitud%20de%20Licencia%20Ambiental/Solicitud%20de%20licencia%20ambiental.....pdf HTTP/1.1" 200 99744
201.245.192.253 - - [03/Mar/2019:00:08:12 -0500] "GET /galeria/nivo-slider/demo/images/Banner%20Politica%20Publica%20CONPES%20(1).ai HTTP/1.1" 206 1
201.245.192.253 - - [03/Mar/2019:00:08:12 -0500] "GET /galeria/nivo-slider/demo/images/Banner%20Politica%20Publica%20CONPES%20(1).ai HTTP/1.1" 206 1711412
66.249.66.81 - - [03/Mar/2019:00:08:13 -0500] "GET /Autoliquidacion/index.php?dir=Plan%20de%20manejo%20ambiental%20para%20sitios%20de%20aprovechamiento%20y%20o%20disposicion%20final%20de%20escombros/&sort=date&order=asc HTTP/1.1" 200 2472
66.249.66.81 - - [03/Mar/2019:00:08:14 -0500] "GET /Autoliquidacion/Solicitud%20de%20Licencia%20Ambiental/Aplicativo.html HTTP/1.1" 200 359
66.249.66.81 - - [03/Mar/2019:00:08:16 -0500] "GET /Autoliquidacion/index.php?dir=TR%C1MITES+ACEITES-RESIDUOS-ESTACIONES%2FREGISTRO+ACEITE+VEGETAL+USADO%2F HTTP/1.1" 200 2417
66.249.66.81 - - [03/Mar/2019:00:08:17 -0500] "GET /Autoliquidacion/index.php?dir=TR%C1MITES%20VERTIMIENTOS/PERMISOS%20DE%20VERTIMIENTOS/&sort=size&order=desc HTTP/1.1" 200 3691
66.249.66.81 - - [03/Mar/2019:00:08:19 -0500] "GET /StormSDA/storm/vssver2.scc HTTP/1.1" 200 491
66.249.66.81 - - [03/Mar/2019:00:08:20 -0500] "GET /StormSDA/nsjars/nsjars.jnlp HTTP/1.1" 200 1004
66.249.88.93 - - [03/Mar/2019:00:08:21 -0500] "GET /galeria/galeria/jquery.fancybox.css?v=2.1.5 HTTP/1.1" 200 4895
66.249.88.93 - - [03/Mar/2019:00:08:21 -0500] "GET /BLA/boletinlegal/js/jquery.scrollShow.js HTTP/1.1" 200 4586
66.249.88.93 - - [03/Mar/2019:00:08:21 -0500] "GET /galeria/galeria/jquery.fancybox.js?v=2.1.5 HTTP/1.1" 200 48706
66.249.66.81 - - [03/Mar/2019:00:08:21 -0500] "GET /Autoliquidacion/TR%C3%81MITES%20ACEITES-RESIDUOS-ESTACIONES/Aplicativo.html HTTP/1.1" 200 359
66.249.66.81 - - [03/Mar/2019:00:08:23 -0500] "GET /Autoliquidacion/Solicitud%20de%20Licencia%20Ambiental/Lista%20de%20Chequeo%20Licencia%20Ambiental.xls HTTP/1.1" 200 112640
66.249.66.81 - - [03/Mar/2019:00:08:24 -0500] "GET /StormSDA/userFiles/UpdateReg.xml HTTP/1.1" 200 1238
66.249.66.81 - - [03/Mar/2019:00:08:26 -0500] "GET /Autoliquidacion/index.php?dir=TR%C1MITES+ACEITES-RESIDUOS-ESTACIONES%2FREGISTRO+COMO+ACOPIADOR+PRIMARIO%2F HTTP/1.1" 200 3034
66.249.66.81 - - [03/Mar/2019:00:08:27 -0500] "GET /StormSDA/lib/lib.jnlp HTTP/1.1" 200 1216
66.249.66.81 - - [03/Mar/2019:00:08:27 -0500] "GET /BLA/resoluciones/index.php?dir=RESOLUCIONES%202005/RES%202005%202751-2800/&sort=size&order=asc HTTP/1.1" 200 12345
66.249.66.81 - - [03/Mar/2019:00:08:28 -0500] "GET /StormSDA/lib/myKeystore HTTP/1.1" 200 1254
66.249.66.81 - - [03/Mar/2019:00:08:30 -0500] "GET /Autoliquidacion/index.php?dir=&sort=size&order=desc HTTP/1.1" 200 6376
66.249.66.81 - - [03/Mar/2019:00:08:31 -0500] "GET /StormSDA/lib/lib.jnlp.bak HTTP/1.1" 200 1223
66.249.66.81 - - [03/Mar/2019:00:08:32 -0500] "GET /StormSDA/userFiles/user_files.jnlp HTTP/1.1" 200 1353
66.249.66.81 - - [03/Mar/2019:00:08:33 -0500] "GET /StormSDA/lib/win32/ HTTP/1.1" 200 1202
66.249.66.81 - - [03/Mar/2019:00:08:35 -0500] "GET /Autoliquidacion/index.php?dir=Solicitud%20de%20Licencia%20Ambiental/&sort=size&order=asc HTTP/1.1" 200 2553
66.249.66.81 - - [03/Mar/2019:00:08:36 -0500] "GET /StormSDA/userFiles%20-%20Copy%2019-07-2012/UpdateReg.xml HTTP/1.1" 200 1238
201.245.192.253 - - [03/Mar/2019:00:08:37 -0500] "GET /galeria/nivo-slider/demo/images/Banner%20Politica%20Publica%20CONPES%20(1).ai HTTP/1.1" 206 1
201.245.192.253 - - [03/Mar/2019:00:08:37 -0500] "GET /galeria/nivo-slider/demo/images/Banner%20Politica%20Publica%20CONPES%20(1).ai HTTP/1.1" 206 1711412
66.249.66.81 - - [03/Mar/2019:00:08:37 -0500] "GET /Autoliquidacion/index.php?dir=Solicitud%20de%20Licencia%20Ambiental/&sort=name&order=desc HTTP/1.1" 200 2552
66.249.66.81 - - [03/Mar/2019:00:08:39 -0500] "GET /Autoliquidacion/index.php?dir=Solicitud%20de%20Licencia%20Ambiental/&sort=date&order=asc HTTP/1.1" 200 2553
66.249.66.81 - - [03/Mar/2019:00:08:40 -0500] "GET /Autoliquidacion/index.php?dir=TR%C1MITES%20ACEITES-RESIDUOS-ESTACIONES/&sort=size&order=asc HTTP/1.1" 200 3113
66.249.66.81 - - [03/Mar/2019:00:08:41 -0500] "GET /StormSDA/userFiles%20-%20Copy%2019-07-2012/user_files.jnlp HTTP/1.1" 200 1353
66.249.66.81 - - [03/Mar/2019:00:08:42 -0500] "GET /StormSDA/userFiles%20-%20Copy%2019-07-2012/user_files.jnlp.bak HTTP/1.1" 200 616
66.249.66.81 - - [03/Mar/2019:00:08:44 -0500] "GET /StormSDA/userFiles/update.txt HTTP/1.1" 200 33
54.36.148.8 - - [03/Mar/2019:00:08:45 -0500] "GET /BLA/resoluciones/AUTOS%202006/AUTOS%202006%202001%20-%202100/00002042.tif HTTP/1.1" 200 55580
66.249.66.81 - - [03/Mar/2019:00:08:45 -0500] "GET /StormSDA/userFiles/user_files/ HTTP/1.1" 200 8987
66.249.66.81 - - [03/Mar/2019:00:08:46 -0500] "GET /StormSDA/userFiles%20-%20Copy%2019-07-2012/user_files/ HTTP/1.1" 200 5683
201.245.192.253 - - [03/Mar/2019:00:08:47 -0500] "GET /galeria/nivo-slider/demo/images/Banner%20Politica%20Publica%20CONPES%20(1).ai HTTP/1.1" 206 1
201.245.192.253 - - [03/Mar/2019:00:08:47 -0500] "GET /galeria/nivo-slider/demo/images/Banner%20Politica%20Publica%20CONPES%20(1).ai HTTP/1.1" 206 1711412
66.249.66.81 - - [03/Mar/2019:00:08:48 -0500] "GET /Autoliquidacion/index.php?dir=Permiso%20de%20ocupaci%F3n%20de%20cauce/&sort=date&order=desc HTTP/1.1" 200 2388
66.249.66.81 - - [03/Mar/2019:00:08:49 -0500] "GET /Autoliquidacion/index.php?dir=Permiso%20de%20ocupaci%F3n%20de%20cauce/&sort=name&order=asc HTTP/1.1" 200 2389
66.249.66.81 - - [03/Mar/2019:00:08:50 -0500] "GET /Autoliquidacion/index.php?dir=Permiso%20de%20ocupaci%F3n%20de%20cauce/&sort=size&order=desc HTTP/1.1" 200 2388
66.249.66.81 - - [03/Mar/2019:00:08:51 -0500] "GET /BLA/resoluciones/RESOLUCIONES%202005/RES%202005%20651-700/INDEX.DAT HTTP/1.1" 200 2000
201.245.192.253 - - [03/Mar/2019:00:08:52 -0500] "GET /galeria/nivo-slider/demo/images/Banner%20Politica%20Publica%20CONPES%20(1).ai HTTP/1.1" 206 1
201.245.192.253 - - [03/Mar/2019:00:08:52 -0500] "GET /galeria/nivo-slider/demo/images/Banner%20Politica%20Publica%20CONPES%20(1).ai HTTP/1.1" 206 1711412
66.249.66.81 - - [03/Mar/2019:00:08:53 -0500] "GET /Autoliquidacion/index.php?dir=TR%C1MITES+AGUAS+SUPERFICIALES%2F HTTP/1.1" 200 2647
66.249.66.81 - - [03/Mar/2019:00:08:54 -0500] "GET /Autoliquidacion/index.php?dir=&sort=date&order=desc HTTP/1.1" 200 6376
66.249.66.81 - - [03/Mar/2019:00:08:55 -0500] "GET /Autoliquidacion/Fauna%20Silvestre/Aplicativo.html HTTP/1.1" 200 359
66.249.66.81 - - [03/Mar/2019:00:08:56 -0500] "GET /Autoliquidacion/Fauna%20Silvestre/126pm04-pr22-f-a30%20solicitud%20verificacion%20Expo-Impo.xls HTTP/1.1" 200 737280
66.249.66.81 - - [03/Mar/2019:00:08:57 -0500] "GET /Autoliquidacion/Fauna%20Silvestre/126pm04-pr25-f-a30%20Solicitud%20Expedici%C3%B3n%20SUM.xls HTTP/1.1" 200 717824
191.102.236.80 - - [03/Mar/2019:00:08:58 -0500] "GET /galeria/galeria/fotos/Jaboque1G.jpg HTTP/1.1" 200 325087
66.249.66.82 - - [03/Mar/2019:00:08:58 -0500] "GET /Autoliquidacion/Fauna%20Silvestre/126pm04-pr25-f-a20%20Lista%20Chequeo%20Expedici%C3%B3n%20SUM.xls HTTP/1.1" 200 711680
66.249.66.82 - - [03/Mar/2019:00:09:00 -0500] "GET /Autoliquidacion/index.php?dir=Fauna%20Silvestre/&sort=name&order=desc HTTP/1.1" 200 3841
66.249.66.81 - - [03/Mar/2019:00:09:01 -0500] "GET /Autoliquidacion/index.php?dir=Fauna%20Silvestre/&sort=size&order=asc HTTP/1.1" 200 3842
192.168.175.104 - - [03/Mar/2019:00:09:01 -0500] "GET / HTTP/1.1" 200 9990
66.249.66.82 - - [03/Mar/2019:00:09:01 -0500] "GET /Autoliquidacion/index.php?dir=TR%C1MITES%20VERTIMIENTOS/&sort=date&order=desc HTTP/1.1" 200 1988
201.245.192.253 - - [03/Mar/2019:00:09:02 -0500] "GET /galeria/nivo-slider/demo/images/Banner%20Politica%20Publica%20CONPES%20(1).ai HTTP/1.1" 206 1
201.245.192.253 - - [03/Mar/2019:00:09:02 -0500] "GET /galeria/nivo-slider/demo/images/Banner%20Politica%20Publica%20CONPES%20(1).ai HTTP/1.1" 206 1711412
201.221.176.223 - - [03/Mar/2019:00:09:02 -0500] "GET /galeria/nivo-slider/demo/images/Banner%20Politica%20Publica%20CONPES%20(1).ai HTTP/1.1" 200 1775371
66.249.66.82 - - [03/Mar/2019:00:09:03 -0500] "GET /Autoliquidacion/Fauna%20Silvestre/126pm04-pr22-f-a20%20lista%20chequeo%20verificaci%C3%B3n%20Expo-Impo.xls HTTP/1.1" 200 723968
66.249.66.81 - - [03/Mar/2019:00:09:04 -0500] "GET /Autoliquidacion/index.php?dir=Fauna%20Silvestre/&sort=date&order=asc HTTP/1.1" 200 3842
66.249.66.81 - - [03/Mar/2019:00:09:06 -0500] "GET /Autoliquidacion/index.php?dir=TR%C1MITES%20VERTIMIENTOS/&sort=name&order=asc HTTP/1.1" 200 1989
66.249.66.81 - - [03/Mar/2019:00:09:06 -0500] "GET /StormSDA/stormWeb/presentacion.html HTTP/1.1" 200 4730
66.249.66.81 - - [03/Mar/2019:00:09:07 -0500] "GET /StormSDA/userFiles/user_files.jnlp.bak HTTP/1.1" 200 616
66.249.66.82 - - [03/Mar/2019:00:09:08 -0500] "GET /StormSDA/stormWeb/img/ HTTP/1.1" 200 2924
66.249.66.82 - - [03/Mar/2019:00:09:09 -0500] "GET /StormSDA/userFiles%20-%20Copy%2019-07-2012/update.txt HTTP/1.1" 200 33
66.249.66.81 - - [03/Mar/2019:00:09:10 -0500] "GET /Autoliquidacion/Fauna%20Silvestre/126pm04-pr26-f-a20%20Solicitud%20Permiso%20Aprovechamiento%20FaunaSilvestre.xls HTTP/1.1" 200 695296
66.249.66.81 - - [03/Mar/2019:00:09:13 -0500] "GET /Autoliquidacion/Grupo%20Forestal%20-%20Industria%20de%20la%20Madera/Diligenciamiento%20libro%20operaciones.pdf HTTP/1.1" 200 119823
66.249.66.83 - - [03/Mar/2019:00:09:14 -0500] "GET /Autoliquidacion/Grupo%20Forestal%20-%20Industria%20de%20la%20Madera/Diligenciamiento%20reporte%20libro%20operaciones.pdf HTTP/1.1" 200 195571
66.249.66.81 - - [03/Mar/2019:00:09:14 -0500] "GET /Autoliquidacion/TR%C3%81MITES%20AGUAS%20SUBTERR%C3%81NEAS/Aplicativo.html HTTP/1.1" 200 359
66.249.66.81 - - [03/Mar/2019:00:09:15 -0500] "GET /Autoliquidacion/Grupo%20Forestal%20-%20Industria%20de%20la%20Madera/lista%20de%20chequeo%20solicitud%20salvoconducto.pdf HTTP/1.1" 200 28156
186.84.44.215 - - [03/Mar/2019:00:09:17 -0500] "GET /galeria/nivo-slider/demo/images/Banner%20Politica%20Publica%20CONPES%20(1).ai HTTP/1.1" 206 1
186.84.44.215 - - [03/Mar/2019:00:09:17 -0500] "GET /galeria/nivo-slider/demo/images/Banner%20Politica%20Publica%20CONPES%20(1).ai HTTP/1.1" 206 1771272
186.84.44.215 - - [03/Mar/2019:00:09:27 -0500] "GET /galeria/nivo-slider/demo/images/Banner%20Politica%20Publica%20CONPES%20(1).ai HTTP/1.1" 206 1
186.84.44.215 - - [03/Mar/2019:00:09:27 -0500] "GET /galeria/nivo-slider/demo/images/Banner%20Politica%20Publica%20CONPES%20(1).ai HTTP/1.1" 206 1771272
66.249.66.81 - - [03/Mar/2019:00:09:31 -0500] "GET /Autoliquidacion/Grupo%20Forestal%20-%20Industria%20de%20la%20Madera/Solicitud%20Verificacion%20CITES%20y%20no%20CITES%20flora.pdf HTTP/1.1" 200 40022
66.249.66.82 - - [03/Mar/2019:00:09:34 -0500] "GET /Autoliquidacion/Grupo%20Forestal%20-%20Industria%20de%20la%20Madera/Consolidado%20de%20movimientos,%20existencias%20y%20relacion%20de%20documentos.xlsx HTTP/1.1" 200 54480
192.168.175.104 - - [03/Mar/2019:00:09:34 -0500] "GET / HTTP/1.0" 200 9990
66.249.66.82 - - [03/Mar/2019:00:09:36 -0500] "GET /Autoliquidacion/Fauna%20Silvestre/126pm04-pr26-f-a30Lista%20Chequeo%20Solicitud%20Permiso%20Aprovechamiento%20Fauna%20Silvestre.xls HTTP/1.1" 200 722432
66.249.66.82 - - [03/Mar/2019:00:09:38 -0500] "GET /Autoliquidacion/index.php?dir=TR%C1MITES+AGUAS+SUBTERR%C1NEAS%2F126PM04-PR92-+PERMISO+EXPLORACI%D3N+AGUAS+SUBTERRANEAS%2F HTTP/1.1" 200 2947
66.249.66.81 - - [03/Mar/2019:00:09:40 -0500] "GET /Autoliquidacion/index.php?dir=TR%C1MITES+AGUAS+SUBTERR%C1NEAS%2F126PM04-PR91-CONCESI%D2N+DE+AGUAS+SUBTERRANEAS%2F HTTP/1.1" 200 2501
66.249.66.81 - - [03/Mar/2019:00:09:42 -0500] "GET /Autoliquidacion/index.php?dir=Grupo%20Forestal%20-%20Industria%20de%20la%20Madera/&sort=size&order=asc HTTP/1.1" 200 5071
69.162.124.233 - - [03/Mar/2019:00:09:42 -0500] "HEAD / HTTP/1.1" 200 -
66.249.66.81 - - [03/Mar/2019:00:09:43 -0500] "GET /Autoliquidacion/index.php?dir=TR%C1MITES%20AGUAS%20SUBTERR%C1NEAS/&sort=name&order=desc HTTP/1.1" 200 3642
66.249.66.81 - - [03/Mar/2019:00:09:44 -0500] "GET /Autoliquidacion/TR%C3%81MITES%20AGUAS%20SUPERFICIALES/Aplicativo.html HTTP/1.1" 200 359
66.249.66.81 - - [03/Mar/2019:00:09:45 -0500] "GET /Autoliquidacion/index.php?dir=TR%C1MITES+AGUAS+SUBTERR%C1NEAS%2F126PM04-PR93-PR%D3RROGA+CONCESI%D3N+AGUAS+SUBTERR%C1NEAS%2F HTTP/1.1" 200 2856
66.249.66.81 - - [03/Mar/2019:00:09:46 -0500] "GET /Autoliquidacion/index.php?dir=TR%C1MITES+AGUAS+SUBTERR%C1NEAS%2F126PM04-PR94-SOLICITUD+MODIFICACI%D2N+CONCESI%D3N+AGUAS+SUBTERR%C1NEAS%2F HTTP/1.1" 200 3078
66.249.66.81 - - [03/Mar/2019:00:09:47 -0500] "GET /Autoliquidacion/index.php?dir=TR%C1MITES%20AGUAS%20SUPERFICIALES/&sort=size&order=asc HTTP/1.1" 200 2647
66.249.66.81 - - [03/Mar/2019:00:09:48 -0500] "GET /Autoliquidacion/index.php?dir=TR%C1MITES%20AGUAS%20SUBTERR%C1NEAS/&sort=size&order=asc HTTP/1.1" 200 3643
66.249.66.81 - - [03/Mar/2019:00:09:49 -0500] "GET /StormSDA/userFiles/backup%2027-09-2012/ HTTP/1.1" 200 5695
66.249.66.81 - - [03/Mar/2019:00:09:49 -0500] "GET /Autoliquidacion/index.php?dir=TR%C1MITES%20AGUAS%20SUPERFICIALES/&sort=date&order=asc HTTP/1.1" 200 2647
66.249.66.81 - - [03/Mar/2019:00:09:50 -0500] "GET /Autoliquidacion/index.php?dir=Grupo%20Forestal%20-%20Industria%20de%20la%20Madera/&sort=name&order=desc HTTP/1.1" 200 5070
66.249.66.81 - - [03/Mar/2019:00:09:50 -0500] "GET /Autoliquidacion/index.php?dir=TR%C1MITES%20AGUAS%20SUBTERR%C1NEAS/&sort=date&order=asc HTTP/1.1" 200 3643
66.249.66.81 - - [03/Mar/2019:00:09:51 -0500] "GET /Autoliquidacion/index.php?dir=TR%C1MITES%20AGUAS%20SUPERFICIALES/&sort=name&order=desc HTTP/1.1" 200 2646
66.249.66.81 - - [03/Mar/2019:00:09:51 -0500] "GET /galeria/nivo-slider/demo/demo.html HTTP/1.1" 200 22851
66.249.66.81 - - [03/Mar/2019:00:09:53 -0500] "GET /galeria/nivo-slider/demo/ HTTP/1.1" 200 3585
66.249.66.81 - - [03/Mar/2019:00:09:54 -0500] "GET /Autoliquidacion/index.php?dir=Plan%20de%20manejo%20ambiental%20para%20sitios%20de%20aprovechamiento%20y%20o%20disposicion%20final%20de%20escombros/&sort=date&order=desc HTTP/1.1" 200 2471
66.249.66.81 - - [03/Mar/2019:00:09:54 -0500] "GET /Autoliquidacion/index.php?dir=Grupo%20Forestal%20-%20Industria%20de%20la%20Madera/&sort=date&order=asc HTTP/1.1" 200 5071
66.249.66.81 - - [03/Mar/2019:00:09:55 -0500] "GET /StormSDA/lib HTTP/1.1" 301 307
66.249.66.81 - - [03/Mar/2019:00:09:55 -0500] "GET /Autoliquidacion/index.php?dir=Solicitud%20de%20Licencia%20Ambiental/&sort=name&order=asc HTTP/1.1" 200 2553
66.249.66.81 - - [03/Mar/2019:00:09:56 -0500] "GET /Autoliquidacion/index.php?dir=Solicitud%20de%20Licencia%20Ambiental/&sort=size&order=desc HTTP/1.1" 200 2552
66.249.66.81 - - [03/Mar/2019:00:09:56 -0500] "GET /StormSDA/userFiles/user_files/str_moneda.xml HTTP/1.1" 200 327
66.249.66.81 - - [03/Mar/2019:00:09:57 -0500] "GET /StormSDA/userFiles/user_files/Str_Informe.xml HTTP/1.1" 200 346
66.249.66.81 - - [03/Mar/2019:00:09:57 -0500] "GET /Autoliquidacion/Solicitudes%20relacionadas%20con%20ocupaci%C3%B3n%20de%20cauce/Aplicativo.html HTTP/1.1" 200 359
66.249.66.81 - - [03/Mar/2019:00:09:58 -0500] "GET /Autoliquidacion/Solicitudes%20relacionadas%20con%20ocupaci%C3%B3n%20de%20cauce/Lista%20de%20Chequeo%20Permiso%20Ocupacion%20de%20Cauce.pdf HTTP/1.1" 200 38424
66.249.66.81 - - [03/Mar/2019:00:09:58 -0500] "GET /Autoliquidacion/index.php?dir=Solicitudes%20relacionadas%20con%20ocupaci%F3n%20de%20cauce/&sort=date&order=asc HTTP/1.1" 200 2870
66.249.66.81 - - [03/Mar/2019:00:09:59 -0500] "GET /Autoliquidacion/index.php?dir=Solicitudes%20relacionadas%20con%20ocupaci%F3n%20de%20cauce/&sort=size&order=asc HTTP/1.1" 200 2870
66.249.66.81 - - [03/Mar/2019:00:09:59 -0500] "GET /StormSDA/userFiles/user_files/str_expresiones.xml HTTP/1.1" 200 1502
66.249.66.81 - - [03/Mar/2019:00:10:00 -0500] "GET /Autoliquidacion/index.php?dir=Plan%20de%20manejo%20ambiental%20para%20sitios%20de%20aprovechamiento%20y%20o%20disposicion%20final%20de%20escombros/&sort=name&order=asc HTTP/1.1" 200 2472
66.249.66.81 - - [03/Mar/2019:00:10:00 -0500] "GET /Autoliquidacion/index.php?dir=Solicitudes+relacionadas+con+calidad+del+aire+auditiva+y+visual%2FEvaluaci%F3n+certificado+de+Intensidad+Auditiva%2F HTTP/1.1" 200 2811
66.249.66.81 - - [03/Mar/2019:00:10:01 -0500] "GET /Autoliquidacion/index.php?dir=Solicitudes+relacionadas+con+calidad+del+aire+auditiva+y+visual%2FEvaluaci%F3n+de+Estudios+de+ruido%2F HTTP/1.1" 200 2699
66.249.66.81 - - [03/Mar/2019:00:10:01 -0500] "GET /Autoliquidacion/index.php?dir=Solicitudes+relacionadas+con+calidad+del+aire+auditiva+y+visual%2FRegistro+de+Elementos+de+publicidad+Exterior+Visual%2F HTTP/1.1" 200 3962
66.249.66.81 - - [03/Mar/2019:00:10:02 -0500] "GET /Autoliquidacion/index.php?dir=Solicitudes+relacionadas+con+calidad+del+aire+auditiva+y+visual%2FEvaluaci%F3n+de+permisos+de+emisi%F3n+para+fuentes+fijas%2F HTTP/1.1" 200 3663
66.249.66.81 - - [03/Mar/2019:00:10:02 -0500] "GET /Autoliquidacion/index.php?dir=Solicitudes+relacionadas+con+calidad+del+aire+auditiva+y+visual%2FEvaluaci%F3n+conceptos+favorabilidad+realizaci%F3n+Eventos%2F HTTP/1.1" 200 2885
54.36.150.26 - - [03/Mar/2019:00:10:02 -0500] "GET /BLA/resoluciones/RESOLUCIONES%202004/RES%202004%20301-350/00000328.tif HTTP/1.1" 200 211074
66.249.66.81 - - [03/Mar/2019:00:10:04 -0500] "GET /Autoliquidacion/index.php?dir=Solicitudes%20relacionadas%20con%20calidad%20del%20aire%20auditiva%20y%20visual/&sort=name&order=desc HTTP/1.1" 200 5747
66.249.66.81 - - [03/Mar/2019:00:10:04 -0500] "GET /Autoliquidacion/index.php?dir=Solicitudes+relacionadas+con+calidad+del+aire+auditiva+y+visual%2FEvaluaci%F3n+de+estudios+de+Emisiones+con+miras+a+verificar+el+cumplimiento+de+las+normas+de+emisiones%2F HTTP/1.1" 200 3251
66.249.66.81 - - [03/Mar/2019:00:10:05 -0500] "GET /Autoliquidacion/TR%C3%81MITES%20MINER%C3%8DA/T%C3%A9rminos%20de%20Referencia%20para%20evaluaci%C3%B3n%20de%20PMA.doc HTTP/1.1" 200 465920
66.249.66.81 - - [03/Mar/2019:00:10:06 -0500] "GET /Autoliquidacion/index.php?dir=Solicitudes+relacionadas+con+calidad+del+aire+auditiva+y+visual%2FSolicitudes+relacionadas+a+Programa+de+Autorregulaci%F3n+Ambiental%2F HTTP/1.1" 200 3760
66.249.66.81 - - [03/Mar/2019:00:10:06 -0500] "GET /Autoliquidacion/index.php?dir=Solicitudes+relacionadas+con+calidad+del+aire+auditiva+y+visual%2FEvaluaci%F3n+para+Certificaci%F3n+en+materia+de+Revisi%F3n+de+Gases%2F HTTP/1.1" 200 3725
66.249.66.81 - - [03/Mar/2019:00:10:08 -0500] "GET /Autoliquidacion/index.php?dir=Solicitudes%20relacionadas%20con%20calidad%20del%20aire%20auditiva%20y%20visual/&sort=date&order=asc HTTP/1.1" 200 5748
201.245.192.253 - - [03/Mar/2019:00:10:09 -0500] "GET /galeria/nivo-slider/demo/images/Banner%20Politica%20Publica%20CONPES%20(1).ai HTTP/1.1" 206 1
66.249.66.81 - - [03/Mar/2019:00:10:09 -0500] "GET /Autoliquidacion/index.php?dir=Solicitudes%20relacionadas%20con%20calidad%20del%20aire%20auditiva%20y%20visual/&sort=size&order=asc HTTP/1.1" 200 5748
66.249.66.81 - - [03/Mar/2019:00:10:10 -0500] "GET /StormSDA/nsjars HTTP/1.1" 301 310
66.249.66.81 - - [03/Mar/2019:00:10:10 -0500] "GET /Autoliquidacion/index.php?dir=TR%C1MITES%20AGUAS%20SUPERFICIALES/&sort=name&order=asc HTTP/1.1" 200 2647
66.249.66.82 - - [03/Mar/2019:00:10:11 -0500] "GET /Autoliquidacion/index.php?dir=TR%C1MITES%20ACEITES-RESIDUOS-ESTACIONES/REGISTRO%20COMO%20ACOPIADOR%20PRIMARIO/&sort=name&order=desc HTTP/1.1" 200 3033
66.249.66.82 - - [03/Mar/2019:00:10:11 -0500] "GET /Autoliquidacion/index.php?dir=TR%C1MITES%20MINER%CDA/&sort=name&order=desc HTTP/1.1" 200 2726
66.249.66.81 - - [03/Mar/2019:00:10:12 -0500] "GET /Autoliquidacion/index.php?dir=TR%C1MITES%20MINER%CDA/&sort=date&order=asc HTTP/1.1" 200 2727
66.249.66.81 - - [03/Mar/2019:00:10:12 -0500] "GET /Autoliquidacion/index.php?dir=TR%C1MITES%20ACEITES-RESIDUOS-ESTACIONES/REGISTRO%20COMO%20ACOPIADOR%20PRIMARIO/&sort=size&order=asc HTTP/1.1" 200 3034
66.249.66.81 - - [03/Mar/2019:00:10:13 -0500] "GET /StormSDA/userFiles/user_files/str_areas.xml HTTP/1.1" 200 111
66.249.66.81 - - [03/Mar/2019:00:10:13 -0500] "GET /StormSDA/userFiles/user_files/1/ HTTP/1.1" 200 1690
66.249.66.81 - - [03/Mar/2019:00:10:14 -0500] "GET /Autoliquidacion/Solicitud%20de%20expedici%C3%B3n%20de%20certificados%20de%20estado%20de%20conservaci%C3%B3n%20ambiental%20(CECA)/Aplicativo.html HTTP/1.1" 200 359
66.249.66.81 - - [03/Mar/2019:00:10:14 -0500] "GET /Autoliquidacion/Solicitud%20de%20expedici%C3%B3n%20de%20certificados%20de%20estado%20de%20conservaci%C3%B3n%20ambiental%20(CECA)/RESOLUCION%202990%20DE%202015.docx HTTP/1.1" 200 203510
66.249.66.81 - - [03/Mar/2019:00:10:15 -0500] "GET /Autoliquidacion/index.php?dir=Solicitud%20de%20expedici%F3n%20de%20certificados%20de%20estado%20de%20conservaci%F3n%20ambiental%20(CECA)/&sort=name&order=desc HTTP/1.1" 200 2984
66.249.66.81 - - [03/Mar/2019:00:10:15 -0500] "GET /Autoliquidacion/Solicitud%20de%20expedici%C3%B3n%20de%20certificados%20de%20estado%20de%20conservaci%C3%B3n%20ambiental%20(CECA)/formulario%20mejor.pdf HTTP/1.1" 200 82984
66.249.66.82 - - [03/Mar/2019:00:10:16 -0500] "GET /Autoliquidacion/index.php?dir=Solicitudes+relacionadas+con+calidad+del+aire+auditiva+y+visual%2FAcompa%F1amiento+para+muestreo+isocin%E9tico+y+o+determinaciones+de+emisiones+a+fuentes+fijas%2F HTTP/1.1" 200 4421
66.249.66.81 - - [03/Mar/2019:00:10:16 -0500] "GET /Autoliquidacion/index.php?dir=TR%C1MITES%20VERTIMIENTOS/&sort=size&order=desc HTTP/1.1" 200 1988
66.249.66.81 - - [03/Mar/2019:00:10:17 -0500] "GET /Autoliquidacion/index.php?dir=Solicitud%20de%20expedici%F3n%20de%20certificados%20de%20estado%20de%20conservaci%F3n%20ambiental%20(CECA)/&sort=size&order=asc HTTP/1.1" 200 2985
66.249.66.82 - - [03/Mar/2019:00:10:17 -0500] "GET /Autoliquidacion/index.php?dir=TR%C1MITES%20ACEITES-RESIDUOS-ESTACIONES/REGISTRO%20ACEITE%20VEGETAL%20USADO/&sort=size&order=asc HTTP/1.1" 200 2417
66.249.66.81 - - [03/Mar/2019:00:10:18 -0500] "GET /Autoliquidacion/index.php?dir=TR%C1MITES%20ACEITES-RESIDUOS-ESTACIONES/REGISTRO%20ACEITE%20VEGETAL%20USADO/&sort=date&order=asc HTTP/1.1" 200 2417
66.249.66.82 - - [03/Mar/2019:00:10:18 -0500] "GET /Autoliquidacion/index.php?dir=TR%C1MITES%20ACEITES-RESIDUOS-ESTACIONES/REGISTRO%20ACEITE%20VEGETAL%20USADO/&sort=name&order=desc HTTP/1.1" 200 2416
201.245.192.253 - - [03/Mar/2019:00:10:19 -0500] "GET /galeria/nivo-slider/demo/images/Banner%20Politica%20Publica%20CONPES%20(1).ai HTTP/1.1" 206 1
66.249.66.82 - - [03/Mar/2019:00:10:19 -0500] "GET /Autoliquidacion/Grupo%20Forestal%20-%20Silvicultura/Entrega%20del%20cronograma%20para%20el%20control%20a%20la%20ejecucion%20actividades%20silviculturales.xlsx HTTP/1.1" 200 75158
66.249.66.81 - - [03/Mar/2019:00:10:19 -0500] "GET /Autoliquidacion/index.php?dir=Grupo%20Forestal%20-%20Silvicultura/&sort=date&order=asc HTTP/1.1" 200 3990
66.249.66.81 - - [03/Mar/2019:00:10:20 -0500] "GET /Autoliquidacion/TR%C3%81MITES%20ACEITES-RESIDUOS-ESTACIONES/REGISTRO%20ACEITE%20VEGETAL%20USADO/Aplicativo.html HTTP/1.1" 200 359
66.249.66.82 - - [03/Mar/2019:00:10:21 -0500] "GET /StormSDA/userFiles/user_files/92/ HTTP/1.1" 200 816
66.249.66.81 - - [03/Mar/2019:00:10:21 -0500] "GET /StormSDA/userFiles/user_files/94/ HTTP/1.1" 200 816
66.249.66.82 - - [03/Mar/2019:00:10:22 -0500] "GET /Autoliquidacion/index.php?dir=TR%C1MITES%20ACEITES-RESIDUOS-ESTACIONES/REGISTRO%20COMO%20ACOPIADOR%20PRIMARIO/&sort=date&order=asc HTTP/1.1" 200 3034
66.249.66.82 - - [03/Mar/2019:00:10:22 -0500] "GET /Autoliquidacion/TR%C3%81MITES%20ACEITES-RESIDUOS-ESTACIONES/REGISTRO%20COMO%20ACOPIADOR%20PRIMARIO/Solicitud%20de%20inscripci%C3%B3n%20como%20acopiador%20primario%20de%20aceites%20usados.doc HTTP/1.1" 200 2811904
66.249.66.81 - - [03/Mar/2019:00:10:27 -0500] "GET /Autoliquidacion/index.php?dir=Solicitudes%20relacionadas%20con%20ocupaci%F3n%20de%20cauce/&sort=size&order=desc HTTP/1.1" 200 2869
66.249.66.82 - - [03/Mar/2019:00:10:27 -0500] "GET /Autoliquidacion/TR%C3%81MITES%20AGUAS%20SUPERFICIALES/FORMULARIO%20NACIONAL%20SOLICITUD%20-Concesion%20Aguas%20Superficiales.pdf HTTP/1.1" 200 94522
66.249.66.82 - - [03/Mar/2019:00:10:28 -0500] "GET /Autoliquidacion/index.php?dir=Fauna%20Silvestre/&sort=size&order=desc HTTP/1.1" 200 3841
66.249.66.82 - - [03/Mar/2019:00:10:29 -0500] "GET /Autoliquidacion/index.php?dir=Solicitudes%20relacionadas%20con%20ocupaci%F3n%20de%20cauce/&sort=name&order=asc HTTP/1.1" 200 2870
66.249.66.81 - - [03/Mar/2019:00:10:29 -0500] "GET /StormSDA/userFiles/user_files/85/ HTTP/1.1" 200 816
66.249.66.82 - - [03/Mar/2019:00:10:30 -0500] "GET /Autoliquidacion/index.php?dir=Solicitudes%20relacionadas%20con%20calidad%20del%20aire%20auditiva%20y%20visual/Evaluaci%F3n%20conceptos%20favorabilidad%20realizaci%F3n%20Eventos/&sort=name&order=desc HTTP/1.1" 200 2884
66.249.66.82 - - [03/Mar/2019:00:10:30 -0500] "GET /Autoliquidacion/index.php?dir=Fauna%20Silvestre/&sort=date&order=desc HTTP/1.1" 200 3841
66.249.66.82 - - [03/Mar/2019:00:10:31 -0500] "GET /Autoliquidacion/index.php?dir=Solicitudes%20relacionadas%20con%20calidad%20del%20aire%20auditiva%20y%20visual/Solicitudes%20relacionadas%20a%20Programa%20de%20Autorregulaci%F3n%20Ambiental/&sort=name&order=desc HTTP/1.1" 200 3759
66.249.66.81 - - [03/Mar/2019:00:10:31 -0500] "GET /Autoliquidacion/Solicitudes%20relacionadas%20con%20calidad%20del%20aire%20auditiva%20y%20visual/Solicitudes%20relacionadas%20a%20Programa%20de%20Autorregulaci%C3%B3n%20Ambiental/lista%20de%20chequeo%20programa%20de%20autorregulacion%20ambiental.pdf HTTP/1.1" 200 28419
190.144.166.61 - - [03/Mar/2019:00:10:43 -0500] "GET /galeria/nivo-slider/demo/images/Banner%20Politica%20Publica%20CONPES%20(1).ai HTTP/1.1" 206 1
201.245.192.253 - - [03/Mar/2019:00:10:11 -0500] "POST /kwsrmcab/Wsrmcab HTTP/1.1" 200 27558
190.144.166.61 - - [03/Mar/2019:00:10:53 -0500] "GET /galeria/nivo-slider/demo/images/Banner%20Politica%20Publica%20CONPES%20(1).ai HTTP/1.1" 206 1
190.144.166.61 - - [03/Mar/2019:00:10:53 -0500] "GET /galeria/nivo-slider/demo/images/Banner%20Politica%20Publica%20CONPES%20(1).ai HTTP/1.1" 206 1332074
201.245.192.253 - - [03/Mar/2019:00:10:49 -0500] "POST /kwsrmcab/Wsrmcab HTTP/1.1" 200 27564
66.249.66.81 - - [03/Mar/2019:00:11:33 -0500] "GET /Autoliquidacion/index.php?dir=TR%C1MITES%20ACEITES-RESIDUOS-ESTACIONES/&sort=size&order=desc HTTP/1.1" 200 3112
186.96.124.43 - - [03/Mar/2019:00:11:45 -0500] "GET /galeria/galeria/jquery.fancybox.css?v=2.1.5 HTTP/1.1" 200 4895
186.96.124.43 - - [03/Mar/2019:00:11:45 -0500] "GET /galeria/galeria/jquery.fancybox.js?v=2.1.5 HTTP/1.1" 200 48706
186.96.124.43 - - [03/Mar/2019:00:11:45 -0500] "GET /BLA/boletinlegal/js/jquery.scrollShow.js HTTP/1.1" 200 4586
186.96.124.43 - - [03/Mar/2019:00:11:57 -0500] "GET /galeria/galeria/jquery.fancybox.css?v=2.1.5 HTTP/1.1" 304 -
186.96.124.43 - - [03/Mar/2019:00:11:57 -0500] "GET /BLA/boletinlegal/js/jquery.scrollShow.js HTTP/1.1" 304 -
186.96.124.43 - - [03/Mar/2019:00:11:57 -0500] "GET /galeria/galeria/jquery.fancybox.js?v=2.1.5 HTTP/1.1" 304 -
190.145.242.7 - - [03/Mar/2019:00:12:01 -0500] "GET /galeria/galeria/jquery.fancybox.css?v=2.1.5 HTTP/1.1" 200 4895
201.245.192.253 - - [03/Mar/2019:00:12:02 -0500] "GET /galeria/nivo-slider/demo/images/Banner%20Politica%20Publica%20CONPES%20(1).ai HTTP/1.1" 206 1
201.245.192.253 - - [03/Mar/2019:00:12:02 -0500] "GET /galeria/nivo-slider/demo/images/Banner%20Politica%20Publica%20CONPES%20(1).ai HTTP/1.1" 206 1711412
201.245.192.253 - - [03/Mar/2019:00:12:12 -0500] "GET /galeria/nivo-slider/demo/images/Banner%20Politica%20Publica%20CONPES%20(1).ai HTTP/1.1" 206 1
201.245.192.253 - - [03/Mar/2019:00:12:12 -0500] "GET /galeria/nivo-slider/demo/images/Banner%20Politica%20Publica%20CONPES%20(1).ai HTTP/1.1" 206 1711412
201.245.192.253 - - [03/Mar/2019:00:12:47 -0500] "GET /galeria/nivo-slider/demo/images/Banner%20Politica%20Publica%20CONPES%20(1).ai HTTP/1.1" 206 1
201.245.192.253 - - [03/Mar/2019:00:12:47 -0500] "GET /galeria/nivo-slider/demo/images/Banner%20Politica%20Publica%20CONPES%20(1).ai HTTP/1.1" 206 1711412
201.245.192.253 - - [03/Mar/2019:00:12:52 -0500] "GET /galeria/nivo-slider/demo/images/Banner%20Politica%20Publica%20CONPES%20(1).ai HTTP/1.1" 206 1
201.245.192.253 - - [03/Mar/2019:00:12:52 -0500] "GET /galeria/nivo-slider/demo/images/Banner%20Politica%20Publica%20CONPES%20(1).ai HTTP/1.1" 206 1711412
186.30.69.78 - - [03/Mar/2019:00:12:56 -0500] "GET /galeria/galeria/fotos/juan-amarillo4G.jpg HTTP/1.1" 200 202445
201.245.192.253 - - [03/Mar/2019:00:12:57 -0500] "GET /galeria/nivo-slider/demo/images/Banner%20Politica%20Publica%20CONPES%20(1).ai HTTP/1.1" 206 1
201.245.192.253 - - [03/Mar/2019:00:12:57 -0500] "GET /galeria/nivo-slider/demo/images/Banner%20Politica%20Publica%20CONPES%20(1).ai HTTP/1.1" 206 1711412
201.245.192.253 - - [03/Mar/2019:00:13:02 -0500] "GET /galeria/nivo-slider/demo/images/Banner%20Politica%20Publica%20CONPES%20(1).ai HTTP/1.1" 206 1
201.245.192.253 - - [03/Mar/2019:00:13:02 -0500] "GET /galeria/nivo-slider/demo/images/Banner%20Politica%20Publica%20CONPES%20(1).ai HTTP/1.1" 206 1711412
201.221.176.223 - - [03/Mar/2019:00:13:12 -0500] "GET /galeria/nivo-slider/demo/images/Banner%20Politica%20Publica%20CONPES%20(1).ai HTTP/1.1" 200 1775371
186.28.122.21 - - [03/Mar/2019:00:13:18 -0500] "GET /BLA/boletinlegal/js/jquery.scrollShow.js HTTP/1.1" 200 4586
186.28.122.21 - - [03/Mar/2019:00:13:18 -0500] "GET /galeria/galeria/jquery.fancybox.js?v=2.1.5 HTTP/1.1" 200 48706
186.28.122.21 - - [03/Mar/2019:00:13:18 -0500] "GET /galeria/galeria/jquery.fancybox.css?v=2.1.5 HTTP/1.1" 200 4895
201.221.176.223 - - [03/Mar/2019:00:13:22 -0500] "GET /galeria/nivo-slider/demo/images/Banner%20Politica%20Publica%20CONPES%20(1).ai HTTP/1.1" 200 1775371
186.84.44.215 - - [03/Mar/2019:00:13:27 -0500] "GET /galeria/nivo-slider/demo/images/Banner%20Politica%20Publica%20CONPES%20(1).ai HTTP/1.1" 206 1
186.84.44.215 - - [03/Mar/2019:00:13:27 -0500] "GET /galeria/nivo-slider/demo/images/Banner%20Politica%20Publica%20CONPES%20(1).ai HTTP/1.1" 206 1771272
186.84.44.215 - - [03/Mar/2019:00:13:37 -0500] "GET /galeria/nivo-slider/demo/images/Banner%20Politica%20Publica%20CONPES%20(1).ai HTTP/1.1" 206 1
186.84.44.215 - - [03/Mar/2019:00:13:37 -0500] "GET /galeria/nivo-slider/demo/images/Banner%20Politica%20Publica%20CONPES%20(1).ai HTTP/1.1" 206 1771272
192.168.175.104 - - [03/Mar/2019:00:13:59 -0500] "GET / HTTP/1.1" 200 9990
186.28.208.42 - - [03/Mar/2019:00:14:06 -0500] "GET /catalogoisis/Css/Busqueda.css HTTP/1.1" 200 1995
186.28.208.42 - - [03/Mar/2019:00:14:06 -0500] "GET /catalogoisis/Js/AceptarLimpiar.js HTTP/1.1" 200 331
186.28.208.42 - - [03/Mar/2019:00:14:06 -0500] "GET /catalogoisis/Js/CriterioCombinada.js HTTP/1.1" 200 1843
186.28.208.42 - - [03/Mar/2019:00:14:06 -0500] "GET /catalogoisis/Js/Cookies.js HTTP/1.1" 200 1369
186.28.208.42 - - [03/Mar/2019:00:14:06 -0500] "GET /catalogoisis/Js/LimpiarCombinada.js HTTP/1.1" 200 207
186.28.208.42 - - [03/Mar/2019:00:14:06 -0500] "GET /catalogoisis/Js/Remote.js HTTP/1.1" 200 436
186.28.208.42 - - [03/Mar/2019:00:14:06 -0500] "GET /catalogoisis/Js/Go.js HTTP/1.1" 200 364
186.28.208.42 - - [03/Mar/2019:00:14:06 -0500] "GET /catalogoisis/Js/Numero.js HTTP/1.1" 200 398
186.28.208.42 - - [03/Mar/2019:00:14:06 -0500] "GET /catalogoisis/Js/Enter.js HTTP/1.1" 200 1208
186.28.208.42 - - [03/Mar/2019:00:14:06 -0500] "GET /catalogoisis/imagenes/br1c1.gif HTTP/1.1" 200 172
186.28.208.42 - - [03/Mar/2019:00:14:06 -0500] "GET /catalogoisis/ HTTP/1.1" 200 8575
186.28.208.42 - - [03/Mar/2019:00:14:06 -0500] "GET /catalogoisis/imagenes/br1c3.gif HTTP/1.1" 200 302
186.28.208.42 - - [03/Mar/2019:00:14:06 -0500] "GET /catalogoisis/imagenes/Turnbo1.gif HTTP/1.1" 200 227
186.28.208.42 - - [03/Mar/2019:00:14:06 -0500] "GET /catalogoisis/imagenes/aceptar1.gif HTTP/1.1" 200 604
186.28.208.42 - - [03/Mar/2019:00:14:06 -0500] "GET /catalogoisis/imagenes/limpiar1.gif HTTP/1.1" 200 606
186.28.208.42 - - [03/Mar/2019:00:14:07 -0500] "GET /catalogoisis/imagenes/br3c1.gif HTTP/1.1" 200 177
186.28.208.42 - - [03/Mar/2019:00:14:07 -0500] "GET /catalogoisis/imagenes/br3c2.gif HTTP/1.1" 200 285
186.28.208.42 - - [03/Mar/2019:00:14:07 -0500] "GET /catalogoisis/imagenes/br3c3.gif HTTP/1.1" 200 186
186.28.208.42 - - [03/Mar/2019:00:14:07 -0500] "GET /catalogoisis/imagenes/br1c2.gif HTTP/1.1" 200 297
186.28.208.42 - - [03/Mar/2019:00:14:07 -0500] "GET /catalogoisis/imagenes/br2c1.gif HTTP/1.1" 200 297
186.28.208.42 - - [03/Mar/2019:00:14:07 -0500] "GET /catalogoisis/imagenes/br2c2.gif HTTP/1.1" 200 302
186.28.208.42 - - [03/Mar/2019:00:14:07 -0500] "GET /catalogoisis/imagenes/br2c3.gif HTTP/1.1" 200 416
186.28.208.42 - - [03/Mar/2019:00:14:06 -0500] "GET /catalogoisis/imagenes/Header.gif HTTP/1.1" 200 30313
186.28.208.42 - - [03/Mar/2019:00:14:08 -0500] "GET /favicon.ico HTTP/1.1" 200 7782
201.245.192.253 - - [03/Mar/2019:00:14:09 -0500] "GET /galeria/nivo-slider/demo/images/Banner%20Politica%20Publica%20CONPES%20(1).ai HTTP/1.1" 206 1
201.172.139.185 - - [03/Mar/2019:00:14:10 -0500] "GET /galeria/galeria/jquery.fancybox.css?v=2.1.5 HTTP/1.1" 200 4895
201.172.139.185 - - [03/Mar/2019:00:14:10 -0500] "GET /galeria/galeria/jquery.fancybox.js?v=2.1.5 HTTP/1.1" 200 48706
201.245.192.253 - - [03/Mar/2019:00:14:19 -0500] "GET /galeria/nivo-slider/demo/images/Banner%20Politica%20Publica%20CONPES%20(1).ai HTTP/1.1" 206 1
192.168.175.104 - - [03/Mar/2019:00:14:33 -0500] "GET / HTTP/1.0" 200 9990
191.95.48.14 - - [03/Mar/2019:00:14:39 -0500] "GET /BLA/boletinlegal/js/jquery.scrollShow.js HTTP/1.1" 200 4586
191.95.48.14 - - [03/Mar/2019:00:14:39 -0500] "GET /galeria/galeria/jquery.fancybox.js?v=2.1.5 HTTP/1.1" 200 48706
191.95.48.14 - - [03/Mar/2019:00:14:39 -0500] "GET /galeria/galeria/jquery.fancybox.css?v=2.1.5 HTTP/1.1" 200 4895
69.162.124.233 - - [03/Mar/2019:00:14:42 -0500] "HEAD / HTTP/1.1" 200 -
66.249.66.81 - - [03/Mar/2019:00:14:48 -0500] "GET /BLA/resoluciones/index.php?dir=RESOLUCIONES%202005/RES%202005%202801-2850/&sort=size&order=asc HTTP/1.1" 200 11939
181.53.12.163 - - [03/Mar/2019:00:14:49 -0500] "-" 408 -
181.53.12.163 - - [03/Mar/2019:00:14:49 -0500] "-" 408 -
190.144.166.61 - - [03/Mar/2019:00:14:53 -0500] "GET /galeria/nivo-slider/demo/images/Banner%20Politica%20Publica%20CONPES%20(1).ai HTTP/1.1" 206 1
191.95.48.14 - - [03/Mar/2019:00:14:54 -0500] "GET /BLA/boletinlegal/js/jquery.scrollShow.js HTTP/1.1" 304 -
191.95.48.14 - - [03/Mar/2019:00:14:54 -0500] "GET /galeria/galeria/jquery.fancybox.js?v=2.1.5 HTTP/1.1" 304 -
191.95.48.14 - - [03/Mar/2019:00:14:54 -0500] "GET /galeria/galeria/jquery.fancybox.css?v=2.1.5 HTTP/1.1" 304 -
190.144.166.61 - - [03/Mar/2019:00:15:03 -0500] "GET /galeria/nivo-slider/demo/images/Banner%20Politica%20Publica%20CONPES%20(1).ai HTTP/1.1" 206 1
207.46.13.192 - - [03/Mar/2019:00:15:31 -0500] "GET /POT-2013/Cartografia/31_TRATAMIENTO_DE_CONSERVACION.pdf HTTP/1.1" 304 -
190.157.199.151 - - [03/Mar/2019:00:15:37 -0500] "GET /galeria/galeria/jquery.fancybox.css?v=2.1.5 HTTP/1.1" 200 4895
190.157.199.151 - - [03/Mar/2019:00:15:37 -0500] "GET /BLA/boletinlegal/js/jquery.scrollShow.js HTTP/1.1" 200 4586
190.157.199.151 - - [03/Mar/2019:00:15:37 -0500] "GET /galeria/galeria/jquery.fancybox.js?v=2.1.5 HTTP/1.1" 200 48706
191.102.222.27 - - [03/Mar/2019:00:15:43 -0500] "GET /galeria/galeria/jquery.fancybox.css?v=2.1.5 HTTP/1.1" 200 4895
191.102.222.27 - - [03/Mar/2019:00:15:43 -0500] "GET /galeria/galeria/jquery.fancybox.js?v=2.1.5 HTTP/1.1" 200 48706
191.102.222.27 - - [03/Mar/2019:00:15:43 -0500] "GET /BLA/boletinlegal/js/jquery.scrollShow.js HTTP/1.1" 200 4586
66.249.66.81 - - [03/Mar/2019:00:15:45 -0500] "GET /BLA/resoluciones/index.php?dir=RESOLUCIONES%202005/RES%202005%202801-2850/&sort=date&order=asc HTTP/1.1" 200 11939
201.245.192.253 - - [03/Mar/2019:00:16:02 -0500] "GET /galeria/nivo-slider/demo/images/Banner%20Politica%20Publica%20CONPES%20(1).ai HTTP/1.1" 206 1
201.245.192.253 - - [03/Mar/2019:00:16:02 -0500] "GET /galeria/nivo-slider/demo/images/Banner%20Politica%20Publica%20CONPES%20(1).ai HTTP/1.1" 206 1711412
66.249.66.81 - - [03/Mar/2019:00:16:04 -0500] "GET /BLA/resoluciones/index.php?dir=RESOLUCIONES%202005/RES%202005%202751-2800/&sort=size&order=desc HTTP/1.1" 200 12344
201.245.192.253 - - [03/Mar/2019:00:16:12 -0500] "GET /galeria/nivo-slider/demo/images/Banner%20Politica%20Publica%20CONPES%20(1).ai HTTP/1.1" 206 1
201.245.192.253 - - [03/Mar/2019:00:16:12 -0500] "GET /galeria/nivo-slider/demo/images/Banner%20Politica%20Publica%20CONPES%20(1).ai HTTP/1.1" 206 1711412
201.245.192.253 - - [03/Mar/2019:00:16:52 -0500] "GET /galeria/nivo-slider/demo/images/Banner%20Politica%20Publica%20CONPES%20(1).ai HTTP/1.1" 206 1
201.245.192.253 - - [03/Mar/2019:00:16:52 -0500] "GET /galeria/nivo-slider/demo/images/Banner%20Politica%20Publica%20CONPES%20(1).ai HTTP/1.1" 206 1711412
201.245.192.253 - - [03/Mar/2019:00:16:57 -0500] "GET /galeria/nivo-slider/demo/images/Banner%20Politica%20Publica%20CONPES%20(1).ai HTTP/1.1" 206 1
201.245.192.253 - - [03/Mar/2019:00:16:57 -0500] "GET /galeria/nivo-slider/demo/images/Banner%20Politica%20Publica%20CONPES%20(1).ai HTTP/1.1" 206 1711412
201.245.192.253 - - [03/Mar/2019:00:17:02 -0500] "GET /galeria/nivo-slider/demo/images/Banner%20Politica%20Publica%20CONPES%20(1).ai HTTP/1.1" 206 1
201.245.192.253 - - [03/Mar/2019:00:17:02 -0500] "GET /galeria/nivo-slider/demo/images/Banner%20Politica%20Publica%20CONPES%20(1).ai HTTP/1.1" 206 1711412
201.245.192.253 - - [03/Mar/2019:00:17:07 -0500] "GET /galeria/nivo-slider/demo/images/Banner%20Politica%20Publica%20CONPES%20(1).ai HTTP/1.1" 206 1
201.245.192.253 - - [03/Mar/2019:00:17:07 -0500] "GET /galeria/nivo-slider/demo/images/Banner%20Politica%20Publica%20CONPES%20(1).ai HTTP/1.1" 206 1711412
201.221.176.223 - - [03/Mar/2019:00:17:28 -0500] "GET /galeria/nivo-slider/demo/images/Banner%20Politica%20Publica%20CONPES%20(1).ai HTTP/1.1" 206 1774192
186.84.44.215 - - [03/Mar/2019:00:17:37 -0500] "GET /galeria/nivo-slider/demo/images/Banner%20Politica%20Publica%20CONPES%20(1).ai HTTP/1.1" 206 1
186.84.44.215 - - [03/Mar/2019:00:17:37 -0500] "GET /galeria/nivo-slider/demo/images/Banner%20Politica%20Publica%20CONPES%20(1).ai HTTP/1.1" 206 1771272
201.221.176.223 - - [03/Mar/2019:00:17:38 -0500] "GET /galeria/nivo-slider/demo/images/Banner%20Politica%20Publica%20CONPES%20(1).ai HTTP/1.1" 200 1775371
186.84.44.215 - - [03/Mar/2019:00:17:47 -0500] "GET /galeria/nivo-slider/demo/images/Banner%20Politica%20Publica%20CONPES%20(1).ai HTTP/1.1" 206 1
186.84.44.215 - - [03/Mar/2019:00:17:47 -0500] "GET /galeria/nivo-slider/demo/images/Banner%20Politica%20Publica%20CONPES%20(1).ai HTTP/1.1" 206 1771272
201.245.192.253 - - [03/Mar/2019:00:18:09 -0500] "GET /galeria/nivo-slider/demo/images/Banner%20Politica%20Publica%20CONPES%20(1).ai HTTP/1.1" 206 1
201.245.192.253 - - [03/Mar/2019:00:18:19 -0500] "GET /galeria/nivo-slider/demo/images/Banner%20Politica%20Publica%20CONPES%20(1).ai HTTP/1.1" 206 1
54.36.148.209 - - [03/Mar/2019:00:18:25 -0500] "GET /BLA/resoluciones/RESOLUCIONES%202003/RES%202003%201001-1050/1006.tif HTTP/1.1" 200 131844
66.249.66.81 - - [03/Mar/2019:00:18:36 -0500] "GET /BLA/resoluciones/index.php?dir=RESOLUCIONES%202005/RES%202005%202801-2850/&sort=name&order=asc HTTP/1.1" 200 11939
192.168.175.104 - - [03/Mar/2019:00:18:57 -0500] "GET / HTTP/1.1" 200 9990
190.144.166.61 - - [03/Mar/2019:00:19:03 -0500] "GET /galeria/nivo-slider/demo/images/Banner%20Politica%20Publica%20CONPES%20(1).ai HTTP/1.1" 206 1
