66.249.79.155 - - [06/Mar/2019:05:38:09 -0500] "GET /BLA/resoluciones/AUTOS%202018/4320.pdf HTTP/1.1" 200 264986
191.111.170.187 - - [06/Mar/2019:05:38:15 -0500] "GET /autoliquidacion/Grupo%20Forestal%20-%20Silvicultura/Ficha%20tecnica%20de%20registro%20-%20Ficha%202.docx HTTP/1.1" 200 703648
201.245.192.253 - - [06/Mar/2019:05:38:17 -0500] "GET /galeria/nivo-slider/demo/images/Banner%20Politica%20Publica%20CONPES%20(1).ai HTTP/1.1" 206 1
201.245.192.253 - - [06/Mar/2019:05:38:17 -0500] "GET /galeria/nivo-slider/demo/images/Banner%20Politica%20Publica%20CONPES%20(1).ai HTTP/1.1" 206 1644252
66.249.79.155 - - [06/Mar/2019:05:38:19 -0500] "GET /BLA/resoluciones/AUTOS%202018/493.pdf HTTP/1.1" 200 287774
201.245.192.253 - - [06/Mar/2019:05:38:27 -0500] "GET /galeria/nivo-slider/demo/images/Banner%20Politica%20Publica%20CONPES%20(1).ai HTTP/1.1" 206 1
201.245.192.253 - - [06/Mar/2019:05:38:27 -0500] "GET /galeria/nivo-slider/demo/images/Banner%20Politica%20Publica%20CONPES%20(1).ai HTTP/1.1" 206 1644252
66.249.79.153 - - [06/Mar/2019:05:38:29 -0500] "GET /BLA/resoluciones/AUTOS%202017/3309.pdf HTTP/1.1" 200 1421855
66.249.79.155 - - [06/Mar/2019:05:38:40 -0500] "GET /BLA/resoluciones/AUTOS%202017/1091.pdf HTTP/1.1" 200 340801
191.111.170.187 - - [06/Mar/2019:05:38:47 -0500] "GET /autoliquidacion/Grupo%20Forestal%20-%20Silvicultura/Formulario%20de%20recoleccion%20de%20informacion%20silvicultural%20por%20individuo%20-%20Ficha%201.xls HTTP/1.1" 200 1517056
191.111.170.187 - - [06/Mar/2019:05:38:49 -0500] "GET /autoliquidacion/Grupo%20Forestal%20-%20Silvicultura/Formulario%20%C3%BAnico%20nacional%20de%20solicitud%20de%20aprovechamiento%20forestal%20arboles%20aislados.xlsx HTTP/1.1" 200 1146411
66.249.79.155 - - [06/Mar/2019:05:38:50 -0500] "GET /BLA/resoluciones/AUTOS%202017/0386.pdf HTTP/1.1" 200 319697
66.249.79.153 - - [06/Mar/2019:05:39:00 -0500] "GET /BLA/resoluciones/AUTOS%202018/0029.pdf HTTP/1.1" 200 264915
66.249.79.156 - - [06/Mar/2019:05:39:10 -0500] "GET /BLA/resoluciones/AUTOS%202017/1716.pdf HTTP/1.1" 200 3424080
66.249.79.153 - - [06/Mar/2019:05:39:20 -0500] "GET /BLA/resoluciones/AUTOS%202017/2247.pdf HTTP/1.1" 200 663085
69.162.124.233 - - [06/Mar/2019:05:39:26 -0500] "HEAD / HTTP/1.1" 200 -
66.249.79.155 - - [06/Mar/2019:05:39:30 -0500] "GET /BLA/resoluciones/AUTOS%202017/4003.pdf HTTP/1.1" 200 1431731
1.53.252.205 - - [06/Mar/2019:05:39:40 -0500] "-" 408 -
201.245.192.253 - - [06/Mar/2019:05:39:49 -0500] "GET /galeria/nivo-slider/demo/images/Banner%20Politica%20Publica%20CONPES%20(1).ai HTTP/1.1" 206 1
201.245.192.253 - - [06/Mar/2019:05:39:49 -0500] "GET /galeria/nivo-slider/demo/images/Banner%20Politica%20Publica%20CONPES%20(1).ai HTTP/1.1" 206 1644252
66.249.79.157 - - [06/Mar/2019:05:39:51 -0500] "GET /BLA/boletinlegal/Circulares/2009/Circular%20Instructiva%20-%20Memorando%202009IE24363.pdf HTTP/1.1" 200 1544636
1.53.252.205 - - [06/Mar/2019:05:39:58 -0500] "-" 408 -
201.245.192.253 - - [06/Mar/2019:05:39:59 -0500] "GET /galeria/nivo-slider/demo/images/Banner%20Politica%20Publica%20CONPES%20(1).ai HTTP/1.1" 206 1
201.245.192.253 - - [06/Mar/2019:05:39:59 -0500] "GET /galeria/nivo-slider/demo/images/Banner%20Politica%20Publica%20CONPES%20(1).ai HTTP/1.1" 206 1644252
66.249.79.156 - - [06/Mar/2019:05:40:11 -0500] "GET /BLA/boletinlegal/Circulares/2010/Circular%2005%20de%208%20de%20septiembre%20de%202010.pdf HTTP/1.1" 200 2146608
1.53.252.205 - - [06/Mar/2019:05:40:16 -0500] "-" 408 -
201.245.192.253 - - [06/Mar/2019:05:40:21 -0500] "GET /galeria/nivo-slider/demo/images/Banner%20Politica%20Publica%20CONPES%20(1).ai HTTP/1.1" 206 1
201.245.192.253 - - [06/Mar/2019:05:40:21 -0500] "GET /galeria/nivo-slider/demo/images/Banner%20Politica%20Publica%20CONPES%20(1).ai HTTP/1.1" 206 1660312
66.249.79.153 - - [06/Mar/2019:05:40:21 -0500] "GET /BLA/resoluciones/index.php?dir=AUTOS+2013%2F HTTP/1.1" 200 403841
201.245.192.253 - - [06/Mar/2019:05:40:31 -0500] "GET /galeria/nivo-slider/demo/images/Banner%20Politica%20Publica%20CONPES%20(1).ai HTTP/1.1" 206 1
201.245.192.253 - - [06/Mar/2019:05:40:31 -0500] "GET /galeria/nivo-slider/demo/images/Banner%20Politica%20Publica%20CONPES%20(1).ai HTTP/1.1" 206 1660312
66.249.79.155 - - [06/Mar/2019:05:40:31 -0500] "GET /BLA/resoluciones/index.php?dir=RESOLUCIONES+2006%2FRES+2006+2301-2350%2F HTTP/1.1" 200 12364
191.95.51.165 - - [06/Mar/2019:05:40:34 -0500] "GET /galeria/galeria/jquery.fancybox.css?v=2.1.5 HTTP/1.1" 200 4895
191.95.51.165 - - [06/Mar/2019:05:40:34 -0500] "GET /BLA/boletinlegal/js/jquery.scrollShow.js HTTP/1.1" 200 4586
191.95.51.165 - - [06/Mar/2019:05:40:34 -0500] "GET /galeria/galeria/jquery.fancybox.js?v=2.1.5 HTTP/1.1" 200 48706
201.245.192.253 - - [06/Mar/2019:05:40:39 -0500] "GET /galeria/nivo-slider/demo/images/Banner%20Politica%20Publica%20CONPES%20(1).ai HTTP/1.1" 206 1
201.245.192.253 - - [06/Mar/2019:05:40:39 -0500] "GET /galeria/nivo-slider/demo/images/Banner%20Politica%20Publica%20CONPES%20(1).ai HTTP/1.1" 206 1644252
66.249.79.153 - - [06/Mar/2019:05:40:41 -0500] "GET /BLA/resoluciones/RESOLUCIONES%202007/RES%202007%202101%20AL%202200/RESOLUCION%202124%20DE%202007.pdf HTTP/1.1" 200 232409
201.245.192.253 - - [06/Mar/2019:05:40:49 -0500] "GET /galeria/nivo-slider/demo/images/Banner%20Politica%20Publica%20CONPES%20(1).ai HTTP/1.1" 206 1
201.245.192.253 - - [06/Mar/2019:05:40:49 -0500] "GET /galeria/nivo-slider/demo/images/Banner%20Politica%20Publica%20CONPES%20(1).ai HTTP/1.1" 206 1644252
66.249.79.153 - - [06/Mar/2019:05:40:51 -0500] "GET /PORTAL_SIAC/swf/002.swf HTTP/1.1" 200 34316
77.88.47.55 - - [06/Mar/2019:05:40:52 -0500] "GET /StormSDA/userFiles/user_files/95/?C=M;O=A HTTP/1.1" 200 817
192.168.175.104 - - [06/Mar/2019:05:40:56 -0500] "GET / HTTP/1.1" 200 9990
190.144.166.61 - - [06/Mar/2019:05:40:56 -0500] "GET /galeria/nivo-slider/demo/images/Banner%20Politica%20Publica%20CONPES%20(1).ai HTTP/1.1" 206 1
190.144.166.61 - - [06/Mar/2019:05:41:06 -0500] "GET /galeria/nivo-slider/demo/images/Banner%20Politica%20Publica%20CONPES%20(1).ai HTTP/1.1" 206 1
192.168.175.104 - - [06/Mar/2019:05:41:20 -0500] "GET / HTTP/1.0" 200 9990
54.36.150.116 - - [06/Mar/2019:05:41:22 -0500] "GET /BLA/resoluciones/RESOLUCIONES%202004/RES%202004%202251-2300/00002290.tif HTTP/1.1" 200 128894
201.245.192.253 - - [06/Mar/2019:05:41:24 -0500] "GET /galeria/nivo-slider/demo/images/Banner%20Politica%20Publica%20CONPES%20(1).ai HTTP/1.1" 206 1
201.245.192.253 - - [06/Mar/2019:05:41:24 -0500] "GET /galeria/nivo-slider/demo/images/Banner%20Politica%20Publica%20CONPES%20(1).ai HTTP/1.1" 206 1644252
66.249.79.153 - - [06/Mar/2019:05:41:27 -0500] "GET /videos/Spot_Apagon.flv HTTP/1.1" 200 1574568
201.245.192.253 - - [06/Mar/2019:05:41:34 -0500] "GET /galeria/nivo-slider/demo/images/Banner%20Politica%20Publica%20CONPES%20(1).ai HTTP/1.1" 206 1
201.245.192.253 - - [06/Mar/2019:05:41:34 -0500] "GET /galeria/nivo-slider/demo/images/Banner%20Politica%20Publica%20CONPES%20(1).ai HTTP/1.1" 206 1644252
66.249.79.153 - - [06/Mar/2019:05:42:02 -0500] "GET /BLA/resoluciones/RESOLUCIONES%20CONJUNTAS/Resolucion%20conjunta%2073%20-2017.pdf HTTP/1.1" 200 2054875
66.249.79.155 - - [06/Mar/2019:05:42:16 -0500] "GET /BLA/resoluciones/RESOLUCIONES%202010/1077.pdf HTTP/1.1" 200 113348
157.55.39.160 - - [06/Mar/2019:05:42:07 -0500] "GET /Autoliquidacion/TR%C3%81MITES%20ACEITES-RESIDUOS-ESTACIONES/REGISTRO%20COMO%20ACOPIADOR%20PRIMARIO/Solicitud%20de%20inscripci%C3%B3n%20como%20acopiador%20primario%20de%20aceites%20usados.doc HTTP/1.1" 200 2811904
66.249.79.155 - - [06/Mar/2019:05:42:25 -0500] "GET /BLA/resoluciones/AUTOS%202016/2151.pdf HTTP/1.1" 200 537763
201.245.192.253 - - [06/Mar/2019:05:42:27 -0500] "GET /galeria/nivo-slider/demo/images/Banner%20Politica%20Publica%20CONPES%20(1).ai HTTP/1.1" 206 1
201.245.192.253 - - [06/Mar/2019:05:42:27 -0500] "GET /galeria/nivo-slider/demo/images/Banner%20Politica%20Publica%20CONPES%20(1).ai HTTP/1.1" 206 1644252
66.249.79.153 - - [06/Mar/2019:05:42:33 -0500] "GET /Caja%20Herramientas%20PIGA/Doc%20DGA/Formatos%20Residuos%20peligrosos/Registro%20residuos%20peligrosos.xls HTTP/1.1" 304 -
201.245.192.253 - - [06/Mar/2019:05:42:37 -0500] "GET /galeria/nivo-slider/demo/images/Banner%20Politica%20Publica%20CONPES%20(1).ai HTTP/1.1" 206 1
201.245.192.253 - - [06/Mar/2019:05:42:37 -0500] "GET /galeria/nivo-slider/demo/images/Banner%20Politica%20Publica%20CONPES%20(1).ai HTTP/1.1" 206 1644252
66.249.79.155 - - [06/Mar/2019:05:42:43 -0500] "GET /BLA/resoluciones/AUTOS%202017/4336.pdf HTTP/1.1" 200 277082
40.77.167.218 - - [06/Mar/2019:05:42:43 -0500] "GET /galeria/galeria/fotos/Humedal-Santa-Mar%C3%ADa-del-Lago4G.jpg HTTP/1.1" 200 361652
66.249.79.153 - - [06/Mar/2019:05:42:53 -0500] "GET /BLA/resoluciones/AUTOS%202018/0009.pdf HTTP/1.1" 200 268531
66.249.79.155 - - [06/Mar/2019:05:43:03 -0500] "GET /BLA/resoluciones/AUTOS%202018/1883.pdf HTTP/1.1" 200 283310
66.249.79.153 - - [06/Mar/2019:05:43:13 -0500] "GET /BLA/resoluciones/RESOLUCIONES%202011/2904.pdf HTTP/1.1" 200 522480
66.249.79.155 - - [06/Mar/2019:05:43:23 -0500] "GET /BLA/resoluciones/AUTOS%202017/1543.pdf HTTP/1.1" 200 280454
66.249.79.153 - - [06/Mar/2019:05:43:34 -0500] "GET /BLA/resoluciones/AUTOS%202017/3404.pdf HTTP/1.1" 200 310219
54.36.150.54 - - [06/Mar/2019:05:43:39 -0500] "GET /BLA/resoluciones/RESOLUCIONES%202002/RES%202002%201351-1400/20021351.tif HTTP/1.1" 200 40154
66.249.79.153 - - [06/Mar/2019:05:43:44 -0500] "GET /BLA/resoluciones/AUTOS%202017/2905.pdf HTTP/1.1" 200 624395
201.245.192.253 - - [06/Mar/2019:05:43:49 -0500] "GET /galeria/nivo-slider/demo/images/Banner%20Politica%20Publica%20CONPES%20(1).ai HTTP/1.1" 206 1
201.245.192.253 - - [06/Mar/2019:05:43:49 -0500] "GET /galeria/nivo-slider/demo/images/Banner%20Politica%20Publica%20CONPES%20(1).ai HTTP/1.1" 206 1644252
66.249.79.155 - - [06/Mar/2019:05:43:54 -0500] "GET /BLA/resoluciones/AUTOS%202018/2353.pdf HTTP/1.1" 200 219747
54.36.148.183 - - [06/Mar/2019:05:43:56 -0500] "GET /BLA/resoluciones/RESOLUCIONES%202004/RES%202004%2051-100/00000081.tif HTTP/1.1" 200 76082
201.245.192.253 - - [06/Mar/2019:05:43:59 -0500] "GET /galeria/nivo-slider/demo/images/Banner%20Politica%20Publica%20CONPES%20(1).ai HTTP/1.1" 206 1
201.245.192.253 - - [06/Mar/2019:05:43:59 -0500] "GET /galeria/nivo-slider/demo/images/Banner%20Politica%20Publica%20CONPES%20(1).ai HTTP/1.1" 206 1644252
66.249.79.153 - - [06/Mar/2019:05:44:04 -0500] "GET /BLA/resoluciones/RESOLUCIONES%202011/2829.pdf HTTP/1.1" 200 692958
66.249.79.155 - - [06/Mar/2019:05:44:14 -0500] "GET /BLA/resoluciones/Notificaciones/AUTOS%202017/03231.pdf HTTP/1.1" 200 388211
66.249.79.153 - - [06/Mar/2019:05:44:24 -0500] "GET /BLA/resoluciones/Notificaciones/AUTOS%202017/02286.doc HTTP/1.1" 200 1987744
69.162.124.233 - - [06/Mar/2019:05:44:26 -0500] "HEAD / HTTP/1.1" 200 -
201.245.192.253 - - [06/Mar/2019:05:44:31 -0500] "GET /galeria/nivo-slider/demo/images/Banner%20Politica%20Publica%20CONPES%20(1).ai HTTP/1.1" 206 1
201.245.192.253 - - [06/Mar/2019:05:44:31 -0500] "GET /galeria/nivo-slider/demo/images/Banner%20Politica%20Publica%20CONPES%20(1).ai HTTP/1.1" 206 1660312
66.249.79.153 - - [06/Mar/2019:05:44:34 -0500] "GET /BLA/resoluciones/Notificaciones/AUTOS%202017/04928.pdf HTTP/1.1" 200 292008
201.245.192.253 - - [06/Mar/2019:05:44:39 -0500] "GET /galeria/nivo-slider/demo/images/Banner%20Politica%20Publica%20CONPES%20(1).ai HTTP/1.1" 206 1
201.245.192.253 - - [06/Mar/2019:05:44:39 -0500] "GET /galeria/nivo-slider/demo/images/Banner%20Politica%20Publica%20CONPES%20(1).ai HTTP/1.1" 206 1644252
201.245.192.253 - - [06/Mar/2019:05:44:41 -0500] "GET /galeria/nivo-slider/demo/images/Banner%20Politica%20Publica%20CONPES%20(1).ai HTTP/1.1" 206 1
201.245.192.253 - - [06/Mar/2019:05:44:41 -0500] "GET /galeria/nivo-slider/demo/images/Banner%20Politica%20Publica%20CONPES%20(1).ai HTTP/1.1" 206 1660312
54.36.148.47 - - [06/Mar/2019:05:44:42 -0500] "GET /BLA/resoluciones/RESOLUCIONES%202005/RES%202005%202551-2600/00002587.tif HTTP/1.1" 200 139446
66.249.79.155 - - [06/Mar/2019:05:44:45 -0500] "GET /BLA/resoluciones/AUTOS%202017/0083.pdf HTTP/1.1" 200 2180120
201.245.192.253 - - [06/Mar/2019:05:44:49 -0500] "GET /galeria/nivo-slider/demo/images/Banner%20Politica%20Publica%20CONPES%20(1).ai HTTP/1.1" 206 1
201.245.192.253 - - [06/Mar/2019:05:44:49 -0500] "GET /galeria/nivo-slider/demo/images/Banner%20Politica%20Publica%20CONPES%20(1).ai HTTP/1.1" 206 1644252
54.36.148.225 - - [06/Mar/2019:05:44:54 -0500] "GET /BLA/resoluciones/RESOLUCIONES%202006/RES%202006%202701-2750/00002711.tif HTTP/1.1" 200 206984
66.249.79.157 - - [06/Mar/2019:05:44:55 -0500] "GET /BLA/resoluciones/AUTOS%202017/3260.pdf HTTP/1.1" 200 949831
66.249.79.155 - - [06/Mar/2019:05:45:05 -0500] "GET /BLA/resoluciones/AUTOS%202018/0793.pdf HTTP/1.1" 200 279437
190.144.166.61 - - [06/Mar/2019:05:45:06 -0500] "GET /galeria/nivo-slider/demo/images/Banner%20Politica%20Publica%20CONPES%20(1).ai HTTP/1.1" 206 1
66.249.79.153 - - [06/Mar/2019:05:45:15 -0500] "GET /BLA/resoluciones/AUTOS%202017/4361.pdf HTTP/1.1" 200 905450
190.144.166.61 - - [06/Mar/2019:05:45:16 -0500] "GET /galeria/nivo-slider/demo/images/Banner%20Politica%20Publica%20CONPES%20(1).ai HTTP/1.1" 206 1
66.249.79.155 - - [06/Mar/2019:05:45:25 -0500] "GET /BLA/resoluciones/AUTOS%202017/2202.pdf HTTP/1.1" 200 760607
40.124.32.44 - - [06/Mar/2019:05:45:27 -0500] "GET /BLA/boletinlegal/Circulares/2012/Circular%20No.%204%20del%2019%20de%20abril%20de%202012.pdf HTTP/1.1" 200 253045
201.245.192.253 - - [06/Mar/2019:05:45:33 -0500] "GET /galeria/nivo-slider/demo/images/Banner%20Politica%20Publica%20CONPES%20(1).ai HTTP/1.1" 206 1
201.245.192.253 - - [06/Mar/2019:05:45:33 -0500] "GET /galeria/nivo-slider/demo/images/Banner%20Politica%20Publica%20CONPES%20(1).ai HTTP/1.1" 206 1644252
66.249.79.153 - - [06/Mar/2019:05:45:35 -0500] "GET /BLA/resoluciones/AUTOS%202018/2279.pdf HTTP/1.1" 200 278430
201.245.192.253 - - [06/Mar/2019:05:45:43 -0500] "GET /galeria/nivo-slider/demo/images/Banner%20Politica%20Publica%20CONPES%20(1).ai HTTP/1.1" 206 1
201.245.192.253 - - [06/Mar/2019:05:45:43 -0500] "GET /galeria/nivo-slider/demo/images/Banner%20Politica%20Publica%20CONPES%20(1).ai HTTP/1.1" 206 1644252
66.249.79.153 - - [06/Mar/2019:05:45:45 -0500] "GET /BLA/resoluciones/AUTOS%202018/3275.pdf HTTP/1.1" 200 289358
192.168.175.104 - - [06/Mar/2019:05:45:54 -0500] "GET / HTTP/1.1" 200 9990
66.249.69.123 - - [06/Mar/2019:05:45:55 -0500] "GET /BLA/resoluciones/AUTOS%202017/4920.pdf HTTP/1.1" 200 356251
66.249.79.153 - - [06/Mar/2019:05:46:06 -0500] "GET /BLA/resoluciones/AUTOS%202017/2045.pdf HTTP/1.1" 200 378250
192.168.175.104 - - [06/Mar/2019:05:46:18 -0500] "GET / HTTP/1.0" 200 9990
66.249.79.153 - - [06/Mar/2019:05:46:26 -0500] "GET /BLA/resoluciones/Notificaciones/AUTOS%202017/02419.pdf HTTP/1.1" 200 276061
201.245.192.253 - - [06/Mar/2019:05:46:37 -0500] "GET /galeria/nivo-slider/demo/images/Banner%20Politica%20Publica%20CONPES%20(1).ai HTTP/1.1" 206 1
201.245.192.253 - - [06/Mar/2019:05:46:37 -0500] "GET /galeria/nivo-slider/demo/images/Banner%20Politica%20Publica%20CONPES%20(1).ai HTTP/1.1" 206 1644252
66.249.79.153 - - [06/Mar/2019:05:46:46 -0500] "GET /BLA/resoluciones/AUTOS%202018/4105.pdf HTTP/1.1" 200 347890
201.245.192.253 - - [06/Mar/2019:05:46:47 -0500] "GET /galeria/nivo-slider/demo/images/Banner%20Politica%20Publica%20CONPES%20(1).ai HTTP/1.1" 206 1
201.245.192.253 - - [06/Mar/2019:05:46:47 -0500] "GET /galeria/nivo-slider/demo/images/Banner%20Politica%20Publica%20CONPES%20(1).ai HTTP/1.1" 206 1644252
66.249.79.153 - - [06/Mar/2019:05:46:56 -0500] "GET /BLA/resoluciones/AUTOS%202018/3487.pdf HTTP/1.1" 200 237627
66.249.79.153 - - [06/Mar/2019:05:47:06 -0500] "GET /BLA/resoluciones/AUTOS%202017/2210.pdf HTTP/1.1" 200 375911
66.249.79.153 - - [06/Mar/2019:05:47:08 -0500] "GET /galeria/nivo-slider/themes/default/default.css HTTP/1.1" 200 1569
66.249.79.153 - - [06/Mar/2019:05:47:17 -0500] "GET /BLA/resoluciones/AUTOS%202018/3481.pdf HTTP/1.1" 200 214319
66.249.79.153 - - [06/Mar/2019:05:47:37 -0500] "GET /BLA/resoluciones/Notificaciones/AUTOS%202017/01150.pdf HTTP/1.1" 200 283431
66.249.79.153 - - [06/Mar/2019:05:47:47 -0500] "GET /BLA/resoluciones/AUTOS%202015/6266.pdf HTTP/1.1" 200 465901
201.245.192.253 - - [06/Mar/2019:05:47:49 -0500] "GET /galeria/nivo-slider/demo/images/Banner%20Politica%20Publica%20CONPES%20(1).ai HTTP/1.1" 206 1
201.245.192.253 - - [06/Mar/2019:05:47:49 -0500] "GET /galeria/nivo-slider/demo/images/Banner%20Politica%20Publica%20CONPES%20(1).ai HTTP/1.1" 206 1644252
66.249.79.153 - - [06/Mar/2019:05:47:57 -0500] "GET /BLA/resoluciones/Notificaciones/AUTOS%202017/04900.pdf HTTP/1.1" 200 488243
201.245.192.253 - - [06/Mar/2019:05:47:59 -0500] "GET /galeria/nivo-slider/demo/images/Banner%20Politica%20Publica%20CONPES%20(1).ai HTTP/1.1" 206 1
201.245.192.253 - - [06/Mar/2019:05:47:59 -0500] "GET /galeria/nivo-slider/demo/images/Banner%20Politica%20Publica%20CONPES%20(1).ai HTTP/1.1" 206 1644252
66.249.88.89 - - [06/Mar/2019:05:48:04 -0500] "GET /galeria/galeria/jquery.fancybox.css?v=2.1.5 HTTP/1.1" 200 4895
66.249.88.93 - - [06/Mar/2019:05:48:04 -0500] "GET /galeria/galeria/jquery.fancybox.css?v=2.1.5 HTTP/1.1" 200 4895
66.249.88.91 - - [06/Mar/2019:05:48:04 -0500] "GET /galeria/galeria/jquery.fancybox.css?v=2.1.5 HTTP/1.1" 200 4895
66.249.88.89 - - [06/Mar/2019:05:48:04 -0500] "GET /galeria/galeria/jquery.fancybox.css?v=2.1.5 HTTP/1.1" 200 4895
66.249.88.91 - - [06/Mar/2019:05:48:04 -0500] "GET /galeria/galeria/jquery.fancybox.js?v=2.1.5 HTTP/1.1" 200 48706
66.249.88.91 - - [06/Mar/2019:05:48:04 -0500] "GET /galeria/galeria/jquery.fancybox.js?v=2.1.5 HTTP/1.1" 200 48706
66.249.88.91 - - [06/Mar/2019:05:48:04 -0500] "GET /galeria/galeria/jquery.fancybox.js?v=2.1.5 HTTP/1.1" 200 48706
66.249.88.89 - - [06/Mar/2019:05:48:04 -0500] "GET /galeria/galeria/jquery.fancybox.js?v=2.1.5 HTTP/1.1" 200 48706
66.249.88.91 - - [06/Mar/2019:05:48:04 -0500] "GET /BLA/boletinlegal/js/jquery.scrollShow.js HTTP/1.1" 200 4586
66.249.88.91 - - [06/Mar/2019:05:48:04 -0500] "GET /BLA/boletinlegal/js/jquery.scrollShow.js HTTP/1.1" 200 4586
66.249.88.91 - - [06/Mar/2019:05:48:04 -0500] "GET /BLA/boletinlegal/js/jquery.scrollShow.js HTTP/1.1" 200 4586
66.249.88.93 - - [06/Mar/2019:05:48:04 -0500] "GET /BLA/boletinlegal/js/jquery.scrollShow.js HTTP/1.1" 200 4586
66.249.79.156 - - [06/Mar/2019:05:48:07 -0500] "GET /BLA/resoluciones/AUTOS%202017/2979.pdf HTTP/1.1" 200 273494
95.120.59.193 - - [06/Mar/2019:05:48:10 -0500] "GET /re/Talleres/plastico/imagenes%20plastico/plastico%20link.htm HTTP/1.1" 404 1287
95.120.59.193 - - [06/Mar/2019:05:48:10 -0500] "GET /favicon.ico HTTP/1.1" 200 7782
66.249.79.153 - - [06/Mar/2019:05:48:17 -0500] "GET /BLA/resoluciones/Notificaciones/AUTOS%202017/03732.pdf HTTP/1.1" 200 316222
66.249.79.153 - - [06/Mar/2019:05:48:27 -0500] "GET /BLA/resoluciones/AUTOS%202017/1642.pdf HTTP/1.1" 200 515225
66.249.79.153 - - [06/Mar/2019:05:48:38 -0500] "GET /BLA/resoluciones/AUTOS%202018/3384.pdf HTTP/1.1" 200 2291762
201.245.192.253 - - [06/Mar/2019:05:48:39 -0500] "GET /galeria/nivo-slider/demo/images/Banner%20Politica%20Publica%20CONPES%20(1).ai HTTP/1.1" 206 1
201.245.192.253 - - [06/Mar/2019:05:48:39 -0500] "GET /galeria/nivo-slider/demo/images/Banner%20Politica%20Publica%20CONPES%20(1).ai HTTP/1.1" 206 1644252
201.245.192.253 - - [06/Mar/2019:05:48:41 -0500] "GET /galeria/nivo-slider/demo/images/Banner%20Politica%20Publica%20CONPES%20(1).ai HTTP/1.1" 206 1
201.245.192.253 - - [06/Mar/2019:05:48:41 -0500] "GET /galeria/nivo-slider/demo/images/Banner%20Politica%20Publica%20CONPES%20(1).ai HTTP/1.1" 206 1660312
66.249.79.155 - - [06/Mar/2019:05:48:48 -0500] "GET /BLA/resoluciones/AUTOS%202017/3456.pdf HTTP/1.1" 200 307125
201.245.192.253 - - [06/Mar/2019:05:48:49 -0500] "GET /galeria/nivo-slider/demo/images/Banner%20Politica%20Publica%20CONPES%20(1).ai HTTP/1.1" 206 1
201.245.192.253 - - [06/Mar/2019:05:48:49 -0500] "GET /galeria/nivo-slider/demo/images/Banner%20Politica%20Publica%20CONPES%20(1).ai HTTP/1.1" 206 1644252
201.245.192.253 - - [06/Mar/2019:05:48:51 -0500] "GET /galeria/nivo-slider/demo/images/Banner%20Politica%20Publica%20CONPES%20(1).ai HTTP/1.1" 206 1
201.245.192.253 - - [06/Mar/2019:05:48:51 -0500] "GET /galeria/nivo-slider/demo/images/Banner%20Politica%20Publica%20CONPES%20(1).ai HTTP/1.1" 206 1660312
66.249.79.156 - - [06/Mar/2019:05:48:58 -0500] "GET /BLA/resoluciones/AUTOS%202018/0280.pdf HTTP/1.1" 200 345411
66.249.79.153 - - [06/Mar/2019:05:49:08 -0500] "GET /BLA/resoluciones/AUTOS%202017/3316.pdf HTTP/1.1" 200 635249
190.144.166.61 - - [06/Mar/2019:05:49:16 -0500] "GET /galeria/nivo-slider/demo/images/Banner%20Politica%20Publica%20CONPES%20(1).ai HTTP/1.1" 206 1
66.249.79.155 - - [06/Mar/2019:05:49:18 -0500] "GET /BLA/resoluciones/AUTOS%202010/2000.pdf HTTP/1.1" 200 5373172
69.162.124.233 - - [06/Mar/2019:05:49:26 -0500] "HEAD / HTTP/1.1" 200 -
190.144.166.61 - - [06/Mar/2019:05:49:26 -0500] "GET /galeria/nivo-slider/demo/images/Banner%20Politica%20Publica%20CONPES%20(1).ai HTTP/1.1" 206 1
66.249.79.153 - - [06/Mar/2019:05:49:28 -0500] "GET /BLA/resoluciones/AUTOS%202017/5414.pdf HTTP/1.1" 200 311237
66.249.79.156 - - [06/Mar/2019:05:49:38 -0500] "GET /BLA/resoluciones/Notificaciones/AUTOS%202017/01012.doc HTTP/1.1" 200 296910
201.245.192.253 - - [06/Mar/2019:05:49:43 -0500] "GET /galeria/nivo-slider/demo/images/Banner%20Politica%20Publica%20CONPES%20(1).ai HTTP/1.1" 206 1
201.245.192.253 - - [06/Mar/2019:05:49:43 -0500] "GET /galeria/nivo-slider/demo/images/Banner%20Politica%20Publica%20CONPES%20(1).ai HTTP/1.1" 206 1644252
66.249.79.155 - - [06/Mar/2019:05:49:49 -0500] "GET /BLA/resoluciones/RESOLUCIONES%202008/1726.pdf HTTP/1.1" 200 123104
201.245.192.253 - - [06/Mar/2019:05:49:53 -0500] "GET /galeria/nivo-slider/demo/images/Banner%20Politica%20Publica%20CONPES%20(1).ai HTTP/1.1" 206 1
201.245.192.253 - - [06/Mar/2019:05:49:53 -0500] "GET /galeria/nivo-slider/demo/images/Banner%20Politica%20Publica%20CONPES%20(1).ai HTTP/1.1" 206 1644252
66.249.79.158 - - [06/Mar/2019:05:49:59 -0500] "GET /BLA/resoluciones/AUTOS%202017/5056.pdf HTTP/1.1" 200 345232
66.249.79.157 - - [06/Mar/2019:05:50:09 -0500] "GET /Publicaciones/2018EE289758.pdf HTTP/1.1" 503 1020
66.249.88.89 - - [06/Mar/2019:05:50:18 -0500] "GET /BLA/boletinlegal/js/jquery.scrollShow.js HTTP/1.1" 200 4586
66.249.88.89 - - [06/Mar/2019:05:50:18 -0500] "GET /galeria/galeria/jquery.fancybox.css?v=2.1.5 HTTP/1.1" 200 4895
66.249.88.91 - - [06/Mar/2019:05:50:18 -0500] "GET /galeria/galeria/jquery.fancybox.js?v=2.1.5 HTTP/1.1" 200 48706
66.249.79.155 - - [06/Mar/2019:05:50:19 -0500] "GET /BLA/resoluciones/AUTOS%202018/6095.pdf HTTP/1.1" 200 288847
66.249.79.155 - - [06/Mar/2019:05:50:29 -0500] "GET /BLA/resoluciones/RESOLUCIONES%202011/1894.pdf HTTP/1.1" 200 521876
66.249.79.153 - - [06/Mar/2019:05:50:39 -0500] "GET /BLA/resoluciones/AUTOS%202017/2649.pdf HTTP/1.1" 200 301731
201.245.192.253 - - [06/Mar/2019:05:50:46 -0500] "GET /galeria/nivo-slider/demo/images/Banner%20Politica%20Publica%20CONPES%20(1).ai HTTP/1.1" 206 1
201.245.192.253 - - [06/Mar/2019:05:50:46 -0500] "GET /galeria/nivo-slider/demo/images/Banner%20Politica%20Publica%20CONPES%20(1).ai HTTP/1.1" 206 1644252
66.249.79.153 - - [06/Mar/2019:05:50:49 -0500] "GET /BLA/resoluciones/AUTOS%202018/6203.pdf HTTP/1.1" 200 232765
192.168.175.104 - - [06/Mar/2019:05:50:52 -0500] "GET / HTTP/1.1" 200 9990
66.249.79.153 - - [06/Mar/2019:05:50:55 -0500] "GET /BLA/resoluciones/RESOLUCIONES%202007/RES%202007%202001%20AL%202100/RESOLUCION%202052%20DE%202007.pdf HTTP/1.1" 200 304965
201.245.192.253 - - [06/Mar/2019:05:50:56 -0500] "GET /galeria/nivo-slider/demo/images/Banner%20Politica%20Publica%20CONPES%20(1).ai HTTP/1.1" 206 1
201.245.192.253 - - [06/Mar/2019:05:50:56 -0500] "GET /galeria/nivo-slider/demo/images/Banner%20Politica%20Publica%20CONPES%20(1).ai HTTP/1.1" 206 1644252
66.249.79.155 - - [06/Mar/2019:05:51:00 -0500] "GET /BLA/resoluciones/AUTOS%202017/2382.pdf HTTP/1.1" 200 320015
66.249.79.156 - - [06/Mar/2019:05:51:10 -0500] "GET /BLA/resoluciones/Notificaciones/AUTOS%202017/04493.pdf HTTP/1.1" 200 290671
192.168.175.104 - - [06/Mar/2019:05:51:16 -0500] "GET / HTTP/1.0" 200 9990
66.249.79.155 - - [06/Mar/2019:05:51:20 -0500] "GET /BLA/resoluciones/AUTOS%202017/3233.pdf HTTP/1.1" 200 1512909
66.249.79.153 - - [06/Mar/2019:05:51:30 -0500] "GET /BLA/resoluciones/Notificaciones/AUTOS%202017/00521.doc HTTP/1.1" 200 393998
181.115.140.115 - - [06/Mar/2019:05:51:32 -0500] "GET /galeria/galeria/jquery.fancybox.js?v=2.1.5 HTTP/1.1" 200 48706
181.115.140.115 - - [06/Mar/2019:05:51:32 -0500] "GET /galeria/galeria/jquery.fancybox.css?v=2.1.5 HTTP/1.1" 200 4895
66.249.79.153 - - [06/Mar/2019:05:51:40 -0500] "GET /BLA/resoluciones/AUTOS%202007/2546.pdf HTTP/1.1" 200 141102
201.245.192.253 - - [06/Mar/2019:05:51:48 -0500] "GET /galeria/nivo-slider/demo/images/Banner%20Politica%20Publica%20CONPES%20(1).ai HTTP/1.1" 206 1
201.245.192.253 - - [06/Mar/2019:05:51:48 -0500] "GET /galeria/nivo-slider/demo/images/Banner%20Politica%20Publica%20CONPES%20(1).ai HTTP/1.1" 206 1644252
66.249.79.155 - - [06/Mar/2019:05:51:50 -0500] "GET /BLA/resoluciones/AUTOS%202017/3492.pdf HTTP/1.1" 200 743177
201.245.192.253 - - [06/Mar/2019:05:51:58 -0500] "GET /galeria/nivo-slider/demo/images/Banner%20Politica%20Publica%20CONPES%20(1).ai HTTP/1.1" 206 1
201.245.192.253 - - [06/Mar/2019:05:51:58 -0500] "GET /galeria/nivo-slider/demo/images/Banner%20Politica%20Publica%20CONPES%20(1).ai HTTP/1.1" 206 1644252
66.249.79.153 - - [06/Mar/2019:05:52:00 -0500] "GET /BLA/resoluciones/AUTOS%202017/2763.pdf HTTP/1.1" 200 258951
66.249.79.156 - - [06/Mar/2019:05:52:10 -0500] "GET /BLA/resoluciones/AUTOS%202018/3934.pdf HTTP/1.1" 200 270910
66.249.79.155 - - [06/Mar/2019:05:52:21 -0500] "GET /BLA/resoluciones/RESOLUCIONES%202011/6302.pdf HTTP/1.1" 200 800796
66.249.79.153 - - [06/Mar/2019:05:52:31 -0500] "GET /BLA/resoluciones/Notificaciones/AUTOS%202017/05215.pdf HTTP/1.1" 200 344739
201.245.192.253 - - [06/Mar/2019:05:52:38 -0500] "GET /galeria/nivo-slider/demo/images/Banner%20Politica%20Publica%20CONPES%20(1).ai HTTP/1.1" 206 1
201.245.192.253 - - [06/Mar/2019:05:52:38 -0500] "GET /galeria/nivo-slider/demo/images/Banner%20Politica%20Publica%20CONPES%20(1).ai HTTP/1.1" 206 1644252
66.249.79.153 - - [06/Mar/2019:05:52:41 -0500] "GET /BLA/resoluciones/AUTOS%202018/0938.pdf HTTP/1.1" 200 273553
201.245.192.253 - - [06/Mar/2019:05:52:48 -0500] "GET /galeria/nivo-slider/demo/images/Banner%20Politica%20Publica%20CONPES%20(1).ai HTTP/1.1" 206 1
201.245.192.253 - - [06/Mar/2019:05:52:49 -0500] "GET /galeria/nivo-slider/demo/images/Banner%20Politica%20Publica%20CONPES%20(1).ai HTTP/1.1" 206 1644252
201.245.192.253 - - [06/Mar/2019:05:52:51 -0500] "GET /galeria/nivo-slider/demo/images/Banner%20Politica%20Publica%20CONPES%20(1).ai HTTP/1.1" 206 1
201.245.192.253 - - [06/Mar/2019:05:52:51 -0500] "GET /galeria/nivo-slider/demo/images/Banner%20Politica%20Publica%20CONPES%20(1).ai HTTP/1.1" 206 1660312
66.249.79.153 - - [06/Mar/2019:05:52:51 -0500] "GET /BLA/resoluciones/AUTOS%202007/2779.pdf HTTP/1.1" 200 80501
66.249.88.93 - - [06/Mar/2019:05:52:59 -0500] "GET /BLA/boletinlegal/js/jquery.scrollShow.js HTTP/1.1" 200 4586
66.249.88.89 - - [06/Mar/2019:05:52:59 -0500] "GET /galeria/galeria/jquery.fancybox.css?v=2.1.5 HTTP/1.1" 200 4895
66.249.88.91 - - [06/Mar/2019:05:52:59 -0500] "GET /galeria/galeria/jquery.fancybox.js?v=2.1.5 HTTP/1.1" 200 48706
201.245.192.253 - - [06/Mar/2019:05:53:01 -0500] "GET /galeria/nivo-slider/demo/images/Banner%20Politica%20Publica%20CONPES%20(1).ai HTTP/1.1" 206 1
201.245.192.253 - - [06/Mar/2019:05:53:01 -0500] "GET /galeria/nivo-slider/demo/images/Banner%20Politica%20Publica%20CONPES%20(1).ai HTTP/1.1" 206 1660312
66.249.79.153 - - [06/Mar/2019:05:53:01 -0500] "GET /BLA/resoluciones/AUTOS%202018/4301.pdf HTTP/1.1" 200 282013
66.249.79.156 - - [06/Mar/2019:05:53:11 -0500] "GET /BLA/resoluciones/Notificaciones/AUTOS%202017/01113.doc HTTP/1.1" 200 289585
66.249.79.155 - - [06/Mar/2019:05:53:21 -0500] "GET /BLA/resoluciones/AUTOS%202017/3428.pdf HTTP/1.1" 200 711555
190.144.166.61 - - [06/Mar/2019:05:53:26 -0500] "GET /galeria/nivo-slider/demo/images/Banner%20Politica%20Publica%20CONPES%20(1).ai HTTP/1.1" 206 1
66.249.79.153 - - [06/Mar/2019:05:53:32 -0500] "GET /BLA/resoluciones/AUTOS%202018/2441.pdf HTTP/1.1" 200 341449
190.144.166.61 - - [06/Mar/2019:05:53:36 -0500] "GET /galeria/nivo-slider/demo/images/Banner%20Politica%20Publica%20CONPES%20(1).ai HTTP/1.1" 206 1
66.249.79.153 - - [06/Mar/2019:05:53:42 -0500] "GET /BLA/resoluciones/Notificaciones/AUTOS%202017/02436.pdf HTTP/1.1" 200 365494
66.249.79.153 - - [06/Mar/2019:05:53:52 -0500] "GET /BLA/resoluciones/AUTOS%202018/2444.pdf HTTP/1.1" 200 339089
201.245.192.253 - - [06/Mar/2019:05:53:53 -0500] "GET /galeria/nivo-slider/demo/images/Banner%20Politica%20Publica%20CONPES%20(1).ai HTTP/1.1" 206 1
201.245.192.253 - - [06/Mar/2019:05:53:53 -0500] "GET /galeria/nivo-slider/demo/images/Banner%20Politica%20Publica%20CONPES%20(1).ai HTTP/1.1" 206 1644252
66.249.79.155 - - [06/Mar/2019:05:54:02 -0500] "GET /BLA/resoluciones/AUTOS%202017/1220.pdf HTTP/1.1" 200 331602
201.245.192.253 - - [06/Mar/2019:05:54:03 -0500] "GET /galeria/nivo-slider/demo/images/Banner%20Politica%20Publica%20CONPES%20(1).ai HTTP/1.1" 206 1
201.245.192.253 - - [06/Mar/2019:05:54:03 -0500] "GET /galeria/nivo-slider/demo/images/Banner%20Politica%20Publica%20CONPES%20(1).ai HTTP/1.1" 206 1644252
66.249.79.153 - - [06/Mar/2019:05:54:12 -0500] "GET /BLA/resoluciones/AUTOS%202017/0798.pdf HTTP/1.1" 200 856063
69.162.124.233 - - [06/Mar/2019:05:54:26 -0500] "HEAD / HTTP/1.1" 200 -
66.249.79.153 - - [06/Mar/2019:05:54:31 -0500] "GET /BLA/resoluciones/AUTOS%202010/3075.pdf HTTP/1.1" 200 2221189
66.249.79.155 - - [06/Mar/2019:05:54:38 -0500] "GET /BLA/resoluciones/RESOLUCIONES%202013/1297.pdf HTTP/1.1" 304 -
66.249.79.153 - - [06/Mar/2019:05:54:44 -0500] "GET /BLA/resoluciones/AUTOS%202017/0140.pdf HTTP/1.1" 200 277717
66.249.79.155 - - [06/Mar/2019:05:54:53 -0500] "GET /BLA/resoluciones/RESOLUCIONES%202017/0712.pdf HTTP/1.1" 200 309527
201.245.192.253 - - [06/Mar/2019:05:54:56 -0500] "GET /galeria/nivo-slider/demo/images/Banner%20Politica%20Publica%20CONPES%20(1).ai HTTP/1.1" 206 1
201.245.192.253 - - [06/Mar/2019:05:54:56 -0500] "GET /galeria/nivo-slider/demo/images/Banner%20Politica%20Publica%20CONPES%20(1).ai HTTP/1.1" 206 1644252
66.249.79.153 - - [06/Mar/2019:05:55:03 -0500] "GET /BLA/resoluciones/AUTOS%202017/3272.pdf HTTP/1.1" 200 1633677
201.245.192.253 - - [06/Mar/2019:05:55:06 -0500] "GET /galeria/nivo-slider/demo/images/Banner%20Politica%20Publica%20CONPES%20(1).ai HTTP/1.1" 206 1
201.245.192.253 - - [06/Mar/2019:05:55:06 -0500] "GET /galeria/nivo-slider/demo/images/Banner%20Politica%20Publica%20CONPES%20(1).ai HTTP/1.1" 206 1644252
66.249.79.153 - - [06/Mar/2019:05:55:13 -0500] "GET /BLA/resoluciones/AUTOS%202017/3140.pdf HTTP/1.1" 200 268274
66.249.79.155 - - [06/Mar/2019:05:55:23 -0500] "GET /BLA/resoluciones/AUTOS%202017/2499.pdf HTTP/1.1" 200 221517
66.249.79.153 - - [06/Mar/2019:05:55:33 -0500] "GET /BLA/resoluciones/AUTOS%202018/2448.pdf HTTP/1.1" 200 338847
66.249.79.153 - - [06/Mar/2019:05:55:43 -0500] "GET /BLA/resoluciones/AUTOS%202018/0979.pdf HTTP/1.1" 200 279117
201.245.192.253 - - [06/Mar/2019:05:55:48 -0500] "GET /galeria/nivo-slider/demo/images/Banner%20Politica%20Publica%20CONPES%20(1).ai HTTP/1.1" 206 1
201.245.192.253 - - [06/Mar/2019:05:55:48 -0500] "GET /galeria/nivo-slider/demo/images/Banner%20Politica%20Publica%20CONPES%20(1).ai HTTP/1.1" 206 1644252
192.168.175.104 - - [06/Mar/2019:05:55:50 -0500] "GET / HTTP/1.1" 200 9990
179.32.209.105 - - [06/Mar/2019:05:55:52 -0500] "GET /BLA/boletinlegal/jurisprudencia/analisis/Analisis%20jurisprudencial%20Sentencia%20C-366-11.doc HTTP/1.1" 200 59392
179.32.209.105 - - [06/Mar/2019:05:55:52 -0500] "GET /BLA/boletinlegal/jurisprudencia/analisis/Analisis%20jurisprudencial%20Sentencia%20C-366-11.doc HTTP/1.1" 200 59392
66.249.79.153 - - [06/Mar/2019:05:55:53 -0500] "GET /BLA/resoluciones/AUTOS%202017/2571.pdf HTTP/1.1" 200 261745
201.245.192.253 - - [06/Mar/2019:05:55:58 -0500] "GET /galeria/nivo-slider/demo/images/Banner%20Politica%20Publica%20CONPES%20(1).ai HTTP/1.1" 206 1
201.245.192.253 - - [06/Mar/2019:05:55:58 -0500] "GET /galeria/nivo-slider/demo/images/Banner%20Politica%20Publica%20CONPES%20(1).ai HTTP/1.1" 206 1644252
66.249.79.153 - - [06/Mar/2019:05:56:03 -0500] "GET /BLA/resoluciones/AUTOS%202015/4493.pdf HTTP/1.1" 200 280002
66.249.79.153 - - [06/Mar/2019:05:56:14 -0500] "GET /BLA/resoluciones/RESOLUCIONES%202006/RES%202006%202001-2050/INDEX.DAT HTTP/1.1" 200 2000
192.168.175.104 - - [06/Mar/2019:05:56:14 -0500] "GET / HTTP/1.0" 200 9990
66.249.79.155 - - [06/Mar/2019:05:56:24 -0500] "GET /BLA/resoluciones/AUTOS%202017/1015.pdf HTTP/1.1" 200 371532
66.249.79.153 - - [06/Mar/2019:05:56:34 -0500] "GET /BLA/resoluciones/Notificaciones/AUTOS%202017/02190.pdf HTTP/1.1" 200 699659
201.245.192.253 - - [06/Mar/2019:05:56:38 -0500] "GET /galeria/nivo-slider/demo/images/Banner%20Politica%20Publica%20CONPES%20(1).ai HTTP/1.1" 206 1
201.245.192.253 - - [06/Mar/2019:05:56:38 -0500] "GET /galeria/nivo-slider/demo/images/Banner%20Politica%20Publica%20CONPES%20(1).ai HTTP/1.1" 206 1644252
66.249.79.153 - - [06/Mar/2019:05:56:44 -0500] "GET /BLA/resoluciones/AUTOS%202017/1856.pdf HTTP/1.1" 200 685541
201.245.192.253 - - [06/Mar/2019:05:56:49 -0500] "GET /galeria/nivo-slider/demo/images/Banner%20Politica%20Publica%20CONPES%20(1).ai HTTP/1.1" 206 1
201.245.192.253 - - [06/Mar/2019:05:56:49 -0500] "GET /galeria/nivo-slider/demo/images/Banner%20Politica%20Publica%20CONPES%20(1).ai HTTP/1.1" 206 1644252
66.249.79.153 - - [06/Mar/2019:05:56:53 -0500] "GET /galeria/nivo-slider/demo/images/Banner%20Politica%20Publica%20CONPES%20(1).ai HTTP/1.1" 200 1775371
66.249.79.155 - - [06/Mar/2019:05:56:55 -0500] "GET /BLA/resoluciones/Notificaciones/REGISTROS%202014/1569.doc HTTP/1.1" 200 159744
201.245.192.253 - - [06/Mar/2019:05:57:01 -0500] "GET /galeria/nivo-slider/demo/images/Banner%20Politica%20Publica%20CONPES%20(1).ai HTTP/1.1" 206 1
201.245.192.253 - - [06/Mar/2019:05:57:01 -0500] "GET /galeria/nivo-slider/demo/images/Banner%20Politica%20Publica%20CONPES%20(1).ai HTTP/1.1" 206 1660312
66.249.79.155 - - [06/Mar/2019:05:57:04 -0500] "GET /Publicaciones/2019EE37638.pdf HTTP/1.1" 503 1020
201.245.192.253 - - [06/Mar/2019:05:57:11 -0500] "GET /galeria/nivo-slider/demo/images/Banner%20Politica%20Publica%20CONPES%20(1).ai HTTP/1.1" 206 1
201.245.192.253 - - [06/Mar/2019:05:57:11 -0500] "GET /galeria/nivo-slider/demo/images/Banner%20Politica%20Publica%20CONPES%20(1).ai HTTP/1.1" 206 1660312
66.249.79.156 - - [06/Mar/2019:05:57:15 -0500] "GET /BLA/resoluciones/AUTOS%202017/0558.pdf HTTP/1.1" 200 845842
54.36.148.157 - - [06/Mar/2019:05:57:22 -0500] "GET /BLA/resoluciones/RESOLUCIONES%202006/RES%202006%201301-1350/00001313.tif HTTP/1.1" 200 131776
66.249.79.153 - - [06/Mar/2019:05:57:25 -0500] "GET /BLA/resoluciones/AUTOS%202017/4168.pdf HTTP/1.1" 200 316796
66.249.79.153 - - [06/Mar/2019:05:57:35 -0500] "GET /BLA/resoluciones/AUTOS%202009/3562.pdf HTTP/1.1" 200 211182
190.144.166.61 - - [06/Mar/2019:05:57:36 -0500] "GET /galeria/nivo-slider/demo/images/Banner%20Politica%20Publica%20CONPES%20(1).ai HTTP/1.1" 206 1
66.249.79.153 - - [06/Mar/2019:05:57:45 -0500] "GET /BLA/resoluciones/AUTOS%202018/1040.pdf HTTP/1.1" 200 252036
190.144.166.61 - - [06/Mar/2019:05:57:46 -0500] "GET /galeria/nivo-slider/demo/images/Banner%20Politica%20Publica%20CONPES%20(1).ai HTTP/1.1" 206 1
66.249.79.155 - - [06/Mar/2019:05:57:55 -0500] "GET /BLA/resoluciones/AUTOS%202018/2860.pdf HTTP/1.1" 200 2365609
186.155.163.202 - - [06/Mar/2019:05:58:01 -0500] "GET /galeria/galeria/jquery.fancybox.css?v=2.1.5 HTTP/1.1" 200 4895
186.155.163.202 - - [06/Mar/2019:05:58:01 -0500] "GET /galeria/carrusel/Carrusel/jquery.thumbnailScroller.css HTTP/1.1" 200 2066
186.155.163.202 - - [06/Mar/2019:05:58:01 -0500] "GET /BLA/boletinlegal/js/jquery.scrollShow.js HTTP/1.1" 200 4586
186.155.163.202 - - [06/Mar/2019:05:58:01 -0500] "GET /galeria/galeria/jquery.fancybox.js?v=2.1.5 HTTP/1.1" 200 48706
177.66.208.121 - - [06/Mar/2019:05:58:02 -0500] "GET / HTTP/1.1" 200 9990
186.155.163.202 - - [06/Mar/2019:05:58:02 -0500] "GET /galeria/carrusel/Carrusel/jquery-ui-1.8.13.custom.min.js HTTP/1.1" 200 10800
201.245.192.253 - - [06/Mar/2019:05:58:03 -0500] "GET /galeria/nivo-slider/demo/images/Banner%20Politica%20Publica%20CONPES%20(1).ai HTTP/1.1" 206 1
201.245.192.253 - - [06/Mar/2019:05:58:03 -0500] "GET /galeria/nivo-slider/demo/images/Banner%20Politica%20Publica%20CONPES%20(1).ai HTTP/1.1" 206 1644252
186.155.163.202 - - [06/Mar/2019:05:58:04 -0500] "GET /galeria/carrusel/Carrusel/jquery.thumbnailScroller.js HTTP/1.1" 200 8157
66.249.79.156 - - [06/Mar/2019:05:58:05 -0500] "GET /BLA/resoluciones/AUTOS%202017/3441.pdf HTTP/1.1" 200 316040
186.155.163.202 - - [06/Mar/2019:05:58:06 -0500] "GET /galeria/nivo-slider/demo/demo.html HTTP/1.1" 200 22600
186.155.163.202 - - [06/Mar/2019:05:58:08 -0500] "GET /galeria/nivo-slider/themes/pascal/pascal.css HTTP/1.1" 200 2258
186.155.163.202 - - [06/Mar/2019:05:58:08 -0500] "GET /galeria/nivo-slider/themes/orman/orman.css HTTP/1.1" 200 2152
186.155.163.202 - - [06/Mar/2019:05:58:08 -0500] "GET /galeria/nivo-slider/themes/default/default.css HTTP/1.1" 200 1569
186.155.163.202 - - [06/Mar/2019:05:58:08 -0500] "GET /galeria/nivo-slider/nivo-slider.css HTTP/1.1" 200 1507
186.155.163.202 - - [06/Mar/2019:05:58:09 -0500] "GET /galeria/nivo-slider/demo/images/BANNER%20punto.jpg HTTP/1.1" 200 75932
186.155.163.202 - - [06/Mar/2019:05:58:09 -0500] "GET /galeria/nivo-slider/demo/images/Caminatas%20marzo.png HTTP/1.1" 200 661357
186.155.163.202 - - [06/Mar/2019:05:58:09 -0500] "GET /galeria/nivo-slider/demo/style.css HTTP/1.1" 200 2222
186.155.163.202 - - [06/Mar/2019:05:58:09 -0500] "GET /galeria/nivo-slider/demo/images/Banner%20PGAE.jpg HTTP/1.1" 200 258166
186.155.163.202 - - [06/Mar/2019:05:58:09 -0500] "GET /galeria/nivo-slider/demo/images/Banner%20POT.png HTTP/1.1" 200 418238
186.155.163.202 - - [06/Mar/2019:05:58:10 -0500] "GET /galeria/nivo-slider/demo/images/Bannerweb_Tinguas.jpg HTTP/1.1" 200 258471
186.155.163.202 - - [06/Mar/2019:05:58:11 -0500] "GET /galeria/nivo-slider/demo/images/Pot_banner.jpg HTTP/1.1" 200 204736
186.155.163.202 - - [06/Mar/2019:05:58:13 -0500] "GET /galeria/nivo-slider/demo/images/Banner%20practicas%20sostenibles.jpg HTTP/1.1" 200 142958
201.245.192.253 - - [06/Mar/2019:05:58:13 -0500] "GET /galeria/nivo-slider/demo/images/Banner%20Politica%20Publica%20CONPES%20(1).ai HTTP/1.1" 206 1
201.245.192.253 - - [06/Mar/2019:05:58:13 -0500] "GET /galeria/nivo-slider/demo/images/Banner%20Politica%20Publica%20CONPES%20(1).ai HTTP/1.1" 206 1644252
186.155.163.202 - - [06/Mar/2019:05:58:15 -0500] "GET /galeria/nivo-slider/demo/images/Banner%20Conpes.jpg HTTP/1.1" 200 55220
186.155.163.202 - - [06/Mar/2019:05:58:15 -0500] "GET /galeria/nivo-slider/demo/images/Banneranonimos.png HTTP/1.1" 200 109388
186.155.163.202 - - [06/Mar/2019:05:58:15 -0500] "GET /galeria/nivo-slider/demo/images/incendios-forestales.png HTTP/1.1" 200 61469
66.249.79.155 - - [06/Mar/2019:05:58:15 -0500] "GET /BLA/resoluciones/AUTOS%202017/0397.pdf HTTP/1.1" 200 332918
186.155.163.202 - - [06/Mar/2019:05:58:19 -0500] "GET /galeria/nivo-slider/demo/images/4Simple_Slider.png HTTP/1.1" 200 11722
186.155.163.202 - - [06/Mar/2019:05:58:19 -0500] "GET /galeria/nivo-slider/themes/default/loading.gif HTTP/1.1" 200 1737
186.155.163.202 - - [06/Mar/2019:05:58:19 -0500] "GET /galeria/nivo-slider/demo/scripts/jquery-1.7.1.min.js HTTP/1.1" 200 93868
186.155.163.202 - - [06/Mar/2019:05:58:19 -0500] "GET /galeria/nivo-slider/jquery.nivo.slider.pack.js HTTP/1.1" 200 11561
186.155.163.202 - - [06/Mar/2019:05:58:19 -0500] "GET /galeria/nivo-slider/demo/images/Trafico%20de%20fauna.jpg HTTP/1.1" 200 198327
186.155.163.202 - - [06/Mar/2019:05:58:19 -0500] "GET /galeria/nivo-slider/demo/images/web%20ingreso%20humedales.png HTTP/1.1" 200 641193
186.155.163.202 - - [06/Mar/2019:05:58:19 -0500] "GET /galeria/nivo-slider/demo/images/gobierno%20digital-01.jpg HTTP/1.1" 200 116163
186.155.163.202 - - [06/Mar/2019:05:58:20 -0500] "GET /galeria/nivo-slider/demo/images/Otorgamiento-excelencia-ambiental-Jos%C3%A9-Celestino-Mutis-2.jpg HTTP/1.1" 200 276467
186.155.163.202 - - [06/Mar/2019:05:58:23 -0500] "GET /galeria/nivo-slider/demo/images/Banner_micrositio.png HTTP/1.1" 200 146950
186.155.163.202 - - [06/Mar/2019:05:58:24 -0500] "GET /galeria/nivo-slider/demo/images/avances-sentencias-rio-bogota-2.jpg HTTP/1.1" 200 304916
186.155.163.202 - - [06/Mar/2019:05:58:24 -0500] "GET /galeria/nivo-slider/demo/images/BANNER%20VAN%20DER%20HAMMEN.jpg HTTP/1.1" 200 64172
186.155.163.202 - - [06/Mar/2019:05:58:24 -0500] "GET /galeria/nivo-slider/demo/images/banner-humedales-de-bogota.jpg HTTP/1.1" 200 292611
186.155.163.202 - - [06/Mar/2019:05:58:25 -0500] "GET /galeria/nivo-slider/demo/images/maximavelocidad.png HTTP/1.1" 200 880272
186.155.163.202 - - [06/Mar/2019:05:58:25 -0500] "GET /galeria/nivo-slider/demo/images/bannerlumina2017web.jpg HTTP/1.1" 200 198918
186.155.163.202 - - [06/Mar/2019:05:58:25 -0500] "GET /galeria/nivo-slider/demo/images/banner%20aceite%20vegetal%20usado.jpg HTTP/1.1" 200 169350
186.155.163.202 - - [06/Mar/2019:05:58:25 -0500] "GET /galeria/nivo-slider/demo/images/banner-bolsas-plasticas.jpg HTTP/1.1" 200 317939
66.249.79.153 - - [06/Mar/2019:05:58:25 -0500] "GET /BLA/resoluciones/AUTOS%202017/1479.pdf HTTP/1.1" 200 306129
186.155.163.202 - - [06/Mar/2019:05:58:32 -0500] "GET /galeria/nivo-slider/themes/default/arrows.png HTTP/1.1" 200 824
186.155.163.202 - - [06/Mar/2019:05:58:32 -0500] "GET /galeria/nivo-slider/themes/default/bullets.png HTTP/1.1" 200 1281
66.249.79.153 - - [06/Mar/2019:05:58:36 -0500] "GET /BLA/resoluciones/AUTOS%202017/4715.pdf HTTP/1.1" 200 275873
209.50.53.213 - - [06/Mar/2019:05:58:41 -0500] "GET /galeria/galeria/jquery.fancybox.css?v=2.1.5 HTTP/1.1" 200 4895
209.50.53.213 - - [06/Mar/2019:05:58:41 -0500] "GET /BLA/boletinlegal/js/jquery.scrollShow.js HTTP/1.1" 200 4586
209.50.53.213 - - [06/Mar/2019:05:58:41 -0500] "GET /galeria/galeria/jquery.fancybox.js?v=2.1.5 HTTP/1.1" 200 48706
66.249.79.153 - - [06/Mar/2019:05:58:46 -0500] "GET /BLA/resoluciones/AUTOS%202017/1588.pdf HTTP/1.1" 200 300115
66.249.79.153 - - [06/Mar/2019:05:58:56 -0500] "GET /BLA/resoluciones/RESOLUCIONES%202006/RES%202006%201451-1500/INDEX.DAT HTTP/1.1" 200 2000
66.249.79.153 - - [06/Mar/2019:05:59:06 -0500] "GET /BLA/resoluciones/RESOLUCIONES%202008/4751.pdf HTTP/1.1" 200 101572
201.245.192.253 - - [06/Mar/2019:05:59:06 -0500] "GET /galeria/nivo-slider/demo/images/Banner%20Politica%20Publica%20CONPES%20(1).ai HTTP/1.1" 206 1
201.245.192.253 - - [06/Mar/2019:05:59:06 -0500] "GET /galeria/nivo-slider/demo/images/Banner%20Politica%20Publica%20CONPES%20(1).ai HTTP/1.1" 206 1644252
66.249.79.153 - - [06/Mar/2019:05:59:16 -0500] "GET /BLA/resoluciones/RESOLUCIONES%202011/3678.pdf HTTP/1.1" 200 548010
201.245.192.253 - - [06/Mar/2019:05:59:16 -0500] "GET /galeria/nivo-slider/demo/images/Banner%20Politica%20Publica%20CONPES%20(1).ai HTTP/1.1" 206 1
201.245.192.253 - - [06/Mar/2019:05:59:16 -0500] "GET /galeria/nivo-slider/demo/images/Banner%20Politica%20Publica%20CONPES%20(1).ai HTTP/1.1" 206 1644252
69.162.124.233 - - [06/Mar/2019:05:59:26 -0500] "HEAD / HTTP/1.1" 200 -
66.249.79.153 - - [06/Mar/2019:05:59:26 -0500] "GET /BLA/resoluciones/AUTOS%202017/3438.pdf HTTP/1.1" 200 334000
66.249.79.153 - - [06/Mar/2019:05:59:36 -0500] "GET /BLA/resoluciones/AUTOS%202017/3213.pdf HTTP/1.1" 200 399609
61.126.30.126 - - [06/Mar/2019:05:59:44 -0500] "-" 408 -
66.249.88.89 - - [06/Mar/2019:05:59:44 -0500] "GET /galeria/galeria/jquery.fancybox.css?v=2.1.5 HTTP/1.1" 200 4895
66.249.79.153 - - [06/Mar/2019:05:59:46 -0500] "GET /BLA/resoluciones/AUTOS%202017/0659.pdf HTTP/1.1" 200 734431
66.249.88.93 - - [06/Mar/2019:05:59:47 -0500] "GET /BLA/boletinlegal/js/jquery.scrollShow.js HTTP/1.1" 200 4586
66.249.88.93 - - [06/Mar/2019:05:59:47 -0500] "GET /galeria/galeria/jquery.fancybox.js?v=2.1.5 HTTP/1.1" 200 48706
201.245.192.253 - - [06/Mar/2019:05:59:48 -0500] "GET /galeria/nivo-slider/demo/images/Banner%20Politica%20Publica%20CONPES%20(1).ai HTTP/1.1" 206 1
201.245.192.253 - - [06/Mar/2019:05:59:49 -0500] "GET /galeria/nivo-slider/demo/images/Banner%20Politica%20Publica%20CONPES%20(1).ai HTTP/1.1" 206 1644252
66.249.88.89 - - [06/Mar/2019:05:59:54 -0500] "GET /galeria/galeria/jquery.fancybox.css?v=2.1.5 HTTP/1.1" 200 4895
66.249.88.91 - - [06/Mar/2019:05:59:54 -0500] "GET /galeria/galeria/jquery.fancybox.js?v=2.1.5 HTTP/1.1" 200 48706
66.249.88.91 - - [06/Mar/2019:05:59:54 -0500] "GET /BLA/boletinlegal/js/jquery.scrollShow.js HTTP/1.1" 200 4586
66.249.79.153 - - [06/Mar/2019:05:59:57 -0500] "GET /BLA/resoluciones/Notificaciones/AUTOS%202017/00821.doc HTTP/1.1" 200 392990
201.245.192.253 - - [06/Mar/2019:05:59:58 -0500] "GET /galeria/nivo-slider/demo/images/Banner%20Politica%20Publica%20CONPES%20(1).ai HTTP/1.1" 206 1
201.245.192.253 - - [06/Mar/2019:05:59:58 -0500] "GET /galeria/nivo-slider/demo/images/Banner%20Politica%20Publica%20CONPES%20(1).ai HTTP/1.1" 206 1644252
190.66.214.123 - - [06/Mar/2019:06:00:02 -0500] "GET /galeria/galeria/jquery.fancybox.css?v=2.1.5 HTTP/1.1" 200 4895
190.66.214.123 - - [06/Mar/2019:06:00:02 -0500] "GET /BLA/boletinlegal/js/jquery.scrollShow.js HTTP/1.1" 200 4586
190.66.214.123 - - [06/Mar/2019:06:00:02 -0500] "GET /galeria/galeria/jquery.fancybox.js?v=2.1.5 HTTP/1.1" 200 48706
61.126.30.126 - - [06/Mar/2019:06:00:03 -0500] "-" 408 -
66.249.88.89 - - [06/Mar/2019:06:00:05 -0500] "GET /BLA/boletinlegal/js/jquery.scrollShow.js HTTP/1.1" 200 4586
66.249.88.91 - - [06/Mar/2019:06:00:05 -0500] "GET /galeria/galeria/jquery.fancybox.css?v=2.1.5 HTTP/1.1" 200 4895
66.249.88.89 - - [06/Mar/2019:06:00:05 -0500] "GET /galeria/galeria/jquery.fancybox.js?v=2.1.5 HTTP/1.1" 200 48706
54.36.148.110 - - [06/Mar/2019:06:00:06 -0500] "GET /BLA/resoluciones/RESOLUCIONES%202006/RES%202006%201501-1550/00001550.tif HTTP/1.1" 200 247858
66.249.79.155 - - [06/Mar/2019:06:00:07 -0500] "GET /BLA/resoluciones/RESOLUCIONES%202011/4523.pdf HTTP/1.1" 200 483150
66.249.79.153 - - [06/Mar/2019:06:00:17 -0500] "GET /BLA/resoluciones/AUTOS%202018/2618.pdf HTTP/1.1" 200 265672
61.126.30.126 - - [06/Mar/2019:06:00:21 -0500] "-" 408 -
66.249.79.153 - - [06/Mar/2019:06:00:23 -0500] "GET /BLA/resoluciones/RESOLUCIONES%202007/RES%202007%202001%20AL%202100/RESOLUCION%202011%20DE%202007.pdf HTTP/1.1" 200 679398
66.249.79.153 - - [06/Mar/2019:06:00:27 -0500] "GET /BLA/resoluciones/AUTOS%202017/0723.pdf HTTP/1.1" 200 292297
186.86.32.97 - - [06/Mar/2019:06:00:36 -0500] "GET /BLA/boletinlegal/js/jquery.scrollShow.js HTTP/1.1" 200 4586
186.86.32.97 - - [06/Mar/2019:06:00:36 -0500] "GET /galeria/galeria/jquery.fancybox.css?v=2.1.5 HTTP/1.1" 200 4895
186.86.32.97 - - [06/Mar/2019:06:00:36 -0500] "GET /galeria/galeria/jquery.fancybox.js?v=2.1.5 HTTP/1.1" 200 48706
66.249.79.153 - - [06/Mar/2019:06:00:37 -0500] "GET /BLA/resoluciones/AUTOS%202018/1853.pdf HTTP/1.1" 200 278624
201.245.192.253 - - [06/Mar/2019:06:00:38 -0500] "GET /galeria/nivo-slider/demo/images/Banner%20Politica%20Publica%20CONPES%20(1).ai HTTP/1.1" 206 1
201.245.192.253 - - [06/Mar/2019:06:00:38 -0500] "GET /galeria/nivo-slider/demo/images/Banner%20Politica%20Publica%20CONPES%20(1).ai HTTP/1.1" 206 1644252
61.126.30.126 - - [06/Mar/2019:06:00:42 -0500] "-" 408 -
66.249.79.155 - - [06/Mar/2019:06:00:47 -0500] "GET /BLA/resoluciones/RESOLUCIONES%202017/2606.pdf HTTP/1.1" 200 298238
201.245.192.253 - - [06/Mar/2019:06:00:48 -0500] "GET /galeria/nivo-slider/demo/images/Banner%20Politica%20Publica%20CONPES%20(1).ai HTTP/1.1" 206 1
201.245.192.253 - - [06/Mar/2019:06:00:48 -0500] "GET /galeria/nivo-slider/demo/images/Banner%20Politica%20Publica%20CONPES%20(1).ai HTTP/1.1" 206 1644252
192.168.175.104 - - [06/Mar/2019:06:00:49 -0500] "GET / HTTP/1.1" 200 9990
66.249.79.153 - - [06/Mar/2019:06:00:58 -0500] "GET /BLA/resoluciones/AUTOS%202018/1459.pdf HTTP/1.1" 200 356901
61.126.30.126 - - [06/Mar/2019:06:01:02 -0500] "-" 408 -
66.249.79.156 - - [06/Mar/2019:06:01:08 -0500] "GET /BLA/resoluciones/Notificaciones/AUTOS%202017/01383.pdf HTTP/1.1" 200 319218
201.245.192.253 - - [06/Mar/2019:06:01:11 -0500] "GET /galeria/nivo-slider/demo/images/Banner%20Politica%20Publica%20CONPES%20(1).ai HTTP/1.1" 206 1
201.245.192.253 - - [06/Mar/2019:06:01:11 -0500] "GET /galeria/nivo-slider/demo/images/Banner%20Politica%20Publica%20CONPES%20(1).ai HTTP/1.1" 206 1660312
192.168.175.104 - - [06/Mar/2019:06:01:12 -0500] "GET / HTTP/1.0" 200 9990
66.249.79.155 - - [06/Mar/2019:06:01:18 -0500] "GET /BLA/resoluciones/AUTOS%202017/4457.pdf HTTP/1.1" 200 294845
201.245.192.253 - - [06/Mar/2019:06:01:21 -0500] "GET /galeria/nivo-slider/demo/images/Banner%20Politica%20Publica%20CONPES%20(1).ai HTTP/1.1" 206 1
201.245.192.253 - - [06/Mar/2019:06:01:21 -0500] "GET /galeria/nivo-slider/demo/images/Banner%20Politica%20Publica%20CONPES%20(1).ai HTTP/1.1" 206 1660312
61.126.30.126 - - [06/Mar/2019:06:01:23 -0500] "-" 408 -
66.249.79.153 - - [06/Mar/2019:06:01:28 -0500] "GET /BLA/resoluciones/AUTOS%202017/5249.pdf HTTP/1.1" 200 580443
66.249.79.153 - - [06/Mar/2019:06:01:38 -0500] "GET /BLA/resoluciones/RESOLUCIONES%202011/3528.pdf HTTP/1.1" 200 521456
61.126.30.126 - - [06/Mar/2019:06:01:42 -0500] "-" 408 -
190.144.166.61 - - [06/Mar/2019:06:01:46 -0500] "GET /galeria/nivo-slider/demo/images/Banner%20Politica%20Publica%20CONPES%20(1).ai HTTP/1.1" 206 1
66.249.79.153 - - [06/Mar/2019:06:01:48 -0500] "GET /BLA/resoluciones/AUTOS%202018/0967.pdf HTTP/1.1" 200 274125
66.249.79.153 - - [06/Mar/2019:06:01:53 -0500] "GET /galeria/galeria/fotos/diaSC13Peq.jpg HTTP/1.1" 304 -
