66.249.79.156 - - [06/Mar/2019:00:14:07 -0500] "GET /BLA/resoluciones/AUTOS%202017/5226.pdf HTTP/1.1" 200 404042
54.36.148.249 - - [06/Mar/2019:00:14:08 -0500] "GET /BLA/resoluciones/index.php?dir=RESOLUCIONES%202005/RES%202005%201201-1250/&sort=size&order=desc HTTP/1.1" 200 12368
157.55.39.196 - - [06/Mar/2019:00:14:10 -0500] "GET / HTTP/1.1" 200 9990
66.249.79.155 - - [06/Mar/2019:00:14:17 -0500] "GET /BLA/resoluciones/RESOLUCIONES%202017/3069.pdf HTTP/1.1" 200 304226
207.46.13.100 - - [06/Mar/2019:00:14:18 -0500] "GET /sig/comunicaciones/126pg02-pr09.pdf HTTP/1.1" 200 95162
66.249.79.153 - - [06/Mar/2019:00:14:28 -0500] "GET /BLA/resoluciones/AUTOS%202017/3017.pdf HTTP/1.1" 200 267666
190.25.71.100 - - [06/Mar/2019:00:14:32 -0500] "GET /POT-2013/Cartografia/09_EEP.pdf HTTP/1.1" 200 3326963
190.25.71.100 - - [06/Mar/2019:00:14:33 -0500] "GET /favicon.ico HTTP/1.1" 200 7782
66.249.79.153 - - [06/Mar/2019:00:14:38 -0500] "GET /BLA/resoluciones/AUTOS%202017/3583.pdf HTTP/1.1" 200 317936
40.77.167.155 - - [06/Mar/2019:00:14:43 -0500] "GET /SIG/ECS/126PM04-PR109.pdf HTTP/1.1" 200 3746786
66.249.79.153 - - [06/Mar/2019:00:14:48 -0500] "GET /Publicaciones/2019EE40844.pdf HTTP/1.1" 503 1020
66.249.79.153 - - [06/Mar/2019:00:14:58 -0500] "GET /BLA/resoluciones/AUTOS%202018/0010.pdf HTTP/1.1" 200 269683
66.249.79.153 - - [06/Mar/2019:00:15:08 -0500] "GET /BLA/resoluciones/AUTOS%202017/2205.pdf HTTP/1.1" 200 659184
54.36.148.168 - - [06/Mar/2019:00:15:09 -0500] "GET /BLA/resoluciones/RESOLUCIONES%202006/RES%202006%202701-2750/00002701.tif HTTP/1.1" 200 181730
66.249.79.153 - - [06/Mar/2019:00:15:18 -0500] "GET /BLA/boletinlegal/Directivas/2018/Directiva%20No.%2023%20del%2026%20de%20diciembre%20de%202018.pdf HTTP/1.1" 200 481134
201.245.192.253 - - [06/Mar/2019:00:15:22 -0500] "GET /galeria/nivo-slider/demo/images/Banner%20Politica%20Publica%20CONPES%20(1).ai HTTP/1.1" 206 1
201.245.192.253 - - [06/Mar/2019:00:15:22 -0500] "GET /galeria/nivo-slider/demo/images/Banner%20Politica%20Publica%20CONPES%20(1).ai HTTP/1.1" 206 1660312
66.249.79.153 - - [06/Mar/2019:00:15:28 -0500] "GET /BLA/resoluciones/Notificaciones/AUTOS%202017/02380.pdf HTTP/1.1" 200 306062
201.245.192.253 - - [06/Mar/2019:00:15:32 -0500] "GET /galeria/nivo-slider/demo/images/Banner%20Politica%20Publica%20CONPES%20(1).ai HTTP/1.1" 206 1
201.245.192.253 - - [06/Mar/2019:00:15:32 -0500] "GET /galeria/nivo-slider/demo/images/Banner%20Politica%20Publica%20CONPES%20(1).ai HTTP/1.1" 206 1660312
185.249.197.229 - - [06/Mar/2019:00:15:35 -0500] "GET / HTTP/1.1" 200 9990
66.249.79.153 - - [06/Mar/2019:00:15:38 -0500] "GET /BLA/resoluciones/AUTOS%202017/1630.pdf HTTP/1.1" 200 1108796
66.249.79.153 - - [06/Mar/2019:00:15:48 -0500] "GET /BLA/resoluciones/AUTOS%202017/4389.pdf HTTP/1.1" 200 316076
201.245.192.253 - - [06/Mar/2019:00:15:49 -0500] "GET /galeria/nivo-slider/demo/images/Banner%20Politica%20Publica%20CONPES%20(1).ai HTTP/1.1" 206 1
201.245.192.253 - - [06/Mar/2019:00:15:49 -0500] "GET /galeria/nivo-slider/demo/images/Banner%20Politica%20Publica%20CONPES%20(1).ai HTTP/1.1" 206 1644252
190.144.166.61 - - [06/Mar/2019:00:15:58 -0500] "GET /galeria/nivo-slider/demo/images/Banner%20Politica%20Publica%20CONPES%20(1).ai HTTP/1.1" 206 1
201.245.192.253 - - [06/Mar/2019:00:15:59 -0500] "GET /galeria/nivo-slider/demo/images/Banner%20Politica%20Publica%20CONPES%20(1).ai HTTP/1.1" 206 1
201.245.192.253 - - [06/Mar/2019:00:15:59 -0500] "GET /galeria/nivo-slider/demo/images/Banner%20Politica%20Publica%20CONPES%20(1).ai HTTP/1.1" 206 1644252
66.249.88.89 - - [06/Mar/2019:00:16:00 -0500] "GET /galeria/galeria/jquery.fancybox.css?v=2.1.5 HTTP/1.1" 200 4895
66.249.88.93 - - [06/Mar/2019:00:16:00 -0500] "GET /galeria/galeria/jquery.fancybox.js?v=2.1.5 HTTP/1.1" 200 48706
66.249.88.91 - - [06/Mar/2019:00:16:00 -0500] "GET /BLA/boletinlegal/js/jquery.scrollShow.js HTTP/1.1" 200 4586
190.144.166.61 - - [06/Mar/2019:00:16:08 -0500] "GET /galeria/nivo-slider/demo/images/Banner%20Politica%20Publica%20CONPES%20(1).ai HTTP/1.1" 206 1
66.249.79.155 - - [06/Mar/2019:00:16:09 -0500] "GET /BLA/resoluciones/AUTOS%202018/6270.pdf HTTP/1.1" 200 2031236
186.86.53.227 - - [06/Mar/2019:00:16:13 -0500] "GET /BLA/boletinlegal/js/jquery.scrollShow.js HTTP/1.1" 200 4586
186.86.53.227 - - [06/Mar/2019:00:16:13 -0500] "GET /galeria/galeria/jquery.fancybox.js?v=2.1.5 HTTP/1.1" 200 48706
66.249.79.155 - - [06/Mar/2019:00:16:19 -0500] "GET /BLA/resoluciones/AUTOS%202018/4486.pdf HTTP/1.1" 200 521805
201.245.192.253 - - [06/Mar/2019:00:16:24 -0500] "GET /galeria/nivo-slider/demo/images/Banner%20Politica%20Publica%20CONPES%20(1).ai HTTP/1.1" 206 1
201.245.192.253 - - [06/Mar/2019:00:16:24 -0500] "GET /galeria/nivo-slider/demo/images/Banner%20Politica%20Publica%20CONPES%20(1).ai HTTP/1.1" 206 1644252
66.249.79.155 - - [06/Mar/2019:00:16:29 -0500] "GET /BLA/resoluciones/AUTOS%202017/4123.pdf HTTP/1.1" 200 264946
157.55.39.196 - - [06/Mar/2019:00:16:31 -0500] "GET /BLA/resoluciones/index.php?dir=RESOLUCIONES%202007/RES%202007%201%20AL%20100/&sort=date&order=asc HTTP/1.1" 200 26175
201.245.192.253 - - [06/Mar/2019:00:16:34 -0500] "GET /galeria/nivo-slider/demo/images/Banner%20Politica%20Publica%20CONPES%20(1).ai HTTP/1.1" 206 1
201.245.192.253 - - [06/Mar/2019:00:16:34 -0500] "GET /galeria/nivo-slider/demo/images/Banner%20Politica%20Publica%20CONPES%20(1).ai HTTP/1.1" 206 1644252
186.155.44.124 - - [06/Mar/2019:00:16:38 -0500] "GET /galeria/galeria/jquery.fancybox.css?v=2.1.5 HTTP/1.1" 200 4895
186.155.44.124 - - [06/Mar/2019:00:16:38 -0500] "GET /BLA/boletinlegal/js/jquery.scrollShow.js HTTP/1.1" 200 4586
66.249.79.155 - - [06/Mar/2019:00:16:39 -0500] "GET /BLA/resoluciones/RESOLUCIONES%202011/4207.pdf HTTP/1.1" 200 494767
201.245.192.253 - - [06/Mar/2019:00:16:39 -0500] "GET /galeria/nivo-slider/demo/images/Banner%20Politica%20Publica%20CONPES%20(1).ai HTTP/1.1" 206 1
186.155.44.124 - - [06/Mar/2019:00:16:39 -0500] "GET /galeria/galeria/jquery.fancybox.js?v=2.1.5 HTTP/1.1" 200 48706
66.249.79.156 - - [06/Mar/2019:00:16:49 -0500] "GET /BLA/resoluciones/Notificaciones/AUTOS%202017/03704.pdf HTTP/1.1" 200 309903
201.245.192.253 - - [06/Mar/2019:00:16:49 -0500] "GET /galeria/nivo-slider/demo/images/Banner%20Politica%20Publica%20CONPES%20(1).ai HTTP/1.1" 206 1
201.245.192.253 - - [06/Mar/2019:00:16:49 -0500] "GET /galeria/nivo-slider/demo/images/Banner%20Politica%20Publica%20CONPES%20(1).ai HTTP/1.1" 206 1644252
66.249.79.153 - - [06/Mar/2019:00:17:00 -0500] "GET /BLA/resoluciones/AUTOS%202017/2038.pdf HTTP/1.1" 200 701506
66.249.79.156 - - [06/Mar/2019:00:17:10 -0500] "GET /BLA/boletinlegal/Circulares/2018/CIRCULAR%20COJUNTA%20042%20DE%202018.pdf HTTP/1.1" 200 515008
201.245.192.253 - - [06/Mar/2019:00:17:27 -0500] "GET /galeria/nivo-slider/demo/images/Banner%20Politica%20Publica%20CONPES%20(1).ai HTTP/1.1" 206 1
201.245.192.253 - - [06/Mar/2019:00:17:27 -0500] "GET /galeria/nivo-slider/demo/images/Banner%20Politica%20Publica%20CONPES%20(1).ai HTTP/1.1" 206 1644252
66.249.79.153 - - [06/Mar/2019:00:17:30 -0500] "GET /BLA/resoluciones/RESOLUCIONES%202011/5399.pdf HTTP/1.1" 200 569180
201.245.192.253 - - [06/Mar/2019:00:17:37 -0500] "GET /galeria/nivo-slider/demo/images/Banner%20Politica%20Publica%20CONPES%20(1).ai HTTP/1.1" 206 1
201.245.192.253 - - [06/Mar/2019:00:17:37 -0500] "GET /galeria/nivo-slider/demo/images/Banner%20Politica%20Publica%20CONPES%20(1).ai HTTP/1.1" 206 1644252
66.249.79.153 - - [06/Mar/2019:00:17:40 -0500] "GET /BLA/resoluciones/RESOLUCIONES%202017/2441.pdf HTTP/1.1" 200 464907
66.249.79.155 - - [06/Mar/2019:00:17:50 -0500] "GET /BLA/resoluciones/AUTOS%202018/3585.pdf HTTP/1.1" 200 259428
69.162.124.233 - - [06/Mar/2019:00:17:57 -0500] "HEAD / HTTP/1.1" 200 -
192.168.175.104 - - [06/Mar/2019:00:17:59 -0500] "GET / HTTP/1.1" 200 9990
192.168.175.104 - - [06/Mar/2019:00:18:27 -0500] "GET / HTTP/1.0" 200 9990
66.249.79.153 - - [06/Mar/2019:00:18:31 -0500] "GET /BLA/resoluciones/AUTOS%202009/1017.pdf HTTP/1.1" 200 136218
54.36.150.129 - - [06/Mar/2019:00:18:32 -0500] "GET /BLA/resoluciones/AUTOS%202006/AUTOS%202006%201-100/00000070.tif HTTP/1.1" 200 97552
66.249.79.153 - - [06/Mar/2019:00:18:41 -0500] "GET /BLA/resoluciones/RESOLUCIONES%202017/0052.pdf HTTP/1.1" 200 355119
66.249.88.93 - - [06/Mar/2019:00:18:44 -0500] "GET /galeria/galeria/fotos/juan-amarillo3G.jpg HTTP/1.1" 200 328975
66.249.88.91 - - [06/Mar/2019:00:18:58 -0500] "GET /galeria/galeria/fotos/juan-amarillo3G.jpg HTTP/1.1" 200 328975
66.249.79.153 - - [06/Mar/2019:00:19:01 -0500] "GET /BLA/resoluciones/RESOLUCIONES%202008/2290.pdf HTTP/1.1" 200 355173
52.162.211.179 - - [06/Mar/2019:00:19:01 -0500] "GET /galeria/galeria/jquery.fancybox.js?v=2.1.5 HTTP/1.1" 200 48706
52.162.211.179 - - [06/Mar/2019:00:19:01 -0500] "GET /galeria/galeria/jquery.fancybox.css?v=2.1.5 HTTP/1.1" 200 4895
66.249.79.153 - - [06/Mar/2019:00:19:32 -0500] "GET /BLA/resoluciones/RESOLUCIONES%202018/0341.pdf HTTP/1.1" 304 -
201.245.192.253 - - [06/Mar/2019:00:19:32 -0500] "GET /galeria/nivo-slider/demo/images/Banner%20Politica%20Publica%20CONPES%20(1).ai HTTP/1.1" 206 1
201.245.192.253 - - [06/Mar/2019:00:19:32 -0500] "GET /galeria/nivo-slider/demo/images/Banner%20Politica%20Publica%20CONPES%20(1).ai HTTP/1.1" 206 1660312
66.249.79.153 - - [06/Mar/2019:00:19:36 -0500] "GET /BLA/resoluciones/RESOLUCIONES%202008/5305.pdf HTTP/1.1" 200 259616
186.155.19.168 - - [06/Mar/2019:00:19:39 -0500] "GET /galeria/galeria/jquery.fancybox.css?v=2.1.5 HTTP/1.1" 200 4895
186.155.19.168 - - [06/Mar/2019:00:19:39 -0500] "GET /BLA/boletinlegal/js/jquery.scrollShow.js HTTP/1.1" 200 4586
186.155.19.168 - - [06/Mar/2019:00:19:39 -0500] "GET /galeria/galeria/jquery.fancybox.js?v=2.1.5 HTTP/1.1" 200 48706
151.1.48.2 - - [06/Mar/2019:00:19:42 -0500] "-" 408 -
201.245.192.253 - - [06/Mar/2019:00:19:42 -0500] "GET /galeria/nivo-slider/demo/images/Banner%20Politica%20Publica%20CONPES%20(1).ai HTTP/1.1" 206 1
201.245.192.253 - - [06/Mar/2019:00:19:42 -0500] "GET /galeria/nivo-slider/demo/images/Banner%20Politica%20Publica%20CONPES%20(1).ai HTTP/1.1" 206 1660312
201.245.192.253 - - [06/Mar/2019:00:19:49 -0500] "GET /galeria/nivo-slider/demo/images/Banner%20Politica%20Publica%20CONPES%20(1).ai HTTP/1.1" 206 1
201.245.192.253 - - [06/Mar/2019:00:19:49 -0500] "GET /galeria/nivo-slider/demo/images/Banner%20Politica%20Publica%20CONPES%20(1).ai HTTP/1.1" 206 1644252
201.245.192.253 - - [06/Mar/2019:00:19:59 -0500] "GET /galeria/nivo-slider/demo/images/Banner%20Politica%20Publica%20CONPES%20(1).ai HTTP/1.1" 206 1
201.245.192.253 - - [06/Mar/2019:00:19:59 -0500] "GET /galeria/nivo-slider/demo/images/Banner%20Politica%20Publica%20CONPES%20(1).ai HTTP/1.1" 206 1644252
151.1.48.2 - - [06/Mar/2019:00:20:00 -0500] "-" 408 -
40.77.167.218 - - [06/Mar/2019:00:20:05 -0500] "GET /galeria/galeria/fotos/Encuentro-de-Movimientos9G.jpg HTTP/1.1" 200 160621
190.144.166.61 - - [06/Mar/2019:00:20:08 -0500] "GET /galeria/nivo-slider/demo/images/Banner%20Politica%20Publica%20CONPES%20(1).ai HTTP/1.1" 206 1
66.249.79.153 - - [06/Mar/2019:00:20:09 -0500] "GET /galeria/galeria/fotos/diaSC12Peq.jpg HTTP/1.1" 200 11782
186.144.30.51 - - [05/Mar/2019:22:40:16 -0500] "POST /sipse/faces/presentacion/financiero/solicitudProceso/listarSolicitudProceso.xhtml HTTP/1.1" 400 1022
190.144.166.61 - - [06/Mar/2019:00:20:18 -0500] "GET /galeria/nivo-slider/demo/images/Banner%20Politica%20Publica%20CONPES%20(1).ai HTTP/1.1" 206 1
151.1.48.2 - - [06/Mar/2019:00:20:18 -0500] "-" 408 -
66.249.79.155 - - [06/Mar/2019:00:20:22 -0500] "GET /BLA/resoluciones/RESOLUCIONES%202017/2991.pdf HTTP/1.1" 200 6995812
201.245.192.253 - - [06/Mar/2019:00:20:34 -0500] "GET /galeria/nivo-slider/demo/images/Banner%20Politica%20Publica%20CONPES%20(1).ai HTTP/1.1" 206 1
201.245.192.253 - - [06/Mar/2019:00:20:34 -0500] "GET /galeria/nivo-slider/demo/images/Banner%20Politica%20Publica%20CONPES%20(1).ai HTTP/1.1" 206 1644252
151.1.48.2 - - [06/Mar/2019:00:20:38 -0500] "-" 408 -
201.245.192.253 - - [06/Mar/2019:00:20:39 -0500] "GET /galeria/nivo-slider/demo/images/Banner%20Politica%20Publica%20CONPES%20(1).ai HTTP/1.1" 206 1
201.245.192.253 - - [06/Mar/2019:00:20:39 -0500] "GET /galeria/nivo-slider/demo/images/Banner%20Politica%20Publica%20CONPES%20(1).ai HTTP/1.1" 206 1644252
201.245.192.253 - - [06/Mar/2019:00:20:44 -0500] "GET /galeria/nivo-slider/demo/images/Banner%20Politica%20Publica%20CONPES%20(1).ai HTTP/1.1" 206 1
201.245.192.253 - - [06/Mar/2019:00:20:44 -0500] "GET /galeria/nivo-slider/demo/images/Banner%20Politica%20Publica%20CONPES%20(1).ai HTTP/1.1" 206 1644252
201.245.192.253 - - [06/Mar/2019:00:19:53 -0500] "POST /kwsrmcab/Wsrmcab HTTP/1.1" 200 28953
201.245.192.253 - - [06/Mar/2019:00:20:49 -0500] "GET /galeria/nivo-slider/demo/images/Banner%20Politica%20Publica%20CONPES%20(1).ai HTTP/1.1" 206 1
54.36.148.94 - - [06/Mar/2019:00:20:57 -0500] "GET /BLA/resoluciones/AUTOS%202006/AUTOS%202006%20401-500/00000480.tif HTTP/1.1" 200 619390
151.1.48.2 - - [06/Mar/2019:00:20:57 -0500] "-" 408 -
151.1.48.2 - - [06/Mar/2019:00:21:17 -0500] "-" 408 -
207.46.13.100 - - [06/Mar/2019:00:21:23 -0500] "GET /SIG/Comunicaciones/126PG02-PR09.pdf HTTP/1.1" 200 95162
151.1.48.2 - - [06/Mar/2019:00:21:36 -0500] "-" 408 -
201.245.192.253 - - [06/Mar/2019:00:21:37 -0500] "GET /galeria/nivo-slider/demo/images/Banner%20Politica%20Publica%20CONPES%20(1).ai HTTP/1.1" 206 1
201.245.192.253 - - [06/Mar/2019:00:21:37 -0500] "GET /galeria/nivo-slider/demo/images/Banner%20Politica%20Publica%20CONPES%20(1).ai HTTP/1.1" 206 1644252
54.36.150.123 - - [06/Mar/2019:00:21:38 -0500] "GET /BLA/resoluciones/RESOLUCIONES%202001/2001%20750-799.TIF HTTP/1.1" 200 8805346
186.145.75.195 - - [06/Mar/2019:00:21:43 -0500] "GET /BLA/boletinlegal/js/jquery.scrollShow.js HTTP/1.1" 200 4586
186.145.75.195 - - [06/Mar/2019:00:21:43 -0500] "GET /galeria/carrusel/Carrusel/jquery.thumbnailScroller.css HTTP/1.1" 200 2066
186.145.75.195 - - [06/Mar/2019:00:21:43 -0500] "GET /galeria/galeria/jquery.fancybox.css?v=2.1.5 HTTP/1.1" 200 4895
186.145.75.195 - - [06/Mar/2019:00:21:43 -0500] "GET /galeria/galeria/jquery.fancybox.js?v=2.1.5 HTTP/1.1" 200 48706
186.145.75.195 - - [06/Mar/2019:00:21:44 -0500] "GET /galeria/carrusel/Carrusel/jquery-ui-1.8.13.custom.min.js HTTP/1.1" 200 10800
186.145.75.195 - - [06/Mar/2019:00:21:45 -0500] "GET /galeria/carrusel/Carrusel/jquery.thumbnailScroller.js HTTP/1.1" 200 8157
186.145.75.195 - - [06/Mar/2019:00:21:46 -0500] "GET /galeria/nivo-slider/demo/demo.html HTTP/1.1" 200 22600
186.145.75.195 - - [06/Mar/2019:00:21:47 -0500] "GET /galeria/nivo-slider/themes/default/default.css HTTP/1.1" 200 1569
186.145.75.195 - - [06/Mar/2019:00:21:47 -0500] "GET /galeria/nivo-slider/themes/pascal/pascal.css HTTP/1.1" 200 2258
186.145.75.195 - - [06/Mar/2019:00:21:47 -0500] "GET /galeria/nivo-slider/themes/orman/orman.css HTTP/1.1" 200 2152
186.145.75.195 - - [06/Mar/2019:00:21:47 -0500] "GET /galeria/nivo-slider/demo/style.css HTTP/1.1" 200 2222
186.145.75.195 - - [06/Mar/2019:00:21:47 -0500] "GET /galeria/nivo-slider/nivo-slider.css HTTP/1.1" 200 1507
186.145.75.195 - - [06/Mar/2019:00:21:47 -0500] "GET /galeria/nivo-slider/demo/images/Trafico%20de%20fauna.jpg HTTP/1.1" 200 198327
201.245.192.253 - - [06/Mar/2019:00:21:47 -0500] "GET /galeria/nivo-slider/demo/images/Banner%20Politica%20Publica%20CONPES%20(1).ai HTTP/1.1" 206 1
201.245.192.253 - - [06/Mar/2019:00:21:47 -0500] "GET /galeria/nivo-slider/demo/images/Banner%20Politica%20Publica%20CONPES%20(1).ai HTTP/1.1" 206 1644252
186.145.75.195 - - [06/Mar/2019:00:21:48 -0500] "GET /galeria/nivo-slider/demo/scripts/jquery-1.7.1.min.js HTTP/1.1" 200 93868
186.145.75.195 - - [06/Mar/2019:00:21:48 -0500] "GET /galeria/nivo-slider/jquery.nivo.slider.pack.js HTTP/1.1" 200 11561
186.145.75.195 - - [06/Mar/2019:00:21:48 -0500] "GET /galeria/nivo-slider/demo/images/Bannerweb_Tinguas.jpg HTTP/1.1" 200 258471
186.145.75.195 - - [06/Mar/2019:00:21:48 -0500] "GET /galeria/nivo-slider/demo/images/Banner%20PGAE.jpg HTTP/1.1" 200 258166
186.145.75.195 - - [06/Mar/2019:00:21:48 -0500] "GET /galeria/nivo-slider/demo/images/Caminatas%20marzo.png HTTP/1.1" 200 661357
186.145.75.195 - - [06/Mar/2019:00:21:49 -0500] "GET /galeria/nivo-slider/demo/images/gobierno%20digital-01.jpg HTTP/1.1" 200 116163
186.145.75.195 - - [06/Mar/2019:00:21:50 -0500] "GET /galeria/nivo-slider/demo/images/Otorgamiento-excelencia-ambiental-Jos%C3%A9-Celestino-Mutis-2.jpg HTTP/1.1" 200 276467
186.145.75.195 - - [06/Mar/2019:00:21:50 -0500] "GET /galeria/nivo-slider/demo/images/banner%20aceite%20vegetal%20usado.jpg HTTP/1.1" 200 169350
186.145.75.195 - - [06/Mar/2019:00:21:51 -0500] "GET /galeria/nivo-slider/demo/images/Banner%20Conpes.jpg HTTP/1.1" 200 55220
186.145.75.195 - - [06/Mar/2019:00:21:52 -0500] "GET /galeria/nivo-slider/demo/images/Banner%20POT.png HTTP/1.1" 200 418238
186.145.75.195 - - [06/Mar/2019:00:21:53 -0500] "GET /galeria/nivo-slider/demo/images/Banner%20practicas%20sostenibles.jpg HTTP/1.1" 200 142958
186.145.75.195 - - [06/Mar/2019:00:21:55 -0500] "GET /galeria/nivo-slider/demo/images/BANNER%20VAN%20DER%20HAMMEN.jpg HTTP/1.1" 200 64172
186.145.75.195 - - [06/Mar/2019:00:21:56 -0500] "GET /galeria/nivo-slider/demo/images/Banner_micrositio.png HTTP/1.1" 200 146950
186.145.75.195 - - [06/Mar/2019:00:21:56 -0500] "GET /galeria/nivo-slider/demo/images/maximavelocidad.png HTTP/1.1" 200 880272
186.145.75.195 - - [06/Mar/2019:00:21:57 -0500] "GET /galeria/nivo-slider/demo/images/banner-humedales-de-bogota.jpg HTTP/1.1" 200 292611
186.145.75.195 - - [06/Mar/2019:00:21:58 -0500] "GET /galeria/nivo-slider/demo/images/avances-sentencias-rio-bogota-2.jpg HTTP/1.1" 200 304916
186.145.75.195 - - [06/Mar/2019:00:21:59 -0500] "GET /galeria/nivo-slider/demo/images/BANNER%20punto.jpg HTTP/1.1" 200 75932
186.145.75.195 - - [06/Mar/2019:00:21:59 -0500] "GET /galeria/nivo-slider/demo/images/bannerlumina2017web.jpg HTTP/1.1" 200 198918
186.145.75.195 - - [06/Mar/2019:00:22:01 -0500] "GET /galeria/nivo-slider/demo/images/banner-bolsas-plasticas.jpg HTTP/1.1" 200 317939
186.145.75.195 - - [06/Mar/2019:00:22:02 -0500] "GET /galeria/nivo-slider/demo/images/web%20ingreso%20humedales.png HTTP/1.1" 200 641193
186.145.75.195 - - [06/Mar/2019:00:22:02 -0500] "GET /galeria/nivo-slider/demo/images/Pot_banner.jpg HTTP/1.1" 200 204736
186.145.75.195 - - [06/Mar/2019:00:22:03 -0500] "GET /galeria/nivo-slider/demo/images/Banneranonimos.png HTTP/1.1" 200 109388
186.145.75.195 - - [06/Mar/2019:00:22:03 -0500] "GET /galeria/nivo-slider/demo/images/incendios-forestales.png HTTP/1.1" 200 61469
186.145.75.195 - - [06/Mar/2019:00:22:04 -0500] "GET /galeria/nivo-slider/themes/default/loading.gif HTTP/1.1" 200 1737
186.145.75.195 - - [06/Mar/2019:00:22:05 -0500] "GET /galeria/nivo-slider/demo/images/4Simple_Slider.png HTTP/1.1" 200 11722
186.145.75.195 - - [06/Mar/2019:00:22:09 -0500] "GET /galeria/nivo-slider/themes/default/arrows.png HTTP/1.1" 200 824
186.145.75.195 - - [06/Mar/2019:00:22:09 -0500] "GET /galeria/nivo-slider/themes/default/bullets.png HTTP/1.1" 200 1281
186.154.36.247 - - [06/Mar/2019:00:22:19 -0500] "GET /galeria/galeria/jquery.fancybox.css?v=2.1.5 HTTP/1.1" 200 4895
186.154.36.247 - - [06/Mar/2019:00:22:21 -0500] "GET /BLA/boletinlegal/js/jquery.scrollShow.js HTTP/1.1" 200 4586
186.154.36.247 - - [06/Mar/2019:00:22:21 -0500] "GET /galeria/galeria/jquery.fancybox.js?v=2.1.5 HTTP/1.1" 200 48706
69.162.124.233 - - [06/Mar/2019:00:22:57 -0500] "HEAD / HTTP/1.1" 200 -
192.168.175.104 - - [06/Mar/2019:00:22:58 -0500] "GET / HTTP/1.1" 200 9990
192.168.175.104 - - [06/Mar/2019:00:23:25 -0500] "GET / HTTP/1.0" 200 9990
186.29.182.125 - - [06/Mar/2019:00:23:25 -0500] "GET /galeria/galeria/jquery.fancybox.css?v=2.1.5 HTTP/1.1" 200 4895
186.29.182.125 - - [06/Mar/2019:00:23:25 -0500] "GET /BLA/boletinlegal/js/jquery.scrollShow.js HTTP/1.1" 200 4586
186.29.182.125 - - [06/Mar/2019:00:23:25 -0500] "GET /galeria/galeria/jquery.fancybox.js?v=2.1.5 HTTP/1.1" 200 48706
201.245.192.253 - - [06/Mar/2019:00:23:42 -0500] "GET /galeria/nivo-slider/demo/images/Banner%20Politica%20Publica%20CONPES%20(1).ai HTTP/1.1" 206 1
201.245.192.253 - - [06/Mar/2019:00:23:42 -0500] "GET /galeria/nivo-slider/demo/images/Banner%20Politica%20Publica%20CONPES%20(1).ai HTTP/1.1" 206 1660312
201.245.192.253 - - [06/Mar/2019:00:23:49 -0500] "GET /galeria/nivo-slider/demo/images/Banner%20Politica%20Publica%20CONPES%20(1).ai HTTP/1.1" 206 1
201.245.192.253 - - [06/Mar/2019:00:23:49 -0500] "GET /galeria/nivo-slider/demo/images/Banner%20Politica%20Publica%20CONPES%20(1).ai HTTP/1.1" 206 1644252
201.245.192.253 - - [06/Mar/2019:00:23:52 -0500] "GET /galeria/nivo-slider/demo/images/Banner%20Politica%20Publica%20CONPES%20(1).ai HTTP/1.1" 206 1
201.245.192.253 - - [06/Mar/2019:00:23:52 -0500] "GET /galeria/nivo-slider/demo/images/Banner%20Politica%20Publica%20CONPES%20(1).ai HTTP/1.1" 206 1660312
186.144.30.51 - - [05/Mar/2019:22:43:59 -0500] "POST /sipse/faces/presentacion/financiero/solicitudProceso/consultarSolicitudProceso.xhtml HTTP/1.1" 400 1022
201.245.192.253 - - [06/Mar/2019:00:23:59 -0500] "GET /galeria/nivo-slider/demo/images/Banner%20Politica%20Publica%20CONPES%20(1).ai HTTP/1.1" 206 1
201.245.192.253 - - [06/Mar/2019:00:23:59 -0500] "GET /galeria/nivo-slider/demo/images/Banner%20Politica%20Publica%20CONPES%20(1).ai HTTP/1.1" 206 1644252
66.249.79.156 - - [06/Mar/2019:00:24:15 -0500] "GET /BLA/resoluciones/RESOLUCIONES%202017/3119.pdf HTTP/1.1" 200 306141
190.144.166.61 - - [06/Mar/2019:00:24:18 -0500] "GET /galeria/nivo-slider/demo/images/Banner%20Politica%20Publica%20CONPES%20(1).ai HTTP/1.1" 206 1
190.144.166.61 - - [06/Mar/2019:00:24:28 -0500] "GET /galeria/nivo-slider/demo/images/Banner%20Politica%20Publica%20CONPES%20(1).ai HTTP/1.1" 206 1
181.57.241.121 - - [06/Mar/2019:00:24:30 -0500] "GET /galeria/nivo-slider/demo/demo.html HTTP/1.1" 200 22600
181.57.241.121 - - [06/Mar/2019:00:24:30 -0500] "GET /galeria/nivo-slider/themes/orman/orman.css HTTP/1.1" 200 2152
181.57.241.121 - - [06/Mar/2019:00:24:30 -0500] "GET /galeria/nivo-slider/nivo-slider.css HTTP/1.1" 200 1507
181.57.241.121 - - [06/Mar/2019:00:24:30 -0500] "GET /galeria/nivo-slider/demo/images/Trafico%20de%20fauna.jpg HTTP/1.1" 200 198327
181.57.241.121 - - [06/Mar/2019:00:24:30 -0500] "GET /galeria/nivo-slider/demo/images/Banner%20PGAE.jpg HTTP/1.1" 200 258166
181.57.241.121 - - [06/Mar/2019:00:24:30 -0500] "GET /galeria/nivo-slider/demo/images/Caminatas%20marzo.png HTTP/1.1" 200 661357
181.57.241.121 - - [06/Mar/2019:00:24:30 -0500] "GET /galeria/nivo-slider/demo/images/Banner%20Conpes.jpg HTTP/1.1" 200 55220
181.57.241.121 - - [06/Mar/2019:00:24:30 -0500] "GET /galeria/nivo-slider/demo/images/Banner%20POT.png HTTP/1.1" 200 418238
181.57.241.121 - - [06/Mar/2019:00:24:30 -0500] "GET /galeria/nivo-slider/demo/images/Banner%20practicas%20sostenibles.jpg HTTP/1.1" 304 -
181.57.241.121 - - [06/Mar/2019:00:24:30 -0500] "GET /galeria/nivo-slider/demo/images/incendios-forestales.png HTTP/1.1" 200 61469
181.57.241.121 - - [06/Mar/2019:00:24:31 -0500] "GET /galeria/nivo-slider/demo/images/BANNER%20punto.jpg HTTP/1.1" 200 75932
181.57.241.121 - - [06/Mar/2019:00:24:31 -0500] "GET /galeria/nivo-slider/demo/images/banner%20aceite%20vegetal%20usado.jpg HTTP/1.1" 200 169350
181.57.241.121 - - [06/Mar/2019:00:24:31 -0500] "GET /galeria/nivo-slider/demo/images/banner-bolsas-plasticas.jpg HTTP/1.1" 200 317939
66.249.79.153 - - [06/Mar/2019:00:24:36 -0500] "GET /BLA/resoluciones/RESOLUCIONES%202017/1727.pdf HTTP/1.1" 200 407090
201.245.192.253 - - [06/Mar/2019:00:24:39 -0500] "GET /galeria/nivo-slider/demo/images/Banner%20Politica%20Publica%20CONPES%20(1).ai HTTP/1.1" 206 1
201.245.192.253 - - [06/Mar/2019:00:24:39 -0500] "GET /galeria/nivo-slider/demo/images/Banner%20Politica%20Publica%20CONPES%20(1).ai HTTP/1.1" 206 1644252
201.245.192.253 - - [06/Mar/2019:00:24:44 -0500] "GET /galeria/nivo-slider/demo/images/Banner%20Politica%20Publica%20CONPES%20(1).ai HTTP/1.1" 206 1
66.249.79.153 - - [06/Mar/2019:00:24:46 -0500] "GET /BLA/resoluciones/RESOLUCIONES%202008/4805.pdf HTTP/1.1" 200 388481
201.245.192.253 - - [06/Mar/2019:00:24:49 -0500] "GET /galeria/nivo-slider/demo/images/Banner%20Politica%20Publica%20CONPES%20(1).ai HTTP/1.1" 206 1
201.245.192.253 - - [06/Mar/2019:00:24:49 -0500] "GET /galeria/nivo-slider/demo/images/Banner%20Politica%20Publica%20CONPES%20(1).ai HTTP/1.1" 206 1644252
201.245.192.253 - - [06/Mar/2019:00:24:54 -0500] "GET /galeria/nivo-slider/demo/images/Banner%20Politica%20Publica%20CONPES%20(1).ai HTTP/1.1" 206 1
201.245.192.253 - - [06/Mar/2019:00:24:54 -0500] "GET /galeria/nivo-slider/demo/images/Banner%20Politica%20Publica%20CONPES%20(1).ai HTTP/1.1" 206 1644252
181.53.114.44 - - [06/Mar/2019:00:25:04 -0500] "GET /galeria/galeria/jquery.fancybox.css?v=2.1.5 HTTP/1.1" 200 4895
181.53.114.44 - - [06/Mar/2019:00:25:04 -0500] "GET /BLA/boletinlegal/js/jquery.scrollShow.js HTTP/1.1" 200 4586
181.53.114.44 - - [06/Mar/2019:00:25:04 -0500] "GET /galeria/galeria/jquery.fancybox.js?v=2.1.5 HTTP/1.1" 200 48706
66.249.79.153 - - [06/Mar/2019:00:25:06 -0500] "GET /BLA/resoluciones/RESOLUCIONES%202011/2144.pdf HTTP/1.1" 200 515983
66.249.79.153 - - [06/Mar/2019:00:25:16 -0500] "GET /BLA/resoluciones/AUTOS%202018/1126.pdf HTTP/1.1" 200 337126
66.249.79.155 - - [06/Mar/2019:00:25:26 -0500] "GET /BLA/resoluciones/AUTOS%202018/0489.pdf HTTP/1.1" 200 339169
66.249.79.153 - - [06/Mar/2019:00:25:37 -0500] "GET /BLA/resoluciones/AUTOS%202017/2496.pdf HTTP/1.1" 200 222018
66.249.79.153 - - [06/Mar/2019:00:25:46 -0500] "GET /BLA/resoluciones/AUTOS%202018/1280.pdf HTTP/1.1" 200 694937
201.245.192.253 - - [06/Mar/2019:00:25:47 -0500] "GET /galeria/nivo-slider/demo/images/Banner%20Politica%20Publica%20CONPES%20(1).ai HTTP/1.1" 206 1
201.245.192.253 - - [06/Mar/2019:00:25:47 -0500] "GET /galeria/nivo-slider/demo/images/Banner%20Politica%20Publica%20CONPES%20(1).ai HTTP/1.1" 206 1644252
201.245.192.253 - - [06/Mar/2019:00:25:57 -0500] "GET /galeria/nivo-slider/demo/images/Banner%20Politica%20Publica%20CONPES%20(1).ai HTTP/1.1" 206 1
201.245.192.253 - - [06/Mar/2019:00:25:57 -0500] "GET /galeria/nivo-slider/demo/images/Banner%20Politica%20Publica%20CONPES%20(1).ai HTTP/1.1" 206 1644252
66.249.79.155 - - [06/Mar/2019:00:25:57 -0500] "GET /Publicaciones/2018EE282862.pdf HTTP/1.1" 503 1020
66.249.79.153 - - [06/Mar/2019:00:26:07 -0500] "GET /BLA/resoluciones/AUTOS%202017/1130.pdf HTTP/1.1" 200 279230
179.32.118.5 - - [06/Mar/2019:00:26:31 -0500] "GET /BLA/resoluciones/RESOLUCIONES%202018/3482.pdf HTTP/1.1" 200 416138
66.249.79.153 - - [06/Mar/2019:00:26:37 -0500] "GET /BLA/resoluciones/AUTOS%202017/0654.pdf HTTP/1.1" 200 1601630
66.249.79.153 - - [06/Mar/2019:00:26:47 -0500] "GET /BLA/resoluciones/RESOLUCIONES%202014/0065.pdf HTTP/1.1" 200 468684
187.226.168.45 - - [06/Mar/2019:00:26:48 -0500] "GET /galeria/galeria/fotos/micos7G.jpg HTTP/1.1" 200 225263
130.211.103.4 - - [06/Mar/2019:00:26:49 -0500] "-" 408 -
187.226.168.45 - - [06/Mar/2019:00:26:57 -0500] "GET /galeria/galeria/fotos/micos7G.jpg HTTP/1.1" 200 225263
181.49.80.165 - - [06/Mar/2019:00:26:57 -0500] "GET /galeria/galeria/jquery.fancybox.css?v=2.1.5 HTTP/1.1" 200 4895
66.249.79.155 - - [06/Mar/2019:00:26:58 -0500] "GET /BLA/resoluciones/AUTOS%202015/4743.pdf HTTP/1.1" 200 229887
181.49.80.165 - - [06/Mar/2019:00:26:59 -0500] "GET /BLA/boletinlegal/js/jquery.scrollShow.js HTTP/1.1" 200 4586
181.49.80.165 - - [06/Mar/2019:00:26:59 -0500] "GET /galeria/galeria/jquery.fancybox.js?v=2.1.5 HTTP/1.1" 200 48706
66.249.79.156 - - [06/Mar/2019:00:27:08 -0500] "GET /BLA/resoluciones/AUTOS%202017/1107.pdf HTTP/1.1" 200 278652
66.249.79.155 - - [06/Mar/2019:00:27:18 -0500] "GET /BLA/resoluciones/AUTOS%202017/1309.pdf HTTP/1.1" 200 1856413
66.249.88.93 - - [06/Mar/2019:00:27:23 -0500] "GET /galeria/galeria/jquery.fancybox.css?v=2.1.5 HTTP/1.1" 200 4895
66.249.88.93 - - [06/Mar/2019:00:27:23 -0500] "GET /BLA/boletinlegal/js/jquery.scrollShow.js HTTP/1.1" 200 4586
66.249.88.93 - - [06/Mar/2019:00:27:23 -0500] "GET /galeria/galeria/jquery.fancybox.js?v=2.1.5 HTTP/1.1" 200 48706
66.249.88.91 - - [06/Mar/2019:00:27:23 -0500] "GET /galeria/carrusel/Carrusel/jquery.thumbnailScroller.css HTTP/1.1" 200 2066
66.249.88.89 - - [06/Mar/2019:00:27:23 -0500] "GET /galeria/carrusel/Carrusel/jquery-ui-1.8.13.custom.min.js HTTP/1.1" 200 10800
66.249.88.89 - - [06/Mar/2019:00:27:23 -0500] "GET /galeria/carrusel/Carrusel/jquery.thumbnailScroller.js HTTP/1.1" 200 8157
66.249.88.89 - - [06/Mar/2019:00:27:23 -0500] "GET /galeria/nivo-slider/demo/demo.html HTTP/1.1" 200 22600
66.249.88.91 - - [06/Mar/2019:00:27:25 -0500] "GET /galeria/nivo-slider/themes/default/default.css HTTP/1.1" 200 1569
66.249.88.89 - - [06/Mar/2019:00:27:25 -0500] "GET /galeria/nivo-slider/demo/images/Trafico%20de%20fauna.jpg HTTP/1.1" 200 198327
66.249.88.93 - - [06/Mar/2019:00:27:25 -0500] "GET /galeria/nivo-slider/themes/pascal/pascal.css HTTP/1.1" 200 2258
66.249.88.93 - - [06/Mar/2019:00:27:25 -0500] "GET /galeria/nivo-slider/demo/scripts/jquery-1.7.1.min.js HTTP/1.1" 200 93868
66.249.88.91 - - [06/Mar/2019:00:27:25 -0500] "GET /galeria/nivo-slider/nivo-slider.css HTTP/1.1" 200 1507
66.249.88.91 - - [06/Mar/2019:00:27:25 -0500] "GET /galeria/nivo-slider/themes/orman/orman.css HTTP/1.1" 200 2152
66.249.88.91 - - [06/Mar/2019:00:27:25 -0500] "GET /galeria/nivo-slider/demo/style.css HTTP/1.1" 200 2222
66.249.88.93 - - [06/Mar/2019:00:27:25 -0500] "GET /galeria/nivo-slider/jquery.nivo.slider.pack.js HTTP/1.1" 200 11561
66.249.88.91 - - [06/Mar/2019:00:27:25 -0500] "GET /galeria/nivo-slider/demo/images/Bannerweb_Tinguas.jpg HTTP/1.1" 200 258471
66.249.88.91 - - [06/Mar/2019:00:27:25 -0500] "GET /galeria/nivo-slider/demo/images/Banner%20PGAE.jpg HTTP/1.1" 200 258166
66.249.88.93 - - [06/Mar/2019:00:27:25 -0500] "GET /galeria/nivo-slider/demo/images/Caminatas%20marzo.png HTTP/1.1" 200 661357
66.249.88.89 - - [06/Mar/2019:00:27:25 -0500] "GET /galeria/nivo-slider/demo/images/Banner%20Conpes.jpg HTTP/1.1" 200 55220
66.249.88.91 - - [06/Mar/2019:00:27:25 -0500] "GET /galeria/nivo-slider/demo/images/Banner%20practicas%20sostenibles.jpg HTTP/1.1" 200 142958
66.249.88.93 - - [06/Mar/2019:00:27:25 -0500] "GET /galeria/nivo-slider/demo/images/Banner%20POT.png HTTP/1.1" 200 418238
66.249.88.89 - - [06/Mar/2019:00:27:26 -0500] "GET /galeria/nivo-slider/demo/images/incendios-forestales.png HTTP/1.1" 200 61469
66.249.88.93 - - [06/Mar/2019:00:27:26 -0500] "GET /galeria/nivo-slider/demo/images/4Simple_Slider.png HTTP/1.1" 200 11722
66.249.88.91 - - [06/Mar/2019:00:27:26 -0500] "GET /galeria/nivo-slider/themes/default/loading.gif HTTP/1.1" 200 1737
66.249.88.89 - - [06/Mar/2019:00:27:26 -0500] "GET /galeria/nivo-slider/demo/images/Pot_banner.jpg HTTP/1.1" 200 204736
66.249.88.91 - - [06/Mar/2019:00:27:26 -0500] "GET /galeria/nivo-slider/demo/images/BANNER%20punto.jpg HTTP/1.1" 200 75932
66.249.88.91 - - [06/Mar/2019:00:27:27 -0500] "GET /galeria/nivo-slider/demo/images/Banneranonimos.png HTTP/1.1" 200 109388
66.249.88.93 - - [06/Mar/2019:00:27:27 -0500] "GET /galeria/nivo-slider/demo/images/web%20ingreso%20humedales.png HTTP/1.1" 200 641193
66.249.88.93 - - [06/Mar/2019:00:27:27 -0500] "GET /galeria/nivo-slider/demo/images/gobierno%20digital-01.jpg HTTP/1.1" 200 116163
66.249.88.89 - - [06/Mar/2019:00:27:27 -0500] "GET /galeria/nivo-slider/demo/images/Banner_micrositio.png HTTP/1.1" 200 146950
66.249.88.93 - - [06/Mar/2019:00:27:27 -0500] "GET /galeria/nivo-slider/demo/images/Otorgamiento-excelencia-ambiental-Jos%C3%A9-Celestino-Mutis-2.jpg HTTP/1.1" 200 276467
66.249.88.93 - - [06/Mar/2019:00:27:27 -0500] "GET /galeria/nivo-slider/demo/images/avances-sentencias-rio-bogota-2.jpg HTTP/1.1" 200 304916
66.249.79.155 - - [06/Mar/2019:00:27:28 -0500] "GET /BLA/resoluciones/AUTOS%202017/0921.pdf HTTP/1.1" 200 968491
66.249.88.93 - - [06/Mar/2019:00:27:29 -0500] "GET /galeria/nivo-slider/demo/images/BANNER%20VAN%20DER%20HAMMEN.jpg HTTP/1.1" 200 64172
66.249.88.91 - - [06/Mar/2019:00:27:29 -0500] "GET /galeria/nivo-slider/demo/images/banner-humedales-de-bogota.jpg HTTP/1.1" 200 292611
66.249.88.91 - - [06/Mar/2019:00:27:29 -0500] "GET /galeria/nivo-slider/demo/images/maximavelocidad.png HTTP/1.1" 200 880272
66.249.88.91 - - [06/Mar/2019:00:27:29 -0500] "GET /galeria/nivo-slider/demo/images/bannerlumina2017web.jpg HTTP/1.1" 200 198918
66.249.88.91 - - [06/Mar/2019:00:27:29 -0500] "GET /galeria/nivo-slider/demo/images/banner%20aceite%20vegetal%20usado.jpg HTTP/1.1" 200 169350
66.249.88.93 - - [06/Mar/2019:00:27:29 -0500] "GET /galeria/nivo-slider/demo/images/banner-bolsas-plasticas.jpg HTTP/1.1" 200 317939
66.249.88.91 - - [06/Mar/2019:00:27:32 -0500] "GET /galeria/nivo-slider/themes/default/arrows.png HTTP/1.1" 200 824
66.249.88.93 - - [06/Mar/2019:00:27:32 -0500] "GET /galeria/nivo-slider/themes/default/bullets.png HTTP/1.1" 200 1281
207.46.13.100 - - [06/Mar/2019:00:27:34 -0500] "GET /POT-2013/Cartografia/19_Sistema%20de%20Acueducto_FEB.pdf HTTP/1.1" 200 4239798
157.55.39.19 - - [06/Mar/2019:00:27:35 -0500] "GET /robots.txt HTTP/1.1" 404 1019
66.249.79.156 - - [06/Mar/2019:00:27:38 -0500] "GET /BLA/resoluciones/AUTOS%202017/3231.pdf HTTP/1.1" 200 1401944
66.249.79.153 - - [06/Mar/2019:00:27:48 -0500] "GET /BLA/resoluciones/AUTOS%202018/0227.pdf HTTP/1.1" 200 250492
201.245.192.253 - - [06/Mar/2019:00:27:49 -0500] "GET /galeria/nivo-slider/demo/images/Banner%20Politica%20Publica%20CONPES%20(1).ai HTTP/1.1" 206 1
201.245.192.253 - - [06/Mar/2019:00:27:49 -0500] "GET /galeria/nivo-slider/demo/images/Banner%20Politica%20Publica%20CONPES%20(1).ai HTTP/1.1" 206 1644252
201.245.192.253 - - [06/Mar/2019:00:27:52 -0500] "GET /galeria/nivo-slider/demo/images/Banner%20Politica%20Publica%20CONPES%20(1).ai HTTP/1.1" 206 1
201.245.192.253 - - [06/Mar/2019:00:27:52 -0500] "GET /galeria/nivo-slider/demo/images/Banner%20Politica%20Publica%20CONPES%20(1).ai HTTP/1.1" 206 1660312
192.168.175.104 - - [06/Mar/2019:00:27:57 -0500] "GET / HTTP/1.1" 200 9990
69.162.124.233 - - [06/Mar/2019:00:27:57 -0500] "HEAD / HTTP/1.1" 200 -
66.249.79.153 - - [06/Mar/2019:00:27:58 -0500] "GET /BLA/resoluciones/RESOLUCIONES%202017/2247.pdf HTTP/1.1" 200 304632
181.49.66.26 - - [06/Mar/2019:00:27:58 -0500] "POST /sipse/faces/presentacion/financiero/solicitudProceso/consultarSolicitudProceso.xhtml HTTP/1.1" 200 40661
181.49.66.26 - - [06/Mar/2019:00:27:58 -0500] "GET /sipse/faces/javax.faces.resource/theme.css?ln=primefaces-sipse HTTP/1.1" 304 -
181.49.66.26 - - [06/Mar/2019:00:27:58 -0500] "GET /sipse/faces/javax.faces.resource/layout/layout.css?ln=primefaces&v=4.0 HTTP/1.1" 304 -
181.49.66.26 - - [06/Mar/2019:00:27:58 -0500] "GET /sipse/faces/javax.faces.resource/primefaces.css?ln=primefaces&v=4.0 HTTP/1.1" 304 -
181.49.66.26 - - [06/Mar/2019:00:27:58 -0500] "GET /sipse/faces/javax.faces.resource/jquery/jquery.js?ln=primefaces&v=4.0 HTTP/1.1" 304 -
181.49.66.26 - - [06/Mar/2019:00:27:59 -0500] "GET /sipse/faces/javax.faces.resource/jquery/jquery-plugins.js?ln=primefaces&v=4.0 HTTP/1.1" 304 -
181.49.66.26 - - [06/Mar/2019:00:27:59 -0500] "GET /sipse/faces/javax.faces.resource/primefaces.js?ln=primefaces&v=4.0 HTTP/1.1" 304 -
181.49.66.26 - - [06/Mar/2019:00:27:59 -0500] "GET /sipse/faces/javax.faces.resource/layout/layout.js?ln=primefaces&v=4.0 HTTP/1.1" 304 -
181.49.66.26 - - [06/Mar/2019:00:27:59 -0500] "POST /sipse/faces/presentacion/financiero/solicitudProceso/consultar.xhtml HTTP/1.1" 200 33942
181.49.66.26 - - [06/Mar/2019:00:27:59 -0500] "GET /sipse/css/imagen/contrasena.png HTTP/1.1" 404 383
201.245.192.253 - - [06/Mar/2019:00:27:59 -0500] "GET /galeria/nivo-slider/demo/images/Banner%20Politica%20Publica%20CONPES%20(1).ai HTTP/1.1" 206 1
201.245.192.253 - - [06/Mar/2019:00:27:59 -0500] "GET /galeria/nivo-slider/demo/images/Banner%20Politica%20Publica%20CONPES%20(1).ai HTTP/1.1" 206 1644252
181.49.66.26 - - [06/Mar/2019:00:28:00 -0500] "POST /sipse/faces/presentacion/financiero/solicitudProceso/consultar.xhtml HTTP/1.1" 200 33942
181.49.66.26 - - [06/Mar/2019:00:28:00 -0500] "POST /sipse/faces/presentacion/financiero/solicitudProceso/consultar.xhtml HTTP/1.1" 200 33942
181.49.66.26 - - [06/Mar/2019:00:28:00 -0500] "POST /sipse/faces/presentacion/financiero/solicitudProceso/consultar.xhtml HTTP/1.1" 200 33942
181.49.66.26 - - [06/Mar/2019:00:28:01 -0500] "POST /sipse/faces/presentacion/financiero/solicitudProceso/consultar.xhtml HTTP/1.1" 200 33942
181.49.66.26 - - [06/Mar/2019:00:28:01 -0500] "POST /sipse/faces/presentacion/financiero/solicitudProceso/consultar.xhtml HTTP/1.1" 200 33942
181.49.66.26 - - [06/Mar/2019:00:28:01 -0500] "POST /sipse/faces/presentacion/financiero/solicitudProceso/consultar.xhtml HTTP/1.1" 200 33942
201.245.192.253 - - [06/Mar/2019:00:28:02 -0500] "GET /galeria/nivo-slider/demo/images/Banner%20Politica%20Publica%20CONPES%20(1).ai HTTP/1.1" 206 1
201.245.192.253 - - [06/Mar/2019:00:28:02 -0500] "GET /galeria/nivo-slider/demo/images/Banner%20Politica%20Publica%20CONPES%20(1).ai HTTP/1.1" 206 1660312
181.49.66.26 - - [06/Mar/2019:00:28:02 -0500] "POST /sipse/faces/presentacion/financiero/solicitudProceso/consultar.xhtml HTTP/1.1" 200 33942
181.49.66.26 - - [06/Mar/2019:00:28:02 -0500] "POST /sipse/faces/presentacion/financiero/solicitudProceso/consultar.xhtml HTTP/1.1" 200 33942
181.49.66.26 - - [06/Mar/2019:00:28:03 -0500] "POST /sipse/faces/presentacion/financiero/solicitudProceso/consultar.xhtml HTTP/1.1" 200 33942
181.49.66.26 - - [06/Mar/2019:00:28:03 -0500] "POST /sipse/faces/presentacion/financiero/solicitudProceso/consultar.xhtml HTTP/1.1" 200 33942
181.49.66.26 - - [06/Mar/2019:00:28:04 -0500] "POST /sipse/faces/presentacion/financiero/solicitudProceso/consultar.xhtml HTTP/1.1" 200 33942
181.49.66.26 - - [06/Mar/2019:00:28:04 -0500] "POST /sipse/faces/presentacion/financiero/solicitudProceso/consultar.xhtml HTTP/1.1" 200 33942
181.49.66.26 - - [06/Mar/2019:00:28:04 -0500] "POST /sipse/faces/presentacion/financiero/solicitudProceso/consultar.xhtml HTTP/1.1" 200 33942
181.49.66.26 - - [06/Mar/2019:00:28:05 -0500] "POST /sipse/faces/presentacion/financiero/solicitudProceso/consultar.xhtml HTTP/1.1" 200 33942
181.49.66.26 - - [06/Mar/2019:00:28:05 -0500] "POST /sipse/faces/presentacion/financiero/solicitudProceso/consultar.xhtml HTTP/1.1" 200 33942
181.49.66.26 - - [06/Mar/2019:00:28:05 -0500] "POST /sipse/faces/presentacion/financiero/solicitudProceso/consultar.xhtml HTTP/1.1" 200 33942
181.49.66.26 - - [06/Mar/2019:00:28:05 -0500] "POST /sipse/faces/presentacion/financiero/solicitudProceso/consultar.xhtml HTTP/1.1" 200 33942
181.49.66.26 - - [06/Mar/2019:00:28:06 -0500] "POST /sipse/faces/presentacion/financiero/solicitudProceso/consultar.xhtml HTTP/1.1" 200 33942
181.49.66.26 - - [06/Mar/2019:00:28:06 -0500] "POST /sipse/faces/presentacion/financiero/solicitudProceso/consultar.xhtml HTTP/1.1" 200 33942
181.49.66.26 - - [06/Mar/2019:00:28:06 -0500] "POST /sipse/faces/presentacion/financiero/solicitudProceso/consultar.xhtml HTTP/1.1" 200 33942
181.49.66.26 - - [06/Mar/2019:00:28:07 -0500] "POST /sipse/faces/presentacion/financiero/solicitudProceso/consultar.xhtml HTTP/1.1" 200 33942
181.49.66.26 - - [06/Mar/2019:00:28:07 -0500] "POST /sipse/faces/presentacion/financiero/solicitudProceso/consultar.xhtml HTTP/1.1" 200 33942
181.49.66.26 - - [06/Mar/2019:00:28:07 -0500] "POST /sipse/faces/presentacion/financiero/solicitudProceso/consultar.xhtml HTTP/1.1" 200 33942
157.55.39.63 - - [06/Mar/2019:00:28:07 -0500] "GET /Anexos%20estudio%20Organizacional%20SDA/ANEXO%20No.%201-%20NORMAS%20LEGALES%20DE%20ESTRUCTURA%20Y%20PLANTA/Ley%2099%20de%201993%20-%20Crea%20MimAmbiente.htm HTTP/1.1" 200 525976
181.49.66.26 - - [06/Mar/2019:00:28:07 -0500] "POST /sipse/faces/presentacion/financiero/solicitudProceso/consultar.xhtml HTTP/1.1" 200 33942
181.49.66.26 - - [06/Mar/2019:00:28:08 -0500] "POST /sipse/faces/presentacion/financiero/solicitudProceso/consultar.xhtml HTTP/1.1" 200 33942
181.49.66.26 - - [06/Mar/2019:00:28:08 -0500] "POST /sipse/faces/presentacion/financiero/solicitudProceso/consultar.xhtml HTTP/1.1" 200 33942
66.249.79.153 - - [06/Mar/2019:00:28:08 -0500] "GET /BLA/resoluciones/RESOLUCIONES%202011/3331.pdf HTTP/1.1" 200 796706
181.49.66.26 - - [06/Mar/2019:00:28:09 -0500] "POST /sipse/faces/presentacion/financiero/solicitudProceso/consultar.xhtml HTTP/1.1" 200 33942
157.55.39.63 - - [06/Mar/2019:00:28:12 -0500] "GET /pot4.htm HTTP/1.1" 404 1019
157.55.39.63 - - [06/Mar/2019:00:28:12 -0500] "GET /Anexos%20estudio%20Organizacional%20SDA/index.php?dir=ANEXO%20No.%201-%20NORMAS%20LEGALES%20DE%20ESTRUCTURA%20Y%20PLANTA/Acuerdo%209%20de%201990%20Concejo%20de%20Bogot\xc3\x83??\xc3\x83?\xc3\x82\xc2\xa1._files/&sort=size&order=desc HTTP/1.1" 200 6374
157.55.39.63 - - [06/Mar/2019:00:28:12 -0500] "GET /pot?C=D;O=A HTTP/1.1" 404 1019
157.55.39.63 - - [06/Mar/2019:00:28:12 -0500] "GET /gracias.html HTTP/1.1" 404 1019
157.55.39.63 - - [06/Mar/2019:00:28:12 -0500] "GET /pot.htm HTTP/1.1" 404 1019
157.55.39.63 - - [06/Mar/2019:00:28:13 -0500] "GET /pot10.htm HTTP/1.1" 404 1019
157.55.39.63 - - [06/Mar/2019:00:28:13 -0500] "GET /pot/pot.htm HTTP/1.1" 404 1019
157.55.39.63 - - [06/Mar/2019:00:28:13 -0500] "GET /Anexos%20estudio%20Organizacional%20SDA/ANEXO%20No.%201-%20NORMAS%20LEGALES%20DE%20ESTRUCTURA%20Y%20PLANTA/Decreto%20175%20de%202009%20.htm HTTP/1.1" 200 53743
181.49.66.26 - - [06/Mar/2019:00:28:13 -0500] "POST /sipse/faces/presentacion/financiero/solicitudProceso/consultar.xhtml HTTP/1.1" 200 12877
157.55.39.63 - - [06/Mar/2019:00:28:13 -0500] "GET /ruido HTTP/1.1" 404 1019
157.55.39.63 - - [06/Mar/2019:00:28:13 -0500] "GET /pot2.htm HTTP/1.1" 404 1019
181.49.66.26 - - [06/Mar/2019:00:28:16 -0500] "POST /sipse/faces/presentacion/financiero/solicitudProceso/consultar.xhtml HTTP/1.1" 200 121889
181.49.66.26 - - [06/Mar/2019:00:28:17 -0500] "GET /sipse/faces/javax.faces.resource/theme.css?ln=primefaces-sipse HTTP/1.1" 304 -
181.49.66.26 - - [06/Mar/2019:00:28:17 -0500] "GET /sipse/faces/javax.faces.resource/primefaces.css?ln=primefaces&v=4.0 HTTP/1.1" 304 -
181.49.66.26 - - [06/Mar/2019:00:28:17 -0500] "GET /sipse/faces/javax.faces.resource/layout/layout.css?ln=primefaces&v=4.0 HTTP/1.1" 304 -
181.49.66.26 - - [06/Mar/2019:00:28:17 -0500] "GET /sipse/faces/javax.faces.resource/jquery/jquery.js?ln=primefaces&v=4.0 HTTP/1.1" 304 -
181.49.66.26 - - [06/Mar/2019:00:28:17 -0500] "GET /sipse/faces/javax.faces.resource/jquery/jquery-plugins.js?ln=primefaces&v=4.0 HTTP/1.1" 304 -
181.49.66.26 - - [06/Mar/2019:00:28:17 -0500] "GET /sipse/faces/javax.faces.resource/primefaces.js?ln=primefaces&v=4.0 HTTP/1.1" 304 -
181.49.66.26 - - [06/Mar/2019:00:28:17 -0500] "GET /sipse/faces/javax.faces.resource/layout/layout.js?ln=primefaces&v=4.0 HTTP/1.1" 304 -
181.49.66.26 - - [06/Mar/2019:00:28:17 -0500] "GET /sipse/css/imagen/contrasena.png HTTP/1.1" 404 383
181.49.66.26 - - [06/Mar/2019:00:28:17 -0500] "GET /reportes_sipse/sdg/ServletReporte?reporte=no_hay&solicitud=6420&pfdrid_c=false HTTP/1.1" 200 32165
66.249.79.153 - - [06/Mar/2019:00:28:19 -0500] "GET /BLA/resoluciones/RESOLUCIONES%202017/2310.pdf HTTP/1.1" 200 304002
192.168.175.104 - - [06/Mar/2019:00:28:23 -0500] "GET / HTTP/1.0" 200 9990
190.144.166.61 - - [06/Mar/2019:00:28:28 -0500] "GET /galeria/nivo-slider/demo/images/Banner%20Politica%20Publica%20CONPES%20(1).ai HTTP/1.1" 206 1
66.249.79.153 - - [06/Mar/2019:00:28:29 -0500] "GET /BLA/resoluciones/AUTOS%202017/3024.pdf HTTP/1.1" 200 331115
190.144.166.61 - - [06/Mar/2019:00:28:38 -0500] "GET /galeria/nivo-slider/demo/images/Banner%20Politica%20Publica%20CONPES%20(1).ai HTTP/1.1" 206 1
157.55.39.120 - - [06/Mar/2019:00:28:38 -0500] "GET /pot6.htm HTTP/1.1" 404 1019
157.55.39.120 - - [06/Mar/2019:00:28:38 -0500] "GET /pot12.htm HTTP/1.1" 404 1019
157.55.39.120 - - [06/Mar/2019:00:28:38 -0500] "GET /pot14.htm HTTP/1.1" 404 1019
157.55.39.120 - - [06/Mar/2019:00:28:38 -0500] "GET /dama.php HTTP/1.1" 404 1019
157.55.39.120 - - [06/Mar/2019:00:28:38 -0500] "GET /ial/ial.htm HTTP/1.1" 404 1019
157.55.39.120 - - [06/Mar/2019:00:28:38 -0500] "GET /Anexos%20estudio%20Organizacional%20SDA/ANEXO%20No.%201-%20NORMAS%20LEGALES%20DE%20ESTRUCTURA%20Y%20PLANTA/Acuerdo%20257%20de%202006%20-%20Estructura%20organizaci%C3%B3n%20y%20funcionamiento%20de%20la%20Adm.%20Distrital.jsp.htm HTTP/1.1" 200 190600
66.249.79.153 - - [06/Mar/2019:00:28:39 -0500] "GET /BLA/resoluciones/AUTOS%202017/1463.pdf HTTP/1.1" 200 314362
201.245.192.253 - - [06/Mar/2019:00:28:39 -0500] "GET /galeria/nivo-slider/demo/images/Banner%20Politica%20Publica%20CONPES%20(1).ai HTTP/1.1" 206 1
201.245.192.253 - - [06/Mar/2019:00:28:39 -0500] "GET /galeria/nivo-slider/demo/images/Banner%20Politica%20Publica%20CONPES%20(1).ai HTTP/1.1" 206 1644252
157.55.39.120 - - [06/Mar/2019:00:28:39 -0500] "GET /videos/?C=N;O=D HTTP/1.1" 200 51095
157.55.39.120 - - [06/Mar/2019:00:28:40 -0500] "GET /t_blank HTTP/1.1" 404 1019
157.55.39.120 - - [06/Mar/2019:00:28:40 -0500] "GET /Anexos%20estudio%20Organizacional%20SDA/ANEXO%20No.%201-%20NORMAS%20LEGALES%20DE%20ESTRUCTURA%20Y%20PLANTA/Decreto%20175%20de%202009.htm HTTP/1.1" 200 53727
157.55.39.120 - - [06/Mar/2019:00:28:40 -0500] "GET /Autoliquidacion/index.php?dir=TR%C1MITES+AGUAS+SUBTERR%C1NEAS%2F126PM04-PR94-SOLICITUD+MODIFICACI%D2N+CONCESI%D3N+AGUAS+SUBTERR%C1NEAS%2F HTTP/1.1" 200 3078
186.84.89.141 - - [06/Mar/2019:00:28:47 -0500] "-" 408 -
186.84.89.141 - - [06/Mar/2019:00:28:47 -0500] "-" 408 -
66.249.79.155 - - [06/Mar/2019:00:28:49 -0500] "GET /BLA/resoluciones/RESOLUCIONES%202017/3251.pdf HTTP/1.1" 200 284421
201.245.192.253 - - [06/Mar/2019:00:28:49 -0500] "GET /galeria/nivo-slider/demo/images/Banner%20Politica%20Publica%20CONPES%20(1).ai HTTP/1.1" 206 1
201.245.192.253 - - [06/Mar/2019:00:28:49 -0500] "GET /galeria/nivo-slider/demo/images/Banner%20Politica%20Publica%20CONPES%20(1).ai HTTP/1.1" 206 1644252
207.46.13.100 - - [06/Mar/2019:00:28:51 -0500] "GET /Anexos%20estudio%20Organizacional%20SDA/ANEXO%20No.%201-%20NORMAS%20LEGALES%20DE%20ESTRUCTURA%20Y%20PLANTA/Decreto%20673%20de%201995%20Reestructura%20el%20DAMA.htm HTTP/1.1" 200 59971
207.46.13.100 - - [06/Mar/2019:00:28:53 -0500] "GET /pot11.htm HTTP/1.1" 404 1019
207.46.13.100 - - [06/Mar/2019:00:28:54 -0500] "GET /Anexos%20estudio%20Organizacional%20SDA/index.php?dir=ANEXO%20No.%201-%20NORMAS%20LEGALES%20DE%20ESTRUCTURA%20Y%20PLANTA/Acuerdo%209%20de%201990%20Concejo%20de%20Bogot\xc3\x83??\xc3\x83?\xc3\x82\xc2\xa1._files/&sort=size&order=asc HTTP/1.1" 200 6375
201.245.192.253 - - [06/Mar/2019:00:28:54 -0500] "GET /galeria/nivo-slider/demo/images/Banner%20Politica%20Publica%20CONPES%20(1).ai HTTP/1.1" 206 1
201.245.192.253 - - [06/Mar/2019:00:28:54 -0500] "GET /galeria/nivo-slider/demo/images/Banner%20Politica%20Publica%20CONPES%20(1).ai HTTP/1.1" 206 1644252
207.46.13.100 - - [06/Mar/2019:00:28:55 -0500] "GET /pot3.htm HTTP/1.1" 404 1019
207.46.13.100 - - [06/Mar/2019:00:28:56 -0500] "GET /Autoliquidacion/TR%C3%81MITES%20AGUAS%20SUBTERR%C3%81NEAS/Aplicativo.html HTTP/1.1" 200 359
207.46.13.100 - - [06/Mar/2019:00:28:56 -0500] "GET /Autoliquidacion/TR%C3%81MITES%20AGUAS%20SUBTERR%C3%81NEAS/Formato%20toma%20de%20niveles.doc HTTP/1.1" 200 830976
207.46.13.100 - - [06/Mar/2019:00:28:57 -0500] "GET /actuali- HTTP/1.1" 404 1019
207.46.13.100 - - [06/Mar/2019:00:28:57 -0500] "GET /pot5.htm HTTP/1.1" 404 1019
207.46.13.100 - - [06/Mar/2019:00:28:57 -0500] "GET /Autoliquidacion/index.php?dir=TR%C1MITES+AGUAS+SUBTERR%C1NEAS%2F126PM04-PR93-PR%D3RROGA+CONCESI%D3N+AGUAS+SUBTERR%C1NEAS%2F HTTP/1.1" 200 2856
66.249.79.155 - - [06/Mar/2019:00:28:59 -0500] "GET /BLA/resoluciones/AUTOS%202017/2485.pdf HTTP/1.1" 200 265561
66.249.79.155 - - [06/Mar/2019:00:29:04 -0500] "GET /BLA/resoluciones/RESOLUCIONES%202008/3463.pdf HTTP/1.1" 200 396153
201.245.192.253 - - [06/Mar/2019:00:29:04 -0500] "GET /galeria/nivo-slider/demo/images/Banner%20Politica%20Publica%20CONPES%20(1).ai HTTP/1.1" 206 1
201.245.192.253 - - [06/Mar/2019:00:29:04 -0500] "GET /galeria/nivo-slider/demo/images/Banner%20Politica%20Publica%20CONPES%20(1).ai HTTP/1.1" 206 1644252
66.249.79.156 - - [06/Mar/2019:00:29:09 -0500] "GET /BLA/resoluciones/Notificaciones/AUTOS%202017/00822.pdf HTTP/1.1" 200 1413946
66.249.79.153 - - [06/Mar/2019:00:29:19 -0500] "GET /BLA/resoluciones/AUTOS%202017/2572.pdf HTTP/1.1" 200 278052
40.77.188.146 - - [06/Mar/2019:00:29:28 -0500] "GET /catalogoisis/imagenes/br1c2.gif HTTP/1.1" 200 297
40.77.189.176 - - [06/Mar/2019:00:29:29 -0500] "GET /catalogoisis/imagenes/br2c1.gif HTTP/1.1" 200 297
40.77.188.129 - - [06/Mar/2019:00:29:29 -0500] "GET /catalogoisis/imagenes/br2c2.gif HTTP/1.1" 200 302
40.77.189.176 - - [06/Mar/2019:00:29:30 -0500] "GET /catalogoisis/imagenes/br2c3.gif HTTP/1.1" 200 416
66.249.79.155 - - [06/Mar/2019:00:29:30 -0500] "GET /BLA/resoluciones/AUTOS%202017/0404.pdf HTTP/1.1" 200 273262
66.249.79.155 - - [06/Mar/2019:00:29:40 -0500] "GET /BLA/resoluciones/RESOLUCIONES%202017/2686.pdf HTTP/1.1" 200 279004
66.249.79.153 - - [06/Mar/2019:00:29:50 -0500] "GET /BLA/resoluciones/AUTOS%202017/4061.pdf HTTP/1.1" 200 260947
201.245.192.253 - - [06/Mar/2019:00:29:57 -0500] "GET /galeria/nivo-slider/demo/images/Banner%20Politica%20Publica%20CONPES%20(1).ai HTTP/1.1" 206 1
201.245.192.253 - - [06/Mar/2019:00:29:57 -0500] "GET /galeria/nivo-slider/demo/images/Banner%20Politica%20Publica%20CONPES%20(1).ai HTTP/1.1" 206 1644252
66.249.79.155 - - [06/Mar/2019:00:30:00 -0500] "GET /BLA/resoluciones/AUTOS%202017/2011.pdf HTTP/1.1" 200 378894
201.245.192.253 - - [06/Mar/2019:00:30:07 -0500] "GET /galeria/nivo-slider/demo/images/Banner%20Politica%20Publica%20CONPES%20(1).ai HTTP/1.1" 206 1
201.245.192.253 - - [06/Mar/2019:00:30:07 -0500] "GET /galeria/nivo-slider/demo/images/Banner%20Politica%20Publica%20CONPES%20(1).ai HTTP/1.1" 206 1644252
66.249.79.153 - - [06/Mar/2019:00:30:10 -0500] "GET /BLA/resoluciones/AUTOS%202017/2811.pdf HTTP/1.1" 200 446347
