66.249.79.155 - - [06/Mar/2019:06:50:17 -0500] "GET /BLA/resoluciones/AUTOS%202018/2857.pdf HTTP/1.1" 200 2378566
191.102.239.13 - - [06/Mar/2019:06:50:18 -0500] "GET /galeria/galeria/jquery.fancybox.css?v=2.1.5 HTTP/1.1" 304 -
191.102.239.13 - - [06/Mar/2019:06:50:18 -0500] "GET /BLA/boletinlegal/js/jquery.scrollShow.js HTTP/1.1" 304 -
191.102.239.13 - - [06/Mar/2019:06:50:18 -0500] "GET /galeria/galeria/jquery.fancybox.js?v=2.1.5 HTTP/1.1" 304 -
191.6.200.102 - - [06/Mar/2019:06:50:22 -0500] "-" 408 -
66.249.79.155 - - [06/Mar/2019:06:50:27 -0500] "GET /BLA/resoluciones/Notificaciones/AUTOS%202017/01380.pdf HTTP/1.1" 200 319419
192.168.175.104 - - [06/Mar/2019:06:50:29 -0500] "GET / HTTP/1.1" 200 9990
66.249.79.156 - - [06/Mar/2019:06:50:37 -0500] "GET /BLA/resoluciones/AUTOS%202017/2215.pdf HTTP/1.1" 200 656029
191.102.239.13 - - [06/Mar/2019:06:50:40 -0500] "GET /silvicultura/1.pdf HTTP/1.1" 200 334952
191.102.239.13 - - [06/Mar/2019:06:50:40 -0500] "GET /favicon.ico HTTP/1.1" 200 7782
66.249.79.156 - - [06/Mar/2019:06:50:47 -0500] "GET /BLA/resoluciones/AUTOS%202017/5237.pdf HTTP/1.1" 200 741543
192.168.175.104 - - [06/Mar/2019:06:50:55 -0500] "GET / HTTP/1.0" 200 9990
66.249.79.156 - - [06/Mar/2019:06:50:58 -0500] "GET /BLA/resoluciones/RESOLUCIONES%202011/2408.pdf HTTP/1.1" 200 318990
66.249.79.155 - - [06/Mar/2019:06:51:08 -0500] "GET /BLA/resoluciones/AUTOS%202015/6429.pdf HTTP/1.1" 200 298807
201.245.192.253 - - [06/Mar/2019:06:51:11 -0500] "GET /galeria/nivo-slider/demo/images/Banner%20Politica%20Publica%20CONPES%20(1).ai HTTP/1.1" 206 1
201.245.192.253 - - [06/Mar/2019:06:51:11 -0500] "GET /galeria/nivo-slider/demo/images/Banner%20Politica%20Publica%20CONPES%20(1).ai HTTP/1.1" 206 1660312
201.185.102.34 - - [06/Mar/2019:06:51:12 -0500] "GET /BLA/resoluciones/AUTOS%202013/0200.pdf HTTP/1.1" 200 1670029
201.185.102.34 - - [06/Mar/2019:06:51:12 -0500] "GET /favicon.ico HTTP/1.1" 200 7782
66.249.79.153 - - [06/Mar/2019:06:51:18 -0500] "GET /BLA/resoluciones/AUTOS%202018/2998.pdf HTTP/1.1" 200 274171
201.245.192.253 - - [06/Mar/2019:06:51:21 -0500] "GET /galeria/nivo-slider/demo/images/Banner%20Politica%20Publica%20CONPES%20(1).ai HTTP/1.1" 206 1
201.245.192.253 - - [06/Mar/2019:06:51:21 -0500] "GET /galeria/nivo-slider/demo/images/Banner%20Politica%20Publica%20CONPES%20(1).ai HTTP/1.1" 206 1660312
66.249.79.153 - - [06/Mar/2019:06:51:28 -0500] "GET /BLA/resoluciones/AUTOS%202017/2417.pdf HTTP/1.1" 200 318662
66.249.79.153 - - [06/Mar/2019:06:51:38 -0500] "GET /BLA/resoluciones/AUTOS%202018/5632.pdf HTTP/1.1" 200 280091
190.144.166.61 - - [06/Mar/2019:06:51:46 -0500] "GET /galeria/nivo-slider/demo/images/Banner%20Politica%20Publica%20CONPES%20(1).ai HTTP/1.1" 206 1
66.249.79.153 - - [06/Mar/2019:06:51:48 -0500] "GET /BLA/resoluciones/AUTOS%202018/1289.pdf HTTP/1.1" 200 277016
201.245.192.253 - - [06/Mar/2019:06:51:48 -0500] "GET /galeria/nivo-slider/demo/images/Banner%20Politica%20Publica%20CONPES%20(1).ai HTTP/1.1" 206 1
201.245.192.253 - - [06/Mar/2019:06:51:48 -0500] "GET /galeria/nivo-slider/demo/images/Banner%20Politica%20Publica%20CONPES%20(1).ai HTTP/1.1" 206 1644252
190.144.166.61 - - [06/Mar/2019:06:51:56 -0500] "GET /galeria/nivo-slider/demo/images/Banner%20Politica%20Publica%20CONPES%20(1).ai HTTP/1.1" 206 1
201.245.192.253 - - [06/Mar/2019:06:51:58 -0500] "GET /galeria/nivo-slider/demo/images/Banner%20Politica%20Publica%20CONPES%20(1).ai HTTP/1.1" 206 1
201.245.192.253 - - [06/Mar/2019:06:51:58 -0500] "GET /galeria/nivo-slider/demo/images/Banner%20Politica%20Publica%20CONPES%20(1).ai HTTP/1.1" 206 1644252
66.249.79.153 - - [06/Mar/2019:06:51:58 -0500] "GET /BLA/resoluciones/Notificaciones/AUTOS%202017/02422.pdf HTTP/1.1" 200 361227
66.249.79.156 - - [06/Mar/2019:06:52:09 -0500] "GET /BLA/resoluciones/RESOLUCIONES%202014/0259.pdf HTTP/1.1" 200 356630
201.245.192.253 - - [06/Mar/2019:06:52:13 -0500] "GET /galeria/nivo-slider/demo/images/Banner%20Politica%20Publica%20CONPES%20(1).ai HTTP/1.1" 206 1
201.245.192.253 - - [06/Mar/2019:06:52:13 -0500] "GET /galeria/nivo-slider/demo/images/Banner%20Politica%20Publica%20CONPES%20(1).ai HTTP/1.1" 206 1644252
66.249.79.153 - - [06/Mar/2019:06:52:19 -0500] "GET /BLA/resoluciones/Notificaciones/AUTOS%202017/04800.pdf HTTP/1.1" 200 326670
201.245.192.253 - - [06/Mar/2019:06:52:23 -0500] "GET /galeria/nivo-slider/demo/images/Banner%20Politica%20Publica%20CONPES%20(1).ai HTTP/1.1" 206 1
201.245.192.253 - - [06/Mar/2019:06:52:23 -0500] "GET /galeria/nivo-slider/demo/images/Banner%20Politica%20Publica%20CONPES%20(1).ai HTTP/1.1" 206 1644252
45.124.85.125 - - [06/Mar/2019:06:52:29 -0500] "-" 408 -
66.249.79.153 - - [06/Mar/2019:06:52:29 -0500] "GET /BLA/resoluciones/RESOLUCIONES%202014/3892.pdf HTTP/1.1" 200 870774
201.245.192.253 - - [06/Mar/2019:06:52:38 -0500] "GET /galeria/nivo-slider/demo/images/Banner%20Politica%20Publica%20CONPES%20(1).ai HTTP/1.1" 206 1
201.245.192.253 - - [06/Mar/2019:06:52:38 -0500] "GET /galeria/nivo-slider/demo/images/Banner%20Politica%20Publica%20CONPES%20(1).ai HTTP/1.1" 206 1644252
191.102.239.13 - - [06/Mar/2019:06:52:39 -0500] "GET /silvicultura/6.pdf HTTP/1.1" 200 215404
54.36.150.134 - - [06/Mar/2019:06:52:40 -0500] "GET /BLA/resoluciones/AUTOS%202006/AUTOS%202006%20201-300/00000208.tif HTTP/1.1" 200 57300
45.124.85.125 - - [06/Mar/2019:06:52:47 -0500] "-" 408 -
201.245.192.253 - - [06/Mar/2019:06:52:48 -0500] "GET /galeria/nivo-slider/demo/images/Banner%20Politica%20Publica%20CONPES%20(1).ai HTTP/1.1" 206 1
201.245.192.253 - - [06/Mar/2019:06:52:48 -0500] "GET /galeria/nivo-slider/demo/images/Banner%20Politica%20Publica%20CONPES%20(1).ai HTTP/1.1" 206 1644252
45.124.85.125 - - [06/Mar/2019:06:53:05 -0500] "-" 408 -
201.245.192.253 - - [06/Mar/2019:06:53:16 -0500] "POST /sipse/faces/presentacion/financiero/solicitudProceso/consultar.xhtml HTTP/1.1" 200 12893
201.245.192.253 - - [06/Mar/2019:06:53:16 -0500] "GET /galeria/nivo-slider/demo/images/Banner%20Politica%20Publica%20CONPES%20(1).ai HTTP/1.1" 206 1
201.245.192.253 - - [06/Mar/2019:06:53:16 -0500] "GET /galeria/nivo-slider/demo/images/Banner%20Politica%20Publica%20CONPES%20(1).ai HTTP/1.1" 206 1644252
201.245.192.253 - - [06/Mar/2019:06:53:26 -0500] "GET /galeria/nivo-slider/demo/images/Banner%20Politica%20Publica%20CONPES%20(1).ai HTTP/1.1" 206 1
201.245.192.253 - - [06/Mar/2019:06:53:26 -0500] "GET /galeria/nivo-slider/demo/images/Banner%20Politica%20Publica%20CONPES%20(1).ai HTTP/1.1" 206 1644252
45.124.85.125 - - [06/Mar/2019:06:53:27 -0500] "-" 408 -
45.124.85.125 - - [06/Mar/2019:06:53:46 -0500] "-" 408 -
66.249.79.22 - - [06/Mar/2019:06:53:50 -0500] "GET / HTTP/1.1" 200 9990
45.124.85.125 - - [06/Mar/2019:06:54:08 -0500] "-" 408 -
191.156.7.190 - - [06/Mar/2019:06:54:14 -0500] "GET /galeria/galeria/jquery.fancybox.css?v=2.1.5 HTTP/1.1" 200 4895
191.156.7.190 - - [06/Mar/2019:06:54:14 -0500] "GET /galeria/galeria/jquery.fancybox.js?v=2.1.5 HTTP/1.1" 200 48706
191.156.7.190 - - [06/Mar/2019:06:54:14 -0500] "GET /BLA/boletinlegal/js/jquery.scrollShow.js HTTP/1.1" 200 4586
191.156.7.190 - - [06/Mar/2019:06:54:21 -0500] "GET /BLA/boletinlegal/js/jquery.scrollShow.js HTTP/1.1" 304 -
191.156.7.190 - - [06/Mar/2019:06:54:21 -0500] "GET /galeria/galeria/jquery.fancybox.js?v=2.1.5 HTTP/1.1" 304 -
191.156.7.190 - - [06/Mar/2019:06:54:21 -0500] "GET /galeria/galeria/jquery.fancybox.css?v=2.1.5 HTTP/1.1" 304 -
69.162.124.233 - - [06/Mar/2019:06:54:26 -0500] "HEAD / HTTP/1.1" 200 -
190.146.209.0 - - [06/Mar/2019:06:54:26 -0500] "GET /galeria/galeria/jquery.fancybox.css?v=2.1.5 HTTP/1.1" 200 4895
45.124.85.125 - - [06/Mar/2019:06:54:27 -0500] "-" 408 -
190.146.209.0 - - [06/Mar/2019:06:54:27 -0500] "GET /BLA/boletinlegal/js/jquery.scrollShow.js HTTP/1.1" 200 4586
190.146.209.0 - - [06/Mar/2019:06:54:27 -0500] "GET /galeria/galeria/jquery.fancybox.js?v=2.1.5 HTTP/1.1" 200 48706
66.249.88.89 - - [06/Mar/2019:06:54:38 -0500] "GET /BLA/boletinlegal/js/jquery.scrollShow.js HTTP/1.1" 200 4586
66.249.88.89 - - [06/Mar/2019:06:54:38 -0500] "GET /galeria/galeria/jquery.fancybox.js?v=2.1.5 HTTP/1.1" 200 48706
66.249.88.89 - - [06/Mar/2019:06:54:38 -0500] "GET /galeria/galeria/jquery.fancybox.css?v=2.1.5 HTTP/1.1" 200 4895
66.249.79.153 - - [06/Mar/2019:06:54:41 -0500] "GET /BLA/resoluciones/RESOLUCIONES%202005/RES%202005%203001-3050/INDEX.DAT HTTP/1.1" 200 2000
200.75.48.35 - - [06/Mar/2019:06:54:49 -0500] "GET /galeria/galeria/jquery.fancybox.css?v=2.1.5 HTTP/1.1" 200 4895
200.75.48.35 - - [06/Mar/2019:06:54:49 -0500] "GET /galeria/galeria/jquery.fancybox.js?v=2.1.5 HTTP/1.1" 200 48706
200.75.48.35 - - [06/Mar/2019:06:54:49 -0500] "GET /BLA/boletinlegal/js/jquery.scrollShow.js HTTP/1.1" 200 4586
207.46.13.161 - - [06/Mar/2019:06:54:54 -0500] "GET /videos/?C=N;O=D HTTP/1.1" 200 51095
66.249.79.153 - - [06/Mar/2019:06:55:04 -0500] "GET /BLA/boletinlegal/jurisprudencia/analisis/Analisis%20jurisprudencial%20Sentencia%20C-366-11.doc HTTP/1.1" 304 -
157.55.39.160 - - [06/Mar/2019:06:55:08 -0500] "GET /SIG/Gesti%C3%B3n%20Ambiental/126PM03-PR28.pdf HTTP/1.1" 200 223075
201.245.192.253 - - [06/Mar/2019:06:55:21 -0500] "GET /galeria/nivo-slider/demo/images/Banner%20Politica%20Publica%20CONPES%20(1).ai HTTP/1.1" 206 1
201.245.192.253 - - [06/Mar/2019:06:55:21 -0500] "GET /galeria/nivo-slider/demo/images/Banner%20Politica%20Publica%20CONPES%20(1).ai HTTP/1.1" 206 1660312
192.168.175.104 - - [06/Mar/2019:06:55:27 -0500] "GET / HTTP/1.1" 200 9990
201.245.192.253 - - [06/Mar/2019:06:55:31 -0500] "GET /galeria/nivo-slider/demo/images/Banner%20Politica%20Publica%20CONPES%20(1).ai HTTP/1.1" 206 1
201.245.192.253 - - [06/Mar/2019:06:55:31 -0500] "GET /galeria/nivo-slider/demo/images/Banner%20Politica%20Publica%20CONPES%20(1).ai HTTP/1.1" 206 1660312
66.249.79.153 - - [06/Mar/2019:06:55:41 -0500] "GET /BLA/boletinlegal/Circulares/2013/Circular%20No.%208%20del%201%20de%20Noviembre%20de%202013.pdf HTTP/1.1" 200 385156
201.245.192.253 - - [06/Mar/2019:06:55:48 -0500] "GET /galeria/nivo-slider/demo/images/Banner%20Politica%20Publica%20CONPES%20(1).ai HTTP/1.1" 206 1
201.245.192.253 - - [06/Mar/2019:06:55:48 -0500] "GET /galeria/nivo-slider/demo/images/Banner%20Politica%20Publica%20CONPES%20(1).ai HTTP/1.1" 206 1644252
201.245.192.253 - - [06/Mar/2019:06:55:51 -0500] "POST /sipse/faces/presentacion/financiero/solicitudProceso/consultar.xhtml HTTP/1.1" 200 12783
66.249.79.153 - - [06/Mar/2019:06:55:51 -0500] "GET /BLA/boletinlegal/Circulares/2012/Circular%20No.%2015%20del%2022%20de%20octubre%20de%202012.pdf HTTP/1.1" 200 486506
192.168.175.104 - - [06/Mar/2019:06:55:53 -0500] "GET / HTTP/1.0" 200 9990
201.245.192.253 - - [06/Mar/2019:06:55:54 -0500] "POST /sipse/faces/presentacion/financiero/solicitudProceso/consultar.xhtml HTTP/1.1" 200 114247
201.245.192.253 - - [06/Mar/2019:06:55:54 -0500] "GET /sipse/faces/javax.faces.resource/jquery/jquery.js?ln=primefaces&v=4.0 HTTP/1.1" 304 -
201.245.192.253 - - [06/Mar/2019:06:55:54 -0500] "GET /sipse/faces/javax.faces.resource/jquery/jquery-plugins.js?ln=primefaces&v=4.0 HTTP/1.1" 304 -
201.245.192.253 - - [06/Mar/2019:06:55:54 -0500] "GET /sipse/faces/javax.faces.resource/primefaces.js?ln=primefaces&v=4.0 HTTP/1.1" 304 -
201.245.192.253 - - [06/Mar/2019:06:55:54 -0500] "GET /sipse/faces/javax.faces.resource/layout/layout.js?ln=primefaces&v=4.0 HTTP/1.1" 304 -
201.245.192.253 - - [06/Mar/2019:06:55:54 -0500] "GET /sipse/faces/javax.faces.resource/spacer/dot_clear.gif?ln=primefaces&v=4.0 HTTP/1.1" 200 42
201.245.192.253 - - [06/Mar/2019:06:55:54 -0500] "GET /reportes_sipse/sdg/ServletReporte?reporte=no_hay&solicitud=6420&pfdrid_c=false HTTP/1.1" 200 32165
190.144.166.61 - - [06/Mar/2019:06:55:56 -0500] "GET /galeria/nivo-slider/demo/images/Banner%20Politica%20Publica%20CONPES%20(1).ai HTTP/1.1" 206 1
201.245.192.253 - - [06/Mar/2019:06:55:58 -0500] "GET /galeria/nivo-slider/demo/images/Banner%20Politica%20Publica%20CONPES%20(1).ai HTTP/1.1" 206 1
201.245.192.253 - - [06/Mar/2019:06:55:58 -0500] "GET /galeria/nivo-slider/demo/images/Banner%20Politica%20Publica%20CONPES%20(1).ai HTTP/1.1" 206 1644252
201.245.192.253 - - [06/Mar/2019:06:55:58 -0500] "POST /sipse/faces/presentacion/financiero/solicitudProceso/consultarSolicitudProceso.xhtml HTTP/1.1" 200 618163
190.144.166.61 - - [06/Mar/2019:06:56:06 -0500] "GET /galeria/nivo-slider/demo/images/Banner%20Politica%20Publica%20CONPES%20(1).ai HTTP/1.1" 206 1
201.245.192.253 - - [06/Mar/2019:06:56:10 -0500] "GET /reportes_sipse/sdg/ServletReporte?reporte=no_hay&solicitud=6420&pfdrid_c=false HTTP/1.1" 200 32165
66.249.79.153 - - [06/Mar/2019:06:56:12 -0500] "GET /BLA/boletinlegal/Circulares/2011/Circular%20No.%207%20del%2023%20de%20Diciembre%20de%202011.pdf HTTP/1.1" 200 1107785
201.245.192.253 - - [06/Mar/2019:06:56:23 -0500] "GET /galeria/nivo-slider/demo/images/Banner%20Politica%20Publica%20CONPES%20(1).ai HTTP/1.1" 206 1
201.245.192.253 - - [06/Mar/2019:06:56:23 -0500] "GET /galeria/nivo-slider/demo/images/Banner%20Politica%20Publica%20CONPES%20(1).ai HTTP/1.1" 206 1644252
201.245.192.253 - - [06/Mar/2019:06:56:28 -0500] "GET /reportes_sipse/sdg/ServletReporte?reporte=solicitud_cdp&Solicitud=6362&pfdrid_c=false HTTP/1.1" 200 69846
201.245.192.253 - - [06/Mar/2019:06:56:33 -0500] "GET /galeria/nivo-slider/demo/images/Banner%20Politica%20Publica%20CONPES%20(1).ai HTTP/1.1" 206 1
201.245.192.253 - - [06/Mar/2019:06:56:33 -0500] "GET /galeria/nivo-slider/demo/images/Banner%20Politica%20Publica%20CONPES%20(1).ai HTTP/1.1" 206 1644252
201.245.192.253 - - [06/Mar/2019:06:56:38 -0500] "GET /galeria/nivo-slider/demo/images/Banner%20Politica%20Publica%20CONPES%20(1).ai HTTP/1.1" 206 1
201.245.192.253 - - [06/Mar/2019:06:56:38 -0500] "GET /galeria/nivo-slider/demo/images/Banner%20Politica%20Publica%20CONPES%20(1).ai HTTP/1.1" 206 1644252
66.249.79.153 - - [06/Mar/2019:06:56:42 -0500] "GET /BLA/boletinlegal/Directivas/2011/Directiva%20No.%205%20del%2029%20de%20Agosto%20de%202011.pdf HTTP/1.1" 200 444404
201.245.192.253 - - [06/Mar/2019:06:56:48 -0500] "GET /galeria/nivo-slider/demo/images/Banner%20Politica%20Publica%20CONPES%20(1).ai HTTP/1.1" 206 1
201.245.192.253 - - [06/Mar/2019:06:56:48 -0500] "GET /galeria/nivo-slider/demo/images/Banner%20Politica%20Publica%20CONPES%20(1).ai HTTP/1.1" 206 1644252
66.249.79.153 - - [06/Mar/2019:06:57:03 -0500] "GET /BLA/boletinlegal/actas/374122.pdf HTTP/1.1" 200 181942
201.185.102.34 - - [06/Mar/2019:06:57:09 -0500] "GET /BLA/resoluciones/AUTOS%202016/2994.pdf HTTP/1.1" 200 342383
66.249.79.153 - - [06/Mar/2019:06:57:11 -0500] "GET /BLA/resoluciones/RESOLUCIONES%202007/RES%202007%202001%20AL%202100/RESOLUCION%202081%20DE%202007.pdf HTTP/1.1" 200 743007
66.249.79.155 - - [06/Mar/2019:06:57:13 -0500] "GET /BLA/boletinlegal/Directivas/2017/Directiva%20No.%2001%20del%2027%20de%20Junio%20de%202018.pdf HTTP/1.1" 200 217496
186.86.33.37 - - [06/Mar/2019:06:57:20 -0500] "GET /galeria/galeria/jquery.fancybox.css?v=2.1.5 HTTP/1.1" 200 4895
186.86.33.37 - - [06/Mar/2019:06:57:20 -0500] "GET /BLA/boletinlegal/js/jquery.scrollShow.js HTTP/1.1" 200 4586
186.86.33.37 - - [06/Mar/2019:06:57:20 -0500] "GET /galeria/carrusel/Carrusel/jquery.thumbnailScroller.css HTTP/1.1" 200 2066
186.86.33.37 - - [06/Mar/2019:06:57:20 -0500] "GET /galeria/galeria/jquery.fancybox.js?v=2.1.5 HTTP/1.1" 200 48706
186.86.33.37 - - [06/Mar/2019:06:57:21 -0500] "GET /galeria/carrusel/Carrusel/jquery-ui-1.8.13.custom.min.js HTTP/1.1" 200 10800
186.86.33.37 - - [06/Mar/2019:06:57:21 -0500] "GET /galeria/carrusel/Carrusel/jquery.thumbnailScroller.js HTTP/1.1" 200 8157
186.86.33.37 - - [06/Mar/2019:06:57:22 -0500] "GET /galeria/nivo-slider/demo/demo.html HTTP/1.1" 200 22600
186.86.33.37 - - [06/Mar/2019:06:57:22 -0500] "GET /galeria/nivo-slider/themes/pascal/pascal.css HTTP/1.1" 200 2258
186.86.33.37 - - [06/Mar/2019:06:57:22 -0500] "GET /galeria/nivo-slider/themes/orman/orman.css HTTP/1.1" 200 2152
186.86.33.37 - - [06/Mar/2019:06:57:22 -0500] "GET /galeria/nivo-slider/themes/default/default.css HTTP/1.1" 200 1569
186.86.33.37 - - [06/Mar/2019:06:57:22 -0500] "GET /galeria/nivo-slider/nivo-slider.css HTTP/1.1" 200 1507
186.86.33.37 - - [06/Mar/2019:06:57:22 -0500] "GET /galeria/nivo-slider/demo/style.css HTTP/1.1" 200 2222
186.86.33.37 - - [06/Mar/2019:06:57:22 -0500] "GET /galeria/nivo-slider/demo/scripts/jquery-1.7.1.min.js HTTP/1.1" 200 93868
186.86.33.37 - - [06/Mar/2019:06:57:22 -0500] "GET /galeria/nivo-slider/demo/images/incendios-forestales.png HTTP/1.1" 200 61469
186.86.33.37 - - [06/Mar/2019:06:57:22 -0500] "GET /galeria/nivo-slider/demo/images/Otorgamiento-excelencia-ambiental-Jos%C3%A9-Celestino-Mutis-2.jpg HTTP/1.1" 200 276467
186.86.33.37 - - [06/Mar/2019:06:57:22 -0500] "GET /galeria/nivo-slider/demo/images/Banner%20Conpes.jpg HTTP/1.1" 200 55220
186.86.33.37 - - [06/Mar/2019:06:57:22 -0500] "GET /galeria/nivo-slider/demo/images/Banner%20PGAE.jpg HTTP/1.1" 200 258166
186.86.33.37 - - [06/Mar/2019:06:57:22 -0500] "GET /galeria/nivo-slider/demo/images/gobierno%20digital-01.jpg HTTP/1.1" 200 116163
186.86.33.37 - - [06/Mar/2019:06:57:22 -0500] "GET /galeria/nivo-slider/demo/images/web%20ingreso%20humedales.png HTTP/1.1" 200 641193
186.86.33.37 - - [06/Mar/2019:06:57:22 -0500] "GET /galeria/nivo-slider/demo/images/avances-sentencias-rio-bogota-2.jpg HTTP/1.1" 200 304916
66.249.79.155 - - [06/Mar/2019:06:57:23 -0500] "GET /BLA/resoluciones/AUTOS%202007/3064.pdf HTTP/1.1" 304 -
186.86.33.37 - - [06/Mar/2019:06:57:23 -0500] "GET /galeria/nivo-slider/demo/images/BANNER%20punto.jpg HTTP/1.1" 200 75932
186.86.33.37 - - [06/Mar/2019:06:57:23 -0500] "GET /galeria/nivo-slider/demo/images/Caminatas%20marzo.png HTTP/1.1" 200 661357
186.86.33.37 - - [06/Mar/2019:06:57:23 -0500] "GET /galeria/nivo-slider/demo/images/Banneranonimos.png HTTP/1.1" 200 109388
186.86.33.37 - - [06/Mar/2019:06:57:24 -0500] "GET /galeria/nivo-slider/demo/images/BANNER%20VAN%20DER%20HAMMEN.jpg HTTP/1.1" 200 64172
186.86.33.37 - - [06/Mar/2019:06:57:24 -0500] "GET /galeria/nivo-slider/demo/images/bannerlumina2017web.jpg HTTP/1.1" 200 198918
186.86.33.37 - - [06/Mar/2019:06:57:24 -0500] "GET /galeria/nivo-slider/demo/images/Bannerweb_Tinguas.jpg HTTP/1.1" 200 258471
186.86.33.37 - - [06/Mar/2019:06:57:24 -0500] "GET /galeria/nivo-slider/demo/images/Banner%20POT.png HTTP/1.1" 200 418238
186.86.33.37 - - [06/Mar/2019:06:57:24 -0500] "GET /galeria/nivo-slider/demo/images/maximavelocidad.png HTTP/1.1" 200 880272
186.86.33.37 - - [06/Mar/2019:06:57:24 -0500] "GET /galeria/nivo-slider/demo/images/Banner_micrositio.png HTTP/1.1" 200 146950
186.86.33.37 - - [06/Mar/2019:06:57:25 -0500] "GET /galeria/nivo-slider/demo/images/banner-bolsas-plasticas.jpg HTTP/1.1" 200 317939
186.86.33.37 - - [06/Mar/2019:06:57:25 -0500] "GET /galeria/nivo-slider/demo/images/banner%20aceite%20vegetal%20usado.jpg HTTP/1.1" 200 169350
186.86.33.37 - - [06/Mar/2019:06:57:25 -0500] "GET /galeria/nivo-slider/demo/images/Banner%20practicas%20sostenibles.jpg HTTP/1.1" 200 142958
186.86.33.37 - - [06/Mar/2019:06:57:26 -0500] "GET /galeria/nivo-slider/demo/images/Pot_banner.jpg HTTP/1.1" 200 204736
186.86.33.37 - - [06/Mar/2019:06:57:26 -0500] "GET /galeria/nivo-slider/demo/images/banner-humedales-de-bogota.jpg HTTP/1.1" 200 292611
186.86.33.37 - - [06/Mar/2019:06:57:26 -0500] "GET /galeria/nivo-slider/themes/default/loading.gif HTTP/1.1" 200 1737
201.245.192.253 - - [06/Mar/2019:06:57:26 -0500] "GET /galeria/nivo-slider/demo/images/Banner%20Politica%20Publica%20CONPES%20(1).ai HTTP/1.1" 206 1
201.245.192.253 - - [06/Mar/2019:06:57:26 -0500] "GET /galeria/nivo-slider/demo/images/Banner%20Politica%20Publica%20CONPES%20(1).ai HTTP/1.1" 206 1644252
186.86.33.37 - - [06/Mar/2019:06:57:26 -0500] "GET /galeria/nivo-slider/demo/images/4Simple_Slider.png HTTP/1.1" 200 11722
186.86.33.37 - - [06/Mar/2019:06:57:26 -0500] "GET /galeria/nivo-slider/jquery.nivo.slider.pack.js HTTP/1.1" 200 11561
186.86.33.37 - - [06/Mar/2019:06:57:26 -0500] "GET /galeria/nivo-slider/demo/images/Trafico%20de%20fauna.jpg HTTP/1.1" 200 198327
201.245.192.253 - - [06/Mar/2019:06:57:36 -0500] "GET /galeria/nivo-slider/demo/images/Banner%20Politica%20Publica%20CONPES%20(1).ai HTTP/1.1" 206 1
201.245.192.253 - - [06/Mar/2019:06:57:36 -0500] "GET /galeria/nivo-slider/demo/images/Banner%20Politica%20Publica%20CONPES%20(1).ai HTTP/1.1" 206 1644252
66.249.79.153 - - [06/Mar/2019:06:57:53 -0500] "GET /BLA/resoluciones/RESOLUCIONES%202010/3396.pdf HTTP/1.1" 200 315464
201.185.102.34 - - [06/Mar/2019:06:58:00 -0500] "GET /BLA/resoluciones/RESOLUCIONES%202015/3038.pdf HTTP/1.1" 200 872737
66.249.79.153 - - [06/Mar/2019:06:58:03 -0500] "GET /BLA/resoluciones/AUTOS%202018/1414.pdf HTTP/1.1" 200 290058
106.13.53.58 - - [06/Mar/2019:06:58:17 -0500] "-" 408 -
66.249.79.153 - - [06/Mar/2019:06:58:44 -0500] "GET /BLA/resoluciones/RESOLUCIONES%202018/0878.pdf HTTP/1.1" 200 286298
66.249.79.153 - - [06/Mar/2019:06:58:54 -0500] "GET /BLA/resoluciones/RESOLUCIONES%202017/2089.pdf HTTP/1.1" 200 273832
181.49.77.14 - - [06/Mar/2019:06:59:00 -0500] "-" 408 -
186.29.183.17 - - [06/Mar/2019:06:59:01 -0500] "GET /galeria/galeria/jquery.fancybox.css?v=2.1.5 HTTP/1.1" 200 4895
186.29.183.17 - - [06/Mar/2019:06:59:01 -0500] "GET /BLA/boletinlegal/js/jquery.scrollShow.js HTTP/1.1" 200 4586
186.29.183.17 - - [06/Mar/2019:06:59:01 -0500] "GET /galeria/galeria/jquery.fancybox.js?v=2.1.5 HTTP/1.1" 200 48706
66.249.79.153 - - [06/Mar/2019:06:59:04 -0500] "GET /BLA/resoluciones/AUTOS%202015/1801.pdf HTTP/1.1" 200 471465
40.77.167.83 - - [06/Mar/2019:06:59:08 -0500] "GET /BLA/boletinlegal/jurisprudencia/analisis/CUADRO%20ANALISIS%20SENTENCIA%20T-411%20DE%201992.doc HTTP/1.1" 200 41984
66.249.79.156 - - [06/Mar/2019:06:59:14 -0500] "GET /BLA/resoluciones/AUTOS%202018/0647.pdf HTTP/1.1" 200 321646
66.249.79.153 - - [06/Mar/2019:06:59:24 -0500] "GET /BLA/resoluciones/AUTOS%202018/0301.pdf HTTP/1.1" 200 301150
69.162.124.233 - - [06/Mar/2019:06:59:26 -0500] "HEAD / HTTP/1.1" 200 -
201.245.192.253 - - [06/Mar/2019:06:59:31 -0500] "GET /galeria/nivo-slider/demo/images/Banner%20Politica%20Publica%20CONPES%20(1).ai HTTP/1.1" 206 1
201.245.192.253 - - [06/Mar/2019:06:59:31 -0500] "GET /galeria/nivo-slider/demo/images/Banner%20Politica%20Publica%20CONPES%20(1).ai HTTP/1.1" 206 1660312
66.249.79.153 - - [06/Mar/2019:06:59:35 -0500] "GET /BLA/resoluciones/Notificaciones/AUTOS%202017/03392.pdf HTTP/1.1" 200 302369
201.245.192.253 - - [06/Mar/2019:06:59:41 -0500] "GET /galeria/nivo-slider/demo/images/Banner%20Politica%20Publica%20CONPES%20(1).ai HTTP/1.1" 206 1
201.245.192.253 - - [06/Mar/2019:06:59:41 -0500] "GET /galeria/nivo-slider/demo/images/Banner%20Politica%20Publica%20CONPES%20(1).ai HTTP/1.1" 206 1660312
161.18.41.4 - - [06/Mar/2019:06:59:41 -0500] "GET /galeria/galeria/fotos/Huemdal-el-Tunjo2G.jpg HTTP/1.1" 200 388331
66.249.79.153 - - [06/Mar/2019:06:59:45 -0500] "GET /BLA/resoluciones/AUTOS%202017/3720.pdf HTTP/1.1" 200 766473
201.245.192.253 - - [06/Mar/2019:06:59:48 -0500] "GET /galeria/nivo-slider/demo/images/Banner%20Politica%20Publica%20CONPES%20(1).ai HTTP/1.1" 206 1
201.245.192.253 - - [06/Mar/2019:06:59:48 -0500] "GET /galeria/nivo-slider/demo/images/Banner%20Politica%20Publica%20CONPES%20(1).ai HTTP/1.1" 206 1644252
66.249.79.153 - - [06/Mar/2019:06:59:55 -0500] "GET /BLA/resoluciones/AUTOS%202017/2117.pdf HTTP/1.1" 200 1636333
201.245.192.253 - - [06/Mar/2019:06:59:58 -0500] "GET /galeria/nivo-slider/demo/images/Banner%20Politica%20Publica%20CONPES%20(1).ai HTTP/1.1" 206 1
201.245.192.253 - - [06/Mar/2019:06:59:58 -0500] "GET /galeria/nivo-slider/demo/images/Banner%20Politica%20Publica%20CONPES%20(1).ai HTTP/1.1" 206 1644252
40.124.51.41 - - [06/Mar/2019:07:00:03 -0500] "GET /BLA/boletinlegal/Circulares/2012/Circular%20No.%204%20del%2019%20de%20abril%20de%202012.pdf HTTP/1.1" 200 253045
66.249.79.155 - - [06/Mar/2019:07:00:05 -0500] "GET /BLA/resoluciones/AUTOS%202017/2027.pdf HTTP/1.1" 200 321887
190.144.166.61 - - [06/Mar/2019:07:00:06 -0500] "GET /galeria/nivo-slider/demo/images/Banner%20Politica%20Publica%20CONPES%20(1).ai HTTP/1.1" 206 1
66.249.88.89 - - [06/Mar/2019:07:00:11 -0500] "GET /galeria/galeria/jquery.fancybox.css?v=2.1.5 HTTP/1.1" 200 4895
66.249.88.89 - - [06/Mar/2019:07:00:11 -0500] "GET /BLA/boletinlegal/js/jquery.scrollShow.js HTTP/1.1" 200 4586
66.249.88.91 - - [06/Mar/2019:07:00:11 -0500] "GET /galeria/galeria/jquery.fancybox.js?v=2.1.5 HTTP/1.1" 200 48706
66.249.79.153 - - [06/Mar/2019:07:00:15 -0500] "GET /BLA/resoluciones/AUTOS%202017/4261.pdf HTTP/1.1" 200 2727272
190.144.166.61 - - [06/Mar/2019:07:00:16 -0500] "GET /galeria/nivo-slider/demo/images/Banner%20Politica%20Publica%20CONPES%20(1).ai HTTP/1.1" 206 1
66.249.79.153 - - [06/Mar/2019:07:00:25 -0500] "GET /BLA/resoluciones/Notificaciones/AUTOS%202017/01591.pdf HTTP/1.1" 200 321245
192.168.175.104 - - [06/Mar/2019:07:00:26 -0500] "GET / HTTP/1.1" 200 9990
201.245.192.253 - - [06/Mar/2019:07:00:33 -0500] "GET /galeria/nivo-slider/demo/images/Banner%20Politica%20Publica%20CONPES%20(1).ai HTTP/1.1" 206 1
201.245.192.253 - - [06/Mar/2019:07:00:33 -0500] "GET /galeria/nivo-slider/demo/images/Banner%20Politica%20Publica%20CONPES%20(1).ai HTTP/1.1" 206 1644252
66.249.79.153 - - [06/Mar/2019:07:00:35 -0500] "GET /BLA/resoluciones/RESOLUCIONES%202011/2990.pdf HTTP/1.1" 200 653298
201.245.192.253 - - [06/Mar/2019:07:00:38 -0500] "GET /galeria/nivo-slider/demo/images/Banner%20Politica%20Publica%20CONPES%20(1).ai HTTP/1.1" 206 1
201.245.192.253 - - [06/Mar/2019:07:00:38 -0500] "GET /galeria/nivo-slider/demo/images/Banner%20Politica%20Publica%20CONPES%20(1).ai HTTP/1.1" 206 1644252
201.245.192.253 - - [06/Mar/2019:07:00:39 -0500] "POST /sipse/faces/presentacion/financiero/solicitudProceso/consultarSolicitudProceso.xhtml HTTP/1.1" 200 5229
201.245.192.253 - - [06/Mar/2019:07:00:39 -0500] "GET /reportes_sipse/sdg/ServletReporte?reporte=no_hay&solicitud=6334&pfdrid_c=false HTTP/1.1" 200 84812
201.245.192.253 - - [06/Mar/2019:07:00:43 -0500] "GET /galeria/nivo-slider/demo/images/Banner%20Politica%20Publica%20CONPES%20(1).ai HTTP/1.1" 206 1
201.245.192.253 - - [06/Mar/2019:07:00:43 -0500] "GET /galeria/nivo-slider/demo/images/Banner%20Politica%20Publica%20CONPES%20(1).ai HTTP/1.1" 206 1644252
66.249.79.153 - - [06/Mar/2019:07:00:45 -0500] "GET /BLA/resoluciones/Notificaciones/AUTOS%202017/04273.pdf HTTP/1.1" 200 269970
201.245.192.253 - - [06/Mar/2019:07:00:48 -0500] "GET /galeria/nivo-slider/demo/images/Banner%20Politica%20Publica%20CONPES%20(1).ai HTTP/1.1" 206 1
201.245.192.253 - - [06/Mar/2019:07:00:48 -0500] "GET /galeria/nivo-slider/demo/images/Banner%20Politica%20Publica%20CONPES%20(1).ai HTTP/1.1" 206 1644252
192.168.175.104 - - [06/Mar/2019:07:00:50 -0500] "GET / HTTP/1.0" 200 9990
66.249.79.153 - - [06/Mar/2019:07:00:56 -0500] "GET /BLA/resoluciones/AUTOS%202007/3316.pdf HTTP/1.1" 200 182598
201.245.192.253 - - [06/Mar/2019:07:00:59 -0500] "POST /sipse/faces/presentacion/financiero/solicitudProceso/consultarSolicitudProceso.xhtml HTTP/1.1" 200 5393
201.245.192.253 - - [06/Mar/2019:07:00:59 -0500] "GET /sipse/faces/javax.faces.resource/dynamiccontent.properties?ln=primefaces&pfdrid=XjOR5%2F%2FfPAZAuY9TpWQeCiM0BhlXxYRBGKi%2FQcXXfeA%3D&pfdrid_c=false HTTP/1.1" 200 134677
66.249.79.156 - - [06/Mar/2019:07:01:06 -0500] "GET /BLA/resoluciones/AUTOS%202017/1397.pdf HTTP/1.1" 200 325500
201.245.192.253 - - [06/Mar/2019:07:01:12 -0500] "GET /galeria/nivo-slider/demo/demo.html HTTP/1.1" 304 -
201.245.192.253 - - [06/Mar/2019:07:01:12 -0500] "GET /galeria/nivo-slider/demo/images/Caminatas%20marzo.png HTTP/1.1" 304 -
201.245.192.253 - - [06/Mar/2019:07:01:12 -0500] "GET /galeria/nivo-slider/demo/images/Banner%20Conpes.jpg HTTP/1.1" 304 -
201.245.192.253 - - [06/Mar/2019:07:01:12 -0500] "GET /galeria/nivo-slider/demo/images/Banner%20practicas%20sostenibles.jpg HTTP/1.1" 304 -
201.245.192.253 - - [06/Mar/2019:07:01:12 -0500] "GET /galeria/nivo-slider/demo/images/Pot_banner.jpg HTTP/1.1" 304 -
201.245.192.253 - - [06/Mar/2019:07:01:12 -0500] "GET /galeria/nivo-slider/demo/images/web%20ingreso%20humedales.png HTTP/1.1" 304 -
66.249.79.155 - - [06/Mar/2019:07:01:16 -0500] "GET /BLA/resoluciones/RESOLUCIONES%202007/RES%202007%202001%20AL%202100/RESOLUCION%202052%20DE%202007.pdf HTTP/1.1" 200 304965
181.57.251.1 - - [06/Mar/2019:07:01:20 -0500] "GET /BLA/resoluciones/RESOLUCIONES%202016/1361.pdf HTTP/1.1" 200 486149
181.57.251.1 - - [06/Mar/2019:07:01:21 -0500] "GET /favicon.ico HTTP/1.1" 200 7782
66.249.79.153 - - [06/Mar/2019:07:01:26 -0500] "GET /BLA/resoluciones/AUTOS%202018/1860.pdf HTTP/1.1" 200 279199
66.249.79.153 - - [06/Mar/2019:07:01:36 -0500] "GET /BLA/resoluciones/RESOLUCIONES%202017/2267.pdf HTTP/1.1" 200 305037
201.245.192.253 - - [06/Mar/2019:07:01:36 -0500] "GET /galeria/nivo-slider/demo/images/Banner%20Politica%20Publica%20CONPES%20(1).ai HTTP/1.1" 206 1
201.245.192.253 - - [06/Mar/2019:07:01:36 -0500] "GET /galeria/nivo-slider/demo/images/Banner%20Politica%20Publica%20CONPES%20(1).ai HTTP/1.1" 206 1644252
66.249.79.153 - - [06/Mar/2019:07:01:46 -0500] "GET /galeria/galeria/fotos/diaSC7Peq.jpg HTTP/1.1" 200 18357
201.245.192.253 - - [06/Mar/2019:07:01:46 -0500] "GET /galeria/nivo-slider/demo/images/Banner%20Politica%20Publica%20CONPES%20(1).ai HTTP/1.1" 206 1
66.249.79.153 - - [06/Mar/2019:07:01:47 -0500] "GET /BLA/resoluciones/Notificaciones/AUTOS%202017/05210.pdf HTTP/1.1" 200 337574
66.249.79.153 - - [06/Mar/2019:07:01:56 -0500] "GET /BLA/resoluciones/AUTOS%202018/1033.pdf HTTP/1.1" 200 298805
66.249.79.155 - - [06/Mar/2019:07:02:07 -0500] "GET /BLA/resoluciones/AUTOS%202018/2128.pdf HTTP/1.1" 200 284289
66.249.79.155 - - [06/Mar/2019:07:02:17 -0500] "GET /BLA/resoluciones/Notificaciones/AUTOS%202017/03597.pdf HTTP/1.1" 200 270182
186.155.140.215 - - [06/Mar/2019:07:02:19 -0500] "GET /galeria/galeria/jquery.fancybox.css?v=2.1.5 HTTP/1.1" 200 4895
186.155.140.215 - - [06/Mar/2019:07:02:21 -0500] "GET /BLA/boletinlegal/js/jquery.scrollShow.js HTTP/1.1" 200 4586
186.155.140.215 - - [06/Mar/2019:07:02:21 -0500] "GET /galeria/galeria/jquery.fancybox.js?v=2.1.5 HTTP/1.1" 200 48706
66.249.79.153 - - [06/Mar/2019:07:02:27 -0500] "GET /BLA/resoluciones/AUTOS%202017/1414.pdf HTTP/1.1" 200 306829
207.46.13.94 - - [06/Mar/2019:07:02:29 -0500] "GET /inicio/ HTTP/1.1" 404 1049
152.201.2.146 - - [06/Mar/2019:07:02:35 -0500] "GET /galeria/galeria/jquery.fancybox.css?v=2.1.5 HTTP/1.1" 200 4895
152.201.2.146 - - [06/Mar/2019:07:02:35 -0500] "GET /BLA/boletinlegal/js/jquery.scrollShow.js HTTP/1.1" 200 4586
152.201.2.146 - - [06/Mar/2019:07:02:35 -0500] "GET /galeria/galeria/jquery.fancybox.js?v=2.1.5 HTTP/1.1" 200 48706
66.249.79.153 - - [06/Mar/2019:07:02:37 -0500] "GET /BLA/resoluciones/Notificaciones/AUTOS%202017/04116.pdf HTTP/1.1" 200 307398
40.77.167.17 - - [06/Mar/2019:07:02:39 -0500] "GET /robots.txt HTTP/1.1" 404 1049
66.249.88.93 - - [06/Mar/2019:07:02:43 -0500] "GET /BLA/boletinlegal/js/jquery.scrollShow.js HTTP/1.1" 200 4586
66.249.88.91 - - [06/Mar/2019:07:02:43 -0500] "GET /galeria/galeria/jquery.fancybox.css?v=2.1.5 HTTP/1.1" 200 4895
66.249.88.93 - - [06/Mar/2019:07:02:43 -0500] "GET /galeria/galeria/jquery.fancybox.js?v=2.1.5 HTTP/1.1" 200 48706
66.249.88.89 - - [06/Mar/2019:07:02:44 -0500] "GET /galeria/carrusel/Carrusel/jquery.thumbnailScroller.css HTTP/1.1" 200 2066
201.245.192.253 - - [06/Mar/2019:07:02:47 -0500] "GET /reportes_sipse/sdg/ServletReporte?reporte=solicitud_cdp&Solicitud=6289&pfdrid_c=false HTTP/1.1" 200 135298
190.25.247.74 - - [06/Mar/2019:07:02:48 -0500] "GET /galeria/galeria/fotos/mirador4G.jpg HTTP/1.1" 200 159827
190.240.134.118 - - [06/Mar/2019:07:02:49 -0500] "GET /BLA/boletinlegal/js/jquery.scrollShow.js HTTP/1.1" 200 4586
190.240.134.118 - - [06/Mar/2019:07:02:49 -0500] "GET /galeria/galeria/jquery.fancybox.css?v=2.1.5 HTTP/1.1" 200 4895
190.240.134.118 - - [06/Mar/2019:07:02:49 -0500] "GET /galeria/galeria/jquery.fancybox.js?v=2.1.5 HTTP/1.1" 200 48706
66.249.79.153 - - [06/Mar/2019:07:02:57 -0500] "GET /BLA/resoluciones/AUTOS%202018/1403.pdf HTTP/1.1" 200 264644
66.249.88.91 - - [06/Mar/2019:07:03:00 -0500] "GET /galeria/carrusel/Carrusel/jquery-ui-1.8.13.custom.min.js HTTP/1.1" 200 10800
66.249.88.93 - - [06/Mar/2019:07:03:02 -0500] "GET /galeria/carrusel/Carrusel/jquery.thumbnailScroller.js HTTP/1.1" 200 8157
66.249.88.93 - - [06/Mar/2019:07:03:02 -0500] "GET /galeria/nivo-slider/demo/demo.html HTTP/1.1" 200 22600
66.249.88.93 - - [06/Mar/2019:07:03:16 -0500] "GET /galeria/nivo-slider/themes/orman/orman.css HTTP/1.1" 200 2152
66.249.88.89 - - [06/Mar/2019:07:03:16 -0500] "GET /galeria/nivo-slider/nivo-slider.css HTTP/1.1" 200 1507
66.249.88.91 - - [06/Mar/2019:07:03:16 -0500] "GET /galeria/nivo-slider/demo/scripts/jquery-1.7.1.min.js HTTP/1.1" 200 93868
66.249.88.89 - - [06/Mar/2019:07:03:16 -0500] "GET /galeria/nivo-slider/themes/pascal/pascal.css HTTP/1.1" 200 2258
66.249.88.91 - - [06/Mar/2019:07:03:16 -0500] "GET /galeria/nivo-slider/demo/style.css HTTP/1.1" 200 2222
66.249.88.89 - - [06/Mar/2019:07:03:16 -0500] "GET /galeria/nivo-slider/demo/images/Trafico%20de%20fauna.jpg HTTP/1.1" 200 198327
66.249.88.91 - - [06/Mar/2019:07:03:16 -0500] "GET /galeria/nivo-slider/themes/default/default.css HTTP/1.1" 200 1569
66.249.79.153 - - [06/Mar/2019:07:03:18 -0500] "GET /BLA/resoluciones/Notificaciones/AUTOS%202017/01361.pdf HTTP/1.1" 200 321543
66.249.79.153 - - [06/Mar/2019:07:03:28 -0500] "GET /BLA/resoluciones/RESOLUCIONES%202005/RES%202005%20%201651-1700/INDEX.DAT HTTP/1.1" 200 2000
66.249.79.153 - - [06/Mar/2019:07:03:38 -0500] "GET /BLA/resoluciones/AUTOS%202017/4761.pdf HTTP/1.1" 200 275994
190.90.233.115 - - [06/Mar/2019:07:03:38 -0500] "GET /galeria/galeria/jquery.fancybox.css?v=2.1.5 HTTP/1.1" 200 4895
190.90.233.115 - - [06/Mar/2019:07:03:38 -0500] "GET /galeria/galeria/jquery.fancybox.js?v=2.1.5 HTTP/1.1" 200 48706
190.90.233.115 - - [06/Mar/2019:07:03:38 -0500] "GET /BLA/boletinlegal/js/jquery.scrollShow.js HTTP/1.1" 200 4586
201.245.192.253 - - [06/Mar/2019:07:03:41 -0500] "GET /galeria/nivo-slider/demo/images/Banner%20Politica%20Publica%20CONPES%20(1).ai HTTP/1.1" 206 1
201.245.192.253 - - [06/Mar/2019:07:03:41 -0500] "GET /galeria/nivo-slider/demo/images/Banner%20Politica%20Publica%20CONPES%20(1).ai HTTP/1.1" 206 1660312
66.249.79.153 - - [06/Mar/2019:07:03:48 -0500] "GET /BLA/resoluciones/AUTOS%202017/2921.pdf HTTP/1.1" 200 286413
201.245.192.253 - - [06/Mar/2019:07:03:48 -0500] "GET /galeria/nivo-slider/demo/images/Banner%20Politica%20Publica%20CONPES%20(1).ai HTTP/1.1" 206 1
201.245.192.253 - - [06/Mar/2019:07:03:48 -0500] "GET /galeria/nivo-slider/demo/images/Banner%20Politica%20Publica%20CONPES%20(1).ai HTTP/1.1" 206 1644252
201.245.192.253 - - [06/Mar/2019:07:03:51 -0500] "GET /galeria/nivo-slider/demo/images/Banner%20Politica%20Publica%20CONPES%20(1).ai HTTP/1.1" 206 1
201.245.192.253 - - [06/Mar/2019:07:03:51 -0500] "GET /galeria/nivo-slider/demo/images/Banner%20Politica%20Publica%20CONPES%20(1).ai HTTP/1.1" 206 1660312
66.249.79.153 - - [06/Mar/2019:07:03:58 -0500] "GET /BLA/resoluciones/RESOLUCIONES%202017/2727.pdf HTTP/1.1" 200 305075
201.245.192.253 - - [06/Mar/2019:07:03:58 -0500] "GET /galeria/nivo-slider/demo/images/Banner%20Politica%20Publica%20CONPES%20(1).ai HTTP/1.1" 206 1
201.245.192.253 - - [06/Mar/2019:07:03:58 -0500] "GET /galeria/nivo-slider/demo/images/Banner%20Politica%20Publica%20CONPES%20(1).ai HTTP/1.1" 206 1644252
152.200.240.102 - - [06/Mar/2019:07:04:01 -0500] "GET /galeria/galeria/jquery.fancybox.css?v=2.1.5 HTTP/1.1" 200 4895
152.200.240.102 - - [06/Mar/2019:07:04:01 -0500] "GET /galeria/carrusel/Carrusel/jquery.thumbnailScroller.css HTTP/1.1" 200 2066
152.200.240.102 - - [06/Mar/2019:07:04:01 -0500] "GET /BLA/boletinlegal/js/jquery.scrollShow.js HTTP/1.1" 200 4586
152.200.240.102 - - [06/Mar/2019:07:04:01 -0500] "GET /galeria/galeria/jquery.fancybox.js?v=2.1.5 HTTP/1.1" 200 48706
152.200.240.102 - - [06/Mar/2019:07:04:02 -0500] "GET /galeria/carrusel/Carrusel/jquery-ui-1.8.13.custom.min.js HTTP/1.1" 200 10800
152.200.240.102 - - [06/Mar/2019:07:04:02 -0500] "GET /galeria/carrusel/Carrusel/jquery.thumbnailScroller.js HTTP/1.1" 200 8157
152.200.240.102 - - [06/Mar/2019:07:04:02 -0500] "GET /galeria/nivo-slider/demo/demo.html HTTP/1.1" 200 22600
152.200.240.102 - - [06/Mar/2019:07:04:02 -0500] "GET /galeria/nivo-slider/themes/default/default.css HTTP/1.1" 200 1569
152.200.240.102 - - [06/Mar/2019:07:04:02 -0500] "GET /galeria/nivo-slider/themes/pascal/pascal.css HTTP/1.1" 200 2258
152.200.240.102 - - [06/Mar/2019:07:04:02 -0500] "GET /galeria/nivo-slider/themes/orman/orman.css HTTP/1.1" 200 2152
152.200.240.102 - - [06/Mar/2019:07:04:03 -0500] "GET /galeria/nivo-slider/nivo-slider.css HTTP/1.1" 200 1507
152.200.240.102 - - [06/Mar/2019:07:04:03 -0500] "GET /galeria/nivo-slider/demo/style.css HTTP/1.1" 200 2222
152.200.240.102 - - [06/Mar/2019:07:04:03 -0500] "GET /galeria/nivo-slider/demo/scripts/jquery-1.7.1.min.js HTTP/1.1" 200 93868
152.200.240.102 - - [06/Mar/2019:07:04:03 -0500] "GET /galeria/nivo-slider/jquery.nivo.slider.pack.js HTTP/1.1" 200 11561
152.200.240.102 - - [06/Mar/2019:07:04:03 -0500] "GET /galeria/nivo-slider/demo/images/Trafico%20de%20fauna.jpg HTTP/1.1" 200 198327
66.249.79.153 - - [06/Mar/2019:07:04:08 -0500] "GET /BLA/resoluciones/RESOLUCIONES%202013/0669.pdf HTTP/1.1" 200 741209
66.249.88.91 - - [06/Mar/2019:07:04:09 -0500] "GET /galeria/nivo-slider/demo/images/BANNER%20VAN%20DER%20HAMMEN.jpg HTTP/1.1" 200 64172
66.249.88.89 - - [06/Mar/2019:07:04:09 -0500] "GET /galeria/nivo-slider/jquery.nivo.slider.pack.js HTTP/1.1" 200 11561
66.249.88.93 - - [06/Mar/2019:07:04:09 -0500] "GET /galeria/nivo-slider/demo/images/Banner%20PGAE.jpg HTTP/1.1" 200 258166
66.249.88.91 - - [06/Mar/2019:07:04:09 -0500] "GET /galeria/nivo-slider/demo/images/Banneranonimos.png HTTP/1.1" 200 109388
66.249.88.91 - - [06/Mar/2019:07:04:09 -0500] "GET /galeria/nivo-slider/demo/images/banner%20aceite%20vegetal%20usado.jpg HTTP/1.1" 200 169350
66.249.88.93 - - [06/Mar/2019:07:04:09 -0500] "GET /galeria/nivo-slider/demo/images/Bannerweb_Tinguas.jpg HTTP/1.1" 200 258471
66.249.88.93 - - [06/Mar/2019:07:04:09 -0500] "GET /galeria/nivo-slider/demo/images/banner-humedales-de-bogota.jpg HTTP/1.1" 200 292611
66.249.88.91 - - [06/Mar/2019:07:04:09 -0500] "GET /galeria/nivo-slider/demo/images/Otorgamiento-excelencia-ambiental-Jos%C3%A9-Celestino-Mutis-2.jpg HTTP/1.1" 200 276467
66.249.88.93 - - [06/Mar/2019:07:04:09 -0500] "GET /galeria/nivo-slider/demo/images/bannerlumina2017web.jpg HTTP/1.1" 200 198918
66.249.88.89 - - [06/Mar/2019:07:04:09 -0500] "GET /galeria/nivo-slider/demo/images/avances-sentencias-rio-bogota-2.jpg HTTP/1.1" 200 304916
66.249.88.91 - - [06/Mar/2019:07:04:09 -0500] "GET /galeria/nivo-slider/demo/images/gobierno%20digital-01.jpg HTTP/1.1" 200 116163
66.249.88.89 - - [06/Mar/2019:07:04:09 -0500] "GET /galeria/nivo-slider/demo/images/Banner%20Conpes.jpg HTTP/1.1" 200 55220
66.249.88.89 - - [06/Mar/2019:07:04:09 -0500] "GET /galeria/nivo-slider/demo/images/Banner%20POT.png HTTP/1.1" 200 418238
66.249.88.91 - - [06/Mar/2019:07:04:09 -0500] "GET /galeria/nivo-slider/demo/images/Caminatas%20marzo.png HTTP/1.1" 200 661357
66.249.88.89 - - [06/Mar/2019:07:04:09 -0500] "GET /galeria/nivo-slider/demo/images/Pot_banner.jpg HTTP/1.1" 200 204736
66.249.88.93 - - [06/Mar/2019:07:04:09 -0500] "GET /galeria/nivo-slider/demo/images/banner-bolsas-plasticas.jpg HTTP/1.1" 200 317939
66.249.88.91 - - [06/Mar/2019:07:04:09 -0500] "GET /galeria/nivo-slider/demo/images/BANNER%20punto.jpg HTTP/1.1" 200 75932
66.249.88.89 - - [06/Mar/2019:07:04:09 -0500] "GET /galeria/nivo-slider/demo/images/Banner%20practicas%20sostenibles.jpg HTTP/1.1" 200 142958
66.249.88.89 - - [06/Mar/2019:07:04:09 -0500] "GET /galeria/nivo-slider/demo/images/maximavelocidad.png HTTP/1.1" 200 880272
66.249.88.93 - - [06/Mar/2019:07:04:09 -0500] "GET /galeria/nivo-slider/demo/images/incendios-forestales.png HTTP/1.1" 200 61469
66.249.88.89 - - [06/Mar/2019:07:04:09 -0500] "GET /galeria/nivo-slider/demo/images/Banner_micrositio.png HTTP/1.1" 200 146950
66.249.88.89 - - [06/Mar/2019:07:04:09 -0500] "GET /galeria/nivo-slider/demo/images/web%20ingreso%20humedales.png HTTP/1.1" 200 641193
152.200.240.102 - - [06/Mar/2019:07:04:14 -0500] "GET /galeria/nivo-slider/demo/images/4Simple_Slider.png HTTP/1.1" 200 11722
152.200.240.102 - - [06/Mar/2019:07:04:15 -0500] "GET /galeria/nivo-slider/themes/default/loading.gif HTTP/1.1" 200 1737
152.200.240.102 - - [06/Mar/2019:07:04:15 -0500] "GET /galeria/nivo-slider/demo/images/Bannerweb_Tinguas.jpg HTTP/1.1" 200 258471
190.144.166.61 - - [06/Mar/2019:07:04:16 -0500] "GET /galeria/nivo-slider/demo/images/Banner%20Politica%20Publica%20CONPES%20(1).ai HTTP/1.1" 206 1
152.200.240.102 - - [06/Mar/2019:07:04:18 -0500] "GET /galeria/nivo-slider/demo/images/Banner%20PGAE.jpg HTTP/1.1" 200 258166
66.249.79.155 - - [06/Mar/2019:07:04:18 -0500] "GET /BLA/resoluciones/AUTOS%202017/2658.pdf HTTP/1.1" 200 939354
66.249.88.93 - - [06/Mar/2019:07:04:20 -0500] "GET /galeria/galeria/jquery.fancybox.css?v=2.1.5 HTTP/1.1" 200 4895
66.249.88.91 - - [06/Mar/2019:07:04:20 -0500] "GET /BLA/boletinlegal/js/jquery.scrollShow.js HTTP/1.1" 200 4586
66.249.88.93 - - [06/Mar/2019:07:04:20 -0500] "GET /galeria/galeria/jquery.fancybox.js?v=2.1.5 HTTP/1.1" 200 48706
69.162.124.233 - - [06/Mar/2019:07:04:26 -0500] "HEAD / HTTP/1.1" 200 -
190.144.166.61 - - [06/Mar/2019:07:04:26 -0500] "GET /galeria/nivo-slider/demo/images/Banner%20Politica%20Publica%20CONPES%20(1).ai HTTP/1.1" 206 1
152.200.240.102 - - [06/Mar/2019:07:04:26 -0500] "GET /galeria/nivo-slider/demo/images/Caminatas%20marzo.png HTTP/1.1" 200 661357
152.200.240.102 - - [06/Mar/2019:07:04:26 -0500] "GET /galeria/nivo-slider/demo/images/Banner%20Conpes.jpg HTTP/1.1" 200 55220
152.200.240.102 - - [06/Mar/2019:07:04:26 -0500] "GET /galeria/nivo-slider/demo/images/Banner%20practicas%20sostenibles.jpg HTTP/1.1" 200 142958
152.200.240.102 - - [06/Mar/2019:07:04:26 -0500] "GET /galeria/nivo-slider/demo/images/Banner%20POT.png HTTP/1.1" 200 418238
66.249.79.153 - - [06/Mar/2019:07:04:29 -0500] "GET /BLA/resoluciones/index.php?dir=Notificaciones%2FAUTOS+2018%2F HTTP/1.1" 200 38581
152.200.240.102 - - [06/Mar/2019:07:04:32 -0500] "GET /galeria/nivo-slider/demo/images/incendios-forestales.png HTTP/1.1" 200 61469
201.245.192.253 - - [06/Mar/2019:07:04:37 -0500] "POST /sipse/faces/presentacion/financiero/solicitudProceso/consultarSolicitudProceso.xhtml HTTP/1.1" 200 60807
201.245.192.253 - - [06/Mar/2019:07:04:38 -0500] "GET /sipse/faces/javax.faces.resource/jquery/jquery.js?ln=primefaces&v=4.0 HTTP/1.1" 304 -
201.245.192.253 - - [06/Mar/2019:07:04:38 -0500] "GET /sipse/faces/javax.faces.resource/jquery/jquery-plugins.js?ln=primefaces&v=4.0 HTTP/1.1" 304 -
201.245.192.253 - - [06/Mar/2019:07:04:38 -0500] "GET /sipse/faces/javax.faces.resource/primefaces.js?ln=primefaces&v=4.0 HTTP/1.1" 304 -
201.245.192.253 - - [06/Mar/2019:07:04:38 -0500] "GET /sipse/faces/javax.faces.resource/layout/layout.js?ln=primefaces&v=4.0 HTTP/1.1" 304 -
201.245.192.253 - - [06/Mar/2019:07:04:38 -0500] "POST /sipse/faces/presentacion/financiero/solicitudProceso/listarSolicitudProceso.xhtml HTTP/1.1" 200 54048
201.245.192.253 - - [06/Mar/2019:07:04:38 -0500] "GET /galeria/nivo-slider/demo/images/Banner%20Politica%20Publica%20CONPES%20(1).ai HTTP/1.1" 206 1
201.245.192.253 - - [06/Mar/2019:07:04:38 -0500] "GET /galeria/nivo-slider/demo/images/Banner%20Politica%20Publica%20CONPES%20(1).ai HTTP/1.1" 206 1644252
152.200.240.102 - - [06/Mar/2019:07:04:39 -0500] "GET /galeria/nivo-slider/demo/images/Pot_banner.jpg HTTP/1.1" 200 204736
66.249.79.153 - - [06/Mar/2019:07:04:39 -0500] "GET /BLA/resoluciones/RESOLUCIONES%202017/3505.pdf HTTP/1.1" 200 302181
201.245.192.253 - - [06/Mar/2019:07:04:38 -0500] "POST /sipse/faces/presentacion/financiero/solicitudProceso/listarSolicitudProceso.xhtml HTTP/1.1" 200 54048
201.245.192.253 - - [06/Mar/2019:07:04:39 -0500] "POST /sipse/faces/presentacion/financiero/solicitudProceso/listarSolicitudProceso.xhtml HTTP/1.1" 200 1448
201.245.192.253 - - [06/Mar/2019:07:04:40 -0500] "POST /sipse/faces/presentacion/financiero/solicitudProceso/listarSolicitudProceso.xhtml HTTP/1.1" 200 1448
201.245.192.253 - - [06/Mar/2019:07:04:41 -0500] "POST /sipse/faces/presentacion/financiero/solicitudProceso/listarSolicitudProceso.xhtml HTTP/1.1" 200 1448
201.245.192.253 - - [06/Mar/2019:07:04:43 -0500] "GET /galeria/nivo-slider/demo/images/Banner%20Politica%20Publica%20CONPES%20(1).ai HTTP/1.1" 206 1
201.245.192.253 - - [06/Mar/2019:07:04:43 -0500] "GET /galeria/nivo-slider/demo/images/Banner%20Politica%20Publica%20CONPES%20(1).ai HTTP/1.1" 206 1644252
66.249.88.93 - - [06/Mar/2019:07:04:43 -0500] "GET /galeria/nivo-slider/themes/default/loading.gif HTTP/1.1" 200 1737
66.249.88.89 - - [06/Mar/2019:07:04:43 -0500] "GET /galeria/nivo-slider/demo/images/4Simple_Slider.png HTTP/1.1" 200 11722
152.201.2.146 - - [06/Mar/2019:07:04:44 -0500] "GET /galeria/galeria/jquery.fancybox.css?v=2.1.5 HTTP/1.1" 304 -
152.201.2.146 - - [06/Mar/2019:07:04:44 -0500] "GET /BLA/boletinlegal/js/jquery.scrollShow.js HTTP/1.1" 304 -
152.201.2.146 - - [06/Mar/2019:07:04:44 -0500] "GET /galeria/galeria/jquery.fancybox.js?v=2.1.5 HTTP/1.1" 304 -
201.245.192.253 - - [06/Mar/2019:07:04:45 -0500] "POST /sipse/faces/presentacion/financiero/solicitudProceso/listarSolicitudProceso.xhtml HTTP/1.1" 200 7148
216.244.66.195 - - [06/Mar/2019:07:04:46 -0500] "GET /robots.txt HTTP/1.1" 404 1018
201.245.192.253 - - [06/Mar/2019:07:04:47 -0500] "POST /sipse/faces/presentacion/financiero/solicitudProceso/listarSolicitudProceso.xhtml HTTP/1.1" 200 120331
201.245.192.253 - - [06/Mar/2019:07:04:48 -0500] "GET /sipse/faces/javax.faces.resource/jquery/jquery.js?ln=primefaces&v=4.0 HTTP/1.1" 304 -
201.245.192.253 - - [06/Mar/2019:07:04:48 -0500] "GET /sipse/faces/javax.faces.resource/jquery/jquery-plugins.js?ln=primefaces&v=4.0 HTTP/1.1" 304 -
201.245.192.253 - - [06/Mar/2019:07:04:48 -0500] "GET /sipse/faces/javax.faces.resource/primefaces.js?ln=primefaces&v=4.0 HTTP/1.1" 304 -
201.245.192.253 - - [06/Mar/2019:07:04:48 -0500] "GET /sipse/faces/javax.faces.resource/layout/layout.js?ln=primefaces&v=4.0 HTTP/1.1" 304 -
201.245.192.253 - - [06/Mar/2019:07:04:48 -0500] "GET /galeria/nivo-slider/demo/images/Banner%20Politica%20Publica%20CONPES%20(1).ai HTTP/1.1" 206 1
201.245.192.253 - - [06/Mar/2019:07:04:48 -0500] "GET /galeria/nivo-slider/demo/images/Banner%20Politica%20Publica%20CONPES%20(1).ai HTTP/1.1" 206 1644252
201.245.192.253 - - [06/Mar/2019:07:04:48 -0500] "GET /reportes_sipse/sdg/ServletReporte?reporte=solicitud_cdp&Solicitud=6289&pfdrid_c=false HTTP/1.1" 200 135298
66.249.79.155 - - [06/Mar/2019:07:04:49 -0500] "GET /Residuos/textiles/files/guia_textiles.pdf HTTP/1.1" 200 12356716
201.245.192.253 - - [06/Mar/2019:07:04:53 -0500] "GET /galeria/nivo-slider/demo/images/Banner%20Politica%20Publica%20CONPES%20(1).ai HTTP/1.1" 206 1
201.245.192.253 - - [06/Mar/2019:07:04:53 -0500] "GET /galeria/nivo-slider/demo/images/Banner%20Politica%20Publica%20CONPES%20(1).ai HTTP/1.1" 206 1644252
201.245.192.253 - - [06/Mar/2019:07:04:53 -0500] "GET /reportes_sipse/sdg/ServletReporte?reporte=solicitud_cdp&Solicitud=6289&pfdrid_c=false HTTP/1.1" 200 135298
201.245.192.253 - - [06/Mar/2019:07:04:57 -0500] "GET /reportes_sipse/sdg/ServletReporte?reporte=solicitud_cdp&Solicitud=6288&pfdrid_c=false HTTP/1.1" 200 135299
200.91.228.52 - - [06/Mar/2019:07:05:09 -0500] "GET /galeria/galeria/jquery.fancybox.css?v=2.1.5 HTTP/1.1" 200 4895
200.91.228.52 - - [06/Mar/2019:07:05:09 -0500] "GET /BLA/boletinlegal/js/jquery.scrollShow.js HTTP/1.1" 200 4586
200.91.228.52 - - [06/Mar/2019:07:05:09 -0500] "GET /galeria/galeria/jquery.fancybox.js?v=2.1.5 HTTP/1.1" 200 48706
201.245.192.253 - - [06/Mar/2019:07:05:10 -0500] "POST /sipse/faces/presentacion/financiero/solicitudProceso/consultarSolicitudProceso.xhtml HTTP/1.1" 200 23164
201.245.192.253 - - [06/Mar/2019:07:05:10 -0500] "GET /sipse/faces/javax.faces.resource/jquery/jquery.js?ln=primefaces&v=4.0 HTTP/1.1" 304 -
201.245.192.253 - - [06/Mar/2019:07:05:10 -0500] "GET /sipse/css/custom_css_sg.css HTTP/1.1" 304 -
201.245.192.253 - - [06/Mar/2019:07:05:10 -0500] "GET /sipse/css/custom_css_sg_prime.css HTTP/1.1" 304 -
201.245.192.253 - - [06/Mar/2019:07:05:10 -0500] "GET /sipse/faces/javax.faces.resource/jquery/jquery-plugins.js?ln=primefaces&v=4.0 HTTP/1.1" 304 -
201.245.192.253 - - [06/Mar/2019:07:05:10 -0500] "GET /sipse/faces/javax.faces.resource/layout/layout.js?ln=primefaces&v=4.0 HTTP/1.1" 304 -
201.245.192.253 - - [06/Mar/2019:07:05:10 -0500] "GET /sipse/faces/javax.faces.resource/primefaces.js?ln=primefaces&v=4.0 HTTP/1.1" 304 -
201.245.192.253 - - [06/Mar/2019:07:05:10 -0500] "GET /sipse/faces/javax.faces.resource/theme.css?ln=primefaces-sipse HTTP/1.1" 304 -
201.245.192.253 - - [06/Mar/2019:07:05:10 -0500] "GET /sipse/faces/javax.faces.resource/primefaces.css?ln=primefaces&v=4.0 HTTP/1.1" 304 -
201.245.192.253 - - [06/Mar/2019:07:05:10 -0500] "GET /sipse/faces/javax.faces.resource/layout/layout.css?ln=primefaces&v=4.0 HTTP/1.1" 304 -
201.245.192.253 - - [06/Mar/2019:07:05:10 -0500] "GET /sipse/faces/javax.faces.resource/fileupload/fileupload.css?ln=primefaces&v=4.0 HTTP/1.1" 304 -
201.245.192.253 - - [06/Mar/2019:07:05:10 -0500] "GET /sipse/faces/javax.faces.resource/fileupload/fileupload.js?ln=primefaces&v=4.0 HTTP/1.1" 304 -
201.245.192.253 - - [06/Mar/2019:07:05:10 -0500] "GET /sipse/imagenes/cargando.gif HTTP/1.1" 304 -
201.245.192.253 - - [06/Mar/2019:07:05:10 -0500] "GET /sipse/css/imagen/logoSDG.png HTTP/1.1" 304 -
201.245.192.253 - - [06/Mar/2019:07:05:10 -0500] "GET /sipse/css/imagen/contrasena.png HTTP/1.1" 404 383
201.245.192.253 - - [06/Mar/2019:07:05:10 -0500] "GET /sipse/faces/javax.faces.resource/images/ui-icons_898989_256x240.png?ln=primefaces-aristo HTTP/1.1" 304 -
192.168.175.104 - - [06/Mar/2019:07:05:24 -0500] "GET / HTTP/1.1" 200 9990
