!C99Shell v. 1.0 pre-release build #13!

Software: Apache. PHP/5.5.15 

uname -a: Windows NT SVR-DMZ 6.1 build 7600 (Windows Server 2008 R2 Enterprise Edition) i586 

SYSTEM 

Safe-mode: OFF (not secure)

E:\nuevo\apache\logs\   drwxrwxrwx
Free 9.41 GB of 239.26 GB (3.93%)
Detected drives: [ a ] [ c ] [ d ] [ e ] [ f ]
Home    Back    Forward    UPDIR    Refresh    Search    Buffer    Encoder    Tools    Proc.    FTP brute    Sec.    SQL    PHP-code    Update    Feedback    Self remove    Logout    


Viewing file:     access.2019.03.06.log (12.24 MB)      -rw-rw-rw-
Select action/file-type:
(+) | (+) | (+) | Code (+) | Session (+) | (+) | SDB (+) | (+) | (+) | (+) | (+) | (+) |
66.249.79.155 - - [06/Mar/2019:00:00:17 -0500] "GET /BLA/resoluciones/RESOLUCIONES%202006/RES%202006%20501-550/00000503.tif HTTP/1.1" 200 471166
66.249.79.153 - - [06/Mar/2019:00:00:36 -0500] "GET /BLA/resoluciones/RESOLUCIONES%202011/4256.pdf HTTP/1.1" 200 279523
179.32.118.5 - - [06/Mar/2019:00:00:36 -0500] "GET /BLA/boletinlegal/consulta_actos.php?tipo=autos&no=&usuario=&sector=SILVICULTURA&fecha=2018&resuelve= HTTP/1.1" 200 293162
201.245.192.253 - - [06/Mar/2019:00:00:39 -0500] "GET /galeria/nivo-slider/demo/images/Banner%20Politica%20Publica%20CONPES%20(1).ai HTTP/1.1" 206 1
201.245.192.253 - - [06/Mar/2019:00:00:39 -0500] "GET /galeria/nivo-slider/demo/images/Banner%20Politica%20Publica%20CONPES%20(1).ai HTTP/1.1" 206 1644252
66.249.79.153 - - [06/Mar/2019:00:00:40 -0500] "GET /BLA/resoluciones/RESOLUCIONES%202008/3205.pdf HTTP/1.1" 200 268725
179.32.118.5 - - [06/Mar/2019:00:00:39 -0500] "GET /BLA/boletinlegal/consulta_actos.php?tipo=autos&no=&usuario=&sector=SILVICULTURA&fecha=2018&resuelve= HTTP/1.1" 200 293162
186.84.93.84 - - [06/Mar/2019:00:00:46 -0500] "GET /BLA/boletinlegal/consulta.php?menu=publicidad HTTP/1.1" 200 27558
186.84.93.84 - - [06/Mar/2019:00:00:46 -0500] "GET /BLA/boletinlegal/images/docs.png HTTP/1.1" 200 10288
186.84.93.84 - - [06/Mar/2019:00:00:46 -0500] "GET /BLA/boletinlegal/images/background.gif HTTP/1.1" 200 -
66.249.79.153 - - [06/Mar/2019:00:00:46 -0500] "GET /BLA/resoluciones/AUTOS%202018/1022.pdf HTTP/1.1" 200 273267
201.245.192.253 - - [06/Mar/2019:00:00:47 -0500] "GET /galeria/nivo-slider/demo/images/Banner%20Politica%20Publica%20CONPES%20(1).ai HTTP/1.1" 206 1
201.245.192.253 - - [06/Mar/2019:00:00:47 -0500] "GET /galeria/nivo-slider/demo/images/Banner%20Politica%20Publica%20CONPES%20(1).ai HTTP/1.1" 206 1644252
186.84.93.84 - - [06/Mar/2019:00:00:48 -0500] "GET /BLA/boletinlegal/consulta.php?menu=publicidad HTTP/1.1" 200 27558
200.88.232.8 - - [06/Mar/2019:00:00:48 -0500] "-" 408 -
201.245.192.253 - - [06/Mar/2019:00:00:49 -0500] "GET /galeria/nivo-slider/demo/images/Banner%20Politica%20Publica%20CONPES%20(1).ai HTTP/1.1" 206 1
201.245.192.253 - - [06/Mar/2019:00:00:49 -0500] "GET /galeria/nivo-slider/demo/images/Banner%20Politica%20Publica%20CONPES%20(1).ai HTTP/1.1" 206 1644252
201.245.192.253 - - [06/Mar/2019:00:00:57 -0500] "GET /galeria/nivo-slider/demo/images/Banner%20Politica%20Publica%20CONPES%20(1).ai HTTP/1.1" 206 1
201.245.192.253 - - [06/Mar/2019:00:00:57 -0500] "GET /galeria/nivo-slider/demo/images/Banner%20Politica%20Publica%20CONPES%20(1).ai HTTP/1.1" 206 1644252
181.49.71.96 - - [06/Mar/2019:00:01:02 -0500] "GET /BLA/boletinlegal/js/jquery.scrollShow.js HTTP/1.1" 200 4586
181.49.71.96 - - [06/Mar/2019:00:01:02 -0500] "GET /galeria/galeria/jquery.fancybox.js?v=2.1.5 HTTP/1.1" 200 48706
181.49.71.96 - - [06/Mar/2019:00:01:02 -0500] "GET /galeria/galeria/jquery.fancybox.css?v=2.1.5 HTTP/1.1" 200 4895
181.131.246.7 - - [06/Mar/2019:00:01:03 -0500] "-" 408 -
179.32.118.5 - - [06/Mar/2019:00:01:07 -0500] "GET /BLA/boletinlegal/consulta_actos.php?tipo=autos&no=&usuario=&sector=SILVICULTURA&fecha=2018&resuelve=tala HTTP/1.1" 200 626
179.32.118.5 - - [06/Mar/2019:00:01:09 -0500] "GET /BLA/boletinlegal/consulta_actos.php?tipo=autos&no=&usuario=&sector=SILVICULTURA&fecha=2018&resuelve=tala HTTP/1.1" 200 626
179.32.118.5 - - [06/Mar/2019:00:01:12 -0500] "GET /BLA/boletinlegal/consulta_actos.php?tipo=autos&no=&usuario=&sector=SILVICULTURA&fecha=2018&resuelve= HTTP/1.1" 200 293162
181.49.71.96 - - [06/Mar/2019:00:01:14 -0500] "GET /galeria/galeria/jquery.fancybox.js?v=2.1.5 HTTP/1.1" 200 48706
181.49.71.96 - - [06/Mar/2019:00:01:14 -0500] "GET /galeria/galeria/jquery.fancybox.css?v=2.1.5 HTTP/1.1" 200 4895
181.49.71.96 - - [06/Mar/2019:00:01:14 -0500] "GET /BLA/boletinlegal/js/jquery.scrollShow.js HTTP/1.1" 200 4586
179.32.118.5 - - [06/Mar/2019:00:01:18 -0500] "GET /BLA/boletinlegal/consulta_actos.php?tipo=resoluciones&no=&usuario=&sector=SILVICULTURA&fecha=2018&resuelve= HTTP/1.1" 200 164222
179.32.118.5 - - [06/Mar/2019:00:01:29 -0500] "GET /BLA/resoluciones/RESOLUCIONES%202018/4340.pdf HTTP/1.1" 200 293012
54.36.150.7 - - [06/Mar/2019:00:01:39 -0500] "GET /BLA/resoluciones/RESOLUCIONES%202005/RES%202005%203051-3100/00003077.tif HTTP/1.1" 200 88944
190.60.214.130 - - [06/Mar/2019:00:01:45 -0500] "GET /galeria/galeria/jquery.fancybox.css?v=2.1.5 HTTP/1.1" 200 4895
190.60.214.130 - - [06/Mar/2019:00:01:45 -0500] "GET /BLA/boletinlegal/js/jquery.scrollShow.js HTTP/1.1" 200 4586
190.60.214.130 - - [06/Mar/2019:00:01:45 -0500] "GET /galeria/galeria/jquery.fancybox.js?v=2.1.5 HTTP/1.1" 200 48706
66.249.79.153 - - [06/Mar/2019:00:02:08 -0500] "GET /BLA/resoluciones/AUTOS%202017/2143.pdf HTTP/1.1" 200 1103062
66.249.79.153 - - [06/Mar/2019:00:02:18 -0500] "GET /BLA/resoluciones/Notificaciones/AUTOS%202017/01653.doc HTTP/1.1" 200 285006
66.249.79.153 - - [06/Mar/2019:00:02:28 -0500] "GET /BLA/resoluciones/AUTOS%202017/2611.pdf HTTP/1.1" 200 285390
216.244.66.195 - - [06/Mar/2019:00:02:30 -0500] "GET /robots.txt HTTP/1.1" 404 1018
66.249.79.153 - - [06/Mar/2019:00:02:38 -0500] "GET /BLA/resoluciones/AUTOS%202017/2969.pdf HTTP/1.1" 200 306139
157.55.39.63 - - [06/Mar/2019:00:02:43 -0500] "GET /BLA/boletinlegal/images/registro-usuarios.png HTTP/1.1" 200 8106
186.84.93.84 - - [06/Mar/2019:00:02:46 -0500] "GET /BLA/boletinlegal/norma_menu.php HTTP/1.1" 200 6318
186.84.93.84 - - [06/Mar/2019:00:02:46 -0500] "GET /BLA/boletinlegal/styles2.css HTTP/1.1" 200 1838
181.131.246.7 - - [06/Mar/2019:00:02:48 -0500] "-" 408 -
66.249.79.155 - - [06/Mar/2019:00:02:48 -0500] "GET /BLA/resoluciones/AUTOS%202017/2568.pdf HTTP/1.1" 200 278213
179.32.118.5 - - [06/Mar/2019:00:02:52 -0500] "GET /BLA/resoluciones/RESOLUCIONES%202018/4329.pdf HTTP/1.1" 200 434588
201.245.192.253 - - [06/Mar/2019:00:02:52 -0500] "GET /galeria/nivo-slider/demo/images/Banner%20Politica%20Publica%20CONPES%20(1).ai HTTP/1.1" 206 1
201.245.192.253 - - [06/Mar/2019:00:02:52 -0500] "GET /galeria/nivo-slider/demo/images/Banner%20Politica%20Publica%20CONPES%20(1).ai HTTP/1.1" 206 1660312
186.82.112.49 - - [06/Mar/2019:00:02:53 -0500] "GET /BLA/boletinlegal/js/jquery.scrollShow.js HTTP/1.1" 200 4586
186.82.112.49 - - [06/Mar/2019:00:02:53 -0500] "GET /galeria/galeria/jquery.fancybox.css?v=2.1.5 HTTP/1.1" 200 4895
186.82.112.49 - - [06/Mar/2019:00:02:53 -0500] "GET /galeria/galeria/jquery.fancybox.js?v=2.1.5 HTTP/1.1" 200 48706
69.162.124.233 - - [06/Mar/2019:00:02:57 -0500] "HEAD / HTTP/1.1" 200 -
66.249.79.153 - - [06/Mar/2019:00:02:58 -0500] "GET /BLA/resoluciones/RESOLUCIONES%202011/4376.pdf HTTP/1.1" 200 1063323
201.245.192.253 - - [06/Mar/2019:00:03:02 -0500] "GET /galeria/nivo-slider/demo/images/Banner%20Politica%20Publica%20CONPES%20(1).ai HTTP/1.1" 206 1
201.245.192.253 - - [06/Mar/2019:00:03:02 -0500] "GET /galeria/nivo-slider/demo/images/Banner%20Politica%20Publica%20CONPES%20(1).ai HTTP/1.1" 206 1660312
192.168.175.104 - - [06/Mar/2019:00:03:02 -0500] "GET / HTTP/1.1" 200 9990
66.249.79.155 - - [06/Mar/2019:00:03:08 -0500] "GET /BLA/resoluciones/AUTOS%202015/6441.pdf HTTP/1.1" 200 297461
186.84.93.84 - - [06/Mar/2019:00:03:17 -0500] "GET /BLA/boletinlegal/consulta.php?menu=publicidad HTTP/1.1" 200 27558
186.84.93.84 - - [06/Mar/2019:00:03:17 -0500] "GET /BLA/boletinlegal/images/docs.png HTTP/1.1" 200 10288
66.249.79.153 - - [06/Mar/2019:00:03:19 -0500] "GET /BLA/resoluciones/AUTOS%202017/1864.pdf HTTP/1.1" 200 334506
186.84.93.84 - - [06/Mar/2019:00:03:19 -0500] "GET /BLA/boletinlegal/consulta.php?menu=publicidad HTTP/1.1" 200 27558
192.168.175.104 - - [06/Mar/2019:00:03:25 -0500] "GET / HTTP/1.0" 200 9990
190.144.166.61 - - [06/Mar/2019:00:03:28 -0500] "GET /galeria/nivo-slider/demo/images/Banner%20Politica%20Publica%20CONPES%20(1).ai HTTP/1.1" 206 1
66.249.79.153 - - [06/Mar/2019:00:03:29 -0500] "GET /BLA/resoluciones/Notificaciones/AUTOS%202017/03488.pdf HTTP/1.1" 200 1841349
190.144.166.61 - - [06/Mar/2019:00:03:38 -0500] "GET /galeria/nivo-slider/demo/images/Banner%20Politica%20Publica%20CONPES%20(1).ai HTTP/1.1" 206 1
66.249.79.155 - - [06/Mar/2019:00:03:39 -0500] "GET /BLA/resoluciones/AUTOS%202017/2541.pdf HTTP/1.1" 200 284059
66.249.79.153 - - [06/Mar/2019:00:03:49 -0500] "GET /BLA/resoluciones/AUTOS%202017/4896.pdf HTTP/1.1" 200 527549
201.245.192.253 - - [06/Mar/2019:00:03:49 -0500] "GET /galeria/nivo-slider/demo/images/Banner%20Politica%20Publica%20CONPES%20(1).ai HTTP/1.1" 206 1
201.245.192.253 - - [06/Mar/2019:00:03:49 -0500] "GET /galeria/nivo-slider/demo/images/Banner%20Politica%20Publica%20CONPES%20(1).ai HTTP/1.1" 206 1644252
201.245.192.253 - - [06/Mar/2019:00:03:54 -0500] "GET /galeria/nivo-slider/demo/images/Banner%20Politica%20Publica%20CONPES%20(1).ai HTTP/1.1" 206 1
201.245.192.253 - - [06/Mar/2019:00:03:54 -0500] "GET /galeria/nivo-slider/demo/images/Banner%20Politica%20Publica%20CONPES%20(1).ai HTTP/1.1" 206 1644252
66.249.79.155 - - [06/Mar/2019:00:03:59 -0500] "GET /BLA/resoluciones/AUTOS%202018/1690.pdf HTTP/1.1" 200 291162
201.245.192.253 - - [06/Mar/2019:00:03:59 -0500] "GET /galeria/nivo-slider/demo/images/Banner%20Politica%20Publica%20CONPES%20(1).ai HTTP/1.1" 206 1
201.245.192.253 - - [06/Mar/2019:00:03:59 -0500] "GET /galeria/nivo-slider/demo/images/Banner%20Politica%20Publica%20CONPES%20(1).ai HTTP/1.1" 206 1644252
201.245.192.253 - - [06/Mar/2019:00:04:04 -0500] "GET /galeria/nivo-slider/demo/images/Banner%20Politica%20Publica%20CONPES%20(1).ai HTTP/1.1" 206 1
201.245.192.253 - - [06/Mar/2019:00:04:04 -0500] "GET /galeria/nivo-slider/demo/images/Banner%20Politica%20Publica%20CONPES%20(1).ai HTTP/1.1" 206 1644252
66.249.79.153 - - [06/Mar/2019:00:04:09 -0500] "GET /BLA/resoluciones/RESOLUCIONES%202017/3519.pdf HTTP/1.1" 200 382443
66.249.79.155 - - [06/Mar/2019:00:04:19 -0500] "GET /BLA/resoluciones/AUTOS%202017/3107.pdf HTTP/1.1" 200 268073
180.76.15.23 - - [06/Mar/2019:00:04:24 -0500] "GET /BLA/resoluciones/index.php?dir=AUTOS%202013/&sort=date&order=asc HTTP/1.1" 200 403841
66.249.79.153 - - [06/Mar/2019:00:04:30 -0500] "GET /BLA/resoluciones/AUTOS%202017/2583.pdf HTTP/1.1" 200 390591
201.245.192.253 - - [06/Mar/2019:00:04:39 -0500] "GET /galeria/nivo-slider/demo/images/Banner%20Politica%20Publica%20CONPES%20(1).ai HTTP/1.1" 206 1
201.245.192.253 - - [06/Mar/2019:00:04:39 -0500] "GET /galeria/nivo-slider/demo/images/Banner%20Politica%20Publica%20CONPES%20(1).ai HTTP/1.1" 206 1644252
66.249.79.153 - - [06/Mar/2019:00:04:40 -0500] "GET /BLA/resoluciones/AUTOS%202017/2489.pdf HTTP/1.1" 200 220432
201.245.192.253 - - [06/Mar/2019:00:04:49 -0500] "GET /galeria/nivo-slider/demo/images/Banner%20Politica%20Publica%20CONPES%20(1).ai HTTP/1.1" 206 1
66.249.79.153 - - [06/Mar/2019:00:04:50 -0500] "GET /BLA/resoluciones/AUTOS%202017/2914.pdf HTTP/1.1" 200 256996
201.245.192.253 - - [06/Mar/2019:00:04:57 -0500] "GET /galeria/nivo-slider/demo/images/Banner%20Politica%20Publica%20CONPES%20(1).ai HTTP/1.1" 206 1
201.245.192.253 - - [06/Mar/2019:00:04:57 -0500] "GET /galeria/nivo-slider/demo/images/Banner%20Politica%20Publica%20CONPES%20(1).ai HTTP/1.1" 206 1644252
186.154.129.249 - - [06/Mar/2019:00:04:59 -0500] "GET /BLA/boletinlegal/js/jquery.scrollShow.js HTTP/1.1" 200 4586
186.154.129.249 - - [06/Mar/2019:00:04:59 -0500] "GET /galeria/galeria/jquery.fancybox.js?v=2.1.5 HTTP/1.1" 200 48706
186.154.129.249 - - [06/Mar/2019:00:04:59 -0500] "GET /galeria/galeria/jquery.fancybox.css?v=2.1.5 HTTP/1.1" 200 4895
66.249.79.153 - - [06/Mar/2019:00:05:00 -0500] "GET /BLA/resoluciones/RESOLUCIONES%202011/5727.pdf HTTP/1.1" 200 754961
186.154.129.249 - - [06/Mar/2019:00:05:04 -0500] "GET /BLA/boletinlegal/js/jquery.scrollShow.js HTTP/1.1" 304 -
186.154.129.249 - - [06/Mar/2019:00:05:04 -0500] "GET /galeria/galeria/jquery.fancybox.js?v=2.1.5 HTTP/1.1" 304 -
186.154.129.249 - - [06/Mar/2019:00:05:04 -0500] "GET /galeria/galeria/jquery.fancybox.css?v=2.1.5 HTTP/1.1" 304 -
201.245.192.253 - - [06/Mar/2019:00:05:07 -0500] "GET /galeria/nivo-slider/demo/images/Banner%20Politica%20Publica%20CONPES%20(1).ai HTTP/1.1" 206 1
201.245.192.253 - - [06/Mar/2019:00:05:07 -0500] "GET /galeria/nivo-slider/demo/images/Banner%20Politica%20Publica%20CONPES%20(1).ai HTTP/1.1" 206 1644252
66.249.79.155 - - [06/Mar/2019:00:05:10 -0500] "GET /BLA/resoluciones/AUTOS%202018/2623.pdf HTTP/1.1" 200 308766
186.154.129.249 - - [06/Mar/2019:00:05:12 -0500] "GET /autoliquidacion HTTP/1.1" 301 310
186.154.129.249 - - [06/Mar/2019:00:05:12 -0500] "GET /autoliquidacion/ HTTP/1.1" 200 6377
186.154.129.249 - - [06/Mar/2019:00:05:12 -0500] "GET /autoliquidacion/dlf/styles.css HTTP/1.1" 200 3045
186.154.129.249 - - [06/Mar/2019:00:05:12 -0500] "GET /autoliquidacion/dlf/folder.png HTTP/1.1" 200 410
186.154.129.249 - - [06/Mar/2019:00:05:12 -0500] "GET /autoliquidacion/dlf/bg.gif HTTP/1.1" 200 54
186.154.129.249 - - [06/Mar/2019:00:05:14 -0500] "GET /autoliquidacion/index.php?dir=Solicitudes+relacionadas+con+calidad+del+aire+auditiva+y+visual%2F HTTP/1.1" 200 5748
186.154.129.249 - - [06/Mar/2019:00:05:14 -0500] "GET /autoliquidacion/dlf/dirup.png HTTP/1.1" 200 644
107.167.116.97 - - [06/Mar/2019:00:05:18 -0500] "GET /Residuos/impresion/files/guia_impresion-lit.pdf HTTP/1.1" 200 12573981
186.28.60.144 - - [06/Mar/2019:00:05:18 -0500] "GET /Residuos/impresion/files/guia_impresion-lit.pdf HTTP/1.1" 200 12573981
186.154.129.249 - - [06/Mar/2019:00:05:18 -0500] "GET /autoliquidacion/index.php?dir=Solicitudes+relacionadas+con+calidad+del+aire+auditiva+y+visual%2FRegistro+de+Elementos+de+publicidad+Exterior+Visual%2F HTTP/1.1" 200 3962
186.154.129.249 - - [06/Mar/2019:00:05:18 -0500] "GET /autoliquidacion/dlf/xls.gif HTTP/1.1" 200 636
186.154.129.249 - - [06/Mar/2019:00:05:18 -0500] "GET /autoliquidacion/dlf/html.gif HTTP/1.1" 200 632
186.154.129.249 - - [06/Mar/2019:00:05:18 -0500] "GET /autoliquidacion/dlf/pdf.gif HTTP/1.1" 200 272
66.249.79.153 - - [06/Mar/2019:00:05:20 -0500] "GET /BLA/resoluciones/AUTOS%202017/4255.pdf HTTP/1.1" 200 278922
186.154.129.249 - - [06/Mar/2019:00:05:22 -0500] "GET /autoliquidacion/Solicitudes%20relacionadas%20con%20calidad%20del%20aire%20auditiva%20y%20visual/Registro%20de%20Elementos%20de%20publicidad%20Exterior%20Visual/126pm04-pr16-f-1%20lista%20de%20chequeo%20pev%20(1).xls HTTP/1.1" 200 109056
190.70.198.230 - - [06/Mar/2019:00:05:26 -0500] "GET /galeria/galeria/jquery.fancybox.css?v=2.1.5 HTTP/1.1" 200 4895
190.70.198.230 - - [06/Mar/2019:00:05:26 -0500] "GET /BLA/boletinlegal/js/jquery.scrollShow.js HTTP/1.1" 200 4586
190.70.198.230 - - [06/Mar/2019:00:05:26 -0500] "GET /galeria/galeria/jquery.fancybox.js?v=2.1.5 HTTP/1.1" 200 48706
66.249.79.153 - - [06/Mar/2019:00:05:30 -0500] "GET /BLA/resoluciones/AUTOS%202017/0672.pdf HTTP/1.1" 200 422136
186.84.93.84 - - [06/Mar/2019:00:05:36 -0500] "GET /BLA/resoluciones/RESOLUCIONES%202011/2962.pdf HTTP/1.1" 200 2929372
186.84.93.84 - - [06/Mar/2019:00:05:37 -0500] "GET /BLA/resoluciones/RESOLUCIONES%202011/2962.pdf HTTP/1.1" 206 65536
186.84.93.84 - - [06/Mar/2019:00:05:37 -0500] "GET /BLA/resoluciones/RESOLUCIONES%202011/2962.pdf HTTP/1.1" 206 45788
186.84.93.84 - - [06/Mar/2019:00:05:39 -0500] "GET /BLA/resoluciones/RESOLUCIONES%202011/2962.pdf HTTP/1.1" 206 65536
186.84.93.84 - - [06/Mar/2019:00:05:39 -0500] "GET /BLA/resoluciones/RESOLUCIONES%202011/2962.pdf HTTP/1.1" 206 65536
186.84.93.84 - - [06/Mar/2019:00:05:39 -0500] "GET /BLA/resoluciones/RESOLUCIONES%202011/2962.pdf HTTP/1.1" 206 65536
186.84.93.84 - - [06/Mar/2019:00:05:39 -0500] "GET /BLA/resoluciones/RESOLUCIONES%202011/2962.pdf HTTP/1.1" 206 65536
186.84.93.84 - - [06/Mar/2019:00:05:39 -0500] "GET /BLA/resoluciones/RESOLUCIONES%202011/2962.pdf HTTP/1.1" 206 65536
186.84.93.84 - - [06/Mar/2019:00:05:40 -0500] "GET /BLA/resoluciones/RESOLUCIONES%202011/2962.pdf HTTP/1.1" 206 65536
66.249.79.153 - - [06/Mar/2019:00:05:40 -0500] "GET /BLA/resoluciones/AUTOS%202017/3804.pdf HTTP/1.1" 200 683316
66.249.79.155 - - [06/Mar/2019:00:05:51 -0500] "GET /BLA/resoluciones/AUTOS%202017/2554.pdf HTTP/1.1" 200 278455
66.249.79.155 - - [06/Mar/2019:00:06:01 -0500] "GET /BLA/resoluciones/AUTOS%202017/1814.pdf HTTP/1.1" 200 355226
66.249.79.155 - - [06/Mar/2019:00:06:11 -0500] "GET /BLA/resoluciones/AUTOS%202018/3816.pdf HTTP/1.1" 200 473590
54.36.149.4 - - [06/Mar/2019:00:06:12 -0500] "GET /BLA/resoluciones/RESOLUCIONES%202005/RES%202005%201001-1050/00001025.tif HTTP/1.1" 200 341012
66.249.79.153 - - [06/Mar/2019:00:06:21 -0500] "GET /BLA/resoluciones/AUTOS%202017/2730.pdf HTTP/1.1" 200 266381
66.249.79.153 - - [06/Mar/2019:00:06:31 -0500] "GET /BLA/resoluciones/AUTOS%202017/4276.pdf HTTP/1.1" 200 260169
181.234.147.233 - - [06/Mar/2019:00:06:40 -0500] "GET /galeria/galeria/jquery.fancybox.js?v=2.1.5 HTTP/1.1" 200 48706
181.234.147.233 - - [06/Mar/2019:00:06:40 -0500] "GET /BLA/boletinlegal/js/jquery.scrollShow.js HTTP/1.1" 200 4586
181.234.147.233 - - [06/Mar/2019:00:06:40 -0500] "GET /galeria/galeria/jquery.fancybox.css?v=2.1.5 HTTP/1.1" 200 4895
66.249.79.153 - - [06/Mar/2019:00:06:41 -0500] "GET /BLA/resoluciones/AUTOS%202017/2506.pdf HTTP/1.1" 200 266405
190.250.109.227 - - [06/Mar/2019:00:06:45 -0500] "GET /BLA/boletinlegal/js/jquery.scrollShow.js HTTP/1.1" 200 4586
190.250.109.227 - - [06/Mar/2019:00:06:45 -0500] "GET /galeria/galeria/jquery.fancybox.css?v=2.1.5 HTTP/1.1" 200 4895
190.250.109.227 - - [06/Mar/2019:00:06:45 -0500] "GET /galeria/galeria/jquery.fancybox.js?v=2.1.5 HTTP/1.1" 200 48706
190.250.109.227 - - [06/Mar/2019:00:06:47 -0500] "GET /inicio/ HTTP/1.1" 404 1315
190.62.244.119 - - [06/Mar/2019:00:07:00 -0500] "GET /BLA/boletinlegal/js/jquery.scrollShow.js HTTP/1.1" 200 4586
190.62.244.119 - - [06/Mar/2019:00:07:00 -0500] "GET /galeria/galeria/jquery.fancybox.js?v=2.1.5 HTTP/1.1" 200 48706
190.62.244.119 - - [06/Mar/2019:00:07:00 -0500] "GET /galeria/galeria/jquery.fancybox.css?v=2.1.5 HTTP/1.1" 200 4895
66.249.79.153 - - [06/Mar/2019:00:07:02 -0500] "GET /BLA/resoluciones/AUTOS%202018/1810.pdf HTTP/1.1" 200 282924
201.245.192.253 - - [06/Mar/2019:00:07:02 -0500] "GET /galeria/nivo-slider/demo/images/Banner%20Politica%20Publica%20CONPES%20(1).ai HTTP/1.1" 206 1
201.245.192.253 - - [06/Mar/2019:00:07:02 -0500] "GET /galeria/nivo-slider/demo/images/Banner%20Politica%20Publica%20CONPES%20(1).ai HTTP/1.1" 206 1660312
190.62.244.119 - - [06/Mar/2019:00:07:05 -0500] "GET /BLA/boletinlegal/js/jquery.scrollShow.js HTTP/1.1" 200 4586
190.62.244.119 - - [06/Mar/2019:00:07:05 -0500] "GET /galeria/galeria/jquery.fancybox.css?v=2.1.5 HTTP/1.1" 200 4895
190.62.244.119 - - [06/Mar/2019:00:07:05 -0500] "GET /galeria/galeria/jquery.fancybox.js?v=2.1.5 HTTP/1.1" 200 48706
201.245.192.253 - - [06/Mar/2019:00:07:12 -0500] "GET /galeria/nivo-slider/demo/images/Banner%20Politica%20Publica%20CONPES%20(1).ai HTTP/1.1" 206 1
201.245.192.253 - - [06/Mar/2019:00:07:12 -0500] "GET /galeria/nivo-slider/demo/images/Banner%20Politica%20Publica%20CONPES%20(1).ai HTTP/1.1" 206 1660312
66.249.79.156 - - [06/Mar/2019:00:07:12 -0500] "GET /BLA/resoluciones/RESOLUCIONES%202017/2029.pdf HTTP/1.1" 200 309645
181.57.246.186 - - [06/Mar/2019:00:07:12 -0500] "GET /galeria/galeria/jquery.fancybox.css?v=2.1.5 HTTP/1.1" 200 4895
181.57.246.186 - - [06/Mar/2019:00:07:12 -0500] "GET /BLA/boletinlegal/js/jquery.scrollShow.js HTTP/1.1" 200 4586
181.57.246.186 - - [06/Mar/2019:00:07:13 -0500] "GET /galeria/galeria/jquery.fancybox.js?v=2.1.5 HTTP/1.1" 200 48706
181.57.246.186 - - [06/Mar/2019:00:07:14 -0500] "GET /siipev/Diseno%20de%20Elementos%20de%20Mobiliario%20Urbano/Parte1.html? HTTP/1.1" 200 3594
181.57.246.186 - - [06/Mar/2019:00:07:15 -0500] "GET /siipev/Diseno%20de%20Elementos%20de%20Mobiliario%20Urbano/Diseno%20pertenecientes%20al%20mobiliario%20urbano%20M10-M160/Infografia/Parte1/M-10.png HTTP/1.1" 200 11175
181.57.246.186 - - [06/Mar/2019:00:07:15 -0500] "GET /siipev/Diseno%20de%20Elementos%20de%20Mobiliario%20Urbano/Diseno%20pertenecientes%20al%20mobiliario%20urbano%20M10-M160/Infografia/Parte1/M-160.png HTTP/1.1" 200 7332
181.57.246.186 - - [06/Mar/2019:00:07:19 -0500] "GET /siipev/Diseno%20de%20Elementos%20de%20Mobiliario%20Urbano/Diseno%20pertenecientes%20al%20mobiliario%20urbano%20M10-M160/PARTE%20A/Dise%C3%B1o%20de%20Elementos%20M-160.pdf HTTP/1.1" 200 1047174
66.249.79.155 - - [06/Mar/2019:00:07:22 -0500] "GET /BLA/resoluciones/AUTOS%202017/3228.pdf HTTP/1.1" 200 436296
181.129.180.138 - - [06/Mar/2019:00:07:28 -0500] "GET /BLA/boletinlegal/js/jquery.scrollShow.js HTTP/1.1" 200 4586
181.129.180.138 - - [06/Mar/2019:00:07:28 -0500] "GET /galeria/galeria/jquery.fancybox.js?v=2.1.5 HTTP/1.1" 200 48706
181.129.180.138 - - [06/Mar/2019:00:07:28 -0500] "GET /galeria/galeria/jquery.fancybox.css?v=2.1.5 HTTP/1.1" 200 4895
181.129.180.138 - - [06/Mar/2019:00:07:28 -0500] "GET /galeria/carrusel/Carrusel/jquery.thumbnailScroller.js HTTP/1.1" 200 8157
181.129.180.138 - - [06/Mar/2019:00:07:28 -0500] "GET /galeria/carrusel/Carrusel/jquery-ui-1.8.13.custom.min.js HTTP/1.1" 200 10800
181.129.180.138 - - [06/Mar/2019:00:07:28 -0500] "GET /galeria/carrusel/Carrusel/jquery.thumbnailScroller.css HTTP/1.1" 200 2066
181.129.180.138 - - [06/Mar/2019:00:07:28 -0500] "GET /galeria/nivo-slider/demo/demo.html HTTP/1.1" 200 22600
181.129.180.138 - - [06/Mar/2019:00:07:29 -0500] "GET /galeria/nivo-slider/themes/default/default.css HTTP/1.1" 200 1569
181.129.180.138 - - [06/Mar/2019:00:07:29 -0500] "GET /galeria/nivo-slider/themes/pascal/pascal.css HTTP/1.1" 200 2258
181.129.180.138 - - [06/Mar/2019:00:07:29 -0500] "GET /galeria/nivo-slider/demo/style.css HTTP/1.1" 200 2222
181.129.180.138 - - [06/Mar/2019:00:07:29 -0500] "GET /galeria/nivo-slider/demo/images/Trafico%20de%20fauna.jpg HTTP/1.1" 200 198327
181.129.180.138 - - [06/Mar/2019:00:07:29 -0500] "GET /galeria/nivo-slider/themes/orman/orman.css HTTP/1.1" 200 2152
181.129.180.138 - - [06/Mar/2019:00:07:29 -0500] "GET /galeria/nivo-slider/nivo-slider.css HTTP/1.1" 200 1507
181.129.180.138 - - [06/Mar/2019:00:07:29 -0500] "GET /galeria/nivo-slider/demo/scripts/jquery-1.7.1.min.js HTTP/1.1" 200 93868
181.129.180.138 - - [06/Mar/2019:00:07:29 -0500] "GET /galeria/nivo-slider/jquery.nivo.slider.pack.js HTTP/1.1" 200 11561
181.129.180.138 - - [06/Mar/2019:00:07:29 -0500] "GET /galeria/nivo-slider/demo/images/Bannerweb_Tinguas.jpg HTTP/1.1" 200 258471
181.129.180.138 - - [06/Mar/2019:00:07:29 -0500] "GET /galeria/nivo-slider/demo/images/Banner%20PGAE.jpg HTTP/1.1" 200 258166
181.129.180.138 - - [06/Mar/2019:00:07:29 -0500] "GET /galeria/nivo-slider/demo/images/Caminatas%20marzo.png HTTP/1.1" 200 661357
181.129.180.138 - - [06/Mar/2019:00:07:29 -0500] "GET /galeria/nivo-slider/demo/images/Banner%20Conpes.jpg HTTP/1.1" 200 55220
181.129.180.138 - - [06/Mar/2019:00:07:29 -0500] "GET /galeria/nivo-slider/demo/images/Banner%20practicas%20sostenibles.jpg HTTP/1.1" 200 142958
181.129.180.138 - - [06/Mar/2019:00:07:29 -0500] "GET /galeria/nivo-slider/demo/images/Banner%20POT.png HTTP/1.1" 200 418238
181.129.180.138 - - [06/Mar/2019:00:07:30 -0500] "GET /galeria/nivo-slider/demo/images/incendios-forestales.png HTTP/1.1" 200 61469
181.129.180.138 - - [06/Mar/2019:00:07:30 -0500] "GET /galeria/nivo-slider/demo/images/Pot_banner.jpg HTTP/1.1" 200 204736
181.129.180.138 - - [06/Mar/2019:00:07:31 -0500] "GET /galeria/nivo-slider/demo/images/BANNER%20punto.jpg HTTP/1.1" 200 75932
66.249.79.153 - - [06/Mar/2019:00:07:32 -0500] "GET /BLA/resoluciones/AUTOS%202017/0997.pdf HTTP/1.1" 200 366840
189.152.114.8 - - [06/Mar/2019:00:07:33 -0500] "GET /galeria/galeria/jquery.fancybox.css?v=2.1.5 HTTP/1.1" 200 4895
189.152.114.8 - - [06/Mar/2019:00:07:34 -0500] "GET /BLA/boletinlegal/js/jquery.scrollShow.js HTTP/1.1" 200 4586
189.152.114.8 - - [06/Mar/2019:00:07:34 -0500] "GET /galeria/galeria/jquery.fancybox.js?v=2.1.5 HTTP/1.1" 200 48706
190.144.166.61 - - [06/Mar/2019:00:07:38 -0500] "GET /galeria/nivo-slider/demo/images/Banner%20Politica%20Publica%20CONPES%20(1).ai HTTP/1.1" 206 1
167.0.144.50 - - [06/Mar/2019:00:07:39 -0500] "GET /galeria/galeria/jquery.fancybox.css?v=2.1.5 HTTP/1.1" 200 4895
167.0.144.50 - - [06/Mar/2019:00:07:39 -0500] "GET /galeria/galeria/jquery.fancybox.js?v=2.1.5 HTTP/1.1" 200 48706
167.0.144.50 - - [06/Mar/2019:00:07:39 -0500] "GET /BLA/boletinlegal/js/jquery.scrollShow.js HTTP/1.1" 200 4586
66.249.79.153 - - [06/Mar/2019:00:07:42 -0500] "GET /BLA/resoluciones/RESOLUCIONES%202017/1853.pdf HTTP/1.1" 200 292737
38.124.193.115 - - [06/Mar/2019:00:07:44 -0500] "GET /galeria/galeria/jquery.fancybox.js?v=2.1.5 HTTP/1.1" 200 48706
38.124.193.115 - - [06/Mar/2019:00:07:44 -0500] "GET /galeria/galeria/jquery.fancybox.css?v=2.1.5 HTTP/1.1" 200 4895
38.124.193.115 - - [06/Mar/2019:00:07:44 -0500] "GET /galeria/carrusel/Carrusel/jquery.thumbnailScroller.css HTTP/1.1" 200 2066
38.124.193.115 - - [06/Mar/2019:00:07:44 -0500] "GET /BLA/boletinlegal/js/jquery.scrollShow.js HTTP/1.1" 200 4586
38.124.193.115 - - [06/Mar/2019:00:07:44 -0500] "GET /galeria/carrusel/Carrusel/jquery-ui-1.8.13.custom.min.js HTTP/1.1" 200 10800
38.124.193.115 - - [06/Mar/2019:00:07:44 -0500] "GET /galeria/carrusel/Carrusel/jquery.thumbnailScroller.js HTTP/1.1" 200 8157
38.124.193.115 - - [06/Mar/2019:00:07:46 -0500] "GET /galeria/nivo-slider/demo/demo.html HTTP/1.1" 200 22600
38.124.193.115 - - [06/Mar/2019:00:07:46 -0500] "GET /galeria/nivo-slider/themes/default/default.css HTTP/1.1" 200 1569
38.124.193.115 - - [06/Mar/2019:00:07:46 -0500] "GET /galeria/nivo-slider/themes/pascal/pascal.css HTTP/1.1" 200 2258
38.124.193.115 - - [06/Mar/2019:00:07:46 -0500] "GET /galeria/nivo-slider/themes/orman/orman.css HTTP/1.1" 200 2152
38.124.193.115 - - [06/Mar/2019:00:07:46 -0500] "GET /galeria/nivo-slider/nivo-slider.css HTTP/1.1" 200 1507
38.124.193.115 - - [06/Mar/2019:00:07:46 -0500] "GET /galeria/nivo-slider/demo/style.css HTTP/1.1" 200 2222
190.144.166.61 - - [06/Mar/2019:00:07:48 -0500] "GET /galeria/nivo-slider/demo/images/Banner%20Politica%20Publica%20CONPES%20(1).ai HTTP/1.1" 206 1
201.245.192.253 - - [06/Mar/2019:00:07:49 -0500] "GET /galeria/nivo-slider/demo/images/Banner%20Politica%20Publica%20CONPES%20(1).ai HTTP/1.1" 206 1
201.245.192.253 - - [06/Mar/2019:00:07:49 -0500] "GET /galeria/nivo-slider/demo/images/Banner%20Politica%20Publica%20CONPES%20(1).ai HTTP/1.1" 206 1644252
66.249.79.153 - - [06/Mar/2019:00:07:52 -0500] "GET /BLA/resoluciones/RESOLUCIONES%202011/1839.pdf HTTP/1.1" 200 516276
69.162.124.233 - - [06/Mar/2019:00:07:57 -0500] "HEAD / HTTP/1.1" 200 -
201.245.192.253 - - [06/Mar/2019:00:07:59 -0500] "GET /galeria/nivo-slider/demo/images/Banner%20Politica%20Publica%20CONPES%20(1).ai HTTP/1.1" 206 1
201.245.192.253 - - [06/Mar/2019:00:07:59 -0500] "GET /galeria/nivo-slider/demo/images/Banner%20Politica%20Publica%20CONPES%20(1).ai HTTP/1.1" 206 1644252
192.168.175.104 - - [06/Mar/2019:00:08:00 -0500] "GET / HTTP/1.1" 200 9990
66.249.79.153 - - [06/Mar/2019:00:08:02 -0500] "GET /BLA/resoluciones/RESOLUCIONES%202008/2333.pdf HTTP/1.1" 200 35344
186.86.33.237 - - [06/Mar/2019:00:08:03 -0500] "GET /galeria/galeria/jquery.fancybox.css?v=2.1.5 HTTP/1.1" 200 4895
186.86.33.237 - - [06/Mar/2019:00:08:04 -0500] "GET /BLA/boletinlegal/js/jquery.scrollShow.js HTTP/1.1" 200 4586
201.245.192.253 - - [06/Mar/2019:00:08:04 -0500] "GET /galeria/nivo-slider/demo/images/Banner%20Politica%20Publica%20CONPES%20(1).ai HTTP/1.1" 206 1
201.245.192.253 - - [06/Mar/2019:00:08:04 -0500] "GET /galeria/nivo-slider/demo/images/Banner%20Politica%20Publica%20CONPES%20(1).ai HTTP/1.1" 206 1644252
186.86.33.237 - - [06/Mar/2019:00:08:05 -0500] "GET /galeria/galeria/jquery.fancybox.js?v=2.1.5 HTTP/1.1" 200 48706
66.249.79.153 - - [06/Mar/2019:00:08:12 -0500] "GET /BLA/resoluciones/Notificaciones/AUTOS%202017/04974.pdf HTTP/1.1" 200 268275
201.245.192.253 - - [06/Mar/2019:00:08:14 -0500] "GET /galeria/nivo-slider/demo/images/Banner%20Politica%20Publica%20CONPES%20(1).ai HTTP/1.1" 206 1
201.245.192.253 - - [06/Mar/2019:00:08:14 -0500] "GET /galeria/nivo-slider/demo/images/Banner%20Politica%20Publica%20CONPES%20(1).ai HTTP/1.1" 206 1644252
66.249.79.155 - - [06/Mar/2019:00:08:23 -0500] "GET /BLA/resoluciones/AUTOS%202018/2133.pdf HTTP/1.1" 200 291272
192.168.175.104 - - [06/Mar/2019:00:08:23 -0500] "GET / HTTP/1.0" 200 9990
190.145.245.163 - - [06/Mar/2019:00:08:29 -0500] "GET /galeria/galeria/jquery.fancybox.css?v=2.1.5 HTTP/1.1" 200 4895
190.145.245.163 - - [06/Mar/2019:00:08:29 -0500] "GET /galeria/galeria/jquery.fancybox.js?v=2.1.5 HTTP/1.1" 200 48706
190.145.245.163 - - [06/Mar/2019:00:08:29 -0500] "GET /BLA/boletinlegal/js/jquery.scrollShow.js HTTP/1.1" 200 4586
66.249.79.153 - - [06/Mar/2019:00:08:33 -0500] "GET /BLA/resoluciones/AUTOS%202017/1708.pdf HTTP/1.1" 200 351518
190.145.245.163 - - [06/Mar/2019:00:08:36 -0500] "GET /BLA/boletinlegal/js/jquery.scrollShow.js HTTP/1.1" 304 -
190.145.245.163 - - [06/Mar/2019:00:08:36 -0500] "GET /galeria/galeria/jquery.fancybox.js?v=2.1.5 HTTP/1.1" 304 -
190.145.245.163 - - [06/Mar/2019:00:08:36 -0500] "GET /galeria/galeria/jquery.fancybox.css?v=2.1.5 HTTP/1.1" 304 -
201.245.192.253 - - [06/Mar/2019:00:08:39 -0500] "GET /galeria/nivo-slider/demo/images/Banner%20Politica%20Publica%20CONPES%20(1).ai HTTP/1.1" 206 1
201.245.192.253 - - [06/Mar/2019:00:08:39 -0500] "GET /galeria/nivo-slider/demo/images/Banner%20Politica%20Publica%20CONPES%20(1).ai HTTP/1.1" 206 1644252
66.249.79.153 - - [06/Mar/2019:00:08:43 -0500] "GET /BLA/resoluciones/AUTOS%202017/1289.pdf HTTP/1.1" 200 307920
201.245.192.253 - - [06/Mar/2019:00:08:49 -0500] "GET /galeria/nivo-slider/demo/images/Banner%20Politica%20Publica%20CONPES%20(1).ai HTTP/1.1" 206 1
201.245.192.253 - - [06/Mar/2019:00:08:49 -0500] "GET /galeria/nivo-slider/demo/images/Banner%20Politica%20Publica%20CONPES%20(1).ai HTTP/1.1" 206 1644252
66.249.79.153 - - [06/Mar/2019:00:09:01 -0500] "GET /PruebasSTORM/StormSDA_pruebas/storm/ HTTP/1.1" 200 5622
66.249.79.153 - - [06/Mar/2019:00:09:03 -0500] "GET /BLA/resoluciones/RESOLUCIONES%202011/5387.pdf HTTP/1.1" 200 459913
201.245.192.253 - - [06/Mar/2019:00:09:07 -0500] "GET /galeria/nivo-slider/demo/images/Banner%20Politica%20Publica%20CONPES%20(1).ai HTTP/1.1" 206 1
201.245.192.253 - - [06/Mar/2019:00:09:07 -0500] "GET /galeria/nivo-slider/demo/images/Banner%20Politica%20Publica%20CONPES%20(1).ai HTTP/1.1" 206 1644252
66.249.79.156 - - [06/Mar/2019:00:09:13 -0500] "GET /BLA/resoluciones/RESOLUCIONES%202017/3008.pdf HTTP/1.1" 200 306751
201.245.192.253 - - [06/Mar/2019:00:09:17 -0500] "GET /galeria/nivo-slider/demo/images/Banner%20Politica%20Publica%20CONPES%20(1).ai HTTP/1.1" 206 1
201.245.192.253 - - [06/Mar/2019:00:09:17 -0500] "GET /galeria/nivo-slider/demo/images/Banner%20Politica%20Publica%20CONPES%20(1).ai HTTP/1.1" 206 1644252
66.249.79.153 - - [06/Mar/2019:00:09:23 -0500] "GET /BLA/resoluciones/AUTOS%202017/1038.pdf HTTP/1.1" 200 403622
66.249.79.153 - - [06/Mar/2019:00:09:33 -0500] "GET /BLA/resoluciones/AUTOS%202017/1284.pdf HTTP/1.1" 200 329543
66.249.79.153 - - [06/Mar/2019:00:09:44 -0500] "GET /BLA/resoluciones/AUTOS%202018/1375.pdf HTTP/1.1" 200 237929
66.249.79.153 - - [06/Mar/2019:00:09:54 -0500] "GET /BLA/resoluciones/AUTOS%202017/0550.pdf HTTP/1.1" 200 856857
40.77.167.155 - - [06/Mar/2019:00:09:57 -0500] "GET /SIG/Gesti%C3%B3n%20Ambiental/126PM03-PR06.pdf HTTP/1.1" 200 572888
66.249.79.155 - - [06/Mar/2019:00:10:04 -0500] "GET /BLA/resoluciones/Notificaciones/AUTOS%202017/00146.doc HTTP/1.1" 200 386854
54.36.150.128 - - [06/Mar/2019:00:10:05 -0500] "GET /BLA/resoluciones/RESOLUCIONES%202006/RES%202006%20501-550/00000502.tif HTTP/1.1" 200 237248
66.249.79.156 - - [06/Mar/2019:00:10:08 -0500] "GET /BLA/resoluciones/RESOLUCIONES%202008/2564.pdf HTTP/1.1" 200 339107
66.249.79.155 - - [06/Mar/2019:00:10:14 -0500] "GET /BLA/resoluciones/RESOLUCIONES%202011/4426.pdf HTTP/1.1" 200 498421
66.249.79.153 - - [06/Mar/2019:00:10:24 -0500] "GET /BLA/resoluciones/RESOLUCIONES%202014/2360.pdf HTTP/1.1" 200 932168
161.18.55.97 - - [06/Mar/2019:00:10:26 -0500] "GET /galeria/galeria/jquery.fancybox.css?v=2.1.5 HTTP/1.1" 200 4895
161.18.55.97 - - [06/Mar/2019:00:10:26 -0500] "GET /BLA/boletinlegal/js/jquery.scrollShow.js HTTP/1.1" 200 4586
161.18.55.97 - - [06/Mar/2019:00:10:26 -0500] "GET /galeria/galeria/jquery.fancybox.js?v=2.1.5 HTTP/1.1" 200 48706
186.155.18.221 - - [06/Mar/2019:00:10:29 -0500] "GET /galeria/galeria/jquery.fancybox.js?v=2.1.5 HTTP/1.1" 200 48706
186.155.18.221 - - [06/Mar/2019:00:10:29 -0500] "GET /BLA/boletinlegal/js/jquery.scrollShow.js HTTP/1.1" 200 4586
186.155.18.221 - - [06/Mar/2019:00:10:29 -0500] "GET /galeria/galeria/jquery.fancybox.css?v=2.1.5 HTTP/1.1" 200 4895
40.77.167.83 - - [06/Mar/2019:00:10:30 -0500] "GET /transparencia/directorioservidores/2016/septiembre2016.xlsx HTTP/1.1" 200 88994
66.249.88.91 - - [06/Mar/2019:00:10:33 -0500] "GET /galeria/galeria/jquery.fancybox.css?v=2.1.5 HTTP/1.1" 200 4895
66.249.88.93 - - [06/Mar/2019:00:10:33 -0500] "GET /BLA/boletinlegal/js/jquery.scrollShow.js HTTP/1.1" 200 4586
66.249.88.93 - - [06/Mar/2019:00:10:33 -0500] "GET /galeria/galeria/jquery.fancybox.js?v=2.1.5 HTTP/1.1" 200 48706
66.249.79.153 - - [06/Mar/2019:00:10:34 -0500] "GET /BLA/resoluciones/Notificaciones/AUTOS%202017/04209.pdf HTTP/1.1" 200 329947
186.155.18.221 - - [06/Mar/2019:00:10:34 -0500] "GET /BLA/boletinlegal/js/jquery.scrollShow.js HTTP/1.1" 304 -
186.155.18.221 - - [06/Mar/2019:00:10:34 -0500] "GET /galeria/galeria/jquery.fancybox.js?v=2.1.5 HTTP/1.1" 304 -
186.155.18.221 - - [06/Mar/2019:00:10:34 -0500] "GET /galeria/galeria/jquery.fancybox.css?v=2.1.5 HTTP/1.1" 304 -
66.249.79.153 - - [06/Mar/2019:00:10:44 -0500] "GET /BLA/resoluciones/RESOLUCIONES%202017/1969.pdf HTTP/1.1" 200 424133
190.145.245.163 - - [06/Mar/2019:00:10:45 -0500] "GET /BLA/boletinlegal/js/jquery.scrollShow.js HTTP/1.1" 200 4586
190.145.245.163 - - [06/Mar/2019:00:10:45 -0500] "GET /galeria/galeria/jquery.fancybox.js?v=2.1.5 HTTP/1.1" 200 48706
190.145.245.163 - - [06/Mar/2019:00:10:45 -0500] "GET /galeria/galeria/jquery.fancybox.css?v=2.1.5 HTTP/1.1" 200 4895
201.245.192.253 - - [06/Mar/2019:00:09:53 -0500] "POST /kwsrmcab/Wsrmcab HTTP/1.1" 200 14746
66.249.79.155 - - [06/Mar/2019:00:10:55 -0500] "GET /BLA/resoluciones/AUTOS%202017/2605.pdf HTTP/1.1" 200 371638
66.249.79.155 - - [06/Mar/2019:00:11:05 -0500] "GET /BLA/resoluciones/AUTOS%202017/1466.pdf HTTP/1.1" 200 303637
195.154.123.60 - - [06/Mar/2019:00:11:10 -0500] "GET /galeria/galeria/jquery.fancybox.css?v=2.1.5 HTTP/1.1" 200 4895
195.154.123.60 - - [06/Mar/2019:00:11:11 -0500] "GET /galeria/carrusel/Carrusel/jquery.thumbnailScroller.css HTTP/1.1" 200 2066
195.154.123.60 - - [06/Mar/2019:00:11:11 -0500] "GET /BLA/boletinlegal/js/jquery.scrollShow.js HTTP/1.1" 200 4586
195.154.123.60 - - [06/Mar/2019:00:11:11 -0500] "GET /galeria/galeria/jquery.fancybox.js?v=2.1.5 HTTP/1.1" 200 48706
201.245.192.253 - - [06/Mar/2019:00:11:12 -0500] "GET /galeria/nivo-slider/demo/images/Banner%20Politica%20Publica%20CONPES%20(1).ai HTTP/1.1" 206 1
201.245.192.253 - - [06/Mar/2019:00:11:12 -0500] "GET /galeria/nivo-slider/demo/images/Banner%20Politica%20Publica%20CONPES%20(1).ai HTTP/1.1" 206 1660312
195.154.123.60 - - [06/Mar/2019:00:11:12 -0500] "GET /galeria/carrusel/Carrusel/jquery-ui-1.8.13.custom.min.js HTTP/1.1" 200 10800
195.154.123.60 - - [06/Mar/2019:00:11:12 -0500] "GET /galeria/carrusel/Carrusel/jquery.thumbnailScroller.js HTTP/1.1" 200 8157
195.154.123.60 - - [06/Mar/2019:00:11:12 -0500] "GET /galeria/nivo-slider/demo/demo.html HTTP/1.1" 200 22600
195.154.123.60 - - [06/Mar/2019:00:11:12 -0500] "GET /galeria/nivo-slider/themes/default/default.css HTTP/1.1" 200 1569
195.154.123.60 - - [06/Mar/2019:00:11:12 -0500] "GET /galeria/nivo-slider/themes/pascal/pascal.css HTTP/1.1" 200 2258
195.154.123.60 - - [06/Mar/2019:00:11:12 -0500] "GET /galeria/nivo-slider/themes/orman/orman.css HTTP/1.1" 200 2152
195.154.123.60 - - [06/Mar/2019:00:11:12 -0500] "GET /galeria/nivo-slider/nivo-slider.css HTTP/1.1" 200 1507
195.154.123.60 - - [06/Mar/2019:00:11:13 -0500] "GET /galeria/nivo-slider/demo/style.css HTTP/1.1" 200 2222
195.154.123.60 - - [06/Mar/2019:00:11:13 -0500] "GET /galeria/nivo-slider/demo/scripts/jquery-1.7.1.min.js HTTP/1.1" 200 93868
195.154.123.60 - - [06/Mar/2019:00:11:13 -0500] "GET /galeria/nivo-slider/jquery.nivo.slider.pack.js HTTP/1.1" 200 11561
66.249.79.153 - - [06/Mar/2019:00:11:15 -0500] "GET /BLA/resoluciones/AUTOS%202017/0442.pdf HTTP/1.1" 200 1071415
201.245.192.253 - - [06/Mar/2019:00:11:22 -0500] "GET /galeria/nivo-slider/demo/images/Banner%20Politica%20Publica%20CONPES%20(1).ai HTTP/1.1" 206 1
201.245.192.253 - - [06/Mar/2019:00:11:22 -0500] "GET /galeria/nivo-slider/demo/images/Banner%20Politica%20Publica%20CONPES%20(1).ai HTTP/1.1" 206 1660312
66.249.79.153 - - [06/Mar/2019:00:11:25 -0500] "GET /BLA/resoluciones/AUTOS%202017/3709.pdf HTTP/1.1" 200 322104
201.245.192.253 - - [06/Mar/2019:00:10:53 -0500] "POST /kwsrmcab/Wsrmcab HTTP/1.1" 200 27556
66.249.79.153 - - [06/Mar/2019:00:11:35 -0500] "GET /BLA/resoluciones/AUTOS%202017/3899.pdf HTTP/1.1" 200 342279
66.249.79.155 - - [06/Mar/2019:00:11:45 -0500] "GET /BLA/resoluciones/AUTOS%202017/1959.pdf HTTP/1.1" 200 647364
190.144.166.61 - - [06/Mar/2019:00:11:48 -0500] "GET /galeria/nivo-slider/demo/images/Banner%20Politica%20Publica%20CONPES%20(1).ai HTTP/1.1" 206 1
201.245.192.253 - - [06/Mar/2019:00:11:49 -0500] "GET /galeria/nivo-slider/demo/images/Banner%20Politica%20Publica%20CONPES%20(1).ai HTTP/1.1" 206 1
201.245.192.253 - - [06/Mar/2019:00:11:49 -0500] "GET /galeria/nivo-slider/demo/images/Banner%20Politica%20Publica%20CONPES%20(1).ai HTTP/1.1" 206 1644252
190.144.166.61 - - [06/Mar/2019:00:11:58 -0500] "GET /galeria/nivo-slider/demo/images/Banner%20Politica%20Publica%20CONPES%20(1).ai HTTP/1.1" 206 1
66.102.6.254 - - [06/Mar/2019:00:11:58 -0500] "GET /BLA/boletinlegal/js/jquery.scrollShow.js HTTP/1.1" 200 4586
66.102.6.250 - - [06/Mar/2019:00:11:58 -0500] "GET /galeria/galeria/jquery.fancybox.css?v=2.1.5 HTTP/1.1" 200 4895
66.102.6.250 - - [06/Mar/2019:00:11:58 -0500] "GET /galeria/galeria/jquery.fancybox.js?v=2.1.5 HTTP/1.1" 200 48706
186.31.173.196 - - [06/Mar/2019:00:11:59 -0500] "GET /BLA/boletinlegal/js/jquery.scrollShow.js HTTP/1.1" 200 4586
186.31.173.196 - - [06/Mar/2019:00:11:59 -0500] "GET /galeria/galeria/jquery.fancybox.js?v=2.1.5 HTTP/1.1" 200 48706
186.31.173.196 - - [06/Mar/2019:00:11:59 -0500] "GET /galeria/galeria/jquery.fancybox.css?v=2.1.5 HTTP/1.1" 200 4895
201.245.192.253 - - [06/Mar/2019:00:11:59 -0500] "GET /galeria/nivo-slider/demo/images/Banner%20Politica%20Publica%20CONPES%20(1).ai HTTP/1.1" 206 1
201.245.192.253 - - [06/Mar/2019:00:11:59 -0500] "GET /galeria/nivo-slider/demo/images/Banner%20Politica%20Publica%20CONPES%20(1).ai HTTP/1.1" 206 1644252
201.245.192.253 - - [06/Mar/2019:00:12:14 -0500] "GET /galeria/nivo-slider/demo/images/Banner%20Politica%20Publica%20CONPES%20(1).ai HTTP/1.1" 206 1
201.245.192.253 - - [06/Mar/2019:00:12:14 -0500] "GET /galeria/nivo-slider/demo/images/Banner%20Politica%20Publica%20CONPES%20(1).ai HTTP/1.1" 206 1644252
200.25.59.65 - - [06/Mar/2019:00:12:19 -0500] "GET /galeria/nivo-slider/demo/images/web%20pregunta.png HTTP/1.1" 304 -
201.245.192.253 - - [06/Mar/2019:00:12:24 -0500] "GET /galeria/nivo-slider/demo/images/Banner%20Politica%20Publica%20CONPES%20(1).ai HTTP/1.1" 206 1
201.245.192.253 - - [06/Mar/2019:00:12:24 -0500] "GET /galeria/nivo-slider/demo/images/Banner%20Politica%20Publica%20CONPES%20(1).ai HTTP/1.1" 206 1644252
66.249.79.153 - - [06/Mar/2019:00:12:29 -0500] "GET /BLA/resoluciones/AUTOS%202017/2446.pdf HTTP/1.1" 200 337372
66.249.79.153 - - [06/Mar/2019:00:12:35 -0500] "GET /BLA/resoluciones/RESOLUCIONES%202014/0758.pdf HTTP/1.1" 200 1429620
201.245.192.253 - - [06/Mar/2019:00:12:39 -0500] "GET /galeria/nivo-slider/demo/images/Banner%20Politica%20Publica%20CONPES%20(1).ai HTTP/1.1" 206 1
201.245.192.253 - - [06/Mar/2019:00:12:39 -0500] "GET /galeria/nivo-slider/demo/images/Banner%20Politica%20Publica%20CONPES%20(1).ai HTTP/1.1" 206 1644252
167.99.211.55 - - [06/Mar/2019:00:12:44 -0500] "GET / HTTP/1.1" 200 9990
201.245.192.253 - - [06/Mar/2019:00:12:49 -0500] "GET /galeria/nivo-slider/demo/images/Banner%20Politica%20Publica%20CONPES%20(1).ai HTTP/1.1" 206 1
201.245.192.253 - - [06/Mar/2019:00:12:49 -0500] "GET /galeria/nivo-slider/demo/images/Banner%20Politica%20Publica%20CONPES%20(1).ai HTTP/1.1" 206 1644252
66.249.79.155 - - [06/Mar/2019:00:12:53 -0500] "GET /BLA/resoluciones/AUTOS%202017/1915.pdf HTTP/1.1" 200 345354
69.162.124.233 - - [06/Mar/2019:00:12:57 -0500] "HEAD / HTTP/1.1" 200 -
66.249.79.155 - - [06/Mar/2019:00:12:58 -0500] "GET /BLA/resoluciones/AUTOS%202015/2868.pdf HTTP/1.1" 200 544235
192.168.175.104 - - [06/Mar/2019:00:12:58 -0500] "GET / HTTP/1.1" 200 9990
66.249.79.155 - - [06/Mar/2019:00:13:03 -0500] "GET /BLA/resoluciones/AUTOS%202018/4444.pdf HTTP/1.1" 200 282921
66.249.79.155 - - [06/Mar/2019:00:13:07 -0500] "GET /BLA/resoluciones/RESOLUCIONES%202011/2988.pdf HTTP/1.1" 200 512626
186.29.181.90 - - [06/Mar/2019:00:13:10 -0500] "GET /galeria/galeria/jquery.fancybox.css?v=2.1.5 HTTP/1.1" 200 4895
186.29.181.90 - - [06/Mar/2019:00:13:10 -0500] "GET /BLA/boletinlegal/js/jquery.scrollShow.js HTTP/1.1" 200 4586
186.29.181.90 - - [06/Mar/2019:00:13:10 -0500] "GET /galeria/galeria/jquery.fancybox.js?v=2.1.5 HTTP/1.1" 200 48706
66.249.79.156 - - [06/Mar/2019:00:13:14 -0500] "GET /BLA/resoluciones/AUTOS%202018/2944.pdf HTTP/1.1" 200 255395
201.245.192.253 - - [06/Mar/2019:00:13:17 -0500] "GET /galeria/nivo-slider/demo/images/Banner%20Politica%20Publica%20CONPES%20(1).ai HTTP/1.1" 206 1
201.245.192.253 - - [06/Mar/2019:00:13:17 -0500] "GET /galeria/nivo-slider/demo/images/Banner%20Politica%20Publica%20CONPES%20(1).ai HTTP/1.1" 206 1644252
66.249.79.153 - - [06/Mar/2019:00:13:18 -0500] "GET /BLA/resoluciones/index.php?dir=RESOLUCIONES%202006/RES%202006%20651-700/&sort=name&order=desc HTTP/1.1" 200 12251
66.249.79.153 - - [06/Mar/2019:00:13:22 -0500] "GET /BLA/resoluciones/RESOLUCIONES%202017/3468.pdf HTTP/1.1" 200 334055
66.249.79.153 - - [06/Mar/2019:00:13:27 -0500] "GET /BLA/resoluciones/AUTOS%202017/3522.pdf HTTP/1.1" 200 1428448
201.245.192.253 - - [06/Mar/2019:00:13:27 -0500] "GET /galeria/nivo-slider/demo/images/Banner%20Politica%20Publica%20CONPES%20(1).ai HTTP/1.1" 206 1
201.245.192.253 - - [06/Mar/2019:00:13:27 -0500] "GET /galeria/nivo-slider/demo/images/Banner%20Politica%20Publica%20CONPES%20(1).ai HTTP/1.1" 206 1644252
192.168.175.104 - - [06/Mar/2019:00:13:30 -0500] "GET / HTTP/1.0" 200 9990
66.249.79.153 - - [06/Mar/2019:00:13:37 -0500] "GET /BLA/resoluciones/AUTOS%202017/4818.pdf HTTP/1.1" 200 259078
181.49.66.26 - - [06/Mar/2019:00:13:39 -0500] "POST /sipse/faces/presentacion/financiero/solicitudProceso/consultarSolicitudProceso.xhtml HTTP/1.1" 200 40608
181.49.66.26 - - [06/Mar/2019:00:13:40 -0500] "GET /sipse/faces/javax.faces.resource/theme.css?ln=primefaces-sipse HTTP/1.1" 304 -
181.49.66.26 - - [06/Mar/2019:00:13:40 -0500] "GET /sipse/faces/javax.faces.resource/primefaces.css?ln=primefaces&v=4.0 HTTP/1.1" 304 -
181.49.66.26 - - [06/Mar/2019:00:13:40 -0500] "GET /sipse/faces/javax.faces.resource/layout/layout.css?ln=primefaces&v=4.0 HTTP/1.1" 304 -
181.49.66.26 - - [06/Mar/2019:00:13:40 -0500] "GET /sipse/faces/javax.faces.resource/jquery/jquery.js?ln=primefaces&v=4.0 HTTP/1.1" 304 -
181.49.66.26 - - [06/Mar/2019:00:13:40 -0500] "GET /sipse/faces/javax.faces.resource/jquery/jquery-plugins.js?ln=primefaces&v=4.0 HTTP/1.1" 304 -
181.49.66.26 - - [06/Mar/2019:00:13:40 -0500] "GET /sipse/faces/javax.faces.resource/primefaces.js?ln=primefaces&v=4.0 HTTP/1.1" 304 -
181.49.66.26 - - [06/Mar/2019:00:13:40 -0500] "GET /sipse/faces/javax.faces.resource/layout/layout.js?ln=primefaces&v=4.0 HTTP/1.1" 304 -
181.49.66.26 - - [06/Mar/2019:00:13:40 -0500] "POST /sipse/faces/presentacion/financiero/solicitudProceso/consultar.xhtml HTTP/1.1" 200 33889
181.49.66.26 - - [06/Mar/2019:00:13:41 -0500] "GET /sipse/css/imagen/contrasena.png HTTP/1.1" 404 383
181.49.66.26 - - [06/Mar/2019:00:13:41 -0500] "POST /sipse/faces/presentacion/financiero/solicitudProceso/consultar.xhtml HTTP/1.1" 200 33889
181.49.66.26 - - [06/Mar/2019:00:13:41 -0500] "POST /sipse/faces/presentacion/financiero/solicitudProceso/consultar.xhtml HTTP/1.1" 200 33889
181.49.66.26 - - [06/Mar/2019:00:13:42 -0500] "POST /sipse/faces/presentacion/financiero/solicitudProceso/consultar.xhtml HTTP/1.1" 200 33889
181.49.66.26 - - [06/Mar/2019:00:13:42 -0500] "POST /sipse/faces/presentacion/financiero/solicitudProceso/consultar.xhtml HTTP/1.1" 200 33889
181.49.66.26 - - [06/Mar/2019:00:13:42 -0500] "POST /sipse/faces/presentacion/financiero/solicitudProceso/consultar.xhtml HTTP/1.1" 200 33889
181.49.66.26 - - [06/Mar/2019:00:13:43 -0500] "POST /sipse/faces/presentacion/financiero/solicitudProceso/consultar.xhtml HTTP/1.1" 200 33889
181.49.66.26 - - [06/Mar/2019:00:13:43 -0500] "POST /sipse/faces/presentacion/financiero/solicitudProceso/consultar.xhtml HTTP/1.1" 200 33889
181.49.66.26 - - [06/Mar/2019:00:13:43 -0500] "POST /sipse/faces/presentacion/financiero/solicitudProceso/consultar.xhtml HTTP/1.1" 200 33889
181.49.66.26 - - [06/Mar/2019:00:13:44 -0500] "POST /sipse/faces/presentacion/financiero/solicitudProceso/consultar.xhtml HTTP/1.1" 200 33889
181.49.66.26 - - [06/Mar/2019:00:13:44 -0500] "POST /sipse/faces/presentacion/financiero/solicitudProceso/consultar.xhtml HTTP/1.1" 200 33889
181.49.66.26 - - [06/Mar/2019:00:13:44 -0500] "POST /sipse/faces/presentacion/financiero/solicitudProceso/consultar.xhtml HTTP/1.1" 200 33889
181.49.66.26 - - [06/Mar/2019:00:13:45 -0500] "POST /sipse/faces/presentacion/financiero/solicitudProceso/consultar.xhtml HTTP/1.1" 200 33889
181.49.66.26 - - [06/Mar/2019:00:13:45 -0500] "POST /sipse/faces/presentacion/financiero/solicitudProceso/consultar.xhtml HTTP/1.1" 200 33889
181.49.66.26 - - [06/Mar/2019:00:13:45 -0500] "POST /sipse/faces/presentacion/financiero/solicitudProceso/consultar.xhtml HTTP/1.1" 200 33889
181.49.66.26 - - [06/Mar/2019:00:13:46 -0500] "POST /sipse/faces/presentacion/financiero/solicitudProceso/consultar.xhtml HTTP/1.1" 200 33889
181.49.66.26 - - [06/Mar/2019:00:13:46 -0500] "POST /sipse/faces/presentacion/financiero/solicitudProceso/consultar.xhtml HTTP/1.1" 200 33889
181.49.66.26 - - [06/Mar/2019:00:13:46 -0500] "POST /sipse/faces/presentacion/financiero/solicitudProceso/consultar.xhtml HTTP/1.1" 200 33889
181.49.66.26 - - [06/Mar/2019:00:13:47 -0500] "POST /sipse/faces/presentacion/financiero/solicitudProceso/consultar.xhtml HTTP/1.1" 200 33889
181.49.66.26 - - [06/Mar/2019:00:13:47 -0500] "POST /sipse/faces/presentacion/financiero/solicitudProceso/consultar.xhtml HTTP/1.1" 200 33889
66.249.79.155 - - [06/Mar/2019:00:13:47 -0500] "GET /BLA/resoluciones/RESOLUCIONES%202017/2095.pdf HTTP/1.1" 200 280450
181.49.66.26 - - [06/Mar/2019:00:13:47 -0500] "POST /sipse/faces/presentacion/financiero/solicitudProceso/consultar.xhtml HTTP/1.1" 200 33889
181.49.66.26 - - [06/Mar/2019:00:13:47 -0500] "POST /sipse/faces/presentacion/financiero/solicitudProceso/consultar.xhtml HTTP/1.1" 200 33889
181.49.66.26 - - [06/Mar/2019:00:13:48 -0500] "POST /sipse/faces/presentacion/financiero/solicitudProceso/consultar.xhtml HTTP/1.1" 200 33889
181.49.66.26 - - [06/Mar/2019:00:13:48 -0500] "POST /sipse/faces/presentacion/financiero/solicitudProceso/consultar.xhtml HTTP/1.1" 200 33889
181.49.66.26 - - [06/Mar/2019:00:13:48 -0500] "POST /sipse/faces/presentacion/financiero/solicitudProceso/consultar.xhtml HTTP/1.1" 200 33889
181.49.66.26 - - [06/Mar/2019:00:13:49 -0500] "POST /sipse/faces/presentacion/financiero/solicitudProceso/consultar.xhtml HTTP/1.1" 200 33889
181.49.66.26 - - [06/Mar/2019:00:13:53 -0500] "POST /sipse/faces/presentacion/financiero/solicitudProceso/consultar.xhtml HTTP/1.1" 200 12913
181.49.66.26 - - [06/Mar/2019:00:13:55 -0500] "POST /sipse/faces/presentacion/financiero/solicitudProceso/consultar.xhtml HTTP/1.1" 200 125313
181.49.66.26 - - [06/Mar/2019:00:13:56 -0500] "GET /sipse/faces/javax.faces.resource/theme.css?ln=primefaces-sipse HTTP/1.1" 304 -
181.49.66.26 - - [06/Mar/2019:00:13:56 -0500] "GET /sipse/faces/javax.faces.resource/primefaces.css?ln=primefaces&v=4.0 HTTP/1.1" 304 -
181.49.66.26 - - [06/Mar/2019:00:13:56 -0500] "GET /sipse/faces/javax.faces.resource/layout/layout.css?ln=primefaces&v=4.0 HTTP/1.1" 304 -
181.49.66.26 - - [06/Mar/2019:00:13:56 -0500] "GET /sipse/faces/javax.faces.resource/jquery/jquery.js?ln=primefaces&v=4.0 HTTP/1.1" 304 -
181.49.66.26 - - [06/Mar/2019:00:13:56 -0500] "GET /sipse/faces/javax.faces.resource/jquery/jquery-plugins.js?ln=primefaces&v=4.0 HTTP/1.1" 304 -
181.49.66.26 - - [06/Mar/2019:00:13:56 -0500] "GET /sipse/faces/javax.faces.resource/primefaces.js?ln=primefaces&v=4.0 HTTP/1.1" 304 -
181.49.66.26 - - [06/Mar/2019:00:13:56 -0500] "GET /sipse/faces/javax.faces.resource/layout/layout.js?ln=primefaces&v=4.0 HTTP/1.1" 304 -
66.249.79.155 - - [06/Mar/2019:00:13:57 -0500] "GET /BLA/resoluciones/RESOLUCIONES%202011/2010.pdf HTTP/1.1" 200 518849
181.49.66.26 - - [06/Mar/2019:00:13:57 -0500] "GET /sipse/css/imagen/contrasena.png HTTP/1.1" 404 383
181.49.66.26 - - [06/Mar/2019:00:13:57 -0500] "GET /reportes_sipse/sdg/ServletReporte?reporte=no_hay&solicitud=6420&pfdrid_c=false HTTP/1.1" 200 32165
