201.245.192.253 - - [06/Mar/2019:04:52:49 -0500] "GET /galeria/nivo-slider/demo/images/Banner%20Politica%20Publica%20CONPES%20(1).ai HTTP/1.1" 206 1
201.245.192.253 - - [06/Mar/2019:04:52:49 -0500] "GET /galeria/nivo-slider/demo/images/Banner%20Politica%20Publica%20CONPES%20(1).ai HTTP/1.1" 206 1644252
66.249.79.153 - - [06/Mar/2019:04:52:53 -0500] "GET /BLA/resoluciones/AUTOS%202017/4140.pdf HTTP/1.1" 200 324260
181.49.65.131 - - [06/Mar/2019:04:53:00 -0500] "GET /galeria/galeria/fotos/Humedal-vaca7G.jpg HTTP/1.1" 200 149081
66.249.79.153 - - [06/Mar/2019:04:53:03 -0500] "GET /BLA/resoluciones/AUTOS%202017/0841.pdf HTTP/1.1" 200 772526
66.249.79.153 - - [06/Mar/2019:04:53:23 -0500] "GET /BLA/resoluciones/AUTOS%202018/2355.pdf HTTP/1.1" 200 221815
2.45.152.99 - - [06/Mar/2019:04:53:27 -0500] "GET /BLA/resoluciones/RESOLUCIONES%202014/2656.pdf HTTP/1.1" 200 3557836
66.249.79.153 - - [06/Mar/2019:04:53:33 -0500] "GET /BLA/resoluciones/Notificaciones/AUTOS%202017/03605.pdf HTTP/1.1" 200 273674
54.36.150.158 - - [06/Mar/2019:04:53:38 -0500] "GET /BLA/resoluciones/RESOLUCIONES%202004/RES%202004%20901-950/00000939.tif HTTP/1.1" 200 113964
66.249.79.153 - - [06/Mar/2019:04:53:43 -0500] "GET /BLA/resoluciones/AUTOS%202017/2663.pdf HTTP/1.1" 200 2130302
66.249.79.153 - - [06/Mar/2019:04:53:54 -0500] "GET /BLA/resoluciones/AUTOS%202017/4021.pdf HTTP/1.1" 200 282480
66.249.79.155 - - [06/Mar/2019:04:54:04 -0500] "GET /BLA/resoluciones/AUTOS%202018/4055.pdf HTTP/1.1" 200 238622
66.249.79.153 - - [06/Mar/2019:04:54:07 -0500] "GET /BLA/resoluciones/RESOLUCIONES%202007/RES%202007%202001%20AL%202100/RESOLUCION%202010%20DE%202007.pdf HTTP/1.1" 200 547805
66.249.79.153 - - [06/Mar/2019:04:54:14 -0500] "GET /BLA/resoluciones/AUTOS%202017/3232.pdf HTTP/1.1" 200 2116907
66.249.79.155 - - [06/Mar/2019:04:54:24 -0500] "GET /BLA/resoluciones/AUTOS%202017/5264.pdf HTTP/1.1" 200 352174
69.162.124.233 - - [06/Mar/2019:04:54:26 -0500] "HEAD / HTTP/1.1" 200 -
201.245.192.253 - - [06/Mar/2019:04:54:31 -0500] "GET /galeria/nivo-slider/demo/images/Banner%20Politica%20Publica%20CONPES%20(1).ai HTTP/1.1" 206 1
201.245.192.253 - - [06/Mar/2019:04:54:31 -0500] "GET /galeria/nivo-slider/demo/images/Banner%20Politica%20Publica%20CONPES%20(1).ai HTTP/1.1" 206 1660312
66.249.79.153 - - [06/Mar/2019:04:54:34 -0500] "GET /BLA/resoluciones/RESOLUCIONES%202014/4004.pdf HTTP/1.1" 200 931254
201.245.192.253 - - [06/Mar/2019:04:54:41 -0500] "GET /galeria/nivo-slider/demo/images/Banner%20Politica%20Publica%20CONPES%20(1).ai HTTP/1.1" 206 1
201.245.192.253 - - [06/Mar/2019:04:54:41 -0500] "GET /galeria/nivo-slider/demo/images/Banner%20Politica%20Publica%20CONPES%20(1).ai HTTP/1.1" 206 1660312
66.249.79.156 - - [06/Mar/2019:04:54:44 -0500] "GET /BLA/resoluciones/AUTOS%202017/3481.pdf HTTP/1.1" 200 590586
66.249.79.153 - - [06/Mar/2019:04:54:54 -0500] "GET /BLA/resoluciones/AUTOS%202017/3497.pdf HTTP/1.1" 200 1638832
181.48.196.86 - - [06/Mar/2019:04:55:01 -0500] "GET /galeria/galeria/jquery.fancybox.css?v=2.1.5 HTTP/1.1" 200 4895
181.48.196.86 - - [06/Mar/2019:04:55:01 -0500] "GET /BLA/boletinlegal/js/jquery.scrollShow.js HTTP/1.1" 200 4586
181.48.196.86 - - [06/Mar/2019:04:55:01 -0500] "GET /galeria/galeria/jquery.fancybox.js?v=2.1.5 HTTP/1.1" 200 48706
66.249.79.157 - - [06/Mar/2019:04:55:05 -0500] "GET /BLA/resoluciones/AUTOS%202017/2145.pdf HTTP/1.1" 200 704976
190.144.166.61 - - [06/Mar/2019:04:55:07 -0500] "GET /galeria/nivo-slider/demo/images/Banner%20Politica%20Publica%20CONPES%20(1).ai HTTP/1.1" 206 1
66.249.79.157 - - [06/Mar/2019:04:55:15 -0500] "GET /BLA/resoluciones/RESOLUCIONES%202011/6291.pdf HTTP/1.1" 200 282519
190.144.166.61 - - [06/Mar/2019:04:55:17 -0500] "GET /galeria/nivo-slider/demo/images/Banner%20Politica%20Publica%20CONPES%20(1).ai HTTP/1.1" 206 1
66.249.79.155 - - [06/Mar/2019:04:55:25 -0500] "GET /BLA/resoluciones/RESOLUCIONES%202005/RES%202005%201251-1300/INDEX.DAT HTTP/1.1" 200 2000
54.36.150.5 - - [06/Mar/2019:04:55:26 -0500] "GET /BLA/resoluciones/AUTOS%202006/AUTOS%202006%201-100/00000040.tif HTTP/1.1" 200 95082
201.245.192.253 - - [06/Mar/2019:04:55:34 -0500] "GET /galeria/nivo-slider/demo/images/Banner%20Politica%20Publica%20CONPES%20(1).ai HTTP/1.1" 206 1
201.245.192.253 - - [06/Mar/2019:04:55:34 -0500] "GET /galeria/nivo-slider/demo/images/Banner%20Politica%20Publica%20CONPES%20(1).ai HTTP/1.1" 206 1644252
66.249.79.155 - - [06/Mar/2019:04:55:35 -0500] "GET /BLA/resoluciones/RESOLUCIONES%202015/0002.pdf HTTP/1.1" 200 301660
201.245.192.253 - - [06/Mar/2019:04:55:44 -0500] "GET /galeria/nivo-slider/demo/images/Banner%20Politica%20Publica%20CONPES%20(1).ai HTTP/1.1" 206 1
201.245.192.253 - - [06/Mar/2019:04:55:44 -0500] "GET /galeria/nivo-slider/demo/images/Banner%20Politica%20Publica%20CONPES%20(1).ai HTTP/1.1" 206 1644252
54.36.148.91 - - [06/Mar/2019:04:55:45 -0500] "GET /BLA/resoluciones/RESOLUCIONES%202006/RES%202006%20501-550/00000537.tif HTTP/1.1" 200 175344
66.249.79.153 - - [06/Mar/2019:04:55:45 -0500] "GET /BLA/resoluciones/AUTOS%202018/2122.pdf HTTP/1.1" 200 285333
201.245.192.253 - - [06/Mar/2019:04:55:49 -0500] "GET /galeria/nivo-slider/demo/images/Banner%20Politica%20Publica%20CONPES%20(1).ai HTTP/1.1" 206 1
201.245.192.253 - - [06/Mar/2019:04:55:49 -0500] "GET /galeria/nivo-slider/demo/images/Banner%20Politica%20Publica%20CONPES%20(1).ai HTTP/1.1" 206 1644252
2.45.152.99 - - [06/Mar/2019:04:55:51 -0500] "GET /browserconfig.xml HTTP/1.1" 404 1018
66.249.79.155 - - [06/Mar/2019:04:55:55 -0500] "GET /BLA/resoluciones/RESOLUCIONES%202014/1013.pdf HTTP/1.1" 200 463904
201.245.192.253 - - [06/Mar/2019:04:55:59 -0500] "GET /galeria/nivo-slider/demo/images/Banner%20Politica%20Publica%20CONPES%20(1).ai HTTP/1.1" 206 1
201.245.192.253 - - [06/Mar/2019:04:55:59 -0500] "GET /galeria/nivo-slider/demo/images/Banner%20Politica%20Publica%20CONPES%20(1).ai HTTP/1.1" 206 1644252
66.249.79.153 - - [06/Mar/2019:04:56:05 -0500] "GET /BLA/resoluciones/Notificaciones/AUTOS%202017/01788.pdf HTTP/1.1" 200 379950
192.168.175.104 - - [06/Mar/2019:04:56:13 -0500] "GET / HTTP/1.1" 200 9990
66.249.79.155 - - [06/Mar/2019:04:56:16 -0500] "GET /BLA/resoluciones/AUTOS%202017/2901.pdf HTTP/1.1" 200 353317
66.249.79.153 - - [06/Mar/2019:04:56:26 -0500] "GET /BLA/resoluciones/AUTOS%202017/2211.pdf HTTP/1.1" 200 626609
192.168.175.104 - - [06/Mar/2019:04:56:36 -0500] "GET / HTTP/1.0" 200 9990
66.249.79.153 - - [06/Mar/2019:04:56:36 -0500] "GET /BLA/resoluciones/AUTOS%202018/1339.pdf HTTP/1.1" 200 276875
201.245.192.253 - - [06/Mar/2019:04:56:37 -0500] "GET /galeria/nivo-slider/demo/images/Banner%20Politica%20Publica%20CONPES%20(1).ai HTTP/1.1" 206 1
201.245.192.253 - - [06/Mar/2019:04:56:37 -0500] "GET /galeria/nivo-slider/demo/images/Banner%20Politica%20Publica%20CONPES%20(1).ai HTTP/1.1" 206 1644252
201.245.192.253 - - [06/Mar/2019:04:56:39 -0500] "GET /galeria/nivo-slider/demo/images/Banner%20Politica%20Publica%20CONPES%20(1).ai HTTP/1.1" 206 1
201.245.192.253 - - [06/Mar/2019:04:56:39 -0500] "GET /galeria/nivo-slider/demo/images/Banner%20Politica%20Publica%20CONPES%20(1).ai HTTP/1.1" 206 1644252
66.249.79.153 - - [06/Mar/2019:04:56:46 -0500] "GET /BLA/resoluciones/AUTOS%202017/3114.pdf HTTP/1.1" 200 266250
201.245.192.253 - - [06/Mar/2019:04:56:47 -0500] "GET /galeria/nivo-slider/demo/images/Banner%20Politica%20Publica%20CONPES%20(1).ai HTTP/1.1" 206 1
201.245.192.253 - - [06/Mar/2019:04:56:47 -0500] "GET /galeria/nivo-slider/demo/images/Banner%20Politica%20Publica%20CONPES%20(1).ai HTTP/1.1" 206 1644252
201.245.192.253 - - [06/Mar/2019:04:56:49 -0500] "GET /galeria/nivo-slider/demo/images/Banner%20Politica%20Publica%20CONPES%20(1).ai HTTP/1.1" 206 1
201.245.192.253 - - [06/Mar/2019:04:56:49 -0500] "GET /galeria/nivo-slider/demo/images/Banner%20Politica%20Publica%20CONPES%20(1).ai HTTP/1.1" 206 1644252
66.249.79.153 - - [06/Mar/2019:04:56:56 -0500] "GET /BLA/resoluciones/AUTOS%202017/2932.pdf HTTP/1.1" 200 289975
66.249.79.153 - - [06/Mar/2019:04:57:06 -0500] "GET /BLA/resoluciones/AUTOS%202017/4824.pdf HTTP/1.1" 200 271746
66.249.79.156 - - [06/Mar/2019:04:57:16 -0500] "GET /BLA/resoluciones/AUTOS%202017/3360.pdf HTTP/1.1" 200 260886
66.249.79.153 - - [06/Mar/2019:04:57:27 -0500] "GET /BLA/resoluciones/Notificaciones/AUTOS%202017/04483.pdf HTTP/1.1" 200 278169
66.249.79.153 - - [06/Mar/2019:04:57:37 -0500] "GET /BLA/resoluciones/Notificaciones/AUTOS%202017/04158.pdf HTTP/1.1" 200 272897
66.249.79.153 - - [06/Mar/2019:04:57:47 -0500] "GET /BLA/resoluciones/AUTOS%202017/1722.pdf HTTP/1.1" 200 754015
66.249.79.155 - - [06/Mar/2019:04:57:57 -0500] "GET /BLA/resoluciones/AUTOS%202017/2226.pdf HTTP/1.1" 200 372816
66.249.79.155 - - [06/Mar/2019:04:58:07 -0500] "GET /BLA/resoluciones/AUTOS%202018/1156.pdf HTTP/1.1" 200 271242
66.249.79.153 - - [06/Mar/2019:04:58:17 -0500] "GET /BLA/resoluciones/AUTOS%202017/5303.pdf HTTP/1.1" 200 299986
66.249.79.153 - - [06/Mar/2019:04:58:27 -0500] "GET /BLA/resoluciones/RESOLUCIONES%202011/1799.pdf HTTP/1.1" 200 515276
54.36.150.32 - - [06/Mar/2019:04:58:29 -0500] "GET /BLA/resoluciones/RESOLUCIONES%202006/RES%202006%201101-1150/INDEX.DAT HTTP/1.1" 200 2000
66.249.79.153 - - [06/Mar/2019:04:58:37 -0500] "GET /BLA/resoluciones/AUTOS%202018/2633.pdf HTTP/1.1" 200 2750459
201.245.192.253 - - [06/Mar/2019:04:58:41 -0500] "GET /galeria/nivo-slider/demo/images/Banner%20Politica%20Publica%20CONPES%20(1).ai HTTP/1.1" 206 1
201.245.192.253 - - [06/Mar/2019:04:58:41 -0500] "GET /galeria/nivo-slider/demo/images/Banner%20Politica%20Publica%20CONPES%20(1).ai HTTP/1.1" 206 1660312
186.84.61.215 - - [06/Mar/2019:04:58:49 -0500] "GET /BLA/resoluciones/RESOLUCIONES%202007/RES%202007%203701%20AL%203800/RESOLUCION%203731%20DE%202007.pdf HTTP/1.1" 200 166462
201.245.192.253 - - [06/Mar/2019:04:58:51 -0500] "GET /galeria/nivo-slider/demo/images/Banner%20Politica%20Publica%20CONPES%20(1).ai HTTP/1.1" 206 1
201.245.192.253 - - [06/Mar/2019:04:58:51 -0500] "GET /galeria/nivo-slider/demo/images/Banner%20Politica%20Publica%20CONPES%20(1).ai HTTP/1.1" 206 1660312
66.249.79.155 - - [06/Mar/2019:04:58:58 -0500] "GET /BLA/resoluciones/AUTOS%202017/0570.pdf HTTP/1.1" 200 1038146
66.249.79.155 - - [06/Mar/2019:04:59:08 -0500] "GET /BLA/resoluciones/AUTOS%202017/2855.pdf HTTP/1.1" 200 497517
190.144.166.61 - - [06/Mar/2019:04:59:17 -0500] "GET /galeria/nivo-slider/demo/images/Banner%20Politica%20Publica%20CONPES%20(1).ai HTTP/1.1" 206 1
66.249.79.153 - - [06/Mar/2019:04:59:18 -0500] "GET /BLA/resoluciones/RESOLUCIONES%202013/1197.pdf HTTP/1.1" 304 -
69.162.124.233 - - [06/Mar/2019:04:59:26 -0500] "HEAD / HTTP/1.1" 200 -
190.144.166.61 - - [06/Mar/2019:04:59:27 -0500] "GET /galeria/nivo-slider/demo/images/Banner%20Politica%20Publica%20CONPES%20(1).ai HTTP/1.1" 206 1
66.249.79.153 - - [06/Mar/2019:04:59:28 -0500] "GET /BLA/resoluciones/Notificaciones/REGISTROS%202015/2292.doc HTTP/1.1" 304 -
201.245.192.253 - - [06/Mar/2019:04:59:44 -0500] "GET /galeria/nivo-slider/demo/images/Banner%20Politica%20Publica%20CONPES%20(1).ai HTTP/1.1" 206 1
201.245.192.253 - - [06/Mar/2019:04:59:44 -0500] "GET /galeria/nivo-slider/demo/images/Banner%20Politica%20Publica%20CONPES%20(1).ai HTTP/1.1" 206 1644252
66.249.79.153 - - [06/Mar/2019:04:59:48 -0500] "GET /BLA/resoluciones/RESOLUCIONES%202014/2786.pdf HTTP/1.1" 304 -
201.245.192.253 - - [06/Mar/2019:04:59:49 -0500] "GET /galeria/nivo-slider/demo/images/Banner%20Politica%20Publica%20CONPES%20(1).ai HTTP/1.1" 206 1
201.245.192.253 - - [06/Mar/2019:04:59:49 -0500] "GET /galeria/nivo-slider/demo/images/Banner%20Politica%20Publica%20CONPES%20(1).ai HTTP/1.1" 206 1644252
201.245.192.253 - - [06/Mar/2019:04:59:54 -0500] "GET /galeria/nivo-slider/demo/images/Banner%20Politica%20Publica%20CONPES%20(1).ai HTTP/1.1" 206 1
66.249.79.153 - - [06/Mar/2019:04:59:58 -0500] "GET /BLA/resoluciones/AUTOS%202013/0351.pdf HTTP/1.1" 304 -
201.245.192.253 - - [06/Mar/2019:04:59:59 -0500] "GET /galeria/nivo-slider/demo/images/Banner%20Politica%20Publica%20CONPES%20(1).ai HTTP/1.1" 206 1
201.245.192.253 - - [06/Mar/2019:04:59:59 -0500] "GET /galeria/nivo-slider/demo/images/Banner%20Politica%20Publica%20CONPES%20(1).ai HTTP/1.1" 206 1644252
186.28.172.72 - - [06/Mar/2019:05:00:14 -0500] "GET /galeria/galeria/jquery.fancybox.css?v=2.1.5 HTTP/1.1" 200 4895
186.28.172.72 - - [06/Mar/2019:05:00:14 -0500] "GET /galeria/carrusel/Carrusel/jquery.thumbnailScroller.css HTTP/1.1" 200 2066
186.28.172.72 - - [06/Mar/2019:05:00:14 -0500] "GET /BLA/boletinlegal/js/jquery.scrollShow.js HTTP/1.1" 200 4586
186.28.172.72 - - [06/Mar/2019:05:00:14 -0500] "GET /galeria/carrusel/Carrusel/jquery-ui-1.8.13.custom.min.js HTTP/1.1" 200 10800
186.28.172.72 - - [06/Mar/2019:05:00:14 -0500] "GET /galeria/carrusel/Carrusel/jquery.thumbnailScroller.js HTTP/1.1" 200 8157
186.28.172.72 - - [06/Mar/2019:05:00:14 -0500] "GET /galeria/galeria/jquery.fancybox.js?v=2.1.5 HTTP/1.1" 200 48706
186.28.172.72 - - [06/Mar/2019:05:00:15 -0500] "GET /galeria/nivo-slider/demo/demo.html HTTP/1.1" 200 22600
186.28.172.72 - - [06/Mar/2019:05:00:15 -0500] "GET /galeria/nivo-slider/themes/default/default.css HTTP/1.1" 200 1569
186.28.172.72 - - [06/Mar/2019:05:00:15 -0500] "GET /galeria/nivo-slider/themes/pascal/pascal.css HTTP/1.1" 200 2258
186.28.172.72 - - [06/Mar/2019:05:00:15 -0500] "GET /galeria/nivo-slider/themes/orman/orman.css HTTP/1.1" 200 2152
186.28.172.72 - - [06/Mar/2019:05:00:15 -0500] "GET /galeria/nivo-slider/nivo-slider.css HTTP/1.1" 200 1507
186.28.172.72 - - [06/Mar/2019:05:00:16 -0500] "GET /galeria/nivo-slider/demo/style.css HTTP/1.1" 200 2222
186.28.172.72 - - [06/Mar/2019:05:00:16 -0500] "GET /galeria/nivo-slider/demo/scripts/jquery-1.7.1.min.js HTTP/1.1" 200 93868
186.28.172.72 - - [06/Mar/2019:05:00:16 -0500] "GET /galeria/nivo-slider/demo/images/Trafico%20de%20fauna.jpg HTTP/1.1" 200 198327
186.28.172.72 - - [06/Mar/2019:05:00:16 -0500] "GET /galeria/nivo-slider/demo/images/Caminatas%20marzo.png HTTP/1.1" 200 661357
186.28.172.72 - - [06/Mar/2019:05:00:16 -0500] "GET /galeria/nivo-slider/demo/images/banner-humedales-de-bogota.jpg HTTP/1.1" 200 292611
186.28.172.72 - - [06/Mar/2019:05:00:16 -0500] "GET /galeria/nivo-slider/demo/images/Banner_micrositio.png HTTP/1.1" 200 146950
186.28.172.72 - - [06/Mar/2019:05:00:16 -0500] "GET /galeria/nivo-slider/demo/images/bannerlumina2017web.jpg HTTP/1.1" 200 198918
186.28.172.72 - - [06/Mar/2019:05:00:19 -0500] "GET /galeria/nivo-slider/demo/images/Banner%20practicas%20sostenibles.jpg HTTP/1.1" 200 142958
186.28.172.72 - - [06/Mar/2019:05:00:20 -0500] "GET /galeria/nivo-slider/demo/images/web%20ingreso%20humedales.png HTTP/1.1" 200 641193
186.28.172.72 - - [06/Mar/2019:05:00:20 -0500] "GET /galeria/nivo-slider/demo/images/Bannerweb_Tinguas.jpg HTTP/1.1" 200 258471
186.28.172.72 - - [06/Mar/2019:05:00:21 -0500] "GET /galeria/nivo-slider/demo/images/Banneranonimos.png HTTP/1.1" 200 109388
186.28.172.72 - - [06/Mar/2019:05:00:23 -0500] "GET /galeria/nivo-slider/demo/images/banner-bolsas-plasticas.jpg HTTP/1.1" 200 317939
186.28.172.72 - - [06/Mar/2019:05:00:23 -0500] "GET /galeria/nivo-slider/demo/images/BANNER%20VAN%20DER%20HAMMEN.jpg HTTP/1.1" 200 64172
186.28.172.72 - - [06/Mar/2019:05:00:23 -0500] "GET /galeria/nivo-slider/demo/images/Otorgamiento-excelencia-ambiental-Jos%C3%A9-Celestino-Mutis-2.jpg HTTP/1.1" 200 276467
66.249.79.153 - - [06/Mar/2019:05:00:29 -0500] "GET /BLA/resoluciones/RESOLUCIONES%202011/5794.pdf HTTP/1.1" 304 -
201.245.192.253 - - [06/Mar/2019:05:00:39 -0500] "GET /galeria/nivo-slider/demo/images/Banner%20Politica%20Publica%20CONPES%20(1).ai HTTP/1.1" 206 1
201.245.192.253 - - [06/Mar/2019:05:00:39 -0500] "GET /galeria/nivo-slider/demo/images/Banner%20Politica%20Publica%20CONPES%20(1).ai HTTP/1.1" 206 1644252
66.249.79.153 - - [06/Mar/2019:05:00:39 -0500] "GET / HTTP/1.1" 200 9990
201.245.192.253 - - [06/Mar/2019:05:00:47 -0500] "GET /galeria/nivo-slider/demo/images/Banner%20Politica%20Publica%20CONPES%20(1).ai HTTP/1.1" 206 1
201.245.192.253 - - [06/Mar/2019:05:00:47 -0500] "GET /galeria/nivo-slider/demo/images/Banner%20Politica%20Publica%20CONPES%20(1).ai HTTP/1.1" 206 1644252
201.245.192.253 - - [06/Mar/2019:05:00:49 -0500] "GET /galeria/nivo-slider/demo/images/Banner%20Politica%20Publica%20CONPES%20(1).ai HTTP/1.1" 206 1
201.245.192.253 - - [06/Mar/2019:05:00:49 -0500] "GET /galeria/nivo-slider/demo/images/Banner%20Politica%20Publica%20CONPES%20(1).ai HTTP/1.1" 206 1644252
201.245.192.253 - - [06/Mar/2019:05:00:57 -0500] "GET /galeria/nivo-slider/demo/images/Banner%20Politica%20Publica%20CONPES%20(1).ai HTTP/1.1" 206 1
192.168.175.104 - - [06/Mar/2019:05:01:11 -0500] "GET / HTTP/1.1" 200 9990
66.249.79.147 - - [06/Mar/2019:05:01:30 -0500] "GET /robots.txt HTTP/1.1" 404 1043
66.249.79.151 - - [06/Mar/2019:05:01:30 -0500] "GET / HTTP/1.1" 200 9990
192.168.175.104 - - [06/Mar/2019:05:01:34 -0500] "GET / HTTP/1.0" 200 9990
54.36.148.185 - - [06/Mar/2019:05:01:37 -0500] "GET /BLA/resoluciones/RESOLUCIONES%202003/RES%202003%201851--1900/20031874.tif HTTP/1.1" 200 77424
66.249.79.153 - - [06/Mar/2019:05:02:31 -0500] "GET /BLA/resoluciones/index.php?dir=AUTOS+2006%2F HTTP/1.1" 200 9519
201.245.192.253 - - [06/Mar/2019:05:02:51 -0500] "GET /galeria/nivo-slider/demo/images/Banner%20Politica%20Publica%20CONPES%20(1).ai HTTP/1.1" 206 1
66.249.79.153 - - [06/Mar/2019:05:02:51 -0500] "GET /BLA/boletinlegal/Circulares/2011/Circular%20No.%209%20del%2003%20de%20Noviembre%20de%202011.pdf HTTP/1.1" 200 54568
201.245.192.253 - - [06/Mar/2019:05:02:51 -0500] "GET /galeria/nivo-slider/demo/images/Banner%20Politica%20Publica%20CONPES%20(1).ai HTTP/1.1" 206 1660312
201.245.192.253 - - [06/Mar/2019:05:03:01 -0500] "GET /galeria/nivo-slider/demo/images/Banner%20Politica%20Publica%20CONPES%20(1).ai HTTP/1.1" 206 1
201.245.192.253 - - [06/Mar/2019:05:03:01 -0500] "GET /galeria/nivo-slider/demo/images/Banner%20Politica%20Publica%20CONPES%20(1).ai HTTP/1.1" 206 1660312
66.249.79.153 - - [06/Mar/2019:05:03:01 -0500] "GET /BLA/boletinlegal/Circulares/2012/Circular%20No.%208%20del%2021%20de%20Agosto%20de%202012.pdf HTTP/1.1" 200 963197
66.249.79.156 - - [06/Mar/2019:05:03:11 -0500] "GET /BLA/boletinlegal/Circulares/2011/Circular%20No.%207%20del%2015%20de%20Septiembre%20de%202011.pdf HTTP/1.1" 200 314873
190.144.166.61 - - [06/Mar/2019:05:03:27 -0500] "GET /galeria/nivo-slider/demo/images/Banner%20Politica%20Publica%20CONPES%20(1).ai HTTP/1.1" 206 1
186.28.172.72 - - [06/Mar/2019:05:03:31 -0500] "GET /galeria/nivo-slider/jquery.nivo.slider.pack.js HTTP/1.1" 200 11561
186.28.172.72 - - [06/Mar/2019:05:03:31 -0500] "GET /galeria/nivo-slider/demo/images/4Simple_Slider.png HTTP/1.1" 200 11722
186.28.172.72 - - [06/Mar/2019:05:03:31 -0500] "GET /galeria/nivo-slider/themes/default/loading.gif HTTP/1.1" 200 1737
186.28.172.72 - - [06/Mar/2019:05:03:31 -0500] "GET /galeria/nivo-slider/demo/images/Banner%20PGAE.jpg HTTP/1.1" 200 258166
186.28.172.72 - - [06/Mar/2019:05:03:31 -0500] "GET /galeria/nivo-slider/demo/images/Banner%20Conpes.jpg HTTP/1.1" 200 55220
186.28.172.72 - - [06/Mar/2019:05:03:31 -0500] "GET /galeria/nivo-slider/demo/images/Banner%20POT.png HTTP/1.1" 200 418238
186.28.172.72 - - [06/Mar/2019:05:03:31 -0500] "GET /galeria/nivo-slider/demo/images/incendios-forestales.png HTTP/1.1" 200 61469
66.249.79.155 - - [06/Mar/2019:05:03:31 -0500] "GET /BLA/boletinlegal/Circulares/2015/Circular%20No.%201%20del%2010%20de%20Febrero%20de%202015.pdf HTTP/1.1" 200 660637
186.28.172.72 - - [06/Mar/2019:05:03:32 -0500] "GET /galeria/nivo-slider/demo/images/Caminatas%20marzo.png HTTP/1.1" 206 1
186.28.172.72 - - [06/Mar/2019:05:03:32 -0500] "GET /galeria/nivo-slider/demo/images/Pot_banner.jpg HTTP/1.1" 200 204736
186.28.172.72 - - [06/Mar/2019:05:03:32 -0500] "GET /galeria/nivo-slider/demo/images/Caminatas%20marzo.png HTTP/1.1" 206 105507
186.28.172.72 - - [06/Mar/2019:05:03:33 -0500] "GET /galeria/nivo-slider/demo/images/BANNER%20punto.jpg HTTP/1.1" 200 75932
186.28.172.72 - - [06/Mar/2019:05:03:33 -0500] "GET /galeria/nivo-slider/demo/images/Banneranonimos.png HTTP/1.1" 206 1
186.28.172.72 - - [06/Mar/2019:05:03:34 -0500] "GET /galeria/nivo-slider/demo/images/Banneranonimos.png HTTP/1.1" 206 42862
186.28.172.72 - - [06/Mar/2019:05:03:34 -0500] "GET /galeria/nivo-slider/demo/images/web%20ingreso%20humedales.png HTTP/1.1" 206 1
186.28.172.72 - - [06/Mar/2019:05:03:34 -0500] "GET /galeria/nivo-slider/demo/images/web%20ingreso%20humedales.png HTTP/1.1" 206 396071
186.28.172.72 - - [06/Mar/2019:05:03:35 -0500] "GET /galeria/nivo-slider/demo/images/gobierno%20digital-01.jpg HTTP/1.1" 200 116163
186.28.172.72 - - [06/Mar/2019:05:03:35 -0500] "GET /galeria/nivo-slider/demo/images/Otorgamiento-excelencia-ambiental-Jos%C3%A9-Celestino-Mutis-2.jpg HTTP/1.1" 206 1
186.28.172.72 - - [06/Mar/2019:05:03:35 -0500] "GET /galeria/nivo-slider/demo/images/Otorgamiento-excelencia-ambiental-Jos%C3%A9-Celestino-Mutis-2.jpg HTTP/1.1" 206 198326
66.249.79.155 - - [06/Mar/2019:05:03:35 -0500] "GET /BLA/resoluciones/RESOLUCIONES%202007/RES%202007%202001%20AL%202100/RESOLUCION%202079%20DE%202007.pdf HTTP/1.1" 200 291596
186.28.172.72 - - [06/Mar/2019:05:03:36 -0500] "GET /galeria/nivo-slider/demo/images/avances-sentencias-rio-bogota-2.jpg HTTP/1.1" 200 304916
186.28.172.72 - - [06/Mar/2019:05:03:36 -0500] "GET /galeria/nivo-slider/demo/images/BANNER%20VAN%20DER%20HAMMEN.jpg HTTP/1.1" 206 1
186.28.172.72 - - [06/Mar/2019:05:03:36 -0500] "GET /galeria/nivo-slider/demo/images/BANNER%20VAN%20DER%20HAMMEN.jpg HTTP/1.1" 206 2001
186.28.172.72 - - [06/Mar/2019:05:03:36 -0500] "GET /galeria/nivo-slider/demo/images/maximavelocidad.png HTTP/1.1" 200 880272
190.144.166.61 - - [06/Mar/2019:05:03:37 -0500] "GET /galeria/nivo-slider/demo/images/Banner%20Politica%20Publica%20CONPES%20(1).ai HTTP/1.1" 206 1
186.28.172.72 - - [06/Mar/2019:05:03:37 -0500] "GET /galeria/nivo-slider/demo/images/banner%20aceite%20vegetal%20usado.jpg HTTP/1.1" 200 169350
186.28.172.72 - - [06/Mar/2019:05:03:38 -0500] "GET /galeria/nivo-slider/demo/images/banner-bolsas-plasticas.jpg HTTP/1.1" 206 1
186.28.172.72 - - [06/Mar/2019:05:03:38 -0500] "GET /galeria/nivo-slider/demo/images/banner-bolsas-plasticas.jpg HTTP/1.1" 206 247058
186.28.172.72 - - [06/Mar/2019:05:03:44 -0500] "GET /galeria/nivo-slider/themes/default/arrows.png HTTP/1.1" 200 824
186.28.172.72 - - [06/Mar/2019:05:03:44 -0500] "GET /galeria/nivo-slider/themes/default/bullets.png HTTP/1.1" 200 1281
201.245.192.253 - - [06/Mar/2019:05:03:49 -0500] "GET /galeria/nivo-slider/demo/images/Banner%20Politica%20Publica%20CONPES%20(1).ai HTTP/1.1" 206 1
201.245.192.253 - - [06/Mar/2019:05:03:49 -0500] "GET /galeria/nivo-slider/demo/images/Banner%20Politica%20Publica%20CONPES%20(1).ai HTTP/1.1" 206 1644252
201.245.192.253 - - [06/Mar/2019:05:03:54 -0500] "GET /galeria/nivo-slider/demo/images/Banner%20Politica%20Publica%20CONPES%20(1).ai HTTP/1.1" 206 1
201.245.192.253 - - [06/Mar/2019:05:03:54 -0500] "GET /galeria/nivo-slider/demo/images/Banner%20Politica%20Publica%20CONPES%20(1).ai HTTP/1.1" 206 1644252
201.245.192.253 - - [06/Mar/2019:05:03:59 -0500] "GET /galeria/nivo-slider/demo/images/Banner%20Politica%20Publica%20CONPES%20(1).ai HTTP/1.1" 206 1
201.245.192.253 - - [06/Mar/2019:05:03:59 -0500] "GET /galeria/nivo-slider/demo/images/Banner%20Politica%20Publica%20CONPES%20(1).ai HTTP/1.1" 206 1644252
201.245.192.253 - - [06/Mar/2019:05:04:04 -0500] "GET /galeria/nivo-slider/demo/images/Banner%20Politica%20Publica%20CONPES%20(1).ai HTTP/1.1" 206 1
201.245.192.253 - - [06/Mar/2019:05:04:04 -0500] "GET /galeria/nivo-slider/demo/images/Banner%20Politica%20Publica%20CONPES%20(1).ai HTTP/1.1" 206 1644252
201.245.192.253 - - [06/Mar/2019:05:04:19 -0500] "GET /galeria/nivo-slider/demo/images/incendios-forestales.png HTTP/1.1" 304 -
69.162.124.233 - - [06/Mar/2019:05:04:26 -0500] "HEAD / HTTP/1.1" 200 -
201.245.192.253 - - [06/Mar/2019:05:04:39 -0500] "GET /galeria/nivo-slider/demo/images/Banner%20Politica%20Publica%20CONPES%20(1).ai HTTP/1.1" 206 1
201.245.192.253 - - [06/Mar/2019:05:04:39 -0500] "GET /galeria/nivo-slider/demo/images/Banner%20Politica%20Publica%20CONPES%20(1).ai HTTP/1.1" 206 1644252
66.249.79.153 - - [06/Mar/2019:05:04:42 -0500] "GET /BLA/resoluciones/AUTOS%202017/3530.pdf HTTP/1.1" 200 295606
40.124.51.41 - - [06/Mar/2019:05:04:43 -0500] "GET /BLA/boletinlegal/Circulares/2012/Circular%20No.%204%20del%2019%20de%20abril%20de%202012.pdf HTTP/1.1" 200 253045
201.245.192.253 - - [06/Mar/2019:05:04:49 -0500] "GET /galeria/nivo-slider/demo/images/Banner%20Politica%20Publica%20CONPES%20(1).ai HTTP/1.1" 206 1
201.245.192.253 - - [06/Mar/2019:05:04:49 -0500] "GET /galeria/nivo-slider/demo/images/Banner%20Politica%20Publica%20CONPES%20(1).ai HTTP/1.1" 206 1644252
178.236.131.160 - - [06/Mar/2019:05:04:49 -0500] "GET / HTTP/1.1" 200 9990
66.249.79.155 - - [06/Mar/2019:05:04:52 -0500] "GET /BLA/resoluciones/AUTOS%202018/0683.pdf HTTP/1.1" 200 284807
201.245.192.253 - - [06/Mar/2019:05:04:57 -0500] "GET /galeria/nivo-slider/demo/images/Banner%20Politica%20Publica%20CONPES%20(1).ai HTTP/1.1" 206 1
201.245.192.253 - - [06/Mar/2019:05:04:57 -0500] "GET /galeria/nivo-slider/demo/images/Banner%20Politica%20Publica%20CONPES%20(1).ai HTTP/1.1" 206 1644252
66.249.79.155 - - [06/Mar/2019:05:05:03 -0500] "GET /BLA/resoluciones/AUTOS%202018/0553.pdf HTTP/1.1" 200 661879
201.245.192.253 - - [06/Mar/2019:05:05:07 -0500] "GET /galeria/nivo-slider/demo/images/Banner%20Politica%20Publica%20CONPES%20(1).ai HTTP/1.1" 206 1
201.245.192.253 - - [06/Mar/2019:05:05:07 -0500] "GET /galeria/nivo-slider/demo/images/Banner%20Politica%20Publica%20CONPES%20(1).ai HTTP/1.1" 206 1644252
66.249.79.156 - - [06/Mar/2019:05:05:13 -0500] "GET /BLA/resoluciones/AUTOS%202017/1560.pdf HTTP/1.1" 200 297353
66.249.79.155 - - [06/Mar/2019:05:05:23 -0500] "GET /BLA/resoluciones/AUTOS%202017/0988.pdf HTTP/1.1" 200 854963
66.249.79.153 - - [06/Mar/2019:05:05:33 -0500] "GET /BLA/resoluciones/AUTOS%202017/0444.pdf HTTP/1.1" 200 631004
66.249.79.155 - - [06/Mar/2019:05:05:43 -0500] "GET /BLA/resoluciones/AUTOS%202018/1480.pdf HTTP/1.1" 200 306794
66.249.79.153 - - [06/Mar/2019:05:05:53 -0500] "GET /BLA/resoluciones/AUTOS%202018/3018.pdf HTTP/1.1" 200 271586
66.249.79.155 - - [06/Mar/2019:05:06:03 -0500] "GET /BLA/resoluciones/AUTOS%202018/1005.pdf HTTP/1.1" 200 400030
186.183.207.34 - - [06/Mar/2019:05:06:04 -0500] "GET /galeria/galeria/jquery.fancybox.css?v=2.1.5 HTTP/1.1" 200 4895
186.183.207.34 - - [06/Mar/2019:05:06:04 -0500] "GET /BLA/boletinlegal/js/jquery.scrollShow.js HTTP/1.1" 200 4586
186.183.207.34 - - [06/Mar/2019:05:06:04 -0500] "GET /galeria/galeria/jquery.fancybox.js?v=2.1.5 HTTP/1.1" 200 48706
192.168.175.104 - - [06/Mar/2019:05:06:09 -0500] "GET / HTTP/1.1" 200 9990
66.249.79.156 - - [06/Mar/2019:05:06:14 -0500] "GET /BLA/resoluciones/RESOLUCIONES%202014/1888.pdf HTTP/1.1" 200 593107
66.249.79.155 - - [06/Mar/2019:05:06:24 -0500] "GET /BLA/resoluciones/AUTOS%202018/1839.pdf HTTP/1.1" 200 256782
192.168.175.104 - - [06/Mar/2019:05:06:32 -0500] "GET / HTTP/1.0" 200 9990
66.249.79.153 - - [06/Mar/2019:05:06:34 -0500] "GET /BLA/resoluciones/AUTOS%202018/3490.pdf HTTP/1.1" 200 245041
35.205.75.161 - - [06/Mar/2019:05:06:49 -0500] "-" 408 -
66.249.79.153 - - [06/Mar/2019:05:06:55 -0500] "GET /BLA/resoluciones/AUTOS%202018/2199.pdf HTTP/1.1" 200 1111621
201.245.192.253 - - [06/Mar/2019:05:07:01 -0500] "GET /galeria/nivo-slider/demo/images/Banner%20Politica%20Publica%20CONPES%20(1).ai HTTP/1.1" 206 1
201.245.192.253 - - [06/Mar/2019:05:07:01 -0500] "GET /galeria/nivo-slider/demo/images/Banner%20Politica%20Publica%20CONPES%20(1).ai HTTP/1.1" 206 1660312
66.249.79.155 - - [06/Mar/2019:05:07:04 -0500] "GET /BLA/resoluciones/RESOLUCIONES%202015/0195.pdf HTTP/1.1" 200 206314
201.245.192.253 - - [06/Mar/2019:05:07:11 -0500] "GET /galeria/nivo-slider/demo/images/Banner%20Politica%20Publica%20CONPES%20(1).ai HTTP/1.1" 206 1
201.245.192.253 - - [06/Mar/2019:05:07:11 -0500] "GET /galeria/nivo-slider/demo/images/Banner%20Politica%20Publica%20CONPES%20(1).ai HTTP/1.1" 206 1660312
66.249.79.156 - - [06/Mar/2019:05:07:14 -0500] "GET /BLA/resoluciones/AUTOS%202017/4906.pdf HTTP/1.1" 200 1050625
54.36.149.21 - - [06/Mar/2019:05:07:16 -0500] "GET /BLA/resoluciones/RESOLUCIONES%202002/RES%202002%201851-1900/20021858.tif HTTP/1.1" 200 107796
66.249.79.153 - - [06/Mar/2019:05:07:25 -0500] "GET /BLA/resoluciones/RESOLUCIONES%202011/5391.pdf HTTP/1.1" 200 776839
66.249.79.155 - - [06/Mar/2019:05:07:35 -0500] "GET /BLA/resoluciones/RESOLUCIONES%202011/4675.pdf HTTP/1.1" 200 1021660
190.144.166.61 - - [06/Mar/2019:05:07:37 -0500] "GET /galeria/nivo-slider/demo/images/Banner%20Politica%20Publica%20CONPES%20(1).ai HTTP/1.1" 206 1
66.249.79.153 - - [06/Mar/2019:05:07:45 -0500] "GET /Publicaciones/2019EE36343.pdf HTTP/1.1" 503 1020
190.144.166.61 - - [06/Mar/2019:05:07:47 -0500] "GET /galeria/nivo-slider/demo/images/Banner%20Politica%20Publica%20CONPES%20(1).ai HTTP/1.1" 206 1
201.245.192.253 - - [06/Mar/2019:05:07:49 -0500] "GET /galeria/nivo-slider/demo/images/Banner%20Politica%20Publica%20CONPES%20(1).ai HTTP/1.1" 206 1
201.245.192.253 - - [06/Mar/2019:05:07:49 -0500] "GET /galeria/nivo-slider/demo/images/Banner%20Politica%20Publica%20CONPES%20(1).ai HTTP/1.1" 206 1644252
186.86.32.200 - - [06/Mar/2019:05:07:49 -0500] "GET /sipse/faces/autenticacion.xhtml HTTP/1.1" 200 12495
186.86.32.200 - - [06/Mar/2019:05:07:49 -0500] "GET /sipse/js/disable_browser_buttons.js HTTP/1.1" 200 3230
186.86.32.200 - - [06/Mar/2019:05:07:49 -0500] "GET /sipse/css/custom_css_sg.css HTTP/1.1" 304 -
186.86.32.200 - - [06/Mar/2019:05:07:49 -0500] "GET /sipse/css/custom_css_sg_prime_login.css HTTP/1.1" 304 -
186.86.32.200 - - [06/Mar/2019:05:07:49 -0500] "GET /sipse/faces/javax.faces.resource/layout/layout.css;jsessionid=HIqc2zpgKiomeYpEo9f8vGIk.undefined?ln=primefaces&v=4.0 HTTP/1.1" 200 542
186.86.32.200 - - [06/Mar/2019:05:07:49 -0500] "GET /sipse/faces/javax.faces.resource/theme.css?ln=primefaces-sipse HTTP/1.1" 304 -
186.86.32.200 - - [06/Mar/2019:05:07:49 -0500] "GET /sipse/js/funciones.js HTTP/1.1" 304 -
186.86.32.200 - - [06/Mar/2019:05:07:49 -0500] "GET /sipse/faces/javax.faces.resource/primefaces.css;jsessionid=HIqc2zpgKiomeYpEo9f8vGIk.undefined?ln=primefaces&v=4.0 HTTP/1.1" 200 53295
186.86.32.200 - - [06/Mar/2019:05:07:49 -0500] "GET /sipse/faces/javax.faces.resource/primefaces.js;jsessionid=HIqc2zpgKiomeYpEo9f8vGIk.undefined?ln=primefaces&v=4.0 HTTP/1.1" 200 276924
186.86.32.200 - - [06/Mar/2019:05:07:49 -0500] "GET /sipse/faces/javax.faces.resource/jquery/jquery.js;jsessionid=HIqc2zpgKiomeYpEo9f8vGIk.undefined?ln=primefaces&v=4.0 HTTP/1.1" 200 105384
186.86.32.200 - - [06/Mar/2019:05:07:49 -0500] "GET /sipse/faces/javax.faces.resource/jquery/jquery-plugins.js;jsessionid=HIqc2zpgKiomeYpEo9f8vGIk.undefined?ln=primefaces&v=4.0 HTTP/1.1" 200 220526
186.86.32.200 - - [06/Mar/2019:05:07:49 -0500] "GET /sipse/faces/javax.faces.resource/layout/layout.js;jsessionid=HIqc2zpgKiomeYpEo9f8vGIk.undefined?ln=primefaces&v=4.0 HTTP/1.1" 200 87560
186.86.32.200 - - [06/Mar/2019:05:07:51 -0500] "GET /sipse/css/imagen/logoSDG.png HTTP/1.1" 304 -
186.86.32.200 - - [06/Mar/2019:05:07:51 -0500] "GET /sipse/faces/javax.faces.resource/images/ui-icons_898989_256x240.png?ln=primefaces-aristo HTTP/1.1" 200 5355
186.86.32.200 - - [06/Mar/2019:05:07:51 -0500] "GET /sipse/css/imagen/loginimg.png HTTP/1.1" 200 104836
186.86.32.200 - - [06/Mar/2019:05:07:52 -0500] "GET /sipse/faces/index.xhtml HTTP/1.1" 200 677
186.86.32.200 - - [06/Mar/2019:05:07:52 -0500] "GET /sipse/faces/javax.faces.resource/theme.css?ln=primefaces-sipse HTTP/1.1" 304 -
186.86.32.200 - - [06/Mar/2019:05:07:52 -0500] "GET /sipse/faces/faces/autenticacion.xhtml HTTP/1.1" 200 12173
186.86.32.200 - - [06/Mar/2019:05:07:52 -0500] "GET /sipse/faces/javax.faces.resource/layout/layout.css?ln=primefaces&v=4.0 HTTP/1.1" 304 -
186.86.32.200 - - [06/Mar/2019:05:07:52 -0500] "GET /sipse/faces/javax.faces.resource/theme.css?ln=primefaces-sipse HTTP/1.1" 304 -
186.86.32.200 - - [06/Mar/2019:05:07:52 -0500] "GET /sipse/faces/javax.faces.resource/jquery/jquery.js?ln=primefaces&v=4.0 HTTP/1.1" 304 -
186.86.32.200 - - [06/Mar/2019:05:07:52 -0500] "GET /sipse/faces/javax.faces.resource/jquery/jquery-plugins.js?ln=primefaces&v=4.0 HTTP/1.1" 304 -
186.86.32.200 - - [06/Mar/2019:05:07:52 -0500] "GET /sipse/faces/javax.faces.resource/layout/layout.js?ln=primefaces&v=4.0 HTTP/1.1" 304 -
186.86.32.200 - - [06/Mar/2019:05:07:52 -0500] "GET /sipse/faces/javax.faces.resource/primefaces.css?ln=primefaces&v=4.0 HTTP/1.1" 200 53295
186.86.32.200 - - [06/Mar/2019:05:07:52 -0500] "GET /sipse/faces/javax.faces.resource/primefaces.js?ln=primefaces&v=4.0 HTTP/1.1" 200 276924
186.86.32.200 - - [06/Mar/2019:05:07:54 -0500] "GET /sipse/faces/javax.faces.resource/images/ui-icons_898989_256x240.png?ln=primefaces-aristo HTTP/1.1" 304 -
66.249.79.153 - - [06/Mar/2019:05:07:55 -0500] "GET /BLA/resoluciones/AUTOS%202018/1863.pdf HTTP/1.1" 200 278831
201.245.192.253 - - [06/Mar/2019:05:07:59 -0500] "GET /galeria/nivo-slider/demo/images/Banner%20Politica%20Publica%20CONPES%20(1).ai HTTP/1.1" 206 1
201.245.192.253 - - [06/Mar/2019:05:07:59 -0500] "GET /galeria/nivo-slider/demo/images/Banner%20Politica%20Publica%20CONPES%20(1).ai HTTP/1.1" 206 1644252
201.245.192.253 - - [06/Mar/2019:05:08:04 -0500] "GET /galeria/nivo-slider/demo/images/Banner%20Politica%20Publica%20CONPES%20(1).ai HTTP/1.1" 206 1
201.245.192.253 - - [06/Mar/2019:05:08:04 -0500] "GET /galeria/nivo-slider/demo/images/Banner%20Politica%20Publica%20CONPES%20(1).ai HTTP/1.1" 206 1644252
54.36.150.77 - - [06/Mar/2019:05:08:04 -0500] "GET /BLA/resoluciones/RESOLUCIONES%202006/RES%202006%201251-1300/00001265.tif HTTP/1.1" 200 100804
66.249.79.153 - - [06/Mar/2019:05:08:05 -0500] "GET /BLA/resoluciones/AUTOS%202018/5552.pdf HTTP/1.1" 200 320146
201.245.192.253 - - [06/Mar/2019:05:08:14 -0500] "GET /galeria/nivo-slider/demo/images/Banner%20Politica%20Publica%20CONPES%20(1).ai HTTP/1.1" 206 1
201.245.192.253 - - [06/Mar/2019:05:08:14 -0500] "GET /galeria/nivo-slider/demo/images/Banner%20Politica%20Publica%20CONPES%20(1).ai HTTP/1.1" 206 1644252
66.249.79.155 - - [06/Mar/2019:05:08:15 -0500] "GET /BLA/resoluciones/AUTOS%202018/1021.pdf HTTP/1.1" 200 296738
54.36.149.99 - - [06/Mar/2019:05:08:33 -0500] "GET /BLA/resoluciones/RESOLUCIONES%202003/RES%202003%201751-1800/20031756.tif HTTP/1.1" 200 119836
66.249.79.155 - - [06/Mar/2019:05:08:35 -0500] "GET /BLA/resoluciones/AUTOS%202017/0740.pdf HTTP/1.1" 200 1953004
201.245.192.253 - - [06/Mar/2019:05:08:39 -0500] "GET /galeria/nivo-slider/demo/images/Banner%20Politica%20Publica%20CONPES%20(1).ai HTTP/1.1" 206 1
201.245.192.253 - - [06/Mar/2019:05:08:39 -0500] "GET /galeria/nivo-slider/demo/images/Banner%20Politica%20Publica%20CONPES%20(1).ai HTTP/1.1" 206 1644252
66.249.79.155 - - [06/Mar/2019:05:08:45 -0500] "GET /BLA/resoluciones/AUTOS%202018/3889.pdf HTTP/1.1" 200 311594
201.245.192.253 - - [06/Mar/2019:05:08:49 -0500] "GET /galeria/nivo-slider/demo/images/Banner%20Politica%20Publica%20CONPES%20(1).ai HTTP/1.1" 206 1
201.245.192.253 - - [06/Mar/2019:05:08:49 -0500] "GET /galeria/nivo-slider/demo/images/Banner%20Politica%20Publica%20CONPES%20(1).ai HTTP/1.1" 206 1644252
66.249.79.155 - - [06/Mar/2019:05:08:56 -0500] "GET /BLA/resoluciones/AUTOS%202017/4633.pdf HTTP/1.1" 200 792966
66.249.79.156 - - [06/Mar/2019:05:09:06 -0500] "GET /BLA/resoluciones/AUTOS%202017/3501.pdf HTTP/1.1" 200 294296
201.245.192.253 - - [06/Mar/2019:05:09:07 -0500] "GET /galeria/nivo-slider/demo/images/Banner%20Politica%20Publica%20CONPES%20(1).ai HTTP/1.1" 206 1
201.245.192.253 - - [06/Mar/2019:05:09:07 -0500] "GET /galeria/nivo-slider/demo/images/Banner%20Politica%20Publica%20CONPES%20(1).ai HTTP/1.1" 206 1644252
66.249.79.153 - - [06/Mar/2019:05:09:16 -0500] "GET /BLA/resoluciones/Notificaciones/AUTOS%202017/04674.pdf HTTP/1.1" 200 327666
201.245.192.253 - - [06/Mar/2019:05:09:17 -0500] "GET /galeria/nivo-slider/demo/images/Banner%20Politica%20Publica%20CONPES%20(1).ai HTTP/1.1" 206 1
201.245.192.253 - - [06/Mar/2019:05:09:17 -0500] "GET /galeria/nivo-slider/demo/images/Banner%20Politica%20Publica%20CONPES%20(1).ai HTTP/1.1" 206 1644252
66.249.79.155 - - [06/Mar/2019:05:09:26 -0500] "GET /BLA/resoluciones/AUTOS%202017/5295.pdf HTTP/1.1" 200 1910530
69.162.124.233 - - [06/Mar/2019:05:09:26 -0500] "HEAD / HTTP/1.1" 200 -
54.36.149.78 - - [06/Mar/2019:05:09:34 -0500] "GET /BLA/resoluciones/index.php?dir=RESOLUCIONES%202018/&sort=date&order=desc HTTP/1.1" 200 122263
66.249.79.153 - - [06/Mar/2019:05:09:36 -0500] "GET /BLA/resoluciones/AUTOS%202018/1314.pdf HTTP/1.1" 200 273078
66.249.79.153 - - [06/Mar/2019:05:09:46 -0500] "GET /BLA/resoluciones/AUTOS%202017/0994.pdf HTTP/1.1" 200 893160
66.249.79.155 - - [06/Mar/2019:05:09:57 -0500] "GET /BLA/resoluciones/Notificaciones/AUTOS%202017/04926.pdf HTTP/1.1" 200 279534
66.249.88.91 - - [06/Mar/2019:05:09:59 -0500] "GET /galeria/galeria/jquery.fancybox.css?v=2.1.5 HTTP/1.1" 200 4895
66.249.88.93 - - [06/Mar/2019:05:09:59 -0500] "GET /galeria/galeria/jquery.fancybox.js?v=2.1.5 HTTP/1.1" 200 48706
66.249.88.91 - - [06/Mar/2019:05:09:59 -0500] "GET /BLA/boletinlegal/js/jquery.scrollShow.js HTTP/1.1" 200 4586
66.249.79.153 - - [06/Mar/2019:05:10:07 -0500] "GET /BLA/resoluciones/RESOLUCIONES%202011/5291.pdf HTTP/1.1" 200 378258
54.36.148.145 - - [06/Mar/2019:05:10:15 -0500] "GET /BLA/resoluciones/RESOLUCIONES%202002/RES%202002%20851-900/00000893.tif HTTP/1.1" 200 509350
66.249.79.155 - - [06/Mar/2019:05:10:17 -0500] "GET /BLA/resoluciones/AUTOS%202018/2639.pdf HTTP/1.1" 200 2100344
66.249.79.155 - - [06/Mar/2019:05:10:27 -0500] "GET /BLA/resoluciones/AUTOS%202017/2486.pdf HTTP/1.1" 200 222592
195.154.122.89 - - [06/Mar/2019:05:10:30 -0500] "GET /galeria/galeria/jquery.fancybox.css?v=2.1.5 HTTP/1.1" 200 4895
195.154.122.89 - - [06/Mar/2019:05:10:30 -0500] "GET /galeria/carrusel/Carrusel/jquery.thumbnailScroller.css HTTP/1.1" 200 2066
195.154.122.89 - - [06/Mar/2019:05:10:30 -0500] "GET /BLA/boletinlegal/js/jquery.scrollShow.js HTTP/1.1" 200 4586
195.154.122.89 - - [06/Mar/2019:05:10:30 -0500] "GET /galeria/galeria/jquery.fancybox.js?v=2.1.5 HTTP/1.1" 200 48706
195.154.122.89 - - [06/Mar/2019:05:10:31 -0500] "GET /galeria/carrusel/Carrusel/jquery-ui-1.8.13.custom.min.js HTTP/1.1" 200 10800
195.154.122.89 - - [06/Mar/2019:05:10:31 -0500] "GET /galeria/carrusel/Carrusel/jquery.thumbnailScroller.js HTTP/1.1" 200 8157
195.154.122.89 - - [06/Mar/2019:05:10:32 -0500] "GET /galeria/nivo-slider/demo/demo.html HTTP/1.1" 200 22600
195.154.122.89 - - [06/Mar/2019:05:10:32 -0500] "GET /galeria/nivo-slider/themes/default/default.css HTTP/1.1" 200 1569
195.154.122.89 - - [06/Mar/2019:05:10:32 -0500] "GET /galeria/nivo-slider/themes/orman/orman.css HTTP/1.1" 200 2152
195.154.122.89 - - [06/Mar/2019:05:10:32 -0500] "GET /galeria/nivo-slider/themes/pascal/pascal.css HTTP/1.1" 200 2258
195.154.122.89 - - [06/Mar/2019:05:10:32 -0500] "GET /galeria/nivo-slider/nivo-slider.css HTTP/1.1" 200 1507
195.154.122.89 - - [06/Mar/2019:05:10:32 -0500] "GET /galeria/nivo-slider/demo/style.css HTTP/1.1" 200 2222
195.154.122.89 - - [06/Mar/2019:05:10:32 -0500] "GET /galeria/nivo-slider/demo/scripts/jquery-1.7.1.min.js HTTP/1.1" 200 93868
195.154.122.89 - - [06/Mar/2019:05:10:32 -0500] "GET /galeria/nivo-slider/jquery.nivo.slider.pack.js HTTP/1.1" 200 11561
201.245.192.253 - - [06/Mar/2019:05:09:51 -0500] "POST /kwsrmcab/Wsrmcab HTTP/1.1" 200 28967
66.249.79.155 - - [06/Mar/2019:05:10:37 -0500] "GET /BLA/resoluciones/AUTOS%202018/0388.pdf HTTP/1.1" 200 343473
66.249.79.156 - - [06/Mar/2019:05:10:47 -0500] "GET /BLA/resoluciones/AUTOS%202017/0904.pdf HTTP/1.1" 200 1012451
66.249.79.155 - - [06/Mar/2019:05:10:57 -0500] "GET /BLA/resoluciones/RESOLUCIONES%202005/RES%202005%202601-2650/INDEX.DAT HTTP/1.1" 200 1960
192.168.175.104 - - [06/Mar/2019:05:11:07 -0500] "GET / HTTP/1.1" 200 9990
201.245.192.253 - - [06/Mar/2019:05:10:33 -0500] "POST /kwsrmcab/Wsrmcab HTTP/1.1" 200 27715
66.249.79.156 - - [06/Mar/2019:05:11:08 -0500] "GET /BLA/resoluciones/AUTOS%202018/0729.pdf HTTP/1.1" 200 219919
201.245.192.253 - - [06/Mar/2019:05:11:11 -0500] "GET /galeria/nivo-slider/demo/images/Banner%20Politica%20Publica%20CONPES%20(1).ai HTTP/1.1" 206 1
201.245.192.253 - - [06/Mar/2019:05:11:11 -0500] "GET /galeria/nivo-slider/demo/images/Banner%20Politica%20Publica%20CONPES%20(1).ai HTTP/1.1" 206 1660312
66.249.79.153 - - [06/Mar/2019:05:11:18 -0500] "GET /BLA/resoluciones/RESOLUCIONES%202017/2757.pdf HTTP/1.1" 200 464864
201.245.192.253 - - [06/Mar/2019:05:11:21 -0500] "GET /galeria/nivo-slider/demo/images/Banner%20Politica%20Publica%20CONPES%20(1).ai HTTP/1.1" 206 1
201.245.192.253 - - [06/Mar/2019:05:11:21 -0500] "GET /galeria/nivo-slider/demo/images/Banner%20Politica%20Publica%20CONPES%20(1).ai HTTP/1.1" 206 1660312
66.249.79.153 - - [06/Mar/2019:05:11:28 -0500] "GET /BLA/resoluciones/AUTOS%202018/0615.pdf HTTP/1.1" 200 291914
192.168.175.104 - - [06/Mar/2019:05:11:30 -0500] "GET / HTTP/1.0" 200 9990
66.249.79.153 - - [06/Mar/2019:05:11:38 -0500] "GET /BLA/resoluciones/Notificaciones/AUTOS%202017/03989.pdf HTTP/1.1" 200 262749
190.144.166.61 - - [06/Mar/2019:05:11:47 -0500] "GET /galeria/nivo-slider/demo/images/Banner%20Politica%20Publica%20CONPES%20(1).ai HTTP/1.1" 206 1
66.249.79.153 - - [06/Mar/2019:05:11:48 -0500] "GET /BLA/resoluciones/AUTOS%202017/2562.pdf HTTP/1.1" 200 262134
201.245.192.253 - - [06/Mar/2019:05:11:49 -0500] "GET /galeria/nivo-slider/demo/images/Banner%20Politica%20Publica%20CONPES%20(1).ai HTTP/1.1" 206 1
201.245.192.253 - - [06/Mar/2019:05:11:49 -0500] "GET /galeria/nivo-slider/demo/images/Banner%20Politica%20Publica%20CONPES%20(1).ai HTTP/1.1" 206 1644252
190.144.166.61 - - [06/Mar/2019:05:11:57 -0500] "GET /galeria/nivo-slider/demo/images/Banner%20Politica%20Publica%20CONPES%20(1).ai HTTP/1.1" 206 1
66.249.79.155 - - [06/Mar/2019:05:11:58 -0500] "GET /BLA/resoluciones/AUTOS%202018/5534.pdf HTTP/1.1" 200 314942
201.245.192.253 - - [06/Mar/2019:05:11:59 -0500] "GET /galeria/nivo-slider/demo/images/Banner%20Politica%20Publica%20CONPES%20(1).ai HTTP/1.1" 206 1
201.245.192.253 - - [06/Mar/2019:05:11:59 -0500] "GET /galeria/nivo-slider/demo/images/Banner%20Politica%20Publica%20CONPES%20(1).ai HTTP/1.1" 206 1644252
66.249.79.153 - - [06/Mar/2019:05:12:08 -0500] "GET /PruebasSTORM/StormSDA_pruebas/storm_silv/ HTTP/1.1" 200 5856
66.249.79.155 - - [06/Mar/2019:05:12:09 -0500] "GET /BLA/resoluciones/AUTOS%202015/4553.pdf HTTP/1.1" 200 469145
201.245.192.253 - - [06/Mar/2019:05:12:14 -0500] "GET /galeria/nivo-slider/demo/images/Banner%20Politica%20Publica%20CONPES%20(1).ai HTTP/1.1" 206 1
201.245.192.253 - - [06/Mar/2019:05:12:14 -0500] "GET /galeria/nivo-slider/demo/images/Banner%20Politica%20Publica%20CONPES%20(1).ai HTTP/1.1" 206 1644252
66.249.79.155 - - [06/Mar/2019:05:12:18 -0500] "GET /BLA/resoluciones/AUTOS%202017/2410.pdf HTTP/1.1" 200 269674
201.245.192.253 - - [06/Mar/2019:05:12:24 -0500] "GET /galeria/nivo-slider/demo/images/Banner%20Politica%20Publica%20CONPES%20(1).ai HTTP/1.1" 206 1
201.245.192.253 - - [06/Mar/2019:05:12:24 -0500] "GET /galeria/nivo-slider/demo/images/Banner%20Politica%20Publica%20CONPES%20(1).ai HTTP/1.1" 206 1644252
66.249.79.153 - - [06/Mar/2019:05:12:29 -0500] "GET /BLA/resoluciones/AUTOS%202017/4062.pdf HTTP/1.1" 200 288091
201.245.192.253 - - [06/Mar/2019:05:12:39 -0500] "GET /galeria/nivo-slider/demo/images/Banner%20Politica%20Publica%20CONPES%20(1).ai HTTP/1.1" 206 1
201.245.192.253 - - [06/Mar/2019:05:12:39 -0500] "GET /galeria/nivo-slider/demo/images/Banner%20Politica%20Publica%20CONPES%20(1).ai HTTP/1.1" 206 1644252
66.249.79.153 - - [06/Mar/2019:05:12:39 -0500] "GET /BLA/resoluciones/AUTOS%202017/0925.pdf HTTP/1.1" 200 1557066
201.245.192.253 - - [06/Mar/2019:05:12:49 -0500] "GET /galeria/nivo-slider/demo/images/Banner%20Politica%20Publica%20CONPES%20(1).ai HTTP/1.1" 206 1
201.245.192.253 - - [06/Mar/2019:05:12:49 -0500] "GET /galeria/nivo-slider/demo/images/Banner%20Politica%20Publica%20CONPES%20(1).ai HTTP/1.1" 206 1644252
66.249.79.155 - - [06/Mar/2019:05:12:49 -0500] "GET /BLA/resoluciones/AUTOS%202017/2803.pdf HTTP/1.1" 200 2133278
66.249.79.157 - - [06/Mar/2019:05:12:59 -0500] "GET /BLA/resoluciones/Notificaciones/AUTOS%202017/00259.pdf HTTP/1.1" 200 594611
66.249.79.153 - - [06/Mar/2019:05:13:03 -0500] "GET /BLA/resoluciones/RESOLUCIONES%202008/2981.pdf HTTP/1.1" 200 50375
66.249.79.156 - - [06/Mar/2019:05:13:09 -0500] "GET /BLA/resoluciones/Notificaciones/AUTOS%202017/04690.pdf HTTP/1.1" 200 266674
201.245.192.253 - - [06/Mar/2019:05:13:17 -0500] "GET /galeria/nivo-slider/demo/images/Banner%20Politica%20Publica%20CONPES%20(1).ai HTTP/1.1" 206 1
201.245.192.253 - - [06/Mar/2019:05:13:17 -0500] "GET /galeria/nivo-slider/demo/images/Banner%20Politica%20Publica%20CONPES%20(1).ai HTTP/1.1" 206 1644252
66.249.79.155 - - [06/Mar/2019:05:13:19 -0500] "GET /BLA/resoluciones/AUTOS%202018/0511.pdf HTTP/1.1" 200 1810104
201.245.192.253 - - [06/Mar/2019:05:13:27 -0500] "GET /galeria/nivo-slider/demo/images/Banner%20Politica%20Publica%20CONPES%20(1).ai HTTP/1.1" 206 1
201.245.192.253 - - [06/Mar/2019:05:13:27 -0500] "GET /galeria/nivo-slider/demo/images/Banner%20Politica%20Publica%20CONPES%20(1).ai HTTP/1.1" 206 1644252
66.249.79.155 - - [06/Mar/2019:05:13:29 -0500] "GET /BLA/resoluciones/Notificaciones/AUTOS%202017/04031.pdf HTTP/1.1" 200 271477
66.249.79.153 - - [06/Mar/2019:05:13:40 -0500] "GET /BLA/resoluciones/RESOLUCIONES%202011/1999.pdf HTTP/1.1" 200 720012
66.249.79.153 - - [06/Mar/2019:05:13:50 -0500] "GET /BLA/resoluciones/AUTOS%202018/1426.pdf HTTP/1.1" 200 237603
66.249.79.153 - - [06/Mar/2019:05:14:00 -0500] "GET /BLA/resoluciones/AUTOS%202018/2994.pdf HTTP/1.1" 200 314727
66.249.79.156 - - [06/Mar/2019:05:14:10 -0500] "GET /BLA/resoluciones/AUTOS%202018/6058.pdf HTTP/1.1" 200 287732
66.249.79.153 - - [06/Mar/2019:05:14:20 -0500] "GET /BLA/resoluciones/RESOLUCIONES%202017/2023.pdf HTTP/1.1" 200 679044
69.162.124.233 - - [06/Mar/2019:05:14:26 -0500] "HEAD / HTTP/1.1" 200 -
66.249.79.153 - - [06/Mar/2019:05:14:30 -0500] "GET /BLA/resoluciones/RESOLUCIONES%202017/1902.pdf HTTP/1.1" 200 410124
203.188.252.35 - - [06/Mar/2019:05:14:37 -0500] "-" 408 -
66.249.79.153 - - [06/Mar/2019:05:14:40 -0500] "GET /BLA/resoluciones/AUTOS%202017/2706.pdf HTTP/1.1" 200 288522
66.249.79.155 - - [06/Mar/2019:05:14:50 -0500] "GET /BLA/resoluciones/AUTOS%202018/0705.pdf HTTP/1.1" 200 286567
203.188.252.35 - - [06/Mar/2019:05:14:55 -0500] "-" 408 -
66.249.79.153 - - [06/Mar/2019:05:15:01 -0500] "GET /BLA/resoluciones/AUTOS%202017/1496.pdf HTTP/1.1" 200 365037
66.249.79.153 - - [06/Mar/2019:05:15:11 -0500] "GET /BLA/resoluciones/RESOLUCIONES%202017/2266.pdf HTTP/1.1" 200 307929
203.188.252.35 - - [06/Mar/2019:05:15:13 -0500] "-" 408 -
201.245.192.253 - - [06/Mar/2019:05:15:21 -0500] "GET /galeria/nivo-slider/demo/images/Banner%20Politica%20Publica%20CONPES%20(1).ai HTTP/1.1" 206 1
201.245.192.253 - - [06/Mar/2019:05:15:21 -0500] "GET /galeria/nivo-slider/demo/images/Banner%20Politica%20Publica%20CONPES%20(1).ai HTTP/1.1" 206 1660312
66.249.79.153 - - [06/Mar/2019:05:15:21 -0500] "GET /BLA/resoluciones/index.php?dir=RESOLUCIONES%202005/RES%202005%201201-1250/&sort=size&order=asc HTTP/1.1" 200 12369
201.245.192.253 - - [06/Mar/2019:05:15:31 -0500] "GET /galeria/nivo-slider/demo/images/Banner%20Politica%20Publica%20CONPES%20(1).ai HTTP/1.1" 206 1
201.245.192.253 - - [06/Mar/2019:05:15:31 -0500] "GET /galeria/nivo-slider/demo/images/Banner%20Politica%20Publica%20CONPES%20(1).ai HTTP/1.1" 206 1660312
66.249.79.153 - - [06/Mar/2019:05:15:31 -0500] "GET /BLA/resoluciones/AUTOS%202017/3215.pdf HTTP/1.1" 200 472471
54.36.149.64 - - [06/Mar/2019:05:15:33 -0500] "GET /BLA/resoluciones/RESOLUCIONES%202004/RES%202004%20101-150/00000117.tif HTTP/1.1" 200 100710
203.188.252.35 - - [06/Mar/2019:05:15:34 -0500] "-" 408 -
54.36.150.144 - - [06/Mar/2019:05:15:35 -0500] "GET /BLA/resoluciones/RESOLUCIONES%202004/RES%202004%201701-1750/00001748.tif HTTP/1.1" 200 146586
201.245.192.253 - - [06/Mar/2019:05:15:49 -0500] "GET /galeria/nivo-slider/demo/images/Banner%20Politica%20Publica%20CONPES%20(1).ai HTTP/1.1" 206 1
201.245.192.253 - - [06/Mar/2019:05:15:49 -0500] "GET /galeria/nivo-slider/demo/images/Banner%20Politica%20Publica%20CONPES%20(1).ai HTTP/1.1" 206 1644252
66.249.79.153 - - [06/Mar/2019:05:15:51 -0500] "GET /BLA/resoluciones/Notificaciones/AUTOS%202017/04006.pdf HTTP/1.1" 200 286238
203.188.252.35 - - [06/Mar/2019:05:15:54 -0500] "-" 408 -
190.144.166.61 - - [06/Mar/2019:05:15:57 -0500] "GET /galeria/nivo-slider/demo/images/Banner%20Politica%20Publica%20CONPES%20(1).ai HTTP/1.1" 206 1
201.245.192.253 - - [06/Mar/2019:05:15:59 -0500] "GET /galeria/nivo-slider/demo/images/Banner%20Politica%20Publica%20CONPES%20(1).ai HTTP/1.1" 206 1
201.245.192.253 - - [06/Mar/2019:05:15:59 -0500] "GET /galeria/nivo-slider/demo/images/Banner%20Politica%20Publica%20CONPES%20(1).ai HTTP/1.1" 206 1644252
66.249.79.153 - - [06/Mar/2019:05:16:01 -0500] "GET /BLA/resoluciones/Notificaciones/AUTOS%202017/03975.pdf HTTP/1.1" 200 269772
192.168.175.104 - - [06/Mar/2019:05:16:04 -0500] "GET / HTTP/1.1" 200 9990
190.144.166.61 - - [06/Mar/2019:05:16:07 -0500] "GET /galeria/nivo-slider/demo/images/Banner%20Politica%20Publica%20CONPES%20(1).ai HTTP/1.1" 206 1
66.249.79.155 - - [06/Mar/2019:05:16:12 -0500] "GET /BLA/resoluciones/RESOLUCIONES%202017/2396.pdf HTTP/1.1" 200 273676
203.188.252.35 - - [06/Mar/2019:05:16:16 -0500] "-" 408 -
66.249.79.155 - - [06/Mar/2019:05:16:22 -0500] "GET /BLA/resoluciones/AUTOS%202018/5270.pdf HTTP/1.1" 200 275349
201.245.192.253 - - [06/Mar/2019:05:16:24 -0500] "GET /galeria/nivo-slider/demo/images/Banner%20Politica%20Publica%20CONPES%20(1).ai HTTP/1.1" 206 1
201.245.192.253 - - [06/Mar/2019:05:16:24 -0500] "GET /galeria/nivo-slider/demo/images/Banner%20Politica%20Publica%20CONPES%20(1).ai HTTP/1.1" 206 1644252
