200.41.5.185 - - [06/Mar/2019:07:24:56 -0500] "GET /galeria/nivo-slider/demo/images/avances-sentencias-rio-bogota-2.jpg HTTP/1.1" 200 304916
200.41.5.185 - - [06/Mar/2019:07:24:56 -0500] "GET /galeria/nivo-slider/demo/images/Caminatas%20marzo.png HTTP/1.1" 200 661357
200.41.5.185 - - [06/Mar/2019:07:24:57 -0500] "GET /galeria/nivo-slider/demo/images/web%20ingreso%20humedales.png HTTP/1.1" 200 641193
200.41.5.185 - - [06/Mar/2019:07:24:57 -0500] "GET /galeria/nivo-slider/demo/images/BANNER%20punto.jpg HTTP/1.1" 200 75932
200.41.5.185 - - [06/Mar/2019:07:24:57 -0500] "GET /galeria/nivo-slider/demo/images/gobierno%20digital-01.jpg HTTP/1.1" 200 116163
200.41.5.185 - - [06/Mar/2019:07:24:58 -0500] "GET /galeria/nivo-slider/demo/images/Banneranonimos.png HTTP/1.1" 200 109388
200.41.5.185 - - [06/Mar/2019:07:24:58 -0500] "GET /galeria/nivo-slider/demo/images/Banner%20Conpes.jpg HTTP/1.1" 200 55220
200.41.5.185 - - [06/Mar/2019:07:24:59 -0500] "GET /galeria/nivo-slider/demo/scripts/jquery-1.7.1.min.js HTTP/1.1" 200 93868
200.41.5.185 - - [06/Mar/2019:07:24:59 -0500] "GET /galeria/nivo-slider/themes/default/loading.gif HTTP/1.1" 200 1737
200.41.5.185 - - [06/Mar/2019:07:24:59 -0500] "GET /galeria/nivo-slider/demo/images/4Simple_Slider.png HTTP/1.1" 200 11722
200.41.5.185 - - [06/Mar/2019:07:24:59 -0500] "GET /galeria/nivo-slider/demo/images/Trafico%20de%20fauna.jpg HTTP/1.1" 200 198327
200.41.5.185 - - [06/Mar/2019:07:25:00 -0500] "GET /galeria/nivo-slider/jquery.nivo.slider.pack.js HTTP/1.1" 200 11561
186.31.113.74 - - [06/Mar/2019:07:25:01 -0500] "GET /galeria/galeria/jquery.fancybox.css?v=2.1.5 HTTP/1.1" 200 4895
186.155.232.66 - - [06/Mar/2019:07:25:03 -0500] "GET /POT-2013/Cartografia/09_EEP.pdf HTTP/1.1" 200 3326963
186.31.113.74 - - [06/Mar/2019:07:25:03 -0500] "GET /BLA/boletinlegal/js/jquery.scrollShow.js HTTP/1.1" 200 4586
66.249.88.91 - - [06/Mar/2019:07:25:03 -0500] "GET /galeria/galeria/jquery.fancybox.css?v=2.1.5 HTTP/1.1" 200 4895
66.249.88.91 - - [06/Mar/2019:07:25:03 -0500] "GET /BLA/boletinlegal/js/jquery.scrollShow.js HTTP/1.1" 200 4586
66.249.88.93 - - [06/Mar/2019:07:25:03 -0500] "GET /galeria/galeria/jquery.fancybox.js?v=2.1.5 HTTP/1.1" 200 48706
186.31.113.74 - - [06/Mar/2019:07:25:03 -0500] "GET /galeria/galeria/jquery.fancybox.js?v=2.1.5 HTTP/1.1" 200 48706
201.234.186.2 - - [06/Mar/2019:07:25:07 -0500] "GET /Autoliquidacion/Solicitudes%20relacionadas%20con%20calidad%20del%20aire%20auditiva%20y%20visual/Acompa%C3%B1amiento%20para%20muestreo%20isocin%C3%A9tico%20y%20o%20determinaciones%20de%20emisiones%20a%20fuentes%20fijas/Protocolo%20para%20Monitoreo%20Emisiones%20Atmosfericas.pdf HTTP/1.1" 200 414759
201.234.186.2 - - [06/Mar/2019:07:25:07 -0500] "GET /favicon.ico HTTP/1.1" 200 7782
186.155.232.66 - - [06/Mar/2019:07:25:08 -0500] "GET /favicon.ico HTTP/1.1" 200 7782
66.249.79.153 - - [06/Mar/2019:07:25:08 -0500] "GET /BLA/resoluciones/AUTOS%202017/3745.pdf HTTP/1.1" 200 350662
186.155.232.66 - - [06/Mar/2019:07:25:09 -0500] "GET /POT-2013/Cartografia/09_EEP.pdf HTTP/1.1" 206 3238177
66.249.79.153 - - [06/Mar/2019:07:25:15 -0500] "GET /BLA/resoluciones/AUTOS%202017/0315.pdf HTTP/1.1" 200 779354
192.168.175.104 - - [06/Mar/2019:07:25:16 -0500] "GET / HTTP/1.1" 200 9990
66.249.88.89 - - [06/Mar/2019:07:25:19 -0500] "GET /BLA/boletinlegal/js/jquery.scrollShow.js HTTP/1.1" 200 4586
66.249.88.89 - - [06/Mar/2019:07:25:19 -0500] "GET /galeria/galeria/jquery.fancybox.css?v=2.1.5 HTTP/1.1" 200 4895
66.249.88.93 - - [06/Mar/2019:07:25:19 -0500] "GET /galeria/galeria/jquery.fancybox.js?v=2.1.5 HTTP/1.1" 200 48706
66.249.79.153 - - [06/Mar/2019:07:25:25 -0500] "GET /BLA/resoluciones/AUTOS%202015/5498.pdf HTTP/1.1" 200 514548
201.245.192.253 - - [06/Mar/2019:07:25:33 -0500] "GET /galeria/nivo-slider/demo/images/Banner%20Politica%20Publica%20CONPES%20(1).ai HTTP/1.1" 206 1
201.245.192.253 - - [06/Mar/2019:07:25:33 -0500] "GET /galeria/nivo-slider/demo/images/Banner%20Politica%20Publica%20CONPES%20(1).ai HTTP/1.1" 206 1644252
66.249.79.153 - - [06/Mar/2019:07:25:35 -0500] "GET /BLA/resoluciones/RESOLUCIONES%202008/1840.pdf HTTP/1.1" 200 251011
192.168.175.104 - - [06/Mar/2019:07:25:41 -0500] "GET / HTTP/1.0" 200 9990
201.245.192.253 - - [06/Mar/2019:07:25:43 -0500] "GET /galeria/nivo-slider/demo/images/Banner%20Politica%20Publica%20CONPES%20(1).ai HTTP/1.1" 206 1
201.245.192.253 - - [06/Mar/2019:07:25:43 -0500] "GET /galeria/nivo-slider/demo/images/Banner%20Politica%20Publica%20CONPES%20(1).ai HTTP/1.1" 206 1644252
66.249.79.153 - - [06/Mar/2019:07:26:26 -0500] "GET /BLA/resoluciones/RESOLUCIONES%202007/RES%202007%202501%20AL%202600/RESOLUCION%202557%20DE%202007.pdf HTTP/1.1" 304 -
54.36.148.222 - - [06/Mar/2019:07:26:31 -0500] "GET /BLA/resoluciones/RESOLUCIONES%202005/RES%202005%201251-1300/00001268.tif HTTP/1.1" 200 288792
201.244.82.118 - - [06/Mar/2019:07:26:33 -0500] "GET /galeria/nivo-slider/demo/images/BANNER%20punto.jpg HTTP/1.1" 304 -
201.245.192.253 - - [06/Mar/2019:07:26:36 -0500] "GET /galeria/nivo-slider/demo/images/Banner%20Politica%20Publica%20CONPES%20(1).ai HTTP/1.1" 206 1
201.245.192.253 - - [06/Mar/2019:07:26:36 -0500] "GET /galeria/nivo-slider/demo/images/Banner%20Politica%20Publica%20CONPES%20(1).ai HTTP/1.1" 206 1644252
66.249.79.248 - - [06/Mar/2019:07:26:36 -0500] "GET /robots.txt HTTP/1.1" 404 1031
66.249.79.248 - - [06/Mar/2019:07:26:37 -0500] "GET / HTTP/1.1" 200 9990
201.245.192.253 - - [06/Mar/2019:07:26:46 -0500] "GET /galeria/nivo-slider/demo/images/Banner%20Politica%20Publica%20CONPES%20(1).ai HTTP/1.1" 206 1
201.245.192.253 - - [06/Mar/2019:07:26:46 -0500] "GET /galeria/nivo-slider/demo/images/Banner%20Politica%20Publica%20CONPES%20(1).ai HTTP/1.1" 206 1644252
66.249.79.153 - - [06/Mar/2019:07:26:46 -0500] "GET /BLA/resoluciones/RESOLUCIONES%202009/2782.pdf HTTP/1.1" 200 382101
186.155.232.66 - - [06/Mar/2019:07:26:47 -0500] "GET /POT-2013/Cartografia/09_EEP.pdf HTTP/1.1" 206 89088
35.241.138.178 - - [06/Mar/2019:07:26:48 -0500] "-" 408 -
181.129.12.226 - - [06/Mar/2019:07:26:50 -0500] "GET /BLA/resoluciones/RESOLUCIONES%202007/RES%202007%201401%20AL%201500/RESOLUCION%201409%20DE%202007.pdf HTTP/1.1" 200 276957
181.129.12.226 - - [06/Mar/2019:07:26:50 -0500] "GET /favicon.ico HTTP/1.1" 200 7782
66.249.79.153 - - [06/Mar/2019:07:26:56 -0500] "GET /BLA/resoluciones/RESOLUCIONES%202009/7994.pdf HTTP/1.1" 200 322756
200.41.5.185 - - [06/Mar/2019:07:26:57 -0500] "GET /Residuos/maderas/maderas.html HTTP/1.1" 200 1957
200.41.5.185 - - [06/Mar/2019:07:26:58 -0500] "GET /favicon.ico HTTP/1.1" 200 7782
200.41.5.185 - - [06/Mar/2019:07:27:03 -0500] "GET /Residuos/maderas/maderas.html HTTP/1.1" 304 -
200.41.5.185 - - [06/Mar/2019:07:27:04 -0500] "GET /Residuos/maderas/maderas.swf?pageNumber= HTTP/1.1" 200 400853
200.41.5.185 - - [06/Mar/2019:07:27:04 -0500] "GET /favicon.ico HTTP/1.1" 200 7782
200.41.5.185 - - [06/Mar/2019:07:27:04 -0500] "GET /Residuos/maderas/maderas.swf?pageNumber= HTTP/1.1" 200 400853
207.46.13.17 - - [06/Mar/2019:07:27:05 -0500] "GET /galeria/galeria/fotos/juan-amarillo2P.jpg HTTP/1.1" 200 32696
200.41.5.185 - - [06/Mar/2019:07:27:05 -0500] "GET /Residuos/maderas/files/info.xml?rnd=77b4adf8-78a6-443f-926b-8f6e4bbd6518 HTTP/1.1" 200 70968
200.41.5.185 - - [06/Mar/2019:07:27:06 -0500] "GET /Residuos/maderas/files/search/searchtext.xml HTTP/1.1" 200 203644
186.179.98.84 - - [06/Mar/2019:07:27:09 -0500] "GET /galeria/galeria/jquery.fancybox.css?v=2.1.5 HTTP/1.1" 200 4895
186.179.98.84 - - [06/Mar/2019:07:27:09 -0500] "GET /BLA/boletinlegal/js/jquery.scrollShow.js HTTP/1.1" 200 4586
186.179.98.84 - - [06/Mar/2019:07:27:09 -0500] "GET /galeria/galeria/jquery.fancybox.js?v=2.1.5 HTTP/1.1" 200 48706
200.41.5.185 - - [06/Mar/2019:07:27:11 -0500] "GET /Residuos/maderas/images/page1_thumbnail.jpg HTTP/1.1" 200 15880
200.41.5.185 - - [06/Mar/2019:07:27:11 -0500] "GET /Residuos/maderas/images/page2_thumbnail.jpg HTTP/1.1" 200 3868
200.41.5.185 - - [06/Mar/2019:07:27:11 -0500] "GET /Residuos/maderas/images/page3_thumbnail.jpg HTTP/1.1" 200 3604
200.41.5.185 - - [06/Mar/2019:07:27:11 -0500] "GET /Residuos/maderas/images/page4_thumbnail.jpg HTTP/1.1" 200 4258
200.41.5.185 - - [06/Mar/2019:07:27:11 -0500] "GET /Residuos/maderas/images/page5_thumbnail.jpg HTTP/1.1" 200 3962
200.41.5.185 - - [06/Mar/2019:07:27:12 -0500] "GET /Residuos/maderas/images/page6_thumbnail.jpg HTTP/1.1" 200 4561
200.41.5.185 - - [06/Mar/2019:07:27:12 -0500] "GET /Residuos/maderas/images/page7_thumbnail.jpg HTTP/1.1" 200 3179
200.41.5.185 - - [06/Mar/2019:07:27:12 -0500] "GET /Residuos/maderas/images/page8_thumbnail.jpg HTTP/1.1" 200 2357
200.41.5.185 - - [06/Mar/2019:07:27:12 -0500] "GET /Residuos/maderas/images/page9_thumbnail.jpg HTTP/1.1" 200 4752
200.41.5.185 - - [06/Mar/2019:07:27:12 -0500] "GET /Residuos/maderas/images/page10_thumbnail.jpg HTTP/1.1" 200 6658
200.41.5.185 - - [06/Mar/2019:07:27:12 -0500] "GET /Residuos/maderas/images/page11_thumbnail.jpg HTTP/1.1" 200 15475
200.41.5.185 - - [06/Mar/2019:07:27:12 -0500] "GET /Residuos/maderas/images/page1.swf HTTP/1.1" 200 348315
200.41.5.185 - - [06/Mar/2019:07:27:12 -0500] "GET /Residuos/maderas/images/page12_thumbnail.jpg HTTP/1.1" 200 4618
200.41.5.185 - - [06/Mar/2019:07:27:12 -0500] "GET /Residuos/maderas/images/page13_thumbnail.jpg HTTP/1.1" 200 9283
200.41.5.185 - - [06/Mar/2019:07:27:12 -0500] "GET /Residuos/maderas/images/page14_thumbnail.jpg HTTP/1.1" 200 4416
200.41.5.185 - - [06/Mar/2019:07:27:12 -0500] "GET /Residuos/maderas/images/page15_thumbnail.jpg HTTP/1.1" 200 4959
200.41.5.185 - - [06/Mar/2019:07:27:12 -0500] "GET /Residuos/maderas/images/page16_thumbnail.jpg HTTP/1.1" 200 10200
200.41.5.185 - - [06/Mar/2019:07:27:12 -0500] "GET /Residuos/maderas/images/page17_thumbnail.jpg HTTP/1.1" 200 9024
200.41.5.185 - - [06/Mar/2019:07:27:12 -0500] "GET /Residuos/maderas/images/page18_thumbnail.jpg HTTP/1.1" 200 6072
200.41.5.185 - - [06/Mar/2019:07:27:13 -0500] "GET /Residuos/maderas/images/page19_thumbnail.jpg HTTP/1.1" 200 8203
200.41.5.185 - - [06/Mar/2019:07:27:13 -0500] "GET /Residuos/maderas/images/page20_thumbnail.jpg HTTP/1.1" 200 8741
200.41.5.185 - - [06/Mar/2019:07:27:14 -0500] "GET /Residuos/maderas/files/search/search1.xml HTTP/1.1" 200 506
200.41.5.185 - - [06/Mar/2019:07:27:14 -0500] "GET /Residuos/maderas/images/page2.swf HTTP/1.1" 200 30952
200.41.5.185 - - [06/Mar/2019:07:27:15 -0500] "GET /Residuos/maderas/files/search/search2.xml HTTP/1.1" 200 8450
200.41.5.185 - - [06/Mar/2019:07:27:15 -0500] "GET /Residuos/maderas/images/page3.swf HTTP/1.1" 200 24142
200.41.5.185 - - [06/Mar/2019:07:27:16 -0500] "GET /Residuos/maderas/files/search/search3.xml HTTP/1.1" 200 9089
200.41.5.185 - - [06/Mar/2019:07:27:16 -0500] "GET /Residuos/maderas/images/page4.swf HTTP/1.1" 200 24653
200.41.5.185 - - [06/Mar/2019:07:27:17 -0500] "GET /Residuos/maderas/files/search/search4.xml HTTP/1.1" 200 9680
200.41.5.185 - - [06/Mar/2019:07:27:17 -0500] "GET /Residuos/maderas/images/page5.swf HTTP/1.1" 200 23199
200.41.5.185 - - [06/Mar/2019:07:27:18 -0500] "GET /Residuos/maderas/files/search/search5.xml HTTP/1.1" 200 9698
200.41.5.185 - - [06/Mar/2019:07:27:22 -0500] "GET /Residuos/maderas/images/page21_thumbnail.jpg HTTP/1.1" 200 3720
200.41.5.185 - - [06/Mar/2019:07:27:22 -0500] "GET /Residuos/maderas/images/page22_thumbnail.jpg HTTP/1.1" 200 10986
200.41.5.185 - - [06/Mar/2019:07:27:23 -0500] "GET /Residuos/maderas/images/page23_thumbnail.jpg HTTP/1.1" 200 11548
200.41.5.185 - - [06/Mar/2019:07:27:23 -0500] "GET /Residuos/maderas/images/page24_thumbnail.jpg HTTP/1.1" 200 11638
200.41.5.185 - - [06/Mar/2019:07:27:24 -0500] "GET /Residuos/maderas/images/page25_thumbnail.jpg HTTP/1.1" 200 10894
200.41.5.185 - - [06/Mar/2019:07:27:24 -0500] "GET /Residuos/maderas/images/page26_thumbnail.jpg HTTP/1.1" 200 10863
186.155.232.65 - - [06/Mar/2019:07:27:24 -0500] "GET /POT-2013/Cartografia/09_EEP.pdf HTTP/1.1" 200 3326963
200.41.5.185 - - [06/Mar/2019:07:27:25 -0500] "GET /Residuos/maderas/images/page27_thumbnail.jpg HTTP/1.1" 200 11669
200.41.5.185 - - [06/Mar/2019:07:27:25 -0500] "GET /Residuos/maderas/images/page28_thumbnail.jpg HTTP/1.1" 200 7358
200.41.5.185 - - [06/Mar/2019:07:27:26 -0500] "GET /Residuos/maderas/images/page29_thumbnail.jpg HTTP/1.1" 200 9295
200.41.5.185 - - [06/Mar/2019:07:27:26 -0500] "GET /Residuos/maderas/images/page30_thumbnail.jpg HTTP/1.1" 200 11048
200.41.5.185 - - [06/Mar/2019:07:27:27 -0500] "GET /Residuos/maderas/images/page31_thumbnail.jpg HTTP/1.1" 200 10964
200.41.5.185 - - [06/Mar/2019:07:27:28 -0500] "GET /Residuos/maderas/images/page32_thumbnail.jpg HTTP/1.1" 200 8971
200.41.5.185 - - [06/Mar/2019:07:27:29 -0500] "GET /Residuos/maderas/images/page33_thumbnail.jpg HTTP/1.1" 200 6874
200.41.5.185 - - [06/Mar/2019:07:27:29 -0500] "GET /Residuos/maderas/images/page34_thumbnail.jpg HTTP/1.1" 200 11349
186.155.232.65 - - [06/Mar/2019:07:27:29 -0500] "GET /favicon.ico HTTP/1.1" 200 7782
200.41.5.185 - - [06/Mar/2019:07:27:30 -0500] "GET /Residuos/maderas/images/page35_thumbnail.jpg HTTP/1.1" 200 5209
200.41.5.185 - - [06/Mar/2019:07:27:30 -0500] "GET /Residuos/maderas/images/page36_thumbnail.jpg HTTP/1.1" 200 7802
200.41.5.185 - - [06/Mar/2019:07:27:31 -0500] "GET /Residuos/maderas/images/page37_thumbnail.jpg HTTP/1.1" 200 5127
200.41.5.185 - - [06/Mar/2019:07:27:31 -0500] "GET /Residuos/maderas/images/page38_thumbnail.jpg HTTP/1.1" 200 5209
200.41.5.185 - - [06/Mar/2019:07:27:32 -0500] "GET /Residuos/maderas/images/page39_thumbnail.jpg HTTP/1.1" 200 3952
200.41.5.185 - - [06/Mar/2019:07:27:32 -0500] "GET /Residuos/maderas/images/page40_thumbnail.jpg HTTP/1.1" 200 3831
200.41.5.185 - - [06/Mar/2019:07:27:33 -0500] "GET /Residuos/maderas/images/page41_thumbnail.jpg HTTP/1.1" 200 12404
200.41.5.185 - - [06/Mar/2019:07:27:33 -0500] "GET /Residuos/maderas/images/page42_thumbnail.jpg HTTP/1.1" 200 9333
200.41.5.185 - - [06/Mar/2019:07:27:34 -0500] "GET /Residuos/maderas/images/page43_thumbnail.jpg HTTP/1.1" 200 7215
200.41.5.185 - - [06/Mar/2019:07:27:34 -0500] "GET /Residuos/maderas/images/page44_thumbnail.jpg HTTP/1.1" 200 6647
200.41.5.185 - - [06/Mar/2019:07:27:35 -0500] "GET /Residuos/maderas/images/page45_thumbnail.jpg HTTP/1.1" 200 8925
200.41.5.185 - - [06/Mar/2019:07:27:35 -0500] "GET /Residuos/maderas/images/page46_thumbnail.jpg HTTP/1.1" 200 9465
200.41.5.185 - - [06/Mar/2019:07:27:36 -0500] "GET /Residuos/maderas/images/page47_thumbnail.jpg HTTP/1.1" 200 7020
200.41.5.185 - - [06/Mar/2019:07:27:36 -0500] "GET /Residuos/maderas/images/page48_thumbnail.jpg HTTP/1.1" 200 4574
200.41.5.185 - - [06/Mar/2019:07:27:37 -0500] "GET /Residuos/maderas/images/page49_thumbnail.jpg HTTP/1.1" 200 5937
200.41.5.185 - - [06/Mar/2019:07:27:37 -0500] "GET /Residuos/maderas/images/page50_thumbnail.jpg HTTP/1.1" 200 5303
200.41.5.185 - - [06/Mar/2019:07:27:38 -0500] "GET /Residuos/maderas/images/page51_thumbnail.jpg HTTP/1.1" 200 4916
200.41.5.185 - - [06/Mar/2019:07:27:38 -0500] "GET /Residuos/maderas/images/page52_thumbnail.jpg HTTP/1.1" 200 4994
200.41.5.185 - - [06/Mar/2019:07:27:39 -0500] "GET /Residuos/maderas/images/page53_thumbnail.jpg HTTP/1.1" 200 5125
200.41.5.185 - - [06/Mar/2019:07:27:39 -0500] "GET /Residuos/maderas/images/page54_thumbnail.jpg HTTP/1.1" 200 4968
181.49.80.120 - - [06/Mar/2019:07:27:40 -0500] "GET /galeria/galeria/jquery.fancybox.css?v=2.1.5 HTTP/1.1" 200 4895
200.41.5.185 - - [06/Mar/2019:07:27:40 -0500] "GET /Residuos/maderas/images/page55_thumbnail.jpg HTTP/1.1" 200 5200
181.49.80.120 - - [06/Mar/2019:07:27:40 -0500] "GET /BLA/boletinlegal/js/jquery.scrollShow.js HTTP/1.1" 200 4586
181.49.80.120 - - [06/Mar/2019:07:27:40 -0500] "GET /galeria/galeria/jquery.fancybox.js?v=2.1.5 HTTP/1.1" 200 48706
200.41.5.185 - - [06/Mar/2019:07:27:40 -0500] "GET /Residuos/maderas/images/page56_thumbnail.jpg HTTP/1.1" 200 5305
200.41.5.185 - - [06/Mar/2019:07:27:41 -0500] "GET /Residuos/maderas/images/page57_thumbnail.jpg HTTP/1.1" 200 4989
200.41.5.185 - - [06/Mar/2019:07:27:41 -0500] "GET /Residuos/maderas/images/page58_thumbnail.jpg HTTP/1.1" 200 5346
200.41.5.185 - - [06/Mar/2019:07:27:42 -0500] "GET /Residuos/maderas/images/page59_thumbnail.jpg HTTP/1.1" 200 5401
200.41.5.185 - - [06/Mar/2019:07:27:42 -0500] "GET /Residuos/maderas/images/page60_thumbnail.jpg HTTP/1.1" 200 4779
200.41.5.185 - - [06/Mar/2019:07:27:43 -0500] "GET /Residuos/maderas/images/page61_thumbnail.jpg HTTP/1.1" 200 7180
200.41.5.185 - - [06/Mar/2019:07:27:43 -0500] "GET /Residuos/maderas/images/page62_thumbnail.jpg HTTP/1.1" 200 4817
200.41.5.185 - - [06/Mar/2019:07:27:44 -0500] "GET /Residuos/maderas/images/page63_thumbnail.jpg HTTP/1.1" 200 4927
200.41.5.185 - - [06/Mar/2019:07:27:44 -0500] "GET /Residuos/maderas/images/page64_thumbnail.jpg HTTP/1.1" 200 10375
200.41.5.185 - - [06/Mar/2019:07:27:45 -0500] "GET /Residuos/maderas/images/page65_thumbnail.jpg HTTP/1.1" 200 8803
200.41.5.185 - - [06/Mar/2019:07:27:45 -0500] "GET /Residuos/maderas/images/page66_thumbnail.jpg HTTP/1.1" 200 7024
200.41.5.185 - - [06/Mar/2019:07:27:46 -0500] "GET /Residuos/maderas/images/page67_thumbnail.jpg HTTP/1.1" 200 5134
200.41.5.185 - - [06/Mar/2019:07:27:46 -0500] "GET /Residuos/maderas/images/page68_thumbnail.jpg HTTP/1.1" 200 4963
200.41.5.185 - - [06/Mar/2019:07:27:47 -0500] "GET /Residuos/maderas/images/page69_thumbnail.jpg HTTP/1.1" 200 7181
66.249.79.153 - - [06/Mar/2019:07:27:47 -0500] "GET /BLA/resoluciones/RESOLUCIONES%202009/3643.pdf HTTP/1.1" 200 57882
200.41.5.185 - - [06/Mar/2019:07:27:47 -0500] "GET /Residuos/maderas/images/page70_thumbnail.jpg HTTP/1.1" 200 5685
200.41.5.185 - - [06/Mar/2019:07:27:48 -0500] "GET /Residuos/maderas/images/page71_thumbnail.jpg HTTP/1.1" 200 5655
201.245.192.253 - - [06/Mar/2019:07:27:48 -0500] "GET /galeria/nivo-slider/demo/images/Banner%20Politica%20Publica%20CONPES%20(1).ai HTTP/1.1" 206 1
201.245.192.253 - - [06/Mar/2019:07:27:48 -0500] "GET /galeria/nivo-slider/demo/images/Banner%20Politica%20Publica%20CONPES%20(1).ai HTTP/1.1" 206 1644252
200.41.5.185 - - [06/Mar/2019:07:27:48 -0500] "GET /Residuos/maderas/images/page72_thumbnail.jpg HTTP/1.1" 200 5749
200.41.5.185 - - [06/Mar/2019:07:27:49 -0500] "GET /Residuos/maderas/images/page73_thumbnail.jpg HTTP/1.1" 200 4678
200.41.5.185 - - [06/Mar/2019:07:27:49 -0500] "GET /Residuos/maderas/images/page74_thumbnail.jpg HTTP/1.1" 200 9452
200.41.5.185 - - [06/Mar/2019:07:27:50 -0500] "GET /Residuos/maderas/images/page75_thumbnail.jpg HTTP/1.1" 200 8096
200.41.5.185 - - [06/Mar/2019:07:27:50 -0500] "GET /Residuos/maderas/images/page76_thumbnail.jpg HTTP/1.1" 200 11295
200.41.5.185 - - [06/Mar/2019:07:27:51 -0500] "GET /Residuos/maderas/images/page77_thumbnail.jpg HTTP/1.1" 200 12714
200.41.5.185 - - [06/Mar/2019:07:27:51 -0500] "GET /Residuos/maderas/images/page78_thumbnail.jpg HTTP/1.1" 200 4553
200.41.5.185 - - [06/Mar/2019:07:27:52 -0500] "GET /Residuos/maderas/images/page79_thumbnail.jpg HTTP/1.1" 200 2690
45.122.221.193 - - [06/Mar/2019:07:27:52 -0500] "-" 408 -
200.41.5.185 - - [06/Mar/2019:07:27:52 -0500] "GET /Residuos/maderas/images/page80_thumbnail.jpg HTTP/1.1" 200 5797
200.41.5.185 - - [06/Mar/2019:07:27:53 -0500] "GET /Residuos/maderas/images/page81_thumbnail.jpg HTTP/1.1" 200 7937
200.41.5.185 - - [06/Mar/2019:07:27:53 -0500] "GET /Residuos/maderas/images/page82_thumbnail.jpg HTTP/1.1" 200 4888
200.41.5.185 - - [06/Mar/2019:07:27:54 -0500] "GET /Residuos/maderas/images/page83_thumbnail.jpg HTTP/1.1" 200 7014
200.41.5.185 - - [06/Mar/2019:07:27:54 -0500] "GET /Residuos/maderas/images/page84_thumbnail.jpg HTTP/1.1" 200 7012
200.41.5.185 - - [06/Mar/2019:07:27:55 -0500] "GET /Residuos/maderas/images/page85_thumbnail.jpg HTTP/1.1" 200 5920
200.41.5.185 - - [06/Mar/2019:07:27:56 -0500] "GET /Residuos/maderas/images/page86_thumbnail.jpg HTTP/1.1" 200 6960
200.41.5.185 - - [06/Mar/2019:07:27:56 -0500] "GET /Residuos/maderas/images/page87_thumbnail.jpg HTTP/1.1" 200 11120
66.249.79.153 - - [06/Mar/2019:07:27:57 -0500] "GET /BLA/resoluciones/AUTOS%202013/2039.pdf HTTP/1.1" 200 1271745
200.41.5.185 - - [06/Mar/2019:07:27:58 -0500] "GET /Residuos/maderas/images/page88_thumbnail.jpg HTTP/1.1" 200 10021
200.41.5.185 - - [06/Mar/2019:07:27:58 -0500] "GET /Residuos/maderas/images/page89_thumbnail.jpg HTTP/1.1" 200 4648
201.245.192.253 - - [06/Mar/2019:07:27:58 -0500] "GET /galeria/nivo-slider/demo/images/Banner%20Politica%20Publica%20CONPES%20(1).ai HTTP/1.1" 206 1
201.245.192.253 - - [06/Mar/2019:07:27:58 -0500] "GET /galeria/nivo-slider/demo/images/Banner%20Politica%20Publica%20CONPES%20(1).ai HTTP/1.1" 206 1644252
200.41.5.185 - - [06/Mar/2019:07:27:59 -0500] "GET /Residuos/maderas/images/page90_thumbnail.jpg HTTP/1.1" 200 7442
200.41.5.185 - - [06/Mar/2019:07:27:59 -0500] "GET /Residuos/maderas/images/page91_thumbnail.jpg HTTP/1.1" 200 5509
181.57.243.17 - - [06/Mar/2019:07:27:59 -0500] "GET /BLA/resoluciones/AUTOS%202017/3865.pdf HTTP/1.1" 200 296247
200.41.5.185 - - [06/Mar/2019:07:28:00 -0500] "GET /Residuos/maderas/images/page92_thumbnail.jpg HTTP/1.1" 200 14204
200.41.5.185 - - [06/Mar/2019:07:28:00 -0500] "GET /Residuos/maderas/images/page93_thumbnail.jpg HTTP/1.1" 200 3693
181.57.243.17 - - [06/Mar/2019:07:28:00 -0500] "GET /favicon.ico HTTP/1.1" 200 7782
200.41.5.185 - - [06/Mar/2019:07:28:01 -0500] "GET /Residuos/maderas/images/page94_thumbnail.jpg HTTP/1.1" 200 6584
200.41.5.185 - - [06/Mar/2019:07:28:01 -0500] "GET /Residuos/maderas/images/page95_thumbnail.jpg HTTP/1.1" 200 4947
200.41.5.185 - - [06/Mar/2019:07:28:02 -0500] "GET /Residuos/maderas/images/page96_thumbnail.jpg HTTP/1.1" 200 5067
200.41.5.185 - - [06/Mar/2019:07:28:02 -0500] "GET /Residuos/maderas/images/page97_thumbnail.jpg HTTP/1.1" 200 6330
200.41.5.185 - - [06/Mar/2019:07:28:03 -0500] "GET /Residuos/maderas/images/page98_thumbnail.jpg HTTP/1.1" 200 5939
200.41.5.185 - - [06/Mar/2019:07:28:04 -0500] "GET /Residuos/maderas/images/page99_thumbnail.jpg HTTP/1.1" 200 8382
200.41.5.185 - - [06/Mar/2019:07:28:04 -0500] "GET /Residuos/maderas/images/page100_thumbnail.jpg HTTP/1.1" 200 7526
200.41.5.185 - - [06/Mar/2019:07:28:05 -0500] "GET /Residuos/maderas/images/page101_thumbnail.jpg HTTP/1.1" 200 5570
200.41.5.185 - - [06/Mar/2019:07:28:05 -0500] "GET /Residuos/maderas/images/page102_thumbnail.jpg HTTP/1.1" 200 6587
190.144.145.130 - - [06/Mar/2019:07:28:05 -0500] "GET /galeria/juegos/ear/EARI.swf HTTP/1.1" 200 526915
190.144.145.130 - - [06/Mar/2019:07:28:06 -0500] "GET /galeria/juegos/ear/EARI.swf HTTP/1.1" 200 526915
200.41.5.185 - - [06/Mar/2019:07:28:06 -0500] "GET /Residuos/maderas/images/page103_thumbnail.jpg HTTP/1.1" 200 5679
200.41.5.185 - - [06/Mar/2019:07:28:06 -0500] "GET /Residuos/maderas/images/page104_thumbnail.jpg HTTP/1.1" 200 5096
190.144.145.130 - - [06/Mar/2019:07:28:06 -0500] "GET /galeria/juegos/ear/cab_ear.flv HTTP/1.1" 200 2172365
200.41.5.185 - - [06/Mar/2019:07:28:07 -0500] "GET /Residuos/maderas/images/page105_thumbnail.jpg HTTP/1.1" 200 6066
200.41.5.185 - - [06/Mar/2019:07:28:07 -0500] "GET /Residuos/maderas/images/page106_thumbnail.jpg HTTP/1.1" 200 5907
200.41.5.185 - - [06/Mar/2019:07:28:08 -0500] "GET /Residuos/maderas/images/page107_thumbnail.jpg HTTP/1.1" 200 6188
200.41.5.185 - - [06/Mar/2019:07:28:08 -0500] "GET /Residuos/maderas/images/page108_thumbnail.jpg HTTP/1.1" 200 5945
200.41.5.185 - - [06/Mar/2019:07:28:09 -0500] "GET /Residuos/maderas/images/page109_thumbnail.jpg HTTP/1.1" 200 5513
200.41.5.185 - - [06/Mar/2019:07:28:09 -0500] "GET /Residuos/maderas/images/page110_thumbnail.jpg HTTP/1.1" 200 5392
200.41.5.185 - - [06/Mar/2019:07:28:10 -0500] "GET /Residuos/maderas/images/page111_thumbnail.jpg HTTP/1.1" 200 7267
200.41.5.185 - - [06/Mar/2019:07:28:10 -0500] "GET /Residuos/maderas/images/page112_thumbnail.jpg HTTP/1.1" 200 800
45.122.221.193 - - [06/Mar/2019:07:28:11 -0500] "-" 408 -
200.41.5.185 - - [06/Mar/2019:07:28:11 -0500] "GET /Residuos/maderas/images/page113_thumbnail.jpg HTTP/1.1" 200 3428
200.41.5.185 - - [06/Mar/2019:07:28:11 -0500] "GET /Residuos/maderas/images/page114_thumbnail.jpg HTTP/1.1" 200 1019
181.57.240.41 - - [06/Mar/2019:07:28:14 -0500] "GET /galeria/galeria/jquery.fancybox.css?v=2.1.5 HTTP/1.1" 200 4895
181.57.240.41 - - [06/Mar/2019:07:28:14 -0500] "GET /galeria/galeria/jquery.fancybox.js?v=2.1.5 HTTP/1.1" 200 48706
181.57.240.41 - - [06/Mar/2019:07:28:14 -0500] "GET /BLA/boletinlegal/js/jquery.scrollShow.js HTTP/1.1" 200 4586
66.249.79.153 - - [06/Mar/2019:07:28:18 -0500] "GET /BLA/resoluciones/RESOLUCIONES%202018/0930.pdf HTTP/1.1" 200 345623
66.249.79.153 - - [06/Mar/2019:07:28:28 -0500] "GET /BLA/resoluciones/RESOLUCIONES%202018/2022.pdf HTTP/1.1" 200 273256
45.122.221.193 - - [06/Mar/2019:07:28:29 -0500] "-" 408 -
201.245.192.253 - - [06/Mar/2019:07:28:38 -0500] "GET /galeria/nivo-slider/demo/images/Banner%20Politica%20Publica%20CONPES%20(1).ai HTTP/1.1" 206 1
201.245.192.253 - - [06/Mar/2019:07:28:38 -0500] "GET /galeria/nivo-slider/demo/images/Banner%20Politica%20Publica%20CONPES%20(1).ai HTTP/1.1" 206 1644252
200.118.157.207 - - [06/Mar/2019:07:28:40 -0500] "GET /BLA/boletinlegal/normativa.php HTTP/1.1" 200 8122
201.245.192.253 - - [06/Mar/2019:07:28:40 -0500] "GET /galeria/nivo-slider/demo/images/Banner%20Politica%20Publica%20CONPES%20(1).ai HTTP/1.1" 206 1
201.245.192.253 - - [06/Mar/2019:07:28:40 -0500] "GET /galeria/nivo-slider/demo/images/Banner%20Politica%20Publica%20CONPES%20(1).ai HTTP/1.1" 206 1660312
200.41.5.185 - - [06/Mar/2019:07:28:44 -0500] "GET /Residuos/maderas/images/page6.swf HTTP/1.1" 200 17299
200.41.5.185 - - [06/Mar/2019:07:28:45 -0500] "GET /Residuos/maderas/files/search/search6.xml HTTP/1.1" 200 12289
200.41.5.185 - - [06/Mar/2019:07:28:45 -0500] "GET /Residuos/maderas/images/page7.swf HTTP/1.1" 200 15499
200.41.5.185 - - [06/Mar/2019:07:28:45 -0500] "GET /Residuos/maderas/files/search/search7.xml HTTP/1.1" 200 8721
66.249.79.153 - - [06/Mar/2019:07:28:48 -0500] "GET /BLA/resoluciones/AUTOS%202017/2333.pdf HTTP/1.1" 200 349396
201.245.192.253 - - [06/Mar/2019:07:28:48 -0500] "GET /galeria/nivo-slider/demo/images/Banner%20Politica%20Publica%20CONPES%20(1).ai HTTP/1.1" 206 1
201.245.192.253 - - [06/Mar/2019:07:28:48 -0500] "GET /galeria/nivo-slider/demo/images/Banner%20Politica%20Publica%20CONPES%20(1).ai HTTP/1.1" 206 1644252
187.190.11.192 - - [06/Mar/2019:07:28:48 -0500] "GET /galeria/galeria/fotos/Humedal-Vaca2G.jpg HTTP/1.1" 200 279730
201.245.192.253 - - [06/Mar/2019:07:28:50 -0500] "GET /galeria/nivo-slider/demo/images/Banner%20Politica%20Publica%20CONPES%20(1).ai HTTP/1.1" 206 1
201.245.192.253 - - [06/Mar/2019:07:28:50 -0500] "GET /galeria/nivo-slider/demo/images/Banner%20Politica%20Publica%20CONPES%20(1).ai HTTP/1.1" 206 1660312
45.122.221.193 - - [06/Mar/2019:07:28:51 -0500] "-" 408 -
200.118.157.207 - - [06/Mar/2019:07:28:55 -0500] "GET /BLA/boletinlegal/js/ajax_normativa.js HTTP/1.1" 200 1154
200.118.157.207 - - [06/Mar/2019:07:28:55 -0500] "GET /BLA/boletinlegal/styles2.css HTTP/1.1" 200 1838
200.118.157.207 - - [06/Mar/2019:07:28:55 -0500] "GET /BLA/boletinlegal/niceforms-default.css HTTP/1.1" 200 6694
200.118.157.207 - - [06/Mar/2019:07:28:55 -0500] "GET /BLA/boletinlegal/style.css HTTP/1.1" 200 9406
200.118.157.207 - - [06/Mar/2019:07:28:55 -0500] "GET /BLA/boletinlegal/niceforms.js HTTP/1.1" 200 22876
200.118.157.207 - - [06/Mar/2019:07:28:56 -0500] "GET /BLA/boletinlegal/images/cabezote%20BLEGAL.jpg HTTP/1.1" 200 118164
200.118.157.207 - - [06/Mar/2019:07:28:56 -0500] "GET /BLA/boletinlegal/images/subscribe-icon-big.png HTTP/1.1" 200 47702
200.118.157.207 - - [06/Mar/2019:07:28:56 -0500] "GET /BLA/boletinlegal/images/historia.png HTTP/1.1" 200 52775
200.118.157.207 - - [06/Mar/2019:07:28:57 -0500] "GET /BLA/boletinlegal/images/registro-usuarios.png HTTP/1.1" 200 8106
200.118.157.207 - - [06/Mar/2019:07:28:57 -0500] "GET /BLA/boletinlegal/images/abajo.png HTTP/1.1" 200 96676
200.118.157.207 - - [06/Mar/2019:07:28:57 -0500] "GET /BLA/boletinlegal/images/tel.png HTTP/1.1" 200 14477
200.118.157.207 - - [06/Mar/2019:07:28:58 -0500] "GET /BLA/boletinlegal/images/icono-email.png HTTP/1.1" 200 5544
200.118.157.207 - - [06/Mar/2019:07:28:58 -0500] "GET /BLA/boletinlegal/images/body_bg.jpg HTTP/1.1" 200 1601
200.118.157.207 - - [06/Mar/2019:07:28:58 -0500] "GET /BLA/boletinlegal/images/menu_lft.gif HTTP/1.1" 200 1713
66.249.79.153 - - [06/Mar/2019:07:28:58 -0500] "GET /BLA/resoluciones/RESOLUCIONES%202017/3734.pdf HTTP/1.1" 200 276487
200.41.5.185 - - [06/Mar/2019:07:28:58 -0500] "GET /Residuos/maderas/images/page8.swf HTTP/1.1" 200 17687
200.41.5.185 - - [06/Mar/2019:07:29:00 -0500] "GET /Residuos/maderas/images/page9.swf HTTP/1.1" 200 20270
200.41.5.185 - - [06/Mar/2019:07:29:00 -0500] "GET /Residuos/maderas/files/search/search8.xml HTTP/1.1" 200 4656
200.41.5.185 - - [06/Mar/2019:07:29:00 -0500] "GET /Residuos/maderas/files/search/search9.xml HTTP/1.1" 200 13001
54.36.148.240 - - [06/Mar/2019:07:29:00 -0500] "GET /BLA/resoluciones/RESOLUCIONES%202005/RES%202005%20401-450/00000413.tif HTTP/1.1" 200 145226
192.99.59.205 - - [06/Mar/2019:07:29:03 -0500] "GET /wp-login.php HTTP/1.1" 404 1018
200.118.157.207 - - [06/Mar/2019:07:29:04 -0500] "GET /BLA/boletinlegal/images/footer_bg.jpg HTTP/1.1" 200 586
200.118.157.207 - - [06/Mar/2019:07:29:04 -0500] "GET /BLA/boletinlegal/images/bg_top.jpg HTTP/1.1" 200 522
200.118.157.207 - - [06/Mar/2019:07:29:04 -0500] "GET /BLA/boletinlegal/images/menu_rght.gif HTTP/1.1" 200 1627
200.118.157.207 - - [06/Mar/2019:07:29:04 -0500] "GET /BLA/boletinlegal/images/menu_bg.jpg HTTP/1.1" 200 620
200.118.157.207 - - [06/Mar/2019:07:29:04 -0500] "GET /BLA/boletinlegal/images/text.jpg HTTP/1.1" 200 568
200.118.157.207 - - [06/Mar/2019:07:29:04 -0500] "GET /BLA/boletinlegal/images/hover.jpg HTTP/1.1" 200 640
200.118.157.207 - - [06/Mar/2019:07:29:05 -0500] "GET /BLA/boletinlegal/images/footer_bg_l.jpg HTTP/1.1" 200 776
200.118.157.207 - - [06/Mar/2019:07:29:06 -0500] "GET /BLA/boletinlegal/img/0.png HTTP/1.1" 200 110
200.118.157.207 - - [06/Mar/2019:07:29:06 -0500] "GET /BLA/boletinlegal/img/select-left.png HTTP/1.1" 200 263
200.118.157.207 - - [06/Mar/2019:07:29:06 -0500] "GET /BLA/boletinlegal/img/select-right.png HTTP/1.1" 200 44019
200.118.157.207 - - [06/Mar/2019:07:29:06 -0500] "GET /BLA/boletinlegal/img/button.png HTTP/1.1" 200 43241
66.249.79.156 - - [06/Mar/2019:07:29:08 -0500] "GET /BLA/resoluciones/RESOLUCIONES%202017/2043.pdf HTTP/1.1" 200 260141
186.155.232.65 - - [06/Mar/2019:07:29:09 -0500] "GET /POT-2013/Cartografia/09_EEP.pdf HTTP/1.1" 200 3326963
45.122.221.193 - - [06/Mar/2019:07:29:10 -0500] "-" 408 -
186.155.232.65 - - [06/Mar/2019:07:29:17 -0500] "GET /favicon.ico HTTP/1.1" 200 7782
66.249.79.153 - - [06/Mar/2019:07:29:18 -0500] "GET /BLA/resoluciones/AUTOS%202018/3057.pdf HTTP/1.1" 200 247177
200.118.157.207 - - [06/Mar/2019:07:29:22 -0500] "GET /BLA/boletinlegal/img/button-left.png HTTP/1.1" 200 57071
200.118.157.207 - - [06/Mar/2019:07:29:22 -0500] "GET /BLA/boletinlegal/img/button-right.png HTTP/1.1" 200 57878
69.162.124.233 - - [06/Mar/2019:07:29:26 -0500] "HEAD / HTTP/1.1" 200 -
190.159.253.236 - - [06/Mar/2019:07:29:06 -0500] "GET /isolucionsda/ControlDeInicio.asp HTTP/1.1" 503 1124
66.249.79.153 - - [06/Mar/2019:07:29:29 -0500] "GET /BLA/resoluciones/AUTOS%202017/0352.pdf HTTP/1.1" 200 690940
190.159.253.236 - - [06/Mar/2019:07:29:32 -0500] "GET /favicon.ico HTTP/1.1" 200 7782
45.122.221.193 - - [06/Mar/2019:07:29:32 -0500] "-" 408 -
66.249.79.153 - - [06/Mar/2019:07:29:39 -0500] "GET /BLA/resoluciones/AUTOS%202017/2369.pdf HTTP/1.1" 200 986782
201.245.192.253 - - [06/Mar/2019:07:29:43 -0500] "GET /galeria/nivo-slider/demo/images/Banner%20Politica%20Publica%20CONPES%20(1).ai HTTP/1.1" 206 1
201.245.192.253 - - [06/Mar/2019:07:29:43 -0500] "GET /galeria/nivo-slider/demo/images/Banner%20Politica%20Publica%20CONPES%20(1).ai HTTP/1.1" 206 1644252
66.249.79.153 - - [06/Mar/2019:07:29:49 -0500] "GET /BLA/resoluciones/AUTOS%202018/1218.pdf HTTP/1.1" 200 259421
45.122.221.193 - - [06/Mar/2019:07:29:51 -0500] "-" 408 -
201.245.192.253 - - [06/Mar/2019:07:29:53 -0500] "GET /galeria/nivo-slider/demo/images/Banner%20Politica%20Publica%20CONPES%20(1).ai HTTP/1.1" 206 1
201.245.192.253 - - [06/Mar/2019:07:29:53 -0500] "GET /galeria/nivo-slider/demo/images/Banner%20Politica%20Publica%20CONPES%20(1).ai HTTP/1.1" 206 1644252
66.249.79.153 - - [06/Mar/2019:07:29:59 -0500] "GET /BLA/resoluciones/AUTOS%202018/5416.pdf HTTP/1.1" 200 286988
66.249.79.156 - - [06/Mar/2019:07:30:09 -0500] "GET /BLA/resoluciones/RESOLUCIONES%202014/0831.pdf HTTP/1.1" 200 689214
192.168.175.104 - - [06/Mar/2019:07:30:15 -0500] "GET / HTTP/1.1" 200 9990
190.144.70.172 - - [06/Mar/2019:07:30:19 -0500] "GET /BLA/boletinlegal/js/jquery.scrollShow.js HTTP/1.1" 200 4586
190.144.70.172 - - [06/Mar/2019:07:30:19 -0500] "GET /galeria/galeria/jquery.fancybox.css?v=2.1.5 HTTP/1.1" 200 4895
190.144.70.172 - - [06/Mar/2019:07:30:19 -0500] "GET /galeria/galeria/jquery.fancybox.js?v=2.1.5 HTTP/1.1" 200 48706
190.157.186.138 - - [06/Mar/2019:07:30:19 -0500] "GET /galeria/galeria/jquery.fancybox.js?v=2.1.5 HTTP/1.1" 200 48706
190.157.186.138 - - [06/Mar/2019:07:30:19 -0500] "GET /galeria/galeria/jquery.fancybox.css?v=2.1.5 HTTP/1.1" 200 4895
190.157.186.138 - - [06/Mar/2019:07:30:19 -0500] "GET /BLA/boletinlegal/js/jquery.scrollShow.js HTTP/1.1" 200 4586
66.249.79.155 - - [06/Mar/2019:07:30:19 -0500] "GET /BLA/resoluciones/AUTOS%202017/3347.pdf HTTP/1.1" 200 297839
201.245.192.253 - - [06/Mar/2019:07:29:51 -0500] "POST /kwsrmcab/Wsrmcab HTTP/1.1" 200 29121
66.249.88.93 - - [06/Mar/2019:07:30:26 -0500] "GET /galeria/galeria/jquery.fancybox.css?v=2.1.5 HTTP/1.1" 200 4895
66.249.88.89 - - [06/Mar/2019:07:30:26 -0500] "GET /galeria/galeria/jquery.fancybox.js?v=2.1.5 HTTP/1.1" 200 48706
66.249.88.89 - - [06/Mar/2019:07:30:26 -0500] "GET /BLA/boletinlegal/js/jquery.scrollShow.js HTTP/1.1" 200 4586
66.249.79.153 - - [06/Mar/2019:07:30:29 -0500] "GET /BLA/resoluciones/Notificaciones/AUTOS%202017/03228.pdf HTTP/1.1" 200 436296
192.168.175.104 - - [06/Mar/2019:07:30:39 -0500] "GET / HTTP/1.0" 200 9990
66.249.79.153 - - [06/Mar/2019:07:30:39 -0500] "GET /BLA/resoluciones/RESOLUCIONES%202011/5415.pdf HTTP/1.1" 200 567815
201.245.192.253 - - [06/Mar/2019:07:30:46 -0500] "GET /galeria/nivo-slider/demo/images/Banner%20Politica%20Publica%20CONPES%20(1).ai HTTP/1.1" 206 1
201.245.192.253 - - [06/Mar/2019:07:30:46 -0500] "GET /galeria/nivo-slider/demo/images/Banner%20Politica%20Publica%20CONPES%20(1).ai HTTP/1.1" 206 1644252
66.249.79.155 - - [06/Mar/2019:07:30:50 -0500] "GET /BLA/resoluciones/AUTOS%202007/0390.pdf HTTP/1.1" 200 98909
201.245.192.253 - - [06/Mar/2019:07:30:56 -0500] "GET /galeria/nivo-slider/demo/images/Banner%20Politica%20Publica%20CONPES%20(1).ai HTTP/1.1" 206 1
201.245.192.253 - - [06/Mar/2019:07:30:56 -0500] "GET /galeria/nivo-slider/demo/images/Banner%20Politica%20Publica%20CONPES%20(1).ai HTTP/1.1" 206 1644252
66.249.88.89 - - [06/Mar/2019:07:30:58 -0500] "GET /BLA/resoluciones/AUTOS%202015/6795.pdf HTTP/1.1" 200 652805
200.75.48.35 - - [06/Mar/2019:07:31:07 -0500] "GET /BLA/boletinlegal/js/jquery.scrollShow.js HTTP/1.1" 200 4586
200.75.48.35 - - [06/Mar/2019:07:31:07 -0500] "GET /galeria/galeria/jquery.fancybox.js?v=2.1.5 HTTP/1.1" 200 48706
66.249.79.156 - - [06/Mar/2019:07:31:10 -0500] "GET /BLA/resoluciones/AUTOS%202017/0318.pdf HTTP/1.1" 200 1089016
186.155.122.172 - - [06/Mar/2019:07:31:11 -0500] "GET /BLA/boletinlegal/js/jquery.scrollShow.js HTTP/1.1" 200 4586
186.155.122.172 - - [06/Mar/2019:07:31:11 -0500] "GET /galeria/galeria/jquery.fancybox.css?v=2.1.5 HTTP/1.1" 200 4895
186.155.122.172 - - [06/Mar/2019:07:31:11 -0500] "GET /galeria/galeria/jquery.fancybox.js?v=2.1.5 HTTP/1.1" 200 48706
200.75.48.35 - - [06/Mar/2019:07:31:18 -0500] "GET /galeria/galeria/jquery.fancybox.css?v=2.1.5 HTTP/1.1" 200 4895
66.249.79.155 - - [06/Mar/2019:07:31:20 -0500] "GET /BLA/resoluciones/RESOLUCIONES%202017/1654.pdf HTTP/1.1" 200 840248
66.249.88.91 - - [06/Mar/2019:07:31:27 -0500] "GET /galeria/carrusel/Carrusel/jquery.thumbnailScroller.css HTTP/1.1" 200 2066
66.249.88.93 - - [06/Mar/2019:07:31:27 -0500] "GET /galeria/carrusel/Carrusel/jquery-ui-1.8.13.custom.min.js HTTP/1.1" 200 10800
66.249.88.93 - - [06/Mar/2019:07:31:27 -0500] "GET /galeria/carrusel/Carrusel/jquery.thumbnailScroller.js HTTP/1.1" 200 8157
66.249.88.89 - - [06/Mar/2019:07:31:27 -0500] "GET /galeria/nivo-slider/demo/demo.html HTTP/1.1" 200 22600
66.249.79.155 - - [06/Mar/2019:07:31:30 -0500] "GET /BLA/resoluciones/RESOLUCIONES%202015/1414.pdf HTTP/1.1" 304 -
66.249.88.91 - - [06/Mar/2019:07:31:30 -0500] "GET /galeria/nivo-slider/themes/default/default.css HTTP/1.1" 200 1569
66.249.88.89 - - [06/Mar/2019:07:31:30 -0500] "GET /galeria/nivo-slider/nivo-slider.css HTTP/1.1" 200 1507
66.249.88.91 - - [06/Mar/2019:07:31:30 -0500] "GET /galeria/nivo-slider/themes/pascal/pascal.css HTTP/1.1" 200 2258
66.249.88.91 - - [06/Mar/2019:07:31:30 -0500] "GET /galeria/nivo-slider/themes/orman/orman.css HTTP/1.1" 200 2152
66.249.88.89 - - [06/Mar/2019:07:31:30 -0500] "GET /galeria/nivo-slider/demo/scripts/jquery-1.7.1.min.js HTTP/1.1" 200 93868
66.249.88.89 - - [06/Mar/2019:07:31:30 -0500] "GET /galeria/nivo-slider/demo/style.css HTTP/1.1" 200 2222
66.249.88.89 - - [06/Mar/2019:07:31:30 -0500] "GET /galeria/nivo-slider/demo/images/Trafico%20de%20fauna.jpg HTTP/1.1" 200 198327
66.249.88.91 - - [06/Mar/2019:07:31:31 -0500] "GET /galeria/nivo-slider/jquery.nivo.slider.pack.js HTTP/1.1" 200 11561
66.249.88.89 - - [06/Mar/2019:07:31:31 -0500] "GET /galeria/nivo-slider/demo/images/Bannerweb_Tinguas.jpg HTTP/1.1" 200 258471
66.249.88.89 - - [06/Mar/2019:07:31:31 -0500] "GET /galeria/nivo-slider/demo/images/Banner%20PGAE.jpg HTTP/1.1" 200 258166
66.249.88.89 - - [06/Mar/2019:07:31:31 -0500] "GET /galeria/nivo-slider/demo/images/Caminatas%20marzo.png HTTP/1.1" 200 661357
66.249.88.93 - - [06/Mar/2019:07:31:31 -0500] "GET /galeria/nivo-slider/demo/images/Banner%20Conpes.jpg HTTP/1.1" 200 55220
66.249.88.89 - - [06/Mar/2019:07:31:31 -0500] "GET /galeria/nivo-slider/themes/default/loading.gif HTTP/1.1" 200 1737
66.249.88.93 - - [06/Mar/2019:07:31:31 -0500] "GET /galeria/nivo-slider/demo/images/4Simple_Slider.png HTTP/1.1" 200 11722
66.249.88.91 - - [06/Mar/2019:07:31:32 -0500] "GET /galeria/nivo-slider/demo/images/Banner%20practicas%20sostenibles.jpg HTTP/1.1" 200 142958
66.249.88.89 - - [06/Mar/2019:07:31:32 -0500] "GET /galeria/nivo-slider/demo/images/Banner%20POT.png HTTP/1.1" 200 418238
66.249.88.91 - - [06/Mar/2019:07:31:32 -0500] "GET /galeria/nivo-slider/demo/images/incendios-forestales.png HTTP/1.1" 200 61469
66.249.88.91 - - [06/Mar/2019:07:31:33 -0500] "GET /galeria/nivo-slider/demo/images/Pot_banner.jpg HTTP/1.1" 200 204736
66.249.88.93 - - [06/Mar/2019:07:31:33 -0500] "GET /galeria/nivo-slider/demo/images/BANNER%20punto.jpg HTTP/1.1" 200 75932
66.249.88.89 - - [06/Mar/2019:07:31:33 -0500] "GET /galeria/nivo-slider/demo/images/Banneranonimos.png HTTP/1.1" 200 109388
66.249.88.91 - - [06/Mar/2019:07:31:33 -0500] "GET /galeria/nivo-slider/demo/images/web%20ingreso%20humedales.png HTTP/1.1" 200 641193
66.249.88.91 - - [06/Mar/2019:07:31:33 -0500] "GET /galeria/nivo-slider/demo/images/gobierno%20digital-01.jpg HTTP/1.1" 200 116163
66.249.88.91 - - [06/Mar/2019:07:31:33 -0500] "GET /galeria/nivo-slider/demo/images/Otorgamiento-excelencia-ambiental-Jos%C3%A9-Celestino-Mutis-2.jpg HTTP/1.1" 200 276467
66.249.88.91 - - [06/Mar/2019:07:31:34 -0500] "GET /galeria/nivo-slider/demo/images/Banner_micrositio.png HTTP/1.1" 200 146950
66.249.88.89 - - [06/Mar/2019:07:31:34 -0500] "GET /galeria/nivo-slider/demo/images/avances-sentencias-rio-bogota-2.jpg HTTP/1.1" 200 304916
66.249.88.93 - - [06/Mar/2019:07:31:34 -0500] "GET /galeria/nivo-slider/demo/images/BANNER%20VAN%20DER%20HAMMEN.jpg HTTP/1.1" 200 64172
66.249.88.89 - - [06/Mar/2019:07:31:35 -0500] "GET /galeria/nivo-slider/demo/images/banner-humedales-de-bogota.jpg HTTP/1.1" 200 292611
66.249.88.93 - - [06/Mar/2019:07:31:36 -0500] "GET /galeria/nivo-slider/demo/images/maximavelocidad.png HTTP/1.1" 200 880272
66.249.88.89 - - [06/Mar/2019:07:31:36 -0500] "GET /galeria/nivo-slider/demo/images/banner%20aceite%20vegetal%20usado.jpg HTTP/1.1" 200 169350
66.249.88.93 - - [06/Mar/2019:07:31:37 -0500] "GET /galeria/nivo-slider/demo/images/bannerlumina2017web.jpg HTTP/1.1" 200 198918
66.249.88.93 - - [06/Mar/2019:07:31:37 -0500] "GET /galeria/nivo-slider/demo/images/banner-bolsas-plasticas.jpg HTTP/1.1" 200 317939
66.249.79.155 - - [06/Mar/2019:07:31:40 -0500] "GET /BLA/resoluciones/AUTOS%202017/2641.pdf HTTP/1.1" 200 267540
66.249.88.89 - - [06/Mar/2019:07:31:41 -0500] "GET /galeria/nivo-slider/themes/default/arrows.png HTTP/1.1" 200 824
66.249.88.89 - - [06/Mar/2019:07:31:41 -0500] "GET /galeria/nivo-slider/themes/default/bullets.png HTTP/1.1" 200 1281
201.245.192.253 - - [06/Mar/2019:07:31:48 -0500] "GET /galeria/nivo-slider/demo/images/Banner%20Politica%20Publica%20CONPES%20(1).ai HTTP/1.1" 206 1
201.245.192.253 - - [06/Mar/2019:07:31:48 -0500] "GET /galeria/nivo-slider/demo/images/Banner%20Politica%20Publica%20CONPES%20(1).ai HTTP/1.1" 206 1644252
66.249.79.153 - - [06/Mar/2019:07:31:51 -0500] "GET /BLA/resoluciones/Notificaciones/AUTOS%202017/03361.pdf HTTP/1.1" 200 260440
201.245.192.253 - - [06/Mar/2019:07:31:58 -0500] "GET /galeria/nivo-slider/demo/images/Banner%20Politica%20Publica%20CONPES%20(1).ai HTTP/1.1" 206 1
201.245.192.253 - - [06/Mar/2019:07:31:58 -0500] "GET /galeria/nivo-slider/demo/images/Banner%20Politica%20Publica%20CONPES%20(1).ai HTTP/1.1" 206 1644252
66.249.79.155 - - [06/Mar/2019:07:32:01 -0500] "GET /BLA/resoluciones/AUTOS%202018/0185.pdf HTTP/1.1" 200 267035
66.249.79.153 - - [06/Mar/2019:07:32:11 -0500] "GET /BLA/resoluciones/AUTOS%202017/3190.pdf HTTP/1.1" 200 289435
66.249.79.155 - - [06/Mar/2019:07:32:21 -0500] "GET /BLA/resoluciones/RESOLUCIONES%202014/2328.pdf HTTP/1.1" 200 1129174
66.249.79.153 - - [06/Mar/2019:07:32:31 -0500] "GET /BLA/resoluciones/AUTOS%202017/2442.pdf HTTP/1.1" 200 825320
201.245.192.253 - - [06/Mar/2019:07:32:38 -0500] "GET /galeria/nivo-slider/demo/images/Banner%20Politica%20Publica%20CONPES%20(1).ai HTTP/1.1" 206 1
201.245.192.253 - - [06/Mar/2019:07:32:38 -0500] "GET /galeria/nivo-slider/demo/images/Banner%20Politica%20Publica%20CONPES%20(1).ai HTTP/1.1" 206 1644252
66.249.79.153 - - [06/Mar/2019:07:32:41 -0500] "GET /BLA/resoluciones/AUTOS%202018/0794.pdf HTTP/1.1" 200 260928
201.245.192.253 - - [06/Mar/2019:07:32:48 -0500] "GET /galeria/nivo-slider/demo/images/Banner%20Politica%20Publica%20CONPES%20(1).ai HTTP/1.1" 206 1
201.245.192.253 - - [06/Mar/2019:07:32:48 -0500] "GET /galeria/nivo-slider/demo/images/Banner%20Politica%20Publica%20CONPES%20(1).ai HTTP/1.1" 206 1644252
201.245.192.253 - - [06/Mar/2019:07:32:50 -0500] "GET /galeria/nivo-slider/demo/images/Banner%20Politica%20Publica%20CONPES%20(1).ai HTTP/1.1" 206 1
201.245.192.253 - - [06/Mar/2019:07:32:50 -0500] "GET /galeria/nivo-slider/demo/images/Banner%20Politica%20Publica%20CONPES%20(1).ai HTTP/1.1" 206 1660312
66.249.79.153 - - [06/Mar/2019:07:32:51 -0500] "GET /BLA/resoluciones/AUTOS%202017/5135.pdf HTTP/1.1" 200 330420
18.206.250.72 - - [06/Mar/2019:07:32:54 -0500] "GET /BLA/boletinlegal/js/jquery.scrollShow.js HTTP/1.1" 200 4586
201.245.192.253 - - [06/Mar/2019:07:33:00 -0500] "GET /galeria/nivo-slider/demo/images/Banner%20Politica%20Publica%20CONPES%20(1).ai HTTP/1.1" 206 1
201.245.192.253 - - [06/Mar/2019:07:33:00 -0500] "GET /galeria/nivo-slider/demo/images/Banner%20Politica%20Publica%20CONPES%20(1).ai HTTP/1.1" 206 1660312
66.249.79.155 - - [06/Mar/2019:07:33:01 -0500] "GET /BLA/resoluciones/AUTOS%202017/0571.pdf HTTP/1.1" 200 836919
18.206.250.72 - - [06/Mar/2019:07:33:06 -0500] "GET /galeria/galeria/jquery.fancybox.js?v=2.1.5 HTTP/1.1" 200 48706
66.249.79.156 - - [06/Mar/2019:07:33:12 -0500] "GET /BLA/resoluciones/AUTOS%202017/0924.pdf HTTP/1.1" 200 1940562
152.201.176.40 - - [06/Mar/2019:07:33:18 -0500] "GET /galeria/galeria/jquery.fancybox.css?v=2.1.5 HTTP/1.1" 200 4895
152.201.176.40 - - [06/Mar/2019:07:33:18 -0500] "GET /BLA/boletinlegal/js/jquery.scrollShow.js HTTP/1.1" 200 4586
152.201.176.40 - - [06/Mar/2019:07:33:18 -0500] "GET /galeria/galeria/jquery.fancybox.js?v=2.1.5 HTTP/1.1" 200 48706
66.249.79.153 - - [06/Mar/2019:07:33:22 -0500] "GET /BLA/resoluciones/AUTOS%202017/2846.pdf HTTP/1.1" 200 1345545
66.249.79.156 - - [06/Mar/2019:07:33:32 -0500] "GET /BLA/resoluciones/AUTOS%202017/3625.pdf HTTP/1.1" 200 283704
66.249.79.156 - - [06/Mar/2019:07:33:42 -0500] "GET /BLA/resoluciones/AUTOS%202018/1292.pdf HTTP/1.1" 200 292453
66.249.79.156 - - [06/Mar/2019:07:33:52 -0500] "GET /BLA/resoluciones/RESOLUCIONES%202015/2878.pdf HTTP/1.1" 200 942856
66.249.88.91 - - [06/Mar/2019:07:33:53 -0500] "GET /BLA/boletinlegal/js/jquery.scrollShow.js HTTP/1.1" 200 4586
66.249.88.93 - - [06/Mar/2019:07:33:53 -0500] "GET /galeria/galeria/jquery.fancybox.js?v=2.1.5 HTTP/1.1" 200 48706
66.249.88.93 - - [06/Mar/2019:07:33:53 -0500] "GET /galeria/galeria/jquery.fancybox.css?v=2.1.5 HTTP/1.1" 200 4895
201.245.192.253 - - [06/Mar/2019:07:33:53 -0500] "GET /galeria/nivo-slider/demo/images/Banner%20Politica%20Publica%20CONPES%20(1).ai HTTP/1.1" 206 1
201.245.192.253 - - [06/Mar/2019:07:33:53 -0500] "GET /galeria/nivo-slider/demo/images/Banner%20Politica%20Publica%20CONPES%20(1).ai HTTP/1.1" 206 1644252
66.249.88.91 - - [06/Mar/2019:07:33:56 -0500] "GET /galeria/galeria/jquery.fancybox.js?v=2.1.5 HTTP/1.1" 200 48706
66.249.88.93 - - [06/Mar/2019:07:33:56 -0500] "GET /BLA/boletinlegal/js/jquery.scrollShow.js HTTP/1.1" 200 4586
66.249.88.89 - - [06/Mar/2019:07:33:56 -0500] "GET /galeria/galeria/jquery.fancybox.css?v=2.1.5 HTTP/1.1" 200 4895
157.55.39.63 - - [06/Mar/2019:07:33:40 -0500] "GET /portalsiaccapacitaciones/Soportes%20Capacitaciones%202015/0009.%20Presentacion%20HC%20CAEM%20Gestion%20Huella.pdf HTTP/1.1" 200 3320037
66.249.79.153 - - [06/Mar/2019:07:34:02 -0500] "GET /BLA/resoluciones/AUTOS%202018/1257.pdf HTTP/1.1" 200 320295
157.55.39.242 - - [06/Mar/2019:07:34:02 -0500] "GET / HTTP/1.1" 200 9990
201.245.192.253 - - [06/Mar/2019:07:34:03 -0500] "GET /galeria/nivo-slider/demo/images/Banner%20Politica%20Publica%20CONPES%20(1).ai HTTP/1.1" 206 1
171.13.14.30 - - [06/Mar/2019:07:34:06 -0500] "CONNECT 133.130.126.119:43 HTTP/1.1" 405 943
66.249.79.155 - - [06/Mar/2019:07:34:12 -0500] "GET /BLA/resoluciones/Notificaciones/AUTOS%202017/05034.pdf HTTP/1.1" 200 764684
66.249.79.155 - - [06/Mar/2019:07:34:22 -0500] "GET /BLA/resoluciones/RESOLUCIONES%202017/3721.pdf HTTP/1.1" 200 287436
69.162.124.233 - - [06/Mar/2019:07:34:26 -0500] "HEAD / HTTP/1.1" 200 -
66.249.79.153 - - [06/Mar/2019:07:34:33 -0500] "GET /BLA/resoluciones/AUTOS%202017/2910.pdf HTTP/1.1" 200 841897
66.249.79.153 - - [06/Mar/2019:07:34:43 -0500] "GET /BLA/resoluciones/AUTOS%202017/3023.pdf HTTP/1.1" 200 338290
180.76.15.15 - - [06/Mar/2019:07:34:43 -0500] "GET /BLA/resoluciones/RESOLUCIONES%202009/0523.pdf HTTP/1.1" 200 235692
201.245.192.253 - - [06/Mar/2019:07:34:56 -0500] "GET /galeria/nivo-slider/demo/images/Banner%20Politica%20Publica%20CONPES%20(1).ai HTTP/1.1" 206 1
201.245.192.253 - - [06/Mar/2019:07:34:56 -0500] "GET /galeria/nivo-slider/demo/images/Banner%20Politica%20Publica%20CONPES%20(1).ai HTTP/1.1" 206 1644252
190.131.200.150 - - [06/Mar/2019:07:34:58 -0500] "GET /galeria/galeria/jquery.fancybox.css?v=2.1.5 HTTP/1.1" 200 4895
190.131.200.150 - - [06/Mar/2019:07:34:58 -0500] "GET /galeria/galeria/jquery.fancybox.js?v=2.1.5 HTTP/1.1" 200 48706
190.131.200.150 - - [06/Mar/2019:07:34:58 -0500] "GET /BLA/boletinlegal/js/jquery.scrollShow.js HTTP/1.1" 200 4586
66.249.79.155 - - [06/Mar/2019:07:35:05 -0500] "GET /BLA/resoluciones/RESOLUCIONES%202007/RES%202007%202001%20AL%202100/RESOLUCION%202032%20DE%202007.pdf HTTP/1.1" 200 386004
201.245.192.253 - - [06/Mar/2019:07:35:06 -0500] "GET /galeria/nivo-slider/demo/images/Banner%20Politica%20Publica%20CONPES%20(1).ai HTTP/1.1" 206 1
201.245.192.253 - - [06/Mar/2019:07:35:06 -0500] "GET /galeria/nivo-slider/demo/images/Banner%20Politica%20Publica%20CONPES%20(1).ai HTTP/1.1" 206 1644252
192.168.175.104 - - [06/Mar/2019:07:35:12 -0500] "GET / HTTP/1.1" 200 9990
66.249.79.153 - - [06/Mar/2019:07:35:13 -0500] "GET /BLA/resoluciones/Notificaciones/AUTOS%202017/03224.pdf HTTP/1.1" 200 491505
54.36.148.22 - - [06/Mar/2019:07:35:16 -0500] "GET /BLA/resoluciones/RESOLUCIONES%202003/RES%202003%20501-550/532.tif HTTP/1.1" 200 153620
186.155.232.65 - - [06/Mar/2019:07:35:19 -0500] "GET /POT-2013/Cartografia/09_EEP.pdf HTTP/1.1" 304 -
186.155.232.65 - - [06/Mar/2019:07:35:20 -0500] "GET /favicon.ico HTTP/1.1" 200 7782
66.249.79.153 - - [06/Mar/2019:07:35:23 -0500] "GET /BLA/resoluciones/RESOLUCIONES%202011/0424.pdf HTTP/1.1" 200 582340
66.249.79.153 - - [06/Mar/2019:07:35:33 -0500] "GET /BLA/resoluciones/AUTOS%202017/3552.pdf HTTP/1.1" 200 270278
192.168.175.104 - - [06/Mar/2019:07:35:36 -0500] "GET / HTTP/1.0" 200 9990
66.249.79.153 - - [06/Mar/2019:07:35:44 -0500] "GET /BLA/resoluciones/RESOLUCIONES%202010/2888.pdf HTTP/1.1" 200 487485
201.245.192.253 - - [06/Mar/2019:07:35:48 -0500] "GET /galeria/nivo-slider/demo/images/Banner%20Politica%20Publica%20CONPES%20(1).ai HTTP/1.1" 206 1
201.245.192.253 - - [06/Mar/2019:07:35:48 -0500] "GET /galeria/nivo-slider/demo/images/Banner%20Politica%20Publica%20CONPES%20(1).ai HTTP/1.1" 206 1644252
66.249.79.155 - - [06/Mar/2019:07:35:54 -0500] "GET /BLA/resoluciones/AUTOS%202018/0580.pdf HTTP/1.1" 200 256652
201.245.192.253 - - [06/Mar/2019:07:35:58 -0500] "GET /galeria/nivo-slider/demo/images/Banner%20Politica%20Publica%20CONPES%20(1).ai HTTP/1.1" 206 1
201.245.192.253 - - [06/Mar/2019:07:35:58 -0500] "GET /galeria/nivo-slider/demo/images/Banner%20Politica%20Publica%20CONPES%20(1).ai HTTP/1.1" 206 1644252
66.249.79.155 - - [06/Mar/2019:07:36:04 -0500] "GET /BLA/resoluciones/AUTOS%202018/3108.pdf HTTP/1.1" 200 290449
