66.249.79.155 - - [06/Mar/2019:04:26:11 -0500] "GET /BLA/resoluciones/Notificaciones/AUTOS%202017/01156.pdf HTTP/1.1" 200 277294
66.249.79.155 - - [06/Mar/2019:04:26:21 -0500] "GET /BLA/resoluciones/AUTOS%202018/3906.pdf HTTP/1.1" 200 274514
201.245.192.253 - - [06/Mar/2019:04:26:24 -0500] "GET /galeria/nivo-slider/demo/images/Banner%20Politica%20Publica%20CONPES%20(1).ai HTTP/1.1" 206 1
201.245.192.253 - - [06/Mar/2019:04:26:24 -0500] "GET /galeria/nivo-slider/demo/images/Banner%20Politica%20Publica%20CONPES%20(1).ai HTTP/1.1" 206 1644252
192.168.175.104 - - [06/Mar/2019:04:26:24 -0500] "GET / HTTP/1.1" 200 9990
201.245.192.253 - - [06/Mar/2019:04:26:34 -0500] "GET /galeria/nivo-slider/demo/images/Banner%20Politica%20Publica%20CONPES%20(1).ai HTTP/1.1" 206 1
54.36.148.3 - - [06/Mar/2019:04:26:35 -0500] "GET /BLA/resoluciones/index.php?dir=AUTOS%202006/AUTOS%202006%201401%20-%201500/&sort=size&order=asc HTTP/1.1" 200 13545
66.249.79.153 - - [06/Mar/2019:04:26:42 -0500] "GET /BLA/resoluciones/RESOLUCIONES%202006/RES%202006%201301-1350/INDEX.DAT HTTP/1.1" 200 2000
192.168.175.104 - - [06/Mar/2019:04:26:47 -0500] "GET / HTTP/1.0" 200 9990
66.249.79.153 - - [06/Mar/2019:04:26:52 -0500] "GET /BLA/resoluciones/AUTOS%202015/4292.pdf HTTP/1.1" 200 473650
66.249.79.153 - - [06/Mar/2019:04:27:02 -0500] "GET /BLA/resoluciones/RESOLUCIONES%202011/6293.pdf HTTP/1.1" 200 470871
66.249.79.156 - - [06/Mar/2019:04:27:12 -0500] "GET /BLA/resoluciones/Notificaciones/AUTOS%202017/01366.pdf HTTP/1.1" 200 321070
66.249.79.155 - - [06/Mar/2019:04:27:22 -0500] "GET /BLA/resoluciones/AUTOS%202017/0038.pdf HTTP/1.1" 200 344963
201.245.192.253 - - [06/Mar/2019:04:27:27 -0500] "GET /galeria/nivo-slider/demo/images/Banner%20Politica%20Publica%20CONPES%20(1).ai HTTP/1.1" 206 1
201.245.192.253 - - [06/Mar/2019:04:27:27 -0500] "GET /galeria/nivo-slider/demo/images/Banner%20Politica%20Publica%20CONPES%20(1).ai HTTP/1.1" 206 1644252
66.249.79.153 - - [06/Mar/2019:04:27:33 -0500] "GET /BLA/resoluciones/AUTOS%202009/1608.pdf HTTP/1.1" 200 199157
201.245.192.253 - - [06/Mar/2019:04:27:37 -0500] "GET /galeria/nivo-slider/demo/images/Banner%20Politica%20Publica%20CONPES%20(1).ai HTTP/1.1" 206 1
201.245.192.253 - - [06/Mar/2019:04:27:37 -0500] "GET /galeria/nivo-slider/demo/images/Banner%20Politica%20Publica%20CONPES%20(1).ai HTTP/1.1" 206 1644252
66.249.79.159 - - [06/Mar/2019:04:27:43 -0500] "GET / HTTP/1.1" 200 9990
54.37.67.60 - - [06/Mar/2019:04:27:45 -0500] "HEAD /BLA/resoluciones/AUTOS%202007/3259.pdf HTTP/1.1" 200 -
201.245.192.253 - - [06/Mar/2019:04:27:49 -0500] "GET /galeria/nivo-slider/demo/images/Banner%20Politica%20Publica%20CONPES%20(1).ai HTTP/1.1" 206 1
201.245.192.253 - - [06/Mar/2019:04:27:49 -0500] "GET /galeria/nivo-slider/demo/images/Banner%20Politica%20Publica%20CONPES%20(1).ai HTTP/1.1" 206 1644252
201.245.192.253 - - [06/Mar/2019:04:27:59 -0500] "GET /galeria/nivo-slider/demo/images/Banner%20Politica%20Publica%20CONPES%20(1).ai HTTP/1.1" 206 1
201.245.192.253 - - [06/Mar/2019:04:27:59 -0500] "GET /galeria/nivo-slider/demo/images/Banner%20Politica%20Publica%20CONPES%20(1).ai HTTP/1.1" 206 1644252
54.36.148.187 - - [06/Mar/2019:04:28:07 -0500] "GET /BLA/resoluciones/RESOLUCIONES%202004/RES%202004%201951-2000/00001970.tif HTTP/1.1" 200 221734
66.249.79.158 - - [06/Mar/2019:04:28:09 -0500] "GET /js/bootstrap.min.js HTTP/1.1" 200 28538
66.249.79.153 - - [06/Mar/2019:04:28:23 -0500] "GET /BLA/resoluciones/index.php?dir=2018%2F HTTP/1.1" 200 1608
66.249.79.153 - - [06/Mar/2019:04:28:33 -0500] "GET /BLA/boletinlegal/actas/079-2013.pdf HTTP/1.1" 200 1500109
201.245.192.253 - - [06/Mar/2019:04:28:39 -0500] "GET /galeria/nivo-slider/demo/images/Banner%20Politica%20Publica%20CONPES%20(1).ai HTTP/1.1" 206 1
201.245.192.253 - - [06/Mar/2019:04:28:39 -0500] "GET /galeria/nivo-slider/demo/images/Banner%20Politica%20Publica%20CONPES%20(1).ai HTTP/1.1" 206 1644252
66.249.79.155 - - [06/Mar/2019:04:28:45 -0500] "GET /BLA/resoluciones/dlf/styles.css HTTP/1.1" 200 3049
201.245.192.253 - - [06/Mar/2019:04:28:49 -0500] "GET /galeria/nivo-slider/demo/images/Banner%20Politica%20Publica%20CONPES%20(1).ai HTTP/1.1" 206 1
201.245.192.253 - - [06/Mar/2019:04:28:49 -0500] "GET /galeria/nivo-slider/demo/images/Banner%20Politica%20Publica%20CONPES%20(1).ai HTTP/1.1" 206 1644252
66.249.79.155 - - [06/Mar/2019:04:28:54 -0500] "GET /BLA/resoluciones/index.php?dir=RESOLUCIONES+2011%2F HTTP/1.1" 200 723148
66.249.79.156 - - [06/Mar/2019:04:29:07 -0500] "GET /BLA/resoluciones/dlf/styles.css HTTP/1.1" 200 3049
66.249.79.153 - - [06/Mar/2019:04:29:14 -0500] "GET /BLA/boletinlegal/Directivas/2011/Directiva%20No.%208%20del%2020%20de%20Septiembre%20de%202011.pdf HTTP/1.1" 200 727150
66.249.79.153 - - [06/Mar/2019:04:29:24 -0500] "GET /BLA/resoluciones/index.php?dir=RESOLUCIONES+2008%2F HTTP/1.1" 200 976272
69.162.124.233 - - [06/Mar/2019:04:29:27 -0500] "HEAD / HTTP/1.1" 200 -
40.77.167.218 - - [06/Mar/2019:04:29:29 -0500] "GET /galeria/galeria/fotos/Huemdal-el-Tunjo2G.jpg HTTP/1.1" 200 388331
181.49.93.170 - - [06/Mar/2019:04:29:30 -0500] "GET /galeria/galeria/jquery.fancybox.js?v=2.1.5 HTTP/1.1" 200 48706
181.49.93.170 - - [06/Mar/2019:04:29:30 -0500] "GET /BLA/boletinlegal/js/jquery.scrollShow.js HTTP/1.1" 200 4586
181.49.93.170 - - [06/Mar/2019:04:29:30 -0500] "GET /galeria/galeria/jquery.fancybox.css?v=2.1.5 HTTP/1.1" 200 4895
201.245.192.253 - - [06/Mar/2019:04:29:31 -0500] "GET /galeria/nivo-slider/demo/images/Banner%20Politica%20Publica%20CONPES%20(1).ai HTTP/1.1" 206 1
201.245.192.253 - - [06/Mar/2019:04:29:31 -0500] "GET /galeria/nivo-slider/demo/images/Banner%20Politica%20Publica%20CONPES%20(1).ai HTTP/1.1" 206 1660312
66.249.79.155 - - [06/Mar/2019:04:29:32 -0500] "GET /BLA/resoluciones/dlf/styles.css HTTP/1.1" 200 3049
181.49.93.170 - - [06/Mar/2019:04:29:38 -0500] "GET /BLA/boletinlegal/js/jquery.scrollShow.js HTTP/1.1" 304 -
181.49.93.170 - - [06/Mar/2019:04:29:38 -0500] "GET /galeria/galeria/jquery.fancybox.js?v=2.1.5 HTTP/1.1" 304 -
181.49.93.170 - - [06/Mar/2019:04:29:38 -0500] "GET /galeria/galeria/jquery.fancybox.css?v=2.1.5 HTTP/1.1" 304 -
201.245.192.253 - - [06/Mar/2019:04:29:41 -0500] "GET /galeria/nivo-slider/demo/images/Banner%20Politica%20Publica%20CONPES%20(1).ai HTTP/1.1" 206 1
201.245.192.253 - - [06/Mar/2019:04:29:41 -0500] "GET /galeria/nivo-slider/demo/images/Banner%20Politica%20Publica%20CONPES%20(1).ai HTTP/1.1" 206 1660312
66.249.79.153 - - [06/Mar/2019:04:29:44 -0500] "GET /BLA/boletinlegal/Circulares/2010/Circular%2003%20de%2015%20de%20marzo%20de%202010.pdf HTTP/1.1" 200 299174
66.249.79.155 - - [06/Mar/2019:04:30:05 -0500] "GET /BLA/boletinlegal/Circulares/2012/Circular%20No.%2011%20del%2027%20de%20Agosto%20de%202012.pdf HTTP/1.1" 200 526945
190.144.166.61 - - [06/Mar/2019:04:30:07 -0500] "GET /galeria/nivo-slider/demo/images/Banner%20Politica%20Publica%20CONPES%20(1).ai HTTP/1.1" 206 1
66.249.79.153 - - [06/Mar/2019:04:30:15 -0500] "GET /BLA/boletinlegal/Circulares/2011/Circular%20No.%201%20del%2023%20de%20Febrero%20de%202011.pdf HTTP/1.1" 200 540140
190.144.166.61 - - [06/Mar/2019:04:30:17 -0500] "GET /galeria/nivo-slider/demo/images/Banner%20Politica%20Publica%20CONPES%20(1).ai HTTP/1.1" 206 1
66.249.79.153 - - [06/Mar/2019:04:30:25 -0500] "GET /BLA/boletinlegal/Circulares/2011/Circular%20No.%201%20del%2023%20de%20Febrero%20de%202011.pdf HTTP/1.1" 200 540140
201.245.192.253 - - [06/Mar/2019:04:29:52 -0500] "POST /kwsrmcab/Wsrmcab HTTP/1.1" 200 28948
201.245.192.253 - - [06/Mar/2019:04:30:34 -0500] "GET /galeria/nivo-slider/demo/images/Banner%20Politica%20Publica%20CONPES%20(1).ai HTTP/1.1" 206 1
201.245.192.253 - - [06/Mar/2019:04:30:34 -0500] "GET /galeria/nivo-slider/demo/images/Banner%20Politica%20Publica%20CONPES%20(1).ai HTTP/1.1" 206 1644252
201.245.192.253 - - [06/Mar/2019:04:30:44 -0500] "GET /galeria/nivo-slider/demo/images/Banner%20Politica%20Publica%20CONPES%20(1).ai HTTP/1.1" 206 1
201.245.192.253 - - [06/Mar/2019:04:30:44 -0500] "GET /galeria/nivo-slider/demo/images/Banner%20Politica%20Publica%20CONPES%20(1).ai HTTP/1.1" 206 1644252
66.249.79.153 - - [06/Mar/2019:04:30:48 -0500] "GET /BLA/resoluciones/RESOLUCIONES%202010/1005.pdf HTTP/1.1" 200 106660
66.249.79.155 - - [06/Mar/2019:04:30:55 -0500] "GET /BLA/resoluciones/AUTOS%202011/2404.pdf HTTP/1.1" 304 -
66.249.79.153 - - [06/Mar/2019:04:31:05 -0500] "GET /BLA/resoluciones/AUTOS%202013/1646.pdf HTTP/1.1" 304 -
66.249.79.155 - - [06/Mar/2019:04:31:16 -0500] "GET /BLA/resoluciones/AUTOS%202017/0991.pdf HTTP/1.1" 200 1507239
192.168.175.104 - - [06/Mar/2019:04:31:22 -0500] "GET / HTTP/1.1" 200 9990
66.249.79.155 - - [06/Mar/2019:04:31:26 -0500] "GET /BLA/resoluciones/AUTOS%202018/1396.pdf HTTP/1.1" 200 287622
66.249.79.153 - - [06/Mar/2019:04:31:36 -0500] "GET /BLA/resoluciones/AUTOS%202018/1703.pdf HTTP/1.1" 200 771647
201.245.192.253 - - [06/Mar/2019:04:31:37 -0500] "GET /galeria/nivo-slider/demo/images/Banner%20Politica%20Publica%20CONPES%20(1).ai HTTP/1.1" 206 1
201.245.192.253 - - [06/Mar/2019:04:31:37 -0500] "GET /galeria/nivo-slider/demo/images/Banner%20Politica%20Publica%20CONPES%20(1).ai HTTP/1.1" 206 1644252
157.55.39.160 - - [06/Mar/2019:04:31:40 -0500] "GET / HTTP/1.1" 200 9990
192.168.175.104 - - [06/Mar/2019:04:31:45 -0500] "GET / HTTP/1.0" 200 9990
201.245.192.253 - - [06/Mar/2019:04:31:47 -0500] "GET /galeria/nivo-slider/demo/images/Banner%20Politica%20Publica%20CONPES%20(1).ai HTTP/1.1" 206 1
201.245.192.253 - - [06/Mar/2019:04:31:47 -0500] "GET /galeria/nivo-slider/demo/images/Banner%20Politica%20Publica%20CONPES%20(1).ai HTTP/1.1" 206 1644252
201.245.192.253 - - [06/Mar/2019:04:31:49 -0500] "GET /galeria/nivo-slider/demo/images/Banner%20Politica%20Publica%20CONPES%20(1).ai HTTP/1.1" 206 1
201.245.192.253 - - [06/Mar/2019:04:31:49 -0500] "GET /galeria/nivo-slider/demo/images/Banner%20Politica%20Publica%20CONPES%20(1).ai HTTP/1.1" 206 1644252
201.245.192.253 - - [06/Mar/2019:04:31:59 -0500] "GET /galeria/nivo-slider/demo/images/Banner%20Politica%20Publica%20CONPES%20(1).ai HTTP/1.1" 206 1
201.245.192.253 - - [06/Mar/2019:04:31:59 -0500] "GET /galeria/nivo-slider/demo/images/Banner%20Politica%20Publica%20CONPES%20(1).ai HTTP/1.1" 206 1644252
201.245.192.253 - - [06/Mar/2019:04:32:39 -0500] "GET /galeria/nivo-slider/demo/images/Banner%20Politica%20Publica%20CONPES%20(1).ai HTTP/1.1" 206 1
201.245.192.253 - - [06/Mar/2019:04:32:39 -0500] "GET /galeria/nivo-slider/demo/images/Banner%20Politica%20Publica%20CONPES%20(1).ai HTTP/1.1" 206 1644252
201.245.192.253 - - [06/Mar/2019:04:32:49 -0500] "GET /galeria/nivo-slider/demo/images/Banner%20Politica%20Publica%20CONPES%20(1).ai HTTP/1.1" 206 1
201.245.192.253 - - [06/Mar/2019:04:32:49 -0500] "GET /galeria/nivo-slider/demo/images/Banner%20Politica%20Publica%20CONPES%20(1).ai HTTP/1.1" 206 1644252
190.157.77.141 - - [06/Mar/2019:04:33:38 -0500] "GET /galeria/galeria/jquery.fancybox.css?v=2.1.5 HTTP/1.1" 200 4895
190.157.77.141 - - [06/Mar/2019:04:33:38 -0500] "GET /BLA/boletinlegal/js/jquery.scrollShow.js HTTP/1.1" 200 4586
190.157.77.141 - - [06/Mar/2019:04:33:38 -0500] "GET /galeria/galeria/jquery.fancybox.js?v=2.1.5 HTTP/1.1" 200 48706
190.157.77.141 - - [06/Mar/2019:04:33:38 -0500] "GET /galeria/carrusel/Carrusel/jquery.thumbnailScroller.css HTTP/1.1" 200 2066
190.157.77.141 - - [06/Mar/2019:04:33:38 -0500] "GET /galeria/carrusel/Carrusel/jquery-ui-1.8.13.custom.min.js HTTP/1.1" 200 10800
190.157.77.141 - - [06/Mar/2019:04:33:38 -0500] "GET /galeria/carrusel/Carrusel/jquery.thumbnailScroller.js HTTP/1.1" 200 8157
190.157.77.141 - - [06/Mar/2019:04:33:39 -0500] "GET /galeria/nivo-slider/demo/demo.html HTTP/1.1" 200 22600
190.157.77.141 - - [06/Mar/2019:04:33:40 -0500] "GET /galeria/nivo-slider/themes/pascal/pascal.css HTTP/1.1" 200 2258
190.157.77.141 - - [06/Mar/2019:04:33:40 -0500] "GET /galeria/nivo-slider/themes/orman/orman.css HTTP/1.1" 200 2152
190.157.77.141 - - [06/Mar/2019:04:33:40 -0500] "GET /galeria/nivo-slider/themes/default/default.css HTTP/1.1" 200 1569
190.157.77.141 - - [06/Mar/2019:04:33:40 -0500] "GET /galeria/nivo-slider/nivo-slider.css HTTP/1.1" 200 1507
190.157.77.141 - - [06/Mar/2019:04:33:40 -0500] "GET /galeria/nivo-slider/demo/scripts/jquery-1.7.1.min.js HTTP/1.1" 200 93868
190.157.77.141 - - [06/Mar/2019:04:33:40 -0500] "GET /galeria/nivo-slider/demo/style.css HTTP/1.1" 200 2222
190.157.77.141 - - [06/Mar/2019:04:33:40 -0500] "GET /galeria/nivo-slider/demo/images/Trafico%20de%20fauna.jpg HTTP/1.1" 200 198327
190.157.77.141 - - [06/Mar/2019:04:33:40 -0500] "GET /galeria/nivo-slider/jquery.nivo.slider.pack.js HTTP/1.1" 200 11561
190.157.77.141 - - [06/Mar/2019:04:33:40 -0500] "GET /galeria/nivo-slider/demo/images/Banner_micrositio.png HTTP/1.1" 200 146950
190.157.77.141 - - [06/Mar/2019:04:33:40 -0500] "GET /galeria/nivo-slider/demo/images/Caminatas%20marzo.png HTTP/1.1" 200 661357
190.157.77.141 - - [06/Mar/2019:04:33:40 -0500] "GET /galeria/nivo-slider/demo/images/Bannerweb_Tinguas.jpg HTTP/1.1" 200 258471
190.157.77.141 - - [06/Mar/2019:04:33:41 -0500] "GET /galeria/nivo-slider/demo/images/Banner%20Conpes.jpg HTTP/1.1" 200 55220
201.245.192.253 - - [06/Mar/2019:04:33:41 -0500] "GET /galeria/nivo-slider/demo/images/Banner%20Politica%20Publica%20CONPES%20(1).ai HTTP/1.1" 206 1
201.245.192.253 - - [06/Mar/2019:04:33:41 -0500] "GET /galeria/nivo-slider/demo/images/Banner%20Politica%20Publica%20CONPES%20(1).ai HTTP/1.1" 206 1660312
190.157.77.141 - - [06/Mar/2019:04:33:41 -0500] "GET /galeria/nivo-slider/demo/images/Pot_banner.jpg HTTP/1.1" 200 204736
190.157.77.141 - - [06/Mar/2019:04:33:41 -0500] "GET /galeria/nivo-slider/demo/images/banner%20aceite%20vegetal%20usado.jpg HTTP/1.1" 200 169350
190.157.77.141 - - [06/Mar/2019:04:33:41 -0500] "GET /galeria/nivo-slider/demo/images/BANNER%20punto.jpg HTTP/1.1" 200 75932
190.157.77.141 - - [06/Mar/2019:04:33:41 -0500] "GET /galeria/nivo-slider/demo/images/bannerlumina2017web.jpg HTTP/1.1" 200 198918
190.157.77.141 - - [06/Mar/2019:04:33:42 -0500] "GET /galeria/nivo-slider/demo/images/gobierno%20digital-01.jpg HTTP/1.1" 200 116163
190.157.77.141 - - [06/Mar/2019:04:33:42 -0500] "GET /galeria/nivo-slider/demo/images/Otorgamiento-excelencia-ambiental-Jos%C3%A9-Celestino-Mutis-2.jpg HTTP/1.1" 200 276467
190.157.77.141 - - [06/Mar/2019:04:33:43 -0500] "GET /galeria/nivo-slider/demo/images/banner-humedales-de-bogota.jpg HTTP/1.1" 200 292611
190.157.77.141 - - [06/Mar/2019:04:33:43 -0500] "GET /galeria/nivo-slider/demo/images/banner-bolsas-plasticas.jpg HTTP/1.1" 200 317939
190.157.77.141 - - [06/Mar/2019:04:33:44 -0500] "GET /galeria/nivo-slider/demo/images/Banner%20PGAE.jpg HTTP/1.1" 200 258166
190.157.77.141 - - [06/Mar/2019:04:33:44 -0500] "GET /galeria/nivo-slider/demo/images/maximavelocidad.png HTTP/1.1" 200 880272
190.157.77.141 - - [06/Mar/2019:04:33:44 -0500] "GET /galeria/nivo-slider/demo/images/web%20ingreso%20humedales.png HTTP/1.1" 200 641193
190.157.77.141 - - [06/Mar/2019:04:33:45 -0500] "GET /galeria/nivo-slider/demo/images/Banner%20POT.png HTTP/1.1" 200 418238
190.157.77.141 - - [06/Mar/2019:04:33:47 -0500] "GET /galeria/nivo-slider/demo/images/BANNER%20VAN%20DER%20HAMMEN.jpg HTTP/1.1" 200 64172
190.157.77.141 - - [06/Mar/2019:04:33:47 -0500] "GET /galeria/nivo-slider/demo/images/incendios-forestales.png HTTP/1.1" 200 61469
190.157.77.141 - - [06/Mar/2019:04:33:47 -0500] "GET /galeria/nivo-slider/demo/images/Banneranonimos.png HTTP/1.1" 200 109388
190.157.77.141 - - [06/Mar/2019:04:33:48 -0500] "GET /galeria/nivo-slider/demo/images/avances-sentencias-rio-bogota-2.jpg HTTP/1.1" 200 304916
190.157.77.141 - - [06/Mar/2019:04:33:48 -0500] "GET /galeria/nivo-slider/demo/images/Banner%20practicas%20sostenibles.jpg HTTP/1.1" 200 142958
190.157.77.141 - - [06/Mar/2019:04:33:48 -0500] "GET /galeria/nivo-slider/themes/default/loading.gif HTTP/1.1" 200 1737
190.157.77.141 - - [06/Mar/2019:04:33:49 -0500] "GET /galeria/nivo-slider/demo/images/4Simple_Slider.png HTTP/1.1" 200 11722
190.157.77.141 - - [06/Mar/2019:04:33:50 -0500] "GET /galeria/nivo-slider/themes/default/arrows.png HTTP/1.1" 200 824
190.157.77.141 - - [06/Mar/2019:04:33:50 -0500] "GET /galeria/nivo-slider/themes/default/bullets.png HTTP/1.1" 200 1281
201.245.192.253 - - [06/Mar/2019:04:33:51 -0500] "GET /galeria/nivo-slider/demo/images/Banner%20Politica%20Publica%20CONPES%20(1).ai HTTP/1.1" 206 1
201.245.192.253 - - [06/Mar/2019:04:33:51 -0500] "GET /galeria/nivo-slider/demo/images/Banner%20Politica%20Publica%20CONPES%20(1).ai HTTP/1.1" 206 1660312
66.249.79.131 - - [06/Mar/2019:04:33:56 -0500] "GET /BLA/resoluciones/RESOLUCIONES%202015/3116.pdf HTTP/1.1" 200 924148
66.249.79.159 - - [06/Mar/2019:04:34:01 -0500] "GET /BLA/resoluciones/RESOLUCIONES%202017/1853.pdf HTTP/1.1" 200 292737
66.249.79.157 - - [06/Mar/2019:04:34:03 -0500] "GET /BLA/resoluciones/RESOLUCIONES%202017/2328.pdf HTTP/1.1" 200 304962
66.249.79.159 - - [06/Mar/2019:04:34:05 -0500] "GET /BLA/resoluciones/index.php?dir=RESOLUCIONES+2006%2FRES+2006+501-550%2F HTTP/1.1" 200 12241
66.249.79.153 - - [06/Mar/2019:04:34:07 -0500] "GET /BLA/resoluciones/AUTOS%202015/4726.pdf HTTP/1.1" 200 499867
186.82.69.45 - - [06/Mar/2019:04:34:08 -0500] "GET /galeria/galeria/jquery.fancybox.css?v=2.1.5 HTTP/1.1" 200 4895
186.82.69.45 - - [06/Mar/2019:04:34:08 -0500] "GET /BLA/boletinlegal/js/jquery.scrollShow.js HTTP/1.1" 200 4586
186.82.69.45 - - [06/Mar/2019:04:34:08 -0500] "GET /galeria/galeria/jquery.fancybox.js?v=2.1.5 HTTP/1.1" 200 48706
66.249.79.157 - - [06/Mar/2019:04:34:11 -0500] "GET /BLA/resoluciones/AUTOS%202015/6056.pdf HTTP/1.1" 200 323438
190.144.166.61 - - [06/Mar/2019:04:34:17 -0500] "GET /galeria/nivo-slider/demo/images/Banner%20Politica%20Publica%20CONPES%20(1).ai HTTP/1.1" 206 1
66.249.79.156 - - [06/Mar/2019:04:34:18 -0500] "GET /BLA/resoluciones/RESOLUCIONES%202017/2685.pdf HTTP/1.1" 200 281607
69.162.124.233 - - [06/Mar/2019:04:34:26 -0500] "HEAD / HTTP/1.1" 200 -
190.144.166.61 - - [06/Mar/2019:04:34:27 -0500] "GET /galeria/nivo-slider/demo/images/Banner%20Politica%20Publica%20CONPES%20(1).ai HTTP/1.1" 206 1
66.249.79.156 - - [06/Mar/2019:04:34:28 -0500] "GET /BLA/resoluciones/AUTOS%202017/1155.pdf HTTP/1.1" 200 285597
201.245.192.253 - - [06/Mar/2019:04:34:44 -0500] "GET /galeria/nivo-slider/demo/images/Banner%20Politica%20Publica%20CONPES%20(1).ai HTTP/1.1" 206 1
201.245.192.253 - - [06/Mar/2019:04:34:44 -0500] "GET /galeria/nivo-slider/demo/images/Banner%20Politica%20Publica%20CONPES%20(1).ai HTTP/1.1" 206 1644252
66.249.79.155 - - [06/Mar/2019:04:34:48 -0500] "GET /BLA/resoluciones/AUTOS%202018/4980.pdf HTTP/1.1" 200 216933
201.245.192.253 - - [06/Mar/2019:04:34:54 -0500] "GET /galeria/nivo-slider/demo/images/Banner%20Politica%20Publica%20CONPES%20(1).ai HTTP/1.1" 206 1
201.245.192.253 - - [06/Mar/2019:04:34:54 -0500] "GET /galeria/nivo-slider/demo/images/Banner%20Politica%20Publica%20CONPES%20(1).ai HTTP/1.1" 206 1644252
66.249.79.155 - - [06/Mar/2019:04:34:58 -0500] "GET /BLA/resoluciones/AUTOS%202018/1894.pdf HTTP/1.1" 200 268733
66.249.79.153 - - [06/Mar/2019:04:35:11 -0500] "GET /BLA/resoluciones/RESOLUCIONES%202007/RES%202007%202001%20AL%202100/RESOLUCION%202017%20DE%202007.pdf HTTP/1.1" 200 674832
66.249.79.153 - - [06/Mar/2019:04:35:19 -0500] "GET /BLA/resoluciones/AUTOS%202017/3383.pdf HTTP/1.1" 200 297638
190.157.77.141 - - [06/Mar/2019:04:35:20 -0500] "GET /galeria/bibloteca/contentflow.js HTTP/1.1" 200 42804
190.157.77.141 - - [06/Mar/2019:04:35:21 -0500] "GET /galeria/bibloteca/contentflow.css HTTP/1.1" 200 3201
190.157.77.141 - - [06/Mar/2019:04:35:21 -0500] "GET /galeria/bibloteca/mycontentflow.css HTTP/1.1" 200 3110
190.157.77.141 - - [06/Mar/2019:04:35:21 -0500] "GET /galeria/bibloteca/ContentFlowAddOn_white.js HTTP/1.1" 200 2497
190.157.77.141 - - [06/Mar/2019:04:35:21 -0500] "GET /galeria/bibloteca/ContentFlowAddOn_white.css HTTP/1.1" 200 3355
190.157.77.141 - - [06/Mar/2019:04:35:22 -0500] "GET /galeria/bibloteca/img/loader.gif HTTP/1.1" 200 8238
190.157.77.141 - - [06/Mar/2019:04:35:22 -0500] "GET /galeria/bibloteca/img/scrollbar_white.png HTTP/1.1" 200 82
190.157.77.141 - - [06/Mar/2019:04:35:22 -0500] "GET /galeria/bibloteca/img/slider_white.png HTTP/1.1" 200 178
190.157.77.141 - - [06/Mar/2019:04:35:23 -0500] "GET /galeria/bibloteca/img/ajax-loader.gif HTTP/1.1" 200 9427
190.157.77.141 - - [06/Mar/2019:04:35:23 -0500] "GET /galeria/bibloteca/img/1x1_0.5_white.png HTTP/1.1" 200 82
190.157.77.141 - - [06/Mar/2019:04:35:23 -0500] "GET /galeria/bibloteca/img/scrollbar_black.png HTTP/1.1" 200 82
190.157.77.141 - - [06/Mar/2019:04:35:23 -0500] "GET /galeria/bibloteca/img/slider_black.png HTTP/1.1" 200 175
54.36.148.138 - - [06/Mar/2019:04:35:25 -0500] "GET /BLA/resoluciones/RESOLUCIONES%202005/RES%202005%201001-1050/00001046.tif HTTP/1.1" 200 142490
66.249.79.153 - - [06/Mar/2019:04:35:39 -0500] "GET /BLA/resoluciones/AUTOS%202018/2717.pdf HTTP/1.1" 200 283166
201.245.192.253 - - [06/Mar/2019:04:35:47 -0500] "GET /galeria/nivo-slider/demo/images/Banner%20Politica%20Publica%20CONPES%20(1).ai HTTP/1.1" 206 1
201.245.192.253 - - [06/Mar/2019:04:35:47 -0500] "GET /galeria/nivo-slider/demo/images/Banner%20Politica%20Publica%20CONPES%20(1).ai HTTP/1.1" 206 1644252
201.245.192.253 - - [06/Mar/2019:04:35:49 -0500] "GET /galeria/nivo-slider/demo/images/Banner%20Politica%20Publica%20CONPES%20(1).ai HTTP/1.1" 206 1
201.245.192.253 - - [06/Mar/2019:04:35:49 -0500] "GET /galeria/nivo-slider/demo/images/Banner%20Politica%20Publica%20CONPES%20(1).ai HTTP/1.1" 206 1644252
66.249.79.153 - - [06/Mar/2019:04:35:49 -0500] "GET /BLA/resoluciones/AUTOS%202018/4812.pdf HTTP/1.1" 200 225054
191.95.51.96 - - [06/Mar/2019:04:35:51 -0500] "GET /BLA/resoluciones/AUTOS%202015/0348.pdf HTTP/1.1" 200 520947
201.245.192.253 - - [06/Mar/2019:04:35:57 -0500] "GET /galeria/nivo-slider/demo/images/Banner%20Politica%20Publica%20CONPES%20(1).ai HTTP/1.1" 206 1
201.245.192.253 - - [06/Mar/2019:04:35:57 -0500] "GET /galeria/nivo-slider/demo/images/Banner%20Politica%20Publica%20CONPES%20(1).ai HTTP/1.1" 206 1644252
201.245.192.253 - - [06/Mar/2019:04:35:59 -0500] "GET /galeria/nivo-slider/demo/images/Banner%20Politica%20Publica%20CONPES%20(1).ai HTTP/1.1" 206 1
201.245.192.253 - - [06/Mar/2019:04:35:59 -0500] "GET /galeria/nivo-slider/demo/images/Banner%20Politica%20Publica%20CONPES%20(1).ai HTTP/1.1" 206 1644252
66.249.79.153 - - [06/Mar/2019:04:35:59 -0500] "GET /BLA/resoluciones/AUTOS%202017/2887.pdf HTTP/1.1" 200 273327
66.249.79.153 - - [06/Mar/2019:04:36:09 -0500] "GET /BLA/resoluciones/AUTOS%202010/6570.pdf HTTP/1.1" 200 295351
66.249.79.153 - - [06/Mar/2019:04:36:19 -0500] "GET /BLA/boletinlegal/Circulares/2018/Circular%20No.%2010%20del%2021%20de%20Septiembre%20de%202018.pdf HTTP/1.1" 200 163426
192.168.175.104 - - [06/Mar/2019:04:36:20 -0500] "GET / HTTP/1.1" 200 9990
66.249.79.153 - - [06/Mar/2019:04:36:30 -0500] "GET /BLA/resoluciones/AUTOS%202018/1808.pdf HTTP/1.1" 200 283631
201.245.192.253 - - [06/Mar/2019:04:36:39 -0500] "GET /galeria/nivo-slider/demo/images/Banner%20Politica%20Publica%20CONPES%20(1).ai HTTP/1.1" 206 1
201.245.192.253 - - [06/Mar/2019:04:36:39 -0500] "GET /galeria/nivo-slider/demo/images/Banner%20Politica%20Publica%20CONPES%20(1).ai HTTP/1.1" 206 1644252
66.249.79.153 - - [06/Mar/2019:04:36:40 -0500] "GET /BLA/resoluciones/AUTOS%202017/2428.pdf HTTP/1.1" 200 3404749
192.168.175.104 - - [06/Mar/2019:04:36:43 -0500] "GET / HTTP/1.0" 200 9990
201.245.192.253 - - [06/Mar/2019:04:36:49 -0500] "GET /galeria/nivo-slider/demo/images/Banner%20Politica%20Publica%20CONPES%20(1).ai HTTP/1.1" 206 1
201.245.192.253 - - [06/Mar/2019:04:36:49 -0500] "GET /galeria/nivo-slider/demo/images/Banner%20Politica%20Publica%20CONPES%20(1).ai HTTP/1.1" 206 1644252
66.249.79.156 - - [06/Mar/2019:04:36:50 -0500] "GET /BLA/resoluciones/AUTOS%202017/1547.pdf HTTP/1.1" 200 289637
66.249.79.155 - - [06/Mar/2019:04:37:00 -0500] "GET /BLA/resoluciones/AUTOS%202017/1951.pdf HTTP/1.1" 200 549827
66.249.79.155 - - [06/Mar/2019:04:37:10 -0500] "GET /BLA/resoluciones/Notificaciones/AUTOS%202016/03178.pdf HTTP/1.1" 200 351913
66.249.79.155 - - [06/Mar/2019:04:37:20 -0500] "GET /BLA/resoluciones/AUTOS%202018/0411.pdf HTTP/1.1" 200 320118
66.249.79.153 - - [06/Mar/2019:04:37:31 -0500] "GET /BLA/resoluciones/AUTOS%202017/2502.pdf HTTP/1.1" 200 220090
66.249.79.153 - - [06/Mar/2019:04:37:41 -0500] "GET /BLA/resoluciones/AUTOS%202017/3674.pdf HTTP/1.1" 200 270676
66.249.79.153 - - [06/Mar/2019:04:37:51 -0500] "GET /BLA/resoluciones/AUTOS%202018/3025.pdf HTTP/1.1" 200 1937517
201.245.192.253 - - [06/Mar/2019:04:37:51 -0500] "GET /galeria/nivo-slider/demo/images/Banner%20Politica%20Publica%20CONPES%20(1).ai HTTP/1.1" 206 1
201.245.192.253 - - [06/Mar/2019:04:37:51 -0500] "GET /galeria/nivo-slider/demo/images/Banner%20Politica%20Publica%20CONPES%20(1).ai HTTP/1.1" 206 1660312
201.245.192.253 - - [06/Mar/2019:04:38:01 -0500] "GET /galeria/nivo-slider/demo/images/Banner%20Politica%20Publica%20CONPES%20(1).ai HTTP/1.1" 206 1
201.245.192.253 - - [06/Mar/2019:04:38:01 -0500] "GET /galeria/nivo-slider/demo/images/Banner%20Politica%20Publica%20CONPES%20(1).ai HTTP/1.1" 206 1660312
66.249.79.155 - - [06/Mar/2019:04:38:01 -0500] "GET /BLA/resoluciones/RESOLUCIONES%202017/3704.pdf HTTP/1.1" 200 471191
66.249.79.156 - - [06/Mar/2019:04:38:11 -0500] "GET /BLA/resoluciones/RESOLUCIONES%202017/1697.pdf HTTP/1.1" 200 399841
18.218.229.57 - - [06/Mar/2019:04:38:13 -0500] "GET /wp-login.php HTTP/1.1" 404 1015
66.249.79.155 - - [06/Mar/2019:04:38:21 -0500] "GET /BLA/resoluciones/RESOLUCIONES%202017/3581.pdf HTTP/1.1" 200 315113
190.144.166.61 - - [06/Mar/2019:04:38:27 -0500] "GET /galeria/nivo-slider/demo/images/Banner%20Politica%20Publica%20CONPES%20(1).ai HTTP/1.1" 206 1
66.249.79.153 - - [06/Mar/2019:04:38:31 -0500] "GET /BLA/resoluciones/AUTOS%202017/2831.pdf HTTP/1.1" 200 356413
190.144.166.61 - - [06/Mar/2019:04:38:37 -0500] "GET /galeria/nivo-slider/demo/images/Banner%20Politica%20Publica%20CONPES%20(1).ai HTTP/1.1" 206 1
66.249.79.153 - - [06/Mar/2019:04:38:41 -0500] "GET /BLA/resoluciones/AUTOS%202017/1595.pdf HTTP/1.1" 200 267540
66.249.79.153 - - [06/Mar/2019:04:38:51 -0500] "GET /BLA/resoluciones/AUTOS%202018/3101.pdf HTTP/1.1" 200 302664
201.245.192.253 - - [06/Mar/2019:04:38:54 -0500] "GET /galeria/nivo-slider/demo/images/Banner%20Politica%20Publica%20CONPES%20(1).ai HTTP/1.1" 206 1
201.245.192.253 - - [06/Mar/2019:04:38:54 -0500] "GET /galeria/nivo-slider/demo/images/Banner%20Politica%20Publica%20CONPES%20(1).ai HTTP/1.1" 206 1644252
157.55.39.154 - - [06/Mar/2019:04:38:54 -0500] "GET /galeria/galeria/fotos/7.jpg HTTP/1.1" 200 190908
66.249.79.153 - - [06/Mar/2019:04:39:02 -0500] "GET /BLA/resoluciones/AUTOS%202017/2630.pdf HTTP/1.1" 200 249700
201.245.192.253 - - [06/Mar/2019:04:39:04 -0500] "GET /galeria/nivo-slider/demo/images/Banner%20Politica%20Publica%20CONPES%20(1).ai HTTP/1.1" 206 1
201.245.192.253 - - [06/Mar/2019:04:39:04 -0500] "GET /galeria/nivo-slider/demo/images/Banner%20Politica%20Publica%20CONPES%20(1).ai HTTP/1.1" 206 1644252
54.36.148.238 - - [06/Mar/2019:04:39:04 -0500] "GET /BLA/boletinlegal/js/jquery.scrollShow.js HTTP/1.1" 200 4586
66.249.79.153 - - [06/Mar/2019:04:39:12 -0500] "GET /BLA/resoluciones/Notificaciones/AUTOS%202017/05019.pdf HTTP/1.1" 200 330688
66.249.79.155 - - [06/Mar/2019:04:39:22 -0500] "GET /BLA/resoluciones/Notificaciones/AUTOS%202017/04969.pdf HTTP/1.1" 200 284393
69.162.124.233 - - [06/Mar/2019:04:39:26 -0500] "HEAD / HTTP/1.1" 200 -
66.249.79.153 - - [06/Mar/2019:04:39:32 -0500] "GET /BLA/resoluciones/AUTOS%202017/4682.pdf HTTP/1.1" 200 1287905
66.249.79.155 - - [06/Mar/2019:04:39:42 -0500] "GET /BLA/resoluciones/RESOLUCIONES%202011/2915.pdf HTTP/1.1" 200 518562
201.245.192.253 - - [06/Mar/2019:04:39:49 -0500] "GET /galeria/nivo-slider/demo/images/Banner%20Politica%20Publica%20CONPES%20(1).ai HTTP/1.1" 206 1
201.245.192.253 - - [06/Mar/2019:04:39:49 -0500] "GET /galeria/nivo-slider/demo/images/Banner%20Politica%20Publica%20CONPES%20(1).ai HTTP/1.1" 206 1644252
66.249.79.153 - - [06/Mar/2019:04:39:52 -0500] "GET /BLA/resoluciones/AUTOS%202017/2010.pdf HTTP/1.1" 200 829583
201.245.192.253 - - [06/Mar/2019:04:39:57 -0500] "GET /galeria/nivo-slider/demo/images/Banner%20Politica%20Publica%20CONPES%20(1).ai HTTP/1.1" 206 1
201.245.192.253 - - [06/Mar/2019:04:39:57 -0500] "GET /galeria/nivo-slider/demo/images/Banner%20Politica%20Publica%20CONPES%20(1).ai HTTP/1.1" 206 1644252
201.245.192.253 - - [06/Mar/2019:04:39:59 -0500] "GET /galeria/nivo-slider/demo/images/Banner%20Politica%20Publica%20CONPES%20(1).ai HTTP/1.1" 206 1
201.245.192.253 - - [06/Mar/2019:04:39:59 -0500] "GET /galeria/nivo-slider/demo/images/Banner%20Politica%20Publica%20CONPES%20(1).ai HTTP/1.1" 206 1644252
186.85.74.227 - - [06/Mar/2019:04:40:02 -0500] "GET /galeria/galeria/jquery.fancybox.css?v=2.1.5 HTTP/1.1" 200 4895
186.85.74.227 - - [06/Mar/2019:04:40:02 -0500] "GET /galeria/galeria/jquery.fancybox.js?v=2.1.5 HTTP/1.1" 200 48706
186.85.74.227 - - [06/Mar/2019:04:40:02 -0500] "GET /BLA/boletinlegal/js/jquery.scrollShow.js HTTP/1.1" 200 4586
66.249.79.156 - - [06/Mar/2019:04:40:03 -0500] "GET /BLA/resoluciones/AUTOS%202017/4625.pdf HTTP/1.1" 200 651433
201.245.192.253 - - [06/Mar/2019:04:40:07 -0500] "GET /galeria/nivo-slider/demo/images/Banner%20Politica%20Publica%20CONPES%20(1).ai HTTP/1.1" 206 1
201.245.192.253 - - [06/Mar/2019:04:40:07 -0500] "GET /galeria/nivo-slider/demo/images/Banner%20Politica%20Publica%20CONPES%20(1).ai HTTP/1.1" 206 1644252
66.249.79.155 - - [06/Mar/2019:04:40:13 -0500] "GET /BLA/resoluciones/AUTOS%202017/1554.pdf HTTP/1.1" 200 297591
66.249.79.153 - - [06/Mar/2019:04:40:23 -0500] "GET /BLA/resoluciones/AUTOS%202017/4247.pdf HTTP/1.1" 200 272987
66.249.79.153 - - [06/Mar/2019:04:40:33 -0500] "GET /BLA/resoluciones/Notificaciones/AUTOS%202017/03482.pdf HTTP/1.1" 200 752817
201.245.192.253 - - [06/Mar/2019:04:40:39 -0500] "GET /galeria/nivo-slider/demo/images/Banner%20Politica%20Publica%20CONPES%20(1).ai HTTP/1.1" 206 1
201.245.192.253 - - [06/Mar/2019:04:40:39 -0500] "GET /galeria/nivo-slider/demo/images/Banner%20Politica%20Publica%20CONPES%20(1).ai HTTP/1.1" 206 1644252
66.249.79.153 - - [06/Mar/2019:04:40:43 -0500] "GET /BLA/resoluciones/AUTOS%202017/2367.pdf HTTP/1.1" 200 2613912
201.245.192.253 - - [06/Mar/2019:04:40:49 -0500] "GET /galeria/nivo-slider/demo/images/Banner%20Politica%20Publica%20CONPES%20(1).ai HTTP/1.1" 206 1
201.245.192.253 - - [06/Mar/2019:04:40:49 -0500] "GET /galeria/nivo-slider/demo/images/Banner%20Politica%20Publica%20CONPES%20(1).ai HTTP/1.1" 206 1644252
66.249.79.155 - - [06/Mar/2019:04:40:53 -0500] "GET /BLA/resoluciones/AUTOS%202017/4512.pdf HTTP/1.1" 200 259500
66.249.79.156 - - [06/Mar/2019:04:41:03 -0500] "GET /BLA/resoluciones/RESOLUCIONES%202011/2365.pdf HTTP/1.1" 200 789160
181.49.69.63 - - [06/Mar/2019:04:41:09 -0500] "GET /galeria/galeria/fotos/mirador2G.jpg HTTP/1.1" 200 115084
66.249.79.155 - - [06/Mar/2019:04:41:13 -0500] "GET /BLA/resoluciones/AUTOS%202018/1901.pdf HTTP/1.1" 200 274575
192.168.175.104 - - [06/Mar/2019:04:41:19 -0500] "GET / HTTP/1.1" 200 9990
66.249.79.153 - - [06/Mar/2019:04:41:34 -0500] "GET /BLA/resoluciones/RESOLUCIONES%202017/2703.pdf HTTP/1.1" 200 276699
192.168.175.104 - - [06/Mar/2019:04:41:41 -0500] "GET / HTTP/1.0" 200 9990
66.249.79.153 - - [06/Mar/2019:04:41:44 -0500] "GET /BLA/resoluciones/AUTOS%202017/3378.pdf HTTP/1.1" 200 360771
66.249.79.153 - - [06/Mar/2019:04:41:52 -0500] "GET /galeria/galeria/fotos/diaSC8.jpg HTTP/1.1" 304 -
66.249.79.153 - - [06/Mar/2019:04:41:52 -0500] "GET /BLA/resoluciones/RESOLUCIONES%202002/RES%202002%2051-100/2002RES99.tif HTTP/1.1" 200 68346
66.249.79.153 - - [06/Mar/2019:04:41:54 -0500] "GET /BLA/resoluciones/AUTOS%202017/5299.pdf HTTP/1.1" 200 522659
201.245.192.253 - - [06/Mar/2019:04:42:01 -0500] "GET /galeria/nivo-slider/demo/images/Banner%20Politica%20Publica%20CONPES%20(1).ai HTTP/1.1" 206 1
201.245.192.253 - - [06/Mar/2019:04:42:01 -0500] "GET /galeria/nivo-slider/demo/images/Banner%20Politica%20Publica%20CONPES%20(1).ai HTTP/1.1" 206 1660312
66.249.79.155 - - [06/Mar/2019:04:42:04 -0500] "GET /BLA/resoluciones/AUTOS%202017/0391.pdf HTTP/1.1" 200 346639
201.245.192.253 - - [06/Mar/2019:04:42:11 -0500] "GET /galeria/nivo-slider/demo/images/Banner%20Politica%20Publica%20CONPES%20(1).ai HTTP/1.1" 206 1
201.245.192.253 - - [06/Mar/2019:04:42:11 -0500] "GET /galeria/nivo-slider/demo/images/Banner%20Politica%20Publica%20CONPES%20(1).ai HTTP/1.1" 206 1660312
66.249.79.156 - - [06/Mar/2019:04:42:14 -0500] "GET /BLA/resoluciones/AUTOS%202018/2438.pdf HTTP/1.1" 200 336287
66.249.79.155 - - [06/Mar/2019:04:42:24 -0500] "GET /BLA/resoluciones/RESOLUCIONES%202011/0304.pdf HTTP/1.1" 200 72597
66.249.79.153 - - [06/Mar/2019:04:42:35 -0500] "GET /BLA/resoluciones/RESOLUCIONES%202017/3578.pdf HTTP/1.1" 200 313928
190.144.166.61 - - [06/Mar/2019:04:42:37 -0500] "GET /galeria/nivo-slider/demo/images/Banner%20Politica%20Publica%20CONPES%20(1).ai HTTP/1.1" 206 1
66.249.79.153 - - [06/Mar/2019:04:42:45 -0500] "GET /BLA/resoluciones/Notificaciones/AUTOS%202017/04436.pdf HTTP/1.1" 200 280044
190.144.166.61 - - [06/Mar/2019:04:42:47 -0500] "GET /galeria/nivo-slider/demo/images/Banner%20Politica%20Publica%20CONPES%20(1).ai HTTP/1.1" 206 1
66.249.79.153 - - [06/Mar/2019:04:42:55 -0500] "GET /BLA/resoluciones/Notificaciones/AUTOS%202017/04107.pdf HTTP/1.1" 200 328579
201.245.192.253 - - [06/Mar/2019:04:43:04 -0500] "GET /galeria/nivo-slider/demo/images/Banner%20Politica%20Publica%20CONPES%20(1).ai HTTP/1.1" 206 1
201.245.192.253 - - [06/Mar/2019:04:43:04 -0500] "GET /galeria/nivo-slider/demo/images/Banner%20Politica%20Publica%20CONPES%20(1).ai HTTP/1.1" 206 1644252
66.249.79.153 - - [06/Mar/2019:04:43:05 -0500] "GET /BLA/resoluciones/AUTOS%202018/1136.pdf HTTP/1.1" 200 338487
201.245.192.253 - - [06/Mar/2019:04:43:14 -0500] "GET /galeria/nivo-slider/demo/images/Banner%20Politica%20Publica%20CONPES%20(1).ai HTTP/1.1" 206 1
201.245.192.253 - - [06/Mar/2019:04:43:14 -0500] "GET /galeria/nivo-slider/demo/images/Banner%20Politica%20Publica%20CONPES%20(1).ai HTTP/1.1" 206 1644252
66.249.79.156 - - [06/Mar/2019:04:43:15 -0500] "GET /BLA/resoluciones/AUTOS%202018/1893.pdf HTTP/1.1" 200 275100
66.249.79.155 - - [06/Mar/2019:04:43:25 -0500] "GET /BLA/resoluciones/AUTOS%202018/1251.pdf HTTP/1.1" 200 256635
66.249.79.153 - - [06/Mar/2019:04:43:46 -0500] "GET /BLA/resoluciones/Notificaciones/AUTOS%202017/02447.pdf HTTP/1.1" 200 404778
201.245.192.253 - - [06/Mar/2019:04:43:49 -0500] "GET /galeria/nivo-slider/demo/images/Banner%20Politica%20Publica%20CONPES%20(1).ai HTTP/1.1" 206 1
201.245.192.253 - - [06/Mar/2019:04:43:49 -0500] "GET /galeria/nivo-slider/demo/images/Banner%20Politica%20Publica%20CONPES%20(1).ai HTTP/1.1" 206 1644252
201.245.192.253 - - [06/Mar/2019:04:43:59 -0500] "GET /galeria/nivo-slider/demo/images/Banner%20Politica%20Publica%20CONPES%20(1).ai HTTP/1.1" 206 1
201.245.192.253 - - [06/Mar/2019:04:43:59 -0500] "GET /galeria/nivo-slider/demo/images/Banner%20Politica%20Publica%20CONPES%20(1).ai HTTP/1.1" 206 1644252
66.249.79.153 - - [06/Mar/2019:04:44:06 -0500] "GET /BLA/resoluciones/RESOLUCIONES%202014/0671.pdf HTTP/1.1" 200 661409
201.245.192.253 - - [06/Mar/2019:04:44:07 -0500] "GET /galeria/nivo-slider/demo/images/Banner%20Politica%20Publica%20CONPES%20(1).ai HTTP/1.1" 206 1
201.245.192.253 - - [06/Mar/2019:04:44:07 -0500] "GET /galeria/nivo-slider/demo/images/Banner%20Politica%20Publica%20CONPES%20(1).ai HTTP/1.1" 206 1644252
66.249.79.153 - - [06/Mar/2019:04:44:16 -0500] "GET /BLA/resoluciones/index.php?dir=RESOLUCIONES%202006/RES%202006%202751-2800/&sort=date&order=asc HTTP/1.1" 200 12358
201.245.192.253 - - [06/Mar/2019:04:44:17 -0500] "GET /galeria/nivo-slider/demo/images/Banner%20Politica%20Publica%20CONPES%20(1).ai HTTP/1.1" 206 1
201.245.192.253 - - [06/Mar/2019:04:44:17 -0500] "GET /galeria/nivo-slider/demo/images/Banner%20Politica%20Publica%20CONPES%20(1).ai HTTP/1.1" 206 1644252
66.249.79.153 - - [06/Mar/2019:04:44:26 -0500] "GET /BLA/resoluciones/AUTOS%202017/2588.pdf HTTP/1.1" 200 278719
69.162.124.233 - - [06/Mar/2019:04:44:26 -0500] "HEAD / HTTP/1.1" 200 -
66.249.79.153 - - [06/Mar/2019:04:44:36 -0500] "GET /BLA/resoluciones/AUTOS%202017/5275.pdf HTTP/1.1" 200 288364
201.245.192.253 - - [06/Mar/2019:04:44:39 -0500] "GET /galeria/nivo-slider/demo/images/Banner%20Politica%20Publica%20CONPES%20(1).ai HTTP/1.1" 206 1
201.245.192.253 - - [06/Mar/2019:04:44:39 -0500] "GET /galeria/nivo-slider/demo/images/Banner%20Politica%20Publica%20CONPES%20(1).ai HTTP/1.1" 206 1644252
66.249.79.153 - - [06/Mar/2019:04:44:39 -0500] "GET /BLA/resoluciones/RESOLUCIONES%202007/RES%202007%202001%20AL%202100/RESOLUCION%202082%20DE%202007.pdf HTTP/1.1" 200 475907
66.249.79.153 - - [06/Mar/2019:04:44:46 -0500] "GET /BLA/resoluciones/AUTOS%202017/2786.pdf HTTP/1.1" 200 287956
201.245.192.253 - - [06/Mar/2019:04:44:49 -0500] "GET /galeria/nivo-slider/demo/images/Banner%20Politica%20Publica%20CONPES%20(1).ai HTTP/1.1" 206 1
201.245.192.253 - - [06/Mar/2019:04:44:49 -0500] "GET /galeria/nivo-slider/demo/images/Banner%20Politica%20Publica%20CONPES%20(1).ai HTTP/1.1" 206 1644252
66.249.79.153 - - [06/Mar/2019:04:44:56 -0500] "GET /BLA/resoluciones/AUTOS%202017/1353.pdf HTTP/1.1" 200 383053
66.249.79.155 - - [06/Mar/2019:04:45:17 -0500] "GET /BLA/resoluciones/AUTOS%202018/4740.pdf HTTP/1.1" 200 1692034
190.9.214.112 - - [06/Mar/2019:04:45:21 -0500] "GET /galeria/galeria/jquery.fancybox.css?v=2.1.5 HTTP/1.1" 200 4895
190.9.214.112 - - [06/Mar/2019:04:45:21 -0500] "GET /BLA/boletinlegal/js/jquery.scrollShow.js HTTP/1.1" 200 4586
190.9.214.112 - - [06/Mar/2019:04:45:21 -0500] "GET /galeria/galeria/jquery.fancybox.js?v=2.1.5 HTTP/1.1" 200 48706
66.249.79.153 - - [06/Mar/2019:04:45:27 -0500] "GET /BLA/resoluciones/AUTOS%202017/1237.pdf HTTP/1.1" 200 385292
54.36.148.202 - - [06/Mar/2019:04:45:31 -0500] "GET /BLA/resoluciones/RESOLUCIONES%202003/RES%202003%20601-650/645.tif HTTP/1.1" 200 69204
66.249.79.155 - - [06/Mar/2019:04:45:37 -0500] "GET /BLA/resoluciones/AUTOS%202017/2986.pdf HTTP/1.1" 200 286813
66.249.79.155 - - [06/Mar/2019:04:45:47 -0500] "GET /BLA/resoluciones/Notificaciones/AUTOS%202017/04547.pdf HTTP/1.1" 200 280053
66.249.79.153 - - [06/Mar/2019:04:45:57 -0500] "GET /BLA/resoluciones/Notificaciones/AUTOS%202017/01734.doc HTTP/1.1" 200 290858
216.244.66.195 - - [06/Mar/2019:04:46:07 -0500] "GET /robots.txt HTTP/1.1" 404 1018
66.249.79.156 - - [06/Mar/2019:04:46:07 -0500] "GET /BLA/resoluciones/AUTOS%202018/1313.pdf HTTP/1.1" 200 268963
201.245.192.253 - - [06/Mar/2019:04:46:11 -0500] "GET /galeria/nivo-slider/demo/images/Banner%20Politica%20Publica%20CONPES%20(1).ai HTTP/1.1" 206 1
201.245.192.253 - - [06/Mar/2019:04:46:11 -0500] "GET /galeria/nivo-slider/demo/images/Banner%20Politica%20Publica%20CONPES%20(1).ai HTTP/1.1" 206 1660312
192.168.175.104 - - [06/Mar/2019:04:46:17 -0500] "GET / HTTP/1.1" 200 9990
66.249.79.153 - - [06/Mar/2019:04:46:18 -0500] "GET /BLA/resoluciones/Notificaciones/AUTOS%202017/02251.pdf HTTP/1.1" 200 315806
201.245.192.253 - - [06/Mar/2019:04:46:21 -0500] "GET /galeria/nivo-slider/demo/images/Banner%20Politica%20Publica%20CONPES%20(1).ai HTTP/1.1" 206 1
201.245.192.253 - - [06/Mar/2019:04:46:21 -0500] "GET /galeria/nivo-slider/demo/images/Banner%20Politica%20Publica%20CONPES%20(1).ai HTTP/1.1" 206 1660312
66.249.79.153 - - [06/Mar/2019:04:46:28 -0500] "GET /BLA/resoluciones/AUTOS%202017/2613.pdf HTTP/1.1" 200 284011
66.249.79.153 - - [06/Mar/2019:04:46:38 -0500] "GET /BLA/resoluciones/RESOLUCIONES%202017/2095.pdf HTTP/1.1" 200 280450
192.168.175.104 - - [06/Mar/2019:04:46:39 -0500] "GET / HTTP/1.0" 200 9990
190.144.166.61 - - [06/Mar/2019:04:46:47 -0500] "GET /galeria/nivo-slider/demo/images/Banner%20Politica%20Publica%20CONPES%20(1).ai HTTP/1.1" 206 1
66.249.79.153 - - [06/Mar/2019:04:46:48 -0500] "GET /BLA/resoluciones/AUTOS%202018/1723.pdf HTTP/1.1" 200 675658
190.144.166.61 - - [06/Mar/2019:04:46:57 -0500] "GET /galeria/nivo-slider/demo/images/Banner%20Politica%20Publica%20CONPES%20(1).ai HTTP/1.1" 206 1
66.249.79.155 - - [06/Mar/2019:04:46:58 -0500] "GET /BLA/resoluciones/AUTOS%202013/2402.pdf HTTP/1.1" 304 -
66.249.79.155 - - [06/Mar/2019:04:47:08 -0500] "GET /BLA/resoluciones/AUTOS%202017/1681.pdf HTTP/1.1" 200 378449
201.245.192.253 - - [06/Mar/2019:04:47:14 -0500] "GET /galeria/nivo-slider/demo/images/Banner%20Politica%20Publica%20CONPES%20(1).ai HTTP/1.1" 206 1
201.245.192.253 - - [06/Mar/2019:04:47:14 -0500] "GET /galeria/nivo-slider/demo/images/Banner%20Politica%20Publica%20CONPES%20(1).ai HTTP/1.1" 206 1644252
66.249.79.155 - - [06/Mar/2019:04:47:18 -0500] "GET /BLA/resoluciones/AUTOS%202015/5379.pdf HTTP/1.1" 200 480510
201.245.192.253 - - [06/Mar/2019:04:47:24 -0500] "GET /galeria/nivo-slider/demo/images/Banner%20Politica%20Publica%20CONPES%20(1).ai HTTP/1.1" 206 1
201.245.192.253 - - [06/Mar/2019:04:47:24 -0500] "GET /galeria/nivo-slider/demo/images/Banner%20Politica%20Publica%20CONPES%20(1).ai HTTP/1.1" 206 1644252
66.249.79.153 - - [06/Mar/2019:04:47:29 -0500] "GET /BLA/resoluciones/AUTOS%202018/1659.pdf HTTP/1.1" 200 306613
66.249.79.153 - - [06/Mar/2019:04:47:39 -0500] "GET /BLA/resoluciones/Notificaciones/AUTOS%202017/05064.pdf HTTP/1.1" 200 289833
54.36.150.165 - - [06/Mar/2019:04:47:41 -0500] "GET /BLA/resoluciones/RESOLUCIONES%202006/RES%202006%20851-900/00000878.tif HTTP/1.1" 200 206336
201.245.192.253 - - [06/Mar/2019:04:47:49 -0500] "GET /galeria/nivo-slider/demo/images/Banner%20Politica%20Publica%20CONPES%20(1).ai HTTP/1.1" 206 1
201.245.192.253 - - [06/Mar/2019:04:47:49 -0500] "GET /galeria/nivo-slider/demo/images/Banner%20Politica%20Publica%20CONPES%20(1).ai HTTP/1.1" 206 1644252
66.249.79.153 - - [06/Mar/2019:04:47:49 -0500] "GET /BLA/resoluciones/AUTOS%202017/4278.pdf HTTP/1.1" 200 254075
201.245.192.253 - - [06/Mar/2019:04:47:59 -0500] "GET /galeria/nivo-slider/demo/images/Banner%20Politica%20Publica%20CONPES%20(1).ai HTTP/1.1" 206 1
201.245.192.253 - - [06/Mar/2019:04:47:59 -0500] "GET /galeria/nivo-slider/demo/images/Banner%20Politica%20Publica%20CONPES%20(1).ai HTTP/1.1" 206 1644252
66.249.79.153 - - [06/Mar/2019:04:47:59 -0500] "GET /BLA/resoluciones/AUTOS%202018/2131.pdf HTTP/1.1" 200 288682
66.249.79.156 - - [06/Mar/2019:04:48:09 -0500] "GET /BLA/resoluciones/AUTOS%202017/3310.pdf HTTP/1.1" 200 870881
201.245.192.253 - - [06/Mar/2019:04:48:17 -0500] "GET /galeria/nivo-slider/demo/images/Banner%20Politica%20Publica%20CONPES%20(1).ai HTTP/1.1" 206 1
201.245.192.253 - - [06/Mar/2019:04:48:17 -0500] "GET /galeria/nivo-slider/demo/images/Banner%20Politica%20Publica%20CONPES%20(1).ai HTTP/1.1" 206 1644252
66.249.79.155 - - [06/Mar/2019:04:48:19 -0500] "GET /BLA/resoluciones/AUTOS%202017/3610.pdf HTTP/1.1" 200 337510
54.36.150.179 - - [06/Mar/2019:04:48:24 -0500] "GET /BLA/resoluciones/RESOLUCIONES%202004/RES%202004%2001-%2050/00000049.tif HTTP/1.1" 200 103560
201.245.192.253 - - [06/Mar/2019:04:48:27 -0500] "GET /galeria/nivo-slider/demo/images/Banner%20Politica%20Publica%20CONPES%20(1).ai HTTP/1.1" 206 1
201.245.192.253 - - [06/Mar/2019:04:48:27 -0500] "GET /galeria/nivo-slider/demo/images/Banner%20Politica%20Publica%20CONPES%20(1).ai HTTP/1.1" 206 1644252
66.249.79.153 - - [06/Mar/2019:04:48:29 -0500] "GET /BLA/resoluciones/AUTOS%202017/1404.pdf HTTP/1.1" 200 325293
201.245.192.253 - - [06/Mar/2019:04:48:39 -0500] "GET /galeria/nivo-slider/demo/images/Banner%20Politica%20Publica%20CONPES%20(1).ai HTTP/1.1" 206 1
201.245.192.253 - - [06/Mar/2019:04:48:39 -0500] "GET /galeria/nivo-slider/demo/images/Banner%20Politica%20Publica%20CONPES%20(1).ai HTTP/1.1" 206 1644252
66.249.79.155 - - [06/Mar/2019:04:48:39 -0500] "GET /BLA/resoluciones/AUTOS%202018/2529.pdf HTTP/1.1" 200 270252
201.245.192.253 - - [06/Mar/2019:04:48:49 -0500] "GET /galeria/nivo-slider/demo/images/Banner%20Politica%20Publica%20CONPES%20(1).ai HTTP/1.1" 206 1
201.245.192.253 - - [06/Mar/2019:04:48:49 -0500] "GET /galeria/nivo-slider/demo/images/Banner%20Politica%20Publica%20CONPES%20(1).ai HTTP/1.1" 206 1644252
66.249.79.153 - - [06/Mar/2019:04:48:50 -0500] "GET /BLA/resoluciones/RESOLUCIONES%202014/0056.pdf HTTP/1.1" 200 866176
66.249.79.155 - - [06/Mar/2019:04:49:00 -0500] "GET /BLA/resoluciones/AUTOS%202017/1812.pdf HTTP/1.1" 200 357654
66.249.79.153 - - [06/Mar/2019:04:49:20 -0500] "GET /BLA/resoluciones/AUTOS%202017/0718.pdf HTTP/1.1" 200 314579
69.162.124.233 - - [06/Mar/2019:04:49:26 -0500] "HEAD / HTTP/1.1" 200 -
66.249.79.153 - - [06/Mar/2019:04:49:30 -0500] "GET /BLA/resoluciones/AUTOS%202017/1698.pdf HTTP/1.1" 200 650697
66.249.79.153 - - [06/Mar/2019:04:49:40 -0500] "GET /BLA/resoluciones/AUTOS%202017/2093.pdf HTTP/1.1" 200 375673
66.249.79.153 - - [06/Mar/2019:04:49:50 -0500] "GET /BLA/resoluciones/AUTOS%202017/5147.pdf HTTP/1.1" 200 330872
66.249.79.153 - - [06/Mar/2019:04:50:00 -0500] "GET /BLA/resoluciones/AUTOS%202017/4663.pdf HTTP/1.1" 200 277288
66.249.79.156 - - [06/Mar/2019:04:50:11 -0500] "GET /BLA/resoluciones/RESOLUCIONES%202017/1690.pdf HTTP/1.1" 200 289983
66.249.79.153 - - [06/Mar/2019:04:50:21 -0500] "GET /BLA/resoluciones/RESOLUCIONES%202017/2066.pdf HTTP/1.1" 200 303827
201.245.192.253 - - [06/Mar/2019:04:50:21 -0500] "GET /galeria/nivo-slider/demo/images/Banner%20Politica%20Publica%20CONPES%20(1).ai HTTP/1.1" 206 1
201.245.192.253 - - [06/Mar/2019:04:50:21 -0500] "GET /galeria/nivo-slider/demo/images/Banner%20Politica%20Publica%20CONPES%20(1).ai HTTP/1.1" 206 1660312
66.249.79.153 - - [06/Mar/2019:04:50:31 -0500] "GET /BLA/resoluciones/AUTOS%202018/0176.pdf HTTP/1.1" 200 291454
201.245.192.253 - - [06/Mar/2019:04:50:31 -0500] "GET /galeria/nivo-slider/demo/images/Banner%20Politica%20Publica%20CONPES%20(1).ai HTTP/1.1" 206 1
201.245.192.253 - - [06/Mar/2019:04:50:31 -0500] "GET /galeria/nivo-slider/demo/images/Banner%20Politica%20Publica%20CONPES%20(1).ai HTTP/1.1" 206 1660312
66.249.79.153 - - [06/Mar/2019:04:50:41 -0500] "GET /BLA/resoluciones/AUTOS%202017/3484.pdf HTTP/1.1" 200 640986
66.249.79.155 - - [06/Mar/2019:04:50:51 -0500] "GET /BLA/resoluciones/AUTOS%202017/4892.pdf HTTP/1.1" 200 747657
190.144.166.61 - - [06/Mar/2019:04:50:57 -0500] "GET /galeria/nivo-slider/demo/images/Banner%20Politica%20Publica%20CONPES%20(1).ai HTTP/1.1" 206 1
66.249.79.155 - - [06/Mar/2019:04:51:01 -0500] "GET /BLA/resoluciones/AUTOS%202017/3803.pdf HTTP/1.1" 200 811952
190.144.166.61 - - [06/Mar/2019:04:51:07 -0500] "GET /galeria/nivo-slider/demo/images/Banner%20Politica%20Publica%20CONPES%20(1).ai HTTP/1.1" 206 1
66.249.79.156 - - [06/Mar/2019:04:51:12 -0500] "GET /BLA/resoluciones/AUTOS%202018/4103.pdf HTTP/1.1" 200 269196
192.168.175.104 - - [06/Mar/2019:04:51:15 -0500] "GET / HTTP/1.1" 200 9990
66.249.79.153 - - [06/Mar/2019:04:51:22 -0500] "GET /BLA/resoluciones/AUTOS%202018/1006.pdf HTTP/1.1" 200 230757
201.245.192.253 - - [06/Mar/2019:04:51:24 -0500] "GET /galeria/nivo-slider/demo/images/Banner%20Politica%20Publica%20CONPES%20(1).ai HTTP/1.1" 206 1
66.249.79.153 - - [06/Mar/2019:04:51:32 -0500] "GET /BLA/resoluciones/index.php?dir=RESOLUCIONES%202006/RES%202006%201401-1450/&sort=date&order=asc HTTP/1.1" 200 12367
201.245.192.253 - - [06/Mar/2019:04:51:34 -0500] "GET /galeria/nivo-slider/demo/images/Banner%20Politica%20Publica%20CONPES%20(1).ai HTTP/1.1" 206 1
201.245.192.253 - - [06/Mar/2019:04:51:34 -0500] "GET /galeria/nivo-slider/demo/images/Banner%20Politica%20Publica%20CONPES%20(1).ai HTTP/1.1" 206 1644252
192.168.175.104 - - [06/Mar/2019:04:51:38 -0500] "GET / HTTP/1.0" 200 9990
66.249.79.153 - - [06/Mar/2019:04:51:42 -0500] "GET /BLA/resoluciones/AUTOS%202017/2606.pdf HTTP/1.1" 200 285864
201.245.192.253 - - [06/Mar/2019:04:51:49 -0500] "GET /galeria/nivo-slider/demo/images/Banner%20Politica%20Publica%20CONPES%20(1).ai HTTP/1.1" 206 1
201.245.192.253 - - [06/Mar/2019:04:51:49 -0500] "GET /galeria/nivo-slider/demo/images/Banner%20Politica%20Publica%20CONPES%20(1).ai HTTP/1.1" 206 1644252
66.249.79.153 - - [06/Mar/2019:04:51:52 -0500] "GET /BLA/resoluciones/AUTOS%202017/4135.pdf HTTP/1.1" 200 743286
181.49.65.131 - - [06/Mar/2019:04:51:53 -0500] "GET /galeria/galeria/fotos/2humedal-Burro2G.jpg HTTP/1.1" 200 140889
201.245.192.253 - - [06/Mar/2019:04:51:59 -0500] "GET /galeria/nivo-slider/demo/images/Banner%20Politica%20Publica%20CONPES%20(1).ai HTTP/1.1" 206 1
201.245.192.253 - - [06/Mar/2019:04:51:59 -0500] "GET /galeria/nivo-slider/demo/images/Banner%20Politica%20Publica%20CONPES%20(1).ai HTTP/1.1" 206 1644252
66.249.79.153 - - [06/Mar/2019:04:52:12 -0500] "GET /BLA/resoluciones/AUTOS%202017/2313.pdf HTTP/1.1" 200 941717
66.249.79.153 - - [06/Mar/2019:04:52:22 -0500] "GET /BLA/resoluciones/AUTOS%202017/0669.pdf HTTP/1.1" 200 478674
201.245.192.253 - - [06/Mar/2019:04:52:27 -0500] "GET /galeria/nivo-slider/demo/images/Banner%20Politica%20Publica%20CONPES%20(1).ai HTTP/1.1" 206 1
201.245.192.253 - - [06/Mar/2019:04:52:27 -0500] "GET /galeria/nivo-slider/demo/images/Banner%20Politica%20Publica%20CONPES%20(1).ai HTTP/1.1" 206 1644252
66.249.79.153 - - [06/Mar/2019:04:52:32 -0500] "GET /BLA/resoluciones/AUTOS%202017/0523.pdf HTTP/1.1" 200 364435
201.245.192.253 - - [06/Mar/2019:04:52:37 -0500] "GET /galeria/nivo-slider/demo/images/Banner%20Politica%20Publica%20CONPES%20(1).ai HTTP/1.1" 206 1
201.245.192.253 - - [06/Mar/2019:04:52:37 -0500] "GET /galeria/nivo-slider/demo/images/Banner%20Politica%20Publica%20CONPES%20(1).ai HTTP/1.1" 206 1644252
201.245.192.253 - - [06/Mar/2019:04:52:39 -0500] "GET /galeria/nivo-slider/demo/images/Banner%20Politica%20Publica%20CONPES%20(1).ai HTTP/1.1" 206 1
201.245.192.253 - - [06/Mar/2019:04:52:39 -0500] "GET /galeria/nivo-slider/demo/images/Banner%20Politica%20Publica%20CONPES%20(1).ai HTTP/1.1" 206 1644252
66.249.79.153 - - [06/Mar/2019:04:52:43 -0500] "GET /BLA/resoluciones/AUTOS%202017/3224.pdf HTTP/1.1" 200 491505
47.89.34.3 - - [06/Mar/2019:04:52:44 -0500] "GET / HTTP/1.1" 200 9990
